Build Information
Failed to build Kinetics, reference 1.0.0 (4ae793), with Swift 6.4 for tvOS using Xcode 27.0 on 22 Sep 2026 23:30:27 UTC.
Build Command
env DEVELOPER_DIR=/Applications/Xcode-27.0.0-Release.Candidate.app xcrun xcodebuild -IDEClonedSourcePackagesDirPathOverride=$PWD/.dependencies -skipMacroValidation -skipPackagePluginValidation -derivedDataPath $PWD/.derivedData build -scheme Kinetics -destination generic/platform=tvOSBuild Log
========================================
RunAll
========================================
Builder version: 5.1.0
Interrupt handler set up.
========================================
Checkout
========================================
Clone URL: https://github.com/roberthein/Kinetics.git
Reference: 1.0.0
Initialized empty Git repository in /Users/admin/builder/spi-builder-workspace/.git/
From https://github.com/roberthein/Kinetics
* tag 1.0.0 -> FETCH_HEAD
HEAD is now at 4ae7931 Update screen recordings.
Cloned https://github.com/roberthein/Kinetics.git
Revision (git rev-parse @):
4ae7931eeb5d1ae969d02992017608ffdc1ed287
SUCCESS checkout https://github.com/roberthein/Kinetics.git at 1.0.0
========================================
Build
========================================
Selected platform: tvOS
Swift version: 6.4
Building package at path: $PWD
https://github.com/roberthein/Kinetics.git
Command line invocation:
/Applications/Xcode-27.0.0-Release.Candidate.app/Contents/Developer/usr/bin/xcodebuild -IDEClonedSourcePackagesDirPathOverride=/Users/admin/builder/spi-builder-workspace/.dependencies -resolvePackageDependencies
Resolve Package Graph
Resolve Package Graph
Resolved source packages:
Kinetics: /Users/admin/builder/spi-builder-workspace
resolved source packages: Kinetics
2026-09-22 19:29:38.799 xcodebuild[529:3034] [MT] IDERunDestination: Supported platforms for the buildables in the current scheme is empty.
{
"dependencies" : [
],
"manifest_display_name" : "Kinetics",
"name" : "Kinetics",
"path" : "/Users/admin/builder/spi-builder-workspace",
"platforms" : [
{
"name" : "ios",
"version" : "18.0"
},
{
"name" : "macos",
"version" : "15.0"
},
{
"name" : "tvos",
"version" : "18.0"
},
{
"name" : "watchos",
"version" : "11.0"
}
],
"products" : [
{
"name" : "Kinetics",
"targets" : [
"Kinetics"
],
"type" : {
"library" : [
"automatic"
]
}
}
],
"targets" : [
{
"c99name" : "Kinetics",
"module_type" : "SwiftTarget",
"name" : "Kinetics",
"path" : "Sources/Kinetics",
"product_memberships" : [
"Kinetics"
],
"sources" : [
"Kinetics+Animatable.swift",
"Kinetics+Animator.swift",
"Kinetics+Bounce.swift",
"Kinetics+Clock.swift",
"Kinetics+Drag.swift",
"Kinetics+Projection.swift",
"Kinetics+Rotation.swift",
"Kinetics+RubberBand.swift",
"Kinetics+Sugar.swift",
"Kinetics.swift"
],
"type" : "library"
}
],
"tools_version" : "6.0"
}
{
"workspace" : {
"name" : "Kinetics",
"schemes" : [
"Kinetics"
]
}
}
2026-09-22 19:30:10.907 xcodebuild[629:3878] [MT] IDERunDestination: Supported platforms for the buildables in the current scheme is empty.
Running build ...
env DEVELOPER_DIR=/Applications/Xcode-27.0.0-Release.Candidate.app xcrun xcodebuild -IDEClonedSourcePackagesDirPathOverride=$PWD/.dependencies -skipMacroValidation -skipPackagePluginValidation -derivedDataPath $PWD/.derivedData build -scheme Kinetics -destination generic/platform=tvOS
Command line invocation:
/Applications/Xcode-27.0.0-Release.Candidate.app/Contents/Developer/usr/bin/xcodebuild -IDEClonedSourcePackagesDirPathOverride=/Users/admin/builder/spi-builder-workspace/.dependencies -skipMacroValidation -skipPackagePluginValidation -derivedDataPath /Users/admin/builder/spi-builder-workspace/.derivedData build -scheme Kinetics -destination generic/platform=tvOS
Resolve Package Graph
Resolved source packages:
Kinetics: /Users/admin/builder/spi-builder-workspace
ComputePackagePrebuildTargetDependencyGraph
Prepare packages
CreateBuildRequest
SendProjectDescription
CreateBuildOperation
ComputeTargetDependencyGraph
note: Building targets in dependency order
note: Target dependency graph (2 targets)
Target 'Kinetics-product' in project 'Kinetics'
➜ Explicit dependency on target 'Kinetics' in project 'Kinetics'
Target 'Kinetics' in project 'Kinetics' (no dependencies)
GatherProvisioningInputs
CreateBuildDescription
ExecuteExternalTool /Applications/Xcode-27.0.0-Release.Candidate.app/Contents/Developer/Toolchains/XcodeDefault.xctoolchain/usr/bin/clang -v -E -dM -isysroot /Applications/Xcode-27.0.0-Release.Candidate.app/Contents/Developer/Platforms/AppleTVOS.platform/Developer/SDKs/AppleTVOS27.0.sdk -x c -c /dev/null
ExecuteExternalTool /Applications/Xcode-27.0.0-Release.Candidate.app/Contents/Developer/Toolchains/XcodeDefault.xctoolchain/usr/bin/swiftc --version
ExecuteExternalTool /Applications/Xcode-27.0.0-Release.Candidate.app/Contents/Developer/Toolchains/XcodeDefault.xctoolchain/usr/bin/ld -version_details
Build description signature: 990fa23324aa079a6d7ef59761634088
Build description path: /Users/admin/builder/spi-builder-workspace/.derivedData/Build/Intermediates.noindex/XCBuildData/990fa23324aa079a6d7ef59761634088.xcbuilddata
CreateBuildDirectory /Users/admin/builder/spi-builder-workspace/.derivedData/SDKExplicitPrecompiledModules
cd /Users/admin/builder/spi-builder-workspace/.swiftpm/xcode
builtin-create-build-directory /Users/admin/builder/spi-builder-workspace/.derivedData/SDKExplicitPrecompiledModules
CreateBuildDirectory /Users/admin/builder/spi-builder-workspace/.derivedData/Build/Products
cd /Users/admin/builder/spi-builder-workspace/.swiftpm/xcode
builtin-create-build-directory /Users/admin/builder/spi-builder-workspace/.derivedData/Build/Products
CreateBuildDirectory /Users/admin/builder/spi-builder-workspace/.derivedData/CompilationCache.noindex
cd /Users/admin/builder/spi-builder-workspace/.swiftpm/xcode
builtin-create-build-directory /Users/admin/builder/spi-builder-workspace/.derivedData/CompilationCache.noindex
CreateBuildDirectory /Users/admin/builder/spi-builder-workspace/.derivedData/ModuleCache.noindex
cd /Users/admin/builder/spi-builder-workspace/.swiftpm/xcode
builtin-create-build-directory /Users/admin/builder/spi-builder-workspace/.derivedData/ModuleCache.noindex
CreateBuildDirectory /Users/admin/builder/spi-builder-workspace/.derivedData/Build/Intermediates.noindex
cd /Users/admin/builder/spi-builder-workspace/.swiftpm/xcode
builtin-create-build-directory /Users/admin/builder/spi-builder-workspace/.derivedData/Build/Intermediates.noindex
ClangStatCache /Applications/Xcode-27.0.0-Release.Candidate.app/Contents/Developer/Toolchains/XcodeDefault.xctoolchain/usr/bin/clang-stat-cache /Applications/Xcode-27.0.0-Release.Candidate.app/Contents/Developer/Platforms/AppleTVOS.platform/Developer/SDKs/AppleTVOS27.0.sdk /Users/admin/builder/spi-builder-workspace/.derivedData/SDKStatCaches.noindex/appletvos27.0-24J360-e829b21a6f8c9b70876ba0858053c044b32bfd8d43560033f8d89884cdb90028.sdkstatcache
cd /Users/admin/builder/spi-builder-workspace/.swiftpm/xcode
/Applications/Xcode-27.0.0-Release.Candidate.app/Contents/Developer/Toolchains/XcodeDefault.xctoolchain/usr/bin/clang-stat-cache /Applications/Xcode-27.0.0-Release.Candidate.app/Contents/Developer/Platforms/AppleTVOS.platform/Developer/SDKs/AppleTVOS27.0.sdk -o /Users/admin/builder/spi-builder-workspace/.derivedData/SDKStatCaches.noindex/appletvos27.0-24J360-e829b21a6f8c9b70876ba0858053c044b32bfd8d43560033f8d89884cdb90028.sdkstatcache
CreateBuildDirectory /Users/admin/builder/spi-builder-workspace/.derivedData/Build/Intermediates.noindex/SwiftExplicitPrecompiledModules
cd /Users/admin/builder/spi-builder-workspace/.swiftpm/xcode
builtin-create-build-directory /Users/admin/builder/spi-builder-workspace/.derivedData/Build/Intermediates.noindex/SwiftExplicitPrecompiledModules
CreateBuildDirectory /Users/admin/builder/spi-builder-workspace/.derivedData/Build/Intermediates.noindex/PrecompiledHeaders
cd /Users/admin/builder/spi-builder-workspace/.swiftpm/xcode
builtin-create-build-directory /Users/admin/builder/spi-builder-workspace/.derivedData/Build/Intermediates.noindex/PrecompiledHeaders
CreateBuildDirectory /Users/admin/builder/spi-builder-workspace/.derivedData/Build/Intermediates.noindex/ExplicitPrecompiledModules
cd /Users/admin/builder/spi-builder-workspace/.swiftpm/xcode
builtin-create-build-directory /Users/admin/builder/spi-builder-workspace/.derivedData/Build/Intermediates.noindex/ExplicitPrecompiledModules
CreateBuildDirectory /Users/admin/builder/spi-builder-workspace/.derivedData/Build/Intermediates.noindex/EagerLinkingTBDs/Debug-appletvos
cd /Users/admin/builder/spi-builder-workspace/.swiftpm/xcode
builtin-create-build-directory /Users/admin/builder/spi-builder-workspace/.derivedData/Build/Intermediates.noindex/EagerLinkingTBDs/Debug-appletvos
CreateBuildDirectory /Users/admin/builder/spi-builder-workspace/.derivedData/Build/Products/Debug-appletvos
cd /Users/admin/builder/spi-builder-workspace/.swiftpm/xcode
builtin-create-build-directory /Users/admin/builder/spi-builder-workspace/.derivedData/Build/Products/Debug-appletvos
CreateBuildDirectory /Users/admin/builder/spi-builder-workspace/.derivedData/Build/Products/Debug-appletvos/PackageFrameworks
cd /Users/admin/builder/spi-builder-workspace/.swiftpm/xcode
builtin-create-build-directory /Users/admin/builder/spi-builder-workspace/.derivedData/Build/Products/Debug-appletvos/PackageFrameworks
WriteAuxiliaryFile /Users/admin/builder/spi-builder-workspace/.derivedData/Build/Intermediates.noindex/Kinetics.build/Debug-appletvos/Kinetics-t.build/Kinetics.modulemap (in target 'Kinetics' from project 'Kinetics')
cd /Users/admin/builder/spi-builder-workspace
write-file /Users/admin/builder/spi-builder-workspace/.derivedData/Build/Intermediates.noindex/Kinetics.build/Debug-appletvos/Kinetics-t.build/Kinetics.modulemap
WriteAuxiliaryFile /Users/admin/builder/spi-builder-workspace/.derivedData/Build/Intermediates.noindex/Kinetics.build/Debug-appletvos/Kinetics-t.build/Kinetics.DependencyStaticMetadataFileList (in target 'Kinetics' from project 'Kinetics')
cd /Users/admin/builder/spi-builder-workspace
write-file /Users/admin/builder/spi-builder-workspace/.derivedData/Build/Intermediates.noindex/Kinetics.build/Debug-appletvos/Kinetics-t.build/Kinetics.DependencyStaticMetadataFileList
WriteAuxiliaryFile /Users/admin/builder/spi-builder-workspace/.derivedData/Build/Intermediates.noindex/Kinetics.build/Debug-appletvos/Kinetics-t.build/Kinetics.DependencyMetadataFileList (in target 'Kinetics' from project 'Kinetics')
cd /Users/admin/builder/spi-builder-workspace
write-file /Users/admin/builder/spi-builder-workspace/.derivedData/Build/Intermediates.noindex/Kinetics.build/Debug-appletvos/Kinetics-t.build/Kinetics.DependencyMetadataFileList
WriteAuxiliaryFile /Users/admin/builder/spi-builder-workspace/.derivedData/Build/Intermediates.noindex/Kinetics.build/Debug-appletvos/Kinetics-t.build/Objects-normal/arm64/Kinetics-OutputFileMap.json (in target 'Kinetics' from project 'Kinetics')
cd /Users/admin/builder/spi-builder-workspace
write-file /Users/admin/builder/spi-builder-workspace/.derivedData/Build/Intermediates.noindex/Kinetics.build/Debug-appletvos/Kinetics-t.build/Objects-normal/arm64/Kinetics-OutputFileMap.json
WriteAuxiliaryFile /Users/admin/builder/spi-builder-workspace/.derivedData/Build/Intermediates.noindex/Kinetics.build/Debug-appletvos/Kinetics-t.build/Objects-normal/arm64/Kinetics.SwiftConstValuesFileList (in target 'Kinetics' from project 'Kinetics')
cd /Users/admin/builder/spi-builder-workspace
write-file /Users/admin/builder/spi-builder-workspace/.derivedData/Build/Intermediates.noindex/Kinetics.build/Debug-appletvos/Kinetics-t.build/Objects-normal/arm64/Kinetics.SwiftConstValuesFileList
WriteAuxiliaryFile /Users/admin/builder/spi-builder-workspace/.derivedData/Build/Intermediates.noindex/Kinetics.build/Debug-appletvos/Kinetics-t.build/Objects-normal/arm64/Kinetics.SwiftFileList (in target 'Kinetics' from project 'Kinetics')
cd /Users/admin/builder/spi-builder-workspace
write-file /Users/admin/builder/spi-builder-workspace/.derivedData/Build/Intermediates.noindex/Kinetics.build/Debug-appletvos/Kinetics-t.build/Objects-normal/arm64/Kinetics.SwiftFileList
WriteAuxiliaryFile /Users/admin/builder/spi-builder-workspace/.derivedData/Build/Intermediates.noindex/Kinetics.build/Debug-appletvos/Kinetics-t.build/Objects-normal/arm64/Kinetics_const_extract_protocols.json (in target 'Kinetics' from project 'Kinetics')
cd /Users/admin/builder/spi-builder-workspace
write-file /Users/admin/builder/spi-builder-workspace/.derivedData/Build/Intermediates.noindex/Kinetics.build/Debug-appletvos/Kinetics-t.build/Objects-normal/arm64/Kinetics_const_extract_protocols.json
WriteAuxiliaryFile /Users/admin/builder/spi-builder-workspace/.derivedData/Build/Intermediates.noindex/Kinetics.build/Debug-appletvos/Kinetics-t.build/Objects-normal/arm64/Kinetics.LinkFileList (in target 'Kinetics' from project 'Kinetics')
cd /Users/admin/builder/spi-builder-workspace
write-file /Users/admin/builder/spi-builder-workspace/.derivedData/Build/Intermediates.noindex/Kinetics.build/Debug-appletvos/Kinetics-t.build/Objects-normal/arm64/Kinetics.LinkFileList
Copy /Users/admin/builder/spi-builder-workspace/.derivedData/Build/Intermediates.noindex/GeneratedModuleMaps-appletvos/Kinetics.modulemap /Users/admin/builder/spi-builder-workspace/.derivedData/Build/Intermediates.noindex/Kinetics.build/Debug-appletvos/Kinetics-t.build/Kinetics.modulemap (in target 'Kinetics' from project 'Kinetics')
cd /Users/admin/builder/spi-builder-workspace
builtin-copy -exclude .DS_Store -exclude CVS -exclude .svn -exclude .git -exclude .hg -resolve-src-symlinks /Users/admin/builder/spi-builder-workspace/.derivedData/Build/Intermediates.noindex/Kinetics.build/Debug-appletvos/Kinetics-t.build/Kinetics.modulemap /Users/admin/builder/spi-builder-workspace/.derivedData/Build/Intermediates.noindex/GeneratedModuleMaps-appletvos
SwiftDriver Kinetics normal arm64 com.apple.xcode.tools.swift.compiler (in target 'Kinetics' from project 'Kinetics')
cd /Users/admin/builder/spi-builder-workspace/.swiftpm/xcode
builtin-SwiftDriver -- /Applications/Xcode-27.0.0-Release.Candidate.app/Contents/Developer/Toolchains/XcodeDefault.xctoolchain/usr/bin/swiftc -parse-as-library -module-name Kinetics -Onone @/Users/admin/builder/spi-builder-workspace/.derivedData/Build/Intermediates.noindex/Kinetics.build/Debug-appletvos/Kinetics-t.build/Objects-normal/arm64/Kinetics.SwiftFileList -DSWIFT_PACKAGE -DDEBUG -DSWIFT_MODULE_RESOURCE_BUNDLE_UNAVAILABLE -DXcode -enable-experimental-feature StrictConcurrency -plugin-path /Applications/Xcode-27.0.0-Release.Candidate.app/Contents/Developer/Toolchains/XcodeDefault.xctoolchain/usr/lib/swift/host/plugins/testing -enable-experimental-feature DebugDescriptionMacro -sdk /Applications/Xcode-27.0.0-Release.Candidate.app/Contents/Developer/Platforms/AppleTVOS.platform/Developer/SDKs/AppleTVOS27.0.sdk -target arm64-apple-tvos18.0 -g -module-cache-path /Users/admin/builder/spi-builder-workspace/.derivedData/ModuleCache.noindex -Xfrontend -serialize-debugging-options -enable-testing -index-store-path /Users/admin/builder/spi-builder-workspace/.derivedData/Index.noindex/DataStore -Xcc -D_LIBCPP_HARDENING_MODE\=_LIBCPP_HARDENING_MODE_DEBUG -swift-version 6 -I /Users/admin/builder/spi-builder-workspace/.derivedData/Build/Products/Debug-appletvos -Isystem /Applications/Xcode-27.0.0-Release.Candidate.app/Contents/Developer/Platforms/AppleTVOS.platform/Developer/usr/lib -F /Users/admin/builder/spi-builder-workspace/.derivedData/Build/Products/Debug-appletvos -F /Applications/Xcode-27.0.0-Release.Candidate.app/Contents/Developer/Platforms/AppleTVOS.platform/Developer/Library/Frameworks -F /Applications/Xcode-27.0.0-Release.Candidate.app/Contents/Developer/Platforms/AppleTVOS.platform/Developer/SDKs/AppleTVOS27.0.sdk/Developer/Library/Frameworks -c -j10 -enable-batch-mode -incremental -Xcc -ivfsstatcache -Xcc /Users/admin/builder/spi-builder-workspace/.derivedData/SDKStatCaches.noindex/appletvos27.0-24J360-e829b21a6f8c9b70876ba0858053c044b32bfd8d43560033f8d89884cdb90028.sdkstatcache -output-file-map /Users/admin/builder/spi-builder-workspace/.derivedData/Build/Intermediates.noindex/Kinetics.build/Debug-appletvos/Kinetics-t.build/Objects-normal/arm64/Kinetics-OutputFileMap.json -save-temps -no-color-diagnostics -explicit-module-build -module-cache-path /Users/admin/builder/spi-builder-workspace/.derivedData/Build/Intermediates.noindex/SwiftExplicitPrecompiledModules -clang-scanner-module-cache-path /Users/admin/builder/spi-builder-workspace/.derivedData/ModuleCache.noindex -sdk-module-cache-path /Users/admin/builder/spi-builder-workspace/.derivedData/SDKExplicitPrecompiledModules -emit-dependencies -emit-module -emit-module-path /Users/admin/builder/spi-builder-workspace/.derivedData/Build/Intermediates.noindex/Kinetics.build/Debug-appletvos/Kinetics-t.build/Objects-normal/arm64/Kinetics.swiftmodule -serialize-diagnostics -dependency-scan-serialize-diagnostics-path /Users/admin/builder/spi-builder-workspace/.derivedData/Build/Intermediates.noindex/Kinetics.build/Debug-appletvos/Kinetics-t.build/Objects-normal/arm64/Kinetics-dependency-scan.dia -validate-clang-modules-once -clang-build-session-file /Users/admin/builder/spi-builder-workspace/.derivedData/ModuleCache.noindex/Session.modulevalidation -Xcc -fmodules-prune-interval\=86400 -Xcc -fmodules-prune-after\=345600 -package-name spi_builder_workspace -emit-const-values -const-gather-protocols-list /Users/admin/builder/spi-builder-workspace/.derivedData/Build/Intermediates.noindex/Kinetics.build/Debug-appletvos/Kinetics-t.build/Objects-normal/arm64/Kinetics_const_extract_protocols.json -Xcc -I/Users/admin/builder/spi-builder-workspace/.derivedData/Build/Products/Debug-appletvos/include -Xcc -I/Users/admin/builder/spi-builder-workspace/.derivedData/Build/Intermediates.noindex/Kinetics.build/Debug-appletvos/Kinetics-t.build/DerivedSources-normal/arm64 -Xcc -I/Users/admin/builder/spi-builder-workspace/.derivedData/Build/Intermediates.noindex/Kinetics.build/Debug-appletvos/Kinetics-t.build/DerivedSources/arm64 -Xcc -I/Users/admin/builder/spi-builder-workspace/.derivedData/Build/Intermediates.noindex/Kinetics.build/Debug-appletvos/Kinetics-t.build/DerivedSources -Xcc -DSWIFT_PACKAGE -Xcc -DDEBUG\=1 -emit-objc-header -emit-objc-header-path /Users/admin/builder/spi-builder-workspace/.derivedData/Build/Intermediates.noindex/Kinetics.build/Debug-appletvos/Kinetics-t.build/Objects-normal/arm64/Kinetics-Swift.h -working-directory /Users/admin/builder/spi-builder-workspace/.swiftpm/xcode -experimental-emit-module-separately -disable-cmo
SwiftExplicitDependencyGeneratePcm arm64 /Users/admin/builder/spi-builder-workspace/.derivedData/SDKExplicitPrecompiledModules/_Builtin_stdbool-4UUPXTY52W6RPSB0N2WGGLTJT.pcm
SwiftExplicitDependencyGeneratePcm arm64 /Users/admin/builder/spi-builder-workspace/.derivedData/SDKExplicitPrecompiledModules/ptrauth-EMKXYE8GN9BK4M3ODSTVDUJU2.pcm
SwiftExplicitDependencyGeneratePcm arm64 /Users/admin/builder/spi-builder-workspace/.derivedData/SDKExplicitPrecompiledModules/ptrcheck-BA65H1NXYZJ0BLLWO9HZOAZ6Y.pcm
SwiftExplicitDependencyGeneratePcm arm64 /Users/admin/builder/spi-builder-workspace/.derivedData/SDKExplicitPrecompiledModules/_AvailabilityInternal-99L1JVU5TYE8S0FGGB7E09QQS.pcm
SwiftExplicitDependencyGeneratePcm arm64 /Users/admin/builder/spi-builder-workspace/.derivedData/SDKExplicitPrecompiledModules/_SwiftConcurrencyShims-3HZGHPZQL3GY71QUHDRB0P39S.pcm
SwiftExplicitDependencyGeneratePcm arm64 /Users/admin/builder/spi-builder-workspace/.derivedData/SDKExplicitPrecompiledModules/DeveloperToolsSupport-CJV8SY9BXJUTONPFWMLQEGTXA.pcm
SwiftExplicitDependencyGeneratePcm arm64 /Users/admin/builder/spi-builder-workspace/.derivedData/SDKExplicitPrecompiledModules/_Builtin_stddef-1MAO6P3OSQFGZFQEPM31XXNSS.pcm
SwiftExplicitDependencyGeneratePcm arm64 /Users/admin/builder/spi-builder-workspace/.derivedData/SDKExplicitPrecompiledModules/_Builtin_float-3RF4B70MBHPP952AX3GNZ8W3H.pcm
SwiftExplicitDependencyGeneratePcm arm64 /Users/admin/builder/spi-builder-workspace/.derivedData/SDKExplicitPrecompiledModules/_Builtin_stdarg-719DH4G2R3NRP3HRX5HE8WX08.pcm
SwiftExplicitDependencyGeneratePcm arm64 /Users/admin/builder/spi-builder-workspace/.derivedData/SDKExplicitPrecompiledModules/SwiftShims-73G9EXEO9PVWB6PL1BR4TAJ0B.pcm
SwiftExplicitDependencyGeneratePcm arm64 /Users/admin/builder/spi-builder-workspace/.derivedData/SDKExplicitPrecompiledModules/_DarwinFoundation1-90NUFDXQ765U5FR62173FT21A.pcm
SwiftExplicitDependencyGeneratePcm arm64 /Users/admin/builder/spi-builder-workspace/.derivedData/SDKExplicitPrecompiledModules/_Builtin_limits-3JICJWOCEYXXXNXAMEJBF6UQN.pcm
SwiftExplicitDependencyGeneratePcm arm64 /Users/admin/builder/spi-builder-workspace/.derivedData/SDKExplicitPrecompiledModules/_DarwinFoundation2-EPKSYG5WMVE7WSPFQB4C0UC59.pcm
SwiftExplicitDependencyGeneratePcm arm64 /Users/admin/builder/spi-builder-workspace/.derivedData/SDKExplicitPrecompiledModules/_Builtin_stdint-A8OKY0NXO26BZ4GWYKP79TKL9.pcm
SwiftExplicitDependencyGeneratePcm arm64 /Users/admin/builder/spi-builder-workspace/.derivedData/SDKExplicitPrecompiledModules/_Builtin_tgmath-320K271Z6IM134IWIB7S3LTD.pcm
SwiftExplicitDependencyGeneratePcm arm64 /Users/admin/builder/spi-builder-workspace/.derivedData/SDKExplicitPrecompiledModules/sys_types-CATSGLJDZ8UZUMKHO6M4I4PJT.pcm
SwiftExplicitDependencyGeneratePcm arm64 /Users/admin/builder/spi-builder-workspace/.derivedData/SDKExplicitPrecompiledModules/string_h-B6D36UOVIZC2Y0YE3KEZLZAP6.pcm
SwiftExplicitDependencyGeneratePcm arm64 /Users/admin/builder/spi-builder-workspace/.derivedData/SDKExplicitPrecompiledModules/_Builtin_intrinsics-AQDFY8KQQX9Z38C6EI15S53EQ.pcm
SwiftExplicitDependencyGeneratePcm arm64 /Users/admin/builder/spi-builder-workspace/.derivedData/SDKExplicitPrecompiledModules/_DarwinFoundation3-63L5I5VCGX6CLI6HI7OWUXJN6.pcm
SwiftExplicitDependencyGeneratePcm arm64 /Users/admin/builder/spi-builder-workspace/.derivedData/SDKExplicitPrecompiledModules/_Builtin_stdatomic-71DQV8BR56LNANL900GGEC9KO.pcm
SwiftExplicitDependencyGeneratePcm arm64 /Users/admin/builder/spi-builder-workspace/.derivedData/SDKExplicitPrecompiledModules/_Builtin_inttypes-80RS02PM2X81SP8N0Q7X05540.pcm
SwiftExplicitDependencyGeneratePcm arm64 /Users/admin/builder/spi-builder-workspace/.derivedData/SDKExplicitPrecompiledModules/Darwin-1VTILT8KA42CNDAUB0H1FM7MC.pcm
SwiftExplicitDependencyGeneratePcm arm64 /Users/admin/builder/spi-builder-workspace/.derivedData/SDKExplicitPrecompiledModules/simd-D50CDGAQRFNF5E2BA2UWCCHLJ.pcm
SwiftExplicitDependencyGeneratePcm arm64 /Users/admin/builder/spi-builder-workspace/.derivedData/SDKExplicitPrecompiledModules/ObjectiveC-CC0BYHG21IQMMT48PGDNSK7G6.pcm
SwiftExplicitDependencyGeneratePcm arm64 /Users/admin/builder/spi-builder-workspace/.derivedData/SDKExplicitPrecompiledModules/MachO-A5KLTMTLJD1DPHEYPZHUSRJ4O.pcm
SwiftExplicitDependencyGeneratePcm arm64 /Users/admin/builder/spi-builder-workspace/.derivedData/SDKExplicitPrecompiledModules/os_object-1TJLDNS7X3UT7Y5TM4QQ2RN6G.pcm
SwiftExplicitDependencyGeneratePcm arm64 /Users/admin/builder/spi-builder-workspace/.derivedData/SDKExplicitPrecompiledModules/os_workgroup-E61GF9E8FAHZGKXVOV9QHUD27.pcm
SwiftExplicitDependencyGeneratePcm arm64 /Users/admin/builder/spi-builder-workspace/.derivedData/SDKExplicitPrecompiledModules/Spatial-2KZFBWN278VTZL619Y96SAJC9.pcm
SwiftExplicitDependencyGeneratePcm arm64 /Users/admin/builder/spi-builder-workspace/.derivedData/SDKExplicitPrecompiledModules/Dispatch-F564M6B2H1RRD83XZ8EBWFSHE.pcm
SwiftExplicitDependencyGeneratePcm arm64 /Users/admin/builder/spi-builder-workspace/.derivedData/SDKExplicitPrecompiledModules/CoreFoundation-A4LOYEEJIFQKOPZRDOG9M3N2K.pcm
SwiftExplicitDependencyGeneratePcm arm64 /Users/admin/builder/spi-builder-workspace/.derivedData/SDKExplicitPrecompiledModules/XPC-2WVXL0UION0MYZOZAJZC6DUXD.pcm
SwiftExplicitDependencyGeneratePcm arm64 /Users/admin/builder/spi-builder-workspace/.derivedData/SDKExplicitPrecompiledModules/os-4NLIUP5HHN7FW5ML70YLEU8QE.pcm
SwiftExplicitDependencyGeneratePcm arm64 /Users/admin/builder/spi-builder-workspace/.derivedData/SDKExplicitPrecompiledModules/Security-6KU6X9W8QDIJW83JUF0DRES83.pcm
SwiftExplicitDependencyGeneratePcm arm64 /Users/admin/builder/spi-builder-workspace/.derivedData/SDKExplicitPrecompiledModules/CoreAudioTypes-3D575H9KXE9GWSK6ZWEWBV9TM.pcm
SwiftExplicitDependencyGeneratePcm arm64 /Users/admin/builder/spi-builder-workspace/.derivedData/SDKExplicitPrecompiledModules/CFNetwork-8S7XZ5SI3TWM2JOZPDZPRY8W9.pcm
SwiftExplicitDependencyGeneratePcm arm64 /Users/admin/builder/spi-builder-workspace/.derivedData/SDKExplicitPrecompiledModules/CoreGraphics-D8Y0X4J52BHG7HHUQLTX6SXE1.pcm
SwiftExplicitDependencyGeneratePcm arm64 /Users/admin/builder/spi-builder-workspace/.derivedData/SDKExplicitPrecompiledModules/CoreAudio-46JNU59TK6U76A9ILN06CT9NS.pcm
SwiftExplicitDependencyGeneratePcm arm64 /Users/admin/builder/spi-builder-workspace/.derivedData/SDKExplicitPrecompiledModules/Foundation-1AS5K10MY6XENLLR2NDUCKYTM.pcm
SwiftExplicitDependencyGeneratePcm arm64 /Users/admin/builder/spi-builder-workspace/.derivedData/SDKExplicitPrecompiledModules/ImageIO-48DA7ET77Q34HPZP9CPHI9VS4.pcm
SwiftExplicitDependencyGeneratePcm arm64 /Users/admin/builder/spi-builder-workspace/.derivedData/SDKExplicitPrecompiledModules/CoreText-E0GG8D3D527TJX7D2QEHFQLM2.pcm
SwiftExplicitDependencyGeneratePcm arm64 /Users/admin/builder/spi-builder-workspace/.derivedData/SDKExplicitPrecompiledModules/UIUtilities-9NQVCWATNLLVY125LB74695HY.pcm
SwiftExplicitDependencyGeneratePcm arm64 /Users/admin/builder/spi-builder-workspace/.derivedData/SDKExplicitPrecompiledModules/_LocationEssentials-2OY9351FRBO717MIULOKMYA9E.pcm
SwiftExplicitDependencyGeneratePcm arm64 /Users/admin/builder/spi-builder-workspace/.derivedData/SDKExplicitPrecompiledModules/CoreData-3R0N6HKKQMVS32U7KOKR14383.pcm
SwiftExplicitDependencyGeneratePcm arm64 /Users/admin/builder/spi-builder-workspace/.derivedData/SDKExplicitPrecompiledModules/IOSurface-DEQULTJ8SC21O986FDCNTM8FX.pcm
SwiftExplicitDependencyGeneratePcm arm64 /Users/admin/builder/spi-builder-workspace/.derivedData/SDKExplicitPrecompiledModules/UserNotifications-AKH3GC0FQWUK55FNTW4WEMFQE.pcm
SwiftExplicitDependencyGeneratePcm arm64 /Users/admin/builder/spi-builder-workspace/.derivedData/SDKExplicitPrecompiledModules/Symbols-9TNA7JIKOEYVTYC7A16HCS4Z8.pcm
SwiftExplicitDependencyGeneratePcm arm64 /Users/admin/builder/spi-builder-workspace/.derivedData/SDKExplicitPrecompiledModules/Accessibility-EAPB6A95K5V0S27QNKR6ATG7F.pcm
SwiftExplicitDependencyGeneratePcm arm64 /Users/admin/builder/spi-builder-workspace/.derivedData/SDKExplicitPrecompiledModules/UniformTypeIdentifiers-DQ77M7R0D7VCBK0YUO3VHCRB1.pcm
SwiftExplicitDependencyGeneratePcm arm64 /Users/admin/builder/spi-builder-workspace/.derivedData/SDKExplicitPrecompiledModules/CoreTransferable-84B3V3M9DHRIQERK179SSQO5U.pcm
SwiftExplicitDependencyGeneratePcm arm64 /Users/admin/builder/spi-builder-workspace/.derivedData/SDKExplicitPrecompiledModules/OSLog-1UX1YGRJSIOEO9YC3MNFFD818.pcm
SwiftExplicitDependencyGeneratePcm arm64 /Users/admin/builder/spi-builder-workspace/.derivedData/SDKExplicitPrecompiledModules/DataDetection-9IX0C1MAX33MS6TCZDSNKXEO8.pcm
SwiftExplicitDependencyGeneratePcm arm64 /Users/admin/builder/spi-builder-workspace/.derivedData/SDKExplicitPrecompiledModules/CoreLocation-6939X9DMB2SA43P0TYB7Z14Z5.pcm
SwiftExplicitDependencyGeneratePcm arm64 /Users/admin/builder/spi-builder-workspace/.derivedData/SDKExplicitPrecompiledModules/OpenGLES-6Y33D4DDPO1R82EJXT1SIGNPS.pcm
SwiftExplicitDependencyGeneratePcm arm64 /Users/admin/builder/spi-builder-workspace/.derivedData/SDKExplicitPrecompiledModules/Metal-52GB3RCZ6A2WEZ7RWCXV2WL0N.pcm
SwiftExplicitDependencyGeneratePcm arm64 /Users/admin/builder/spi-builder-workspace/.derivedData/SDKExplicitPrecompiledModules/CoreVideo-5G4VAY32QMJB00PUALI6188LK.pcm
SwiftExplicitDependencyGeneratePcm arm64 /Users/admin/builder/spi-builder-workspace/.derivedData/SDKExplicitPrecompiledModules/QuartzCore-DSNZZA81DYNK4OK1ANRR6HM7G.pcm
SwiftExplicitDependencyGeneratePcm arm64 /Users/admin/builder/spi-builder-workspace/.derivedData/SDKExplicitPrecompiledModules/CoreMedia-43BPYBY7ZACBDCUTAJXJFLTBP.pcm
SwiftExplicitDependencyGeneratePcm arm64 /Users/admin/builder/spi-builder-workspace/.derivedData/SDKExplicitPrecompiledModules/CoreImage-ATUQ374FIDJPA1DF5BLR644CG.pcm
SwiftExplicitDependencyGeneratePcm arm64 /Users/admin/builder/spi-builder-workspace/.derivedData/SDKExplicitPrecompiledModules/SwiftUICore-7SJQ9GB90ACGZV5NB09LFJIRX.pcm
SwiftExplicitDependencyGeneratePcm arm64 /Users/admin/builder/spi-builder-workspace/.derivedData/SDKExplicitPrecompiledModules/UIKit-42T2ZGON9LDZUXRIAUKELQ554.pcm
SwiftExplicitDependencyGeneratePcm arm64 /Users/admin/builder/spi-builder-workspace/.derivedData/SDKExplicitPrecompiledModules/SwiftUI-B634212FU5XQXG1OEBY2WYYH3.pcm
SwiftEmitModule normal arm64 Emitting\ module\ for\ Kinetics (in target 'Kinetics' from project 'Kinetics')
SwiftCompile normal arm64 (in target 'Kinetics' from project 'Kinetics')
cd /Users/admin/builder/spi-builder-workspace/.swiftpm/xcode
/Users/admin/builder/spi-builder-workspace/Sources/Kinetics/Kinetics+Animatable.swift:19:1: warning: extension declares a conformance of imported type 'CGPoint' to imported protocol 'Sendable'; this will not behave correctly if the owners of 'CoreFoundation' introduce this conformance in the future
17 | /// Extends CGPoint to conform to KineticsValue for 2D point animations.
18 | /// Maps x,y coordinates to/from a two-element components array.
19 | extension CGPoint: KineticsValue, @unchecked Sendable {
| |- warning: extension declares a conformance of imported type 'CGPoint' to imported protocol 'Sendable'; this will not behave correctly if the owners of 'CoreFoundation' introduce this conformance in the future
| `- note: add '@retroactive' to silence this warning
20 | public typealias FloatType = Double
21 | public var components: [Double] {
/Users/admin/builder/spi-builder-workspace/Sources/Kinetics/Kinetics+Animatable.swift:38:1: warning: extension declares a conformance of imported type 'CGSize' to imported protocol 'Sendable'; this will not behave correctly if the owners of 'CoreFoundation' introduce this conformance in the future
36 | /// Extends CGSize to conform to KineticsValue for 2D size animations.
37 | /// Maps width,height dimensions to/from a two-element components array.
38 | extension CGSize: KineticsValue, @unchecked Sendable {
| |- warning: extension declares a conformance of imported type 'CGSize' to imported protocol 'Sendable'; this will not behave correctly if the owners of 'CoreFoundation' introduce this conformance in the future
| `- note: add '@retroactive' to silence this warning
39 | public typealias FloatType = Double
40 | public var components: [Double] {
/Users/admin/builder/spi-builder-workspace/Sources/Kinetics/Kinetics+Animatable.swift:57:1: warning: extension declares a conformance of imported type 'CGRect' to imported protocol 'Sendable'; this will not behave correctly if the owners of 'CoreFoundation' introduce this conformance in the future
55 | /// Extends CGRect to conform to KineticsValue for 2D rectangle animations.
56 | /// Maps origin.x, origin.y, size.width, size.height to/from a four-element components array.
57 | extension CGRect: KineticsValue, @unchecked Sendable {
| |- warning: extension declares a conformance of imported type 'CGRect' to imported protocol 'Sendable'; this will not behave correctly if the owners of 'CoreFoundation' introduce this conformance in the future
| `- note: add '@retroactive' to silence this warning
58 | public typealias FloatType = Double
59 | public var components: [Double] {
SwiftCompile normal arm64 Compiling\ Kinetics+Sugar.swift /Users/admin/builder/spi-builder-workspace/Sources/Kinetics/Kinetics+Sugar.swift (in target 'Kinetics' from project 'Kinetics')
SwiftCompile normal arm64 /Users/admin/builder/spi-builder-workspace/Sources/Kinetics/Kinetics+Sugar.swift (in target 'Kinetics' from project 'Kinetics')
cd /Users/admin/builder/spi-builder-workspace/.swiftpm/xcode
builtin-SwiftPerFileCompile Kinetics+Sugar.swift
SwiftCompile normal arm64 Compiling\ Kinetics+Rotation.swift /Users/admin/builder/spi-builder-workspace/Sources/Kinetics/Kinetics+Rotation.swift (in target 'Kinetics' from project 'Kinetics')
/Users/admin/builder/spi-builder-workspace/Sources/Kinetics/Kinetics+Rotation.swift:102:17: error: 'DragGesture' is unavailable in tvOS
100 | .contentShape(Rectangle())
101 | .gesture(
102 | DragGesture(minimumDistance: minimumDistance, coordinateSpace: coordinateSpace)
| `- error: 'DragGesture' is unavailable in tvOS
103 | .updating($_tick) { value, tick, _ in
104 | tick = true
SwiftUI.DragGesture:3:42: note: 'DragGesture' has been explicitly marked unavailable here
1 | @available(iOS 13.0, macOS 10.15, watchOS 6.0, *)
2 | @available(tvOS, unavailable)
3 | @MainActor @preconcurrency public struct DragGesture : Gesture, ~Sendable {
| `- note: 'DragGesture' has been explicitly marked unavailable here
4 | public struct Value : Equatable, Sendable {
5 | public var time: Date
/Users/admin/builder/spi-builder-workspace/Sources/Kinetics/Kinetics+Rotation.swift:102:17: error: 'init(minimumDistance:coordinateSpace:)' is unavailable in tvOS
100 | .contentShape(Rectangle())
101 | .gesture(
102 | DragGesture(minimumDistance: minimumDistance, coordinateSpace: coordinateSpace)
| `- error: 'init(minimumDistance:coordinateSpace:)' is unavailable in tvOS
103 | .updating($_tick) { value, tick, _ in
104 | tick = true
SwiftUI.DragGesture.init:7:37: note: 'init(minimumDistance:coordinateSpace:)' has been explicitly marked unavailable here
5 | @available(visionOS, introduced: 1.0, deprecated: 100000.0, message: "use overload that accepts a CoordinateSpaceProtocol instead")
6 | @available(tvOS, unavailable)
7 | @MainActor @preconcurrency public init(minimumDistance: CGFloat = 10, coordinateSpace: CoordinateSpace = .local)}
| `- note: 'init(minimumDistance:coordinateSpace:)' has been explicitly marked unavailable here
8 |
Failed frontend command:
/Applications/Xcode-27.0.0-Release.Candidate.app/Contents/Developer/Toolchains/XcodeDefault.xctoolchain/usr/bin/swift-frontend -frontend -c /Users/admin/builder/spi-builder-workspace/Sources/Kinetics/Kinetics+Animatable.swift /Users/admin/builder/spi-builder-workspace/Sources/Kinetics/Kinetics+Animator.swift /Users/admin/builder/spi-builder-workspace/Sources/Kinetics/Kinetics+Bounce.swift /Users/admin/builder/spi-builder-workspace/Sources/Kinetics/Kinetics+Clock.swift /Users/admin/builder/spi-builder-workspace/Sources/Kinetics/Kinetics+Drag.swift /Users/admin/builder/spi-builder-workspace/Sources/Kinetics/Kinetics+Projection.swift -primary-file /Users/admin/builder/spi-builder-workspace/Sources/Kinetics/Kinetics+Rotation.swift /Users/admin/builder/spi-builder-workspace/Sources/Kinetics/Kinetics+RubberBand.swift /Users/admin/builder/spi-builder-workspace/Sources/Kinetics/Kinetics+Sugar.swift /Users/admin/builder/spi-builder-workspace/Sources/Kinetics/Kinetics.swift -emit-dependencies-path /Users/admin/builder/spi-builder-workspace/.derivedData/Build/Intermediates.noindex/Kinetics.build/Debug-appletvos/Kinetics-t.build/Objects-normal/arm64/Kinetics+Rotation.d -emit-const-values-path /Users/admin/builder/spi-builder-workspace/.derivedData/Build/Intermediates.noindex/Kinetics.build/Debug-appletvos/Kinetics-t.build/Objects-normal/arm64/Kinetics+Rotation.swiftconstvalues -emit-reference-dependencies-path /Users/admin/builder/spi-builder-workspace/.derivedData/Build/Intermediates.noindex/Kinetics.build/Debug-appletvos/Kinetics-t.build/Objects-normal/arm64/Kinetics+Rotation.swiftdeps -serialize-diagnostics-path /Users/admin/builder/spi-builder-workspace/.derivedData/Build/Intermediates.noindex/Kinetics.build/Debug-appletvos/Kinetics-t.build/Objects-normal/arm64/Kinetics+Rotation.dia -target arm64-apple-tvos18.0 -disable-cross-import-overlay-search -load-resolved-plugin /Applications/Xcode-27.0.0-Release.Candidate.app/Contents/Developer/Platforms/AppleTVOS.platform/Developer/usr/lib/swift/host/plugins/libFoundationMacros.dylib\#/Applications/Xcode-27.0.0-Release.Candidate.app/Contents/Developer/Platforms/AppleTVOS.platform/Developer/usr/bin/swift-plugin-server\#FoundationMacros -load-resolved-plugin /Applications/Xcode-27.0.0-Release.Candidate.app/Contents/Developer/Platforms/AppleTVOS.platform/Developer/usr/lib/swift/host/plugins/libObservationMacros.dylib\#/Applications/Xcode-27.0.0-Release.Candidate.app/Contents/Developer/Platforms/AppleTVOS.platform/Developer/usr/bin/swift-plugin-server\#ObservationMacros -load-resolved-plugin /Applications/Xcode-27.0.0-Release.Candidate.app/Contents/Developer/Platforms/AppleTVOS.platform/Developer/usr/lib/swift/host/plugins/libPreviewsMacros.dylib\#/Applications/Xcode-27.0.0-Release.Candidate.app/Contents/Developer/Platforms/AppleTVOS.platform/Developer/usr/bin/swift-plugin-server\#PreviewsMacros -load-resolved-plugin /Applications/Xcode-27.0.0-Release.Candidate.app/Contents/Developer/Platforms/AppleTVOS.platform/Developer/usr/lib/swift/host/plugins/libSwiftMacros.dylib\#/Applications/Xcode-27.0.0-Release.Candidate.app/Contents/Developer/Platforms/AppleTVOS.platform/Developer/usr/bin/swift-plugin-server\#SwiftMacros -load-resolved-plugin /Applications/Xcode-27.0.0-Release.Candidate.app/Contents/Developer/Platforms/AppleTVOS.platform/Developer/usr/lib/swift/host/plugins/libSwiftUIMacros.dylib\#/Applications/Xcode-27.0.0-Release.Candidate.app/Contents/Developer/Platforms/AppleTVOS.platform/Developer/usr/bin/swift-plugin-server\#SwiftUIMacros -disable-implicit-swift-modules -Xcc -fno-implicit-modules -Xcc -fno-implicit-module-maps -explicit-swift-module-map-file /Users/admin/builder/spi-builder-workspace/.derivedData/Build/Intermediates.noindex/Kinetics.build/Debug-appletvos/Kinetics-t.build/Objects-normal/arm64/Kinetics-dependencies-1.json -Xllvm -aarch64-use-tbi -enable-objc-interop -stack-check -sdk /Applications/Xcode-27.0.0-Release.Candidate.app/Contents/Developer/Platforms/AppleTVOS.platform/Developer/SDKs/AppleTVOS27.0.sdk -I /Users/admin/builder/spi-builder-workspace/.derivedData/Build/Products/Debug-appletvos -Isystem /Applications/Xcode-27.0.0-Release.Candidate.app/Contents/Developer/Platforms/AppleTVOS.platform/Developer/usr/lib -F /Users/admin/builder/spi-builder-workspace/.derivedData/Build/Products/Debug-appletvos -F /Applications/Xcode-27.0.0-Release.Candidate.app/Contents/Developer/Platforms/AppleTVOS.platform/Developer/Library/Frameworks -F /Applications/Xcode-27.0.0-Release.Candidate.app/Contents/Developer/Platforms/AppleTVOS.platform/Developer/SDKs/AppleTVOS27.0.sdk/Developer/Library/Frameworks -module-cache-path /Users/admin/builder/spi-builder-workspace/.derivedData/Build/Intermediates.noindex/SwiftExplicitPrecompiledModules -no-color-diagnostics -Xcc -fno-color-diagnostics -enable-testing -g -debug-info-format\=dwarf -dwarf-version\=5 -swift-version 6 -Onone -D SWIFT_PACKAGE -D DEBUG -D SWIFT_MODULE_RESOURCE_BUNDLE_UNAVAILABLE -D Xcode -serialize-debugging-options -enable-experimental-feature StrictConcurrency -enable-experimental-feature DebugDescriptionMacro -empty-abi-descriptor -validate-clang-modules-once -clang-build-session-file /Users/admin/builder/spi-builder-workspace/.derivedData/ModuleCache.noindex/Session.modulevalidation -Xcc -working-directory -Xcc /Users/admin/builder/spi-builder-workspace/.swiftpm/xcode -enable-anonymous-context-mangled-names -file-compilation-dir /Users/admin/builder/spi-builder-workspace/.swiftpm/xcode -Xcc -D_LIBCPP_HARDENING_MODE\=_LIBCPP_HARDENING_MODE_DEBUG -Xcc -ivfsstatcache -Xcc /Users/admin/builder/spi-builder-workspace/.derivedData/SDKStatCaches.noindex/appletvos27.0-24J360-e829b21a6f8c9b70876ba0858053c044b32bfd8d43560033f8d89884cdb90028.sdkstatcache -Xcc -fmodules-prune-interval\=86400 -Xcc -fmodules-prune-after\=345600 -Xcc -I/Users/admin/builder/spi-builder-workspace/.derivedData/Build/Products/Debug-appletvos/include -Xcc -I/Users/admin/builder/spi-builder-workspace/.derivedData/Build/Intermediates.noindex/Kinetics.build/Debug-appletvos/Kinetics-t.build/DerivedSources-normal/arm64 -Xcc -I/Users/admin/builder/spi-builder-workspace/.derivedData/Build/Intermediates.noindex/Kinetics.build/Debug-appletvos/Kinetics-t.build/DerivedSources/arm64 -Xcc -I/Users/admin/builder/spi-builder-workspace/.derivedData/Build/Intermediates.noindex/Kinetics.build/Debug-appletvos/Kinetics-t.build/DerivedSources -Xcc -DSWIFT_PACKAGE -Xcc -DDEBUG\=1 -no-auto-bridging-header-chaining -module-name Kinetics -package-name spi_builder_workspace -const-gather-protocols-file /Users/admin/builder/spi-builder-workspace/.derivedData/Build/Intermediates.noindex/Kinetics.build/Debug-appletvos/Kinetics-t.build/Objects-normal/arm64/Kinetics_const_extract_protocols.json -disable-clang-spi -clang-target arm64-apple-tvos27.0 -target-sdk-version 27.0 -target-sdk-name appletvos27.0 -in-process-plugin-server-path /Applications/Xcode-27.0.0-Release.Candidate.app/Contents/Developer/Toolchains/XcodeDefault.xctoolchain/usr/lib/swift/host/libSwiftInProcPluginServer.dylib -parse-as-library -o /Users/admin/builder/spi-builder-workspace/.derivedData/Build/Intermediates.noindex/Kinetics.build/Debug-appletvos/Kinetics-t.build/Objects-normal/arm64/Kinetics+Rotation.o -debug-module-path /Users/admin/builder/spi-builder-workspace/.derivedData/Build/Intermediates.noindex/Kinetics.build/Debug-appletvos/Kinetics-t.build/Objects-normal/arm64/Kinetics.swiftmodule -index-unit-output-path /Kinetics.build/Debug-appletvos/Kinetics-t.build/Objects-normal/arm64/Kinetics+Rotation.o -index-store-path /Users/admin/builder/spi-builder-workspace/.derivedData/Index.noindex/DataStore -index-system-modules
SwiftCompile normal arm64 /Users/admin/builder/spi-builder-workspace/Sources/Kinetics/Kinetics+Rotation.swift (in target 'Kinetics' from project 'Kinetics')
cd /Users/admin/builder/spi-builder-workspace/.swiftpm/xcode
builtin-SwiftPerFileCompile Kinetics+Rotation.swift
SwiftCompile normal arm64 Compiling\ Kinetics+RubberBand.swift /Users/admin/builder/spi-builder-workspace/Sources/Kinetics/Kinetics+RubberBand.swift (in target 'Kinetics' from project 'Kinetics')
SwiftCompile normal arm64 /Users/admin/builder/spi-builder-workspace/Sources/Kinetics/Kinetics+RubberBand.swift (in target 'Kinetics' from project 'Kinetics')
cd /Users/admin/builder/spi-builder-workspace/.swiftpm/xcode
builtin-SwiftPerFileCompile Kinetics+RubberBand.swift
SwiftCompile normal arm64 Compiling\ Kinetics+Projection.swift /Users/admin/builder/spi-builder-workspace/Sources/Kinetics/Kinetics+Projection.swift (in target 'Kinetics' from project 'Kinetics')
SwiftCompile normal arm64 /Users/admin/builder/spi-builder-workspace/Sources/Kinetics/Kinetics+Projection.swift (in target 'Kinetics' from project 'Kinetics')
cd /Users/admin/builder/spi-builder-workspace/.swiftpm/xcode
builtin-SwiftPerFileCompile Kinetics+Projection.swift
SwiftCompile normal arm64 Compiling\ Kinetics+Clock.swift /Users/admin/builder/spi-builder-workspace/Sources/Kinetics/Kinetics+Clock.swift (in target 'Kinetics' from project 'Kinetics')
SwiftCompile normal arm64 /Users/admin/builder/spi-builder-workspace/Sources/Kinetics/Kinetics+Clock.swift (in target 'Kinetics' from project 'Kinetics')
cd /Users/admin/builder/spi-builder-workspace/.swiftpm/xcode
builtin-SwiftPerFileCompile Kinetics+Clock.swift
SwiftCompile normal arm64 Compiling\ Kinetics+Drag.swift /Users/admin/builder/spi-builder-workspace/Sources/Kinetics/Kinetics+Drag.swift (in target 'Kinetics' from project 'Kinetics')
/Users/admin/builder/spi-builder-workspace/Sources/Kinetics/Kinetics+Drag.swift:68:20: error: 'DragGesture' is unavailable in tvOS
66 |
67 | public func body(content: Content) -> some View {
68 | let drag = DragGesture(minimumDistance: minimumDistance)
| `- error: 'DragGesture' is unavailable in tvOS
69 | .updating($_activeTick) { value, tick, _ in
70 | tick = true
SwiftUI.DragGesture:3:42: note: 'DragGesture' has been explicitly marked unavailable here
1 | @available(iOS 13.0, macOS 10.15, watchOS 6.0, *)
2 | @available(tvOS, unavailable)
3 | @MainActor @preconcurrency public struct DragGesture : Gesture, ~Sendable {
| `- note: 'DragGesture' has been explicitly marked unavailable here
4 | public struct Value : Equatable, Sendable {
5 | public var time: Date
/Users/admin/builder/spi-builder-workspace/Sources/Kinetics/Kinetics+Drag.swift:68:20: error: 'init(minimumDistance:coordinateSpace:)' is unavailable in tvOS
66 |
67 | public func body(content: Content) -> some View {
68 | let drag = DragGesture(minimumDistance: minimumDistance)
| `- error: 'init(minimumDistance:coordinateSpace:)' is unavailable in tvOS
69 | .updating($_activeTick) { value, tick, _ in
70 | tick = true
SwiftUI.DragGesture.init:4:37: note: 'init(minimumDistance:coordinateSpace:)' has been explicitly marked unavailable here
2 | @available(iOS 17.0, macOS 14.0, watchOS 10.0, *)
3 | @available(tvOS, unavailable)
4 | @MainActor @preconcurrency public init(minimumDistance: CGFloat = 10, coordinateSpace: some CoordinateSpaceProtocol = .local)}
| `- note: 'init(minimumDistance:coordinateSpace:)' has been explicitly marked unavailable here
5 |
/Users/admin/builder/spi-builder-workspace/Sources/Kinetics/Kinetics+Drag.swift:158:20: error: 'DragGesture' is unavailable in tvOS
156 |
157 | public func body(content: Content) -> some View {
158 | let drag = DragGesture(minimumDistance: minimumDistance)
| `- error: 'DragGesture' is unavailable in tvOS
159 | .updating($_activeTick) { value, tick, _ in
160 | tick = true
SwiftUI.DragGesture:3:42: note: 'DragGesture' has been explicitly marked unavailable here
1 | @available(iOS 13.0, macOS 10.15, watchOS 6.0, *)
2 | @available(tvOS, unavailable)
3 | @MainActor @preconcurrency public struct DragGesture : Gesture, ~Sendable {
| `- note: 'DragGesture' has been explicitly marked unavailable here
4 | public struct Value : Equatable, Sendable {
5 | public var time: Date
/Users/admin/builder/spi-builder-workspace/Sources/Kinetics/Kinetics+Drag.swift:158:20: error: 'init(minimumDistance:coordinateSpace:)' is unavailable in tvOS
156 |
157 | public func body(content: Content) -> some View {
158 | let drag = DragGesture(minimumDistance: minimumDistance)
| `- error: 'init(minimumDistance:coordinateSpace:)' is unavailable in tvOS
159 | .updating($_activeTick) { value, tick, _ in
160 | tick = true
SwiftUI.DragGesture.init:4:37: note: 'init(minimumDistance:coordinateSpace:)' has been explicitly marked unavailable here
2 | @available(iOS 17.0, macOS 14.0, watchOS 10.0, *)
3 | @available(tvOS, unavailable)
4 | @MainActor @preconcurrency public init(minimumDistance: CGFloat = 10, coordinateSpace: some CoordinateSpaceProtocol = .local)}
| `- note: 'init(minimumDistance:coordinateSpace:)' has been explicitly marked unavailable here
5 |
Failed frontend command:
/Applications/Xcode-27.0.0-Release.Candidate.app/Contents/Developer/Toolchains/XcodeDefault.xctoolchain/usr/bin/swift-frontend -frontend -c /Users/admin/builder/spi-builder-workspace/Sources/Kinetics/Kinetics+Animatable.swift /Users/admin/builder/spi-builder-workspace/Sources/Kinetics/Kinetics+Animator.swift /Users/admin/builder/spi-builder-workspace/Sources/Kinetics/Kinetics+Bounce.swift /Users/admin/builder/spi-builder-workspace/Sources/Kinetics/Kinetics+Clock.swift -primary-file /Users/admin/builder/spi-builder-workspace/Sources/Kinetics/Kinetics+Drag.swift /Users/admin/builder/spi-builder-workspace/Sources/Kinetics/Kinetics+Projection.swift /Users/admin/builder/spi-builder-workspace/Sources/Kinetics/Kinetics+Rotation.swift /Users/admin/builder/spi-builder-workspace/Sources/Kinetics/Kinetics+RubberBand.swift /Users/admin/builder/spi-builder-workspace/Sources/Kinetics/Kinetics+Sugar.swift /Users/admin/builder/spi-builder-workspace/Sources/Kinetics/Kinetics.swift -emit-dependencies-path /Users/admin/builder/spi-builder-workspace/.derivedData/Build/Intermediates.noindex/Kinetics.build/Debug-appletvos/Kinetics-t.build/Objects-normal/arm64/Kinetics+Drag.d -emit-const-values-path /Users/admin/builder/spi-builder-workspace/.derivedData/Build/Intermediates.noindex/Kinetics.build/Debug-appletvos/Kinetics-t.build/Objects-normal/arm64/Kinetics+Drag.swiftconstvalues -emit-reference-dependencies-path /Users/admin/builder/spi-builder-workspace/.derivedData/Build/Intermediates.noindex/Kinetics.build/Debug-appletvos/Kinetics-t.build/Objects-normal/arm64/Kinetics+Drag.swiftdeps -serialize-diagnostics-path /Users/admin/builder/spi-builder-workspace/.derivedData/Build/Intermediates.noindex/Kinetics.build/Debug-appletvos/Kinetics-t.build/Objects-normal/arm64/Kinetics+Drag.dia -target arm64-apple-tvos18.0 -disable-cross-import-overlay-search -load-resolved-plugin /Applications/Xcode-27.0.0-Release.Candidate.app/Contents/Developer/Platforms/AppleTVOS.platform/Developer/usr/lib/swift/host/plugins/libFoundationMacros.dylib\#/Applications/Xcode-27.0.0-Release.Candidate.app/Contents/Developer/Platforms/AppleTVOS.platform/Developer/usr/bin/swift-plugin-server\#FoundationMacros -load-resolved-plugin /Applications/Xcode-27.0.0-Release.Candidate.app/Contents/Developer/Platforms/AppleTVOS.platform/Developer/usr/lib/swift/host/plugins/libObservationMacros.dylib\#/Applications/Xcode-27.0.0-Release.Candidate.app/Contents/Developer/Platforms/AppleTVOS.platform/Developer/usr/bin/swift-plugin-server\#ObservationMacros -load-resolved-plugin /Applications/Xcode-27.0.0-Release.Candidate.app/Contents/Developer/Platforms/AppleTVOS.platform/Developer/usr/lib/swift/host/plugins/libPreviewsMacros.dylib\#/Applications/Xcode-27.0.0-Release.Candidate.app/Contents/Developer/Platforms/AppleTVOS.platform/Developer/usr/bin/swift-plugin-server\#PreviewsMacros -load-resolved-plugin /Applications/Xcode-27.0.0-Release.Candidate.app/Contents/Developer/Platforms/AppleTVOS.platform/Developer/usr/lib/swift/host/plugins/libSwiftMacros.dylib\#/Applications/Xcode-27.0.0-Release.Candidate.app/Contents/Developer/Platforms/AppleTVOS.platform/Developer/usr/bin/swift-plugin-server\#SwiftMacros -load-resolved-plugin /Applications/Xcode-27.0.0-Release.Candidate.app/Contents/Developer/Platforms/AppleTVOS.platform/Developer/usr/lib/swift/host/plugins/libSwiftUIMacros.dylib\#/Applications/Xcode-27.0.0-Release.Candidate.app/Contents/Developer/Platforms/AppleTVOS.platform/Developer/usr/bin/swift-plugin-server\#SwiftUIMacros -disable-implicit-swift-modules -Xcc -fno-implicit-modules -Xcc -fno-implicit-module-maps -explicit-swift-module-map-file /Users/admin/builder/spi-builder-workspace/.derivedData/Build/Intermediates.noindex/Kinetics.build/Debug-appletvos/Kinetics-t.build/Objects-normal/arm64/Kinetics-dependencies-1.json -Xllvm -aarch64-use-tbi -enable-objc-interop -stack-check -sdk /Applications/Xcode-27.0.0-Release.Candidate.app/Contents/Developer/Platforms/AppleTVOS.platform/Developer/SDKs/AppleTVOS27.0.sdk -I /Users/admin/builder/spi-builder-workspace/.derivedData/Build/Products/Debug-appletvos -Isystem /Applications/Xcode-27.0.0-Release.Candidate.app/Contents/Developer/Platforms/AppleTVOS.platform/Developer/usr/lib -F /Users/admin/builder/spi-builder-workspace/.derivedData/Build/Products/Debug-appletvos -F /Applications/Xcode-27.0.0-Release.Candidate.app/Contents/Developer/Platforms/AppleTVOS.platform/Developer/Library/Frameworks -F /Applications/Xcode-27.0.0-Release.Candidate.app/Contents/Developer/Platforms/AppleTVOS.platform/Developer/SDKs/AppleTVOS27.0.sdk/Developer/Library/Frameworks -module-cache-path /Users/admin/builder/spi-builder-workspace/.derivedData/Build/Intermediates.noindex/SwiftExplicitPrecompiledModules -no-color-diagnostics -Xcc -fno-color-diagnostics -enable-testing -g -debug-info-format\=dwarf -dwarf-version\=5 -swift-version 6 -Onone -D SWIFT_PACKAGE -D DEBUG -D SWIFT_MODULE_RESOURCE_BUNDLE_UNAVAILABLE -D Xcode -serialize-debugging-options -enable-experimental-feature StrictConcurrency -enable-experimental-feature DebugDescriptionMacro -empty-abi-descriptor -validate-clang-modules-once -clang-build-session-file /Users/admin/builder/spi-builder-workspace/.derivedData/ModuleCache.noindex/Session.modulevalidation -Xcc -working-directory -Xcc /Users/admin/builder/spi-builder-workspace/.swiftpm/xcode -enable-anonymous-context-mangled-names -file-compilation-dir /Users/admin/builder/spi-builder-workspace/.swiftpm/xcode -Xcc -D_LIBCPP_HARDENING_MODE\=_LIBCPP_HARDENING_MODE_DEBUG -Xcc -ivfsstatcache -Xcc /Users/admin/builder/spi-builder-workspace/.derivedData/SDKStatCaches.noindex/appletvos27.0-24J360-e829b21a6f8c9b70876ba0858053c044b32bfd8d43560033f8d89884cdb90028.sdkstatcache -Xcc -fmodules-prune-interval\=86400 -Xcc -fmodules-prune-after\=345600 -Xcc -I/Users/admin/builder/spi-builder-workspace/.derivedData/Build/Products/Debug-appletvos/include -Xcc -I/Users/admin/builder/spi-builder-workspace/.derivedData/Build/Intermediates.noindex/Kinetics.build/Debug-appletvos/Kinetics-t.build/DerivedSources-normal/arm64 -Xcc -I/Users/admin/builder/spi-builder-workspace/.derivedData/Build/Intermediates.noindex/Kinetics.build/Debug-appletvos/Kinetics-t.build/DerivedSources/arm64 -Xcc -I/Users/admin/builder/spi-builder-workspace/.derivedData/Build/Intermediates.noindex/Kinetics.build/Debug-appletvos/Kinetics-t.build/DerivedSources -Xcc -DSWIFT_PACKAGE -Xcc -DDEBUG\=1 -no-auto-bridging-header-chaining -module-name Kinetics -package-name spi_builder_workspace -const-gather-protocols-file /Users/admin/builder/spi-builder-workspace/.derivedData/Build/Intermediates.noindex/Kinetics.build/Debug-appletvos/Kinetics-t.build/Objects-normal/arm64/Kinetics_const_extract_protocols.json -disable-clang-spi -clang-target arm64-apple-tvos27.0 -target-sdk-version 27.0 -target-sdk-name appletvos27.0 -in-process-plugin-server-path /Applications/Xcode-27.0.0-Release.Candidate.app/Contents/Developer/Toolchains/XcodeDefault.xctoolchain/usr/lib/swift/host/libSwiftInProcPluginServer.dylib -parse-as-library -o /Users/admin/builder/spi-builder-workspace/.derivedData/Build/Intermediates.noindex/Kinetics.build/Debug-appletvos/Kinetics-t.build/Objects-normal/arm64/Kinetics+Drag.o -debug-module-path /Users/admin/builder/spi-builder-workspace/.derivedData/Build/Intermediates.noindex/Kinetics.build/Debug-appletvos/Kinetics-t.build/Objects-normal/arm64/Kinetics.swiftmodule -index-unit-output-path /Kinetics.build/Debug-appletvos/Kinetics-t.build/Objects-normal/arm64/Kinetics+Drag.o -index-store-path /Users/admin/builder/spi-builder-workspace/.derivedData/Index.noindex/DataStore -index-system-modules
SwiftCompile normal arm64 /Users/admin/builder/spi-builder-workspace/Sources/Kinetics/Kinetics+Drag.swift (in target 'Kinetics' from project 'Kinetics')
cd /Users/admin/builder/spi-builder-workspace/.swiftpm/xcode
builtin-SwiftPerFileCompile Kinetics+Drag.swift
SwiftCompile normal arm64 Compiling\ Kinetics+Bounce.swift /Users/admin/builder/spi-builder-workspace/Sources/Kinetics/Kinetics+Bounce.swift (in target 'Kinetics' from project 'Kinetics')
SwiftCompile normal arm64 /Users/admin/builder/spi-builder-workspace/Sources/Kinetics/Kinetics+Bounce.swift (in target 'Kinetics' from project 'Kinetics')
cd /Users/admin/builder/spi-builder-workspace/.swiftpm/xcode
builtin-SwiftPerFileCompile Kinetics+Bounce.swift
SwiftCompile normal arm64 Compiling\ Kinetics.swift /Users/admin/builder/spi-builder-workspace/Sources/Kinetics/Kinetics.swift (in target 'Kinetics' from project 'Kinetics')
SwiftCompile normal arm64 /Users/admin/builder/spi-builder-workspace/Sources/Kinetics/Kinetics.swift (in target 'Kinetics' from project 'Kinetics')
cd /Users/admin/builder/spi-builder-workspace/.swiftpm/xcode
builtin-SwiftPerFileCompile Kinetics.swift
SwiftCompile normal arm64 Compiling\ Kinetics+Animatable.swift /Users/admin/builder/spi-builder-workspace/Sources/Kinetics/Kinetics+Animatable.swift (in target 'Kinetics' from project 'Kinetics')
/Users/admin/builder/spi-builder-workspace/Sources/Kinetics/Kinetics+Animatable.swift:19:1: warning: extension declares a conformance of imported type 'CGPoint' to imported protocol 'Sendable'; this will not behave correctly if the owners of 'CoreFoundation' introduce this conformance in the future
17 | /// Extends CGPoint to conform to KineticsValue for 2D point animations.
18 | /// Maps x,y coordinates to/from a two-element components array.
19 | extension CGPoint: KineticsValue, @unchecked Sendable {
| |- warning: extension declares a conformance of imported type 'CGPoint' to imported protocol 'Sendable'; this will not behave correctly if the owners of 'CoreFoundation' introduce this conformance in the future
| `- note: add '@retroactive' to silence this warning
20 | public typealias FloatType = Double
21 | public var components: [Double] {
/Users/admin/builder/spi-builder-workspace/Sources/Kinetics/Kinetics+Animatable.swift:38:1: warning: extension declares a conformance of imported type 'CGSize' to imported protocol 'Sendable'; this will not behave correctly if the owners of 'CoreFoundation' introduce this conformance in the future
36 | /// Extends CGSize to conform to KineticsValue for 2D size animations.
37 | /// Maps width,height dimensions to/from a two-element components array.
38 | extension CGSize: KineticsValue, @unchecked Sendable {
| |- warning: extension declares a conformance of imported type 'CGSize' to imported protocol 'Sendable'; this will not behave correctly if the owners of 'CoreFoundation' introduce this conformance in the future
| `- note: add '@retroactive' to silence this warning
39 | public typealias FloatType = Double
40 | public var components: [Double] {
SwiftCompile normal arm64 /Users/admin/builder/spi-builder-workspace/Sources/Kinetics/Kinetics+Animatable.swift (in target 'Kinetics' from project 'Kinetics')
cd /Users/admin/builder/spi-builder-workspace/.swiftpm/xcode
builtin-SwiftPerFileCompile Kinetics+Animatable.swift
SwiftCompile normal arm64 Compiling\ Kinetics+Animator.swift /Users/admin/builder/spi-builder-workspace/Sources/Kinetics/Kinetics+Animator.swift (in target 'Kinetics' from project 'Kinetics')
SwiftCompile normal arm64 /Users/admin/builder/spi-builder-workspace/Sources/Kinetics/Kinetics+Animator.swift (in target 'Kinetics' from project 'Kinetics')
cd /Users/admin/builder/spi-builder-workspace/.swiftpm/xcode
builtin-SwiftPerFileCompile Kinetics+Animator.swift
SwiftDriverJobDiscovery normal arm64 Emitting module for Kinetics (in target 'Kinetics' from project 'Kinetics')
SwiftDriver\ Compilation\ Requirements Kinetics normal arm64 com.apple.xcode.tools.swift.compiler (in target 'Kinetics' from project 'Kinetics')
cd /Users/admin/builder/spi-builder-workspace/.swiftpm/xcode
builtin-Swift-Compilation-Requirements -- /Applications/Xcode-27.0.0-Release.Candidate.app/Contents/Developer/Toolchains/XcodeDefault.xctoolchain/usr/bin/swiftc -parse-as-library -module-name Kinetics -Onone @/Users/admin/builder/spi-builder-workspace/.derivedData/Build/Intermediates.noindex/Kinetics.build/Debug-appletvos/Kinetics-t.build/Objects-normal/arm64/Kinetics.SwiftFileList -DSWIFT_PACKAGE -DDEBUG -DSWIFT_MODULE_RESOURCE_BUNDLE_UNAVAILABLE -DXcode -enable-experimental-feature StrictConcurrency -plugin-path /Applications/Xcode-27.0.0-Release.Candidate.app/Contents/Developer/Toolchains/XcodeDefault.xctoolchain/usr/lib/swift/host/plugins/testing -enable-experimental-feature DebugDescriptionMacro -sdk /Applications/Xcode-27.0.0-Release.Candidate.app/Contents/Developer/Platforms/AppleTVOS.platform/Developer/SDKs/AppleTVOS27.0.sdk -target arm64-apple-tvos18.0 -g -module-cache-path /Users/admin/builder/spi-builder-workspace/.derivedData/ModuleCache.noindex -Xfrontend -serialize-debugging-options -enable-testing -index-store-path /Users/admin/builder/spi-builder-workspace/.derivedData/Index.noindex/DataStore -Xcc -D_LIBCPP_HARDENING_MODE\=_LIBCPP_HARDENING_MODE_DEBUG -swift-version 6 -I /Users/admin/builder/spi-builder-workspace/.derivedData/Build/Products/Debug-appletvos -Isystem /Applications/Xcode-27.0.0-Release.Candidate.app/Contents/Developer/Platforms/AppleTVOS.platform/Developer/usr/lib -F /Users/admin/builder/spi-builder-workspace/.derivedData/Build/Products/Debug-appletvos -F /Applications/Xcode-27.0.0-Release.Candidate.app/Contents/Developer/Platforms/AppleTVOS.platform/Developer/Library/Frameworks -F /Applications/Xcode-27.0.0-Release.Candidate.app/Contents/Developer/Platforms/AppleTVOS.platform/Developer/SDKs/AppleTVOS27.0.sdk/Developer/Library/Frameworks -c -j10 -enable-batch-mode -incremental -Xcc -ivfsstatcache -Xcc /Users/admin/builder/spi-builder-workspace/.derivedData/SDKStatCaches.noindex/appletvos27.0-24J360-e829b21a6f8c9b70876ba0858053c044b32bfd8d43560033f8d89884cdb90028.sdkstatcache -output-file-map /Users/admin/builder/spi-builder-workspace/.derivedData/Build/Intermediates.noindex/Kinetics.build/Debug-appletvos/Kinetics-t.build/Objects-normal/arm64/Kinetics-OutputFileMap.json -save-temps -no-color-diagnostics -explicit-module-build -module-cache-path /Users/admin/builder/spi-builder-workspace/.derivedData/Build/Intermediates.noindex/SwiftExplicitPrecompiledModules -clang-scanner-module-cache-path /Users/admin/builder/spi-builder-workspace/.derivedData/ModuleCache.noindex -sdk-module-cache-path /Users/admin/builder/spi-builder-workspace/.derivedData/SDKExplicitPrecompiledModules -emit-dependencies -emit-module -emit-module-path /Users/admin/builder/spi-builder-workspace/.derivedData/Build/Intermediates.noindex/Kinetics.build/Debug-appletvos/Kinetics-t.build/Objects-normal/arm64/Kinetics.swiftmodule -serialize-diagnostics -dependency-scan-serialize-diagnostics-path /Users/admin/builder/spi-builder-workspace/.derivedData/Build/Intermediates.noindex/Kinetics.build/Debug-appletvos/Kinetics-t.build/Objects-normal/arm64/Kinetics-dependency-scan.dia -validate-clang-modules-once -clang-build-session-file /Users/admin/builder/spi-builder-workspace/.derivedData/ModuleCache.noindex/Session.modulevalidation -Xcc -fmodules-prune-interval\=86400 -Xcc -fmodules-prune-after\=345600 -package-name spi_builder_workspace -emit-const-values -const-gather-protocols-list /Users/admin/builder/spi-builder-workspace/.derivedData/Build/Intermediates.noindex/Kinetics.build/Debug-appletvos/Kinetics-t.build/Objects-normal/arm64/Kinetics_const_extract_protocols.json -Xcc -I/Users/admin/builder/spi-builder-workspace/.derivedData/Build/Products/Debug-appletvos/include -Xcc -I/Users/admin/builder/spi-builder-workspace/.derivedData/Build/Intermediates.noindex/Kinetics.build/Debug-appletvos/Kinetics-t.build/DerivedSources-normal/arm64 -Xcc -I/Users/admin/builder/spi-builder-workspace/.derivedData/Build/Intermediates.noindex/Kinetics.build/Debug-appletvos/Kinetics-t.build/DerivedSources/arm64 -Xcc -I/Users/admin/builder/spi-builder-workspace/.derivedData/Build/Intermediates.noindex/Kinetics.build/Debug-appletvos/Kinetics-t.build/DerivedSources -Xcc -DSWIFT_PACKAGE -Xcc -DDEBUG\=1 -emit-objc-header -emit-objc-header-path /Users/admin/builder/spi-builder-workspace/.derivedData/Build/Intermediates.noindex/Kinetics.build/Debug-appletvos/Kinetics-t.build/Objects-normal/arm64/Kinetics-Swift.h -working-directory /Users/admin/builder/spi-builder-workspace/.swiftpm/xcode -experimental-emit-module-separately -disable-cmo
PruneExplicitPrecompiledModules /Users/admin/builder/spi-builder-workspace/.derivedData/Build/Intermediates.noindex/SwiftExplicitPrecompiledModules
PruneExplicitPrecompiledModules /Users/admin/builder/spi-builder-workspace/.derivedData/Build/Intermediates.noindex/ExplicitPrecompiledModules
PruneExplicitPrecompiledModules /Users/admin/builder/spi-builder-workspace/.derivedData/SDKExplicitPrecompiledModules
2026-09-22 19:30:12.477 xcodebuild[630:3922] [MT] IDERunDestination: Supported platforms for the buildables in the current scheme is empty.
** BUILD FAILED **
The following build commands failed:
SwiftCompile normal arm64 Compiling\ Kinetics+Rotation.swift /Users/admin/builder/spi-builder-workspace/Sources/Kinetics/Kinetics+Rotation.swift (in target 'Kinetics' from project 'Kinetics')
SwiftCompile normal arm64 /Users/admin/builder/spi-builder-workspace/Sources/Kinetics/Kinetics+Rotation.swift (in target 'Kinetics' from project 'Kinetics')
SwiftCompile normal arm64 Compiling\ Kinetics+Drag.swift /Users/admin/builder/spi-builder-workspace/Sources/Kinetics/Kinetics+Drag.swift (in target 'Kinetics' from project 'Kinetics')
SwiftCompile normal arm64 /Users/admin/builder/spi-builder-workspace/Sources/Kinetics/Kinetics+Drag.swift (in target 'Kinetics' from project 'Kinetics')
Building workspace Kinetics with scheme Kinetics
(5 failures)
Command line invocation:
/Applications/Xcode-27.0.0-Release.Candidate.app/Contents/Developer/usr/bin/xcodebuild -IDEClonedSourcePackagesDirPathOverride=/Users/admin/builder/spi-builder-workspace/.dependencies -resolvePackageDependencies
Resolve Package Graph
Resolved source packages:
Kinetics: /Users/admin/builder/spi-builder-workspace
resolved source packages: Kinetics
2026-09-22 19:30:23.872 xcodebuild[773:4659] [MT] IDERunDestination: Supported platforms for the buildables in the current scheme is empty.
{
"dependencies" : [
],
"manifest_display_name" : "Kinetics",
"name" : "Kinetics",
"path" : "/Users/admin/builder/spi-builder-workspace",
"platforms" : [
{
"name" : "ios",
"version" : "18.0"
},
{
"name" : "macos",
"version" : "15.0"
},
{
"name" : "tvos",
"version" : "18.0"
},
{
"name" : "watchos",
"version" : "11.0"
}
],
"products" : [
{
"name" : "Kinetics",
"targets" : [
"Kinetics"
],
"type" : {
"library" : [
"automatic"
]
}
}
],
"targets" : [
{
"c99name" : "Kinetics",
"module_type" : "SwiftTarget",
"name" : "Kinetics",
"path" : "Sources/Kinetics",
"product_memberships" : [
"Kinetics"
],
"sources" : [
"Kinetics+Animatable.swift",
"Kinetics+Animator.swift",
"Kinetics+Bounce.swift",
"Kinetics+Clock.swift",
"Kinetics+Drag.swift",
"Kinetics+Projection.swift",
"Kinetics+Rotation.swift",
"Kinetics+RubberBand.swift",
"Kinetics+Sugar.swift",
"Kinetics.swift"
],
"type" : "library"
}
],
"tools_version" : "6.0"
}
{
"workspace" : {
"name" : "Kinetics",
"schemes" : [
"Kinetics"
]
}
}
2026-09-22 19:30:25.089 xcodebuild[781:4726] [MT] IDERunDestination: Supported platforms for the buildables in the current scheme is empty.
Running build ...
env DEVELOPER_DIR=/Applications/Xcode-27.0.0-Release.Candidate.app xcrun xcodebuild -IDEClonedSourcePackagesDirPathOverride=$PWD/.dependencies -skipMacroValidation -skipPackagePluginValidation -derivedDataPath $PWD/.derivedData build -scheme Kinetics -destination generic/platform=tvOS
Command line invocation:
/Applications/Xcode-27.0.0-Release.Candidate.app/Contents/Developer/usr/bin/xcodebuild -IDEClonedSourcePackagesDirPathOverride=/Users/admin/builder/spi-builder-workspace/.dependencies -skipMacroValidation -skipPackagePluginValidation -derivedDataPath /Users/admin/builder/spi-builder-workspace/.derivedData build -scheme Kinetics -destination generic/platform=tvOS
Resolve Package Graph
Resolved source packages:
Kinetics: /Users/admin/builder/spi-builder-workspace
ComputePackagePrebuildTargetDependencyGraph
Prepare packages
CreateBuildRequest
SendProjectDescription
CreateBuildOperation
ComputeTargetDependencyGraph
note: Building targets in dependency order
note: Target dependency graph (2 targets)
Target 'Kinetics-product' in project 'Kinetics'
➜ Explicit dependency on target 'Kinetics' in project 'Kinetics'
Target 'Kinetics' in project 'Kinetics' (no dependencies)
GatherProvisioningInputs
CreateBuildDescription
ClangStatCache /Applications/Xcode-27.0.0-Release.Candidate.app/Contents/Developer/Toolchains/XcodeDefault.xctoolchain/usr/bin/clang-stat-cache /Applications/Xcode-27.0.0-Release.Candidate.app/Contents/Developer/Platforms/AppleTVOS.platform/Developer/SDKs/AppleTVOS27.0.sdk /Users/admin/builder/spi-builder-workspace/.derivedData/SDKStatCaches.noindex/appletvos27.0-24J360-e829b21a6f8c9b70876ba0858053c044b32bfd8d43560033f8d89884cdb90028.sdkstatcache
cd /Users/admin/builder/spi-builder-workspace/.swiftpm/xcode
/Applications/Xcode-27.0.0-Release.Candidate.app/Contents/Developer/Toolchains/XcodeDefault.xctoolchain/usr/bin/clang-stat-cache /Applications/Xcode-27.0.0-Release.Candidate.app/Contents/Developer/Platforms/AppleTVOS.platform/Developer/SDKs/AppleTVOS27.0.sdk -o /Users/admin/builder/spi-builder-workspace/.derivedData/SDKStatCaches.noindex/appletvos27.0-24J360-e829b21a6f8c9b70876ba0858053c044b32bfd8d43560033f8d89884cdb90028.sdkstatcache
SwiftDriver Kinetics normal arm64 com.apple.xcode.tools.swift.compiler (in target 'Kinetics' from project 'Kinetics')
cd /Users/admin/builder/spi-builder-workspace/.swiftpm/xcode
builtin-SwiftDriver -- /Applications/Xcode-27.0.0-Release.Candidate.app/Contents/Developer/Toolchains/XcodeDefault.xctoolchain/usr/bin/swiftc -parse-as-library -module-name Kinetics -Onone @/Users/admin/builder/spi-builder-workspace/.derivedData/Build/Intermediates.noindex/Kinetics.build/Debug-appletvos/Kinetics-t.build/Objects-normal/arm64/Kinetics.SwiftFileList -DSWIFT_PACKAGE -DDEBUG -DSWIFT_MODULE_RESOURCE_BUNDLE_UNAVAILABLE -DXcode -enable-experimental-feature StrictConcurrency -plugin-path /Applications/Xcode-27.0.0-Release.Candidate.app/Contents/Developer/Toolchains/XcodeDefault.xctoolchain/usr/lib/swift/host/plugins/testing -enable-experimental-feature DebugDescriptionMacro -sdk /Applications/Xcode-27.0.0-Release.Candidate.app/Contents/Developer/Platforms/AppleTVOS.platform/Developer/SDKs/AppleTVOS27.0.sdk -target arm64-apple-tvos18.0 -g -module-cache-path /Users/admin/builder/spi-builder-workspace/.derivedData/ModuleCache.noindex -Xfrontend -serialize-debugging-options -enable-testing -index-store-path /Users/admin/builder/spi-builder-workspace/.derivedData/Index.noindex/DataStore -Xcc -D_LIBCPP_HARDENING_MODE\=_LIBCPP_HARDENING_MODE_DEBUG -swift-version 6 -I /Users/admin/builder/spi-builder-workspace/.derivedData/Build/Products/Debug-appletvos -Isystem /Applications/Xcode-27.0.0-Release.Candidate.app/Contents/Developer/Platforms/AppleTVOS.platform/Developer/usr/lib -F /Users/admin/builder/spi-builder-workspace/.derivedData/Build/Products/Debug-appletvos -F /Applications/Xcode-27.0.0-Release.Candidate.app/Contents/Developer/Platforms/AppleTVOS.platform/Developer/Library/Frameworks -F /Applications/Xcode-27.0.0-Release.Candidate.app/Contents/Developer/Platforms/AppleTVOS.platform/Developer/SDKs/AppleTVOS27.0.sdk/Developer/Library/Frameworks -c -j10 -enable-batch-mode -incremental -Xcc -ivfsstatcache -Xcc /Users/admin/builder/spi-builder-workspace/.derivedData/SDKStatCaches.noindex/appletvos27.0-24J360-e829b21a6f8c9b70876ba0858053c044b32bfd8d43560033f8d89884cdb90028.sdkstatcache -output-file-map /Users/admin/builder/spi-builder-workspace/.derivedData/Build/Intermediates.noindex/Kinetics.build/Debug-appletvos/Kinetics-t.build/Objects-normal/arm64/Kinetics-OutputFileMap.json -save-temps -no-color-diagnostics -explicit-module-build -module-cache-path /Users/admin/builder/spi-builder-workspace/.derivedData/Build/Intermediates.noindex/SwiftExplicitPrecompiledModules -clang-scanner-module-cache-path /Users/admin/builder/spi-builder-workspace/.derivedData/ModuleCache.noindex -sdk-module-cache-path /Users/admin/builder/spi-builder-workspace/.derivedData/SDKExplicitPrecompiledModules -emit-dependencies -emit-module -emit-module-path /Users/admin/builder/spi-builder-workspace/.derivedData/Build/Intermediates.noindex/Kinetics.build/Debug-appletvos/Kinetics-t.build/Objects-normal/arm64/Kinetics.swiftmodule -serialize-diagnostics -dependency-scan-serialize-diagnostics-path /Users/admin/builder/spi-builder-workspace/.derivedData/Build/Intermediates.noindex/Kinetics.build/Debug-appletvos/Kinetics-t.build/Objects-normal/arm64/Kinetics-dependency-scan.dia -validate-clang-modules-once -clang-build-session-file /Users/admin/builder/spi-builder-workspace/.derivedData/ModuleCache.noindex/Session.modulevalidation -Xcc -fmodules-prune-interval\=86400 -Xcc -fmodules-prune-after\=345600 -package-name spi_builder_workspace -emit-const-values -const-gather-protocols-list /Users/admin/builder/spi-builder-workspace/.derivedData/Build/Intermediates.noindex/Kinetics.build/Debug-appletvos/Kinetics-t.build/Objects-normal/arm64/Kinetics_const_extract_protocols.json -Xcc -I/Users/admin/builder/spi-builder-workspace/.derivedData/Build/Products/Debug-appletvos/include -Xcc -I/Users/admin/builder/spi-builder-workspace/.derivedData/Build/Intermediates.noindex/Kinetics.build/Debug-appletvos/Kinetics-t.build/DerivedSources-normal/arm64 -Xcc -I/Users/admin/builder/spi-builder-workspace/.derivedData/Build/Intermediates.noindex/Kinetics.build/Debug-appletvos/Kinetics-t.build/DerivedSources/arm64 -Xcc -I/Users/admin/builder/spi-builder-workspace/.derivedData/Build/Intermediates.noindex/Kinetics.build/Debug-appletvos/Kinetics-t.build/DerivedSources -Xcc -DSWIFT_PACKAGE -Xcc -DDEBUG\=1 -emit-objc-header -emit-objc-header-path /Users/admin/builder/spi-builder-workspace/.derivedData/Build/Intermediates.noindex/Kinetics.build/Debug-appletvos/Kinetics-t.build/Objects-normal/arm64/Kinetics-Swift.h -working-directory /Users/admin/builder/spi-builder-workspace/.swiftpm/xcode -experimental-emit-module-separately -disable-cmo
SwiftCompile normal arm64 Compiling\ Kinetics+Clock.swift /Users/admin/builder/spi-builder-workspace/Sources/Kinetics/Kinetics+Clock.swift (in target 'Kinetics' from project 'Kinetics')
SwiftCompile normal arm64 /Users/admin/builder/spi-builder-workspace/Sources/Kinetics/Kinetics+Clock.swift (in target 'Kinetics' from project 'Kinetics')
cd /Users/admin/builder/spi-builder-workspace/.swiftpm/xcode
builtin-SwiftPerFileCompile Kinetics+Clock.swift
SwiftCompile normal arm64 Compiling\ Kinetics+Bounce.swift /Users/admin/builder/spi-builder-workspace/Sources/Kinetics/Kinetics+Bounce.swift (in target 'Kinetics' from project 'Kinetics')
SwiftCompile normal arm64 /Users/admin/builder/spi-builder-workspace/Sources/Kinetics/Kinetics+Bounce.swift (in target 'Kinetics' from project 'Kinetics')
cd /Users/admin/builder/spi-builder-workspace/.swiftpm/xcode
builtin-SwiftPerFileCompile Kinetics+Bounce.swift
SwiftCompile normal arm64 Compiling\ Kinetics+Drag.swift /Users/admin/builder/spi-builder-workspace/Sources/Kinetics/Kinetics+Drag.swift (in target 'Kinetics' from project 'Kinetics')
/Users/admin/builder/spi-builder-workspace/Sources/Kinetics/Kinetics+Drag.swift:68:20: error: 'DragGesture' is unavailable in tvOS
66 |
67 | public func body(content: Content) -> some View {
68 | let drag = DragGesture(minimumDistance: minimumDistance)
| `- error: 'DragGesture' is unavailable in tvOS
69 | .updating($_activeTick) { value, tick, _ in
70 | tick = true
SwiftUI.DragGesture:3:42: note: 'DragGesture' has been explicitly marked unavailable here
1 | @available(iOS 13.0, macOS 10.15, watchOS 6.0, *)
2 | @available(tvOS, unavailable)
3 | @MainActor @preconcurrency public struct DragGesture : Gesture, ~Sendable {
| `- note: 'DragGesture' has been explicitly marked unavailable here
4 | public struct Value : Equatable, Sendable {
5 | public var time: Date
/Users/admin/builder/spi-builder-workspace/Sources/Kinetics/Kinetics+Drag.swift:68:20: error: 'init(minimumDistance:coordinateSpace:)' is unavailable in tvOS
66 |
67 | public func body(content: Content) -> some View {
68 | let drag = DragGesture(minimumDistance: minimumDistance)
| `- error: 'init(minimumDistance:coordinateSpace:)' is unavailable in tvOS
69 | .updating($_activeTick) { value, tick, _ in
70 | tick = true
SwiftUI.DragGesture.init:4:37: note: 'init(minimumDistance:coordinateSpace:)' has been explicitly marked unavailable here
2 | @available(iOS 17.0, macOS 14.0, watchOS 10.0, *)
3 | @available(tvOS, unavailable)
4 | @MainActor @preconcurrency public init(minimumDistance: CGFloat = 10, coordinateSpace: some CoordinateSpaceProtocol = .local)}
| `- note: 'init(minimumDistance:coordinateSpace:)' has been explicitly marked unavailable here
5 |
/Users/admin/builder/spi-builder-workspace/Sources/Kinetics/Kinetics+Drag.swift:158:20: error: 'DragGesture' is unavailable in tvOS
156 |
157 | public func body(content: Content) -> some View {
158 | let drag = DragGesture(minimumDistance: minimumDistance)
| `- error: 'DragGesture' is unavailable in tvOS
159 | .updating($_activeTick) { value, tick, _ in
160 | tick = true
SwiftUI.DragGesture:3:42: note: 'DragGesture' has been explicitly marked unavailable here
1 | @available(iOS 13.0, macOS 10.15, watchOS 6.0, *)
2 | @available(tvOS, unavailable)
3 | @MainActor @preconcurrency public struct DragGesture : Gesture, ~Sendable {
| `- note: 'DragGesture' has been explicitly marked unavailable here
4 | public struct Value : Equatable, Sendable {
5 | public var time: Date
/Users/admin/builder/spi-builder-workspace/Sources/Kinetics/Kinetics+Drag.swift:158:20: error: 'init(minimumDistance:coordinateSpace:)' is unavailable in tvOS
156 |
157 | public func body(content: Content) -> some View {
158 | let drag = DragGesture(minimumDistance: minimumDistance)
| `- error: 'init(minimumDistance:coordinateSpace:)' is unavailable in tvOS
159 | .updating($_activeTick) { value, tick, _ in
160 | tick = true
SwiftUI.DragGesture.init:4:37: note: 'init(minimumDistance:coordinateSpace:)' has been explicitly marked unavailable here
2 | @available(iOS 17.0, macOS 14.0, watchOS 10.0, *)
3 | @available(tvOS, unavailable)
4 | @MainActor @preconcurrency public init(minimumDistance: CGFloat = 10, coordinateSpace: some CoordinateSpaceProtocol = .local)}
| `- note: 'init(minimumDistance:coordinateSpace:)' has been explicitly marked unavailable here
5 |
Failed frontend command:
/Applications/Xcode-27.0.0-Release.Candidate.app/Contents/Developer/Toolchains/XcodeDefault.xctoolchain/usr/bin/swift-frontend -frontend -c /Users/admin/builder/spi-builder-workspace/Sources/Kinetics/Kinetics+Animatable.swift /Users/admin/builder/spi-builder-workspace/Sources/Kinetics/Kinetics+Animator.swift /Users/admin/builder/spi-builder-workspace/Sources/Kinetics/Kinetics+Bounce.swift /Users/admin/builder/spi-builder-workspace/Sources/Kinetics/Kinetics+Clock.swift -primary-file /Users/admin/builder/spi-builder-workspace/Sources/Kinetics/Kinetics+Drag.swift /Users/admin/builder/spi-builder-workspace/Sources/Kinetics/Kinetics+Projection.swift /Users/admin/builder/spi-builder-workspace/Sources/Kinetics/Kinetics+Rotation.swift /Users/admin/builder/spi-builder-workspace/Sources/Kinetics/Kinetics+RubberBand.swift /Users/admin/builder/spi-builder-workspace/Sources/Kinetics/Kinetics+Sugar.swift /Users/admin/builder/spi-builder-workspace/Sources/Kinetics/Kinetics.swift -emit-dependencies-path /Users/admin/builder/spi-builder-workspace/.derivedData/Build/Intermediates.noindex/Kinetics.build/Debug-appletvos/Kinetics-t.build/Objects-normal/arm64/Kinetics+Drag.d -emit-const-values-path /Users/admin/builder/spi-builder-workspace/.derivedData/Build/Intermediates.noindex/Kinetics.build/Debug-appletvos/Kinetics-t.build/Objects-normal/arm64/Kinetics+Drag.swiftconstvalues -emit-reference-dependencies-path /Users/admin/builder/spi-builder-workspace/.derivedData/Build/Intermediates.noindex/Kinetics.build/Debug-appletvos/Kinetics-t.build/Objects-normal/arm64/Kinetics+Drag.swiftdeps -serialize-diagnostics-path /Users/admin/builder/spi-builder-workspace/.derivedData/Build/Intermediates.noindex/Kinetics.build/Debug-appletvos/Kinetics-t.build/Objects-normal/arm64/Kinetics+Drag.dia -target arm64-apple-tvos18.0 -disable-cross-import-overlay-search -load-resolved-plugin /Applications/Xcode-27.0.0-Release.Candidate.app/Contents/Developer/Platforms/AppleTVOS.platform/Developer/usr/lib/swift/host/plugins/libFoundationMacros.dylib\#/Applications/Xcode-27.0.0-Release.Candidate.app/Contents/Developer/Platforms/AppleTVOS.platform/Developer/usr/bin/swift-plugin-server\#FoundationMacros -load-resolved-plugin /Applications/Xcode-27.0.0-Release.Candidate.app/Contents/Developer/Platforms/AppleTVOS.platform/Developer/usr/lib/swift/host/plugins/libObservationMacros.dylib\#/Applications/Xcode-27.0.0-Release.Candidate.app/Contents/Developer/Platforms/AppleTVOS.platform/Developer/usr/bin/swift-plugin-server\#ObservationMacros -load-resolved-plugin /Applications/Xcode-27.0.0-Release.Candidate.app/Contents/Developer/Platforms/AppleTVOS.platform/Developer/usr/lib/swift/host/plugins/libPreviewsMacros.dylib\#/Applications/Xcode-27.0.0-Release.Candidate.app/Contents/Developer/Platforms/AppleTVOS.platform/Developer/usr/bin/swift-plugin-server\#PreviewsMacros -load-resolved-plugin /Applications/Xcode-27.0.0-Release.Candidate.app/Contents/Developer/Platforms/AppleTVOS.platform/Developer/usr/lib/swift/host/plugins/libSwiftMacros.dylib\#/Applications/Xcode-27.0.0-Release.Candidate.app/Contents/Developer/Platforms/AppleTVOS.platform/Developer/usr/bin/swift-plugin-server\#SwiftMacros -load-resolved-plugin /Applications/Xcode-27.0.0-Release.Candidate.app/Contents/Developer/Platforms/AppleTVOS.platform/Developer/usr/lib/swift/host/plugins/libSwiftUIMacros.dylib\#/Applications/Xcode-27.0.0-Release.Candidate.app/Contents/Developer/Platforms/AppleTVOS.platform/Developer/usr/bin/swift-plugin-server\#SwiftUIMacros -disable-implicit-swift-modules -Xcc -fno-implicit-modules -Xcc -fno-implicit-module-maps -explicit-swift-module-map-file /Users/admin/builder/spi-builder-workspace/.derivedData/Build/Intermediates.noindex/Kinetics.build/Debug-appletvos/Kinetics-t.build/Objects-normal/arm64/Kinetics-dependencies-1.json -Xllvm -aarch64-use-tbi -enable-objc-interop -stack-check -sdk /Applications/Xcode-27.0.0-Release.Candidate.app/Contents/Developer/Platforms/AppleTVOS.platform/Developer/SDKs/AppleTVOS27.0.sdk -I /Users/admin/builder/spi-builder-workspace/.derivedData/Build/Products/Debug-appletvos -Isystem /Applications/Xcode-27.0.0-Release.Candidate.app/Contents/Developer/Platforms/AppleTVOS.platform/Developer/usr/lib -F /Users/admin/builder/spi-builder-workspace/.derivedData/Build/Products/Debug-appletvos -F /Applications/Xcode-27.0.0-Release.Candidate.app/Contents/Developer/Platforms/AppleTVOS.platform/Developer/Library/Frameworks -F /Applications/Xcode-27.0.0-Release.Candidate.app/Contents/Developer/Platforms/AppleTVOS.platform/Developer/SDKs/AppleTVOS27.0.sdk/Developer/Library/Frameworks -module-cache-path /Users/admin/builder/spi-builder-workspace/.derivedData/Build/Intermediates.noindex/SwiftExplicitPrecompiledModules -no-color-diagnostics -Xcc -fno-color-diagnostics -enable-testing -g -debug-info-format\=dwarf -dwarf-version\=5 -swift-version 6 -Onone -D SWIFT_PACKAGE -D DEBUG -D SWIFT_MODULE_RESOURCE_BUNDLE_UNAVAILABLE -D Xcode -serialize-debugging-options -enable-experimental-feature StrictConcurrency -enable-experimental-feature DebugDescriptionMacro -empty-abi-descriptor -validate-clang-modules-once -clang-build-session-file /Users/admin/builder/spi-builder-workspace/.derivedData/ModuleCache.noindex/Session.modulevalidation -Xcc -working-directory -Xcc /Users/admin/builder/spi-builder-workspace/.swiftpm/xcode -enable-anonymous-context-mangled-names -file-compilation-dir /Users/admin/builder/spi-builder-workspace/.swiftpm/xcode -Xcc -D_LIBCPP_HARDENING_MODE\=_LIBCPP_HARDENING_MODE_DEBUG -Xcc -ivfsstatcache -Xcc /Users/admin/builder/spi-builder-workspace/.derivedData/SDKStatCaches.noindex/appletvos27.0-24J360-e829b21a6f8c9b70876ba0858053c044b32bfd8d43560033f8d89884cdb90028.sdkstatcache -Xcc -fmodules-prune-interval\=86400 -Xcc -fmodules-prune-after\=345600 -Xcc -I/Users/admin/builder/spi-builder-workspace/.derivedData/Build/Products/Debug-appletvos/include -Xcc -I/Users/admin/builder/spi-builder-workspace/.derivedData/Build/Intermediates.noindex/Kinetics.build/Debug-appletvos/Kinetics-t.build/DerivedSources-normal/arm64 -Xcc -I/Users/admin/builder/spi-builder-workspace/.derivedData/Build/Intermediates.noindex/Kinetics.build/Debug-appletvos/Kinetics-t.build/DerivedSources/arm64 -Xcc -I/Users/admin/builder/spi-builder-workspace/.derivedData/Build/Intermediates.noindex/Kinetics.build/Debug-appletvos/Kinetics-t.build/DerivedSources -Xcc -DSWIFT_PACKAGE -Xcc -DDEBUG\=1 -no-auto-bridging-header-chaining -module-name Kinetics -package-name spi_builder_workspace -const-gather-protocols-file /Users/admin/builder/spi-builder-workspace/.derivedData/Build/Intermediates.noindex/Kinetics.build/Debug-appletvos/Kinetics-t.build/Objects-normal/arm64/Kinetics_const_extract_protocols.json -disable-clang-spi -clang-target arm64-apple-tvos27.0 -target-sdk-version 27.0 -target-sdk-name appletvos27.0 -in-process-plugin-server-path /Applications/Xcode-27.0.0-Release.Candidate.app/Contents/Developer/Toolchains/XcodeDefault.xctoolchain/usr/lib/swift/host/libSwiftInProcPluginServer.dylib -parse-as-library -o /Users/admin/builder/spi-builder-workspace/.derivedData/Build/Intermediates.noindex/Kinetics.build/Debug-appletvos/Kinetics-t.build/Objects-normal/arm64/Kinetics+Drag.o -debug-module-path /Users/admin/builder/spi-builder-workspace/.derivedData/Build/Intermediates.noindex/Kinetics.build/Debug-appletvos/Kinetics-t.build/Objects-normal/arm64/Kinetics.swiftmodule -index-unit-output-path /Kinetics.build/Debug-appletvos/Kinetics-t.build/Objects-normal/arm64/Kinetics+Drag.o -index-store-path /Users/admin/builder/spi-builder-workspace/.derivedData/Index.noindex/DataStore -index-system-modules
SwiftCompile normal arm64 /Users/admin/builder/spi-builder-workspace/Sources/Kinetics/Kinetics+Drag.swift (in target 'Kinetics' from project 'Kinetics')
cd /Users/admin/builder/spi-builder-workspace/.swiftpm/xcode
builtin-SwiftPerFileCompile Kinetics+Drag.swift
SwiftCompile normal arm64 Compiling\ Kinetics+Animatable.swift /Users/admin/builder/spi-builder-workspace/Sources/Kinetics/Kinetics+Animatable.swift (in target 'Kinetics' from project 'Kinetics')
/Users/admin/builder/spi-builder-workspace/Sources/Kinetics/Kinetics+Animatable.swift:19:1: warning: extension declares a conformance of imported type 'CGPoint' to imported protocol 'Sendable'; this will not behave correctly if the owners of 'CoreFoundation' introduce this conformance in the future
17 | /// Extends CGPoint to conform to KineticsValue for 2D point animations.
18 | /// Maps x,y coordinates to/from a two-element components array.
19 | extension CGPoint: KineticsValue, @unchecked Sendable {
| |- warning: extension declares a conformance of imported type 'CGPoint' to imported protocol 'Sendable'; this will not behave correctly if the owners of 'CoreFoundation' introduce this conformance in the future
| `- note: add '@retroactive' to silence this warning
20 | public typealias FloatType = Double
21 | public var components: [Double] {
/Users/admin/builder/spi-builder-workspace/Sources/Kinetics/Kinetics+Animatable.swift:38:1: warning: extension declares a conformance of imported type 'CGSize' to imported protocol 'Sendable'; this will not behave correctly if the owners of 'CoreFoundation' introduce this conformance in the future
36 | /// Extends CGSize to conform to KineticsValue for 2D size animations.
37 | /// Maps width,height dimensions to/from a two-element components array.
38 | extension CGSize: KineticsValue, @unchecked Sendable {
| |- warning: extension declares a conformance of imported type 'CGSize' to imported protocol 'Sendable'; this will not behave correctly if the owners of 'CoreFoundation' introduce this conformance in the future
| `- note: add '@retroactive' to silence this warning
39 | public typealias FloatType = Double
40 | public var components: [Double] {
/Users/admin/builder/spi-builder-workspace/Sources/Kinetics/Kinetics+Animatable.swift:57:1: warning: extension declares a conformance of imported type 'CGRect' to imported protocol 'Sendable'; this will not behave correctly if the owners of 'CoreFoundation' introduce this conformance in the future
55 | /// Extends CGRect to conform to KineticsValue for 2D rectangle animations.
56 | /// Maps origin.x, origin.y, size.width, size.height to/from a four-element components array.
57 | extension CGRect: KineticsValue, @unchecked Sendable {
| |- warning: extension declares a conformance of imported type 'CGRect' to imported protocol 'Sendable'; this will not behave correctly if the owners of 'CoreFoundation' introduce this conformance in the future
| `- note: add '@retroactive' to silence this warning
58 | public typealias FloatType = Double
59 | public var components: [Double] {
SwiftCompile normal arm64 /Users/admin/builder/spi-builder-workspace/Sources/Kinetics/Kinetics+Animatable.swift (in target 'Kinetics' from project 'Kinetics')
cd /Users/admin/builder/spi-builder-workspace/.swiftpm/xcode
builtin-SwiftPerFileCompile Kinetics+Animatable.swift
SwiftCompile normal arm64 Compiling\ Kinetics+Animator.swift /Users/admin/builder/spi-builder-workspace/Sources/Kinetics/Kinetics+Animator.swift (in target 'Kinetics' from project 'Kinetics')
SwiftCompile normal arm64 /Users/admin/builder/spi-builder-workspace/Sources/Kinetics/Kinetics+Animator.swift (in target 'Kinetics' from project 'Kinetics')
cd /Users/admin/builder/spi-builder-workspace/.swiftpm/xcode
builtin-SwiftPerFileCompile Kinetics+Animator.swift
SwiftCompile normal arm64 Compiling\ Kinetics+Projection.swift /Users/admin/builder/spi-builder-workspace/Sources/Kinetics/Kinetics+Projection.swift (in target 'Kinetics' from project 'Kinetics')
SwiftCompile normal arm64 /Users/admin/builder/spi-builder-workspace/Sources/Kinetics/Kinetics+Projection.swift (in target 'Kinetics' from project 'Kinetics')
cd /Users/admin/builder/spi-builder-workspace/.swiftpm/xcode
builtin-SwiftPerFileCompile Kinetics+Projection.swift
SwiftCompile normal arm64 Compiling\ Kinetics+RubberBand.swift /Users/admin/builder/spi-builder-workspace/Sources/Kinetics/Kinetics+RubberBand.swift (in target 'Kinetics' from project 'Kinetics')
SwiftCompile normal arm64 /Users/admin/builder/spi-builder-workspace/Sources/Kinetics/Kinetics+RubberBand.swift (in target 'Kinetics' from project 'Kinetics')
cd /Users/admin/builder/spi-builder-workspace/.swiftpm/xcode
builtin-SwiftPerFileCompile Kinetics+RubberBand.swift
SwiftCompile normal arm64 Compiling\ Kinetics+Rotation.swift /Users/admin/builder/spi-builder-workspace/Sources/Kinetics/Kinetics+Rotation.swift (in target 'Kinetics' from project 'Kinetics')
SwiftCompile normal arm64 /Users/admin/builder/spi-builder-workspace/Sources/Kinetics/Kinetics+Rotation.swift (in target 'Kinetics' from project 'Kinetics')
cd /Users/admin/builder/spi-builder-workspace/.swiftpm/xcode
builtin-SwiftPerFileCompile Kinetics+Rotation.swift
SwiftEmitModule normal arm64 Emitting\ module\ for\ Kinetics (in target 'Kinetics' from project 'Kinetics')
/Users/admin/builder/spi-builder-workspace/Sources/Kinetics/Kinetics+Animatable.swift:19:1: warning: extension declares a conformance of imported type 'CGPoint' to imported protocol 'Sendable'; this will not behave correctly if the owners of 'CoreFoundation' introduce this conformance in the future
17 | /// Extends CGPoint to conform to KineticsValue for 2D point animations.
18 | /// Maps x,y coordinates to/from a two-element components array.
19 | extension CGPoint: KineticsValue, @unchecked Sendable {
| |- warning: extension declares a conformance of imported type 'CGPoint' to imported protocol 'Sendable'; this will not behave correctly if the owners of 'CoreFoundation' introduce this conformance in the future
| `- note: add '@retroactive' to silence this warning
20 | public typealias FloatType = Double
21 | public var components: [Double] {
/Users/admin/builder/spi-builder-workspace/Sources/Kinetics/Kinetics+Animatable.swift:38:1: warning: extension declares a conformance of imported type 'CGSize' to imported protocol 'Sendable'; this will not behave correctly if the owners of 'CoreFoundation' introduce this conformance in the future
36 | /// Extends CGSize to conform to KineticsValue for 2D size animations.
37 | /// Maps width,height dimensions to/from a two-element components array.
38 | extension CGSize: KineticsValue, @unchecked Sendable {
| |- warning: extension declares a conformance of imported type 'CGSize' to imported protocol 'Sendable'; this will not behave correctly if the owners of 'CoreFoundation' introduce this conformance in the future
| `- note: add '@retroactive' to silence this warning
39 | public typealias FloatType = Double
40 | public var components: [Double] {
SwiftCompile normal arm64 (in target 'Kinetics' from project 'Kinetics')
cd /Users/admin/builder/spi-builder-workspace/.swiftpm/xcode
SwiftCompile normal arm64 Compiling\ Kinetics.swift /Users/admin/builder/spi-builder-workspace/Sources/Kinetics/Kinetics.swift (in target 'Kinetics' from project 'Kinetics')
SwiftCompile normal arm64 /Users/admin/builder/spi-builder-workspace/Sources/Kinetics/Kinetics.swift (in target 'Kinetics' from project 'Kinetics')
cd /Users/admin/builder/spi-builder-workspace/.swiftpm/xcode
builtin-SwiftPerFileCompile Kinetics.swift
SwiftCompile normal arm64 Compiling\ Kinetics+Sugar.swift /Users/admin/builder/spi-builder-workspace/Sources/Kinetics/Kinetics+Sugar.swift (in target 'Kinetics' from project 'Kinetics')
SwiftCompile normal arm64 /Users/admin/builder/spi-builder-workspace/Sources/Kinetics/Kinetics+Sugar.swift (in target 'Kinetics' from project 'Kinetics')
cd /Users/admin/builder/spi-builder-workspace/.swiftpm/xcode
builtin-SwiftPerFileCompile Kinetics+Sugar.swift
SwiftDriverJobDiscovery normal arm64 Compiling Kinetics+Animatable.swift (in target 'Kinetics' from project 'Kinetics')
SwiftDriverJobDiscovery normal arm64 Compiling Kinetics+Bounce.swift (in target 'Kinetics' from project 'Kinetics')
PruneExplicitPrecompiledModules /Users/admin/builder/spi-builder-workspace/.derivedData/Build/Intermediates.noindex/SwiftExplicitPrecompiledModules
PruneExplicitPrecompiledModules /Users/admin/builder/spi-builder-workspace/.derivedData/SDKExplicitPrecompiledModules
PruneExplicitPrecompiledModules /Users/admin/builder/spi-builder-workspace/.derivedData/Build/Intermediates.noindex/ExplicitPrecompiledModules
2026-09-22 19:30:26.039 xcodebuild[782:4755] [MT] IDERunDestination: Supported platforms for the buildables in the current scheme is empty.
** BUILD FAILED **
The following build commands failed:
SwiftCompile normal arm64 Compiling\ Kinetics+Drag.swift /Users/admin/builder/spi-builder-workspace/Sources/Kinetics/Kinetics+Drag.swift (in target 'Kinetics' from project 'Kinetics')
SwiftCompile normal arm64 /Users/admin/builder/spi-builder-workspace/Sources/Kinetics/Kinetics+Drag.swift (in target 'Kinetics' from project 'Kinetics')
Building workspace Kinetics with scheme Kinetics
(3 failures)
BUILD FAILURE 6.4 tvOS