The Swift Package Index logo.Swift Package Index

Build Information

Failed to build swift-plugin-sdk, reference v0.1.0 (115a44), with Swift 6.2 for watchOS using Xcode 26.3 on 4 Sep 2026 10:02:51 UTC.

Build Command

env DEVELOPER_DIR=/Applications/Xcode-26.3.0.app xcrun xcodebuild -IDEClonedSourcePackagesDirPathOverride=$PWD/.dependencies -skipMacroValidation -skipPackagePluginValidation -derivedDataPath $PWD/.derivedData build -scheme swift-plugin-sdk-Package -destination generic/platform=watchOS

Build Log

SwiftDriver OnelastleafPluginSDK normal arm64 com.apple.xcode.tools.swift.compiler (in target 'OnelastleafPluginSDK' from project 'swift-plugin-sdk')
    cd /Users/admin/builder/spi-builder-workspace/.swiftpm/xcode
    builtin-SwiftDriver -- /Applications/Xcode-26.3.0.app/Contents/Developer/Toolchains/XcodeDefault.xctoolchain/usr/bin/swiftc -module-name OnelastleafPluginSDK -Onone -enforce-exclusivity\=checked @/Users/admin/builder/spi-builder-workspace/.derivedData/Build/Intermediates.noindex/swift-plugin-sdk.build/Debug-watchos/OnelastleafPluginSDK.build/Objects-normal/arm64/OnelastleafPluginSDK.SwiftFileList -DSWIFT_PACKAGE -DDEBUG -DSWIFT_MODULE_RESOURCE_BUNDLE_UNAVAILABLE -Xcc -fmodule-map-file\=/Users/admin/builder/spi-builder-workspace/.derivedData/Build/Intermediates.noindex/GeneratedModuleMaps-watchos/CNIOLLHTTP.modulemap -Xcc -fmodule-map-file\=/Users/admin/builder/spi-builder-workspace/.derivedData/Build/Intermediates.noindex/GeneratedModuleMaps-watchos/CNIOPosix.modulemap -Xcc -fmodule-map-file\=/Users/admin/builder/spi-builder-workspace/.derivedData/Build/Intermediates.noindex/GeneratedModuleMaps-watchos/CNIOWASI.modulemap -Xcc -fmodule-map-file\=/Users/admin/builder/spi-builder-workspace/.derivedData/Build/Intermediates.noindex/GeneratedModuleMaps-watchos/CNIOLinux.modulemap -Xcc -fmodule-map-file\=/Users/admin/builder/spi-builder-workspace/.derivedData/Build/Intermediates.noindex/GeneratedModuleMaps-watchos/CNIODarwin.modulemap -Xcc -fmodule-map-file\=/Users/admin/builder/spi-builder-workspace/.derivedData/Build/Intermediates.noindex/GeneratedModuleMaps-watchos/CNIOFreeBSD.modulemap -Xcc -fmodule-map-file\=/Users/admin/builder/spi-builder-workspace/.derivedData/Build/Intermediates.noindex/GeneratedModuleMaps-watchos/CNIOOpenBSD.modulemap -Xcc -fmodule-map-file\=/Users/admin/builder/spi-builder-workspace/.derivedData/Build/Intermediates.noindex/GeneratedModuleMaps-watchos/CNIOAtomics.modulemap -Xcc -fmodule-map-file\=/Users/admin/builder/spi-builder-workspace/.derivedData/Build/Intermediates.noindex/GeneratedModuleMaps-watchos/CNIOBoringSSLShims.modulemap -Xcc -fmodule-map-file\=/Users/admin/builder/spi-builder-workspace/.derivedData/Build/Intermediates.noindex/GeneratedModuleMaps-watchos/CGRPCNIOTransportZlib.modulemap -DXcode -plugin-path /Applications/Xcode-26.3.0.app/Contents/Developer/Toolchains/XcodeDefault.xctoolchain/usr/lib/swift/host/plugins/testing -enable-experimental-feature DebugDescriptionMacro -sdk /Applications/Xcode-26.3.0.app/Contents/Developer/Platforms/WatchOS.platform/Developer/SDKs/WatchOS26.2.sdk -target arm64-apple-watchos5.0 -g -module-cache-path /Users/admin/builder/spi-builder-workspace/.derivedData/ModuleCache.noindex -Xfrontend -serialize-debugging-options -profile-coverage-mapping -profile-generate -enable-testing -index-store-path /Users/admin/builder/spi-builder-workspace/.derivedData/Index.noindex/DataStore -Xcc -D_LIBCPP_HARDENING_MODE\=_LIBCPP_HARDENING_MODE_DEBUG -swift-version 6 -I /Users/admin/builder/spi-builder-workspace/.derivedData/Build/Products/Debug-watchos -Isystem /Applications/Xcode-26.3.0.app/Contents/Developer/Platforms/WatchOS.platform/Developer/usr/lib -F /Users/admin/builder/spi-builder-workspace/.derivedData/Build/Products/Debug-watchos/PackageFrameworks -F /Users/admin/builder/spi-builder-workspace/.derivedData/Build/Products/Debug-watchos/PackageFrameworks -F /Users/admin/builder/spi-builder-workspace/.derivedData/Build/Products/Debug-watchos/PackageFrameworks -F /Users/admin/builder/spi-builder-workspace/.derivedData/Build/Products/Debug-watchos/PackageFrameworks -F /Users/admin/builder/spi-builder-workspace/.derivedData/Build/Products/Debug-watchos/PackageFrameworks -F /Users/admin/builder/spi-builder-workspace/.derivedData/Build/Products/Debug-watchos/PackageFrameworks -F /Users/admin/builder/spi-builder-workspace/.derivedData/Build/Products/Debug-watchos/PackageFrameworks -F /Users/admin/builder/spi-builder-workspace/.derivedData/Build/Products/Debug-watchos/PackageFrameworks -F /Users/admin/builder/spi-builder-workspace/.derivedData/Build/Products/Debug-watchos/PackageFrameworks -F /Users/admin/builder/spi-builder-workspace/.derivedData/Build/Products/Debug-watchos/PackageFrameworks -F /Users/admin/builder/spi-builder-workspace/.derivedData/Build/Products/Debug-watchos/PackageFrameworks -F /Users/admin/builder/spi-builder-workspace/.derivedData/Build/Products/Debug-watchos/PackageFrameworks -F /Users/admin/builder/spi-builder-workspace/.derivedData/Build/Products/Debug-watchos/PackageFrameworks -F /Users/admin/builder/spi-builder-workspace/.derivedData/Build/Products/Debug-watchos/PackageFrameworks -F /Users/admin/builder/spi-builder-workspace/.derivedData/Build/Products/Debug-watchos/PackageFrameworks -F /Users/admin/builder/spi-builder-workspace/.derivedData/Build/Products/Debug-watchos/PackageFrameworks -F /Users/admin/builder/spi-builder-workspace/.derivedData/Build/Products/Debug-watchos/PackageFrameworks -F /Users/admin/builder/spi-builder-workspace/.derivedData/Build/Products/Debug-watchos/PackageFrameworks -F /Users/admin/builder/spi-builder-workspace/.derivedData/Build/Products/Debug-watchos/PackageFrameworks -F /Users/admin/builder/spi-builder-workspace/.derivedData/Build/Products/Debug-watchos/PackageFrameworks -F /Users/admin/builder/spi-builder-workspace/.derivedData/Build/Products/Debug-watchos/PackageFrameworks -F /Users/admin/builder/spi-builder-workspace/.derivedData/Build/Products/Debug-watchos/PackageFrameworks -F /Users/admin/builder/spi-builder-workspace/.derivedData/Build/Products/Debug-watchos/PackageFrameworks -F /Users/admin/builder/spi-builder-workspace/.derivedData/Build/Products/Debug-watchos/PackageFrameworks -F /Users/admin/builder/spi-builder-workspace/.derivedData/Build/Products/Debug-watchos/PackageFrameworks -F /Users/admin/builder/spi-builder-workspace/.derivedData/Build/Products/Debug-watchos/PackageFrameworks -F /Users/admin/builder/spi-builder-workspace/.derivedData/Build/Products/Debug-watchos/PackageFrameworks -F /Users/admin/builder/spi-builder-workspace/.derivedData/Build/Products/Debug-watchos/PackageFrameworks -F /Users/admin/builder/spi-builder-workspace/.derivedData/Build/Products/Debug-watchos/PackageFrameworks -F /Users/admin/builder/spi-builder-workspace/.derivedData/Build/Products/Debug-watchos/PackageFrameworks -F /Users/admin/builder/spi-builder-workspace/.derivedData/Build/Products/Debug-watchos/PackageFrameworks -F /Users/admin/builder/spi-builder-workspace/.derivedData/Build/Products/Debug-watchos/PackageFrameworks -F /Users/admin/builder/spi-builder-workspace/.derivedData/Build/Products/Debug-watchos/PackageFrameworks -F /Users/admin/builder/spi-builder-workspace/.derivedData/Build/Products/Debug-watchos/PackageFrameworks -F /Users/admin/builder/spi-builder-workspace/.derivedData/Build/Products/Debug-watchos/PackageFrameworks -F /Users/admin/builder/spi-builder-workspace/.derivedData/Build/Products/Debug-watchos/PackageFrameworks -F /Users/admin/builder/spi-builder-workspace/.derivedData/Build/Products/Debug-watchos/PackageFrameworks -F /Users/admin/builder/spi-builder-workspace/.derivedData/Build/Products/Debug-watchos/PackageFrameworks -F /Users/admin/builder/spi-builder-workspace/.derivedData/Build/Products/Debug-watchos/PackageFrameworks -F /Users/admin/builder/spi-builder-workspace/.derivedData/Build/Products/Debug-watchos/PackageFrameworks -F /Users/admin/builder/spi-builder-workspace/.derivedData/Build/Products/Debug-watchos/PackageFrameworks -F /Users/admin/builder/spi-builder-workspace/.derivedData/Build/Products/Debug-watchos/PackageFrameworks -F /Users/admin/builder/spi-builder-workspace/.derivedData/Build/Products/Debug-watchos/PackageFrameworks -F /Users/admin/builder/spi-builder-workspace/.derivedData/Build/Products/Debug-watchos/PackageFrameworks -F /Users/admin/builder/spi-builder-workspace/.derivedData/Build/Products/Debug-watchos/PackageFrameworks -F /Users/admin/builder/spi-builder-workspace/.derivedData/Build/Products/Debug-watchos/PackageFrameworks -F /Users/admin/builder/spi-builder-workspace/.derivedData/Build/Products/Debug-watchos/PackageFrameworks -F /Users/admin/builder/spi-builder-workspace/.derivedData/Build/Products/Debug-watchos/PackageFrameworks -F /Users/admin/builder/spi-builder-workspace/.derivedData/Build/Products/Debug-watchos/PackageFrameworks -F /Users/admin/builder/spi-builder-workspace/.derivedData/Build/Products/Debug-watchos/PackageFrameworks -F /Users/admin/builder/spi-builder-workspace/.derivedData/Build/Products/Debug-watchos/PackageFrameworks -F /Users/admin/builder/spi-builder-workspace/.derivedData/Build/Products/Debug-watchos -F /Applications/Xcode-26.3.0.app/Contents/Developer/Platforms/WatchOS.platform/Developer/Library/Frameworks -F /Applications/Xcode-26.3.0.app/Contents/Developer/Platforms/WatchOS.platform/Developer/SDKs/WatchOS26.2.sdk/Developer/Library/Frameworks -c -j10 -enable-batch-mode -incremental -Xcc -ivfsstatcache -Xcc /Users/admin/builder/spi-builder-workspace/.derivedData/SDKStatCaches.noindex/watchos26.2-23S303-dc75598d0054f22ec865fa860f139d721753b489057de6bda919edfa1c59a62b.sdkstatcache -output-file-map /Users/admin/builder/spi-builder-workspace/.derivedData/Build/Intermediates.noindex/swift-plugin-sdk.build/Debug-watchos/OnelastleafPluginSDK.build/Objects-normal/arm64/OnelastleafPluginSDK-OutputFileMap.json -use-frontend-parseable-output -save-temps -no-color-diagnostics -explicit-module-build -module-cache-path /Users/admin/builder/spi-builder-workspace/.derivedData/Build/Intermediates.noindex/SwiftExplicitPrecompiledModules -clang-scanner-module-cache-path /Users/admin/builder/spi-builder-workspace/.derivedData/ModuleCache.noindex -sdk-module-cache-path /Users/admin/builder/spi-builder-workspace/.derivedData/ModuleCache.noindex -serialize-diagnostics -emit-dependencies -emit-module -emit-module-path /Users/admin/builder/spi-builder-workspace/.derivedData/Build/Intermediates.noindex/swift-plugin-sdk.build/Debug-watchos/OnelastleafPluginSDK.build/Objects-normal/arm64/OnelastleafPluginSDK.swiftmodule -validate-clang-modules-once -clang-build-session-file /Users/admin/builder/spi-builder-workspace/.derivedData/ModuleCache.noindex/Session.modulevalidation -package-name spi_builder_workspace -Xcc -I/Users/admin/builder/spi-builder-workspace/.derivedData/Build/Intermediates.noindex/swift-plugin-sdk.build/Debug-watchos/OnelastleafPluginSDK.build/swift-overrides.hmap -emit-const-values -Xfrontend -const-gather-protocols-file -Xfrontend /Users/admin/builder/spi-builder-workspace/.derivedData/Build/Intermediates.noindex/swift-plugin-sdk.build/Debug-watchos/OnelastleafPluginSDK.build/Objects-normal/arm64/OnelastleafPluginSDK_const_extract_protocols.json -Xcc -I/Users/admin/builder/spi-builder-workspace/.dependencies/checkouts/swift-nio/Sources/CNIOLLHTTP/include -Xcc -I/Users/admin/builder/spi-builder-workspace/.dependencies/checkouts/swift-atomics/Sources/_AtomicsShims/include -Xcc -I/Users/admin/builder/spi-builder-workspace/.dependencies/checkouts/swift-nio/Sources/CNIOPosix/include -Xcc -I/Users/admin/builder/spi-builder-workspace/.dependencies/checkouts/swift-nio/Sources/CNIOWASI/include -Xcc -I/Users/admin/builder/spi-builder-workspace/.dependencies/checkouts/swift-nio/Sources/CNIOWindows/include -Xcc -I/Users/admin/builder/spi-builder-workspace/.dependencies/checkouts/swift-nio/Sources/CNIOLinux/include -Xcc -I/Users/admin/builder/spi-builder-workspace/.dependencies/checkouts/swift-nio/Sources/CNIODarwin/include -Xcc -I/Users/admin/builder/spi-builder-workspace/.dependencies/checkouts/swift-nio/Sources/CNIOFreeBSD/include -Xcc -I/Users/admin/builder/spi-builder-workspace/.dependencies/checkouts/swift-nio/Sources/CNIOOpenBSD/include -Xcc -I/Users/admin/builder/spi-builder-workspace/.dependencies/checkouts/swift-nio/Sources/CNIOAtomics/include -Xcc -I/Users/admin/builder/spi-builder-workspace/.dependencies/checkouts/swift-nio-ssl/Sources/CNIOBoringSSLShims/include -Xcc -I/Users/admin/builder/spi-builder-workspace/.dependencies/checkouts/swift-nio-ssl/Sources/CNIOBoringSSL/include -Xcc -I/Users/admin/builder/spi-builder-workspace/.dependencies/checkouts/swift-crypto/Sources/CCryptoBoringSSLShims/include -Xcc -I/Users/admin/builder/spi-builder-workspace/.dependencies/checkouts/swift-crypto/Sources/CCryptoBoringSSL/include -Xcc -I/Users/admin/builder/spi-builder-workspace/.dependencies/checkouts/grpc-swift-nio-transport/Sources/CGRPCNIOTransportZlib/include -Xcc -I/Users/admin/builder/spi-builder-workspace/.derivedData/Build/Products/Debug-watchos/include -Xcc -I/Users/admin/builder/spi-builder-workspace/.derivedData/Build/Intermediates.noindex/swift-plugin-sdk.build/Debug-watchos/OnelastleafPluginSDK.build/DerivedSources-normal/arm64 -Xcc -I/Users/admin/builder/spi-builder-workspace/.derivedData/Build/Intermediates.noindex/swift-plugin-sdk.build/Debug-watchos/OnelastleafPluginSDK.build/DerivedSources/arm64 -Xcc -I/Users/admin/builder/spi-builder-workspace/.derivedData/Build/Intermediates.noindex/swift-plugin-sdk.build/Debug-watchos/OnelastleafPluginSDK.build/DerivedSources -Xcc -DSWIFT_PACKAGE -Xcc -DDEBUG\=1 -emit-objc-header -emit-objc-header-path /Users/admin/builder/spi-builder-workspace/.derivedData/Build/Intermediates.noindex/swift-plugin-sdk.build/Debug-watchos/OnelastleafPluginSDK.build/Objects-normal/arm64/OnelastleafPluginSDK-Swift.h -working-directory /Users/admin/builder/spi-builder-workspace/.swiftpm/xcode -experimental-emit-module-separately -disable-cmo
SwiftDriver OnelastleafPluginSDK normal armv7k com.apple.xcode.tools.swift.compiler (in target 'OnelastleafPluginSDK' from project 'swift-plugin-sdk')
    cd /Users/admin/builder/spi-builder-workspace/.swiftpm/xcode
    builtin-SwiftDriver -- /Applications/Xcode-26.3.0.app/Contents/Developer/Toolchains/XcodeDefault.xctoolchain/usr/bin/swiftc -module-name OnelastleafPluginSDK -Onone -enforce-exclusivity\=checked @/Users/admin/builder/spi-builder-workspace/.derivedData/Build/Intermediates.noindex/swift-plugin-sdk.build/Debug-watchos/OnelastleafPluginSDK.build/Objects-normal/armv7k/OnelastleafPluginSDK.SwiftFileList -DSWIFT_PACKAGE -DDEBUG -DSWIFT_MODULE_RESOURCE_BUNDLE_UNAVAILABLE -Xcc -fmodule-map-file\=/Users/admin/builder/spi-builder-workspace/.derivedData/Build/Intermediates.noindex/GeneratedModuleMaps-watchos/CNIOLLHTTP.modulemap -Xcc -fmodule-map-file\=/Users/admin/builder/spi-builder-workspace/.derivedData/Build/Intermediates.noindex/GeneratedModuleMaps-watchos/CNIOPosix.modulemap -Xcc -fmodule-map-file\=/Users/admin/builder/spi-builder-workspace/.derivedData/Build/Intermediates.noindex/GeneratedModuleMaps-watchos/CNIOWASI.modulemap -Xcc -fmodule-map-file\=/Users/admin/builder/spi-builder-workspace/.derivedData/Build/Intermediates.noindex/GeneratedModuleMaps-watchos/CNIOLinux.modulemap -Xcc -fmodule-map-file\=/Users/admin/builder/spi-builder-workspace/.derivedData/Build/Intermediates.noindex/GeneratedModuleMaps-watchos/CNIODarwin.modulemap -Xcc -fmodule-map-file\=/Users/admin/builder/spi-builder-workspace/.derivedData/Build/Intermediates.noindex/GeneratedModuleMaps-watchos/CNIOFreeBSD.modulemap -Xcc -fmodule-map-file\=/Users/admin/builder/spi-builder-workspace/.derivedData/Build/Intermediates.noindex/GeneratedModuleMaps-watchos/CNIOOpenBSD.modulemap -Xcc -fmodule-map-file\=/Users/admin/builder/spi-builder-workspace/.derivedData/Build/Intermediates.noindex/GeneratedModuleMaps-watchos/CNIOAtomics.modulemap -Xcc -fmodule-map-file\=/Users/admin/builder/spi-builder-workspace/.derivedData/Build/Intermediates.noindex/GeneratedModuleMaps-watchos/CNIOBoringSSLShims.modulemap -Xcc -fmodule-map-file\=/Users/admin/builder/spi-builder-workspace/.derivedData/Build/Intermediates.noindex/GeneratedModuleMaps-watchos/CGRPCNIOTransportZlib.modulemap -DXcode -plugin-path /Applications/Xcode-26.3.0.app/Contents/Developer/Toolchains/XcodeDefault.xctoolchain/usr/lib/swift/host/plugins/testing -enable-experimental-feature DebugDescriptionMacro -sdk /Applications/Xcode-26.3.0.app/Contents/Developer/Platforms/WatchOS.platform/Developer/SDKs/WatchOS26.2.sdk -target armv7k-apple-watchos5.0 -g -module-cache-path /Users/admin/builder/spi-builder-workspace/.derivedData/ModuleCache.noindex -Xfrontend -serialize-debugging-options -profile-coverage-mapping -profile-generate -enable-testing -index-store-path /Users/admin/builder/spi-builder-workspace/.derivedData/Index.noindex/DataStore -Xcc -D_LIBCPP_HARDENING_MODE\=_LIBCPP_HARDENING_MODE_DEBUG -swift-version 6 -I /Users/admin/builder/spi-builder-workspace/.derivedData/Build/Products/Debug-watchos -Isystem /Applications/Xcode-26.3.0.app/Contents/Developer/Platforms/WatchOS.platform/Developer/usr/lib -F /Users/admin/builder/spi-builder-workspace/.derivedData/Build/Products/Debug-watchos/PackageFrameworks -F /Users/admin/builder/spi-builder-workspace/.derivedData/Build/Products/Debug-watchos/PackageFrameworks -F /Users/admin/builder/spi-builder-workspace/.derivedData/Build/Products/Debug-watchos/PackageFrameworks -F /Users/admin/builder/spi-builder-workspace/.derivedData/Build/Products/Debug-watchos/PackageFrameworks -F /Users/admin/builder/spi-builder-workspace/.derivedData/Build/Products/Debug-watchos/PackageFrameworks -F /Users/admin/builder/spi-builder-workspace/.derivedData/Build/Products/Debug-watchos/PackageFrameworks -F /Users/admin/builder/spi-builder-workspace/.derivedData/Build/Products/Debug-watchos/PackageFrameworks -F /Users/admin/builder/spi-builder-workspace/.derivedData/Build/Products/Debug-watchos/PackageFrameworks -F /Users/admin/builder/spi-builder-workspace/.derivedData/Build/Products/Debug-watchos/PackageFrameworks -F /Users/admin/builder/spi-builder-workspace/.derivedData/Build/Products/Debug-watchos/PackageFrameworks -F /Users/admin/builder/spi-builder-workspace/.derivedData/Build/Products/Debug-watchos/PackageFrameworks -F /Users/admin/builder/spi-builder-workspace/.derivedData/Build/Products/Debug-watchos/PackageFrameworks -F /Users/admin/builder/spi-builder-workspace/.derivedData/Build/Products/Debug-watchos/PackageFrameworks -F /Users/admin/builder/spi-builder-workspace/.derivedData/Build/Products/Debug-watchos/PackageFrameworks -F /Users/admin/builder/spi-builder-workspace/.derivedData/Build/Products/Debug-watchos/PackageFrameworks -F /Users/admin/builder/spi-builder-workspace/.derivedData/Build/Products/Debug-watchos/PackageFrameworks -F /Users/admin/builder/spi-builder-workspace/.derivedData/Build/Products/Debug-watchos/PackageFrameworks -F /Users/admin/builder/spi-builder-workspace/.derivedData/Build/Products/Debug-watchos/PackageFrameworks -F /Users/admin/builder/spi-builder-workspace/.derivedData/Build/Products/Debug-watchos/PackageFrameworks -F /Users/admin/builder/spi-builder-workspace/.derivedData/Build/Products/Debug-watchos/PackageFrameworks -F /Users/admin/builder/spi-builder-workspace/.derivedData/Build/Products/Debug-watchos/PackageFrameworks -F /Users/admin/builder/spi-builder-workspace/.derivedData/Build/Products/Debug-watchos/PackageFrameworks -F /Users/admin/builder/spi-builder-workspace/.derivedData/Build/Products/Debug-watchos/PackageFrameworks -F /Users/admin/builder/spi-builder-workspace/.derivedData/Build/Products/Debug-watchos/PackageFrameworks -F /Users/admin/builder/spi-builder-workspace/.derivedData/Build/Products/Debug-watchos/PackageFrameworks -F /Users/admin/builder/spi-builder-workspace/.derivedData/Build/Products/Debug-watchos/PackageFrameworks -F /Users/admin/builder/spi-builder-workspace/.derivedData/Build/Products/Debug-watchos/PackageFrameworks -F /Users/admin/builder/spi-builder-workspace/.derivedData/Build/Products/Debug-watchos/PackageFrameworks -F /Users/admin/builder/spi-builder-workspace/.derivedData/Build/Products/Debug-watchos/PackageFrameworks -F /Users/admin/builder/spi-builder-workspace/.derivedData/Build/Products/Debug-watchos/PackageFrameworks -F /Users/admin/builder/spi-builder-workspace/.derivedData/Build/Products/Debug-watchos/PackageFrameworks -F /Users/admin/builder/spi-builder-workspace/.derivedData/Build/Products/Debug-watchos/PackageFrameworks -F /Users/admin/builder/spi-builder-workspace/.derivedData/Build/Products/Debug-watchos/PackageFrameworks -F /Users/admin/builder/spi-builder-workspace/.derivedData/Build/Products/Debug-watchos/PackageFrameworks -F /Users/admin/builder/spi-builder-workspace/.derivedData/Build/Products/Debug-watchos/PackageFrameworks -F /Users/admin/builder/spi-builder-workspace/.derivedData/Build/Products/Debug-watchos/PackageFrameworks -F /Users/admin/builder/spi-builder-workspace/.derivedData/Build/Products/Debug-watchos/PackageFrameworks -F /Users/admin/builder/spi-builder-workspace/.derivedData/Build/Products/Debug-watchos/PackageFrameworks -F /Users/admin/builder/spi-builder-workspace/.derivedData/Build/Products/Debug-watchos/PackageFrameworks -F /Users/admin/builder/spi-builder-workspace/.derivedData/Build/Products/Debug-watchos/PackageFrameworks -F /Users/admin/builder/spi-builder-workspace/.derivedData/Build/Products/Debug-watchos/PackageFrameworks -F /Users/admin/builder/spi-builder-workspace/.derivedData/Build/Products/Debug-watchos/PackageFrameworks -F /Users/admin/builder/spi-builder-workspace/.derivedData/Build/Products/Debug-watchos/PackageFrameworks -F /Users/admin/builder/spi-builder-workspace/.derivedData/Build/Products/Debug-watchos/PackageFrameworks -F /Users/admin/builder/spi-builder-workspace/.derivedData/Build/Products/Debug-watchos/PackageFrameworks -F /Users/admin/builder/spi-builder-workspace/.derivedData/Build/Products/Debug-watchos/PackageFrameworks -F /Users/admin/builder/spi-builder-workspace/.derivedData/Build/Products/Debug-watchos/PackageFrameworks -F /Users/admin/builder/spi-builder-workspace/.derivedData/Build/Products/Debug-watchos/PackageFrameworks -F /Users/admin/builder/spi-builder-workspace/.derivedData/Build/Products/Debug-watchos/PackageFrameworks -F /Users/admin/builder/spi-builder-workspace/.derivedData/Build/Products/Debug-watchos/PackageFrameworks -F /Users/admin/builder/spi-builder-workspace/.derivedData/Build/Products/Debug-watchos/PackageFrameworks -F /Users/admin/builder/spi-builder-workspace/.derivedData/Build/Products/Debug-watchos -F /Applications/Xcode-26.3.0.app/Contents/Developer/Platforms/WatchOS.platform/Developer/Library/Frameworks -F /Applications/Xcode-26.3.0.app/Contents/Developer/Platforms/WatchOS.platform/Developer/SDKs/WatchOS26.2.sdk/Developer/Library/Frameworks -c -j10 -enable-batch-mode -incremental -Xcc -ivfsstatcache -Xcc /Users/admin/builder/spi-builder-workspace/.derivedData/SDKStatCaches.noindex/watchos26.2-23S303-dc75598d0054f22ec865fa860f139d721753b489057de6bda919edfa1c59a62b.sdkstatcache -output-file-map /Users/admin/builder/spi-builder-workspace/.derivedData/Build/Intermediates.noindex/swift-plugin-sdk.build/Debug-watchos/OnelastleafPluginSDK.build/Objects-normal/armv7k/OnelastleafPluginSDK-OutputFileMap.json -use-frontend-parseable-output -save-temps -no-color-diagnostics -explicit-module-build -module-cache-path /Users/admin/builder/spi-builder-workspace/.derivedData/Build/Intermediates.noindex/SwiftExplicitPrecompiledModules -clang-scanner-module-cache-path /Users/admin/builder/spi-builder-workspace/.derivedData/ModuleCache.noindex -sdk-module-cache-path /Users/admin/builder/spi-builder-workspace/.derivedData/ModuleCache.noindex -serialize-diagnostics -emit-dependencies -emit-module -emit-module-path /Users/admin/builder/spi-builder-workspace/.derivedData/Build/Intermediates.noindex/swift-plugin-sdk.build/Debug-watchos/OnelastleafPluginSDK.build/Objects-normal/armv7k/OnelastleafPluginSDK.swiftmodule -validate-clang-modules-once -clang-build-session-file /Users/admin/builder/spi-builder-workspace/.derivedData/ModuleCache.noindex/Session.modulevalidation -package-name spi_builder_workspace -Xcc -I/Users/admin/builder/spi-builder-workspace/.derivedData/Build/Intermediates.noindex/swift-plugin-sdk.build/Debug-watchos/OnelastleafPluginSDK.build/swift-overrides.hmap -emit-const-values -Xfrontend -const-gather-protocols-file -Xfrontend /Users/admin/builder/spi-builder-workspace/.derivedData/Build/Intermediates.noindex/swift-plugin-sdk.build/Debug-watchos/OnelastleafPluginSDK.build/Objects-normal/armv7k/OnelastleafPluginSDK_const_extract_protocols.json -Xcc -I/Users/admin/builder/spi-builder-workspace/.dependencies/checkouts/swift-nio/Sources/CNIOLLHTTP/include -Xcc -I/Users/admin/builder/spi-builder-workspace/.dependencies/checkouts/swift-atomics/Sources/_AtomicsShims/include -Xcc -I/Users/admin/builder/spi-builder-workspace/.dependencies/checkouts/swift-nio/Sources/CNIOPosix/include -Xcc -I/Users/admin/builder/spi-builder-workspace/.dependencies/checkouts/swift-nio/Sources/CNIOWASI/include -Xcc -I/Users/admin/builder/spi-builder-workspace/.dependencies/checkouts/swift-nio/Sources/CNIOWindows/include -Xcc -I/Users/admin/builder/spi-builder-workspace/.dependencies/checkouts/swift-nio/Sources/CNIOLinux/include -Xcc -I/Users/admin/builder/spi-builder-workspace/.dependencies/checkouts/swift-nio/Sources/CNIODarwin/include -Xcc -I/Users/admin/builder/spi-builder-workspace/.dependencies/checkouts/swift-nio/Sources/CNIOFreeBSD/include -Xcc -I/Users/admin/builder/spi-builder-workspace/.dependencies/checkouts/swift-nio/Sources/CNIOOpenBSD/include -Xcc -I/Users/admin/builder/spi-builder-workspace/.dependencies/checkouts/swift-nio/Sources/CNIOAtomics/include -Xcc -I/Users/admin/builder/spi-builder-workspace/.dependencies/checkouts/swift-nio-ssl/Sources/CNIOBoringSSLShims/include -Xcc -I/Users/admin/builder/spi-builder-workspace/.dependencies/checkouts/swift-nio-ssl/Sources/CNIOBoringSSL/include -Xcc -I/Users/admin/builder/spi-builder-workspace/.dependencies/checkouts/swift-crypto/Sources/CCryptoBoringSSLShims/include -Xcc -I/Users/admin/builder/spi-builder-workspace/.dependencies/checkouts/swift-crypto/Sources/CCryptoBoringSSL/include -Xcc -I/Users/admin/builder/spi-builder-workspace/.dependencies/checkouts/grpc-swift-nio-transport/Sources/CGRPCNIOTransportZlib/include -Xcc -I/Users/admin/builder/spi-builder-workspace/.derivedData/Build/Products/Debug-watchos/include -Xcc -I/Users/admin/builder/spi-builder-workspace/.derivedData/Build/Intermediates.noindex/swift-plugin-sdk.build/Debug-watchos/OnelastleafPluginSDK.build/DerivedSources-normal/armv7k -Xcc -I/Users/admin/builder/spi-builder-workspace/.derivedData/Build/Intermediates.noindex/swift-plugin-sdk.build/Debug-watchos/OnelastleafPluginSDK.build/DerivedSources/armv7k -Xcc -I/Users/admin/builder/spi-builder-workspace/.derivedData/Build/Intermediates.noindex/swift-plugin-sdk.build/Debug-watchos/OnelastleafPluginSDK.build/DerivedSources -Xcc -DSWIFT_PACKAGE -Xcc -DDEBUG\=1 -emit-objc-header -emit-objc-header-path /Users/admin/builder/spi-builder-workspace/.derivedData/Build/Intermediates.noindex/swift-plugin-sdk.build/Debug-watchos/OnelastleafPluginSDK.build/Objects-normal/armv7k/OnelastleafPluginSDK-Swift.h -working-directory /Users/admin/builder/spi-builder-workspace/.swiftpm/xcode -experimental-emit-module-separately -disable-cmo
SwiftDriver GRPCNIOTransportHTTP2Posix normal arm64 com.apple.xcode.tools.swift.compiler (in target 'GRPCNIOTransportHTTP2Posix' from project 'grpc-swift-nio-transport')
    cd /Users/admin/builder/spi-builder-workspace/.swiftpm/xcode
    builtin-SwiftDriver -- /Applications/Xcode-26.3.0.app/Contents/Developer/Toolchains/XcodeDefault.xctoolchain/usr/bin/swiftc -module-name GRPCNIOTransportHTTP2Posix -Onone -enforce-exclusivity\=checked @/Users/admin/builder/spi-builder-workspace/.derivedData/Build/Intermediates.noindex/grpc-swift-nio-transport.build/Debug-watchos/GRPCNIOTransportHTTP2Posix.build/Objects-normal/arm64/GRPCNIOTransportHTTP2Posix.SwiftFileList -DSWIFT_PACKAGE -DDEBUG -DSWIFT_MODULE_RESOURCE_BUNDLE_UNAVAILABLE -Xcc -fmodule-map-file\=/Users/admin/builder/spi-builder-workspace/.derivedData/Build/Intermediates.noindex/GeneratedModuleMaps-watchos/CNIOLLHTTP.modulemap -Xcc -fmodule-map-file\=/Users/admin/builder/spi-builder-workspace/.derivedData/Build/Intermediates.noindex/GeneratedModuleMaps-watchos/CNIOPosix.modulemap -Xcc -fmodule-map-file\=/Users/admin/builder/spi-builder-workspace/.derivedData/Build/Intermediates.noindex/GeneratedModuleMaps-watchos/CNIOWASI.modulemap -Xcc -fmodule-map-file\=/Users/admin/builder/spi-builder-workspace/.derivedData/Build/Intermediates.noindex/GeneratedModuleMaps-watchos/CNIOLinux.modulemap -Xcc -fmodule-map-file\=/Users/admin/builder/spi-builder-workspace/.derivedData/Build/Intermediates.noindex/GeneratedModuleMaps-watchos/CNIODarwin.modulemap -Xcc -fmodule-map-file\=/Users/admin/builder/spi-builder-workspace/.derivedData/Build/Intermediates.noindex/GeneratedModuleMaps-watchos/CNIOFreeBSD.modulemap -Xcc -fmodule-map-file\=/Users/admin/builder/spi-builder-workspace/.derivedData/Build/Intermediates.noindex/GeneratedModuleMaps-watchos/CNIOOpenBSD.modulemap -Xcc -fmodule-map-file\=/Users/admin/builder/spi-builder-workspace/.derivedData/Build/Intermediates.noindex/GeneratedModuleMaps-watchos/CNIOAtomics.modulemap -Xcc -fmodule-map-file\=/Users/admin/builder/spi-builder-workspace/.derivedData/Build/Intermediates.noindex/GeneratedModuleMaps-watchos/CNIOBoringSSLShims.modulemap -Xcc -fmodule-map-file\=/Users/admin/builder/spi-builder-workspace/.derivedData/Build/Intermediates.noindex/GeneratedModuleMaps-watchos/CGRPCNIOTransportZlib.modulemap -DXcode -enable-experimental-feature AvailabilityMacro\=gRPCSwiftNIOTransport\ 2.0:macOS\ 15.0,\ iOS\ 18.0,\ watchOS\ 11.0,\ tvOS\ 18.0,\ visionOS\ 2.0 -enable-experimental-feature AvailabilityMacro\=gRPCSwiftNIOTransport\ 2.1:macOS\ 15.0,\ iOS\ 18.0,\ watchOS\ 11.0,\ tvOS\ 18.0,\ visionOS\ 2.0 -enable-experimental-feature AvailabilityMacro\=gRPCSwiftNIOTransport\ 2.2:macOS\ 15.0,\ iOS\ 18.0,\ watchOS\ 11.0,\ tvOS\ 18.0,\ visionOS\ 2.0 -enable-experimental-feature AvailabilityMacro\=gRPCSwiftNIOTransport\ 2.3:macOS\ 15.0,\ iOS\ 18.0,\ watchOS\ 11.0,\ tvOS\ 18.0,\ visionOS\ 2.0 -enable-experimental-feature AvailabilityMacro\=gRPCSwiftNIOTransport\ 2.4:macOS\ 15.0,\ iOS\ 18.0,\ watchOS\ 11.0,\ tvOS\ 18.0,\ visionOS\ 2.0 -enable-experimental-feature AvailabilityMacro\=gRPCSwiftNIOTransport\ 2.5:macOS\ 15.0,\ iOS\ 18.0,\ watchOS\ 11.0,\ tvOS\ 18.0,\ visionOS\ 2.0 -enable-experimental-feature AvailabilityMacro\=gRPCSwiftNIOTransport\ 2.6:macOS\ 15.0,\ iOS\ 18.0,\ watchOS\ 11.0,\ tvOS\ 18.0,\ visionOS\ 2.0 -enable-experimental-feature AvailabilityMacro\=gRPCSwiftNIOTransport\ 2.7:macOS\ 15.0,\ iOS\ 18.0,\ watchOS\ 11.0,\ tvOS\ 18.0,\ visionOS\ 2.0 -enable-experimental-feature AvailabilityMacro\=gRPCSwiftNIOTransport\ 2.8:macOS\ 15.0,\ iOS\ 18.0,\ watchOS\ 11.0,\ tvOS\ 18.0,\ visionOS\ 2.0 -enable-experimental-feature AvailabilityMacro\=gRPCSwiftNIOTransport\ 2.9:macOS\ 15.0,\ iOS\ 18.0,\ watchOS\ 11.0,\ tvOS\ 18.0,\ visionOS\ 2.0 -enable-upcoming-feature ExistentialAny -enable-upcoming-feature InternalImportsByDefault -enable-upcoming-feature MemberImportVisibility -plugin-path /Applications/Xcode-26.3.0.app/Contents/Developer/Toolchains/XcodeDefault.xctoolchain/usr/lib/swift/host/plugins/testing -enable-experimental-feature DebugDescriptionMacro -sdk /Applications/Xcode-26.3.0.app/Contents/Developer/Platforms/WatchOS.platform/Developer/SDKs/WatchOS26.2.sdk -target arm64-apple-watchos5.0 -g -module-cache-path /Users/admin/builder/spi-builder-workspace/.derivedData/ModuleCache.noindex -Xfrontend -serialize-debugging-options -profile-coverage-mapping -profile-generate -enable-testing -suppress-warnings -index-store-path /Users/admin/builder/spi-builder-workspace/.derivedData/Index.noindex/DataStore -Xcc -D_LIBCPP_HARDENING_MODE\=_LIBCPP_HARDENING_MODE_DEBUG -swift-version 6 -I /Users/admin/builder/spi-builder-workspace/.derivedData/Build/Products/Debug-watchos -Isystem /Applications/Xcode-26.3.0.app/Contents/Developer/Platforms/WatchOS.platform/Developer/usr/lib -F /Users/admin/builder/spi-builder-workspace/.derivedData/Build/Products/Debug-watchos/PackageFrameworks -F /Users/admin/builder/spi-builder-workspace/.derivedData/Build/Products/Debug-watchos/PackageFrameworks -F /Users/admin/builder/spi-builder-workspace/.derivedData/Build/Products/Debug-watchos/PackageFrameworks -F /Users/admin/builder/spi-builder-workspace/.derivedData/Build/Products/Debug-watchos/PackageFrameworks -F /Users/admin/builder/spi-builder-workspace/.derivedData/Build/Products/Debug-watchos/PackageFrameworks -F /Users/admin/builder/spi-builder-workspace/.derivedData/Build/Products/Debug-watchos/PackageFrameworks -F /Users/admin/builder/spi-builder-workspace/.derivedData/Build/Products/Debug-watchos/PackageFrameworks -F /Users/admin/builder/spi-builder-workspace/.derivedData/Build/Products/Debug-watchos/PackageFrameworks -F /Users/admin/builder/spi-builder-workspace/.derivedData/Build/Products/Debug-watchos/PackageFrameworks -F /Users/admin/builder/spi-builder-workspace/.derivedData/Build/Products/Debug-watchos/PackageFrameworks -F /Users/admin/builder/spi-builder-workspace/.derivedData/Build/Products/Debug-watchos/PackageFrameworks -F /Users/admin/builder/spi-builder-workspace/.derivedData/Build/Products/Debug-watchos/PackageFrameworks -F /Users/admin/builder/spi-builder-workspace/.derivedData/Build/Products/Debug-watchos/PackageFrameworks -F /Users/admin/builder/spi-builder-workspace/.derivedData/Build/Products/Debug-watchos/PackageFrameworks -F /Users/admin/builder/spi-builder-workspace/.derivedData/Build/Products/Debug-watchos/PackageFrameworks -F /Users/admin/builder/spi-builder-workspace/.derivedData/Build/Products/Debug-watchos/PackageFrameworks -F /Users/admin/builder/spi-builder-workspace/.derivedData/Build/Products/Debug-watchos/PackageFrameworks -F /Users/admin/builder/spi-builder-workspace/.derivedData/Build/Products/Debug-watchos/PackageFrameworks -F /Users/admin/builder/spi-builder-workspace/.derivedData/Build/Products/Debug-watchos/PackageFrameworks -F /Users/admin/builder/spi-builder-workspace/.derivedData/Build/Products/Debug-watchos/PackageFrameworks -F /Users/admin/builder/spi-builder-workspace/.derivedData/Build/Products/Debug-watchos/PackageFrameworks -F /Users/admin/builder/spi-builder-workspace/.derivedData/Build/Products/Debug-watchos/PackageFrameworks -F /Users/admin/builder/spi-builder-workspace/.derivedData/Build/Products/Debug-watchos/PackageFrameworks -F /Users/admin/builder/spi-builder-workspace/.derivedData/Build/Products/Debug-watchos/PackageFrameworks -F /Users/admin/builder/spi-builder-workspace/.derivedData/Build/Products/Debug-watchos/PackageFrameworks -F /Users/admin/builder/spi-builder-workspace/.derivedData/Build/Products/Debug-watchos/PackageFrameworks -F /Users/admin/builder/spi-builder-workspace/.derivedData/Build/Products/Debug-watchos/PackageFrameworks -F /Users/admin/builder/spi-builder-workspace/.derivedData/Build/Products/Debug-watchos/PackageFrameworks -F /Users/admin/builder/spi-builder-workspace/.derivedData/Build/Products/Debug-watchos/PackageFrameworks -F /Users/admin/builder/spi-builder-workspace/.derivedData/Build/Products/Debug-watchos/PackageFrameworks -F /Users/admin/builder/spi-builder-workspace/.derivedData/Build/Products/Debug-watchos/PackageFrameworks -F /Users/admin/builder/spi-builder-workspace/.derivedData/Build/Products/Debug-watchos/PackageFrameworks -F /Users/admin/builder/spi-builder-workspace/.derivedData/Build/Products/Debug-watchos/PackageFrameworks -F /Users/admin/builder/spi-builder-workspace/.derivedData/Build/Products/Debug-watchos/PackageFrameworks -F /Users/admin/builder/spi-builder-workspace/.derivedData/Build/Products/Debug-watchos/PackageFrameworks -F /Users/admin/builder/spi-builder-workspace/.derivedData/Build/Products/Debug-watchos/PackageFrameworks -F /Users/admin/builder/spi-builder-workspace/.derivedData/Build/Products/Debug-watchos/PackageFrameworks -F /Users/admin/builder/spi-builder-workspace/.derivedData/Build/Products/Debug-watchos/PackageFrameworks -F /Users/admin/builder/spi-builder-workspace/.derivedData/Build/Products/Debug-watchos/PackageFrameworks -F /Users/admin/builder/spi-builder-workspace/.derivedData/Build/Products/Debug-watchos/PackageFrameworks -F /Users/admin/builder/spi-builder-workspace/.derivedData/Build/Products/Debug-watchos/PackageFrameworks -F /Users/admin/builder/spi-builder-workspace/.derivedData/Build/Products/Debug-watchos/PackageFrameworks -F /Users/admin/builder/spi-builder-workspace/.derivedData/Build/Products/Debug-watchos/PackageFrameworks -F /Users/admin/builder/spi-builder-workspace/.derivedData/Build/Products/Debug-watchos/PackageFrameworks -F /Users/admin/builder/spi-builder-workspace/.derivedData/Build/Products/Debug-watchos/PackageFrameworks -F /Users/admin/builder/spi-builder-workspace/.derivedData/Build/Products/Debug-watchos/PackageFrameworks -F /Users/admin/builder/spi-builder-workspace/.derivedData/Build/Products/Debug-watchos/PackageFrameworks -F /Users/admin/builder/spi-builder-workspace/.derivedData/Build/Products/Debug-watchos -F /Applications/Xcode-26.3.0.app/Contents/Developer/Platforms/WatchOS.platform/Developer/Library/Frameworks -F /Applications/Xcode-26.3.0.app/Contents/Developer/Platforms/WatchOS.platform/Developer/SDKs/WatchOS26.2.sdk/Developer/Library/Frameworks -c -j10 -enable-batch-mode -incremental -Xcc -ivfsstatcache -Xcc /Users/admin/builder/spi-builder-workspace/.derivedData/SDKStatCaches.noindex/watchos26.2-23S303-dc75598d0054f22ec865fa860f139d721753b489057de6bda919edfa1c59a62b.sdkstatcache -output-file-map /Users/admin/builder/spi-builder-workspace/.derivedData/Build/Intermediates.noindex/grpc-swift-nio-transport.build/Debug-watchos/GRPCNIOTransportHTTP2Posix.build/Objects-normal/arm64/GRPCNIOTransportHTTP2Posix-OutputFileMap.json -use-frontend-parseable-output -save-temps -no-color-diagnostics -explicit-module-build -module-cache-path /Users/admin/builder/spi-builder-workspace/.derivedData/Build/Intermediates.noindex/SwiftExplicitPrecompiledModules -clang-scanner-module-cache-path /Users/admin/builder/spi-builder-workspace/.derivedData/ModuleCache.noindex -sdk-module-cache-path /Users/admin/builder/spi-builder-workspace/.derivedData/ModuleCache.noindex -serialize-diagnostics -emit-dependencies -emit-module -emit-module-path /Users/admin/builder/spi-builder-workspace/.derivedData/Build/Intermediates.noindex/grpc-swift-nio-transport.build/Debug-watchos/GRPCNIOTransportHTTP2Posix.build/Objects-normal/arm64/GRPCNIOTransportHTTP2Posix.swiftmodule -user-module-version 2.9.2 -validate-clang-modules-once -clang-build-session-file /Users/admin/builder/spi-builder-workspace/.derivedData/ModuleCache.noindex/Session.modulevalidation -package-name grpc_swift_nio_transport -Xcc -I/Users/admin/builder/spi-builder-workspace/.derivedData/Build/Intermediates.noindex/grpc-swift-nio-transport.build/Debug-watchos/GRPCNIOTransportHTTP2Posix.build/swift-overrides.hmap -emit-const-values -Xfrontend -const-gather-protocols-file -Xfrontend /Users/admin/builder/spi-builder-workspace/.derivedData/Build/Intermediates.noindex/grpc-swift-nio-transport.build/Debug-watchos/GRPCNIOTransportHTTP2Posix.build/Objects-normal/arm64/GRPCNIOTransportHTTP2Posix_const_extract_protocols.json -Xcc -I/Users/admin/builder/spi-builder-workspace/.dependencies/checkouts/swift-nio/Sources/CNIOLLHTTP/include -Xcc -I/Users/admin/builder/spi-builder-workspace/.dependencies/checkouts/swift-atomics/Sources/_AtomicsShims/include -Xcc -I/Users/admin/builder/spi-builder-workspace/.dependencies/checkouts/swift-nio/Sources/CNIOPosix/include -Xcc -I/Users/admin/builder/spi-builder-workspace/.dependencies/checkouts/swift-nio/Sources/CNIOWASI/include -Xcc -I/Users/admin/builder/spi-builder-workspace/.dependencies/checkouts/swift-nio/Sources/CNIOWindows/include -Xcc -I/Users/admin/builder/spi-builder-workspace/.dependencies/checkouts/swift-nio/Sources/CNIOLinux/include -Xcc -I/Users/admin/builder/spi-builder-workspace/.dependencies/checkouts/swift-nio/Sources/CNIODarwin/include -Xcc -I/Users/admin/builder/spi-builder-workspace/.dependencies/checkouts/swift-nio/Sources/CNIOFreeBSD/include -Xcc -I/Users/admin/builder/spi-builder-workspace/.dependencies/checkouts/swift-nio/Sources/CNIOOpenBSD/include -Xcc -I/Users/admin/builder/spi-builder-workspace/.dependencies/checkouts/swift-nio/Sources/CNIOAtomics/include -Xcc -I/Users/admin/builder/spi-builder-workspace/.dependencies/checkouts/swift-nio-ssl/Sources/CNIOBoringSSLShims/include -Xcc -I/Users/admin/builder/spi-builder-workspace/.dependencies/checkouts/swift-nio-ssl/Sources/CNIOBoringSSL/include -Xcc -I/Users/admin/builder/spi-builder-workspace/.dependencies/checkouts/swift-crypto/Sources/CCryptoBoringSSLShims/include -Xcc -I/Users/admin/builder/spi-builder-workspace/.dependencies/checkouts/swift-crypto/Sources/CCryptoBoringSSL/include -Xcc -I/Users/admin/builder/spi-builder-workspace/.dependencies/checkouts/grpc-swift-nio-transport/Sources/CGRPCNIOTransportZlib/include -Xcc -I/Users/admin/builder/spi-builder-workspace/.derivedData/Build/Products/Debug-watchos/include -Xcc -I/Users/admin/builder/spi-builder-workspace/.derivedData/Build/Intermediates.noindex/grpc-swift-nio-transport.build/Debug-watchos/GRPCNIOTransportHTTP2Posix.build/DerivedSources-normal/arm64 -Xcc -I/Users/admin/builder/spi-builder-workspace/.derivedData/Build/Intermediates.noindex/grpc-swift-nio-transport.build/Debug-watchos/GRPCNIOTransportHTTP2Posix.build/DerivedSources/arm64 -Xcc -I/Users/admin/builder/spi-builder-workspace/.derivedData/Build/Intermediates.noindex/grpc-swift-nio-transport.build/Debug-watchos/GRPCNIOTransportHTTP2Posix.build/DerivedSources -Xcc -DSWIFT_PACKAGE -Xcc -DDEBUG\=1 -emit-objc-header -emit-objc-header-path /Users/admin/builder/spi-builder-workspace/.derivedData/Build/Intermediates.noindex/grpc-swift-nio-transport.build/Debug-watchos/GRPCNIOTransportHTTP2Posix.build/Objects-normal/arm64/GRPCNIOTransportHTTP2Posix-Swift.h -working-directory /Users/admin/builder/spi-builder-workspace/.swiftpm/xcode -experimental-emit-module-separately -disable-cmo
RegisterExecutionPolicyException /Users/admin/builder/spi-builder-workspace/.derivedData/Build/Products/Debug-watchos/OnelastleafPluginProtocol.o (in target 'OnelastleafPluginProtocol' from project 'swift-plugin-sdk')
    cd /Users/admin/builder/spi-builder-workspace
    builtin-RegisterExecutionPolicyException /Users/admin/builder/spi-builder-workspace/.derivedData/Build/Products/Debug-watchos/OnelastleafPluginProtocol.o
ExtractAppIntentsMetadata (in target 'NIOExtras' from project 'swift-nio-extras')
    cd /Users/admin/builder/spi-builder-workspace/.dependencies/checkouts/swift-nio-extras
    /Applications/Xcode-26.3.0.app/Contents/Developer/Toolchains/XcodeDefault.xctoolchain/usr/bin/appintentsmetadataprocessor --toolchain-dir /var/run/com.apple.security.cryptexd/mnt/com.apple.MobileAsset.MetalToolchain-v17.3.7003.10.m5sO2x/Metal.xctoolchain --module-name NIOExtras --sdk-root /Applications/Xcode-26.3.0.app/Contents/Developer/Platforms/WatchOS.platform/Developer/SDKs/WatchOS26.2.sdk --xcode-version 17C529 --platform-family watchOS --deployment-target 5.0 --bundle-identifier swift-nio-extras.NIOExtras --output /Users/admin/builder/spi-builder-workspace/.derivedData/Build/Products/Debug-watchos/NIOExtras.appintents --target-triple arm64-apple-watchos5.0 --target-triple armv7k-apple-watchos5.0 --target-triple arm64_32-apple-watchos5.0 --binary-file /Users/admin/builder/spi-builder-workspace/.derivedData/Build/Products/Debug-watchos/NIOExtras.o --dependency-file /Users/admin/builder/spi-builder-workspace/.derivedData/Build/Intermediates.noindex/swift-nio-extras.build/Debug-watchos/NIOExtras.build/Objects-normal/arm64/NIOExtras_dependency_info.dat --dependency-file /Users/admin/builder/spi-builder-workspace/.derivedData/Build/Intermediates.noindex/swift-nio-extras.build/Debug-watchos/NIOExtras.build/Objects-normal/armv7k/NIOExtras_dependency_info.dat --dependency-file /Users/admin/builder/spi-builder-workspace/.derivedData/Build/Intermediates.noindex/swift-nio-extras.build/Debug-watchos/NIOExtras.build/Objects-normal/arm64_32/NIOExtras_dependency_info.dat --stringsdata-file /Users/admin/builder/spi-builder-workspace/.derivedData/Build/Intermediates.noindex/swift-nio-extras.build/Debug-watchos/NIOExtras.build/Objects-normal/arm64/ExtractedAppShortcutsMetadata.stringsdata --stringsdata-file /Users/admin/builder/spi-builder-workspace/.derivedData/Build/Intermediates.noindex/swift-nio-extras.build/Debug-watchos/NIOExtras.build/Objects-normal/armv7k/ExtractedAppShortcutsMetadata.stringsdata --stringsdata-file /Users/admin/builder/spi-builder-workspace/.derivedData/Build/Intermediates.noindex/swift-nio-extras.build/Debug-watchos/NIOExtras.build/Objects-normal/arm64_32/ExtractedAppShortcutsMetadata.stringsdata --source-file-list /Users/admin/builder/spi-builder-workspace/.derivedData/Build/Intermediates.noindex/swift-nio-extras.build/Debug-watchos/NIOExtras.build/Objects-normal/arm64/NIOExtras.SwiftFileList --source-file-list /Users/admin/builder/spi-builder-workspace/.derivedData/Build/Intermediates.noindex/swift-nio-extras.build/Debug-watchos/NIOExtras.build/Objects-normal/armv7k/NIOExtras.SwiftFileList --source-file-list /Users/admin/builder/spi-builder-workspace/.derivedData/Build/Intermediates.noindex/swift-nio-extras.build/Debug-watchos/NIOExtras.build/Objects-normal/arm64_32/NIOExtras.SwiftFileList --metadata-file-list /Users/admin/builder/spi-builder-workspace/.derivedData/Build/Intermediates.noindex/swift-nio-extras.build/Debug-watchos/NIOExtras.build/NIOExtras.DependencyMetadataFileList --static-metadata-file-list /Users/admin/builder/spi-builder-workspace/.derivedData/Build/Intermediates.noindex/swift-nio-extras.build/Debug-watchos/NIOExtras.build/NIOExtras.DependencyStaticMetadataFileList --swift-const-vals-list /Users/admin/builder/spi-builder-workspace/.derivedData/Build/Intermediates.noindex/swift-nio-extras.build/Debug-watchos/NIOExtras.build/Objects-normal/arm64/NIOExtras.SwiftConstValuesFileList --swift-const-vals-list /Users/admin/builder/spi-builder-workspace/.derivedData/Build/Intermediates.noindex/swift-nio-extras.build/Debug-watchos/NIOExtras.build/Objects-normal/armv7k/NIOExtras.SwiftConstValuesFileList --swift-const-vals-list /Users/admin/builder/spi-builder-workspace/.derivedData/Build/Intermediates.noindex/swift-nio-extras.build/Debug-watchos/NIOExtras.build/Objects-normal/arm64_32/NIOExtras.SwiftConstValuesFileList --force --compile-time-extraction --deployment-aware-processing --validate-assistant-intents --no-app-shortcuts-localization
2026-09-04 06:02:50.320 appintentsmetadataprocessor[10645:30962] Starting appintentsmetadataprocessor export
2026-09-04 06:02:50.488 appintentsmetadataprocessor[10645:30962] Extracted no relevant App Intents symbols, skipping writing output
RegisterExecutionPolicyException /Users/admin/builder/spi-builder-workspace/.derivedData/Build/Products/Debug-watchos/NIOSSL.o (in target 'NIOSSL' from project 'swift-nio-ssl')
    cd /Users/admin/builder/spi-builder-workspace/.dependencies/checkouts/swift-nio-ssl
    builtin-RegisterExecutionPolicyException /Users/admin/builder/spi-builder-workspace/.derivedData/Build/Products/Debug-watchos/NIOSSL.o
Ld /Users/admin/builder/spi-builder-workspace/.derivedData/Build/Intermediates.noindex/swift-nio-extras.build/Debug-watchos/NIOCertificateReloading.build/Objects-normal/arm64_32/Binary/NIOCertificateReloading.o normal arm64_32 (in target 'NIOCertificateReloading' from project 'swift-nio-extras')
    cd /Users/admin/builder/spi-builder-workspace/.dependencies/checkouts/swift-nio-extras
    /Applications/Xcode-26.3.0.app/Contents/Developer/Toolchains/XcodeDefault.xctoolchain/usr/bin/clang -Xlinker -reproducible -target arm64_32-apple-watchos5.0 -r -isysroot /Applications/Xcode-26.3.0.app/Contents/Developer/Platforms/WatchOS.platform/Developer/SDKs/WatchOS26.2.sdk -O0 -w -L/Users/admin/builder/spi-builder-workspace/.derivedData/Build/Intermediates.noindex/EagerLinkingTBDs/Debug-watchos -L/Users/admin/builder/spi-builder-workspace/.derivedData/Build/Products/Debug-watchos -L/Applications/Xcode-26.3.0.app/Contents/Developer/Platforms/WatchOS.platform/Developer/usr/lib -F/Users/admin/builder/spi-builder-workspace/.derivedData/Build/Intermediates.noindex/EagerLinkingTBDs/Debug-watchos -F/Users/admin/builder/spi-builder-workspace/.derivedData/Build/Products/Debug-watchos/PackageFrameworks -F/Users/admin/builder/spi-builder-workspace/.derivedData/Build/Products/Debug-watchos/PackageFrameworks -F/Users/admin/builder/spi-builder-workspace/.derivedData/Build/Products/Debug-watchos/PackageFrameworks -F/Users/admin/builder/spi-builder-workspace/.derivedData/Build/Products/Debug-watchos/PackageFrameworks -F/Users/admin/builder/spi-builder-workspace/.derivedData/Build/Products/Debug-watchos/PackageFrameworks -F/Users/admin/builder/spi-builder-workspace/.derivedData/Build/Products/Debug-watchos/PackageFrameworks -F/Users/admin/builder/spi-builder-workspace/.derivedData/Build/Products/Debug-watchos/PackageFrameworks -F/Users/admin/builder/spi-builder-workspace/.derivedData/Build/Products/Debug-watchos/PackageFrameworks -F/Users/admin/builder/spi-builder-workspace/.derivedData/Build/Products/Debug-watchos/PackageFrameworks -F/Users/admin/builder/spi-builder-workspace/.derivedData/Build/Products/Debug-watchos/PackageFrameworks -F/Users/admin/builder/spi-builder-workspace/.derivedData/Build/Products/Debug-watchos/PackageFrameworks -F/Users/admin/builder/spi-builder-workspace/.derivedData/Build/Products/Debug-watchos/PackageFrameworks -F/Users/admin/builder/spi-builder-workspace/.derivedData/Build/Products/Debug-watchos/PackageFrameworks -F/Users/admin/builder/spi-builder-workspace/.derivedData/Build/Products/Debug-watchos/PackageFrameworks -F/Users/admin/builder/spi-builder-workspace/.derivedData/Build/Products/Debug-watchos/PackageFrameworks -F/Users/admin/builder/spi-builder-workspace/.derivedData/Build/Products/Debug-watchos/PackageFrameworks -F/Users/admin/builder/spi-builder-workspace/.derivedData/Build/Products/Debug-watchos/PackageFrameworks -F/Users/admin/builder/spi-builder-workspace/.derivedData/Build/Products/Debug-watchos/PackageFrameworks -F/Users/admin/builder/spi-builder-workspace/.derivedData/Build/Products/Debug-watchos/PackageFrameworks -F/Users/admin/builder/spi-builder-workspace/.derivedData/Build/Products/Debug-watchos/PackageFrameworks -F/Users/admin/builder/spi-builder-workspace/.derivedData/Build/Products/Debug-watchos/PackageFrameworks -F/Users/admin/builder/spi-builder-workspace/.derivedData/Build/Products/Debug-watchos/PackageFrameworks -F/Users/admin/builder/spi-builder-workspace/.derivedData/Build/Products/Debug-watchos/PackageFrameworks -F/Users/admin/builder/spi-builder-workspace/.derivedData/Build/Products/Debug-watchos/PackageFrameworks -F/Users/admin/builder/spi-builder-workspace/.derivedData/Build/Products/Debug-watchos/PackageFrameworks -F/Users/admin/builder/spi-builder-workspace/.derivedData/Build/Products/Debug-watchos/PackageFrameworks -F/Users/admin/builder/spi-builder-workspace/.derivedData/Build/Products/Debug-watchos/PackageFrameworks -F/Users/admin/builder/spi-builder-workspace/.derivedData/Build/Products/Debug-watchos/PackageFrameworks -F/Users/admin/builder/spi-builder-workspace/.derivedData/Build/Products/Debug-watchos/PackageFrameworks -F/Users/admin/builder/spi-builder-workspace/.derivedData/Build/Products/Debug-watchos/PackageFrameworks -F/Users/admin/builder/spi-builder-workspace/.derivedData/Build/Products/Debug-watchos/PackageFrameworks -F/Users/admin/builder/spi-builder-workspace/.derivedData/Build/Products/Debug-watchos/PackageFrameworks -F/Users/admin/builder/spi-builder-workspace/.derivedData/Build/Products/Debug-watchos/PackageFrameworks -F/Users/admin/builder/spi-builder-workspace/.derivedData/Build/Products/Debug-watchos/PackageFrameworks -F/Users/admin/builder/spi-builder-workspace/.derivedData/Build/Products/Debug-watchos/PackageFrameworks -F/Users/admin/builder/spi-builder-workspace/.derivedData/Build/Products/Debug-watchos/PackageFrameworks -F/Users/admin/builder/spi-builder-workspace/.derivedData/Build/Products/Debug-watchos/PackageFrameworks -F/Users/admin/builder/spi-builder-workspace/.derivedData/Build/Products/Debug-watchos/PackageFrameworks -F/Users/admin/builder/spi-builder-workspace/.derivedData/Build/Products/Debug-watchos -iframework /Applications/Xcode-26.3.0.app/Contents/Developer/Platforms/WatchOS.platform/Developer/Library/Frameworks -iframework /Applications/Xcode-26.3.0.app/Contents/Developer/Platforms/WatchOS.platform/Developer/SDKs/WatchOS26.2.sdk/Developer/Library/Frameworks -filelist /Users/admin/builder/spi-builder-workspace/.derivedData/Build/Intermediates.noindex/swift-nio-extras.build/Debug-watchos/NIOCertificateReloading.build/Objects-normal/arm64_32/NIOCertificateReloading.LinkFileList -nostdlib -Xlinker -object_path_lto -Xlinker /Users/admin/builder/spi-builder-workspace/.derivedData/Build/Intermediates.noindex/swift-nio-extras.build/Debug-watchos/NIOCertificateReloading.build/Objects-normal/arm64_32/NIOCertificateReloading_lto.o -rdynamic -Xlinker -no_deduplicate -Xlinker -debug_variant -Xlinker -dependency_info -Xlinker /Users/admin/builder/spi-builder-workspace/.derivedData/Build/Intermediates.noindex/swift-nio-extras.build/Debug-watchos/NIOCertificateReloading.build/Objects-normal/arm64_32/NIOCertificateReloading_dependency_info.dat -fobjc-link-runtime -L/Applications/Xcode-26.3.0.app/Contents/Developer/Toolchains/XcodeDefault.xctoolchain/usr/lib/swift/watchos -L/usr/lib/swift -Xlinker -add_ast_path -Xlinker /Users/admin/builder/spi-builder-workspace/.derivedData/Build/Intermediates.noindex/swift-nio-extras.build/Debug-watchos/NIOCertificateReloading.build/Objects-normal/arm64_32/NIOCertificateReloading.swiftmodule @/Users/admin/builder/spi-builder-workspace/.derivedData/Build/Intermediates.noindex/swift-nio-extras.build/Debug-watchos/NIOCertificateReloading.build/Objects-normal/arm64_32/NIOCertificateReloading-linker-args.resp -o /Users/admin/builder/spi-builder-workspace/.derivedData/Build/Intermediates.noindex/swift-nio-extras.build/Debug-watchos/NIOCertificateReloading.build/Objects-normal/arm64_32/Binary/NIOCertificateReloading.o
Ld /Users/admin/builder/spi-builder-workspace/.derivedData/Build/Intermediates.noindex/swift-nio-extras.build/Debug-watchos/NIOCertificateReloading.build/Objects-normal/arm64/Binary/NIOCertificateReloading.o normal arm64 (in target 'NIOCertificateReloading' from project 'swift-nio-extras')
    cd /Users/admin/builder/spi-builder-workspace/.dependencies/checkouts/swift-nio-extras
    /Applications/Xcode-26.3.0.app/Contents/Developer/Toolchains/XcodeDefault.xctoolchain/usr/bin/clang -Xlinker -reproducible -target arm64-apple-watchos5.0 -r -isysroot /Applications/Xcode-26.3.0.app/Contents/Developer/Platforms/WatchOS.platform/Developer/SDKs/WatchOS26.2.sdk -O0 -w -L/Users/admin/builder/spi-builder-workspace/.derivedData/Build/Intermediates.noindex/EagerLinkingTBDs/Debug-watchos -L/Users/admin/builder/spi-builder-workspace/.derivedData/Build/Products/Debug-watchos -L/Applications/Xcode-26.3.0.app/Contents/Developer/Platforms/WatchOS.platform/Developer/usr/lib -F/Users/admin/builder/spi-builder-workspace/.derivedData/Build/Intermediates.noindex/EagerLinkingTBDs/Debug-watchos -F/Users/admin/builder/spi-builder-workspace/.derivedData/Build/Products/Debug-watchos/PackageFrameworks -F/Users/admin/builder/spi-builder-workspace/.derivedData/Build/Products/Debug-watchos/PackageFrameworks -F/Users/admin/builder/spi-builder-workspace/.derivedData/Build/Products/Debug-watchos/PackageFrameworks -F/Users/admin/builder/spi-builder-workspace/.derivedData/Build/Products/Debug-watchos/PackageFrameworks -F/Users/admin/builder/spi-builder-workspace/.derivedData/Build/Products/Debug-watchos/PackageFrameworks -F/Users/admin/builder/spi-builder-workspace/.derivedData/Build/Products/Debug-watchos/PackageFrameworks -F/Users/admin/builder/spi-builder-workspace/.derivedData/Build/Products/Debug-watchos/PackageFrameworks -F/Users/admin/builder/spi-builder-workspace/.derivedData/Build/Products/Debug-watchos/PackageFrameworks -F/Users/admin/builder/spi-builder-workspace/.derivedData/Build/Products/Debug-watchos/PackageFrameworks -F/Users/admin/builder/spi-builder-workspace/.derivedData/Build/Products/Debug-watchos/PackageFrameworks -F/Users/admin/builder/spi-builder-workspace/.derivedData/Build/Products/Debug-watchos/PackageFrameworks -F/Users/admin/builder/spi-builder-workspace/.derivedData/Build/Products/Debug-watchos/PackageFrameworks -F/Users/admin/builder/spi-builder-workspace/.derivedData/Build/Products/Debug-watchos/PackageFrameworks -F/Users/admin/builder/spi-builder-workspace/.derivedData/Build/Products/Debug-watchos/PackageFrameworks -F/Users/admin/builder/spi-builder-workspace/.derivedData/Build/Products/Debug-watchos/PackageFrameworks -F/Users/admin/builder/spi-builder-workspace/.derivedData/Build/Products/Debug-watchos/PackageFrameworks -F/Users/admin/builder/spi-builder-workspace/.derivedData/Build/Products/Debug-watchos/PackageFrameworks -F/Users/admin/builder/spi-builder-workspace/.derivedData/Build/Products/Debug-watchos/PackageFrameworks -F/Users/admin/builder/spi-builder-workspace/.derivedData/Build/Products/Debug-watchos/PackageFrameworks -F/Users/admin/builder/spi-builder-workspace/.derivedData/Build/Products/Debug-watchos/PackageFrameworks -F/Users/admin/builder/spi-builder-workspace/.derivedData/Build/Products/Debug-watchos/PackageFrameworks -F/Users/admin/builder/spi-builder-workspace/.derivedData/Build/Products/Debug-watchos/PackageFrameworks -F/Users/admin/builder/spi-builder-workspace/.derivedData/Build/Products/Debug-watchos/PackageFrameworks -F/Users/admin/builder/spi-builder-workspace/.derivedData/Build/Products/Debug-watchos/PackageFrameworks -F/Users/admin/builder/spi-builder-workspace/.derivedData/Build/Products/Debug-watchos/PackageFrameworks -F/Users/admin/builder/spi-builder-workspace/.derivedData/Build/Products/Debug-watchos/PackageFrameworks -F/Users/admin/builder/spi-builder-workspace/.derivedData/Build/Products/Debug-watchos/PackageFrameworks -F/Users/admin/builder/spi-builder-workspace/.derivedData/Build/Products/Debug-watchos/PackageFrameworks -F/Users/admin/builder/spi-builder-workspace/.derivedData/Build/Products/Debug-watchos/PackageFrameworks -F/Users/admin/builder/spi-builder-workspace/.derivedData/Build/Products/Debug-watchos/PackageFrameworks -F/Users/admin/builder/spi-builder-workspace/.derivedData/Build/Products/Debug-watchos/PackageFrameworks -F/Users/admin/builder/spi-builder-workspace/.derivedData/Build/Products/Debug-watchos/PackageFrameworks -F/Users/admin/builder/spi-builder-workspace/.derivedData/Build/Products/Debug-watchos/PackageFrameworks -F/Users/admin/builder/spi-builder-workspace/.derivedData/Build/Products/Debug-watchos/PackageFrameworks -F/Users/admin/builder/spi-builder-workspace/.derivedData/Build/Products/Debug-watchos/PackageFrameworks -F/Users/admin/builder/spi-builder-workspace/.derivedData/Build/Products/Debug-watchos/PackageFrameworks -F/Users/admin/builder/spi-builder-workspace/.derivedData/Build/Products/Debug-watchos/PackageFrameworks -F/Users/admin/builder/spi-builder-workspace/.derivedData/Build/Products/Debug-watchos/PackageFrameworks -F/Users/admin/builder/spi-builder-workspace/.derivedData/Build/Products/Debug-watchos -iframework /Applications/Xcode-26.3.0.app/Contents/Developer/Platforms/WatchOS.platform/Developer/Library/Frameworks -iframework /Applications/Xcode-26.3.0.app/Contents/Developer/Platforms/WatchOS.platform/Developer/SDKs/WatchOS26.2.sdk/Developer/Library/Frameworks -filelist /Users/admin/builder/spi-builder-workspace/.derivedData/Build/Intermediates.noindex/swift-nio-extras.build/Debug-watchos/NIOCertificateReloading.build/Objects-normal/arm64/NIOCertificateReloading.LinkFileList -nostdlib -Xlinker -object_path_lto -Xlinker /Users/admin/builder/spi-builder-workspace/.derivedData/Build/Intermediates.noindex/swift-nio-extras.build/Debug-watchos/NIOCertificateReloading.build/Objects-normal/arm64/NIOCertificateReloading_lto.o -rdynamic -Xlinker -no_deduplicate -Xlinker -debug_variant -Xlinker -dependency_info -Xlinker /Users/admin/builder/spi-builder-workspace/.derivedData/Build/Intermediates.noindex/swift-nio-extras.build/Debug-watchos/NIOCertificateReloading.build/Objects-normal/arm64/NIOCertificateReloading_dependency_info.dat -fobjc-link-runtime -L/Applications/Xcode-26.3.0.app/Contents/Developer/Toolchains/XcodeDefault.xctoolchain/usr/lib/swift/watchos -L/usr/lib/swift -Xlinker -add_ast_path -Xlinker /Users/admin/builder/spi-builder-workspace/.derivedData/Build/Intermediates.noindex/swift-nio-extras.build/Debug-watchos/NIOCertificateReloading.build/Objects-normal/arm64/NIOCertificateReloading.swiftmodule @/Users/admin/builder/spi-builder-workspace/.derivedData/Build/Intermediates.noindex/swift-nio-extras.build/Debug-watchos/NIOCertificateReloading.build/Objects-normal/arm64/NIOCertificateReloading-linker-args.resp -o /Users/admin/builder/spi-builder-workspace/.derivedData/Build/Intermediates.noindex/swift-nio-extras.build/Debug-watchos/NIOCertificateReloading.build/Objects-normal/arm64/Binary/NIOCertificateReloading.o
Ld /Users/admin/builder/spi-builder-workspace/.derivedData/Build/Intermediates.noindex/swift-nio-extras.build/Debug-watchos/NIOCertificateReloading.build/Objects-normal/armv7k/Binary/NIOCertificateReloading.o normal armv7k (in target 'NIOCertificateReloading' from project 'swift-nio-extras')
    cd /Users/admin/builder/spi-builder-workspace/.dependencies/checkouts/swift-nio-extras
    /Applications/Xcode-26.3.0.app/Contents/Developer/Toolchains/XcodeDefault.xctoolchain/usr/bin/clang -Xlinker -reproducible -target armv7k-apple-watchos5.0 -r -isysroot /Applications/Xcode-26.3.0.app/Contents/Developer/Platforms/WatchOS.platform/Developer/SDKs/WatchOS26.2.sdk -O0 -w -L/Users/admin/builder/spi-builder-workspace/.derivedData/Build/Intermediates.noindex/EagerLinkingTBDs/Debug-watchos -L/Users/admin/builder/spi-builder-workspace/.derivedData/Build/Products/Debug-watchos -L/Applications/Xcode-26.3.0.app/Contents/Developer/Platforms/WatchOS.platform/Developer/usr/lib -F/Users/admin/builder/spi-builder-workspace/.derivedData/Build/Intermediates.noindex/EagerLinkingTBDs/Debug-watchos -F/Users/admin/builder/spi-builder-workspace/.derivedData/Build/Products/Debug-watchos/PackageFrameworks -F/Users/admin/builder/spi-builder-workspace/.derivedData/Build/Products/Debug-watchos/PackageFrameworks -F/Users/admin/builder/spi-builder-workspace/.derivedData/Build/Products/Debug-watchos/PackageFrameworks -F/Users/admin/builder/spi-builder-workspace/.derivedData/Build/Products/Debug-watchos/PackageFrameworks -F/Users/admin/builder/spi-builder-workspace/.derivedData/Build/Products/Debug-watchos/PackageFrameworks -F/Users/admin/builder/spi-builder-workspace/.derivedData/Build/Products/Debug-watchos/PackageFrameworks -F/Users/admin/builder/spi-builder-workspace/.derivedData/Build/Products/Debug-watchos/PackageFrameworks -F/Users/admin/builder/spi-builder-workspace/.derivedData/Build/Products/Debug-watchos/PackageFrameworks -F/Users/admin/builder/spi-builder-workspace/.derivedData/Build/Products/Debug-watchos/PackageFrameworks -F/Users/admin/builder/spi-builder-workspace/.derivedData/Build/Products/Debug-watchos/PackageFrameworks -F/Users/admin/builder/spi-builder-workspace/.derivedData/Build/Products/Debug-watchos/PackageFrameworks -F/Users/admin/builder/spi-builder-workspace/.derivedData/Build/Products/Debug-watchos/PackageFrameworks -F/Users/admin/builder/spi-builder-workspace/.derivedData/Build/Products/Debug-watchos/PackageFrameworks -F/Users/admin/builder/spi-builder-workspace/.derivedData/Build/Products/Debug-watchos/PackageFrameworks -F/Users/admin/builder/spi-builder-workspace/.derivedData/Build/Products/Debug-watchos/PackageFrameworks -F/Users/admin/builder/spi-builder-workspace/.derivedData/Build/Products/Debug-watchos/PackageFrameworks -F/Users/admin/builder/spi-builder-workspace/.derivedData/Build/Products/Debug-watchos/PackageFrameworks -F/Users/admin/builder/spi-builder-workspace/.derivedData/Build/Products/Debug-watchos/PackageFrameworks -F/Users/admin/builder/spi-builder-workspace/.derivedData/Build/Products/Debug-watchos/PackageFrameworks -F/Users/admin/builder/spi-builder-workspace/.derivedData/Build/Products/Debug-watchos/PackageFrameworks -F/Users/admin/builder/spi-builder-workspace/.derivedData/Build/Products/Debug-watchos/PackageFrameworks -F/Users/admin/builder/spi-builder-workspace/.derivedData/Build/Products/Debug-watchos/PackageFrameworks -F/Users/admin/builder/spi-builder-workspace/.derivedData/Build/Products/Debug-watchos/PackageFrameworks -F/Users/admin/builder/spi-builder-workspace/.derivedData/Build/Products/Debug-watchos/PackageFrameworks -F/Users/admin/builder/spi-builder-workspace/.derivedData/Build/Products/Debug-watchos/PackageFrameworks -F/Users/admin/builder/spi-builder-workspace/.derivedData/Build/Products/Debug-watchos/PackageFrameworks -F/Users/admin/builder/spi-builder-workspace/.derivedData/Build/Products/Debug-watchos/PackageFrameworks -F/Users/admin/builder/spi-builder-workspace/.derivedData/Build/Products/Debug-watchos/PackageFrameworks -F/Users/admin/builder/spi-builder-workspace/.derivedData/Build/Products/Debug-watchos/PackageFrameworks -F/Users/admin/builder/spi-builder-workspace/.derivedData/Build/Products/Debug-watchos/PackageFrameworks -F/Users/admin/builder/spi-builder-workspace/.derivedData/Build/Products/Debug-watchos/PackageFrameworks -F/Users/admin/builder/spi-builder-workspace/.derivedData/Build/Products/Debug-watchos/PackageFrameworks -F/Users/admin/builder/spi-builder-workspace/.derivedData/Build/Products/Debug-watchos/PackageFrameworks -F/Users/admin/builder/spi-builder-workspace/.derivedData/Build/Products/Debug-watchos/PackageFrameworks -F/Users/admin/builder/spi-builder-workspace/.derivedData/Build/Products/Debug-watchos/PackageFrameworks -F/Users/admin/builder/spi-builder-workspace/.derivedData/Build/Products/Debug-watchos/PackageFrameworks -F/Users/admin/builder/spi-builder-workspace/.derivedData/Build/Products/Debug-watchos/PackageFrameworks -F/Users/admin/builder/spi-builder-workspace/.derivedData/Build/Products/Debug-watchos/PackageFrameworks -F/Users/admin/builder/spi-builder-workspace/.derivedData/Build/Products/Debug-watchos -iframework /Applications/Xcode-26.3.0.app/Contents/Developer/Platforms/WatchOS.platform/Developer/Library/Frameworks -iframework /Applications/Xcode-26.3.0.app/Contents/Developer/Platforms/WatchOS.platform/Developer/SDKs/WatchOS26.2.sdk/Developer/Library/Frameworks -filelist /Users/admin/builder/spi-builder-workspace/.derivedData/Build/Intermediates.noindex/swift-nio-extras.build/Debug-watchos/NIOCertificateReloading.build/Objects-normal/armv7k/NIOCertificateReloading.LinkFileList -nostdlib -Xlinker -object_path_lto -Xlinker /Users/admin/builder/spi-builder-workspace/.derivedData/Build/Intermediates.noindex/swift-nio-extras.build/Debug-watchos/NIOCertificateReloading.build/Objects-normal/armv7k/NIOCertificateReloading_lto.o -rdynamic -Xlinker -no_deduplicate -Xlinker -debug_variant -Xlinker -dependency_info -Xlinker /Users/admin/builder/spi-builder-workspace/.derivedData/Build/Intermediates.noindex/swift-nio-extras.build/Debug-watchos/NIOCertificateReloading.build/Objects-normal/armv7k/NIOCertificateReloading_dependency_info.dat -fobjc-link-runtime -L/Applications/Xcode-26.3.0.app/Contents/Developer/Toolchains/XcodeDefault.xctoolchain/usr/lib/swift/watchos -L/usr/lib/swift -Xlinker -add_ast_path -Xlinker /Users/admin/builder/spi-builder-workspace/.derivedData/Build/Intermediates.noindex/swift-nio-extras.build/Debug-watchos/NIOCertificateReloading.build/Objects-normal/armv7k/NIOCertificateReloading.swiftmodule @/Users/admin/builder/spi-builder-workspace/.derivedData/Build/Intermediates.noindex/swift-nio-extras.build/Debug-watchos/NIOCertificateReloading.build/Objects-normal/armv7k/NIOCertificateReloading-linker-args.resp -o /Users/admin/builder/spi-builder-workspace/.derivedData/Build/Intermediates.noindex/swift-nio-extras.build/Debug-watchos/NIOCertificateReloading.build/Objects-normal/armv7k/Binary/NIOCertificateReloading.o
CreateUniversalBinary /Users/admin/builder/spi-builder-workspace/.derivedData/Build/Products/Debug-watchos/NIOCertificateReloading.o normal arm64\ armv7k\ arm64_32 (in target 'NIOCertificateReloading' from project 'swift-nio-extras')
    cd /Users/admin/builder/spi-builder-workspace/.dependencies/checkouts/swift-nio-extras
    /Applications/Xcode-26.3.0.app/Contents/Developer/Toolchains/XcodeDefault.xctoolchain/usr/bin/lipo -create /Users/admin/builder/spi-builder-workspace/.derivedData/Build/Intermediates.noindex/swift-nio-extras.build/Debug-watchos/NIOCertificateReloading.build/Objects-normal/arm64/Binary/NIOCertificateReloading.o /Users/admin/builder/spi-builder-workspace/.derivedData/Build/Intermediates.noindex/swift-nio-extras.build/Debug-watchos/NIOCertificateReloading.build/Objects-normal/armv7k/Binary/NIOCertificateReloading.o /Users/admin/builder/spi-builder-workspace/.derivedData/Build/Intermediates.noindex/swift-nio-extras.build/Debug-watchos/NIOCertificateReloading.build/Objects-normal/arm64_32/Binary/NIOCertificateReloading.o -output /Users/admin/builder/spi-builder-workspace/.derivedData/Build/Products/Debug-watchos/NIOCertificateReloading.o
ExtractAppIntentsMetadata (in target 'NIOCertificateReloading' from project 'swift-nio-extras')
    cd /Users/admin/builder/spi-builder-workspace/.dependencies/checkouts/swift-nio-extras
    /Applications/Xcode-26.3.0.app/Contents/Developer/Toolchains/XcodeDefault.xctoolchain/usr/bin/appintentsmetadataprocessor --toolchain-dir /var/run/com.apple.security.cryptexd/mnt/com.apple.MobileAsset.MetalToolchain-v17.3.7003.10.m5sO2x/Metal.xctoolchain --module-name NIOCertificateReloading --sdk-root /Applications/Xcode-26.3.0.app/Contents/Developer/Platforms/WatchOS.platform/Developer/SDKs/WatchOS26.2.sdk --xcode-version 17C529 --platform-family watchOS --deployment-target 5.0 --bundle-identifier swift-nio-extras.NIOCertificateReloading --output /Users/admin/builder/spi-builder-workspace/.derivedData/Build/Products/Debug-watchos/NIOCertificateReloading.appintents --target-triple arm64-apple-watchos5.0 --target-triple armv7k-apple-watchos5.0 --target-triple arm64_32-apple-watchos5.0 --binary-file /Users/admin/builder/spi-builder-workspace/.derivedData/Build/Products/Debug-watchos/NIOCertificateReloading.o --dependency-file /Users/admin/builder/spi-builder-workspace/.derivedData/Build/Intermediates.noindex/swift-nio-extras.build/Debug-watchos/NIOCertificateReloading.build/Objects-normal/arm64/NIOCertificateReloading_dependency_info.dat --dependency-file /Users/admin/builder/spi-builder-workspace/.derivedData/Build/Intermediates.noindex/swift-nio-extras.build/Debug-watchos/NIOCertificateReloading.build/Objects-normal/armv7k/NIOCertificateReloading_dependency_info.dat --dependency-file /Users/admin/builder/spi-builder-workspace/.derivedData/Build/Intermediates.noindex/swift-nio-extras.build/Debug-watchos/NIOCertificateReloading.build/Objects-normal/arm64_32/NIOCertificateReloading_dependency_info.dat --stringsdata-file /Users/admin/builder/spi-builder-workspace/.derivedData/Build/Intermediates.noindex/swift-nio-extras.build/Debug-watchos/NIOCertificateReloading.build/Objects-normal/arm64/ExtractedAppShortcutsMetadata.stringsdata --stringsdata-file /Users/admin/builder/spi-builder-workspace/.derivedData/Build/Intermediates.noindex/swift-nio-extras.build/Debug-watchos/NIOCertificateReloading.build/Objects-normal/armv7k/ExtractedAppShortcutsMetadata.stringsdata --stringsdata-file /Users/admin/builder/spi-builder-workspace/.derivedData/Build/Intermediates.noindex/swift-nio-extras.build/Debug-watchos/NIOCertificateReloading.build/Objects-normal/arm64_32/ExtractedAppShortcutsMetadata.stringsdata --source-file-list /Users/admin/builder/spi-builder-workspace/.derivedData/Build/Intermediates.noindex/swift-nio-extras.build/Debug-watchos/NIOCertificateReloading.build/Objects-normal/arm64/NIOCertificateReloading.SwiftFileList --source-file-list /Users/admin/builder/spi-builder-workspace/.derivedData/Build/Intermediates.noindex/swift-nio-extras.build/Debug-watchos/NIOCertificateReloading.build/Objects-normal/armv7k/NIOCertificateReloading.SwiftFileList --source-file-list /Users/admin/builder/spi-builder-workspace/.derivedData/Build/Intermediates.noindex/swift-nio-extras.build/Debug-watchos/NIOCertificateReloading.build/Objects-normal/arm64_32/NIOCertificateReloading.SwiftFileList --metadata-file-list /Users/admin/builder/spi-builder-workspace/.derivedData/Build/Intermediates.noindex/swift-nio-extras.build/Debug-watchos/NIOCertificateReloading.build/NIOCertificateReloading.DependencyMetadataFileList --static-metadata-file-list /Users/admin/builder/spi-builder-workspace/.derivedData/Build/Intermediates.noindex/swift-nio-extras.build/Debug-watchos/NIOCertificateReloading.build/NIOCertificateReloading.DependencyStaticMetadataFileList --swift-const-vals-list /Users/admin/builder/spi-builder-workspace/.derivedData/Build/Intermediates.noindex/swift-nio-extras.build/Debug-watchos/NIOCertificateReloading.build/Objects-normal/arm64/NIOCertificateReloading.SwiftConstValuesFileList --swift-const-vals-list /Users/admin/builder/spi-builder-workspace/.derivedData/Build/Intermediates.noindex/swift-nio-extras.build/Debug-watchos/NIOCertificateReloading.build/Objects-normal/armv7k/NIOCertificateReloading.SwiftConstValuesFileList --swift-const-vals-list /Users/admin/builder/spi-builder-workspace/.derivedData/Build/Intermediates.noindex/swift-nio-extras.build/Debug-watchos/NIOCertificateReloading.build/Objects-normal/arm64_32/NIOCertificateReloading.SwiftConstValuesFileList --force --compile-time-extraction --deployment-aware-processing --validate-assistant-intents --no-app-shortcuts-localization
2026-09-04 06:02:50.375 appintentsmetadataprocessor[10653:31006] Starting appintentsmetadataprocessor export
2026-09-04 06:02:50.640 appintentsmetadataprocessor[10653:31006] Extracted no relevant App Intents symbols, skipping writing output
RegisterExecutionPolicyException /Users/admin/builder/spi-builder-workspace/.derivedData/Build/Products/Debug-watchos/NIOExtras.o (in target 'NIOExtras' from project 'swift-nio-extras')
    cd /Users/admin/builder/spi-builder-workspace/.dependencies/checkouts/swift-nio-extras
    builtin-RegisterExecutionPolicyException /Users/admin/builder/spi-builder-workspace/.derivedData/Build/Products/Debug-watchos/NIOExtras.o
RegisterExecutionPolicyException /Users/admin/builder/spi-builder-workspace/.derivedData/Build/Products/Debug-watchos/NIOHPACK.o (in target 'NIOHPACK' from project 'swift-nio-http2')
    cd /Users/admin/builder/spi-builder-workspace/.dependencies/checkouts/swift-nio-http2
    builtin-RegisterExecutionPolicyException /Users/admin/builder/spi-builder-workspace/.derivedData/Build/Products/Debug-watchos/NIOHPACK.o
Ld /Users/admin/builder/spi-builder-workspace/.derivedData/Build/Intermediates.noindex/swift-nio-http2.build/Debug-watchos/NIOHTTP2.build/Objects-normal/arm64_32/Binary/NIOHTTP2.o normal arm64_32 (in target 'NIOHTTP2' from project 'swift-nio-http2')
    cd /Users/admin/builder/spi-builder-workspace/.dependencies/checkouts/swift-nio-http2
    /Applications/Xcode-26.3.0.app/Contents/Developer/Toolchains/XcodeDefault.xctoolchain/usr/bin/clang -Xlinker -reproducible -target arm64_32-apple-watchos5.0 -r -isysroot /Applications/Xcode-26.3.0.app/Contents/Developer/Platforms/WatchOS.platform/Developer/SDKs/WatchOS26.2.sdk -O0 -w -L/Users/admin/builder/spi-builder-workspace/.derivedData/Build/Intermediates.noindex/EagerLinkingTBDs/Debug-watchos -L/Users/admin/builder/spi-builder-workspace/.derivedData/Build/Products/Debug-watchos -L/Applications/Xcode-26.3.0.app/Contents/Developer/Platforms/WatchOS.platform/Developer/usr/lib -F/Users/admin/builder/spi-builder-workspace/.derivedData/Build/Intermediates.noindex/EagerLinkingTBDs/Debug-watchos -F/Users/admin/builder/spi-builder-workspace/.derivedData/Build/Products/Debug-watchos/PackageFrameworks -F/Users/admin/builder/spi-builder-workspace/.derivedData/Build/Products/Debug-watchos/PackageFrameworks -F/Users/admin/builder/spi-builder-workspace/.derivedData/Build/Products/Debug-watchos/PackageFrameworks -F/Users/admin/builder/spi-builder-workspace/.derivedData/Build/Products/Debug-watchos/PackageFrameworks -F/Users/admin/builder/spi-builder-workspace/.derivedData/Build/Products/Debug-watchos/PackageFrameworks -F/Users/admin/builder/spi-builder-workspace/.derivedData/Build/Products/Debug-watchos/PackageFrameworks -F/Users/admin/builder/spi-builder-workspace/.derivedData/Build/Products/Debug-watchos/PackageFrameworks -F/Users/admin/builder/spi-builder-workspace/.derivedData/Build/Products/Debug-watchos/PackageFrameworks -F/Users/admin/builder/spi-builder-workspace/.derivedData/Build/Products/Debug-watchos/PackageFrameworks -F/Users/admin/builder/spi-builder-workspace/.derivedData/Build/Products/Debug-watchos/PackageFrameworks -F/Users/admin/builder/spi-builder-workspace/.derivedData/Build/Products/Debug-watchos/PackageFrameworks -F/Users/admin/builder/spi-builder-workspace/.derivedData/Build/Products/Debug-watchos/PackageFrameworks -F/Users/admin/builder/spi-builder-workspace/.derivedData/Build/Products/Debug-watchos/PackageFrameworks -F/Users/admin/builder/spi-builder-workspace/.derivedData/Build/Products/Debug-watchos/PackageFrameworks -F/Users/admin/builder/spi-builder-workspace/.derivedData/Build/Products/Debug-watchos/PackageFrameworks -F/Users/admin/builder/spi-builder-workspace/.derivedData/Build/Products/Debug-watchos/PackageFrameworks -F/Users/admin/builder/spi-builder-workspace/.derivedData/Build/Products/Debug-watchos/PackageFrameworks -F/Users/admin/builder/spi-builder-workspace/.derivedData/Build/Products/Debug-watchos/PackageFrameworks -F/Users/admin/builder/spi-builder-workspace/.derivedData/Build/Products/Debug-watchos/PackageFrameworks -F/Users/admin/builder/spi-builder-workspace/.derivedData/Build/Products/Debug-watchos/PackageFrameworks -F/Users/admin/builder/spi-builder-workspace/.derivedData/Build/Products/Debug-watchos/PackageFrameworks -F/Users/admin/builder/spi-builder-workspace/.derivedData/Build/Products/Debug-watchos/PackageFrameworks -F/Users/admin/builder/spi-builder-workspace/.derivedData/Build/Products/Debug-watchos/PackageFrameworks -F/Users/admin/builder/spi-builder-workspace/.derivedData/Build/Products/Debug-watchos/PackageFrameworks -F/Users/admin/builder/spi-builder-workspace/.derivedData/Build/Products/Debug-watchos -iframework /Applications/Xcode-26.3.0.app/Contents/Developer/Platforms/WatchOS.platform/Developer/Library/Frameworks -iframework /Applications/Xcode-26.3.0.app/Contents/Developer/Platforms/WatchOS.platform/Developer/SDKs/WatchOS26.2.sdk/Developer/Library/Frameworks -filelist /Users/admin/builder/spi-builder-workspace/.derivedData/Build/Intermediates.noindex/swift-nio-http2.build/Debug-watchos/NIOHTTP2.build/Objects-normal/arm64_32/NIOHTTP2.LinkFileList -nostdlib -Xlinker -object_path_lto -Xlinker /Users/admin/builder/spi-builder-workspace/.derivedData/Build/Intermediates.noindex/swift-nio-http2.build/Debug-watchos/NIOHTTP2.build/Objects-normal/arm64_32/NIOHTTP2_lto.o -rdynamic -Xlinker -no_deduplicate -Xlinker -debug_variant -Xlinker -dependency_info -Xlinker /Users/admin/builder/spi-builder-workspace/.derivedData/Build/Intermediates.noindex/swift-nio-http2.build/Debug-watchos/NIOHTTP2.build/Objects-normal/arm64_32/NIOHTTP2_dependency_info.dat -fobjc-link-runtime -L/Applications/Xcode-26.3.0.app/Contents/Developer/Toolchains/XcodeDefault.xctoolchain/usr/lib/swift/watchos -L/usr/lib/swift -Xlinker -add_ast_path -Xlinker /Users/admin/builder/spi-builder-workspace/.derivedData/Build/Intermediates.noindex/swift-nio-http2.build/Debug-watchos/NIOHTTP2.build/Objects-normal/arm64_32/NIOHTTP2.swiftmodule @/Users/admin/builder/spi-builder-workspace/.derivedData/Build/Intermediates.noindex/swift-nio-http2.build/Debug-watchos/NIOHTTP2.build/Objects-normal/arm64_32/NIOHTTP2-linker-args.resp -o /Users/admin/builder/spi-builder-workspace/.derivedData/Build/Intermediates.noindex/swift-nio-http2.build/Debug-watchos/NIOHTTP2.build/Objects-normal/arm64_32/Binary/NIOHTTP2.o
Ld /Users/admin/builder/spi-builder-workspace/.derivedData/Build/Intermediates.noindex/swift-nio-http2.build/Debug-watchos/NIOHTTP2.build/Objects-normal/armv7k/Binary/NIOHTTP2.o normal armv7k (in target 'NIOHTTP2' from project 'swift-nio-http2')
    cd /Users/admin/builder/spi-builder-workspace/.dependencies/checkouts/swift-nio-http2
    /Applications/Xcode-26.3.0.app/Contents/Developer/Toolchains/XcodeDefault.xctoolchain/usr/bin/clang -Xlinker -reproducible -target armv7k-apple-watchos5.0 -r -isysroot /Applications/Xcode-26.3.0.app/Contents/Developer/Platforms/WatchOS.platform/Developer/SDKs/WatchOS26.2.sdk -O0 -w -L/Users/admin/builder/spi-builder-workspace/.derivedData/Build/Intermediates.noindex/EagerLinkingTBDs/Debug-watchos -L/Users/admin/builder/spi-builder-workspace/.derivedData/Build/Products/Debug-watchos -L/Applications/Xcode-26.3.0.app/Contents/Developer/Platforms/WatchOS.platform/Developer/usr/lib -F/Users/admin/builder/spi-builder-workspace/.derivedData/Build/Intermediates.noindex/EagerLinkingTBDs/Debug-watchos -F/Users/admin/builder/spi-builder-workspace/.derivedData/Build/Products/Debug-watchos/PackageFrameworks -F/Users/admin/builder/spi-builder-workspace/.derivedData/Build/Products/Debug-watchos/PackageFrameworks -F/Users/admin/builder/spi-builder-workspace/.derivedData/Build/Products/Debug-watchos/PackageFrameworks -F/Users/admin/builder/spi-builder-workspace/.derivedData/Build/Products/Debug-watchos/PackageFrameworks -F/Users/admin/builder/spi-builder-workspace/.derivedData/Build/Products/Debug-watchos/PackageFrameworks -F/Users/admin/builder/spi-builder-workspace/.derivedData/Build/Products/Debug-watchos/PackageFrameworks -F/Users/admin/builder/spi-builder-workspace/.derivedData/Build/Products/Debug-watchos/PackageFrameworks -F/Users/admin/builder/spi-builder-workspace/.derivedData/Build/Products/Debug-watchos/PackageFrameworks -F/Users/admin/builder/spi-builder-workspace/.derivedData/Build/Products/Debug-watchos/PackageFrameworks -F/Users/admin/builder/spi-builder-workspace/.derivedData/Build/Products/Debug-watchos/PackageFrameworks -F/Users/admin/builder/spi-builder-workspace/.derivedData/Build/Products/Debug-watchos/PackageFrameworks -F/Users/admin/builder/spi-builder-workspace/.derivedData/Build/Products/Debug-watchos/PackageFrameworks -F/Users/admin/builder/spi-builder-workspace/.derivedData/Build/Products/Debug-watchos/PackageFrameworks -F/Users/admin/builder/spi-builder-workspace/.derivedData/Build/Products/Debug-watchos/PackageFrameworks -F/Users/admin/builder/spi-builder-workspace/.derivedData/Build/Products/Debug-watchos/PackageFrameworks -F/Users/admin/builder/spi-builder-workspace/.derivedData/Build/Products/Debug-watchos/PackageFrameworks -F/Users/admin/builder/spi-builder-workspace/.derivedData/Build/Products/Debug-watchos/PackageFrameworks -F/Users/admin/builder/spi-builder-workspace/.derivedData/Build/Products/Debug-watchos/PackageFrameworks -F/Users/admin/builder/spi-builder-workspace/.derivedData/Build/Products/Debug-watchos/PackageFrameworks -F/Users/admin/builder/spi-builder-workspace/.derivedData/Build/Products/Debug-watchos/PackageFrameworks -F/Users/admin/builder/spi-builder-workspace/.derivedData/Build/Products/Debug-watchos/PackageFrameworks -F/Users/admin/builder/spi-builder-workspace/.derivedData/Build/Products/Debug-watchos/PackageFrameworks -F/Users/admin/builder/spi-builder-workspace/.derivedData/Build/Products/Debug-watchos/PackageFrameworks -F/Users/admin/builder/spi-builder-workspace/.derivedData/Build/Products/Debug-watchos/PackageFrameworks -F/Users/admin/builder/spi-builder-workspace/.derivedData/Build/Products/Debug-watchos -iframework /Applications/Xcode-26.3.0.app/Contents/Developer/Platforms/WatchOS.platform/Developer/Library/Frameworks -iframework /Applications/Xcode-26.3.0.app/Contents/Developer/Platforms/WatchOS.platform/Developer/SDKs/WatchOS26.2.sdk/Developer/Library/Frameworks -filelist /Users/admin/builder/spi-builder-workspace/.derivedData/Build/Intermediates.noindex/swift-nio-http2.build/Debug-watchos/NIOHTTP2.build/Objects-normal/armv7k/NIOHTTP2.LinkFileList -nostdlib -Xlinker -object_path_lto -Xlinker /Users/admin/builder/spi-builder-workspace/.derivedData/Build/Intermediates.noindex/swift-nio-http2.build/Debug-watchos/NIOHTTP2.build/Objects-normal/armv7k/NIOHTTP2_lto.o -rdynamic -Xlinker -no_deduplicate -Xlinker -debug_variant -Xlinker -dependency_info -Xlinker /Users/admin/builder/spi-builder-workspace/.derivedData/Build/Intermediates.noindex/swift-nio-http2.build/Debug-watchos/NIOHTTP2.build/Objects-normal/armv7k/NIOHTTP2_dependency_info.dat -fobjc-link-runtime -L/Applications/Xcode-26.3.0.app/Contents/Developer/Toolchains/XcodeDefault.xctoolchain/usr/lib/swift/watchos -L/usr/lib/swift -Xlinker -add_ast_path -Xlinker /Users/admin/builder/spi-builder-workspace/.derivedData/Build/Intermediates.noindex/swift-nio-http2.build/Debug-watchos/NIOHTTP2.build/Objects-normal/armv7k/NIOHTTP2.swiftmodule @/Users/admin/builder/spi-builder-workspace/.derivedData/Build/Intermediates.noindex/swift-nio-http2.build/Debug-watchos/NIOHTTP2.build/Objects-normal/armv7k/NIOHTTP2-linker-args.resp -o /Users/admin/builder/spi-builder-workspace/.derivedData/Build/Intermediates.noindex/swift-nio-http2.build/Debug-watchos/NIOHTTP2.build/Objects-normal/armv7k/Binary/NIOHTTP2.o
Ld /Users/admin/builder/spi-builder-workspace/.derivedData/Build/Intermediates.noindex/swift-nio-http2.build/Debug-watchos/NIOHTTP2.build/Objects-normal/arm64/Binary/NIOHTTP2.o normal arm64 (in target 'NIOHTTP2' from project 'swift-nio-http2')
    cd /Users/admin/builder/spi-builder-workspace/.dependencies/checkouts/swift-nio-http2
    /Applications/Xcode-26.3.0.app/Contents/Developer/Toolchains/XcodeDefault.xctoolchain/usr/bin/clang -Xlinker -reproducible -target arm64-apple-watchos5.0 -r -isysroot /Applications/Xcode-26.3.0.app/Contents/Developer/Platforms/WatchOS.platform/Developer/SDKs/WatchOS26.2.sdk -O0 -w -L/Users/admin/builder/spi-builder-workspace/.derivedData/Build/Intermediates.noindex/EagerLinkingTBDs/Debug-watchos -L/Users/admin/builder/spi-builder-workspace/.derivedData/Build/Products/Debug-watchos -L/Applications/Xcode-26.3.0.app/Contents/Developer/Platforms/WatchOS.platform/Developer/usr/lib -F/Users/admin/builder/spi-builder-workspace/.derivedData/Build/Intermediates.noindex/EagerLinkingTBDs/Debug-watchos -F/Users/admin/builder/spi-builder-workspace/.derivedData/Build/Products/Debug-watchos/PackageFrameworks -F/Users/admin/builder/spi-builder-workspace/.derivedData/Build/Products/Debug-watchos/PackageFrameworks -F/Users/admin/builder/spi-builder-workspace/.derivedData/Build/Products/Debug-watchos/PackageFrameworks -F/Users/admin/builder/spi-builder-workspace/.derivedData/Build/Products/Debug-watchos/PackageFrameworks -F/Users/admin/builder/spi-builder-workspace/.derivedData/Build/Products/Debug-watchos/PackageFrameworks -F/Users/admin/builder/spi-builder-workspace/.derivedData/Build/Products/Debug-watchos/PackageFrameworks -F/Users/admin/builder/spi-builder-workspace/.derivedData/Build/Products/Debug-watchos/PackageFrameworks -F/Users/admin/builder/spi-builder-workspace/.derivedData/Build/Products/Debug-watchos/PackageFrameworks -F/Users/admin/builder/spi-builder-workspace/.derivedData/Build/Products/Debug-watchos/PackageFrameworks -F/Users/admin/builder/spi-builder-workspace/.derivedData/Build/Products/Debug-watchos/PackageFrameworks -F/Users/admin/builder/spi-builder-workspace/.derivedData/Build/Products/Debug-watchos/PackageFrameworks -F/Users/admin/builder/spi-builder-workspace/.derivedData/Build/Products/Debug-watchos/PackageFrameworks -F/Users/admin/builder/spi-builder-workspace/.derivedData/Build/Products/Debug-watchos/PackageFrameworks -F/Users/admin/builder/spi-builder-workspace/.derivedData/Build/Products/Debug-watchos/PackageFrameworks -F/Users/admin/builder/spi-builder-workspace/.derivedData/Build/Products/Debug-watchos/PackageFrameworks -F/Users/admin/builder/spi-builder-workspace/.derivedData/Build/Products/Debug-watchos/PackageFrameworks -F/Users/admin/builder/spi-builder-workspace/.derivedData/Build/Products/Debug-watchos/PackageFrameworks -F/Users/admin/builder/spi-builder-workspace/.derivedData/Build/Products/Debug-watchos/PackageFrameworks -F/Users/admin/builder/spi-builder-workspace/.derivedData/Build/Products/Debug-watchos/PackageFrameworks -F/Users/admin/builder/spi-builder-workspace/.derivedData/Build/Products/Debug-watchos/PackageFrameworks -F/Users/admin/builder/spi-builder-workspace/.derivedData/Build/Products/Debug-watchos/PackageFrameworks -F/Users/admin/builder/spi-builder-workspace/.derivedData/Build/Products/Debug-watchos/PackageFrameworks -F/Users/admin/builder/spi-builder-workspace/.derivedData/Build/Products/Debug-watchos/PackageFrameworks -F/Users/admin/builder/spi-builder-workspace/.derivedData/Build/Products/Debug-watchos/PackageFrameworks -F/Users/admin/builder/spi-builder-workspace/.derivedData/Build/Products/Debug-watchos -iframework /Applications/Xcode-26.3.0.app/Contents/Developer/Platforms/WatchOS.platform/Developer/Library/Frameworks -iframework /Applications/Xcode-26.3.0.app/Contents/Developer/Platforms/WatchOS.platform/Developer/SDKs/WatchOS26.2.sdk/Developer/Library/Frameworks -filelist /Users/admin/builder/spi-builder-workspace/.derivedData/Build/Intermediates.noindex/swift-nio-http2.build/Debug-watchos/NIOHTTP2.build/Objects-normal/arm64/NIOHTTP2.LinkFileList -nostdlib -Xlinker -object_path_lto -Xlinker /Users/admin/builder/spi-builder-workspace/.derivedData/Build/Intermediates.noindex/swift-nio-http2.build/Debug-watchos/NIOHTTP2.build/Objects-normal/arm64/NIOHTTP2_lto.o -rdynamic -Xlinker -no_deduplicate -Xlinker -debug_variant -Xlinker -dependency_info -Xlinker /Users/admin/builder/spi-builder-workspace/.derivedData/Build/Intermediates.noindex/swift-nio-http2.build/Debug-watchos/NIOHTTP2.build/Objects-normal/arm64/NIOHTTP2_dependency_info.dat -fobjc-link-runtime -L/Applications/Xcode-26.3.0.app/Contents/Developer/Toolchains/XcodeDefault.xctoolchain/usr/lib/swift/watchos -L/usr/lib/swift -Xlinker -add_ast_path -Xlinker /Users/admin/builder/spi-builder-workspace/.derivedData/Build/Intermediates.noindex/swift-nio-http2.build/Debug-watchos/NIOHTTP2.build/Objects-normal/arm64/NIOHTTP2.swiftmodule @/Users/admin/builder/spi-builder-workspace/.derivedData/Build/Intermediates.noindex/swift-nio-http2.build/Debug-watchos/NIOHTTP2.build/Objects-normal/arm64/NIOHTTP2-linker-args.resp -o /Users/admin/builder/spi-builder-workspace/.derivedData/Build/Intermediates.noindex/swift-nio-http2.build/Debug-watchos/NIOHTTP2.build/Objects-normal/arm64/Binary/NIOHTTP2.o
CreateUniversalBinary /Users/admin/builder/spi-builder-workspace/.derivedData/Build/Products/Debug-watchos/NIOHTTP2.o normal arm64\ armv7k\ arm64_32 (in target 'NIOHTTP2' from project 'swift-nio-http2')
    cd /Users/admin/builder/spi-builder-workspace/.dependencies/checkouts/swift-nio-http2
    /Applications/Xcode-26.3.0.app/Contents/Developer/Toolchains/XcodeDefault.xctoolchain/usr/bin/lipo -create /Users/admin/builder/spi-builder-workspace/.derivedData/Build/Intermediates.noindex/swift-nio-http2.build/Debug-watchos/NIOHTTP2.build/Objects-normal/arm64/Binary/NIOHTTP2.o /Users/admin/builder/spi-builder-workspace/.derivedData/Build/Intermediates.noindex/swift-nio-http2.build/Debug-watchos/NIOHTTP2.build/Objects-normal/armv7k/Binary/NIOHTTP2.o /Users/admin/builder/spi-builder-workspace/.derivedData/Build/Intermediates.noindex/swift-nio-http2.build/Debug-watchos/NIOHTTP2.build/Objects-normal/arm64_32/Binary/NIOHTTP2.o -output /Users/admin/builder/spi-builder-workspace/.derivedData/Build/Products/Debug-watchos/NIOHTTP2.o
ExtractAppIntentsMetadata (in target 'NIOHTTP2' from project 'swift-nio-http2')
    cd /Users/admin/builder/spi-builder-workspace/.dependencies/checkouts/swift-nio-http2
    /Applications/Xcode-26.3.0.app/Contents/Developer/Toolchains/XcodeDefault.xctoolchain/usr/bin/appintentsmetadataprocessor --toolchain-dir /var/run/com.apple.security.cryptexd/mnt/com.apple.MobileAsset.MetalToolchain-v17.3.7003.10.m5sO2x/Metal.xctoolchain --module-name NIOHTTP2 --sdk-root /Applications/Xcode-26.3.0.app/Contents/Developer/Platforms/WatchOS.platform/Developer/SDKs/WatchOS26.2.sdk --xcode-version 17C529 --platform-family watchOS --deployment-target 5.0 --bundle-identifier swift-nio-http2.NIOHTTP2 --output /Users/admin/builder/spi-builder-workspace/.derivedData/Build/Products/Debug-watchos/NIOHTTP2.appintents --target-triple arm64-apple-watchos5.0 --target-triple armv7k-apple-watchos5.0 --target-triple arm64_32-apple-watchos5.0 --binary-file /Users/admin/builder/spi-builder-workspace/.derivedData/Build/Products/Debug-watchos/NIOHTTP2.o --dependency-file /Users/admin/builder/spi-builder-workspace/.derivedData/Build/Intermediates.noindex/swift-nio-http2.build/Debug-watchos/NIOHTTP2.build/Objects-normal/arm64/NIOHTTP2_dependency_info.dat --dependency-file /Users/admin/builder/spi-builder-workspace/.derivedData/Build/Intermediates.noindex/swift-nio-http2.build/Debug-watchos/NIOHTTP2.build/Objects-normal/armv7k/NIOHTTP2_dependency_info.dat --dependency-file /Users/admin/builder/spi-builder-workspace/.derivedData/Build/Intermediates.noindex/swift-nio-http2.build/Debug-watchos/NIOHTTP2.build/Objects-normal/arm64_32/NIOHTTP2_dependency_info.dat --stringsdata-file /Users/admin/builder/spi-builder-workspace/.derivedData/Build/Intermediates.noindex/swift-nio-http2.build/Debug-watchos/NIOHTTP2.build/Objects-normal/arm64/ExtractedAppShortcutsMetadata.stringsdata --stringsdata-file /Users/admin/builder/spi-builder-workspace/.derivedData/Build/Intermediates.noindex/swift-nio-http2.build/Debug-watchos/NIOHTTP2.build/Objects-normal/armv7k/ExtractedAppShortcutsMetadata.stringsdata --stringsdata-file /Users/admin/builder/spi-builder-workspace/.derivedData/Build/Intermediates.noindex/swift-nio-http2.build/Debug-watchos/NIOHTTP2.build/Objects-normal/arm64_32/ExtractedAppShortcutsMetadata.stringsdata --source-file-list /Users/admin/builder/spi-builder-workspace/.derivedData/Build/Intermediates.noindex/swift-nio-http2.build/Debug-watchos/NIOHTTP2.build/Objects-normal/arm64/NIOHTTP2.SwiftFileList --source-file-list /Users/admin/builder/spi-builder-workspace/.derivedData/Build/Intermediates.noindex/swift-nio-http2.build/Debug-watchos/NIOHTTP2.build/Objects-normal/armv7k/NIOHTTP2.SwiftFileList --source-file-list /Users/admin/builder/spi-builder-workspace/.derivedData/Build/Intermediates.noindex/swift-nio-http2.build/Debug-watchos/NIOHTTP2.build/Objects-normal/arm64_32/NIOHTTP2.SwiftFileList --metadata-file-list /Users/admin/builder/spi-builder-workspace/.derivedData/Build/Intermediates.noindex/swift-nio-http2.build/Debug-watchos/NIOHTTP2.build/NIOHTTP2.DependencyMetadataFileList --static-metadata-file-list /Users/admin/builder/spi-builder-workspace/.derivedData/Build/Intermediates.noindex/swift-nio-http2.build/Debug-watchos/NIOHTTP2.build/NIOHTTP2.DependencyStaticMetadataFileList --swift-const-vals-list /Users/admin/builder/spi-builder-workspace/.derivedData/Build/Intermediates.noindex/swift-nio-http2.build/Debug-watchos/NIOHTTP2.build/Objects-normal/arm64/NIOHTTP2.SwiftConstValuesFileList --swift-const-vals-list /Users/admin/builder/spi-builder-workspace/.derivedData/Build/Intermediates.noindex/swift-nio-http2.build/Debug-watchos/NIOHTTP2.build/Objects-normal/armv7k/NIOHTTP2.SwiftConstValuesFileList --swift-const-vals-list /Users/admin/builder/spi-builder-workspace/.derivedData/Build/Intermediates.noindex/swift-nio-http2.build/Debug-watchos/NIOHTTP2.build/Objects-normal/arm64_32/NIOHTTP2.SwiftConstValuesFileList --force --compile-time-extraction --deployment-aware-processing --validate-assistant-intents --no-app-shortcuts-localization
2026-09-04 06:02:50.606 appintentsmetadataprocessor[10661:31077] Starting appintentsmetadataprocessor export
2026-09-04 06:02:50.730 appintentsmetadataprocessor[10661:31077] Extracted no relevant App Intents symbols, skipping writing output
RegisterExecutionPolicyException /Users/admin/builder/spi-builder-workspace/.derivedData/Build/Products/Debug-watchos/NIOCertificateReloading.o (in target 'NIOCertificateReloading' from project 'swift-nio-extras')
    cd /Users/admin/builder/spi-builder-workspace/.dependencies/checkouts/swift-nio-extras
    builtin-RegisterExecutionPolicyException /Users/admin/builder/spi-builder-workspace/.derivedData/Build/Products/Debug-watchos/NIOCertificateReloading.o
RegisterExecutionPolicyException /Users/admin/builder/spi-builder-workspace/.derivedData/Build/Products/Debug-watchos/NIOHTTP2.o (in target 'NIOHTTP2' from project 'swift-nio-http2')
    cd /Users/admin/builder/spi-builder-workspace/.dependencies/checkouts/swift-nio-http2
    builtin-RegisterExecutionPolicyException /Users/admin/builder/spi-builder-workspace/.derivedData/Build/Products/Debug-watchos/NIOHTTP2.o
Ld /Users/admin/builder/spi-builder-workspace/.derivedData/Build/Intermediates.noindex/grpc-swift-nio-transport.build/Debug-watchos/GRPCNIOTransportCore.build/Objects-normal/arm64/Binary/GRPCNIOTransportCore.o normal arm64 (in target 'GRPCNIOTransportCore' from project 'grpc-swift-nio-transport')
    cd /Users/admin/builder/spi-builder-workspace/.dependencies/checkouts/grpc-swift-nio-transport
    /Applications/Xcode-26.3.0.app/Contents/Developer/Toolchains/XcodeDefault.xctoolchain/usr/bin/clang -Xlinker -reproducible -target arm64-apple-watchos5.0 -r -isysroot /Applications/Xcode-26.3.0.app/Contents/Developer/Platforms/WatchOS.platform/Developer/SDKs/WatchOS26.2.sdk -O0 -w -L/Users/admin/builder/spi-builder-workspace/.derivedData/Build/Intermediates.noindex/EagerLinkingTBDs/Debug-watchos -L/Users/admin/builder/spi-builder-workspace/.derivedData/Build/Products/Debug-watchos -L/Applications/Xcode-26.3.0.app/Contents/Developer/Platforms/WatchOS.platform/Developer/usr/lib -F/Users/admin/builder/spi-builder-workspace/.derivedData/Build/Intermediates.noindex/EagerLinkingTBDs/Debug-watchos -F/Users/admin/builder/spi-builder-workspace/.derivedData/Build/Products/Debug-watchos/PackageFrameworks -F/Users/admin/builder/spi-builder-workspace/.derivedData/Build/Products/Debug-watchos/PackageFrameworks -F/Users/admin/builder/spi-builder-workspace/.derivedData/Build/Products/Debug-watchos/PackageFrameworks -F/Users/admin/builder/spi-builder-workspace/.derivedData/Build/Products/Debug-watchos/PackageFrameworks -F/Users/admin/builder/spi-builder-workspace/.derivedData/Build/Products/Debug-watchos/PackageFrameworks -F/Users/admin/builder/spi-builder-workspace/.derivedData/Build/Products/Debug-watchos/PackageFrameworks -F/Users/admin/builder/spi-builder-workspace/.derivedData/Build/Products/Debug-watchos/PackageFrameworks -F/Users/admin/builder/spi-builder-workspace/.derivedData/Build/Products/Debug-watchos/PackageFrameworks -F/Users/admin/builder/spi-builder-workspace/.derivedData/Build/Products/Debug-watchos/PackageFrameworks -F/Users/admin/builder/spi-builder-workspace/.derivedData/Build/Products/Debug-watchos/PackageFrameworks -F/Users/admin/builder/spi-builder-workspace/.derivedData/Build/Products/Debug-watchos/PackageFrameworks -F/Users/admin/builder/spi-builder-workspace/.derivedData/Build/Products/Debug-watchos/PackageFrameworks -F/Users/admin/builder/spi-builder-workspace/.derivedData/Build/Products/Debug-watchos/PackageFrameworks -F/Users/admin/builder/spi-builder-workspace/.derivedData/Build/Products/Debug-watchos/PackageFrameworks -F/Users/admin/builder/spi-builder-workspace/.derivedData/Build/Products/Debug-watchos/PackageFrameworks -F/Users/admin/builder/spi-builder-workspace/.derivedData/Build/Products/Debug-watchos/PackageFrameworks -F/Users/admin/builder/spi-builder-workspace/.derivedData/Build/Products/Debug-watchos/PackageFrameworks -F/Users/admin/builder/spi-builder-workspace/.derivedData/Build/Products/Debug-watchos/PackageFrameworks -F/Users/admin/builder/spi-builder-workspace/.derivedData/Build/Products/Debug-watchos/PackageFrameworks -F/Users/admin/builder/spi-builder-workspace/.derivedData/Build/Products/Debug-watchos/PackageFrameworks -F/Users/admin/builder/spi-builder-workspace/.derivedData/Build/Products/Debug-watchos/PackageFrameworks -F/Users/admin/builder/spi-builder-workspace/.derivedData/Build/Products/Debug-watchos/PackageFrameworks -F/Users/admin/builder/spi-builder-workspace/.derivedData/Build/Products/Debug-watchos/PackageFrameworks -F/Users/admin/builder/spi-builder-workspace/.derivedData/Build/Products/Debug-watchos/PackageFrameworks -F/Users/admin/builder/spi-builder-workspace/.derivedData/Build/Products/Debug-watchos/PackageFrameworks -F/Users/admin/builder/spi-builder-workspace/.derivedData/Build/Products/Debug-watchos/PackageFrameworks -F/Users/admin/builder/spi-builder-workspace/.derivedData/Build/Products/Debug-watchos/PackageFrameworks -F/Users/admin/builder/spi-builder-workspace/.derivedData/Build/Products/Debug-watchos/PackageFrameworks -F/Users/admin/builder/spi-builder-workspace/.derivedData/Build/Products/Debug-watchos -iframework /Applications/Xcode-26.3.0.app/Contents/Developer/Platforms/WatchOS.platform/Developer/Library/Frameworks -iframework /Applications/Xcode-26.3.0.app/Contents/Developer/Platforms/WatchOS.platform/Developer/SDKs/WatchOS26.2.sdk/Developer/Library/Frameworks -filelist /Users/admin/builder/spi-builder-workspace/.derivedData/Build/Intermediates.noindex/grpc-swift-nio-transport.build/Debug-watchos/GRPCNIOTransportCore.build/Objects-normal/arm64/GRPCNIOTransportCore.LinkFileList -nostdlib -Xlinker -object_path_lto -Xlinker /Users/admin/builder/spi-builder-workspace/.derivedData/Build/Intermediates.noindex/grpc-swift-nio-transport.build/Debug-watchos/GRPCNIOTransportCore.build/Objects-normal/arm64/GRPCNIOTransportCore_lto.o -rdynamic -Xlinker -no_deduplicate -Xlinker -debug_variant -Xlinker -dependency_info -Xlinker /Users/admin/builder/spi-builder-workspace/.derivedData/Build/Intermediates.noindex/grpc-swift-nio-transport.build/Debug-watchos/GRPCNIOTransportCore.build/Objects-normal/arm64/GRPCNIOTransportCore_dependency_info.dat -fobjc-link-runtime -L/Applications/Xcode-26.3.0.app/Contents/Developer/Toolchains/XcodeDefault.xctoolchain/usr/lib/swift/watchos -L/usr/lib/swift -Xlinker -add_ast_path -Xlinker /Users/admin/builder/spi-builder-workspace/.derivedData/Build/Intermediates.noindex/grpc-swift-nio-transport.build/Debug-watchos/GRPCNIOTransportCore.build/Objects-normal/arm64/GRPCNIOTransportCore.swiftmodule @/Users/admin/builder/spi-builder-workspace/.derivedData/Build/Intermediates.noindex/grpc-swift-nio-transport.build/Debug-watchos/GRPCNIOTransportCore.build/Objects-normal/arm64/GRPCNIOTransportCore-linker-args.resp -o /Users/admin/builder/spi-builder-workspace/.derivedData/Build/Intermediates.noindex/grpc-swift-nio-transport.build/Debug-watchos/GRPCNIOTransportCore.build/Objects-normal/arm64/Binary/GRPCNIOTransportCore.o
Ld /Users/admin/builder/spi-builder-workspace/.derivedData/Build/Intermediates.noindex/grpc-swift-nio-transport.build/Debug-watchos/GRPCNIOTransportCore.build/Objects-normal/armv7k/Binary/GRPCNIOTransportCore.o normal armv7k (in target 'GRPCNIOTransportCore' from project 'grpc-swift-nio-transport')
    cd /Users/admin/builder/spi-builder-workspace/.dependencies/checkouts/grpc-swift-nio-transport
    /Applications/Xcode-26.3.0.app/Contents/Developer/Toolchains/XcodeDefault.xctoolchain/usr/bin/clang -Xlinker -reproducible -target armv7k-apple-watchos5.0 -r -isysroot /Applications/Xcode-26.3.0.app/Contents/Developer/Platforms/WatchOS.platform/Developer/SDKs/WatchOS26.2.sdk -O0 -w -L/Users/admin/builder/spi-builder-workspace/.derivedData/Build/Intermediates.noindex/EagerLinkingTBDs/Debug-watchos -L/Users/admin/builder/spi-builder-workspace/.derivedData/Build/Products/Debug-watchos -L/Applications/Xcode-26.3.0.app/Contents/Developer/Platforms/WatchOS.platform/Developer/usr/lib -F/Users/admin/builder/spi-builder-workspace/.derivedData/Build/Intermediates.noindex/EagerLinkingTBDs/Debug-watchos -F/Users/admin/builder/spi-builder-workspace/.derivedData/Build/Products/Debug-watchos/PackageFrameworks -F/Users/admin/builder/spi-builder-workspace/.derivedData/Build/Products/Debug-watchos/PackageFrameworks -F/Users/admin/builder/spi-builder-workspace/.derivedData/Build/Products/Debug-watchos/PackageFrameworks -F/Users/admin/builder/spi-builder-workspace/.derivedData/Build/Products/Debug-watchos/PackageFrameworks -F/Users/admin/builder/spi-builder-workspace/.derivedData/Build/Products/Debug-watchos/PackageFrameworks -F/Users/admin/builder/spi-builder-workspace/.derivedData/Build/Products/Debug-watchos/PackageFrameworks -F/Users/admin/builder/spi-builder-workspace/.derivedData/Build/Products/Debug-watchos/PackageFrameworks -F/Users/admin/builder/spi-builder-workspace/.derivedData/Build/Products/Debug-watchos/PackageFrameworks -F/Users/admin/builder/spi-builder-workspace/.derivedData/Build/Products/Debug-watchos/PackageFrameworks -F/Users/admin/builder/spi-builder-workspace/.derivedData/Build/Products/Debug-watchos/PackageFrameworks -F/Users/admin/builder/spi-builder-workspace/.derivedData/Build/Products/Debug-watchos/PackageFrameworks -F/Users/admin/builder/spi-builder-workspace/.derivedData/Build/Products/Debug-watchos/PackageFrameworks -F/Users/admin/builder/spi-builder-workspace/.derivedData/Build/Products/Debug-watchos/PackageFrameworks -F/Users/admin/builder/spi-builder-workspace/.derivedData/Build/Products/Debug-watchos/PackageFrameworks -F/Users/admin/builder/spi-builder-workspace/.derivedData/Build/Products/Debug-watchos/PackageFrameworks -F/Users/admin/builder/spi-builder-workspace/.derivedData/Build/Products/Debug-watchos/PackageFrameworks -F/Users/admin/builder/spi-builder-workspace/.derivedData/Build/Products/Debug-watchos/PackageFrameworks -F/Users/admin/builder/spi-builder-workspace/.derivedData/Build/Products/Debug-watchos/PackageFrameworks -F/Users/admin/builder/spi-builder-workspace/.derivedData/Build/Products/Debug-watchos/PackageFrameworks -F/Users/admin/builder/spi-builder-workspace/.derivedData/Build/Products/Debug-watchos/PackageFrameworks -F/Users/admin/builder/spi-builder-workspace/.derivedData/Build/Products/Debug-watchos/PackageFrameworks -F/Users/admin/builder/spi-builder-workspace/.derivedData/Build/Products/Debug-watchos/PackageFrameworks -F/Users/admin/builder/spi-builder-workspace/.derivedData/Build/Products/Debug-watchos/PackageFrameworks -F/Users/admin/builder/spi-builder-workspace/.derivedData/Build/Products/Debug-watchos/PackageFrameworks -F/Users/admin/builder/spi-builder-workspace/.derivedData/Build/Products/Debug-watchos/PackageFrameworks -F/Users/admin/builder/spi-builder-workspace/.derivedData/Build/Products/Debug-watchos/PackageFrameworks -F/Users/admin/builder/spi-builder-workspace/.derivedData/Build/Products/Debug-watchos/PackageFrameworks -F/Users/admin/builder/spi-builder-workspace/.derivedData/Build/Products/Debug-watchos/PackageFrameworks -F/Users/admin/builder/spi-builder-workspace/.derivedData/Build/Products/Debug-watchos -iframework /Applications/Xcode-26.3.0.app/Contents/Developer/Platforms/WatchOS.platform/Developer/Library/Frameworks -iframework /Applications/Xcode-26.3.0.app/Contents/Developer/Platforms/WatchOS.platform/Developer/SDKs/WatchOS26.2.sdk/Developer/Library/Frameworks -filelist /Users/admin/builder/spi-builder-workspace/.derivedData/Build/Intermediates.noindex/grpc-swift-nio-transport.build/Debug-watchos/GRPCNIOTransportCore.build/Objects-normal/armv7k/GRPCNIOTransportCore.LinkFileList -nostdlib -Xlinker -object_path_lto -Xlinker /Users/admin/builder/spi-builder-workspace/.derivedData/Build/Intermediates.noindex/grpc-swift-nio-transport.build/Debug-watchos/GRPCNIOTransportCore.build/Objects-normal/armv7k/GRPCNIOTransportCore_lto.o -rdynamic -Xlinker -no_deduplicate -Xlinker -debug_variant -Xlinker -dependency_info -Xlinker /Users/admin/builder/spi-builder-workspace/.derivedData/Build/Intermediates.noindex/grpc-swift-nio-transport.build/Debug-watchos/GRPCNIOTransportCore.build/Objects-normal/armv7k/GRPCNIOTransportCore_dependency_info.dat -fobjc-link-runtime -L/Applications/Xcode-26.3.0.app/Contents/Developer/Toolchains/XcodeDefault.xctoolchain/usr/lib/swift/watchos -L/usr/lib/swift -Xlinker -add_ast_path -Xlinker /Users/admin/builder/spi-builder-workspace/.derivedData/Build/Intermediates.noindex/grpc-swift-nio-transport.build/Debug-watchos/GRPCNIOTransportCore.build/Objects-normal/armv7k/GRPCNIOTransportCore.swiftmodule @/Users/admin/builder/spi-builder-workspace/.derivedData/Build/Intermediates.noindex/grpc-swift-nio-transport.build/Debug-watchos/GRPCNIOTransportCore.build/Objects-normal/armv7k/GRPCNIOTransportCore-linker-args.resp -o /Users/admin/builder/spi-builder-workspace/.derivedData/Build/Intermediates.noindex/grpc-swift-nio-transport.build/Debug-watchos/GRPCNIOTransportCore.build/Objects-normal/armv7k/Binary/GRPCNIOTransportCore.o
Ld /Users/admin/builder/spi-builder-workspace/.derivedData/Build/Intermediates.noindex/grpc-swift-nio-transport.build/Debug-watchos/GRPCNIOTransportCore.build/Objects-normal/arm64_32/Binary/GRPCNIOTransportCore.o normal arm64_32 (in target 'GRPCNIOTransportCore' from project 'grpc-swift-nio-transport')
    cd /Users/admin/builder/spi-builder-workspace/.dependencies/checkouts/grpc-swift-nio-transport
    /Applications/Xcode-26.3.0.app/Contents/Developer/Toolchains/XcodeDefault.xctoolchain/usr/bin/clang -Xlinker -reproducible -target arm64_32-apple-watchos5.0 -r -isysroot /Applications/Xcode-26.3.0.app/Contents/Developer/Platforms/WatchOS.platform/Developer/SDKs/WatchOS26.2.sdk -O0 -w -L/Users/admin/builder/spi-builder-workspace/.derivedData/Build/Intermediates.noindex/EagerLinkingTBDs/Debug-watchos -L/Users/admin/builder/spi-builder-workspace/.derivedData/Build/Products/Debug-watchos -L/Applications/Xcode-26.3.0.app/Contents/Developer/Platforms/WatchOS.platform/Developer/usr/lib -F/Users/admin/builder/spi-builder-workspace/.derivedData/Build/Intermediates.noindex/EagerLinkingTBDs/Debug-watchos -F/Users/admin/builder/spi-builder-workspace/.derivedData/Build/Products/Debug-watchos/PackageFrameworks -F/Users/admin/builder/spi-builder-workspace/.derivedData/Build/Products/Debug-watchos/PackageFrameworks -F/Users/admin/builder/spi-builder-workspace/.derivedData/Build/Products/Debug-watchos/PackageFrameworks -F/Users/admin/builder/spi-builder-workspace/.derivedData/Build/Products/Debug-watchos/PackageFrameworks -F/Users/admin/builder/spi-builder-workspace/.derivedData/Build/Products/Debug-watchos/PackageFrameworks -F/Users/admin/builder/spi-builder-workspace/.derivedData/Build/Products/Debug-watchos/PackageFrameworks -F/Users/admin/builder/spi-builder-workspace/.derivedData/Build/Products/Debug-watchos/PackageFrameworks -F/Users/admin/builder/spi-builder-workspace/.derivedData/Build/Products/Debug-watchos/PackageFrameworks -F/Users/admin/builder/spi-builder-workspace/.derivedData/Build/Products/Debug-watchos/PackageFrameworks -F/Users/admin/builder/spi-builder-workspace/.derivedData/Build/Products/Debug-watchos/PackageFrameworks -F/Users/admin/builder/spi-builder-workspace/.derivedData/Build/Products/Debug-watchos/PackageFrameworks -F/Users/admin/builder/spi-builder-workspace/.derivedData/Build/Products/Debug-watchos/PackageFrameworks -F/Users/admin/builder/spi-builder-workspace/.derivedData/Build/Products/Debug-watchos/PackageFrameworks -F/Users/admin/builder/spi-builder-workspace/.derivedData/Build/Products/Debug-watchos/PackageFrameworks -F/Users/admin/builder/spi-builder-workspace/.derivedData/Build/Products/Debug-watchos/PackageFrameworks -F/Users/admin/builder/spi-builder-workspace/.derivedData/Build/Products/Debug-watchos/PackageFrameworks -F/Users/admin/builder/spi-builder-workspace/.derivedData/Build/Products/Debug-watchos/PackageFrameworks -F/Users/admin/builder/spi-builder-workspace/.derivedData/Build/Products/Debug-watchos/PackageFrameworks -F/Users/admin/builder/spi-builder-workspace/.derivedData/Build/Products/Debug-watchos/PackageFrameworks -F/Users/admin/builder/spi-builder-workspace/.derivedData/Build/Products/Debug-watchos/PackageFrameworks -F/Users/admin/builder/spi-builder-workspace/.derivedData/Build/Products/Debug-watchos/PackageFrameworks -F/Users/admin/builder/spi-builder-workspace/.derivedData/Build/Products/Debug-watchos/PackageFrameworks -F/Users/admin/builder/spi-builder-workspace/.derivedData/Build/Products/Debug-watchos/PackageFrameworks -F/Users/admin/builder/spi-builder-workspace/.derivedData/Build/Products/Debug-watchos/PackageFrameworks -F/Users/admin/builder/spi-builder-workspace/.derivedData/Build/Products/Debug-watchos/PackageFrameworks -F/Users/admin/builder/spi-builder-workspace/.derivedData/Build/Products/Debug-watchos/PackageFrameworks -F/Users/admin/builder/spi-builder-workspace/.derivedData/Build/Products/Debug-watchos/PackageFrameworks -F/Users/admin/builder/spi-builder-workspace/.derivedData/Build/Products/Debug-watchos/PackageFrameworks -F/Users/admin/builder/spi-builder-workspace/.derivedData/Build/Products/Debug-watchos -iframework /Applications/Xcode-26.3.0.app/Contents/Developer/Platforms/WatchOS.platform/Developer/Library/Frameworks -iframework /Applications/Xcode-26.3.0.app/Contents/Developer/Platforms/WatchOS.platform/Developer/SDKs/WatchOS26.2.sdk/Developer/Library/Frameworks -filelist /Users/admin/builder/spi-builder-workspace/.derivedData/Build/Intermediates.noindex/grpc-swift-nio-transport.build/Debug-watchos/GRPCNIOTransportCore.build/Objects-normal/arm64_32/GRPCNIOTransportCore.LinkFileList -nostdlib -Xlinker -object_path_lto -Xlinker /Users/admin/builder/spi-builder-workspace/.derivedData/Build/Intermediates.noindex/grpc-swift-nio-transport.build/Debug-watchos/GRPCNIOTransportCore.build/Objects-normal/arm64_32/GRPCNIOTransportCore_lto.o -rdynamic -Xlinker -no_deduplicate -Xlinker -debug_variant -Xlinker -dependency_info -Xlinker /Users/admin/builder/spi-builder-workspace/.derivedData/Build/Intermediates.noindex/grpc-swift-nio-transport.build/Debug-watchos/GRPCNIOTransportCore.build/Objects-normal/arm64_32/GRPCNIOTransportCore_dependency_info.dat -fobjc-link-runtime -L/Applications/Xcode-26.3.0.app/Contents/Developer/Toolchains/XcodeDefault.xctoolchain/usr/lib/swift/watchos -L/usr/lib/swift -Xlinker -add_ast_path -Xlinker /Users/admin/builder/spi-builder-workspace/.derivedData/Build/Intermediates.noindex/grpc-swift-nio-transport.build/Debug-watchos/GRPCNIOTransportCore.build/Objects-normal/arm64_32/GRPCNIOTransportCore.swiftmodule @/Users/admin/builder/spi-builder-workspace/.derivedData/Build/Intermediates.noindex/grpc-swift-nio-transport.build/Debug-watchos/GRPCNIOTransportCore.build/Objects-normal/arm64_32/GRPCNIOTransportCore-linker-args.resp -o /Users/admin/builder/spi-builder-workspace/.derivedData/Build/Intermediates.noindex/grpc-swift-nio-transport.build/Debug-watchos/GRPCNIOTransportCore.build/Objects-normal/arm64_32/Binary/GRPCNIOTransportCore.o
CreateUniversalBinary /Users/admin/builder/spi-builder-workspace/.derivedData/Build/Products/Debug-watchos/GRPCNIOTransportCore.o normal arm64\ armv7k\ arm64_32 (in target 'GRPCNIOTransportCore' from project 'grpc-swift-nio-transport')
    cd /Users/admin/builder/spi-builder-workspace/.dependencies/checkouts/grpc-swift-nio-transport
    /Applications/Xcode-26.3.0.app/Contents/Developer/Toolchains/XcodeDefault.xctoolchain/usr/bin/lipo -create /Users/admin/builder/spi-builder-workspace/.derivedData/Build/Intermediates.noindex/grpc-swift-nio-transport.build/Debug-watchos/GRPCNIOTransportCore.build/Objects-normal/arm64/Binary/GRPCNIOTransportCore.o /Users/admin/builder/spi-builder-workspace/.derivedData/Build/Intermediates.noindex/grpc-swift-nio-transport.build/Debug-watchos/GRPCNIOTransportCore.build/Objects-normal/armv7k/Binary/GRPCNIOTransportCore.o /Users/admin/builder/spi-builder-workspace/.derivedData/Build/Intermediates.noindex/grpc-swift-nio-transport.build/Debug-watchos/GRPCNIOTransportCore.build/Objects-normal/arm64_32/Binary/GRPCNIOTransportCore.o -output /Users/admin/builder/spi-builder-workspace/.derivedData/Build/Products/Debug-watchos/GRPCNIOTransportCore.o
ExtractAppIntentsMetadata (in target 'GRPCNIOTransportCore' from project 'grpc-swift-nio-transport')
    cd /Users/admin/builder/spi-builder-workspace/.dependencies/checkouts/grpc-swift-nio-transport
    /Applications/Xcode-26.3.0.app/Contents/Developer/Toolchains/XcodeDefault.xctoolchain/usr/bin/appintentsmetadataprocessor --toolchain-dir /var/run/com.apple.security.cryptexd/mnt/com.apple.MobileAsset.MetalToolchain-v17.3.7003.10.m5sO2x/Metal.xctoolchain --module-name GRPCNIOTransportCore --sdk-root /Applications/Xcode-26.3.0.app/Contents/Developer/Platforms/WatchOS.platform/Developer/SDKs/WatchOS26.2.sdk --xcode-version 17C529 --platform-family watchOS --deployment-target 5.0 --bundle-identifier grpc-swift-nio-transport.GRPCNIOTransportCore --output /Users/admin/builder/spi-builder-workspace/.derivedData/Build/Products/Debug-watchos/GRPCNIOTransportCore.appintents --target-triple arm64-apple-watchos5.0 --target-triple armv7k-apple-watchos5.0 --target-triple arm64_32-apple-watchos5.0 --binary-file /Users/admin/builder/spi-builder-workspace/.derivedData/Build/Products/Debug-watchos/GRPCNIOTransportCore.o --dependency-file /Users/admin/builder/spi-builder-workspace/.derivedData/Build/Intermediates.noindex/grpc-swift-nio-transport.build/Debug-watchos/GRPCNIOTransportCore.build/Objects-normal/arm64/GRPCNIOTransportCore_dependency_info.dat --dependency-file /Users/admin/builder/spi-builder-workspace/.derivedData/Build/Intermediates.noindex/grpc-swift-nio-transport.build/Debug-watchos/GRPCNIOTransportCore.build/Objects-normal/armv7k/GRPCNIOTransportCore_dependency_info.dat --dependency-file /Users/admin/builder/spi-builder-workspace/.derivedData/Build/Intermediates.noindex/grpc-swift-nio-transport.build/Debug-watchos/GRPCNIOTransportCore.build/Objects-normal/arm64_32/GRPCNIOTransportCore_dependency_info.dat --stringsdata-file /Users/admin/builder/spi-builder-workspace/.derivedData/Build/Intermediates.noindex/grpc-swift-nio-transport.build/Debug-watchos/GRPCNIOTransportCore.build/Objects-normal/arm64/ExtractedAppShortcutsMetadata.stringsdata --stringsdata-file /Users/admin/builder/spi-builder-workspace/.derivedData/Build/Intermediates.noindex/grpc-swift-nio-transport.build/Debug-watchos/GRPCNIOTransportCore.build/Objects-normal/armv7k/ExtractedAppShortcutsMetadata.stringsdata --stringsdata-file /Users/admin/builder/spi-builder-workspace/.derivedData/Build/Intermediates.noindex/grpc-swift-nio-transport.build/Debug-watchos/GRPCNIOTransportCore.build/Objects-normal/arm64_32/ExtractedAppShortcutsMetadata.stringsdata --source-file-list /Users/admin/builder/spi-builder-workspace/.derivedData/Build/Intermediates.noindex/grpc-swift-nio-transport.build/Debug-watchos/GRPCNIOTransportCore.build/Objects-normal/arm64/GRPCNIOTransportCore.SwiftFileList --source-file-list /Users/admin/builder/spi-builder-workspace/.derivedData/Build/Intermediates.noindex/grpc-swift-nio-transport.build/Debug-watchos/GRPCNIOTransportCore.build/Objects-normal/armv7k/GRPCNIOTransportCore.SwiftFileList --source-file-list /Users/admin/builder/spi-builder-workspace/.derivedData/Build/Intermediates.noindex/grpc-swift-nio-transport.build/Debug-watchos/GRPCNIOTransportCore.build/Objects-normal/arm64_32/GRPCNIOTransportCore.SwiftFileList --metadata-file-list /Users/admin/builder/spi-builder-workspace/.derivedData/Build/Intermediates.noindex/grpc-swift-nio-transport.build/Debug-watchos/GRPCNIOTransportCore.build/GRPCNIOTransportCore.DependencyMetadataFileList --static-metadata-file-list /Users/admin/builder/spi-builder-workspace/.derivedData/Build/Intermediates.noindex/grpc-swift-nio-transport.build/Debug-watchos/GRPCNIOTransportCore.build/GRPCNIOTransportCore.DependencyStaticMetadataFileList --swift-const-vals-list /Users/admin/builder/spi-builder-workspace/.derivedData/Build/Intermediates.noindex/grpc-swift-nio-transport.build/Debug-watchos/GRPCNIOTransportCore.build/Objects-normal/arm64/GRPCNIOTransportCore.SwiftConstValuesFileList --swift-const-vals-list /Users/admin/builder/spi-builder-workspace/.derivedData/Build/Intermediates.noindex/grpc-swift-nio-transport.build/Debug-watchos/GRPCNIOTransportCore.build/Objects-normal/armv7k/GRPCNIOTransportCore.SwiftConstValuesFileList --swift-const-vals-list /Users/admin/builder/spi-builder-workspace/.derivedData/Build/Intermediates.noindex/grpc-swift-nio-transport.build/Debug-watchos/GRPCNIOTransportCore.build/Objects-normal/arm64_32/GRPCNIOTransportCore.SwiftConstValuesFileList --force --compile-time-extraction --deployment-aware-processing --validate-assistant-intents --no-app-shortcuts-localization
2026-09-04 06:02:50.850 appintentsmetadataprocessor[10669:31129] Starting appintentsmetadataprocessor export
2026-09-04 06:02:50.959 appintentsmetadataprocessor[10669:31129] Extracted no relevant App Intents symbols, skipping writing output
RegisterExecutionPolicyException /Users/admin/builder/spi-builder-workspace/.derivedData/Build/Products/Debug-watchos/GRPCNIOTransportCore.o (in target 'GRPCNIOTransportCore' from project 'grpc-swift-nio-transport')
    cd /Users/admin/builder/spi-builder-workspace/.dependencies/checkouts/grpc-swift-nio-transport
    builtin-RegisterExecutionPolicyException /Users/admin/builder/spi-builder-workspace/.derivedData/Build/Products/Debug-watchos/GRPCNIOTransportCore.o
Ld /Users/admin/builder/spi-builder-workspace/.derivedData/Build/Intermediates.noindex/grpc-swift-nio-transport.build/Debug-watchos/GRPCNIOTransportHTTP2Posix.build/Objects-normal/armv7k/Binary/GRPCNIOTransportHTTP2Posix.o normal armv7k (in target 'GRPCNIOTransportHTTP2Posix' from project 'grpc-swift-nio-transport')
    cd /Users/admin/builder/spi-builder-workspace/.dependencies/checkouts/grpc-swift-nio-transport
    /Applications/Xcode-26.3.0.app/Contents/Developer/Toolchains/XcodeDefault.xctoolchain/usr/bin/clang -Xlinker -reproducible -target armv7k-apple-watchos5.0 -r -isysroot /Applications/Xcode-26.3.0.app/Contents/Developer/Platforms/WatchOS.platform/Developer/SDKs/WatchOS26.2.sdk -O0 -w -L/Users/admin/builder/spi-builder-workspace/.derivedData/Build/Intermediates.noindex/EagerLinkingTBDs/Debug-watchos -L/Users/admin/builder/spi-builder-workspace/.derivedData/Build/Products/Debug-watchos -L/Applications/Xcode-26.3.0.app/Contents/Developer/Platforms/WatchOS.platform/Developer/usr/lib -F/Users/admin/builder/spi-builder-workspace/.derivedData/Build/Intermediates.noindex/EagerLinkingTBDs/Debug-watchos -F/Users/admin/builder/spi-builder-workspace/.derivedData/Build/Products/Debug-watchos/PackageFrameworks -F/Users/admin/builder/spi-builder-workspace/.derivedData/Build/Products/Debug-watchos/PackageFrameworks -F/Users/admin/builder/spi-builder-workspace/.derivedData/Build/Products/Debug-watchos/PackageFrameworks -F/Users/admin/builder/spi-builder-workspace/.derivedData/Build/Products/Debug-watchos/PackageFrameworks -F/Users/admin/builder/spi-builder-workspace/.derivedData/Build/Products/Debug-watchos/PackageFrameworks -F/Users/admin/builder/spi-builder-workspace/.derivedData/Build/Products/Debug-watchos/PackageFrameworks -F/Users/admin/builder/spi-builder-workspace/.derivedData/Build/Products/Debug-watchos/PackageFrameworks -F/Users/admin/builder/spi-builder-workspace/.derivedData/Build/Products/Debug-watchos/PackageFrameworks -F/Users/admin/builder/spi-builder-workspace/.derivedData/Build/Products/Debug-watchos/PackageFrameworks -F/Users/admin/builder/spi-builder-workspace/.derivedData/Build/Products/Debug-watchos/PackageFrameworks -F/Users/admin/builder/spi-builder-workspace/.derivedData/Build/Products/Debug-watchos/PackageFrameworks -F/Users/admin/builder/spi-builder-workspace/.derivedData/Build/Products/Debug-watchos/PackageFrameworks -F/Users/admin/builder/spi-builder-workspace/.derivedData/Build/Products/Debug-watchos/PackageFrameworks -F/Users/admin/builder/spi-builder-workspace/.derivedData/Build/Products/Debug-watchos/PackageFrameworks -F/Users/admin/builder/spi-builder-workspace/.derivedData/Build/Products/Debug-watchos/PackageFrameworks -F/Users/admin/builder/spi-builder-workspace/.derivedData/Build/Products/Debug-watchos/PackageFrameworks -F/Users/admin/builder/spi-builder-workspace/.derivedData/Build/Products/Debug-watchos/PackageFrameworks -F/Users/admin/builder/spi-builder-workspace/.derivedData/Build/Products/Debug-watchos/PackageFrameworks -F/Users/admin/builder/spi-builder-workspace/.derivedData/Build/Products/Debug-watchos/PackageFrameworks -F/Users/admin/builder/spi-builder-workspace/.derivedData/Build/Products/Debug-watchos/PackageFrameworks -F/Users/admin/builder/spi-builder-workspace/.derivedData/Build/Products/Debug-watchos/PackageFrameworks -F/Users/admin/builder/spi-builder-workspace/.derivedData/Build/Products/Debug-watchos/PackageFrameworks -F/Users/admin/builder/spi-builder-workspace/.derivedData/Build/Products/Debug-watchos/PackageFrameworks -F/Users/admin/builder/spi-builder-workspace/.derivedData/Build/Products/Debug-watchos/PackageFrameworks -F/Users/admin/builder/spi-builder-workspace/.derivedData/Build/Products/Debug-watchos/PackageFrameworks -F/Users/admin/builder/spi-builder-workspace/.derivedData/Build/Products/Debug-watchos/PackageFrameworks -F/Users/admin/builder/spi-builder-workspace/.derivedData/Build/Products/Debug-watchos/PackageFrameworks -F/Users/admin/builder/spi-builder-workspace/.derivedData/Build/Products/Debug-watchos/PackageFrameworks -F/Users/admin/builder/spi-builder-workspace/.derivedData/Build/Products/Debug-watchos/PackageFrameworks -F/Users/admin/builder/spi-builder-workspace/.derivedData/Build/Products/Debug-watchos/PackageFrameworks -F/Users/admin/builder/spi-builder-workspace/.derivedData/Build/Products/Debug-watchos/PackageFrameworks -F/Users/admin/builder/spi-builder-workspace/.derivedData/Build/Products/Debug-watchos/PackageFrameworks -F/Users/admin/builder/spi-builder-workspace/.derivedData/Build/Products/Debug-watchos/PackageFrameworks -F/Users/admin/builder/spi-builder-workspace/.derivedData/Build/Products/Debug-watchos/PackageFrameworks -F/Users/admin/builder/spi-builder-workspace/.derivedData/Build/Products/Debug-watchos/PackageFrameworks -F/Users/admin/builder/spi-builder-workspace/.derivedData/Build/Products/Debug-watchos/PackageFrameworks -F/Users/admin/builder/spi-builder-workspace/.derivedData/Build/Products/Debug-watchos/PackageFrameworks -F/Users/admin/builder/spi-builder-workspace/.derivedData/Build/Products/Debug-watchos/PackageFrameworks -F/Users/admin/builder/spi-builder-workspace/.derivedData/Build/Products/Debug-watchos/PackageFrameworks -F/Users/admin/builder/spi-builder-workspace/.derivedData/Build/Products/Debug-watchos/PackageFrameworks -F/Users/admin/builder/spi-builder-workspace/.derivedData/Build/Products/Debug-watchos/PackageFrameworks -F/Users/admin/builder/spi-builder-workspace/.derivedData/Build/Products/Debug-watchos/PackageFrameworks -F/Users/admin/builder/spi-builder-workspace/.derivedData/Build/Products/Debug-watchos/PackageFrameworks -F/Users/admin/builder/spi-builder-workspace/.derivedData/Build/Products/Debug-watchos/PackageFrameworks -F/Users/admin/builder/spi-builder-workspace/.derivedData/Build/Products/Debug-watchos/PackageFrameworks -F/Users/admin/builder/spi-builder-workspace/.derivedData/Build/Products/Debug-watchos/PackageFrameworks -F/Users/admin/builder/spi-builder-workspace/.derivedData/Build/Products/Debug-watchos/PackageFrameworks -F/Users/admin/builder/spi-builder-workspace/.derivedData/Build/Products/Debug-watchos -iframework /Applications/Xcode-26.3.0.app/Contents/Developer/Platforms/WatchOS.platform/Developer/Library/Frameworks -iframework /Applications/Xcode-26.3.0.app/Contents/Developer/Platforms/WatchOS.platform/Developer/SDKs/WatchOS26.2.sdk/Developer/Library/Frameworks -filelist /Users/admin/builder/spi-builder-workspace/.derivedData/Build/Intermediates.noindex/grpc-swift-nio-transport.build/Debug-watchos/GRPCNIOTransportHTTP2Posix.build/Objects-normal/armv7k/GRPCNIOTransportHTTP2Posix.LinkFileList -nostdlib -Xlinker -object_path_lto -Xlinker /Users/admin/builder/spi-builder-workspace/.derivedData/Build/Intermediates.noindex/grpc-swift-nio-transport.build/Debug-watchos/GRPCNIOTransportHTTP2Posix.build/Objects-normal/armv7k/GRPCNIOTransportHTTP2Posix_lto.o -rdynamic -Xlinker -no_deduplicate -Xlinker -debug_variant -Xlinker -dependency_info -Xlinker /Users/admin/builder/spi-builder-workspace/.derivedData/Build/Intermediates.noindex/grpc-swift-nio-transport.build/Debug-watchos/GRPCNIOTransportHTTP2Posix.build/Objects-normal/armv7k/GRPCNIOTransportHTTP2Posix_dependency_info.dat -fobjc-link-runtime -L/Applications/Xcode-26.3.0.app/Contents/Developer/Toolchains/XcodeDefault.xctoolchain/usr/lib/swift/watchos -L/usr/lib/swift -Xlinker -add_ast_path -Xlinker /Users/admin/builder/spi-builder-workspace/.derivedData/Build/Intermediates.noindex/grpc-swift-nio-transport.build/Debug-watchos/GRPCNIOTransportHTTP2Posix.build/Objects-normal/armv7k/GRPCNIOTransportHTTP2Posix.swiftmodule @/Users/admin/builder/spi-builder-workspace/.derivedData/Build/Intermediates.noindex/grpc-swift-nio-transport.build/Debug-watchos/GRPCNIOTransportHTTP2Posix.build/Objects-normal/armv7k/GRPCNIOTransportHTTP2Posix-linker-args.resp -o /Users/admin/builder/spi-builder-workspace/.derivedData/Build/Intermediates.noindex/grpc-swift-nio-transport.build/Debug-watchos/GRPCNIOTransportHTTP2Posix.build/Objects-normal/armv7k/Binary/GRPCNIOTransportHTTP2Posix.o
Ld /Users/admin/builder/spi-builder-workspace/.derivedData/Build/Intermediates.noindex/grpc-swift-nio-transport.build/Debug-watchos/GRPCNIOTransportHTTP2Posix.build/Objects-normal/arm64_32/Binary/GRPCNIOTransportHTTP2Posix.o normal arm64_32 (in target 'GRPCNIOTransportHTTP2Posix' from project 'grpc-swift-nio-transport')
    cd /Users/admin/builder/spi-builder-workspace/.dependencies/checkouts/grpc-swift-nio-transport
    /Applications/Xcode-26.3.0.app/Contents/Developer/Toolchains/XcodeDefault.xctoolchain/usr/bin/clang -Xlinker -reproducible -target arm64_32-apple-watchos5.0 -r -isysroot /Applications/Xcode-26.3.0.app/Contents/Developer/Platforms/WatchOS.platform/Developer/SDKs/WatchOS26.2.sdk -O0 -w -L/Users/admin/builder/spi-builder-workspace/.derivedData/Build/Intermediates.noindex/EagerLinkingTBDs/Debug-watchos -L/Users/admin/builder/spi-builder-workspace/.derivedData/Build/Products/Debug-watchos -L/Applications/Xcode-26.3.0.app/Contents/Developer/Platforms/WatchOS.platform/Developer/usr/lib -F/Users/admin/builder/spi-builder-workspace/.derivedData/Build/Intermediates.noindex/EagerLinkingTBDs/Debug-watchos -F/Users/admin/builder/spi-builder-workspace/.derivedData/Build/Products/Debug-watchos/PackageFrameworks -F/Users/admin/builder/spi-builder-workspace/.derivedData/Build/Products/Debug-watchos/PackageFrameworks -F/Users/admin/builder/spi-builder-workspace/.derivedData/Build/Products/Debug-watchos/PackageFrameworks -F/Users/admin/builder/spi-builder-workspace/.derivedData/Build/Products/Debug-watchos/PackageFrameworks -F/Users/admin/builder/spi-builder-workspace/.derivedData/Build/Products/Debug-watchos/PackageFrameworks -F/Users/admin/builder/spi-builder-workspace/.derivedData/Build/Products/Debug-watchos/PackageFrameworks -F/Users/admin/builder/spi-builder-workspace/.derivedData/Build/Products/Debug-watchos/PackageFrameworks -F/Users/admin/builder/spi-builder-workspace/.derivedData/Build/Products/Debug-watchos/PackageFrameworks -F/Users/admin/builder/spi-builder-workspace/.derivedData/Build/Products/Debug-watchos/PackageFrameworks -F/Users/admin/builder/spi-builder-workspace/.derivedData/Build/Products/Debug-watchos/PackageFrameworks -F/Users/admin/builder/spi-builder-workspace/.derivedData/Build/Products/Debug-watchos/PackageFrameworks -F/Users/admin/builder/spi-builder-workspace/.derivedData/Build/Products/Debug-watchos/PackageFrameworks -F/Users/admin/builder/spi-builder-workspace/.derivedData/Build/Products/Debug-watchos/PackageFrameworks -F/Users/admin/builder/spi-builder-workspace/.derivedData/Build/Products/Debug-watchos/PackageFrameworks -F/Users/admin/builder/spi-builder-workspace/.derivedData/Build/Products/Debug-watchos/PackageFrameworks -F/Users/admin/builder/spi-builder-workspace/.derivedData/Build/Products/Debug-watchos/PackageFrameworks -F/Users/admin/builder/spi-builder-workspace/.derivedData/Build/Products/Debug-watchos/PackageFrameworks -F/Users/admin/builder/spi-builder-workspace/.derivedData/Build/Products/Debug-watchos/PackageFrameworks -F/Users/admin/builder/spi-builder-workspace/.derivedData/Build/Products/Debug-watchos/PackageFrameworks -F/Users/admin/builder/spi-builder-workspace/.derivedData/Build/Products/Debug-watchos/PackageFrameworks -F/Users/admin/builder/spi-builder-workspace/.derivedData/Build/Products/Debug-watchos/PackageFrameworks -F/Users/admin/builder/spi-builder-workspace/.derivedData/Build/Products/Debug-watchos/PackageFrameworks -F/Users/admin/builder/spi-builder-workspace/.derivedData/Build/Products/Debug-watchos/PackageFrameworks -F/Users/admin/builder/spi-builder-workspace/.derivedData/Build/Products/Debug-watchos/PackageFrameworks -F/Users/admin/builder/spi-builder-workspace/.derivedData/Build/Products/Debug-watchos/PackageFrameworks -F/Users/admin/builder/spi-builder-workspace/.derivedData/Build/Products/Debug-watchos/PackageFrameworks -F/Users/admin/builder/spi-builder-workspace/.derivedData/Build/Products/Debug-watchos/PackageFrameworks -F/Users/admin/builder/spi-builder-workspace/.derivedData/Build/Products/Debug-watchos/PackageFrameworks -F/Users/admin/builder/spi-builder-workspace/.derivedData/Build/Products/Debug-watchos/PackageFrameworks -F/Users/admin/builder/spi-builder-workspace/.derivedData/Build/Products/Debug-watchos/PackageFrameworks -F/Users/admin/builder/spi-builder-workspace/.derivedData/Build/Products/Debug-watchos/PackageFrameworks -F/Users/admin/builder/spi-builder-workspace/.derivedData/Build/Products/Debug-watchos/PackageFrameworks -F/Users/admin/builder/spi-builder-workspace/.derivedData/Build/Products/Debug-watchos/PackageFrameworks -F/Users/admin/builder/spi-builder-workspace/.derivedData/Build/Products/Debug-watchos/PackageFrameworks -F/Users/admin/builder/spi-builder-workspace/.derivedData/Build/Products/Debug-watchos/PackageFrameworks -F/Users/admin/builder/spi-builder-workspace/.derivedData/Build/Products/Debug-watchos/PackageFrameworks -F/Users/admin/builder/spi-builder-workspace/.derivedData/Build/Products/Debug-watchos/PackageFrameworks -F/Users/admin/builder/spi-builder-workspace/.derivedData/Build/Products/Debug-watchos/PackageFrameworks -F/Users/admin/builder/spi-builder-workspace/.derivedData/Build/Products/Debug-watchos/PackageFrameworks -F/Users/admin/builder/spi-builder-workspace/.derivedData/Build/Products/Debug-watchos/PackageFrameworks -F/Users/admin/builder/spi-builder-workspace/.derivedData/Build/Products/Debug-watchos/PackageFrameworks -F/Users/admin/builder/spi-builder-workspace/.derivedData/Build/Products/Debug-watchos/PackageFrameworks -F/Users/admin/builder/spi-builder-workspace/.derivedData/Build/Products/Debug-watchos/PackageFrameworks -F/Users/admin/builder/spi-builder-workspace/.derivedData/Build/Products/Debug-watchos/PackageFrameworks -F/Users/admin/builder/spi-builder-workspace/.derivedData/Build/Products/Debug-watchos/PackageFrameworks -F/Users/admin/builder/spi-builder-workspace/.derivedData/Build/Products/Debug-watchos/PackageFrameworks -F/Users/admin/builder/spi-builder-workspace/.derivedData/Build/Products/Debug-watchos/PackageFrameworks -F/Users/admin/builder/spi-builder-workspace/.derivedData/Build/Products/Debug-watchos -iframework /Applications/Xcode-26.3.0.app/Contents/Developer/Platforms/WatchOS.platform/Developer/Library/Frameworks -iframework /Applications/Xcode-26.3.0.app/Contents/Developer/Platforms/WatchOS.platform/Developer/SDKs/WatchOS26.2.sdk/Developer/Library/Frameworks -filelist /Users/admin/builder/spi-builder-workspace/.derivedData/Build/Intermediates.noindex/grpc-swift-nio-transport.build/Debug-watchos/GRPCNIOTransportHTTP2Posix.build/Objects-normal/arm64_32/GRPCNIOTransportHTTP2Posix.LinkFileList -nostdlib -Xlinker -object_path_lto -Xlinker /Users/admin/builder/spi-builder-workspace/.derivedData/Build/Intermediates.noindex/grpc-swift-nio-transport.build/Debug-watchos/GRPCNIOTransportHTTP2Posix.build/Objects-normal/arm64_32/GRPCNIOTransportHTTP2Posix_lto.o -rdynamic -Xlinker -no_deduplicate -Xlinker -debug_variant -Xlinker -dependency_info -Xlinker /Users/admin/builder/spi-builder-workspace/.derivedData/Build/Intermediates.noindex/grpc-swift-nio-transport.build/Debug-watchos/GRPCNIOTransportHTTP2Posix.build/Objects-normal/arm64_32/GRPCNIOTransportHTTP2Posix_dependency_info.dat -fobjc-link-runtime -L/Applications/Xcode-26.3.0.app/Contents/Developer/Toolchains/XcodeDefault.xctoolchain/usr/lib/swift/watchos -L/usr/lib/swift -Xlinker -add_ast_path -Xlinker /Users/admin/builder/spi-builder-workspace/.derivedData/Build/Intermediates.noindex/grpc-swift-nio-transport.build/Debug-watchos/GRPCNIOTransportHTTP2Posix.build/Objects-normal/arm64_32/GRPCNIOTransportHTTP2Posix.swiftmodule @/Users/admin/builder/spi-builder-workspace/.derivedData/Build/Intermediates.noindex/grpc-swift-nio-transport.build/Debug-watchos/GRPCNIOTransportHTTP2Posix.build/Objects-normal/arm64_32/GRPCNIOTransportHTTP2Posix-linker-args.resp -o /Users/admin/builder/spi-builder-workspace/.derivedData/Build/Intermediates.noindex/grpc-swift-nio-transport.build/Debug-watchos/GRPCNIOTransportHTTP2Posix.build/Objects-normal/arm64_32/Binary/GRPCNIOTransportHTTP2Posix.o
SwiftCompile normal arm64 Compiling\ Exports.swift /Users/admin/builder/spi-builder-workspace/.dependencies/checkouts/grpc-swift-nio-transport/Sources/GRPCNIOTransportHTTP2Posix/Exports.swift (in target 'GRPCNIOTransportHTTP2Posix' from project 'grpc-swift-nio-transport')
SwiftCompile normal arm64 /Users/admin/builder/spi-builder-workspace/.dependencies/checkouts/grpc-swift-nio-transport/Sources/GRPCNIOTransportHTTP2Posix/Exports.swift (in target 'GRPCNIOTransportHTTP2Posix' from project 'grpc-swift-nio-transport')
    cd /Users/admin/builder/spi-builder-workspace/.swiftpm/xcode

SwiftCompile normal arm64 Compiling\ Config+TLS.swift /Users/admin/builder/spi-builder-workspace/.dependencies/checkouts/grpc-swift-nio-transport/Sources/GRPCNIOTransportHTTP2Posix/Config+TLS.swift (in target 'GRPCNIOTransportHTTP2Posix' from project 'grpc-swift-nio-transport')
SwiftCompile normal arm64 /Users/admin/builder/spi-builder-workspace/.dependencies/checkouts/grpc-swift-nio-transport/Sources/GRPCNIOTransportHTTP2Posix/Config+TLS.swift (in target 'GRPCNIOTransportHTTP2Posix' from project 'grpc-swift-nio-transport')
    cd /Users/admin/builder/spi-builder-workspace/.swiftpm/xcode

SwiftCompile normal arm64 Compiling\ HTTP2ServerTransport+Posix.swift /Users/admin/builder/spi-builder-workspace/.dependencies/checkouts/grpc-swift-nio-transport/Sources/GRPCNIOTransportHTTP2Posix/HTTP2ServerTransport+Posix.swift (in target 'GRPCNIOTransportHTTP2Posix' from project 'grpc-swift-nio-transport')
SwiftCompile normal arm64 /Users/admin/builder/spi-builder-workspace/.dependencies/checkouts/grpc-swift-nio-transport/Sources/GRPCNIOTransportHTTP2Posix/HTTP2ServerTransport+Posix.swift (in target 'GRPCNIOTransportHTTP2Posix' from project 'grpc-swift-nio-transport')
    cd /Users/admin/builder/spi-builder-workspace/.swiftpm/xcode

SwiftCompile normal arm64 Compiling\ NIOClientBootstrap+SocketAddress.swift /Users/admin/builder/spi-builder-workspace/.dependencies/checkouts/grpc-swift-nio-transport/Sources/GRPCNIOTransportHTTP2Posix/NIOClientBootstrap+SocketAddress.swift (in target 'GRPCNIOTransportHTTP2Posix' from project 'grpc-swift-nio-transport')
SwiftCompile normal arm64 /Users/admin/builder/spi-builder-workspace/.dependencies/checkouts/grpc-swift-nio-transport/Sources/GRPCNIOTransportHTTP2Posix/NIOClientBootstrap+SocketAddress.swift (in target 'GRPCNIOTransportHTTP2Posix' from project 'grpc-swift-nio-transport')
    cd /Users/admin/builder/spi-builder-workspace/.swiftpm/xcode

SwiftEmitModule normal arm64 Emitting\ module\ for\ GRPCNIOTransportHTTP2Posix (in target 'GRPCNIOTransportHTTP2Posix' from project 'grpc-swift-nio-transport')
EmitSwiftModule normal arm64 (in target 'GRPCNIOTransportHTTP2Posix' from project 'grpc-swift-nio-transport')
    cd /Users/admin/builder/spi-builder-workspace/.swiftpm/xcode

SwiftCompile normal arm64 Compiling\ ValidatedCertificateChain.swift /Users/admin/builder/spi-builder-workspace/.dependencies/checkouts/grpc-swift-nio-transport/Sources/GRPCNIOTransportHTTP2Posix/ValidatedCertificateChain.swift (in target 'GRPCNIOTransportHTTP2Posix' from project 'grpc-swift-nio-transport')
SwiftCompile normal arm64 /Users/admin/builder/spi-builder-workspace/.dependencies/checkouts/grpc-swift-nio-transport/Sources/GRPCNIOTransportHTTP2Posix/ValidatedCertificateChain.swift (in target 'GRPCNIOTransportHTTP2Posix' from project 'grpc-swift-nio-transport')
    cd /Users/admin/builder/spi-builder-workspace/.swiftpm/xcode

SwiftCompile normal arm64 Compiling\ NIOSSL+GRPC.swift /Users/admin/builder/spi-builder-workspace/.dependencies/checkouts/grpc-swift-nio-transport/Sources/GRPCNIOTransportHTTP2Posix/NIOSSL+GRPC.swift (in target 'GRPCNIOTransportHTTP2Posix' from project 'grpc-swift-nio-transport')
SwiftCompile normal arm64 /Users/admin/builder/spi-builder-workspace/.dependencies/checkouts/grpc-swift-nio-transport/Sources/GRPCNIOTransportHTTP2Posix/NIOSSL+GRPC.swift (in target 'GRPCNIOTransportHTTP2Posix' from project 'grpc-swift-nio-transport')
    cd /Users/admin/builder/spi-builder-workspace/.swiftpm/xcode

SwiftCompile normal arm64 Compiling\ HTTP2ClientTransport+Posix.swift /Users/admin/builder/spi-builder-workspace/.dependencies/checkouts/grpc-swift-nio-transport/Sources/GRPCNIOTransportHTTP2Posix/HTTP2ClientTransport+Posix.swift (in target 'GRPCNIOTransportHTTP2Posix' from project 'grpc-swift-nio-transport')
SwiftCompile normal arm64 /Users/admin/builder/spi-builder-workspace/.dependencies/checkouts/grpc-swift-nio-transport/Sources/GRPCNIOTransportHTTP2Posix/HTTP2ClientTransport+Posix.swift (in target 'GRPCNIOTransportHTTP2Posix' from project 'grpc-swift-nio-transport')
    cd /Users/admin/builder/spi-builder-workspace/.swiftpm/xcode

SwiftEmitModule normal arm64_32 Emitting\ module\ for\ OnelastleafPluginSDK (in target 'OnelastleafPluginSDK' from project 'swift-plugin-sdk')
Failed frontend command:
/Applications/Xcode-26.3.0.app/Contents/Developer/Toolchains/XcodeDefault.xctoolchain/usr/bin/swift-frontend -frontend -emit-module -experimental-skip-non-inlinable-function-bodies-without-types /Users/admin/builder/spi-builder-workspace/Sources/OnelastleafPluginSDK/Artifact.swift /Users/admin/builder/spi-builder-workspace/Sources/OnelastleafPluginSDK/AsyncResult.swift /Users/admin/builder/spi-builder-workspace/Sources/OnelastleafPluginSDK/Errors.swift /Users/admin/builder/spi-builder-workspace/Sources/OnelastleafPluginSDK/Host.swift /Users/admin/builder/spi-builder-workspace/Sources/OnelastleafPluginSDK/JobScope.swift /Users/admin/builder/spi-builder-workspace/Sources/OnelastleafPluginSDK/Models.swift /Users/admin/builder/spi-builder-workspace/Sources/OnelastleafPluginSDK/ParentLiveness.swift /Users/admin/builder/spi-builder-workspace/Sources/OnelastleafPluginSDK/PendingResponses.swift /Users/admin/builder/spi-builder-workspace/Sources/OnelastleafPluginSDK/Plugin.swift /Users/admin/builder/spi-builder-workspace/Sources/OnelastleafPluginSDK/Protocol.swift /Users/admin/builder/spi-builder-workspace/Sources/OnelastleafPluginSDK/Session.swift /Users/admin/builder/spi-builder-workspace/Sources/OnelastleafPluginSDK/Transport.swift /Users/admin/builder/spi-builder-workspace/Sources/OnelastleafPluginSDK/Validation.swift -target arm64_32-apple-watchos5.0 -load-resolved-plugin /Applications/Xcode-26.3.0.app/Contents/Developer/Platforms/WatchOS.platform/Developer/usr/lib/swift/host/plugins/libFoundationMacros.dylib\#/Applications/Xcode-26.3.0.app/Contents/Developer/Platforms/WatchOS.platform/Developer/usr/bin/swift-plugin-server\#FoundationMacros -load-resolved-plugin /Applications/Xcode-26.3.0.app/Contents/Developer/Platforms/WatchOS.platform/Developer/usr/lib/swift/host/plugins/libObservationMacros.dylib\#/Applications/Xcode-26.3.0.app/Contents/Developer/Platforms/WatchOS.platform/Developer/usr/bin/swift-plugin-server\#ObservationMacros -load-resolved-plugin /Applications/Xcode-26.3.0.app/Contents/Developer/Platforms/WatchOS.platform/Developer/usr/lib/swift/host/plugins/libSwiftMacros.dylib\#/Applications/Xcode-26.3.0.app/Contents/Developer/Platforms/WatchOS.platform/Developer/usr/bin/swift-plugin-server\#SwiftMacros -disable-implicit-swift-modules -Xcc -fno-implicit-modules -Xcc -fno-implicit-module-maps -explicit-swift-module-map-file /Users/admin/builder/spi-builder-workspace/.derivedData/Build/Intermediates.noindex/swift-plugin-sdk.build/Debug-watchos/OnelastleafPluginSDK.build/Objects-normal/arm64_32/OnelastleafPluginSDK-dependencies-2.json -enable-objc-interop -sdk /Applications/Xcode-26.3.0.app/Contents/Developer/Platforms/WatchOS.platform/Developer/SDKs/WatchOS26.2.sdk -I /Users/admin/builder/spi-builder-workspace/.derivedData/Build/Products/Debug-watchos -Isystem /Applications/Xcode-26.3.0.app/Contents/Developer/Platforms/WatchOS.platform/Developer/usr/lib -F /Users/admin/builder/spi-builder-workspace/.derivedData/Build/Products/Debug-watchos/PackageFrameworks -F /Users/admin/builder/spi-builder-workspace/.derivedData/Build/Products/Debug-watchos/PackageFrameworks -F /Users/admin/builder/spi-builder-workspace/.derivedData/Build/Products/Debug-watchos/PackageFrameworks -F /Users/admin/builder/spi-builder-workspace/.derivedData/Build/Products/Debug-watchos/PackageFrameworks -F /Users/admin/builder/spi-builder-workspace/.derivedData/Build/Products/Debug-watchos/PackageFrameworks -F /Users/admin/builder/spi-builder-workspace/.derivedData/Build/Products/Debug-watchos/PackageFrameworks -F /Users/admin/builder/spi-builder-workspace/.derivedData/Build/Products/Debug-watchos/PackageFrameworks -F /Users/admin/builder/spi-builder-workspace/.derivedData/Build/Products/Debug-watchos/PackageFrameworks -F /Users/admin/builder/spi-builder-workspace/.derivedData/Build/Products/Debug-watchos/PackageFrameworks -F /Users/admin/builder/spi-builder-workspace/.derivedData/Build/Products/Debug-watchos/PackageFrameworks -F /Users/admin/builder/spi-builder-workspace/.derivedData/Build/Products/Debug-watchos/PackageFrameworks -F /Users/admin/builder/spi-builder-workspace/.derivedData/Build/Products/Debug-watchos/PackageFrameworks -F /Users/admin/builder/spi-builder-workspace/.derivedData/Build/Products/Debug-watchos/PackageFrameworks -F /Users/admin/builder/spi-builder-workspace/.derivedData/Build/Products/Debug-watchos/PackageFrameworks -F /Users/admin/builder/spi-builder-workspace/.derivedData/Build/Products/Debug-watchos/PackageFrameworks -F /Users/admin/builder/spi-builder-workspace/.derivedData/Build/Products/Debug-watchos/PackageFrameworks -F /Users/admin/builder/spi-builder-workspace/.derivedData/Build/Products/Debug-watchos/PackageFrameworks -F /Users/admin/builder/spi-builder-workspace/.derivedData/Build/Products/Debug-watchos/PackageFrameworks -F /Users/admin/builder/spi-builder-workspace/.derivedData/Build/Products/Debug-watchos/PackageFrameworks -F /Users/admin/builder/spi-builder-workspace/.derivedData/Build/Products/Debug-watchos/PackageFrameworks -F /Users/admin/builder/spi-builder-workspace/.derivedData/Build/Products/Debug-watchos/PackageFrameworks -F /Users/admin/builder/spi-builder-workspace/.derivedData/Build/Products/Debug-watchos/PackageFrameworks -F /Users/admin/builder/spi-builder-workspace/.derivedData/Build/Products/Debug-watchos/PackageFrameworks -F /Users/admin/builder/spi-builder-workspace/.derivedData/Build/Products/Debug-watchos/PackageFrameworks -F /Users/admin/builder/spi-builder-workspace/.derivedData/Build/Products/Debug-watchos/PackageFrameworks -F /Users/admin/builder/spi-builder-workspace/.derivedData/Build/Products/Debug-watchos/PackageFrameworks -F /Users/admin/builder/spi-builder-workspace/.derivedData/Build/Products/Debug-watchos/PackageFrameworks -F /Users/admin/builder/spi-builder-workspace/.derivedData/Build/Products/Debug-watchos/PackageFrameworks -F /Users/admin/builder/spi-builder-workspace/.derivedData/Build/Products/Debug-watchos/PackageFrameworks -F /Users/admin/builder/spi-builder-workspace/.derivedData/Build/Products/Debug-watchos/PackageFrameworks -F /Users/admin/builder/spi-builder-workspace/.derivedData/Build/Products/Debug-watchos/PackageFrameworks -F /Users/admin/builder/spi-builder-workspace/.derivedData/Build/Products/Debug-watchos/PackageFrameworks -F /Users/admin/builder/spi-builder-workspace/.derivedData/Build/Products/Debug-watchos/PackageFrameworks -F /Users/admin/builder/spi-builder-workspace/.derivedData/Build/Products/Debug-watchos/PackageFrameworks -F /Users/admin/builder/spi-builder-workspace/.derivedData/Build/Products/Debug-watchos/PackageFrameworks -F /Users/admin/builder/spi-builder-workspace/.derivedData/Build/Products/Debug-watchos/PackageFrameworks -F /Users/admin/builder/spi-builder-workspace/.derivedData/Build/Products/Debug-watchos/PackageFrameworks -F /Users/admin/builder/spi-builder-workspace/.derivedData/Build/Products/Debug-watchos/PackageFrameworks -F /Users/admin/builder/spi-builder-workspace/.derivedData/Build/Products/Debug-watchos/PackageFrameworks -F /Users/admin/builder/spi-builder-workspace/.derivedData/Build/Products/Debug-watchos/PackageFrameworks -F /Users/admin/builder/spi-builder-workspace/.derivedData/Build/Products/Debug-watchos/PackageFrameworks -F /Users/admin/builder/spi-builder-workspace/.derivedData/Build/Products/Debug-watchos/PackageFrameworks -F /Users/admin/builder/spi-builder-workspace/.derivedData/Build/Products/Debug-watchos/PackageFrameworks -F /Users/admin/builder/spi-builder-workspace/.derivedData/Build/Products/Debug-watchos/PackageFrameworks -F /Users/admin/builder/spi-builder-workspace/.derivedData/Build/Products/Debug-watchos/PackageFrameworks -F /Users/admin/builder/spi-builder-workspace/.derivedData/Build/Products/Debug-watchos/PackageFrameworks -F /Users/admin/builder/spi-builder-workspace/.derivedData/Build/Products/Debug-watchos/PackageFrameworks -F /Users/admin/builder/spi-builder-workspace/.derivedData/Build/Products/Debug-watchos/PackageFrameworks -F /Users/admin/builder/spi-builder-workspace/.derivedData/Build/Products/Debug-watchos/PackageFrameworks -F /Users/admin/builder/spi-builder-workspace/.derivedData/Build/Products/Debug-watchos/PackageFrameworks -F /Users/admin/builder/spi-builder-workspace/.derivedData/Build/Products/Debug-watchos/PackageFrameworks -F /Users/admin/builder/spi-builder-workspace/.derivedData/Build/Products/Debug-watchos -F /Applications/Xcode-26.3.0.app/Contents/Developer/Platforms/WatchOS.platform/Developer/Library/Frameworks -F /Applications/Xcode-26.3.0.app/Contents/Developer/Platforms/WatchOS.platform/Developer/SDKs/WatchOS26.2.sdk/Developer/Library/Frameworks -no-color-diagnostics -Xcc -fno-color-diagnostics -enable-testing -g -debug-info-format\=dwarf -dwarf-version\=4 -module-cache-path /Users/admin/builder/spi-builder-workspace/.derivedData/Build/Intermediates.noindex/SwiftExplicitPrecompiledModules -profile-generate -profile-coverage-mapping -swift-version 6 -enforce-exclusivity\=checked -Onone -D SWIFT_PACKAGE -D DEBUG -D SWIFT_MODULE_RESOURCE_BUNDLE_UNAVAILABLE -D Xcode -serialize-debugging-options -const-gather-protocols-file /Users/admin/builder/spi-builder-workspace/.derivedData/Build/Intermediates.noindex/swift-plugin-sdk.build/Debug-watchos/OnelastleafPluginSDK.build/Objects-normal/arm64_32/OnelastleafPluginSDK_const_extract_protocols.json -enable-experimental-feature DebugDescriptionMacro -empty-abi-descriptor -validate-clang-modules-once -clang-build-session-file /Users/admin/builder/spi-builder-workspace/.derivedData/ModuleCache.noindex/Session.modulevalidation -Xcc -working-directory -Xcc /Users/admin/builder/spi-builder-workspace/.swiftpm/xcode -enable-anonymous-context-mangled-names -file-compilation-dir /Users/admin/builder/spi-builder-workspace/.swiftpm/xcode -Xcc -fmodule-map-file\=/Users/admin/builder/spi-builder-workspace/.derivedData/Build/Intermediates.noindex/GeneratedModuleMaps-watchos/CNIOLLHTTP.modulemap -Xcc -fmodule-map-file\=/Users/admin/builder/spi-builder-workspace/.derivedData/Build/Intermediates.noindex/GeneratedModuleMaps-watchos/CNIOPosix.modulemap -Xcc -fmodule-map-file\=/Users/admin/builder/spi-builder-workspace/.derivedData/Build/Intermediates.noindex/GeneratedModuleMaps-watchos/CNIOWASI.modulemap -Xcc -fmodule-map-file\=/Users/admin/builder/spi-builder-workspace/.derivedData/Build/Intermediates.noindex/GeneratedModuleMaps-watchos/CNIOLinux.modulemap -Xcc -fmodule-map-file\=/Users/admin/builder/spi-builder-workspace/.derivedData/Build/Intermediates.noindex/GeneratedModuleMaps-watchos/CNIODarwin.modulemap -Xcc -fmodule-map-file\=/Users/admin/builder/spi-builder-workspace/.derivedData/Build/Intermediates.noindex/GeneratedModuleMaps-watchos/CNIOFreeBSD.modulemap -Xcc -fmodule-map-file\=/Users/admin/builder/spi-builder-workspace/.derivedData/Build/Intermediates.noindex/GeneratedModuleMaps-watchos/CNIOOpenBSD.modulemap -Xcc -fmodule-map-file\=/Users/admin/builder/spi-builder-workspace/.derivedData/Build/Intermediates.noindex/GeneratedModuleMaps-watchos/CNIOAtomics.modulemap -Xcc -fmodule-map-file\=/Users/admin/builder/spi-builder-workspace/.derivedData/Build/Intermediates.noindex/GeneratedModuleMaps-watchos/CNIOBoringSSLShims.modulemap -Xcc -fmodule-map-file\=/Users/admin/builder/spi-builder-workspace/.derivedData/Build/Intermediates.noindex/GeneratedModuleMaps-watchos/CGRPCNIOTransportZlib.modulemap -Xcc -D_LIBCPP_HARDENING_MODE\=_LIBCPP_HARDENING_MODE_DEBUG -Xcc -ivfsstatcache -Xcc /Users/admin/builder/spi-builder-workspace/.derivedData/SDKStatCaches.noindex/watchos26.2-23S303-dc75598d0054f22ec865fa860f139d721753b489057de6bda919edfa1c59a62b.sdkstatcache -Xcc -I/Users/admin/builder/spi-builder-workspace/.derivedData/Build/Intermediates.noindex/swift-plugin-sdk.build/Debug-watchos/OnelastleafPluginSDK.build/swift-overrides.hmap -Xcc -I/Users/admin/builder/spi-builder-workspace/.dependencies/checkouts/swift-nio/Sources/CNIOLLHTTP/include -Xcc -I/Users/admin/builder/spi-builder-workspace/.dependencies/checkouts/swift-atomics/Sources/_AtomicsShims/include -Xcc -I/Users/admin/builder/spi-builder-workspace/.dependencies/checkouts/swift-nio/Sources/CNIOPosix/include -Xcc -I/Users/admin/builder/spi-builder-workspace/.dependencies/checkouts/swift-nio/Sources/CNIOWASI/include -Xcc -I/Users/admin/builder/spi-builder-workspace/.dependencies/checkouts/swift-nio/Sources/CNIOWindows/include -Xcc -I/Users/admin/builder/spi-builder-workspace/.dependencies/checkouts/swift-nio/Sources/CNIOLinux/include -Xcc -I/Users/admin/builder/spi-builder-workspace/.dependencies/checkouts/swift-nio/Sources/CNIODarwin/include -Xcc -I/Users/admin/builder/spi-builder-workspace/.dependencies/checkouts/swift-nio/Sources/CNIOFreeBSD/include -Xcc -I/Users/admin/builder/spi-builder-workspace/.dependencies/checkouts/swift-nio/Sources/CNIOOpenBSD/include -Xcc -I/Users/admin/builder/spi-builder-workspace/.dependencies/checkouts/swift-nio/Sources/CNIOAtomics/include -Xcc -I/Users/admin/builder/spi-builder-workspace/.dependencies/checkouts/swift-nio-ssl/Sources/CNIOBoringSSLShims/include -Xcc -I/Users/admin/builder/spi-builder-workspace/.dependencies/checkouts/swift-nio-ssl/Sources/CNIOBoringSSL/include -Xcc -I/Users/admin/builder/spi-builder-workspace/.dependencies/checkouts/swift-crypto/Sources/CCryptoBoringSSLShims/include -Xcc -I/Users/admin/builder/spi-builder-workspace/.dependencies/checkouts/swift-crypto/Sources/CCryptoBoringSSL/include -Xcc -I/Users/admin/builder/spi-builder-workspace/.dependencies/checkouts/grpc-swift-nio-transport/Sources/CGRPCNIOTransportZlib/include -Xcc -I/Users/admin/builder/spi-builder-workspace/.derivedData/Build/Products/Debug-watchos/include -Xcc -I/Users/admin/builder/spi-builder-workspace/.derivedData/Build/Intermediates.noindex/swift-plugin-sdk.build/Debug-watchos/OnelastleafPluginSDK.build/DerivedSources-normal/arm64_32 -Xcc -I/Users/admin/builder/spi-builder-workspace/.derivedData/Build/Intermediates.noindex/swift-plugin-sdk.build/Debug-watchos/OnelastleafPluginSDK.build/DerivedSources/arm64_32 -Xcc -I/Users/admin/builder/spi-builder-workspace/.derivedData/Build/Intermediates.noindex/swift-plugin-sdk.build/Debug-watchos/OnelastleafPluginSDK.build/DerivedSources -Xcc -DSWIFT_PACKAGE -Xcc -DDEBUG\=1 -no-auto-bridging-header-chaining -module-name OnelastleafPluginSDK -package-name spi_builder_workspace -frontend-parseable-output -disable-clang-spi -target-sdk-version 26.2 -target-sdk-name watchos26.2 -clang-target arm64_32-apple-watchos26.2 -in-process-plugin-server-path /Applications/Xcode-26.3.0.app/Contents/Developer/Toolchains/XcodeDefault.xctoolchain/usr/lib/swift/host/libSwiftInProcPluginServer.dylib -emit-module-doc-path /Users/admin/builder/spi-builder-workspace/.derivedData/Build/Intermediates.noindex/swift-plugin-sdk.build/Debug-watchos/OnelastleafPluginSDK.build/Objects-normal/arm64_32/OnelastleafPluginSDK.swiftdoc -emit-module-source-info-path /Users/admin/builder/spi-builder-workspace/.derivedData/Build/Intermediates.noindex/swift-plugin-sdk.build/Debug-watchos/OnelastleafPluginSDK.build/Objects-normal/arm64_32/OnelastleafPluginSDK.swiftsourceinfo -emit-objc-header-path /Users/admin/builder/spi-builder-workspace/.derivedData/Build/Intermediates.noindex/swift-plugin-sdk.build/Debug-watchos/OnelastleafPluginSDK.build/Objects-normal/arm64_32/OnelastleafPluginSDK-Swift.h -serialize-diagnostics-path /Users/admin/builder/spi-builder-workspace/.derivedData/Build/Intermediates.noindex/swift-plugin-sdk.build/Debug-watchos/OnelastleafPluginSDK.build/Objects-normal/arm64_32/OnelastleafPluginSDK-primary-emit-module.dia -emit-dependencies-path /Users/admin/builder/spi-builder-workspace/.derivedData/Build/Intermediates.noindex/swift-plugin-sdk.build/Debug-watchos/OnelastleafPluginSDK.build/Objects-normal/arm64_32/OnelastleafPluginSDK-primary-emit-module.d -o /Users/admin/builder/spi-builder-workspace/.derivedData/Build/Intermediates.noindex/swift-plugin-sdk.build/Debug-watchos/OnelastleafPluginSDK.build/Objects-normal/arm64_32/OnelastleafPluginSDK.swiftmodule -emit-abi-descriptor-path /Users/admin/builder/spi-builder-workspace/.derivedData/Build/Intermediates.noindex/swift-plugin-sdk.build/Debug-watchos/OnelastleafPluginSDK.build/Objects-normal/arm64_32/OnelastleafPluginSDK.abi.json
EmitSwiftModule normal arm64_32 (in target 'OnelastleafPluginSDK' from project 'swift-plugin-sdk')
    cd /Users/admin/builder/spi-builder-workspace/.swiftpm/xcode

/Users/admin/builder/spi-builder-workspace/Sources/OnelastleafPluginSDK/Artifact.swift:32:17: error: 'AsyncSequence' is only available in watchOS 6.0 or newer
  where Chunks: AsyncSequence & Sendable, Chunks.Element == Data {
                ^
/Users/admin/builder/spi-builder-workspace/Sources/OnelastleafPluginSDK/Artifact.swift:27:15: note: add '@available' attribute to enclosing instance method
  public func storeArtifact<Chunks>(
              ^
/Users/admin/builder/spi-builder-workspace/Sources/OnelastleafPluginSDK/Artifact.swift:5:1: note: add '@available' attribute to enclosing extension
extension ActionContext {
^
/Users/admin/builder/spi-builder-workspace/Sources/OnelastleafPluginSDK/Artifact.swift:31:5: error: concurrency is only available in watchOS 6.0.0 or newer
  ) async throws -> Oll_Protocol_ArtifactStored
    ^
/Users/admin/builder/spi-builder-workspace/Sources/OnelastleafPluginSDK/Artifact.swift:27:15: note: add '@available' attribute to enclosing instance method
  public func storeArtifact<Chunks>(
              ^
/Users/admin/builder/spi-builder-workspace/Sources/OnelastleafPluginSDK/Artifact.swift:5:1: note: add '@available' attribute to enclosing extension
extension ActionContext {
^
/Users/admin/builder/spi-builder-workspace/Sources/OnelastleafPluginSDK/Artifact.swift:59:5: error: concurrency is only available in watchOS 6.0.0 or newer
  ) async throws -> Oll_Protocol_ArtifactStored {
    ^
/Users/admin/builder/spi-builder-workspace/Sources/OnelastleafPluginSDK/Artifact.swift:56:15: note: add '@available' attribute to enclosing instance method
  public func storeArtifact(
              ^
/Users/admin/builder/spi-builder-workspace/Sources/OnelastleafPluginSDK/Artifact.swift:5:1: note: add '@available' attribute to enclosing extension
extension ActionContext {
^
/Users/admin/builder/spi-builder-workspace/Sources/OnelastleafPluginSDK/Artifact.swift:90:17: error: 'AsyncSequence' is only available in watchOS 6.0 or newer
  where Chunks: AsyncSequence & Sendable, Chunks.Element == Data {
                ^
/Users/admin/builder/spi-builder-workspace/Sources/OnelastleafPluginSDK/Artifact.swift:85:16: note: add '@available' attribute to enclosing instance method
  private func transferArtifact<Chunks>(
               ^
/Users/admin/builder/spi-builder-workspace/Sources/OnelastleafPluginSDK/Artifact.swift:5:1: note: add '@available' attribute to enclosing extension
extension ActionContext {
^
/Users/admin/builder/spi-builder-workspace/Sources/OnelastleafPluginSDK/Artifact.swift:89:5: error: concurrency is only available in watchOS 6.0.0 or newer
  ) async throws -> Oll_Protocol_ArtifactStored
    ^
/Users/admin/builder/spi-builder-workspace/Sources/OnelastleafPluginSDK/Artifact.swift:85:16: note: add '@available' attribute to enclosing instance method
  private func transferArtifact<Chunks>(
               ^
/Users/admin/builder/spi-builder-workspace/Sources/OnelastleafPluginSDK/Artifact.swift:5:1: note: add '@available' attribute to enclosing extension
extension ActionContext {
^
/Users/admin/builder/spi-builder-workspace/Sources/OnelastleafPluginSDK/Artifact.swift:153:24: error: 'SHA256' is only available in watchOS 6.0 or newer
  private var sha256 = SHA256()
                       ^
/Users/admin/builder/spi-builder-workspace/Sources/OnelastleafPluginSDK/Artifact.swift:147:16: note: add '@available' attribute to enclosing struct
private struct ArtifactVerifier {
               ^
/Users/admin/builder/spi-builder-workspace/Sources/OnelastleafPluginSDK/Artifact.swift:230:26: error: concurrency is only available in watchOS 6.0.0 or newer
    mutating func next() async -> Data? {
                         ^
/Users/admin/builder/spi-builder-workspace/Sources/OnelastleafPluginSDK/Artifact.swift:230:19: note: add '@available' attribute to enclosing instance method
    mutating func next() async -> Data? {
                  ^
/Users/admin/builder/spi-builder-workspace/Sources/OnelastleafPluginSDK/Artifact.swift:222:10: note: add '@available' attribute to enclosing struct
  struct AsyncIterator: AsyncIteratorProtocol {
         ^
/Users/admin/builder/spi-builder-workspace/Sources/OnelastleafPluginSDK/AsyncResult.swift:17:23: error: 'Mutex' is only available in watchOS 11.0 or newer
  private let state = Mutex<State>(.pending)
                      ^
/Users/admin/builder/spi-builder-workspace/Sources/OnelastleafPluginSDK/AsyncResult.swift:5:13: note: add '@available' attribute to enclosing generic class
final class AsyncResult<Value: Sendable>: Sendable {
            ^
/Users/admin/builder/spi-builder-workspace/Sources/OnelastleafPluginSDK/AsyncResult.swift:17:34: error: 'init(_:)' is only available in watchOS 11.0 or newer
  private let state = Mutex<State>(.pending)
                                 ^
/Users/admin/builder/spi-builder-workspace/Sources/OnelastleafPluginSDK/AsyncResult.swift:5:13: note: add '@available' attribute to enclosing generic class
final class AsyncResult<Value: Sendable>: Sendable {
            ^
/Users/admin/builder/spi-builder-workspace/Sources/OnelastleafPluginSDK/AsyncResult.swift:8:18: error: 'CheckedContinuation' is only available in watchOS 6.0 or newer
    case waiting(CheckedContinuation<Result<Value, any Error>, Never>)
                 ^
/Users/admin/builder/spi-builder-workspace/Sources/OnelastleafPluginSDK/AsyncResult.swift:6:16: note: add '@available' attribute to enclosing enum
  private enum State: Sendable {
               ^
/Users/admin/builder/spi-builder-workspace/Sources/OnelastleafPluginSDK/AsyncResult.swift:19:16: error: concurrency is only available in watchOS 6.0.0 or newer
  func value() async throws -> Value {
               ^
/Users/admin/builder/spi-builder-workspace/Sources/OnelastleafPluginSDK/AsyncResult.swift:19:8: note: add '@available' attribute to enclosing instance method
  func value() async throws -> Value {
       ^
/Users/admin/builder/spi-builder-workspace/Sources/OnelastleafPluginSDK/AsyncResult.swift:5:13: note: add '@available' attribute to enclosing generic class
final class AsyncResult<Value: Sendable>: Sendable {
            ^
/Users/admin/builder/spi-builder-workspace/Sources/OnelastleafPluginSDK/AsyncResult.swift:27:36: error: concurrency is only available in watchOS 6.0.0 or newer
  func valueIgnoringCancellation() async throws -> Value {
                                   ^
/Users/admin/builder/spi-builder-workspace/Sources/OnelastleafPluginSDK/AsyncResult.swift:27:8: note: add '@available' attribute to enclosing instance method
  func valueIgnoringCancellation() async throws -> Value {
       ^
/Users/admin/builder/spi-builder-workspace/Sources/OnelastleafPluginSDK/AsyncResult.swift:5:13: note: add '@available' attribute to enclosing generic class
final class AsyncResult<Value: Sendable>: Sendable {
            ^
/Users/admin/builder/spi-builder-workspace/Sources/OnelastleafPluginSDK/Host.swift:15:5: error: concurrency is only available in watchOS 6.0.0 or newer
  ) async throws -> Oll_Protocol_HostCallResponse {
    ^
/Users/admin/builder/spi-builder-workspace/Sources/OnelastleafPluginSDK/Host.swift:12:8: note: add '@available' attribute to enclosing instance method
  func call(
       ^
/Users/admin/builder/spi-builder-workspace/Sources/OnelastleafPluginSDK/Host.swift:5:8: note: add '@available' attribute to enclosing struct
struct HostClient: Sendable {
       ^
/Users/admin/builder/spi-builder-workspace/Sources/OnelastleafPluginSDK/Host.swift:44:5: error: concurrency is only available in watchOS 6.0.0 or newer
  ) async throws -> Oll_Protocol_PluginEnvelope.OneOf_Payload {
    ^
/Users/admin/builder/spi-builder-workspace/Sources/OnelastleafPluginSDK/Host.swift:41:8: note: add '@available' attribute to enclosing instance method
  func request(
       ^
/Users/admin/builder/spi-builder-workspace/Sources/OnelastleafPluginSDK/Host.swift:5:8: note: add '@available' attribute to enclosing struct
struct HostClient: Sendable {
       ^
/Users/admin/builder/spi-builder-workspace/Sources/OnelastleafPluginSDK/Host.swift:136:5: error: concurrency is only available in watchOS 6.0.0 or newer
  ) async throws -> Oll_Protocol_HostCallResponse {
    ^
/Users/admin/builder/spi-builder-workspace/Sources/OnelastleafPluginSDK/Host.swift:134:15: note: add '@available' attribute to enclosing instance method
  public func hostCall(
              ^
/Users/admin/builder/spi-builder-workspace/Sources/OnelastleafPluginSDK/Host.swift:120:1: note: add '@available' attribute to enclosing extension
extension ActionContext {
^
/Users/admin/builder/spi-builder-workspace/Sources/OnelastleafPluginSDK/Host.swift:156:5: error: concurrency is only available in watchOS 6.0.0 or newer
  ) async throws -> Oll_Protocol_GetConfigResponse {
    ^
/Users/admin/builder/spi-builder-workspace/Sources/OnelastleafPluginSDK/Host.swift:154:15: note: add '@available' attribute to enclosing instance method
  public func getConfig(
              ^
/Users/admin/builder/spi-builder-workspace/Sources/OnelastleafPluginSDK/Host.swift:120:1: note: add '@available' attribute to enclosing extension
extension ActionContext {
^
/Users/admin/builder/spi-builder-workspace/Sources/OnelastleafPluginSDK/Host.swift:188:5: error: concurrency is only available in watchOS 6.0.0 or newer
  ) async throws -> Oll_Protocol_InvokeConfigFunctionResponse {
    ^
/Users/admin/builder/spi-builder-workspace/Sources/OnelastleafPluginSDK/Host.swift:185:15: note: add '@available' attribute to enclosing instance method
  public func invokeConfigFunction(
              ^
/Users/admin/builder/spi-builder-workspace/Sources/OnelastleafPluginSDK/Host.swift:120:1: note: add '@available' attribute to enclosing extension
extension ActionContext {
^
/Users/admin/builder/spi-builder-workspace/Sources/OnelastleafPluginSDK/Host.swift:224:5: error: concurrency is only available in watchOS 6.0.0 or newer
  ) async throws {
    ^
/Users/admin/builder/spi-builder-workspace/Sources/OnelastleafPluginSDK/Host.swift:219:15: note: add '@available' attribute to enclosing instance method
  public func log(
              ^
/Users/admin/builder/spi-builder-workspace/Sources/OnelastleafPluginSDK/Host.swift:120:1: note: add '@available' attribute to enclosing extension
extension ActionContext {
^
/Users/admin/builder/spi-builder-workspace/Sources/OnelastleafPluginSDK/JobScope.swift:15:23: error: 'Mutex' is only available in watchOS 11.0 or newer
  private let state = Mutex(State())
                      ^
/Users/admin/builder/spi-builder-workspace/Sources/OnelastleafPluginSDK/JobScope.swift:7:13: note: add '@available' attribute to enclosing class
final class JobScope: Sendable {
            ^
/Users/admin/builder/spi-builder-workspace/Sources/OnelastleafPluginSDK/JobScope.swift:15:23: error: 'init(_:)' is only available in watchOS 11.0 or newer
  private let state = Mutex(State())
                      ^
/Users/admin/builder/spi-builder-workspace/Sources/OnelastleafPluginSDK/JobScope.swift:7:13: note: add '@available' attribute to enclosing class
final class JobScope: Sendable {
            ^
/Users/admin/builder/spi-builder-workspace/Sources/OnelastleafPluginSDK/JobScope.swift:11:22: error: 'CheckedContinuation' is only available in watchOS 6.0 or newer
    var drainWaiter: CheckedContinuation<Void, Never>?
                     ^
/Users/admin/builder/spi-builder-workspace/Sources/OnelastleafPluginSDK/JobScope.swift:8:18: note: add '@available' attribute to enclosing struct
  private struct State: Sendable {
                 ^
/Users/admin/builder/spi-builder-workspace/Sources/OnelastleafPluginSDK/JobScope.swift:19:5: error: concurrency is only available in watchOS 6.0.0 or newer
  ) async throws -> Value {
    ^
/Users/admin/builder/spi-builder-workspace/Sources/OnelastleafPluginSDK/JobScope.swift:17:8: note: add '@available' attribute to enclosing instance method
  func perform<Value: Sendable>(
       ^
/Users/admin/builder/spi-builder-workspace/Sources/OnelastleafPluginSDK/JobScope.swift:7:13: note: add '@available' attribute to enclosing class
final class JobScope: Sendable {
            ^
/Users/admin/builder/spi-builder-workspace/Sources/OnelastleafPluginSDK/JobScope.swift:35:27: error: concurrency is only available in watchOS 6.0.0 or newer
  func waitUntilDrained() async {
                          ^
/Users/admin/builder/spi-builder-workspace/Sources/OnelastleafPluginSDK/JobScope.swift:35:8: note: add '@available' attribute to enclosing instance method
  func waitUntilDrained() async {
       ^
/Users/admin/builder/spi-builder-workspace/Sources/OnelastleafPluginSDK/JobScope.swift:7:13: note: add '@available' attribute to enclosing class
final class JobScope: Sendable {
            ^
/Users/admin/builder/spi-builder-workspace/Sources/OnelastleafPluginSDK/Models.swift:109:23: error: 'Mutex' is only available in watchOS 11.0 or newer
  private let state = Mutex<State>(.active)
                      ^
/Users/admin/builder/spi-builder-workspace/Sources/OnelastleafPluginSDK/Models.swift:102:20: note: add '@available' attribute to enclosing class
public final class CancellationToken: Sendable {
                   ^
/Users/admin/builder/spi-builder-workspace/Sources/OnelastleafPluginSDK/Models.swift:109:34: error: 'init(_:)' is only available in watchOS 11.0 or newer
  private let state = Mutex<State>(.active)
                                 ^
/Users/admin/builder/spi-builder-workspace/Sources/OnelastleafPluginSDK/Models.swift:102:20: note: add '@available' attribute to enclosing class
public final class CancellationToken: Sendable {
                   ^
/Users/admin/builder/spi-builder-workspace/Sources/OnelastleafPluginSDK/ParentLiveness.swift:9:25: error: 'Mutex' is only available in watchOS 11.0 or newer
  private let stopped = Mutex(false)
                        ^
/Users/admin/builder/spi-builder-workspace/Sources/OnelastleafPluginSDK/ParentLiveness.swift:6:13: note: add '@available' attribute to enclosing class
final class ParentLivenessMonitor: Sendable {
            ^
/Users/admin/builder/spi-builder-workspace/Sources/OnelastleafPluginSDK/ParentLiveness.swift:9:25: error: 'init(_:)' is only available in watchOS 11.0 or newer
  private let stopped = Mutex(false)
                        ^
/Users/admin/builder/spi-builder-workspace/Sources/OnelastleafPluginSDK/ParentLiveness.swift:6:13: note: add '@available' attribute to enclosing class
final class ParentLivenessMonitor: Sendable {
            ^
/Users/admin/builder/spi-builder-workspace/Sources/OnelastleafPluginSDK/ParentLiveness.swift:19:21: error: concurrency is only available in watchOS 6.0.0 or newer
  func waitForEOF() async throws {
                    ^
/Users/admin/builder/spi-builder-workspace/Sources/OnelastleafPluginSDK/ParentLiveness.swift:19:8: note: add '@available' attribute to enclosing instance method
  func waitForEOF() async throws {
       ^
/Users/admin/builder/spi-builder-workspace/Sources/OnelastleafPluginSDK/ParentLiveness.swift:6:13: note: add '@available' attribute to enclosing class
final class ParentLivenessMonitor: Sendable {
            ^
/Users/admin/builder/spi-builder-workspace/Sources/OnelastleafPluginSDK/PendingResponses.swift:10:16: error: concurrency is only available in watchOS 6.0.0 or newer
  func value() async throws -> Oll_Protocol_PluginEnvelope.OneOf_Payload {
               ^
/Users/admin/builder/spi-builder-workspace/Sources/OnelastleafPluginSDK/PendingResponses.swift:10:8: note: add '@available' attribute to enclosing instance method
  func value() async throws -> Oll_Protocol_PluginEnvelope.OneOf_Payload {
       ^
/Users/admin/builder/spi-builder-workspace/Sources/OnelastleafPluginSDK/PendingResponses.swift:6:8: note: add '@available' attribute to enclosing struct
struct PendingRequest: Sendable {
       ^
/Users/admin/builder/spi-builder-workspace/Sources/OnelastleafPluginSDK/PendingResponses.swift:25:25: error: 'Mutex' is only available in watchOS 11.0 or newer
  private let entries = Mutex<[UInt64: Entry]>([:])
                        ^
/Users/admin/builder/spi-builder-workspace/Sources/OnelastleafPluginSDK/PendingResponses.swift:18:13: note: add '@available' attribute to enclosing class
final class PendingResponses: Sendable {
            ^
/Users/admin/builder/spi-builder-workspace/Sources/OnelastleafPluginSDK/PendingResponses.swift:25:46: error: 'init(_:)' is only available in watchOS 11.0 or newer
  private let entries = Mutex<[UInt64: Entry]>([:])
                                             ^
/Users/admin/builder/spi-builder-workspace/Sources/OnelastleafPluginSDK/PendingResponses.swift:18:13: note: add '@available' attribute to enclosing class
final class PendingResponses: Sendable {
            ^
/Users/admin/builder/spi-builder-workspace/Sources/OnelastleafPluginSDK/Plugin.swift:31:23: error: 'Mutex' is only available in watchOS 11.0 or newer
  private let state = Mutex(State())
                      ^
/Users/admin/builder/spi-builder-workspace/Sources/OnelastleafPluginSDK/Plugin.swift:17:20: note: add '@available' attribute to enclosing class
public final class Plugin: Sendable {
                   ^
/Users/admin/builder/spi-builder-workspace/Sources/OnelastleafPluginSDK/Plugin.swift:31:23: error: 'init(_:)' is only available in watchOS 11.0 or newer
  private let state = Mutex(State())
                      ^
/Users/admin/builder/spi-builder-workspace/Sources/OnelastleafPluginSDK/Plugin.swift:17:20: note: add '@available' attribute to enclosing class
public final class Plugin: Sendable {
                   ^
/Users/admin/builder/spi-builder-workspace/Sources/OnelastleafPluginSDK/Plugin.swift:109:21: error: concurrency is only available in watchOS 6.0.0 or newer
  public func run() async throws {
                    ^
/Users/admin/builder/spi-builder-workspace/Sources/OnelastleafPluginSDK/Plugin.swift:109:15: note: add '@available' attribute to enclosing instance method
  public func run() async throws {
              ^
/Users/admin/builder/spi-builder-workspace/Sources/OnelastleafPluginSDK/Plugin.swift:17:20: note: add '@available' attribute to enclosing class
public final class Plugin: Sendable {
                   ^
/Users/admin/builder/spi-builder-workspace/Sources/OnelastleafPluginSDK/Plugin.swift:140:15: error: concurrency is only available in watchOS 6.0.0 or newer
  func wait() async throws -> PluginSDKError {
              ^
/Users/admin/builder/spi-builder-workspace/Sources/OnelastleafPluginSDK/Plugin.swift:140:8: note: add '@available' attribute to enclosing instance method
  func wait() async throws -> PluginSDKError {
       ^
/Users/admin/builder/spi-builder-workspace/Sources/OnelastleafPluginSDK/Plugin.swift:133:13: note: add '@available' attribute to enclosing class
final class RuntimeFailureSignal: Sendable {
            ^
/Users/admin/builder/spi-builder-workspace/Sources/OnelastleafPluginSDK/Plugin.swift:150:14: error: concurrency is only available in watchOS 6.0.0 or newer
  func run() async throws {
             ^
/Users/admin/builder/spi-builder-workspace/Sources/OnelastleafPluginSDK/Plugin.swift:150:8: note: add '@available' attribute to enclosing instance method
  func run() async throws {
       ^
/Users/admin/builder/spi-builder-workspace/Sources/OnelastleafPluginSDK/Plugin.swift:145:16: note: add '@available' attribute to enclosing struct
private struct PluginRuntime: Sendable {
               ^
/Users/admin/builder/spi-builder-workspace/Sources/OnelastleafPluginSDK/Plugin.swift:233:5: error: concurrency is only available in watchOS 6.0.0 or newer
  ) async throws {
    ^
/Users/admin/builder/spi-builder-workspace/Sources/OnelastleafPluginSDK/Plugin.swift:229:16: note: add '@available' attribute to enclosing instance method
  private func connect(
               ^
/Users/admin/builder/spi-builder-workspace/Sources/OnelastleafPluginSDK/Plugin.swift:145:16: note: add '@available' attribute to enclosing struct
private struct PluginRuntime: Sendable {
               ^
/Users/admin/builder/spi-builder-workspace/Sources/OnelastleafPluginSDK/Plugin.swift:262:36: error: 'CallOptions' is only available in watchOS 11.0 or newer
func pluginRuntimeCallOptions() -> CallOptions {
                                   ^
/Users/admin/builder/spi-builder-workspace/Sources/OnelastleafPluginSDK/Plugin.swift:262:6: note: add '@available' attribute to enclosing global function
func pluginRuntimeCallOptions() -> CallOptions {
     ^
/Users/admin/builder/spi-builder-workspace/Sources/OnelastleafPluginSDK/Session.swift:4:7: error: concurrency is only available in watchOS 6.0.0 or newer
actor PluginSession {
      ^
/Users/admin/builder/spi-builder-workspace/Sources/OnelastleafPluginSDK/Session.swift:4:7: note: add '@available' attribute to enclosing actor
actor PluginSession {
      ^
/Users/admin/builder/spi-builder-workspace/Sources/OnelastleafPluginSDK/Session.swift:26:15: error: 'Task' is only available in watchOS 6.0 or newer
    let task: Task<Void, Never>
              ^
/Users/admin/builder/spi-builder-workspace/Sources/OnelastleafPluginSDK/Session.swift:21:18: note: add '@available' attribute to enclosing struct
  private struct JobExecution: Sendable {
                 ^
/Users/admin/builder/spi-builder-workspace/Sources/OnelastleafPluginSDK/Session.swift:62:37: error: 'Task' is only available in watchOS 6.0 or newer
  private var shutdownDeadlineTask: Task<Void, Never>?
                                    ^
/Users/admin/builder/spi-builder-workspace/Sources/OnelastleafPluginSDK/Session.swift:4:7: note: add '@available' attribute to enclosing actor
actor PluginSession {
      ^
/Users/admin/builder/spi-builder-workspace/Sources/OnelastleafPluginSDK/Transport.swift:10:15: error: 'AsyncStream' is only available in watchOS 6.0 or newer
  let stream: AsyncStream<Oll_Protocol_PluginEnvelope>
              ^
/Users/admin/builder/spi-builder-workspace/Sources/OnelastleafPluginSDK/Transport.swift:9:13: note: add '@available' attribute to enclosing class
final class EnvelopeQueue: Sendable {
            ^
/Users/admin/builder/spi-builder-workspace/Sources/OnelastleafPluginSDK/Transport.swift:11:29: error: 'AsyncStream' is only available in watchOS 6.0 or newer
  private let continuation: AsyncStream<Oll_Protocol_PluginEnvelope>.Continuation
                            ^
/Users/admin/builder/spi-builder-workspace/Sources/OnelastleafPluginSDK/Transport.swift:9:13: note: add '@available' attribute to enclosing class
final class EnvelopeQueue: Sendable {
            ^
/Users/admin/builder/spi-builder-workspace/Sources/OnelastleafPluginSDK/Transport.swift:49:23: error: 'Mutex' is only available in watchOS 11.0 or newer
  private let state = Mutex(State())
                      ^
/Users/admin/builder/spi-builder-workspace/Sources/OnelastleafPluginSDK/Transport.swift:41:13: note: add '@available' attribute to enclosing class
final class EnvelopeSender: Sendable {
            ^
/Users/admin/builder/spi-builder-workspace/Sources/OnelastleafPluginSDK/Transport.swift:49:23: error: 'init(_:)' is only available in watchOS 11.0 or newer
  private let state = Mutex(State())
                      ^
/Users/admin/builder/spi-builder-workspace/Sources/OnelastleafPluginSDK/Transport.swift:41:13: note: add '@available' attribute to enclosing class
final class EnvelopeSender: Sendable {
            ^
SwiftEmitModule normal arm64 Emitting\ module\ for\ OnelastleafPluginSDK (in target 'OnelastleafPluginSDK' from project 'swift-plugin-sdk')
EmitSwiftModule normal arm64 (in target 'OnelastleafPluginSDK' from project 'swift-plugin-sdk')
    cd /Users/admin/builder/spi-builder-workspace/.swiftpm/xcode

/Users/admin/builder/spi-builder-workspace/Sources/OnelastleafPluginSDK/Artifact.swift:32:17: error: 'AsyncSequence' is only available in watchOS 6.0 or newer
  where Chunks: AsyncSequence & Sendable, Chunks.Element == Data {
                ^
/Users/admin/builder/spi-builder-workspace/Sources/OnelastleafPluginSDK/Artifact.swift:27:15: note: add '@available' attribute to enclosing instance method
  public func storeArtifact<Chunks>(
              ^
/Users/admin/builder/spi-builder-workspace/Sources/OnelastleafPluginSDK/Artifact.swift:5:1: note: add '@available' attribute to enclosing extension
extension ActionContext {
^
/Users/admin/builder/spi-builder-workspace/Sources/OnelastleafPluginSDK/Artifact.swift:90:17: error: 'AsyncSequence' is only available in watchOS 6.0 or newer
  where Chunks: AsyncSequence & Sendable, Chunks.Element == Data {
                ^
/Users/admin/builder/spi-builder-workspace/Sources/OnelastleafPluginSDK/Artifact.swift:85:16: note: add '@available' attribute to enclosing instance method
  private func transferArtifact<Chunks>(
               ^
/Users/admin/builder/spi-builder-workspace/Sources/OnelastleafPluginSDK/Artifact.swift:5:1: note: add '@available' attribute to enclosing extension
extension ActionContext {
^
/Users/admin/builder/spi-builder-workspace/Sources/OnelastleafPluginSDK/Artifact.swift:153:24: error: 'SHA256' is only available in watchOS 6.0 or newer
  private var sha256 = SHA256()
                       ^
/Users/admin/builder/spi-builder-workspace/Sources/OnelastleafPluginSDK/Artifact.swift:147:16: note: add '@available' attribute to enclosing struct
private struct ArtifactVerifier {
               ^
/Users/admin/builder/spi-builder-workspace/Sources/OnelastleafPluginSDK/AsyncResult.swift:17:23: error: 'Mutex' is only available in watchOS 11.0 or newer
  private let state = Mutex<State>(.pending)
                      ^
/Users/admin/builder/spi-builder-workspace/Sources/OnelastleafPluginSDK/AsyncResult.swift:5:13: note: add '@available' attribute to enclosing generic class
final class AsyncResult<Value: Sendable>: Sendable {
            ^
/Users/admin/builder/spi-builder-workspace/Sources/OnelastleafPluginSDK/AsyncResult.swift:17:34: error: 'init(_:)' is only available in watchOS 11.0 or newer
  private let state = Mutex<State>(.pending)
                                 ^
/Users/admin/builder/spi-builder-workspace/Sources/OnelastleafPluginSDK/AsyncResult.swift:5:13: note: add '@available' attribute to enclosing generic class
final class AsyncResult<Value: Sendable>: Sendable {
            ^
/Users/admin/builder/spi-builder-workspace/Sources/OnelastleafPluginSDK/AsyncResult.swift:8:18: error: 'CheckedContinuation' is only available in watchOS 6.0 or newer
    case waiting(CheckedContinuation<Result<Value, any Error>, Never>)
                 ^
/Users/admin/builder/spi-builder-workspace/Sources/OnelastleafPluginSDK/AsyncResult.swift:6:16: note: add '@available' attribute to enclosing enum
  private enum State: Sendable {
               ^
/Users/admin/builder/spi-builder-workspace/Sources/OnelastleafPluginSDK/JobScope.swift:15:23: error: 'Mutex' is only available in watchOS 11.0 or newer
  private let state = Mutex(State())
                      ^
/Users/admin/builder/spi-builder-workspace/Sources/OnelastleafPluginSDK/JobScope.swift:7:13: note: add '@available' attribute to enclosing class
final class JobScope: Sendable {
            ^
/Users/admin/builder/spi-builder-workspace/Sources/OnelastleafPluginSDK/JobScope.swift:15:23: error: 'init(_:)' is only available in watchOS 11.0 or newer
  private let state = Mutex(State())
                      ^
/Users/admin/builder/spi-builder-workspace/Sources/OnelastleafPluginSDK/JobScope.swift:7:13: note: add '@available' attribute to enclosing class
final class JobScope: Sendable {
            ^
/Users/admin/builder/spi-builder-workspace/Sources/OnelastleafPluginSDK/JobScope.swift:11:22: error: 'CheckedContinuation' is only available in watchOS 6.0 or newer
    var drainWaiter: CheckedContinuation<Void, Never>?
                     ^
/Users/admin/builder/spi-builder-workspace/Sources/OnelastleafPluginSDK/JobScope.swift:8:18: note: add '@available' attribute to enclosing struct
  private struct State: Sendable {
                 ^
/Users/admin/builder/spi-builder-workspace/Sources/OnelastleafPluginSDK/Models.swift:109:23: error: 'Mutex' is only available in watchOS 11.0 or newer
  private let state = Mutex<State>(.active)
                      ^
/Users/admin/builder/spi-builder-workspace/Sources/OnelastleafPluginSDK/Models.swift:102:20: note: add '@available' attribute to enclosing class
public final class CancellationToken: Sendable {
                   ^
/Users/admin/builder/spi-builder-workspace/Sources/OnelastleafPluginSDK/Models.swift:109:34: error: 'init(_:)' is only available in watchOS 11.0 or newer
  private let state = Mutex<State>(.active)
                                 ^
/Users/admin/builder/spi-builder-workspace/Sources/OnelastleafPluginSDK/Models.swift:102:20: note: add '@available' attribute to enclosing class
public final class CancellationToken: Sendable {
                   ^
/Users/admin/builder/spi-builder-workspace/Sources/OnelastleafPluginSDK/ParentLiveness.swift:9:25: error: 'Mutex' is only available in watchOS 11.0 or newer
  private let stopped = Mutex(false)
                        ^
/Users/admin/builder/spi-builder-workspace/Sources/OnelastleafPluginSDK/ParentLiveness.swift:6:13: note: add '@available' attribute to enclosing class
final class ParentLivenessMonitor: Sendable {
            ^
/Users/admin/builder/spi-builder-workspace/Sources/OnelastleafPluginSDK/ParentLiveness.swift:9:25: error: 'init(_:)' is only available in watchOS 11.0 or newer
  private let stopped = Mutex(false)
                        ^
/Users/admin/builder/spi-builder-workspace/Sources/OnelastleafPluginSDK/ParentLiveness.swift:6:13: note: add '@available' attribute to enclosing class
final class ParentLivenessMonitor: Sendable {
            ^
/Users/admin/builder/spi-builder-workspace/Sources/OnelastleafPluginSDK/PendingResponses.swift:25:25: error: 'Mutex' is only available in watchOS 11.0 or newer
  private let entries = Mutex<[UInt64: Entry]>([:])
                        ^
/Users/admin/builder/spi-builder-workspace/Sources/OnelastleafPluginSDK/PendingResponses.swift:18:13: note: add '@available' attribute to enclosing class
final class PendingResponses: Sendable {
            ^
/Users/admin/builder/spi-builder-workspace/Sources/OnelastleafPluginSDK/PendingResponses.swift:25:46: error: 'init(_:)' is only available in watchOS 11.0 or newer
  private let entries = Mutex<[UInt64: Entry]>([:])
                                             ^
/Users/admin/builder/spi-builder-workspace/Sources/OnelastleafPluginSDK/PendingResponses.swift:18:13: note: add '@available' attribute to enclosing class
final class PendingResponses: Sendable {
            ^
/Users/admin/builder/spi-builder-workspace/Sources/OnelastleafPluginSDK/Plugin.swift:31:23: error: 'Mutex' is only available in watchOS 11.0 or newer
  private let state = Mutex(State())
                      ^
/Users/admin/builder/spi-builder-workspace/Sources/OnelastleafPluginSDK/Plugin.swift:17:20: note: add '@available' attribute to enclosing class
public final class Plugin: Sendable {
                   ^
/Users/admin/builder/spi-builder-workspace/Sources/OnelastleafPluginSDK/Plugin.swift:31:23: error: 'init(_:)' is only available in watchOS 11.0 or newer
  private let state = Mutex(State())
                      ^
/Users/admin/builder/spi-builder-workspace/Sources/OnelastleafPluginSDK/Plugin.swift:17:20: note: add '@available' attribute to enclosing class
public final class Plugin: Sendable {
                   ^
/Users/admin/builder/spi-builder-workspace/Sources/OnelastleafPluginSDK/Plugin.swift:262:36: error: 'CallOptions' is only available in watchOS 11.0 or newer
func pluginRuntimeCallOptions() -> CallOptions {
                                   ^
/Users/admin/builder/spi-builder-workspace/Sources/OnelastleafPluginSDK/Plugin.swift:262:6: note: add '@available' attribute to enclosing global function
func pluginRuntimeCallOptions() -> CallOptions {
     ^
/Users/admin/builder/spi-builder-workspace/Sources/OnelastleafPluginSDK/Session.swift:26:15: error: 'Task' is only available in watchOS 6.0 or newer
    let task: Task<Void, Never>
              ^
/Users/admin/builder/spi-builder-workspace/Sources/OnelastleafPluginSDK/Session.swift:21:18: note: add '@available' attribute to enclosing struct
  private struct JobExecution: Sendable {
                 ^
/Users/admin/builder/spi-builder-workspace/Sources/OnelastleafPluginSDK/Session.swift:62:37: error: 'Task' is only available in watchOS 6.0 or newer
  private var shutdownDeadlineTask: Task<Void, Never>?
                                    ^
/Users/admin/builder/spi-builder-workspace/Sources/OnelastleafPluginSDK/Session.swift:4:7: note: add '@available' attribute to enclosing actor
actor PluginSession {
      ^
/Users/admin/builder/spi-builder-workspace/Sources/OnelastleafPluginSDK/Transport.swift:10:15: error: 'AsyncStream' is only available in watchOS 6.0 or newer
  let stream: AsyncStream<Oll_Protocol_PluginEnvelope>
              ^
/Users/admin/builder/spi-builder-workspace/Sources/OnelastleafPluginSDK/Transport.swift:9:13: note: add '@available' attribute to enclosing class
final class EnvelopeQueue: Sendable {
            ^
/Users/admin/builder/spi-builder-workspace/Sources/OnelastleafPluginSDK/Transport.swift:11:29: error: 'AsyncStream' is only available in watchOS 6.0 or newer
  private let continuation: AsyncStream<Oll_Protocol_PluginEnvelope>.Continuation
                            ^
/Users/admin/builder/spi-builder-workspace/Sources/OnelastleafPluginSDK/Transport.swift:9:13: note: add '@available' attribute to enclosing class
final class EnvelopeQueue: Sendable {
            ^
/Users/admin/builder/spi-builder-workspace/Sources/OnelastleafPluginSDK/Transport.swift:49:23: error: 'Mutex' is only available in watchOS 11.0 or newer
  private let state = Mutex(State())
                      ^
/Users/admin/builder/spi-builder-workspace/Sources/OnelastleafPluginSDK/Transport.swift:41:13: note: add '@available' attribute to enclosing class
final class EnvelopeSender: Sendable {
            ^
/Users/admin/builder/spi-builder-workspace/Sources/OnelastleafPluginSDK/Transport.swift:49:23: error: 'init(_:)' is only available in watchOS 11.0 or newer
  private let state = Mutex(State())
                      ^
/Users/admin/builder/spi-builder-workspace/Sources/OnelastleafPluginSDK/Transport.swift:41:13: note: add '@available' attribute to enclosing class
final class EnvelopeSender: Sendable {
            ^
SwiftEmitModule normal armv7k Emitting\ module\ for\ OnelastleafPluginSDK (in target 'OnelastleafPluginSDK' from project 'swift-plugin-sdk')
EmitSwiftModule normal armv7k (in target 'OnelastleafPluginSDK' from project 'swift-plugin-sdk')
    cd /Users/admin/builder/spi-builder-workspace/.swiftpm/xcode

SwiftDriverJobDiscovery normal arm64 Compiling Exports.swift (in target 'GRPCNIOTransportHTTP2Posix' from project 'grpc-swift-nio-transport')
SwiftCompile normal arm64_32 Compiling\ Errors.swift,\ Host.swift /Users/admin/builder/spi-builder-workspace/Sources/OnelastleafPluginSDK/Errors.swift /Users/admin/builder/spi-builder-workspace/Sources/OnelastleafPluginSDK/Host.swift (in target 'OnelastleafPluginSDK' from project 'swift-plugin-sdk')
SwiftCompile normal arm64_32 /Users/admin/builder/spi-builder-workspace/Sources/OnelastleafPluginSDK/Errors.swift (in target 'OnelastleafPluginSDK' from project 'swift-plugin-sdk')
    cd /Users/admin/builder/spi-builder-workspace/.swiftpm/xcode

SwiftCompile normal arm64_32 /Users/admin/builder/spi-builder-workspace/Sources/OnelastleafPluginSDK/Host.swift (in target 'OnelastleafPluginSDK' from project 'swift-plugin-sdk')
    cd /Users/admin/builder/spi-builder-workspace/.swiftpm/xcode

SwiftCompile normal arm64 Compiling\ Plugin.swift /Users/admin/builder/spi-builder-workspace/Sources/OnelastleafPluginSDK/Plugin.swift (in target 'OnelastleafPluginSDK' from project 'swift-plugin-sdk')
SwiftCompile normal armv7k Compiling\ Transport.swift /Users/admin/builder/spi-builder-workspace/Sources/OnelastleafPluginSDK/Transport.swift (in target 'OnelastleafPluginSDK' from project 'swift-plugin-sdk')
2026-09-04 06:02:46.034 xcodebuild[10560:30617] [MT] IDERunDestination: Supported platforms for the buildables in the current scheme is empty.
** BUILD FAILED **
The following build commands failed:
	SwiftEmitModule normal arm64_32 Emitting\ module\ for\ OnelastleafPluginSDK (in target 'OnelastleafPluginSDK' from project 'swift-plugin-sdk')
	EmitSwiftModule normal arm64_32 (in target 'OnelastleafPluginSDK' from project 'swift-plugin-sdk')
	EmitSwiftModule normal arm64 (in target 'OnelastleafPluginSDK' from project 'swift-plugin-sdk')
	Building workspace spi-builder-workspace with scheme swift-plugin-sdk-Package
(4 failures)
BUILD FAILURE 6.2 watchOS