The Swift Package Index logo.Swift Package Index

Build Information

Failed to build PlaceholderImages, reference master (f04b9a), with Swift 6.4 for macOS (Xcode) using Xcode 27.0 on 17 Sep 2026 04:14:05 UTC.

Build Command

env DEVELOPER_DIR=/Applications/Xcode-27.0.0-Release.Candidate.app xcrun xcodebuild -IDEClonedSourcePackagesDirPathOverride=$PWD/.dependencies -skipMacroValidation -skipPackagePluginValidation -derivedDataPath $PWD/.derivedData build -scheme PlaceholderImages-Package -destination platform=macOS,arch=arm64

Build Log

========================================
RunAll
========================================
Builder version: 5.1.0
Interrupt handler set up.
========================================
Checkout
========================================
Clone URL: https://github.com/Appsaurus/PlaceholderImages.git
Reference: master
Initialized empty Git repository in /Users/admin/builder/spi-builder-workspace/.git/
From https://github.com/Appsaurus/PlaceholderImages
 * branch            master     -> FETCH_HEAD
 * [new branch]      master     -> origin/master
HEAD is now at f04b9a6 Swift 4.2
Cloned https://github.com/Appsaurus/PlaceholderImages.git
Revision (git rev-parse @):
f04b9a60eff34432c4edaa082dad8de316d1a60b
SUCCESS checkout https://github.com/Appsaurus/PlaceholderImages.git at master
========================================
Build
========================================
Selected platform:         macosXcodebuild
Swift version:             6.4
Building package at path:  $PWD
https://github.com/Appsaurus/PlaceholderImages.git
Command line invocation:
    /Applications/Xcode-27.0.0-Release.Candidate.app/Contents/Developer/usr/bin/xcodebuild -IDEClonedSourcePackagesDirPathOverride=/Users/admin/builder/spi-builder-workspace/.dependencies -resolvePackageDependencies
resolved source packages:
{
  "dependencies" : [
    {
      "identity" : "swifttestutils",
      "requirement" : {
        "range" : [
          {
            "lower_bound" : "1.0.0",
            "upper_bound" : "2.0.0"
          }
        ]
      },
      "type" : "sourceControl",
      "url" : "https://github.com/Appsaurus/SwiftTestUtils"
    }
  ],
  "manifest_display_name" : "PlaceholderImages",
  "name" : "PlaceholderImages",
  "path" : "/Users/admin/builder/spi-builder-workspace",
  "platforms" : [
  ],
  "products" : [
    {
      "name" : "PlaceholderImages",
      "targets" : [
        "PlaceholderImages"
      ],
      "type" : {
        "library" : [
          "automatic"
        ]
      }
    }
  ],
  "targets" : [
    {
      "c99name" : "PlaceholderImagesTests",
      "module_type" : "SwiftTarget",
      "name" : "PlaceholderImagesTests",
      "path" : "PlaceholderImagesTests/Shared",
      "product_dependencies" : [
        "SwiftTestUtils"
      ],
      "sources" : [
        "SharedTests.swift"
      ],
      "target_dependencies" : [
        "PlaceholderImages"
      ],
      "type" : "test"
    },
    {
      "c99name" : "PlaceholderImages",
      "module_type" : "SwiftTarget",
      "name" : "PlaceholderImages",
      "path" : "Sources/Shared",
      "product_memberships" : [
        "PlaceholderImages"
      ],
      "sources" : [
        "ImageURLProvider.swift",
        "PlaceholderImageGenerator.swift",
        "Providers/DummyImage.swift",
        "Providers/LoremFlickr.swift",
        "Providers/LoremPixel.swift",
        "Providers/PlaceImg.swift",
        "Providers/Unsplash.swift"
      ],
      "type" : "library"
    }
  ],
  "tools_version" : "4.0"
}
{
  "project" : {
    "configurations" : [
      "Debug",
      "Release"
    ],
    "name" : "PlaceholderImages",
    "schemes" : [
      "PlaceholderImages-Package"
    ],
    "targets" : [
      "PlaceholderImages",
      "PlaceholderImagesPackageDescription",
      "PlaceholderImagesPackageTests",
      "PlaceholderImagesTests",
      "SwiftTestUtils",
      "SwiftTestUtilsPackageDescription"
    ]
  }
}
Running build ...
env DEVELOPER_DIR=/Applications/Xcode-27.0.0-Release.Candidate.app xcrun xcodebuild -IDEClonedSourcePackagesDirPathOverride=$PWD/.dependencies -skipMacroValidation -skipPackagePluginValidation -derivedDataPath $PWD/.derivedData build -scheme PlaceholderImages-Package -destination platform=macOS,arch=arm64
Command line invocation:
    /Applications/Xcode-27.0.0-Release.Candidate.app/Contents/Developer/usr/bin/xcodebuild -IDEClonedSourcePackagesDirPathOverride=/Users/admin/builder/spi-builder-workspace/.dependencies -skipMacroValidation -skipPackagePluginValidation -derivedDataPath /Users/admin/builder/spi-builder-workspace/.derivedData build -scheme PlaceholderImages-Package -destination platform=macOS,arch=arm64
ComputePackagePrebuildTargetDependencyGraph
Prepare packages
CreateBuildRequest
SendProjectDescription
CreateBuildOperation
ComputeTargetDependencyGraph
note: Building targets in dependency order
note: Target dependency graph (1 target)
    Target 'PlaceholderImages' in project 'PlaceholderImages' (no dependencies)
GatherProvisioningInputs
CreateBuildDescription
ExecuteExternalTool /Applications/Xcode-27.0.0-Release.Candidate.app/Contents/Developer/Toolchains/XcodeDefault.xctoolchain/usr/bin/clang -v -E -dM -isysroot /Applications/Xcode-27.0.0-Release.Candidate.app/Contents/Developer/Platforms/MacOSX.platform/Developer/SDKs/MacOSX27.0.sdk -x c -c /dev/null
ExecuteExternalTool /Applications/Xcode-27.0.0-Release.Candidate.app/Contents/Developer/Toolchains/XcodeDefault.xctoolchain/usr/bin/swiftc --version
ExecuteExternalTool /Applications/Xcode-27.0.0-Release.Candidate.app/Contents/Developer/Toolchains/XcodeDefault.xctoolchain/usr/bin/ld -version_details
Build description signature: ed815d683863b8e51b5ac8fc4210e164
Build description path: /Users/admin/builder/spi-builder-workspace/.derivedData/Build/Intermediates.noindex/XCBuildData/ed815d683863b8e51b5ac8fc4210e164.xcbuilddata
/Users/admin/builder/spi-builder-workspace/PlaceholderImages.xcodeproj: error: The macOS deployment target 'MACOSX_DEPLOYMENT_TARGET' is set to 10.10, but the range of supported deployment target versions is 12.0 to 27.0.x. (in target 'PlaceholderImages' from project 'PlaceholderImages')
** BUILD FAILED **
The following build commands failed:
	Building project PlaceholderImages with scheme PlaceholderImages-Package
(1 failure)
Command line invocation:
    /Applications/Xcode-27.0.0-Release.Candidate.app/Contents/Developer/usr/bin/xcodebuild -IDEClonedSourcePackagesDirPathOverride=/Users/admin/builder/spi-builder-workspace/.dependencies -resolvePackageDependencies
resolved source packages:
{
  "dependencies" : [
    {
      "identity" : "swifttestutils",
      "requirement" : {
        "range" : [
          {
            "lower_bound" : "1.0.0",
            "upper_bound" : "2.0.0"
          }
        ]
      },
      "type" : "sourceControl",
      "url" : "https://github.com/Appsaurus/SwiftTestUtils"
    }
  ],
  "manifest_display_name" : "PlaceholderImages",
  "name" : "PlaceholderImages",
  "path" : "/Users/admin/builder/spi-builder-workspace",
  "platforms" : [
  ],
  "products" : [
    {
      "name" : "PlaceholderImages",
      "targets" : [
        "PlaceholderImages"
      ],
      "type" : {
        "library" : [
          "automatic"
        ]
      }
    }
  ],
  "targets" : [
    {
      "c99name" : "PlaceholderImagesTests",
      "module_type" : "SwiftTarget",
      "name" : "PlaceholderImagesTests",
      "path" : "PlaceholderImagesTests/Shared",
      "product_dependencies" : [
        "SwiftTestUtils"
      ],
      "sources" : [
        "SharedTests.swift"
      ],
      "target_dependencies" : [
        "PlaceholderImages"
      ],
      "type" : "test"
    },
    {
      "c99name" : "PlaceholderImages",
      "module_type" : "SwiftTarget",
      "name" : "PlaceholderImages",
      "path" : "Sources/Shared",
      "product_memberships" : [
        "PlaceholderImages"
      ],
      "sources" : [
        "ImageURLProvider.swift",
        "PlaceholderImageGenerator.swift",
        "Providers/DummyImage.swift",
        "Providers/LoremFlickr.swift",
        "Providers/LoremPixel.swift",
        "Providers/PlaceImg.swift",
        "Providers/Unsplash.swift"
      ],
      "type" : "library"
    }
  ],
  "tools_version" : "4.0"
}
{
  "project" : {
    "configurations" : [
      "Debug",
      "Release"
    ],
    "name" : "PlaceholderImages",
    "schemes" : [
      "PlaceholderImages-Package"
    ],
    "targets" : [
      "PlaceholderImages",
      "PlaceholderImagesPackageDescription",
      "PlaceholderImagesPackageTests",
      "PlaceholderImagesTests",
      "SwiftTestUtils",
      "SwiftTestUtilsPackageDescription"
    ]
  }
}
Running build ...
env DEVELOPER_DIR=/Applications/Xcode-27.0.0-Release.Candidate.app xcrun xcodebuild -IDEClonedSourcePackagesDirPathOverride=$PWD/.dependencies -skipMacroValidation -skipPackagePluginValidation -derivedDataPath $PWD/.derivedData build -scheme PlaceholderImages-Package -destination platform=macOS,arch=arm64
Command line invocation:
    /Applications/Xcode-27.0.0-Release.Candidate.app/Contents/Developer/usr/bin/xcodebuild -IDEClonedSourcePackagesDirPathOverride=/Users/admin/builder/spi-builder-workspace/.dependencies -skipMacroValidation -skipPackagePluginValidation -derivedDataPath /Users/admin/builder/spi-builder-workspace/.derivedData build -scheme PlaceholderImages-Package -destination platform=macOS,arch=arm64
ComputePackagePrebuildTargetDependencyGraph
Prepare packages
CreateBuildRequest
SendProjectDescription
CreateBuildOperation
ComputeTargetDependencyGraph
note: Building targets in dependency order
note: Target dependency graph (1 target)
    Target 'PlaceholderImages' in project 'PlaceholderImages' (no dependencies)
GatherProvisioningInputs
CreateBuildDescription
/Users/admin/builder/spi-builder-workspace/PlaceholderImages.xcodeproj: error: The macOS deployment target 'MACOSX_DEPLOYMENT_TARGET' is set to 10.10, but the range of supported deployment target versions is 12.0 to 27.0.x. (in target 'PlaceholderImages' from project 'PlaceholderImages')
** BUILD FAILED **
The following build commands failed:
	Building project PlaceholderImages with scheme PlaceholderImages-Package
(1 failure)
BUILD FAILURE 6.4 macosXcodebuild