The Swift Package Index logo.Swift Package Index

Build Information

Failed to build MaskedUITextField, reference main (7788a9), with Swift 6.4 for Wasm on 18 Sep 2026 01:18:23 UTC.

Build Command

bash -c docker run --pull=always --rm -v "checkouts-54344847-0":/host -w "$PWD" -e JAVA_HOME="/root/.sdkman/candidates/java/current" -e SPI_BUILD="1" -e SPI_PROCESSING="1" registry.gitlab.com/saguaro1/spi-images:wasm-6.4-latest swift build --swift-sdk swift-6.4.x-DEVELOPMENT-SNAPSHOT-2026-09-04-a_wasm 2>&1

Build Log

========================================
RunAll
========================================
Builder version: 5.1.0
Interrupt handler set up.
========================================
Checkout
========================================
Clone URL: https://github.com/Columbina/MaskedUITextField.git
Reference: main
Initialized empty Git repository in /host/spi-builder-workspace/.git/
hint: Using 'master' as the name for the initial branch. This default branch name
hint: is subject to change. To configure the initial branch name to use in all
hint: of your new repositories, which will suppress this warning, call:
hint:
hint: 	git config --global init.defaultBranch <name>
hint:
hint: Names commonly chosen instead of 'master' are 'main', 'trunk' and
hint: 'development'. The just-created branch can be renamed via this command:
hint:
hint: 	git branch -m <name>
From https://github.com/Columbina/MaskedUITextField
 * branch            main       -> FETCH_HEAD
 * [new branch]      main       -> origin/main
HEAD is now at 7788a9f Add project and implementation.
Cloned https://github.com/Columbina/MaskedUITextField.git
Revision (git rev-parse @):
7788a9fdc8d99a06ce94377e4d1364f8cfd61a28
SUCCESS checkout https://github.com/Columbina/MaskedUITextField.git at main
========================================
Build
========================================
Selected platform:         wasm
Swift version:             6.4
Building package at path:  $PWD
https://github.com/Columbina/MaskedUITextField.git
Running build ...
bash -c docker run --pull=always --rm -v "checkouts-54344847-0":/host -w "$PWD" -e JAVA_HOME="/root/.sdkman/candidates/java/current" -e SPI_BUILD="1" -e SPI_PROCESSING="1" registry.gitlab.com/saguaro1/spi-images:wasm-6.4-latest swift build --swift-sdk swift-6.4.x-DEVELOPMENT-SNAPSHOT-2026-09-04-a_wasm 2>&1
wasm-6.4-latest: Pulling from saguaro1/spi-images
Digest: sha256:4328fdb43c680d205c1d6761b1e3267aa38277eefdda9ddfb17b6a0f1a77857a
Status: Image is up to date for registry.gitlab.com/saguaro1/spi-images:wasm-6.4-latest
Fetching https://github.com/Columbina/MaskedFormatter.git
[1/54] Fetching maskedformatter
Fetched https://github.com/Columbina/MaskedFormatter.git (0.44s)
Computing version for https://github.com/Columbina/MaskedFormatter.git
Computed https://github.com/Columbina/MaskedFormatter.git at 1.0.1 (0.62s)
Creating working copy for https://github.com/Columbina/MaskedFormatter.git
Working copy of https://github.com/Columbina/MaskedFormatter.git resolved at 1.0.1
Building for debugging...
[Pre-planning 1 / 96]
[23 / 38] MaskedFormatter
error: SwiftCompile normal wasm32 failed with a nonzero exit code. Command line:     cd /host

/host/spi-builder-workspace/.build/checkouts/MaskedFormatter/Sources/MaskedFormatter/MaskedFormatter.swift:38:48: error: cannot find type 'AutoreleasingUnsafeMutablePointer' in scope
36 |     }
37 |
38 |     override public func getObjectValue(_ obj: AutoreleasingUnsafeMutablePointer<AnyObject?>?, for string: String,
   |                                                `- error: cannot find type 'AutoreleasingUnsafeMutablePointer' in scope
39 |                                         errorDescription error: AutoreleasingUnsafeMutablePointer<NSString?>?) -> Bool {
40 |         obj?.pointee = string as AnyObject?
/host/spi-builder-workspace/.build/checkouts/MaskedFormatter/Sources/MaskedFormatter/MaskedFormatter.swift:39:65: error: cannot find type 'AutoreleasingUnsafeMutablePointer' in scope
37 |
38 |     override public func getObjectValue(_ obj: AutoreleasingUnsafeMutablePointer<AnyObject?>?, for string: String,
39 |                                         errorDescription error: AutoreleasingUnsafeMutablePointer<NSString?>?) -> Bool {
   |                                                                 `- error: cannot find type 'AutoreleasingUnsafeMutablePointer' in scope
40 |         obj?.pointee = string as AnyObject?
41 |         return true
Failed frontend command:
/usr/bin/swift-frontend -frontend -emit-module -experimental-skip-non-inlinable-function-bodies-without-types /host/spi-builder-workspace/.build/checkouts/MaskedFormatter/Sources/MaskedFormatter/MaskedFormatter.swift -target wasm32-unknown-wasip1 -disable-objc-interop -sdk /root/.swiftpm/swift-sdks/swift-6.4.x-DEVELOPMENT-SNAPSHOT-2026-09-04-a_wasm.artifactbundle/swift-6.4.x-DEVELOPMENT-SNAPSHOT-2026-09-04-a_wasm/wasm32-unknown-wasip1/WASI.sdk -sysroot /root/.swiftpm/swift-sdks/swift-6.4.x-DEVELOPMENT-SNAPSHOT-2026-09-04-a_wasm.artifactbundle/swift-6.4.x-DEVELOPMENT-SNAPSHOT-2026-09-04-a_wasm/wasm32-unknown-wasip1/WASI.sdk -I /host/spi-builder-workspace/.build/out/Products/Debug-webassembly-wasm32 -module-cache-path /host/spi-builder-workspace/.build/out/ModuleCache.noindex -color-diagnostics -Xcc -fcolor-diagnostics -enable-testing -g -debug-info-format\=dwarf -dwarf-version\=4 -suppress-warnings -swift-version 5 -Onone -D SWIFT_PACKAGE -D DEBUG -D SWIFT_MODULE_RESOURCE_BUNDLE_UNAVAILABLE -D Xcode -serialize-debugging-options -enable-experimental-feature DebugDescriptionMacro -empty-abi-descriptor -external-plugin-path /usr/lib/swift/host/plugins/testing\#/usr/bin/swift-plugin-server -validate-clang-modules-once -clang-build-session-file /host/spi-builder-workspace/.build/out/ModuleCache.noindex/Session.modulevalidation -Xcc -working-directory -Xcc /host -resource-dir /root/.swiftpm/swift-sdks/swift-6.4.x-DEVELOPMENT-SNAPSHOT-2026-09-04-a_wasm.artifactbundle/swift-6.4.x-DEVELOPMENT-SNAPSHOT-2026-09-04-a_wasm/wasm32-unknown-wasip1/swift.xctoolchain/usr/lib/swift_static -use-static-resource-dir -enable-anonymous-context-mangled-names -file-compilation-dir /host -Xcc -resource-dir -Xcc /root/.swiftpm/swift-sdks/swift-6.4.x-DEVELOPMENT-SNAPSHOT-2026-09-04-a_wasm.artifactbundle/swift-6.4.x-DEVELOPMENT-SNAPSHOT-2026-09-04-a_wasm/wasm32-unknown-wasip1/swift.xctoolchain/usr/lib/swift_static/clang -Xcc -D_LIBCPP_HARDENING_MODE\=_LIBCPP_HARDENING_MODE_DEBUG -Xcc -fmodules-prune-interval\=86400 -Xcc -fmodules-prune-after\=345600 -Xcc -I/host/spi-builder-workspace/.build/out/Products/Debug-webassembly-wasm32/include -Xcc -I/host/spi-builder-workspace/.build/out/Intermediates.noindex/MaskedFormatter.build/Debug-webassembly-wasm32/MaskedFormatter-t.build/DerivedSources-normal/wasm32 -Xcc -I/host/spi-builder-workspace/.build/out/Intermediates.noindex/MaskedFormatter.build/Debug-webassembly-wasm32/MaskedFormatter-t.build/DerivedSources/wasm32 -Xcc -I/host/spi-builder-workspace/.build/out/Intermediates.noindex/MaskedFormatter.build/Debug-webassembly-wasm32/MaskedFormatter-t.build/DerivedSources -Xcc -DSWIFT_PACKAGE -Xcc -DDEBUG\=1 -no-auto-bridging-header-chaining -module-name MaskedFormatter -const-gather-protocols-file /host/spi-builder-workspace/.build/out/Intermediates.noindex/MaskedFormatter.build/Debug-webassembly-wasm32/MaskedFormatter-t.build/Objects-normal/wasm32/MaskedFormatter_const_extract_protocols.json -in-process-plugin-server-path /usr/lib/swift/host/libSwiftInProcPluginServer.so -plugin-path /usr/lib/swift/host/plugins -plugin-path /usr/local/lib/swift/host/plugins -emit-module-doc-path /host/spi-builder-workspace/.build/out/Intermediates.noindex/MaskedFormatter.build/Debug-webassembly-wasm32/MaskedFormatter-t.build/Objects-normal/wasm32/Modules/MaskedFormatter.swiftdoc -emit-module-source-info-path /host/spi-builder-workspace/.build/out/Intermediates.noindex/MaskedFormatter.build/Debug-webassembly-wasm32/MaskedFormatter-t.build/Objects-normal/wasm32/Modules/MaskedFormatter.swiftsourceinfo -emit-objc-header-path /host/spi-builder-workspace/.build/out/Intermediates.noindex/MaskedFormatter.build/Debug-webassembly-wasm32/MaskedFormatter-t.build/Objects-normal/wasm32/MaskedFormatter-Swift.h -serialize-diagnostics-path /host/spi-builder-workspace/.build/out/Intermediates.noindex/MaskedFormatter.build/Debug-webassembly-wasm32/MaskedFormatter-t.build/Objects-normal/wasm32/MaskedFormatter-primary-emit-module.dia -emit-dependencies-path /host/spi-builder-workspace/.build/out/Intermediates.noindex/MaskedFormatter.build/Debug-webassembly-wasm32/MaskedFormatter-t.build/Objects-normal/wasm32/MaskedFormatter-primary-emit-module.d -parse-as-library -o /host/spi-builder-workspace/.build/out/Intermediates.noindex/MaskedFormatter.build/Debug-webassembly-wasm32/MaskedFormatter-t.build/Objects-normal/wasm32/Modules/MaskedFormatter.swiftmodule
error: Build failed
BUILD FAILURE 6.4 wasm