The Swift Package Index logo.Swift Package Index

Build Information

Failed to build FMZDropInMinimalFacebookLogin, reference 1.1.0-alpha1 (9308bc), with Swift 6.4 for tvOS using Xcode 27.0 on 17 Sep 2026 14:15:48 UTC.

Build Command

env DEVELOPER_DIR=/Applications/Xcode-27.0.0-Release.Candidate.app xcrun xcodebuild -IDEClonedSourcePackagesDirPathOverride=$PWD/.dependencies -skipMacroValidation -skipPackagePluginValidation -derivedDataPath $PWD/.derivedData build -scheme FMZDropInMinimalFacebookLogin -destination generic/platform=tvOS

Build Log

========================================
RunAll
========================================
Builder version: 5.1.0
Interrupt handler set up.
========================================
Checkout
========================================
Clone URL: https://github.com/josephlord/FMZDropInMinimalFacebookLogin.git
Reference: 1.1.0-alpha1
Initialized empty Git repository in /Users/admin/builder/spi-builder-workspace/.git/
From https://github.com/josephlord/FMZDropInMinimalFacebookLogin
 * tag               1.1.0-alpha1 -> FETCH_HEAD
HEAD is now at 9308bc4 Additional compatibility support including adding GraphRequest and non-namespaced ApplicationDelegate functions
Cloned https://github.com/josephlord/FMZDropInMinimalFacebookLogin.git
Revision (git rev-parse @):
9308bc4196ddece38476d5813c94a61713d4844d
SUCCESS checkout https://github.com/josephlord/FMZDropInMinimalFacebookLogin.git at 1.1.0-alpha1
========================================
Build
========================================
Selected platform:         tvOS
Swift version:             6.4
Building package at path:  $PWD
https://github.com/josephlord/FMZDropInMinimalFacebookLogin.git
Command line invocation:
    /Applications/Xcode-27.0.0-Release.Candidate.app/Contents/Developer/usr/bin/xcodebuild -IDEClonedSourcePackagesDirPathOverride=/Users/admin/builder/spi-builder-workspace/.dependencies -resolvePackageDependencies
Resolve Package Graph
Resolve Package Graph
Resolved source packages:
  FMZDropInMinimalFacebookLogin: /Users/admin/builder/spi-builder-workspace
resolved source packages: FMZDropInMinimalFacebookLogin
2026-09-17 10:14:56.894 xcodebuild[525:2987] [MT] IDERunDestination: Supported platforms for the buildables in the current scheme is empty.
{
  "dependencies" : [
  ],
  "manifest_display_name" : "FMZDropInMinimalFacebookLogin",
  "name" : "FMZDropInMinimalFacebookLogin",
  "path" : "/Users/admin/builder/spi-builder-workspace",
  "platforms" : [
    {
      "name" : "ios",
      "version" : "9.0"
    }
  ],
  "products" : [
    {
      "name" : "FMZDropInMinimalFacebookLogin",
      "targets" : [
        "FMZDropInMinimalFacebookLogin"
      ],
      "type" : {
        "library" : [
          "automatic"
        ]
      }
    }
  ],
  "targets" : [
    {
      "c99name" : "FMZDropInMinimalFacebookLoginTests",
      "module_type" : "SwiftTarget",
      "name" : "FMZDropInMinimalFacebookLoginTests",
      "path" : "Tests/FMZDropInMinimalFacebookLoginTests",
      "sources" : [
        "FMZDropInMinimalFacebookLoginTests.swift",
        "XCTestManifests.swift"
      ],
      "target_dependencies" : [
        "FMZDropInMinimalFacebookLogin"
      ],
      "type" : "test"
    },
    {
      "c99name" : "FMZDropInMinimalFacebookLogin",
      "module_type" : "SwiftTarget",
      "name" : "FMZDropInMinimalFacebookLogin",
      "path" : "Sources/FMZDropInMinimalFacebookLogin",
      "product_memberships" : [
        "FMZDropInMinimalFacebookLogin"
      ],
      "sources" : [
        "AccessToken.swift",
        "FacebookLogin.swift",
        "GraphRequest.swift",
        "MinimalFacebookConfiguration.swift",
        "MinimalLoginManager.swift"
      ],
      "type" : "library"
    }
  ],
  "tools_version" : "5.2"
}
{
  "workspace" : {
    "name" : "FMZDropInMinimalFacebookLogin",
    "schemes" : [
      "FMZDropInMinimalFacebookLogin"
    ]
  }
}
2026-09-17 10:15:38.049 xcodebuild[643:4093] [MT] IDERunDestination: Supported platforms for the buildables in the current scheme is empty.
Running build ...
env DEVELOPER_DIR=/Applications/Xcode-27.0.0-Release.Candidate.app xcrun xcodebuild -IDEClonedSourcePackagesDirPathOverride=$PWD/.dependencies -skipMacroValidation -skipPackagePluginValidation -derivedDataPath $PWD/.derivedData build -scheme FMZDropInMinimalFacebookLogin -destination generic/platform=tvOS
Command line invocation:
    /Applications/Xcode-27.0.0-Release.Candidate.app/Contents/Developer/usr/bin/xcodebuild -IDEClonedSourcePackagesDirPathOverride=/Users/admin/builder/spi-builder-workspace/.dependencies -skipMacroValidation -skipPackagePluginValidation -derivedDataPath /Users/admin/builder/spi-builder-workspace/.derivedData build -scheme FMZDropInMinimalFacebookLogin -destination generic/platform=tvOS
Resolve Package Graph
Resolved source packages:
  FMZDropInMinimalFacebookLogin: /Users/admin/builder/spi-builder-workspace
ComputePackagePrebuildTargetDependencyGraph
Prepare packages
CreateBuildRequest
SendProjectDescription
CreateBuildOperation
ComputeTargetDependencyGraph
note: Building targets in dependency order
note: Target dependency graph (2 targets)
    Target 'FMZDropInMinimalFacebookLogin-product' in project 'FMZDropInMinimalFacebookLogin'
        ➜ Explicit dependency on target 'FMZDropInMinimalFacebookLogin' in project 'FMZDropInMinimalFacebookLogin'
    Target 'FMZDropInMinimalFacebookLogin' in project 'FMZDropInMinimalFacebookLogin' (no dependencies)
GatherProvisioningInputs
CreateBuildDescription
ExecuteExternalTool /Applications/Xcode-27.0.0-Release.Candidate.app/Contents/Developer/Toolchains/XcodeDefault.xctoolchain/usr/bin/clang -v -E -dM -isysroot /Applications/Xcode-27.0.0-Release.Candidate.app/Contents/Developer/Platforms/AppleTVOS.platform/Developer/SDKs/AppleTVOS27.0.sdk -x c -c /dev/null
ExecuteExternalTool /Applications/Xcode-27.0.0-Release.Candidate.app/Contents/Developer/Toolchains/XcodeDefault.xctoolchain/usr/bin/swiftc --version
ExecuteExternalTool /Applications/Xcode-27.0.0-Release.Candidate.app/Contents/Developer/Toolchains/XcodeDefault.xctoolchain/usr/bin/ld -version_details
Build description signature: 0a5b43561d33e21ffb5715f1008e922e
Build description path: /Users/admin/builder/spi-builder-workspace/.derivedData/Build/Intermediates.noindex/XCBuildData/0a5b43561d33e21ffb5715f1008e922e.xcbuilddata
CreateBuildDirectory /Users/admin/builder/spi-builder-workspace/.derivedData/SDKExplicitPrecompiledModules
    cd /Users/admin/builder/spi-builder-workspace/.swiftpm/xcode
    builtin-create-build-directory /Users/admin/builder/spi-builder-workspace/.derivedData/SDKExplicitPrecompiledModules
CreateBuildDirectory /Users/admin/builder/spi-builder-workspace/.derivedData/ModuleCache.noindex
    cd /Users/admin/builder/spi-builder-workspace/.swiftpm/xcode
    builtin-create-build-directory /Users/admin/builder/spi-builder-workspace/.derivedData/ModuleCache.noindex
CreateBuildDirectory /Users/admin/builder/spi-builder-workspace/.derivedData/CompilationCache.noindex
    cd /Users/admin/builder/spi-builder-workspace/.swiftpm/xcode
    builtin-create-build-directory /Users/admin/builder/spi-builder-workspace/.derivedData/CompilationCache.noindex
CreateBuildDirectory /Users/admin/builder/spi-builder-workspace/.derivedData/Build/Intermediates.noindex
    cd /Users/admin/builder/spi-builder-workspace/.swiftpm/xcode
    builtin-create-build-directory /Users/admin/builder/spi-builder-workspace/.derivedData/Build/Intermediates.noindex
CreateBuildDirectory /Users/admin/builder/spi-builder-workspace/.derivedData/Build/Products
    cd /Users/admin/builder/spi-builder-workspace/.swiftpm/xcode
    builtin-create-build-directory /Users/admin/builder/spi-builder-workspace/.derivedData/Build/Products
ClangStatCache /Applications/Xcode-27.0.0-Release.Candidate.app/Contents/Developer/Toolchains/XcodeDefault.xctoolchain/usr/bin/clang-stat-cache /Applications/Xcode-27.0.0-Release.Candidate.app/Contents/Developer/Platforms/AppleTVOS.platform/Developer/SDKs/AppleTVOS27.0.sdk /Users/admin/builder/spi-builder-workspace/.derivedData/SDKStatCaches.noindex/appletvos27.0-24J360-e829b21a6f8c9b70876ba0858053c044b32bfd8d43560033f8d89884cdb90028.sdkstatcache
    cd /Users/admin/builder/spi-builder-workspace/.swiftpm/xcode
    /Applications/Xcode-27.0.0-Release.Candidate.app/Contents/Developer/Toolchains/XcodeDefault.xctoolchain/usr/bin/clang-stat-cache /Applications/Xcode-27.0.0-Release.Candidate.app/Contents/Developer/Platforms/AppleTVOS.platform/Developer/SDKs/AppleTVOS27.0.sdk -o /Users/admin/builder/spi-builder-workspace/.derivedData/SDKStatCaches.noindex/appletvos27.0-24J360-e829b21a6f8c9b70876ba0858053c044b32bfd8d43560033f8d89884cdb90028.sdkstatcache
CreateBuildDirectory /Users/admin/builder/spi-builder-workspace/.derivedData/Build/Products/Debug-appletvos
    cd /Users/admin/builder/spi-builder-workspace/.swiftpm/xcode
    builtin-create-build-directory /Users/admin/builder/spi-builder-workspace/.derivedData/Build/Products/Debug-appletvos
CreateBuildDirectory /Users/admin/builder/spi-builder-workspace/.derivedData/Build/Intermediates.noindex/SwiftExplicitPrecompiledModules
    cd /Users/admin/builder/spi-builder-workspace/.swiftpm/xcode
    builtin-create-build-directory /Users/admin/builder/spi-builder-workspace/.derivedData/Build/Intermediates.noindex/SwiftExplicitPrecompiledModules
CreateBuildDirectory /Users/admin/builder/spi-builder-workspace/.derivedData/Build/Intermediates.noindex/PrecompiledHeaders
    cd /Users/admin/builder/spi-builder-workspace/.swiftpm/xcode
    builtin-create-build-directory /Users/admin/builder/spi-builder-workspace/.derivedData/Build/Intermediates.noindex/PrecompiledHeaders
CreateBuildDirectory /Users/admin/builder/spi-builder-workspace/.derivedData/Build/Intermediates.noindex/ExplicitPrecompiledModules
    cd /Users/admin/builder/spi-builder-workspace/.swiftpm/xcode
    builtin-create-build-directory /Users/admin/builder/spi-builder-workspace/.derivedData/Build/Intermediates.noindex/ExplicitPrecompiledModules
CreateBuildDirectory /Users/admin/builder/spi-builder-workspace/.derivedData/Build/Intermediates.noindex/EagerLinkingTBDs/Debug-appletvos
    cd /Users/admin/builder/spi-builder-workspace/.swiftpm/xcode
    builtin-create-build-directory /Users/admin/builder/spi-builder-workspace/.derivedData/Build/Intermediates.noindex/EagerLinkingTBDs/Debug-appletvos
CreateBuildDirectory /Users/admin/builder/spi-builder-workspace/.derivedData/Build/Products/Debug-appletvos/PackageFrameworks
    cd /Users/admin/builder/spi-builder-workspace/.swiftpm/xcode
    builtin-create-build-directory /Users/admin/builder/spi-builder-workspace/.derivedData/Build/Products/Debug-appletvos/PackageFrameworks
WriteAuxiliaryFile /Users/admin/builder/spi-builder-workspace/.derivedData/Build/Intermediates.noindex/FMZDropInMinimalFacebookLogin.build/Debug-appletvos/FMZDropInMinimalFacebookLogin-t.build/FMZDropInMinimalFacebookLogin.modulemap (in target 'FMZDropInMinimalFacebookLogin' from project 'FMZDropInMinimalFacebookLogin')
    cd /Users/admin/builder/spi-builder-workspace
    write-file /Users/admin/builder/spi-builder-workspace/.derivedData/Build/Intermediates.noindex/FMZDropInMinimalFacebookLogin.build/Debug-appletvos/FMZDropInMinimalFacebookLogin-t.build/FMZDropInMinimalFacebookLogin.modulemap
WriteAuxiliaryFile /Users/admin/builder/spi-builder-workspace/.derivedData/Build/Intermediates.noindex/FMZDropInMinimalFacebookLogin.build/Debug-appletvos/FMZDropInMinimalFacebookLogin-t.build/FMZDropInMinimalFacebookLogin.DependencyStaticMetadataFileList (in target 'FMZDropInMinimalFacebookLogin' from project 'FMZDropInMinimalFacebookLogin')
    cd /Users/admin/builder/spi-builder-workspace
    write-file /Users/admin/builder/spi-builder-workspace/.derivedData/Build/Intermediates.noindex/FMZDropInMinimalFacebookLogin.build/Debug-appletvos/FMZDropInMinimalFacebookLogin-t.build/FMZDropInMinimalFacebookLogin.DependencyStaticMetadataFileList
WriteAuxiliaryFile /Users/admin/builder/spi-builder-workspace/.derivedData/Build/Intermediates.noindex/FMZDropInMinimalFacebookLogin.build/Debug-appletvos/FMZDropInMinimalFacebookLogin-t.build/FMZDropInMinimalFacebookLogin.DependencyMetadataFileList (in target 'FMZDropInMinimalFacebookLogin' from project 'FMZDropInMinimalFacebookLogin')
    cd /Users/admin/builder/spi-builder-workspace
    write-file /Users/admin/builder/spi-builder-workspace/.derivedData/Build/Intermediates.noindex/FMZDropInMinimalFacebookLogin.build/Debug-appletvos/FMZDropInMinimalFacebookLogin-t.build/FMZDropInMinimalFacebookLogin.DependencyMetadataFileList
WriteAuxiliaryFile /Users/admin/builder/spi-builder-workspace/.derivedData/Build/Intermediates.noindex/FMZDropInMinimalFacebookLogin.build/Debug-appletvos/FMZDropInMinimalFacebookLogin-t.build/Objects-normal/arm64/FMZDropInMinimalFacebookLogin.SwiftFileList (in target 'FMZDropInMinimalFacebookLogin' from project 'FMZDropInMinimalFacebookLogin')
    cd /Users/admin/builder/spi-builder-workspace
    write-file /Users/admin/builder/spi-builder-workspace/.derivedData/Build/Intermediates.noindex/FMZDropInMinimalFacebookLogin.build/Debug-appletvos/FMZDropInMinimalFacebookLogin-t.build/Objects-normal/arm64/FMZDropInMinimalFacebookLogin.SwiftFileList
WriteAuxiliaryFile /Users/admin/builder/spi-builder-workspace/.derivedData/Build/Intermediates.noindex/FMZDropInMinimalFacebookLogin.build/Debug-appletvos/FMZDropInMinimalFacebookLogin-t.build/Objects-normal/arm64/FMZDropInMinimalFacebookLogin_const_extract_protocols.json (in target 'FMZDropInMinimalFacebookLogin' from project 'FMZDropInMinimalFacebookLogin')
    cd /Users/admin/builder/spi-builder-workspace
    write-file /Users/admin/builder/spi-builder-workspace/.derivedData/Build/Intermediates.noindex/FMZDropInMinimalFacebookLogin.build/Debug-appletvos/FMZDropInMinimalFacebookLogin-t.build/Objects-normal/arm64/FMZDropInMinimalFacebookLogin_const_extract_protocols.json
WriteAuxiliaryFile /Users/admin/builder/spi-builder-workspace/.derivedData/Build/Intermediates.noindex/FMZDropInMinimalFacebookLogin.build/Debug-appletvos/FMZDropInMinimalFacebookLogin-t.build/Objects-normal/arm64/FMZDropInMinimalFacebookLogin.SwiftConstValuesFileList (in target 'FMZDropInMinimalFacebookLogin' from project 'FMZDropInMinimalFacebookLogin')
    cd /Users/admin/builder/spi-builder-workspace
    write-file /Users/admin/builder/spi-builder-workspace/.derivedData/Build/Intermediates.noindex/FMZDropInMinimalFacebookLogin.build/Debug-appletvos/FMZDropInMinimalFacebookLogin-t.build/Objects-normal/arm64/FMZDropInMinimalFacebookLogin.SwiftConstValuesFileList
WriteAuxiliaryFile /Users/admin/builder/spi-builder-workspace/.derivedData/Build/Intermediates.noindex/FMZDropInMinimalFacebookLogin.build/Debug-appletvos/FMZDropInMinimalFacebookLogin-t.build/Objects-normal/arm64/FMZDropInMinimalFacebookLogin.LinkFileList (in target 'FMZDropInMinimalFacebookLogin' from project 'FMZDropInMinimalFacebookLogin')
    cd /Users/admin/builder/spi-builder-workspace
    write-file /Users/admin/builder/spi-builder-workspace/.derivedData/Build/Intermediates.noindex/FMZDropInMinimalFacebookLogin.build/Debug-appletvos/FMZDropInMinimalFacebookLogin-t.build/Objects-normal/arm64/FMZDropInMinimalFacebookLogin.LinkFileList
WriteAuxiliaryFile /Users/admin/builder/spi-builder-workspace/.derivedData/Build/Intermediates.noindex/FMZDropInMinimalFacebookLogin.build/Debug-appletvos/FMZDropInMinimalFacebookLogin-t.build/Objects-normal/arm64/FMZDropInMinimalFacebookLogin-OutputFileMap.json (in target 'FMZDropInMinimalFacebookLogin' from project 'FMZDropInMinimalFacebookLogin')
    cd /Users/admin/builder/spi-builder-workspace
    write-file /Users/admin/builder/spi-builder-workspace/.derivedData/Build/Intermediates.noindex/FMZDropInMinimalFacebookLogin.build/Debug-appletvos/FMZDropInMinimalFacebookLogin-t.build/Objects-normal/arm64/FMZDropInMinimalFacebookLogin-OutputFileMap.json
Copy /Users/admin/builder/spi-builder-workspace/.derivedData/Build/Intermediates.noindex/GeneratedModuleMaps-appletvos/FMZDropInMinimalFacebookLogin.modulemap /Users/admin/builder/spi-builder-workspace/.derivedData/Build/Intermediates.noindex/FMZDropInMinimalFacebookLogin.build/Debug-appletvos/FMZDropInMinimalFacebookLogin-t.build/FMZDropInMinimalFacebookLogin.modulemap (in target 'FMZDropInMinimalFacebookLogin' from project 'FMZDropInMinimalFacebookLogin')
    cd /Users/admin/builder/spi-builder-workspace
    builtin-copy -exclude .DS_Store -exclude CVS -exclude .svn -exclude .git -exclude .hg -resolve-src-symlinks /Users/admin/builder/spi-builder-workspace/.derivedData/Build/Intermediates.noindex/FMZDropInMinimalFacebookLogin.build/Debug-appletvos/FMZDropInMinimalFacebookLogin-t.build/FMZDropInMinimalFacebookLogin.modulemap /Users/admin/builder/spi-builder-workspace/.derivedData/Build/Intermediates.noindex/GeneratedModuleMaps-appletvos
SwiftDriver FMZDropInMinimalFacebookLogin normal arm64 com.apple.xcode.tools.swift.compiler (in target 'FMZDropInMinimalFacebookLogin' from project 'FMZDropInMinimalFacebookLogin')
    cd /Users/admin/builder/spi-builder-workspace/.swiftpm/xcode
    builtin-SwiftDriver -- /Applications/Xcode-27.0.0-Release.Candidate.app/Contents/Developer/Toolchains/XcodeDefault.xctoolchain/usr/bin/swiftc -parse-as-library -module-name FMZDropInMinimalFacebookLogin -Onone @/Users/admin/builder/spi-builder-workspace/.derivedData/Build/Intermediates.noindex/FMZDropInMinimalFacebookLogin.build/Debug-appletvos/FMZDropInMinimalFacebookLogin-t.build/Objects-normal/arm64/FMZDropInMinimalFacebookLogin.SwiftFileList -DSWIFT_PACKAGE -DDEBUG -DSWIFT_MODULE_RESOURCE_BUNDLE_UNAVAILABLE -DXcode -plugin-path /Applications/Xcode-27.0.0-Release.Candidate.app/Contents/Developer/Toolchains/XcodeDefault.xctoolchain/usr/lib/swift/host/plugins/testing -enable-experimental-feature DebugDescriptionMacro -sdk /Applications/Xcode-27.0.0-Release.Candidate.app/Contents/Developer/Platforms/AppleTVOS.platform/Developer/SDKs/AppleTVOS27.0.sdk -target arm64-apple-tvos15.0 -g -module-cache-path /Users/admin/builder/spi-builder-workspace/.derivedData/ModuleCache.noindex -Xfrontend -serialize-debugging-options -profile-coverage-mapping -profile-generate -enable-testing -index-store-path /Users/admin/builder/spi-builder-workspace/.derivedData/Index.noindex/DataStore -Xcc -D_LIBCPP_HARDENING_MODE\=_LIBCPP_HARDENING_MODE_DEBUG -swift-version 5 -I /Users/admin/builder/spi-builder-workspace/.derivedData/Build/Products/Debug-appletvos -Isystem /Applications/Xcode-27.0.0-Release.Candidate.app/Contents/Developer/Platforms/AppleTVOS.platform/Developer/usr/lib -F /Users/admin/builder/spi-builder-workspace/.derivedData/Build/Products/Debug-appletvos -F /Applications/Xcode-27.0.0-Release.Candidate.app/Contents/Developer/Platforms/AppleTVOS.platform/Developer/Library/Frameworks -F /Applications/Xcode-27.0.0-Release.Candidate.app/Contents/Developer/Platforms/AppleTVOS.platform/Developer/SDKs/AppleTVOS27.0.sdk/Developer/Library/Frameworks -c -j10 -enable-batch-mode -incremental -Xcc -ivfsstatcache -Xcc /Users/admin/builder/spi-builder-workspace/.derivedData/SDKStatCaches.noindex/appletvos27.0-24J360-e829b21a6f8c9b70876ba0858053c044b32bfd8d43560033f8d89884cdb90028.sdkstatcache -output-file-map /Users/admin/builder/spi-builder-workspace/.derivedData/Build/Intermediates.noindex/FMZDropInMinimalFacebookLogin.build/Debug-appletvos/FMZDropInMinimalFacebookLogin-t.build/Objects-normal/arm64/FMZDropInMinimalFacebookLogin-OutputFileMap.json -save-temps -no-color-diagnostics -explicit-module-build -module-cache-path /Users/admin/builder/spi-builder-workspace/.derivedData/Build/Intermediates.noindex/SwiftExplicitPrecompiledModules -clang-scanner-module-cache-path /Users/admin/builder/spi-builder-workspace/.derivedData/ModuleCache.noindex -sdk-module-cache-path /Users/admin/builder/spi-builder-workspace/.derivedData/SDKExplicitPrecompiledModules -emit-dependencies -emit-module -emit-module-path /Users/admin/builder/spi-builder-workspace/.derivedData/Build/Intermediates.noindex/FMZDropInMinimalFacebookLogin.build/Debug-appletvos/FMZDropInMinimalFacebookLogin-t.build/Objects-normal/arm64/FMZDropInMinimalFacebookLogin.swiftmodule -serialize-diagnostics -dependency-scan-serialize-diagnostics-path /Users/admin/builder/spi-builder-workspace/.derivedData/Build/Intermediates.noindex/FMZDropInMinimalFacebookLogin.build/Debug-appletvos/FMZDropInMinimalFacebookLogin-t.build/Objects-normal/arm64/FMZDropInMinimalFacebookLogin-dependency-scan.dia -validate-clang-modules-once -clang-build-session-file /Users/admin/builder/spi-builder-workspace/.derivedData/ModuleCache.noindex/Session.modulevalidation -Xcc -fmodules-prune-interval\=86400 -Xcc -fmodules-prune-after\=345600 -emit-const-values -const-gather-protocols-list /Users/admin/builder/spi-builder-workspace/.derivedData/Build/Intermediates.noindex/FMZDropInMinimalFacebookLogin.build/Debug-appletvos/FMZDropInMinimalFacebookLogin-t.build/Objects-normal/arm64/FMZDropInMinimalFacebookLogin_const_extract_protocols.json -Xcc -I/Users/admin/builder/spi-builder-workspace/.derivedData/Build/Products/Debug-appletvos/include -Xcc -I/Users/admin/builder/spi-builder-workspace/.derivedData/Build/Intermediates.noindex/FMZDropInMinimalFacebookLogin.build/Debug-appletvos/FMZDropInMinimalFacebookLogin-t.build/DerivedSources-normal/arm64 -Xcc -I/Users/admin/builder/spi-builder-workspace/.derivedData/Build/Intermediates.noindex/FMZDropInMinimalFacebookLogin.build/Debug-appletvos/FMZDropInMinimalFacebookLogin-t.build/DerivedSources/arm64 -Xcc -I/Users/admin/builder/spi-builder-workspace/.derivedData/Build/Intermediates.noindex/FMZDropInMinimalFacebookLogin.build/Debug-appletvos/FMZDropInMinimalFacebookLogin-t.build/DerivedSources -Xcc -DSWIFT_PACKAGE -Xcc -DDEBUG\=1 -emit-objc-header -emit-objc-header-path /Users/admin/builder/spi-builder-workspace/.derivedData/Build/Intermediates.noindex/FMZDropInMinimalFacebookLogin.build/Debug-appletvos/FMZDropInMinimalFacebookLogin-t.build/Objects-normal/arm64/FMZDropInMinimalFacebookLogin-Swift.h -working-directory /Users/admin/builder/spi-builder-workspace/.swiftpm/xcode -experimental-emit-module-separately -disable-cmo
SwiftExplicitDependencyGeneratePcm arm64 /Users/admin/builder/spi-builder-workspace/.derivedData/SDKExplicitPrecompiledModules/ptrauth-8X2KEPL7CTRPS40TUB9APHPK6.pcm
SwiftExplicitDependencyGeneratePcm arm64 /Users/admin/builder/spi-builder-workspace/.derivedData/SDKExplicitPrecompiledModules/_Builtin_stddef-9ZJZ6FDEZNKTZU8YLPMFT9RAQ.pcm
SwiftExplicitDependencyGeneratePcm arm64 /Users/admin/builder/spi-builder-workspace/.derivedData/SDKExplicitPrecompiledModules/DeveloperToolsSupport-B1X8RI63V48AJRTH2RK6JAARV.pcm
SwiftExplicitDependencyGeneratePcm arm64 /Users/admin/builder/spi-builder-workspace/.derivedData/SDKExplicitPrecompiledModules/SwiftShims-8N4EXJ4RUJTR8K9OO3CMOH1EP.pcm
SwiftExplicitDependencyGeneratePcm arm64 /Users/admin/builder/spi-builder-workspace/.derivedData/SDKExplicitPrecompiledModules/_Builtin_float-8ZJAYZ85YBOAOP52Y9H6IUNP3.pcm
SwiftExplicitDependencyGeneratePcm arm64 /Users/admin/builder/spi-builder-workspace/.derivedData/SDKExplicitPrecompiledModules/_SwiftConcurrencyShims-BY5PD8KF1L5KF6F4Q69HE3TJ4.pcm
SwiftExplicitDependencyGeneratePcm arm64 /Users/admin/builder/spi-builder-workspace/.derivedData/SDKExplicitPrecompiledModules/_AvailabilityInternal-BV2EDDP0MI5QJDDPEEV4D9D3V.pcm
SwiftExplicitDependencyGeneratePcm arm64 /Users/admin/builder/spi-builder-workspace/.derivedData/SDKExplicitPrecompiledModules/ptrcheck-2AZ6B5IBYD3RRRTFWN2ONASY3.pcm
SwiftExplicitDependencyGeneratePcm arm64 /Users/admin/builder/spi-builder-workspace/.derivedData/SDKExplicitPrecompiledModules/_Builtin_stdbool-AHRDH5EKLY6D04C5E42F3VCQI.pcm
SwiftExplicitDependencyGeneratePcm arm64 /Users/admin/builder/spi-builder-workspace/.derivedData/SDKExplicitPrecompiledModules/_Builtin_stdarg-BO2OCAUYVAXDRVQWQ8ISKGNUQ.pcm
SwiftExplicitDependencyGeneratePcm arm64 /Users/admin/builder/spi-builder-workspace/.derivedData/SDKExplicitPrecompiledModules/_DarwinFoundation1-JOTYMOA1YZCIJ2NON6FQ848O.pcm
SwiftExplicitDependencyGeneratePcm arm64 /Users/admin/builder/spi-builder-workspace/.derivedData/SDKExplicitPrecompiledModules/_Builtin_limits-7JU2HP127LIT1X9E2V3D8WZ1.pcm
SwiftExplicitDependencyGeneratePcm arm64 /Users/admin/builder/spi-builder-workspace/.derivedData/SDKExplicitPrecompiledModules/_DarwinFoundation2-AOGAN1O02NKXRJN5V73AV3V3M.pcm
SwiftExplicitDependencyGeneratePcm arm64 /Users/admin/builder/spi-builder-workspace/.derivedData/SDKExplicitPrecompiledModules/sys_types-8GCAV1YMG5UUGHUID3CA20TCH.pcm
SwiftExplicitDependencyGeneratePcm arm64 /Users/admin/builder/spi-builder-workspace/.derivedData/SDKExplicitPrecompiledModules/_Builtin_tgmath-7ULT1EUHDHW4OZPSTT33H6QGE.pcm
SwiftExplicitDependencyGeneratePcm arm64 /Users/admin/builder/spi-builder-workspace/.derivedData/SDKExplicitPrecompiledModules/_Builtin_stdint-6NFTB6IBKS143IVPGT1EKB7HO.pcm
SwiftExplicitDependencyGeneratePcm arm64 /Users/admin/builder/spi-builder-workspace/.derivedData/SDKExplicitPrecompiledModules/string_h-6EVHP7A717OUS5DMC78F79HWO.pcm
SwiftExplicitDependencyGeneratePcm arm64 /Users/admin/builder/spi-builder-workspace/.derivedData/SDKExplicitPrecompiledModules/_Builtin_stdatomic-3YXHN678NGYM3NL9POJ2HVEIF.pcm
SwiftExplicitDependencyGeneratePcm arm64 /Users/admin/builder/spi-builder-workspace/.derivedData/SDKExplicitPrecompiledModules/_Builtin_intrinsics-437O2R2NID4WAQVENR63GR82C.pcm
SwiftExplicitDependencyGeneratePcm arm64 /Users/admin/builder/spi-builder-workspace/.derivedData/SDKExplicitPrecompiledModules/_DarwinFoundation3-8SR3855WDFHQPR6G9GHOI2C07.pcm
SwiftExplicitDependencyGeneratePcm arm64 /Users/admin/builder/spi-builder-workspace/.derivedData/SDKExplicitPrecompiledModules/_Builtin_inttypes-6X1IQ3QK9KEVKXOK9Y79EW7J3.pcm
SwiftExplicitDependencyGeneratePcm arm64 /Users/admin/builder/spi-builder-workspace/.derivedData/SDKExplicitPrecompiledModules/Darwin-DBSQAVBBPC3D2OMU5ZI2RXMST.pcm
SwiftExplicitDependencyGeneratePcm arm64 /Users/admin/builder/spi-builder-workspace/.derivedData/SDKExplicitPrecompiledModules/simd-117QUXEUT3Z7UQCUYWV2UA228.pcm
SwiftExplicitDependencyGeneratePcm arm64 /Users/admin/builder/spi-builder-workspace/.derivedData/SDKExplicitPrecompiledModules/ObjectiveC-5250FDCE56N8508OR6XUYDKZM.pcm
SwiftExplicitDependencyGeneratePcm arm64 /Users/admin/builder/spi-builder-workspace/.derivedData/SDKExplicitPrecompiledModules/MachO-EH3F5PJCIZG05NO51CEFSZYPW.pcm
SwiftExplicitDependencyGeneratePcm arm64 /Users/admin/builder/spi-builder-workspace/.derivedData/SDKExplicitPrecompiledModules/os_object-E2DGZ0SX0TULQHULZRPO6OKNW.pcm
SwiftExplicitDependencyGeneratePcm arm64 /Users/admin/builder/spi-builder-workspace/.derivedData/SDKExplicitPrecompiledModules/os_workgroup-DBUFF7811DKMX7VPBOJPGGF1U.pcm
SwiftExplicitDependencyGeneratePcm arm64 /Users/admin/builder/spi-builder-workspace/.derivedData/SDKExplicitPrecompiledModules/Spatial-7U8NLEFXSB8BR7PJQGVMF5A4Q.pcm
SwiftExplicitDependencyGeneratePcm arm64 /Users/admin/builder/spi-builder-workspace/.derivedData/SDKExplicitPrecompiledModules/Dispatch-1QL58A0V50C39KVAIC6C38SHL.pcm
SwiftExplicitDependencyGeneratePcm arm64 /Users/admin/builder/spi-builder-workspace/.derivedData/SDKExplicitPrecompiledModules/CoreFoundation-7TPJ7ENDC4L1A1ESHYI9TXS0D.pcm
SwiftExplicitDependencyGeneratePcm arm64 /Users/admin/builder/spi-builder-workspace/.derivedData/SDKExplicitPrecompiledModules/XPC-6O2DJFT3QUJ7QKTD3SNUB6PCR.pcm
SwiftExplicitDependencyGeneratePcm arm64 /Users/admin/builder/spi-builder-workspace/.derivedData/SDKExplicitPrecompiledModules/os-3GJI8H0BNAEZPQPQ1V0VVY3FY.pcm
SwiftExplicitDependencyGeneratePcm arm64 /Users/admin/builder/spi-builder-workspace/.derivedData/SDKExplicitPrecompiledModules/Security-8VMXEKVDA3MHUH9AOTP905DID.pcm
SwiftExplicitDependencyGeneratePcm arm64 /Users/admin/builder/spi-builder-workspace/.derivedData/SDKExplicitPrecompiledModules/CFNetwork-2CUR2VK9S3S3WPFXPNXNUWYGN.pcm
SwiftExplicitDependencyGeneratePcm arm64 /Users/admin/builder/spi-builder-workspace/.derivedData/SDKExplicitPrecompiledModules/CoreGraphics-CWSP3J98S2658BYCVL6RP99T3.pcm
SwiftExplicitDependencyGeneratePcm arm64 /Users/admin/builder/spi-builder-workspace/.derivedData/SDKExplicitPrecompiledModules/Foundation-BSSIP64DIGUKMAYJOG1WPQ78X.pcm
SwiftExplicitDependencyGeneratePcm arm64 /Users/admin/builder/spi-builder-workspace/.derivedData/SDKExplicitPrecompiledModules/ImageIO-88D4CLEBD4CLWQKT78PZ6H1O8.pcm
SwiftExplicitDependencyGeneratePcm arm64 /Users/admin/builder/spi-builder-workspace/.derivedData/SDKExplicitPrecompiledModules/CoreText-59NY7PABM0I4V978161FOC04A.pcm
SwiftExplicitDependencyGeneratePcm arm64 /Users/admin/builder/spi-builder-workspace/.derivedData/SDKExplicitPrecompiledModules/UniformTypeIdentifiers-95CC8U42ZA9STP5K6GP9ZVJS5.pcm
SwiftExplicitDependencyGeneratePcm arm64 /Users/admin/builder/spi-builder-workspace/.derivedData/SDKExplicitPrecompiledModules/Symbols-B5AU9VM9Y7NU79RLMH13Z4IFM.pcm
SwiftExplicitDependencyGeneratePcm arm64 /Users/admin/builder/spi-builder-workspace/.derivedData/SDKExplicitPrecompiledModules/UserNotifications-E9ZW5TH066WIJWH9080RC5NG4.pcm
SwiftExplicitDependencyGeneratePcm arm64 /Users/admin/builder/spi-builder-workspace/.derivedData/SDKExplicitPrecompiledModules/_LocationEssentials-ETSJ65FELPWR8WH8G49R1DF2E.pcm
SwiftExplicitDependencyGeneratePcm arm64 /Users/admin/builder/spi-builder-workspace/.derivedData/SDKExplicitPrecompiledModules/DataDetection-37JIYZ2GWDA1L166PP1D9JKAF.pcm
SwiftExplicitDependencyGeneratePcm arm64 /Users/admin/builder/spi-builder-workspace/.derivedData/SDKExplicitPrecompiledModules/Accessibility-B6BODGZ4MQQTY0PBC4SHRP009.pcm
SwiftExplicitDependencyGeneratePcm arm64 /Users/admin/builder/spi-builder-workspace/.derivedData/SDKExplicitPrecompiledModules/CoreTransferable-7V4O8DATEQ9F7SDNTCW8YWLG3.pcm
SwiftExplicitDependencyGeneratePcm arm64 /Users/admin/builder/spi-builder-workspace/.derivedData/SDKExplicitPrecompiledModules/UIUtilities-6ZFJ1AK4H8IBGEBMYQBWGBYLK.pcm
SwiftExplicitDependencyGeneratePcm arm64 /Users/admin/builder/spi-builder-workspace/.derivedData/SDKExplicitPrecompiledModules/OSLog-7OT6HHTMY0ZFEQJ095LJZ6NLC.pcm
SwiftExplicitDependencyGeneratePcm arm64 /Users/admin/builder/spi-builder-workspace/.derivedData/SDKExplicitPrecompiledModules/IOSurface-38FJ1CKX9FV2RD97O64Z7QB17.pcm
SwiftExplicitDependencyGeneratePcm arm64 /Users/admin/builder/spi-builder-workspace/.derivedData/SDKExplicitPrecompiledModules/CoreLocation-YVXXAOMVX0JH2KO1XTTKTY51.pcm
SwiftExplicitDependencyGeneratePcm arm64 /Users/admin/builder/spi-builder-workspace/.derivedData/SDKExplicitPrecompiledModules/OpenGLES-4NY99CNDU9WUNUYEIXSS1QFGE.pcm
SwiftExplicitDependencyGeneratePcm arm64 /Users/admin/builder/spi-builder-workspace/.derivedData/SDKExplicitPrecompiledModules/Metal-2KYBS7IML1SD788M91YV7Q0CC.pcm
SwiftExplicitDependencyGeneratePcm arm64 /Users/admin/builder/spi-builder-workspace/.derivedData/SDKExplicitPrecompiledModules/CoreVideo-DPU0PB5X0XLSVA2ETRGI6FJBM.pcm
SwiftExplicitDependencyGeneratePcm arm64 /Users/admin/builder/spi-builder-workspace/.derivedData/SDKExplicitPrecompiledModules/CoreImage-7S2AFJ8EIY3DUFYLEAX1JR1QV.pcm
SwiftExplicitDependencyGeneratePcm arm64 /Users/admin/builder/spi-builder-workspace/.derivedData/SDKExplicitPrecompiledModules/QuartzCore-DJSYAWKXFGVSAK5CQMOB3JSR.pcm
SwiftExplicitDependencyGeneratePcm arm64 /Users/admin/builder/spi-builder-workspace/.derivedData/SDKExplicitPrecompiledModules/SwiftUICore-543QU5V2NHKUFCYFJDKUJ7NYG.pcm
SwiftExplicitDependencyGeneratePcm arm64 /Users/admin/builder/spi-builder-workspace/.derivedData/SDKExplicitPrecompiledModules/UIKit-1TKWN7VC2X6N3ITMRVA2G0EB2.pcm
SwiftExplicitDependencyGeneratePcm arm64 /Users/admin/builder/spi-builder-workspace/.derivedData/SDKExplicitPrecompiledModules/AuthenticationServices-EHSJMFUVE6O2YN70N23YG1BAT.pcm
SwiftEmitModule normal arm64 Emitting\ module\ for\ FMZDropInMinimalFacebookLogin (in target 'FMZDropInMinimalFacebookLogin' from project 'FMZDropInMinimalFacebookLogin')
/Users/admin/builder/spi-builder-workspace/Sources/FMZDropInMinimalFacebookLogin/MinimalLoginManager.swift:152:1: warning: extension declares a conformance of imported type 'UIViewController' to imported protocol 'ASWebAuthenticationPresentationContextProviding'; this will not behave correctly if the owners of 'UIKit' introduce this conformance in the future
150 | @available(iOS 12.0, *)
151 | @available(iOSApplicationExtension, unavailable)
152 | extension UIViewController: ASWebAuthenticationPresentationContextProviding {
    | |- warning: extension declares a conformance of imported type 'UIViewController' to imported protocol 'ASWebAuthenticationPresentationContextProviding'; this will not behave correctly if the owners of 'UIKit' introduce this conformance in the future
    | `- note: add '@retroactive' to silence this warning
153 |     public func presentationAnchor(
154 |       for session: ASWebAuthenticationSession) -> ASPresentationAnchor {
/Users/admin/builder/spi-builder-workspace/Sources/FMZDropInMinimalFacebookLogin/MinimalLoginManager.swift:154:20: error: 'ASWebAuthenticationSession' is only available in tvOS 16.0 or newer
150 | @available(iOS 12.0, *)
151 | @available(iOSApplicationExtension, unavailable)
152 | extension UIViewController: ASWebAuthenticationPresentationContextProviding {
    | `- note: add '@available' attribute to enclosing extension
153 |     public func presentationAnchor(
    |                 `- note: add '@available' attribute to enclosing instance method
154 |       for session: ASWebAuthenticationSession) -> ASPresentationAnchor {
    |                    `- error: 'ASWebAuthenticationSession' is only available in tvOS 16.0 or newer
155 |         assert(view.window != nil)
156 |         return view.window ?? UIApplication.shared.windows.first!
/Users/admin/builder/spi-builder-workspace/Sources/FMZDropInMinimalFacebookLogin/MinimalLoginManager.swift:152:29: error: 'ASWebAuthenticationPresentationContextProviding' is unavailable in tvOS
150 | @available(iOS 12.0, *)
151 | @available(iOSApplicationExtension, unavailable)
152 | extension UIViewController: ASWebAuthenticationPresentationContextProviding {
    |                             `- error: 'ASWebAuthenticationPresentationContextProviding' is unavailable in tvOS
153 |     public func presentationAnchor(
154 |       for session: ASWebAuthenticationSession) -> ASPresentationAnchor {
/Applications/Xcode-27.0.0-Release.Candidate.app/Contents/Developer/Platforms/AppleTVOS.platform/Developer/SDKs/AppleTVOS27.0.sdk/System/Library/Frameworks/AuthenticationServices.framework/Headers/ASWebAuthenticationSession.h:115:11: note: 'ASWebAuthenticationPresentationContextProviding' has been explicitly marked unavailable here
113 | API_AVAILABLE(ios(13.0), macos(10.15)) API_UNAVAILABLE(tvos, watchos)
114 | NS_SWIFT_UI_ACTOR
115 | @protocol ASWebAuthenticationPresentationContextProviding <NSObject>
    |           `- note: 'ASWebAuthenticationPresentationContextProviding' has been explicitly marked unavailable here
116 |
117 | #if !TARGET_OS_WATCH
Failed frontend command:
SwiftCompile normal arm64 (in target 'FMZDropInMinimalFacebookLogin' from project 'FMZDropInMinimalFacebookLogin')
    cd /Users/admin/builder/spi-builder-workspace/.swiftpm/xcode

/Applications/Xcode-27.0.0-Release.Candidate.app/Contents/Developer/Toolchains/XcodeDefault.xctoolchain/usr/bin/swift-frontend -frontend -emit-module -experimental-skip-non-inlinable-function-bodies-without-types /Users/admin/builder/spi-builder-workspace/Sources/FMZDropInMinimalFacebookLogin/AccessToken.swift /Users/admin/builder/spi-builder-workspace/Sources/FMZDropInMinimalFacebookLogin/FacebookLogin.swift /Users/admin/builder/spi-builder-workspace/Sources/FMZDropInMinimalFacebookLogin/GraphRequest.swift /Users/admin/builder/spi-builder-workspace/Sources/FMZDropInMinimalFacebookLogin/MinimalFacebookConfiguration.swift /Users/admin/builder/spi-builder-workspace/Sources/FMZDropInMinimalFacebookLogin/MinimalLoginManager.swift -target arm64-apple-tvos15.0 -disable-cross-import-overlay-search -swift-module-cross-import AuthenticationServices /Applications/Xcode-27.0.0-Release.Candidate.app/Contents/Developer/Platforms/AppleTVOS.platform/Developer/SDKs/AppleTVOS.sdk/System/Library/Frameworks/AuthenticationServices.framework/Modules/AuthenticationServices.swiftcrossimport/SwiftUI.swiftoverlay -swift-module-cross-import AuthenticationServices /Applications/Xcode-27.0.0-Release.Candidate.app/Contents/Developer/Platforms/AppleTVOS.platform/Developer/SDKs/AppleTVOS27.0.sdk/System/Library/Frameworks/AuthenticationServices.framework/Modules/AuthenticationServices.swiftcrossimport/SwiftUI.swiftoverlay -load-resolved-plugin /Applications/Xcode-27.0.0-Release.Candidate.app/Contents/Developer/Platforms/AppleTVOS.platform/Developer/usr/lib/swift/host/plugins/libFoundationMacros.dylib\#/Applications/Xcode-27.0.0-Release.Candidate.app/Contents/Developer/Platforms/AppleTVOS.platform/Developer/usr/bin/swift-plugin-server\#FoundationMacros -load-resolved-plugin /Applications/Xcode-27.0.0-Release.Candidate.app/Contents/Developer/Platforms/AppleTVOS.platform/Developer/usr/lib/swift/host/plugins/libObservationMacros.dylib\#/Applications/Xcode-27.0.0-Release.Candidate.app/Contents/Developer/Platforms/AppleTVOS.platform/Developer/usr/bin/swift-plugin-server\#ObservationMacros -load-resolved-plugin /Applications/Xcode-27.0.0-Release.Candidate.app/Contents/Developer/Platforms/AppleTVOS.platform/Developer/usr/lib/swift/host/plugins/libPreviewsMacros.dylib\#/Applications/Xcode-27.0.0-Release.Candidate.app/Contents/Developer/Platforms/AppleTVOS.platform/Developer/usr/bin/swift-plugin-server\#PreviewsMacros -load-resolved-plugin /Applications/Xcode-27.0.0-Release.Candidate.app/Contents/Developer/Platforms/AppleTVOS.platform/Developer/usr/lib/swift/host/plugins/libSwiftMacros.dylib\#/Applications/Xcode-27.0.0-Release.Candidate.app/Contents/Developer/Platforms/AppleTVOS.platform/Developer/usr/bin/swift-plugin-server\#SwiftMacros -load-resolved-plugin /Applications/Xcode-27.0.0-Release.Candidate.app/Contents/Developer/Platforms/AppleTVOS.platform/Developer/usr/lib/swift/host/plugins/libSwiftUIMacros.dylib\#/Applications/Xcode-27.0.0-Release.Candidate.app/Contents/Developer/Platforms/AppleTVOS.platform/Developer/usr/bin/swift-plugin-server\#SwiftUIMacros -disable-implicit-swift-modules -Xcc -fno-implicit-modules -Xcc -fno-implicit-module-maps -explicit-swift-module-map-file /Users/admin/builder/spi-builder-workspace/.derivedData/Build/Intermediates.noindex/FMZDropInMinimalFacebookLogin.build/Debug-appletvos/FMZDropInMinimalFacebookLogin-t.build/Objects-normal/arm64/FMZDropInMinimalFacebookLogin-dependencies-1.json -Xllvm -aarch64-use-tbi -enable-objc-interop -stack-check -sdk /Applications/Xcode-27.0.0-Release.Candidate.app/Contents/Developer/Platforms/AppleTVOS.platform/Developer/SDKs/AppleTVOS27.0.sdk -I /Users/admin/builder/spi-builder-workspace/.derivedData/Build/Products/Debug-appletvos -Isystem /Applications/Xcode-27.0.0-Release.Candidate.app/Contents/Developer/Platforms/AppleTVOS.platform/Developer/usr/lib -F /Users/admin/builder/spi-builder-workspace/.derivedData/Build/Products/Debug-appletvos -F /Applications/Xcode-27.0.0-Release.Candidate.app/Contents/Developer/Platforms/AppleTVOS.platform/Developer/Library/Frameworks -F /Applications/Xcode-27.0.0-Release.Candidate.app/Contents/Developer/Platforms/AppleTVOS.platform/Developer/SDKs/AppleTVOS27.0.sdk/Developer/Library/Frameworks -module-cache-path /Users/admin/builder/spi-builder-workspace/.derivedData/Build/Intermediates.noindex/SwiftExplicitPrecompiledModules -no-color-diagnostics -Xcc -fno-color-diagnostics -enable-testing -g -debug-info-format\=dwarf -dwarf-version\=4 -profile-generate -profile-coverage-mapping -swift-version 5 -Onone -D SWIFT_PACKAGE -D DEBUG -D SWIFT_MODULE_RESOURCE_BUNDLE_UNAVAILABLE -D Xcode -serialize-debugging-options -enable-experimental-feature DebugDescriptionMacro -empty-abi-descriptor -validate-clang-modules-once -clang-build-session-file /Users/admin/builder/spi-builder-workspace/.derivedData/ModuleCache.noindex/Session.modulevalidation -Xcc -working-directory -Xcc /Users/admin/builder/spi-builder-workspace/.swiftpm/xcode -enable-anonymous-context-mangled-names -file-compilation-dir /Users/admin/builder/spi-builder-workspace/.swiftpm/xcode -Xcc -D_LIBCPP_HARDENING_MODE\=_LIBCPP_HARDENING_MODE_DEBUG -Xcc -ivfsstatcache -Xcc /Users/admin/builder/spi-builder-workspace/.derivedData/SDKStatCaches.noindex/appletvos27.0-24J360-e829b21a6f8c9b70876ba0858053c044b32bfd8d43560033f8d89884cdb90028.sdkstatcache -Xcc -fmodules-prune-interval\=86400 -Xcc -fmodules-prune-after\=345600 -Xcc -I/Users/admin/builder/spi-builder-workspace/.derivedData/Build/Products/Debug-appletvos/include -Xcc -I/Users/admin/builder/spi-builder-workspace/.derivedData/Build/Intermediates.noindex/FMZDropInMinimalFacebookLogin.build/Debug-appletvos/FMZDropInMinimalFacebookLogin-t.build/DerivedSources-normal/arm64 -Xcc -I/Users/admin/builder/spi-builder-workspace/.derivedData/Build/Intermediates.noindex/FMZDropInMinimalFacebookLogin.build/Debug-appletvos/FMZDropInMinimalFacebookLogin-t.build/DerivedSources/arm64 -Xcc -I/Users/admin/builder/spi-builder-workspace/.derivedData/Build/Intermediates.noindex/FMZDropInMinimalFacebookLogin.build/Debug-appletvos/FMZDropInMinimalFacebookLogin-t.build/DerivedSources -Xcc -DSWIFT_PACKAGE -Xcc -DDEBUG\=1 -no-auto-bridging-header-chaining -module-name FMZDropInMinimalFacebookLogin -const-gather-protocols-file /Users/admin/builder/spi-builder-workspace/.derivedData/Build/Intermediates.noindex/FMZDropInMinimalFacebookLogin.build/Debug-appletvos/FMZDropInMinimalFacebookLogin-t.build/Objects-normal/arm64/FMZDropInMinimalFacebookLogin_const_extract_protocols.json -disable-clang-spi -clang-target arm64-apple-tvos27.0 -target-sdk-version 27.0 -target-sdk-name appletvos27.0 -in-process-plugin-server-path /Applications/Xcode-27.0.0-Release.Candidate.app/Contents/Developer/Toolchains/XcodeDefault.xctoolchain/usr/lib/swift/host/libSwiftInProcPluginServer.dylib -emit-module-doc-path /Users/admin/builder/spi-builder-workspace/.derivedData/Build/Intermediates.noindex/FMZDropInMinimalFacebookLogin.build/Debug-appletvos/FMZDropInMinimalFacebookLogin-t.build/Objects-normal/arm64/FMZDropInMinimalFacebookLogin.swiftdoc -emit-module-source-info-path /Users/admin/builder/spi-builder-workspace/.derivedData/Build/Intermediates.noindex/FMZDropInMinimalFacebookLogin.build/Debug-appletvos/FMZDropInMinimalFacebookLogin-t.build/Objects-normal/arm64/FMZDropInMinimalFacebookLogin.swiftsourceinfo -emit-objc-header-path /Users/admin/builder/spi-builder-workspace/.derivedData/Build/Intermediates.noindex/FMZDropInMinimalFacebookLogin.build/Debug-appletvos/FMZDropInMinimalFacebookLogin-t.build/Objects-normal/arm64/FMZDropInMinimalFacebookLogin-Swift.h -serialize-diagnostics-path /Users/admin/builder/spi-builder-workspace/.derivedData/Build/Intermediates.noindex/FMZDropInMinimalFacebookLogin.build/Debug-appletvos/FMZDropInMinimalFacebookLogin-t.build/Objects-normal/arm64/FMZDropInMinimalFacebookLogin-primary-emit-module.dia -emit-dependencies-path /Users/admin/builder/spi-builder-workspace/.derivedData/Build/Intermediates.noindex/FMZDropInMinimalFacebookLogin.build/Debug-appletvos/FMZDropInMinimalFacebookLogin-t.build/Objects-normal/arm64/FMZDropInMinimalFacebookLogin-primary-emit-module.d -parse-as-library -o /Users/admin/builder/spi-builder-workspace/.derivedData/Build/Intermediates.noindex/FMZDropInMinimalFacebookLogin.build/Debug-appletvos/FMZDropInMinimalFacebookLogin-t.build/Objects-normal/arm64/FMZDropInMinimalFacebookLogin.swiftmodule -emit-abi-descriptor-path /Users/admin/builder/spi-builder-workspace/.derivedData/Build/Intermediates.noindex/FMZDropInMinimalFacebookLogin.build/Debug-appletvos/FMZDropInMinimalFacebookLogin-t.build/Objects-normal/arm64/FMZDropInMinimalFacebookLogin.abi.json
SwiftCompile normal arm64 Compiling\ FacebookLogin.swift /Users/admin/builder/spi-builder-workspace/Sources/FMZDropInMinimalFacebookLogin/FacebookLogin.swift (in target 'FMZDropInMinimalFacebookLogin' from project 'FMZDropInMinimalFacebookLogin')
SwiftCompile normal arm64 /Users/admin/builder/spi-builder-workspace/Sources/FMZDropInMinimalFacebookLogin/FacebookLogin.swift (in target 'FMZDropInMinimalFacebookLogin' from project 'FMZDropInMinimalFacebookLogin')
    cd /Users/admin/builder/spi-builder-workspace/.swiftpm/xcode
    builtin-SwiftPerFileCompile FacebookLogin.swift
SwiftCompile normal arm64 Compiling\ AccessToken.swift /Users/admin/builder/spi-builder-workspace/Sources/FMZDropInMinimalFacebookLogin/AccessToken.swift (in target 'FMZDropInMinimalFacebookLogin' from project 'FMZDropInMinimalFacebookLogin')
SwiftCompile normal arm64 /Users/admin/builder/spi-builder-workspace/Sources/FMZDropInMinimalFacebookLogin/AccessToken.swift (in target 'FMZDropInMinimalFacebookLogin' from project 'FMZDropInMinimalFacebookLogin')
    cd /Users/admin/builder/spi-builder-workspace/.swiftpm/xcode
    builtin-SwiftPerFileCompile AccessToken.swift
SwiftCompile normal arm64 Compiling\ GraphRequest.swift /Users/admin/builder/spi-builder-workspace/Sources/FMZDropInMinimalFacebookLogin/GraphRequest.swift (in target 'FMZDropInMinimalFacebookLogin' from project 'FMZDropInMinimalFacebookLogin')
SwiftCompile normal arm64 /Users/admin/builder/spi-builder-workspace/Sources/FMZDropInMinimalFacebookLogin/GraphRequest.swift (in target 'FMZDropInMinimalFacebookLogin' from project 'FMZDropInMinimalFacebookLogin')
    cd /Users/admin/builder/spi-builder-workspace/.swiftpm/xcode
    builtin-SwiftPerFileCompile GraphRequest.swift
SwiftCompile normal arm64 Compiling\ MinimalFacebookConfiguration.swift /Users/admin/builder/spi-builder-workspace/Sources/FMZDropInMinimalFacebookLogin/MinimalFacebookConfiguration.swift (in target 'FMZDropInMinimalFacebookLogin' from project 'FMZDropInMinimalFacebookLogin')
SwiftCompile normal arm64 /Users/admin/builder/spi-builder-workspace/Sources/FMZDropInMinimalFacebookLogin/MinimalFacebookConfiguration.swift (in target 'FMZDropInMinimalFacebookLogin' from project 'FMZDropInMinimalFacebookLogin')
    cd /Users/admin/builder/spi-builder-workspace/.swiftpm/xcode
    builtin-SwiftPerFileCompile MinimalFacebookConfiguration.swift
SwiftCompile normal arm64 Compiling\ MinimalLoginManager.swift /Users/admin/builder/spi-builder-workspace/Sources/FMZDropInMinimalFacebookLogin/MinimalLoginManager.swift (in target 'FMZDropInMinimalFacebookLogin' from project 'FMZDropInMinimalFacebookLogin')
/Users/admin/builder/spi-builder-workspace/Sources/FMZDropInMinimalFacebookLogin/MinimalLoginManager.swift:152:1: warning: extension declares a conformance of imported type 'UIViewController' to imported protocol 'ASWebAuthenticationPresentationContextProviding'; this will not behave correctly if the owners of 'UIKit' introduce this conformance in the future
150 | @available(iOS 12.0, *)
151 | @available(iOSApplicationExtension, unavailable)
152 | extension UIViewController: ASWebAuthenticationPresentationContextProviding {
    | |- warning: extension declares a conformance of imported type 'UIViewController' to imported protocol 'ASWebAuthenticationPresentationContextProviding'; this will not behave correctly if the owners of 'UIKit' introduce this conformance in the future
    | `- note: add '@retroactive' to silence this warning
153 |     public func presentationAnchor(
154 |       for session: ASWebAuthenticationSession) -> ASPresentationAnchor {
/Users/admin/builder/spi-builder-workspace/Sources/FMZDropInMinimalFacebookLogin/MinimalLoginManager.swift:154:20: error: 'ASWebAuthenticationSession' is only available in tvOS 16.0 or newer
150 | @available(iOS 12.0, *)
151 | @available(iOSApplicationExtension, unavailable)
152 | extension UIViewController: ASWebAuthenticationPresentationContextProviding {
    | `- note: add '@available' attribute to enclosing extension
153 |     public func presentationAnchor(
    |                 `- note: add '@available' attribute to enclosing instance method
154 |       for session: ASWebAuthenticationSession) -> ASPresentationAnchor {
    |                    `- error: 'ASWebAuthenticationSession' is only available in tvOS 16.0 or newer
155 |         assert(view.window != nil)
156 |         return view.window ?? UIApplication.shared.windows.first!
/Users/admin/builder/spi-builder-workspace/Sources/FMZDropInMinimalFacebookLogin/MinimalLoginManager.swift:152:29: error: 'ASWebAuthenticationPresentationContextProviding' is unavailable in tvOS
150 | @available(iOS 12.0, *)
151 | @available(iOSApplicationExtension, unavailable)
152 | extension UIViewController: ASWebAuthenticationPresentationContextProviding {
    |                             `- error: 'ASWebAuthenticationPresentationContextProviding' is unavailable in tvOS
153 |     public func presentationAnchor(
154 |       for session: ASWebAuthenticationSession) -> ASPresentationAnchor {
/Applications/Xcode-27.0.0-Release.Candidate.app/Contents/Developer/Platforms/AppleTVOS.platform/Developer/SDKs/AppleTVOS27.0.sdk/System/Library/Frameworks/AuthenticationServices.framework/Headers/ASWebAuthenticationSession.h:115:11: note: 'ASWebAuthenticationPresentationContextProviding' has been explicitly marked unavailable here
113 | API_AVAILABLE(ios(13.0), macos(10.15)) API_UNAVAILABLE(tvos, watchos)
114 | NS_SWIFT_UI_ACTOR
115 | @protocol ASWebAuthenticationPresentationContextProviding <NSObject>
    |           `- note: 'ASWebAuthenticationPresentationContextProviding' has been explicitly marked unavailable here
116 |
117 | #if !TARGET_OS_WATCH
/Users/admin/builder/spi-builder-workspace/Sources/FMZDropInMinimalFacebookLogin/MinimalLoginManager.swift:65:27: error: 'ASWebAuthenticationSession' is only available in tvOS 16.0 or newer
 12 | @available(iOSApplicationExtension, unavailable)
 13 | @available(iOS 9.0, *)
 14 | open class MinimalLoginManager {
    |            `- note: add '@available' attribute to enclosing class
 15 |     public static let shared: MinimalLoginManager = MinimalLoginManager(config: MinimalFacebook.currentConfig)
 16 |
    :
 32 |
 33 |     @available(iOS 9.0, *)
 34 |     public func logIn(permissions: [String],
    |                 `- note: add '@available' attribute to enclosing instance method
 35 |                from: UIViewController?,
 36 |                handler: @escaping ((LoginManagerLoginResult?, Error?) -> Void)) {
    :
 63 |         if #available(iOSApplicationExtension 12.0, iOS 12.0, *) {
 64 |             //loginManagersWithSessions.append(self)
 65 |             let session = ASWebAuthenticationSession(
    |                           |- error: 'ASWebAuthenticationSession' is only available in tvOS 16.0 or newer
    |                           `- note: add 'if #available' version check
 66 |                 url: url,
 67 |                 callbackURLScheme: callbackScheme) { (url, error) in
/Users/admin/builder/spi-builder-workspace/Sources/FMZDropInMinimalFacebookLogin/MinimalLoginManager.swift:65:27: error: 'init(url:callbackURLScheme:completionHandler:)' is only available in tvOS 16.0 or newer
 12 | @available(iOSApplicationExtension, unavailable)
 13 | @available(iOS 9.0, *)
 14 | open class MinimalLoginManager {
    |            `- note: add '@available' attribute to enclosing class
 15 |     public static let shared: MinimalLoginManager = MinimalLoginManager(config: MinimalFacebook.currentConfig)
 16 |
    :
 32 |
 33 |     @available(iOS 9.0, *)
 34 |     public func logIn(permissions: [String],
    |                 `- note: add '@available' attribute to enclosing instance method
 35 |                from: UIViewController?,
 36 |                handler: @escaping ((LoginManagerLoginResult?, Error?) -> Void)) {
    :
 63 |         if #available(iOSApplicationExtension 12.0, iOS 12.0, *) {
 64 |             //loginManagersWithSessions.append(self)
 65 |             let session = ASWebAuthenticationSession(
    |                           |- error: 'init(url:callbackURLScheme:completionHandler:)' is only available in tvOS 16.0 or newer
    |                           `- note: add 'if #available' version check
 66 |                 url: url,
 67 |                 callbackURLScheme: callbackScheme) { (url, error) in
SwiftCompile normal arm64 /Users/admin/builder/spi-builder-workspace/Sources/FMZDropInMinimalFacebookLogin/MinimalLoginManager.swift (in target 'FMZDropInMinimalFacebookLogin' from project 'FMZDropInMinimalFacebookLogin')
    cd /Users/admin/builder/spi-builder-workspace/.swiftpm/xcode
    builtin-SwiftPerFileCompile MinimalLoginManager.swift
PruneExplicitPrecompiledModules /Users/admin/builder/spi-builder-workspace/.derivedData/Build/Intermediates.noindex/SwiftExplicitPrecompiledModules
PruneExplicitPrecompiledModules /Users/admin/builder/spi-builder-workspace/.derivedData/SDKExplicitPrecompiledModules
PruneExplicitPrecompiledModules /Users/admin/builder/spi-builder-workspace/.derivedData/Build/Intermediates.noindex/ExplicitPrecompiledModules
2026-09-17 10:15:39.611 xcodebuild[644:4140] [MT] IDERunDestination: Supported platforms for the buildables in the current scheme is empty.
** BUILD FAILED **
The following build commands failed:
	SwiftCompile normal arm64 (in target 'FMZDropInMinimalFacebookLogin' from project 'FMZDropInMinimalFacebookLogin')
	SwiftEmitModule normal arm64 Emitting\ module\ for\ FMZDropInMinimalFacebookLogin (in target 'FMZDropInMinimalFacebookLogin' from project 'FMZDropInMinimalFacebookLogin')
	Building workspace FMZDropInMinimalFacebookLogin with scheme FMZDropInMinimalFacebookLogin
(3 failures)
Command line invocation:
    /Applications/Xcode-27.0.0-Release.Candidate.app/Contents/Developer/usr/bin/xcodebuild -IDEClonedSourcePackagesDirPathOverride=/Users/admin/builder/spi-builder-workspace/.dependencies -resolvePackageDependencies
Resolve Package Graph
Resolved source packages:
  FMZDropInMinimalFacebookLogin: /Users/admin/builder/spi-builder-workspace
resolved source packages: FMZDropInMinimalFacebookLogin
2026-09-17 10:15:45.441 xcodebuild[722:4460] [MT] IDERunDestination: Supported platforms for the buildables in the current scheme is empty.
{
  "dependencies" : [
  ],
  "manifest_display_name" : "FMZDropInMinimalFacebookLogin",
  "name" : "FMZDropInMinimalFacebookLogin",
  "path" : "/Users/admin/builder/spi-builder-workspace",
  "platforms" : [
    {
      "name" : "ios",
      "version" : "9.0"
    }
  ],
  "products" : [
    {
      "name" : "FMZDropInMinimalFacebookLogin",
      "targets" : [
        "FMZDropInMinimalFacebookLogin"
      ],
      "type" : {
        "library" : [
          "automatic"
        ]
      }
    }
  ],
  "targets" : [
    {
      "c99name" : "FMZDropInMinimalFacebookLoginTests",
      "module_type" : "SwiftTarget",
      "name" : "FMZDropInMinimalFacebookLoginTests",
      "path" : "Tests/FMZDropInMinimalFacebookLoginTests",
      "sources" : [
        "FMZDropInMinimalFacebookLoginTests.swift",
        "XCTestManifests.swift"
      ],
      "target_dependencies" : [
        "FMZDropInMinimalFacebookLogin"
      ],
      "type" : "test"
    },
    {
      "c99name" : "FMZDropInMinimalFacebookLogin",
      "module_type" : "SwiftTarget",
      "name" : "FMZDropInMinimalFacebookLogin",
      "path" : "Sources/FMZDropInMinimalFacebookLogin",
      "product_memberships" : [
        "FMZDropInMinimalFacebookLogin"
      ],
      "sources" : [
        "AccessToken.swift",
        "FacebookLogin.swift",
        "GraphRequest.swift",
        "MinimalFacebookConfiguration.swift",
        "MinimalLoginManager.swift"
      ],
      "type" : "library"
    }
  ],
  "tools_version" : "5.2"
}
{
  "workspace" : {
    "name" : "FMZDropInMinimalFacebookLogin",
    "schemes" : [
      "FMZDropInMinimalFacebookLogin"
    ]
  }
}
2026-09-17 10:15:46.632 xcodebuild[730:4532] [MT] IDERunDestination: Supported platforms for the buildables in the current scheme is empty.
Running build ...
env DEVELOPER_DIR=/Applications/Xcode-27.0.0-Release.Candidate.app xcrun xcodebuild -IDEClonedSourcePackagesDirPathOverride=$PWD/.dependencies -skipMacroValidation -skipPackagePluginValidation -derivedDataPath $PWD/.derivedData build -scheme FMZDropInMinimalFacebookLogin -destination generic/platform=tvOS
Command line invocation:
    /Applications/Xcode-27.0.0-Release.Candidate.app/Contents/Developer/usr/bin/xcodebuild -IDEClonedSourcePackagesDirPathOverride=/Users/admin/builder/spi-builder-workspace/.dependencies -skipMacroValidation -skipPackagePluginValidation -derivedDataPath /Users/admin/builder/spi-builder-workspace/.derivedData build -scheme FMZDropInMinimalFacebookLogin -destination generic/platform=tvOS
Resolve Package Graph
Resolved source packages:
  FMZDropInMinimalFacebookLogin: /Users/admin/builder/spi-builder-workspace
ComputePackagePrebuildTargetDependencyGraph
Prepare packages
CreateBuildRequest
SendProjectDescription
CreateBuildOperation
ComputeTargetDependencyGraph
note: Building targets in dependency order
note: Target dependency graph (2 targets)
    Target 'FMZDropInMinimalFacebookLogin-product' in project 'FMZDropInMinimalFacebookLogin'
        ➜ Explicit dependency on target 'FMZDropInMinimalFacebookLogin' in project 'FMZDropInMinimalFacebookLogin'
    Target 'FMZDropInMinimalFacebookLogin' in project 'FMZDropInMinimalFacebookLogin' (no dependencies)
GatherProvisioningInputs
CreateBuildDescription
ClangStatCache /Applications/Xcode-27.0.0-Release.Candidate.app/Contents/Developer/Toolchains/XcodeDefault.xctoolchain/usr/bin/clang-stat-cache /Applications/Xcode-27.0.0-Release.Candidate.app/Contents/Developer/Platforms/AppleTVOS.platform/Developer/SDKs/AppleTVOS27.0.sdk /Users/admin/builder/spi-builder-workspace/.derivedData/SDKStatCaches.noindex/appletvos27.0-24J360-e829b21a6f8c9b70876ba0858053c044b32bfd8d43560033f8d89884cdb90028.sdkstatcache
    cd /Users/admin/builder/spi-builder-workspace/.swiftpm/xcode
    /Applications/Xcode-27.0.0-Release.Candidate.app/Contents/Developer/Toolchains/XcodeDefault.xctoolchain/usr/bin/clang-stat-cache /Applications/Xcode-27.0.0-Release.Candidate.app/Contents/Developer/Platforms/AppleTVOS.platform/Developer/SDKs/AppleTVOS27.0.sdk -o /Users/admin/builder/spi-builder-workspace/.derivedData/SDKStatCaches.noindex/appletvos27.0-24J360-e829b21a6f8c9b70876ba0858053c044b32bfd8d43560033f8d89884cdb90028.sdkstatcache
SwiftDriver FMZDropInMinimalFacebookLogin normal arm64 com.apple.xcode.tools.swift.compiler (in target 'FMZDropInMinimalFacebookLogin' from project 'FMZDropInMinimalFacebookLogin')
    cd /Users/admin/builder/spi-builder-workspace/.swiftpm/xcode
    builtin-SwiftDriver -- /Applications/Xcode-27.0.0-Release.Candidate.app/Contents/Developer/Toolchains/XcodeDefault.xctoolchain/usr/bin/swiftc -parse-as-library -module-name FMZDropInMinimalFacebookLogin -Onone @/Users/admin/builder/spi-builder-workspace/.derivedData/Build/Intermediates.noindex/FMZDropInMinimalFacebookLogin.build/Debug-appletvos/FMZDropInMinimalFacebookLogin-t.build/Objects-normal/arm64/FMZDropInMinimalFacebookLogin.SwiftFileList -DSWIFT_PACKAGE -DDEBUG -DSWIFT_MODULE_RESOURCE_BUNDLE_UNAVAILABLE -DXcode -plugin-path /Applications/Xcode-27.0.0-Release.Candidate.app/Contents/Developer/Toolchains/XcodeDefault.xctoolchain/usr/lib/swift/host/plugins/testing -enable-experimental-feature DebugDescriptionMacro -sdk /Applications/Xcode-27.0.0-Release.Candidate.app/Contents/Developer/Platforms/AppleTVOS.platform/Developer/SDKs/AppleTVOS27.0.sdk -target arm64-apple-tvos15.0 -g -module-cache-path /Users/admin/builder/spi-builder-workspace/.derivedData/ModuleCache.noindex -Xfrontend -serialize-debugging-options -profile-coverage-mapping -profile-generate -enable-testing -index-store-path /Users/admin/builder/spi-builder-workspace/.derivedData/Index.noindex/DataStore -Xcc -D_LIBCPP_HARDENING_MODE\=_LIBCPP_HARDENING_MODE_DEBUG -swift-version 5 -I /Users/admin/builder/spi-builder-workspace/.derivedData/Build/Products/Debug-appletvos -Isystem /Applications/Xcode-27.0.0-Release.Candidate.app/Contents/Developer/Platforms/AppleTVOS.platform/Developer/usr/lib -F /Users/admin/builder/spi-builder-workspace/.derivedData/Build/Products/Debug-appletvos -F /Applications/Xcode-27.0.0-Release.Candidate.app/Contents/Developer/Platforms/AppleTVOS.platform/Developer/Library/Frameworks -F /Applications/Xcode-27.0.0-Release.Candidate.app/Contents/Developer/Platforms/AppleTVOS.platform/Developer/SDKs/AppleTVOS27.0.sdk/Developer/Library/Frameworks -c -j10 -enable-batch-mode -incremental -Xcc -ivfsstatcache -Xcc /Users/admin/builder/spi-builder-workspace/.derivedData/SDKStatCaches.noindex/appletvos27.0-24J360-e829b21a6f8c9b70876ba0858053c044b32bfd8d43560033f8d89884cdb90028.sdkstatcache -output-file-map /Users/admin/builder/spi-builder-workspace/.derivedData/Build/Intermediates.noindex/FMZDropInMinimalFacebookLogin.build/Debug-appletvos/FMZDropInMinimalFacebookLogin-t.build/Objects-normal/arm64/FMZDropInMinimalFacebookLogin-OutputFileMap.json -save-temps -no-color-diagnostics -explicit-module-build -module-cache-path /Users/admin/builder/spi-builder-workspace/.derivedData/Build/Intermediates.noindex/SwiftExplicitPrecompiledModules -clang-scanner-module-cache-path /Users/admin/builder/spi-builder-workspace/.derivedData/ModuleCache.noindex -sdk-module-cache-path /Users/admin/builder/spi-builder-workspace/.derivedData/SDKExplicitPrecompiledModules -emit-dependencies -emit-module -emit-module-path /Users/admin/builder/spi-builder-workspace/.derivedData/Build/Intermediates.noindex/FMZDropInMinimalFacebookLogin.build/Debug-appletvos/FMZDropInMinimalFacebookLogin-t.build/Objects-normal/arm64/FMZDropInMinimalFacebookLogin.swiftmodule -serialize-diagnostics -dependency-scan-serialize-diagnostics-path /Users/admin/builder/spi-builder-workspace/.derivedData/Build/Intermediates.noindex/FMZDropInMinimalFacebookLogin.build/Debug-appletvos/FMZDropInMinimalFacebookLogin-t.build/Objects-normal/arm64/FMZDropInMinimalFacebookLogin-dependency-scan.dia -validate-clang-modules-once -clang-build-session-file /Users/admin/builder/spi-builder-workspace/.derivedData/ModuleCache.noindex/Session.modulevalidation -Xcc -fmodules-prune-interval\=86400 -Xcc -fmodules-prune-after\=345600 -emit-const-values -const-gather-protocols-list /Users/admin/builder/spi-builder-workspace/.derivedData/Build/Intermediates.noindex/FMZDropInMinimalFacebookLogin.build/Debug-appletvos/FMZDropInMinimalFacebookLogin-t.build/Objects-normal/arm64/FMZDropInMinimalFacebookLogin_const_extract_protocols.json -Xcc -I/Users/admin/builder/spi-builder-workspace/.derivedData/Build/Products/Debug-appletvos/include -Xcc -I/Users/admin/builder/spi-builder-workspace/.derivedData/Build/Intermediates.noindex/FMZDropInMinimalFacebookLogin.build/Debug-appletvos/FMZDropInMinimalFacebookLogin-t.build/DerivedSources-normal/arm64 -Xcc -I/Users/admin/builder/spi-builder-workspace/.derivedData/Build/Intermediates.noindex/FMZDropInMinimalFacebookLogin.build/Debug-appletvos/FMZDropInMinimalFacebookLogin-t.build/DerivedSources/arm64 -Xcc -I/Users/admin/builder/spi-builder-workspace/.derivedData/Build/Intermediates.noindex/FMZDropInMinimalFacebookLogin.build/Debug-appletvos/FMZDropInMinimalFacebookLogin-t.build/DerivedSources -Xcc -DSWIFT_PACKAGE -Xcc -DDEBUG\=1 -emit-objc-header -emit-objc-header-path /Users/admin/builder/spi-builder-workspace/.derivedData/Build/Intermediates.noindex/FMZDropInMinimalFacebookLogin.build/Debug-appletvos/FMZDropInMinimalFacebookLogin-t.build/Objects-normal/arm64/FMZDropInMinimalFacebookLogin-Swift.h -working-directory /Users/admin/builder/spi-builder-workspace/.swiftpm/xcode -experimental-emit-module-separately -disable-cmo
SwiftCompile normal arm64 Compiling\ GraphRequest.swift /Users/admin/builder/spi-builder-workspace/Sources/FMZDropInMinimalFacebookLogin/GraphRequest.swift (in target 'FMZDropInMinimalFacebookLogin' from project 'FMZDropInMinimalFacebookLogin')
SwiftCompile normal arm64 /Users/admin/builder/spi-builder-workspace/Sources/FMZDropInMinimalFacebookLogin/GraphRequest.swift (in target 'FMZDropInMinimalFacebookLogin' from project 'FMZDropInMinimalFacebookLogin')
    cd /Users/admin/builder/spi-builder-workspace/.swiftpm/xcode
    builtin-SwiftPerFileCompile GraphRequest.swift
SwiftCompile normal arm64 Compiling\ MinimalFacebookConfiguration.swift /Users/admin/builder/spi-builder-workspace/Sources/FMZDropInMinimalFacebookLogin/MinimalFacebookConfiguration.swift (in target 'FMZDropInMinimalFacebookLogin' from project 'FMZDropInMinimalFacebookLogin')
SwiftCompile normal arm64 /Users/admin/builder/spi-builder-workspace/Sources/FMZDropInMinimalFacebookLogin/MinimalFacebookConfiguration.swift (in target 'FMZDropInMinimalFacebookLogin' from project 'FMZDropInMinimalFacebookLogin')
    cd /Users/admin/builder/spi-builder-workspace/.swiftpm/xcode
    builtin-SwiftPerFileCompile MinimalFacebookConfiguration.swift
SwiftEmitModule normal arm64 Emitting\ module\ for\ FMZDropInMinimalFacebookLogin (in target 'FMZDropInMinimalFacebookLogin' from project 'FMZDropInMinimalFacebookLogin')
/Users/admin/builder/spi-builder-workspace/Sources/FMZDropInMinimalFacebookLogin/MinimalLoginManager.swift:152:1: warning: extension declares a conformance of imported type 'UIViewController' to imported protocol 'ASWebAuthenticationPresentationContextProviding'; this will not behave correctly if the owners of 'UIKit' introduce this conformance in the future
150 | @available(iOS 12.0, *)
151 | @available(iOSApplicationExtension, unavailable)
152 | extension UIViewController: ASWebAuthenticationPresentationContextProviding {
    | |- warning: extension declares a conformance of imported type 'UIViewController' to imported protocol 'ASWebAuthenticationPresentationContextProviding'; this will not behave correctly if the owners of 'UIKit' introduce this conformance in the future
    | `- note: add '@retroactive' to silence this warning
153 |     public func presentationAnchor(
154 |       for session: ASWebAuthenticationSession) -> ASPresentationAnchor {
/Users/admin/builder/spi-builder-workspace/Sources/FMZDropInMinimalFacebookLogin/MinimalLoginManager.swift:154:20: error: 'ASWebAuthenticationSession' is only available in tvOS 16.0 or newer
150 | @available(iOS 12.0, *)
151 | @available(iOSApplicationExtension, unavailable)
152 | extension UIViewController: ASWebAuthenticationPresentationContextProviding {
    | `- note: add '@available' attribute to enclosing extension
153 |     public func presentationAnchor(
    |                 `- note: add '@available' attribute to enclosing instance method
154 |       for session: ASWebAuthenticationSession) -> ASPresentationAnchor {
    |                    `- error: 'ASWebAuthenticationSession' is only available in tvOS 16.0 or newer
155 |         assert(view.window != nil)
156 |         return view.window ?? UIApplication.shared.windows.first!
/Users/admin/builder/spi-builder-workspace/Sources/FMZDropInMinimalFacebookLogin/MinimalLoginManager.swift:152:29: error: 'ASWebAuthenticationPresentationContextProviding' is unavailable in tvOS
150 | @available(iOS 12.0, *)
151 | @available(iOSApplicationExtension, unavailable)
152 | extension UIViewController: ASWebAuthenticationPresentationContextProviding {
    |                             `- error: 'ASWebAuthenticationPresentationContextProviding' is unavailable in tvOS
153 |     public func presentationAnchor(
154 |       for session: ASWebAuthenticationSession) -> ASPresentationAnchor {
/Applications/Xcode-27.0.0-Release.Candidate.app/Contents/Developer/Platforms/AppleTVOS.platform/Developer/SDKs/AppleTVOS27.0.sdk/System/Library/Frameworks/AuthenticationServices.framework/Headers/ASWebAuthenticationSession.h:115:11: note: 'ASWebAuthenticationPresentationContextProviding' has been explicitly marked unavailable here
113 | API_AVAILABLE(ios(13.0), macos(10.15)) API_UNAVAILABLE(tvos, watchos)
114 | NS_SWIFT_UI_ACTOR
115 | @protocol ASWebAuthenticationPresentationContextProviding <NSObject>
    |           `- note: 'ASWebAuthenticationPresentationContextProviding' has been explicitly marked unavailable here
116 |
117 | #if !TARGET_OS_WATCH
Failed frontend command:
/Applications/Xcode-27.0.0-Release.Candidate.app/Contents/Developer/Toolchains/XcodeDefault.xctoolchain/usr/bin/swift-frontend -frontend -emit-module -experimental-skip-non-inlinable-function-bodies-without-types /Users/admin/builder/spi-builder-workspace/Sources/FMZDropInMinimalFacebookLogin/AccessToken.swift /Users/admin/builder/spi-builder-workspace/Sources/FMZDropInMinimalFacebookLogin/FacebookLogin.swift /Users/admin/builder/spi-builder-workspace/Sources/FMZDropInMinimalFacebookLogin/GraphRequest.swift /Users/admin/builder/spi-builder-workspace/Sources/FMZDropInMinimalFacebookLogin/MinimalFacebookConfiguration.swift /Users/admin/builder/spi-builder-workspace/Sources/FMZDropInMinimalFacebookLogin/MinimalLoginManager.swift -target arm64-apple-tvos15.0 -disable-cross-import-overlay-search -swift-module-cross-import AuthenticationServices /Applications/Xcode-27.0.0-Release.Candidate.app/Contents/Developer/Platforms/AppleTVOS.platform/Developer/SDKs/AppleTVOS.sdk/System/Library/Frameworks/AuthenticationServices.framework/Modules/AuthenticationServices.swiftcrossimport/SwiftUI.swiftoverlay -swift-module-cross-import AuthenticationServices /Applications/Xcode-27.0.0-Release.Candidate.app/Contents/Developer/Platforms/AppleTVOS.platform/Developer/SDKs/AppleTVOS27.0.sdk/System/Library/Frameworks/AuthenticationServices.framework/Modules/AuthenticationServices.swiftcrossimport/SwiftUI.swiftoverlay -load-resolved-plugin /Applications/Xcode-27.0.0-Release.Candidate.app/Contents/Developer/Platforms/AppleTVOS.platform/Developer/usr/lib/swift/host/plugins/libFoundationMacros.dylib\#/Applications/Xcode-27.0.0-Release.Candidate.app/Contents/Developer/Platforms/AppleTVOS.platform/Developer/usr/bin/swift-plugin-server\#FoundationMacros -load-resolved-plugin /Applications/Xcode-27.0.0-Release.Candidate.app/Contents/Developer/Platforms/AppleTVOS.platform/Developer/usr/lib/swift/host/plugins/libObservationMacros.dylib\#/Applications/Xcode-27.0.0-Release.Candidate.app/Contents/Developer/Platforms/AppleTVOS.platform/Developer/usr/bin/swift-plugin-server\#ObservationMacros -load-resolved-plugin /Applications/Xcode-27.0.0-Release.Candidate.app/Contents/Developer/Platforms/AppleTVOS.platform/Developer/usr/lib/swift/host/plugins/libPreviewsMacros.dylib\#/Applications/Xcode-27.0.0-Release.Candidate.app/Contents/Developer/Platforms/AppleTVOS.platform/Developer/usr/bin/swift-plugin-server\#PreviewsMacros -load-resolved-plugin /Applications/Xcode-27.0.0-Release.Candidate.app/Contents/Developer/Platforms/AppleTVOS.platform/Developer/usr/lib/swift/host/plugins/libSwiftMacros.dylib\#/Applications/Xcode-27.0.0-Release.Candidate.app/Contents/Developer/Platforms/AppleTVOS.platform/Developer/usr/bin/swift-plugin-server\#SwiftMacros -load-resolved-plugin /Applications/Xcode-27.0.0-Release.Candidate.app/Contents/Developer/Platforms/AppleTVOS.platform/Developer/usr/lib/swift/host/plugins/libSwiftUIMacros.dylib\#/Applications/Xcode-27.0.0-Release.Candidate.app/Contents/Developer/Platforms/AppleTVOS.platform/Developer/usr/bin/swift-plugin-server\#SwiftUIMacros -disable-implicit-swift-modules -Xcc -fno-implicit-modules -Xcc -fno-implicit-module-maps -explicit-swift-module-map-file /Users/admin/builder/spi-builder-workspace/.derivedData/Build/Intermediates.noindex/FMZDropInMinimalFacebookLogin.build/Debug-appletvos/FMZDropInMinimalFacebookLogin-t.build/Objects-normal/arm64/FMZDropInMinimalFacebookLogin-dependencies-1.json -Xllvm -aarch64-use-tbi -enable-objc-interop -stack-check -sdk /Applications/Xcode-27.0.0-Release.Candidate.app/Contents/Developer/Platforms/AppleTVOS.platform/Developer/SDKs/AppleTVOS27.0.sdk -I /Users/admin/builder/spi-builder-workspace/.derivedData/Build/Products/Debug-appletvos -Isystem /Applications/Xcode-27.0.0-Release.Candidate.app/Contents/Developer/Platforms/AppleTVOS.platform/Developer/usr/lib -F /Users/admin/builder/spi-builder-workspace/.derivedData/Build/Products/Debug-appletvos -F /Applications/Xcode-27.0.0-Release.Candidate.app/Contents/Developer/Platforms/AppleTVOS.platform/Developer/Library/Frameworks -F /Applications/Xcode-27.0.0-Release.Candidate.app/Contents/Developer/Platforms/AppleTVOS.platform/Developer/SDKs/AppleTVOS27.0.sdk/Developer/Library/Frameworks -module-cache-path /Users/admin/builder/spi-builder-workspace/.derivedData/Build/Intermediates.noindex/SwiftExplicitPrecompiledModules -no-color-diagnostics -Xcc -fno-color-diagnostics -enable-testing -g -debug-info-format\=dwarf -dwarf-version\=4 -profile-generate -profile-coverage-mapping -swift-version 5 -Onone -D SWIFT_PACKAGE -D DEBUG -D SWIFT_MODULE_RESOURCE_BUNDLE_UNAVAILABLE -D Xcode -serialize-debugging-options -enable-experimental-feature DebugDescriptionMacro -empty-abi-descriptor -validate-clang-modules-once -clang-build-session-file /Users/admin/builder/spi-builder-workspace/.derivedData/ModuleCache.noindex/Session.modulevalidation -Xcc -working-directory -Xcc /Users/admin/builder/spi-builder-workspace/.swiftpm/xcode -enable-anonymous-context-mangled-names -file-compilation-dir /Users/admin/builder/spi-builder-workspace/.swiftpm/xcode -Xcc -D_LIBCPP_HARDENING_MODE\=_LIBCPP_HARDENING_MODE_DEBUG -Xcc -ivfsstatcache -Xcc /Users/admin/builder/spi-builder-workspace/.derivedData/SDKStatCaches.noindex/appletvos27.0-24J360-e829b21a6f8c9b70876ba0858053c044b32bfd8d43560033f8d89884cdb90028.sdkstatcache -Xcc -fmodules-prune-interval\=86400 -Xcc -fmodules-prune-after\=345600 -Xcc -I/Users/admin/builder/spi-builder-workspace/.derivedData/Build/Products/Debug-appletvos/include -Xcc -I/Users/admin/builder/spi-builder-workspace/.derivedData/Build/Intermediates.noindex/FMZDropInMinimalFacebookLogin.build/Debug-appletvos/FMZDropInMinimalFacebookLogin-t.build/DerivedSources-normal/arm64 -Xcc -I/Users/admin/builder/spi-builder-workspace/.derivedData/Build/Intermediates.noindex/FMZDropInMinimalFacebookLogin.build/Debug-appletvos/FMZDropInMinimalFacebookLogin-t.build/DerivedSources/arm64 -Xcc -I/Users/admin/builder/spi-builder-workspace/.derivedData/Build/Intermediates.noindex/FMZDropInMinimalFacebookLogin.build/Debug-appletvos/FMZDropInMinimalFacebookLogin-t.build/DerivedSources -Xcc -DSWIFT_PACKAGE -Xcc -DDEBUG\=1 -no-auto-bridging-header-chaining -module-name FMZDropInMinimalFacebookLogin -const-gather-protocols-file /Users/admin/builder/spi-builder-workspace/.derivedData/Build/Intermediates.noindex/FMZDropInMinimalFacebookLogin.build/Debug-appletvos/FMZDropInMinimalFacebookLogin-t.build/Objects-normal/arm64/FMZDropInMinimalFacebookLogin_const_extract_protocols.json -disable-clang-spi -clang-target arm64-apple-tvos27.0 -target-sdk-version 27.0 -target-sdk-name appletvos27.0 -in-process-plugin-server-path /Applications/Xcode-27.0.0-Release.Candidate.app/Contents/Developer/Toolchains/XcodeDefault.xctoolchain/usr/lib/swift/host/libSwiftInProcPluginServer.dylib -emit-module-doc-path /Users/admin/builder/spi-builder-workspace/.derivedData/Build/Intermediates.noindex/FMZDropInMinimalFacebookLogin.build/Debug-appletvos/FMZDropInMinimalFacebookLogin-t.build/Objects-normal/arm64/FMZDropInMinimalFacebookLogin.swiftdoc -emit-module-source-info-path /Users/admin/builder/spi-builder-workspace/.derivedData/Build/Intermediates.noindex/FMZDropInMinimalFacebookLogin.build/Debug-appletvos/FMZDropInMinimalFacebookLogin-t.build/Objects-normal/arm64/FMZDropInMinimalFacebookLogin.swiftsourceinfo -emit-objc-header-path /Users/admin/builder/spi-builder-workspace/.derivedData/Build/Intermediates.noindex/FMZDropInMinimalFacebookLogin.build/Debug-appletvos/FMZDropInMinimalFacebookLogin-t.build/Objects-normal/arm64/FMZDropInMinimalFacebookLogin-Swift.h -serialize-diagnostics-path /Users/admin/builder/spi-builder-workspace/.derivedData/Build/Intermediates.noindex/FMZDropInMinimalFacebookLogin.build/Debug-appletvos/FMZDropInMinimalFacebookLogin-t.build/Objects-normal/arm64/FMZDropInMinimalFacebookLogin-primary-emit-module.dia -emit-dependencies-path /Users/admin/builder/spi-builder-workspace/.derivedData/Build/Intermediates.noindex/FMZDropInMinimalFacebookLogin.build/Debug-appletvos/FMZDropInMinimalFacebookLogin-t.build/Objects-normal/arm64/FMZDropInMinimalFacebookLogin-primary-emit-module.d -parse-as-library -o /Users/admin/builder/spi-builder-workspace/.derivedData/Build/Intermediates.noindex/FMZDropInMinimalFacebookLogin.build/Debug-appletvos/FMZDropInMinimalFacebookLogin-t.build/Objects-normal/arm64/FMZDropInMinimalFacebookLogin.swiftmodule -emit-abi-descriptor-path /Users/admin/builder/spi-builder-workspace/.derivedData/Build/Intermediates.noindex/FMZDropInMinimalFacebookLogin.build/Debug-appletvos/FMZDropInMinimalFacebookLogin-t.build/Objects-normal/arm64/FMZDropInMinimalFacebookLogin.abi.json
SwiftCompile normal arm64 (in target 'FMZDropInMinimalFacebookLogin' from project 'FMZDropInMinimalFacebookLogin')
    cd /Users/admin/builder/spi-builder-workspace/.swiftpm/xcode

SwiftCompile normal arm64 Compiling\ AccessToken.swift /Users/admin/builder/spi-builder-workspace/Sources/FMZDropInMinimalFacebookLogin/AccessToken.swift (in target 'FMZDropInMinimalFacebookLogin' from project 'FMZDropInMinimalFacebookLogin')
SwiftCompile normal arm64 /Users/admin/builder/spi-builder-workspace/Sources/FMZDropInMinimalFacebookLogin/AccessToken.swift (in target 'FMZDropInMinimalFacebookLogin' from project 'FMZDropInMinimalFacebookLogin')
    cd /Users/admin/builder/spi-builder-workspace/.swiftpm/xcode
    builtin-SwiftPerFileCompile AccessToken.swift
SwiftCompile normal arm64 Compiling\ FacebookLogin.swift /Users/admin/builder/spi-builder-workspace/Sources/FMZDropInMinimalFacebookLogin/FacebookLogin.swift (in target 'FMZDropInMinimalFacebookLogin' from project 'FMZDropInMinimalFacebookLogin')
SwiftCompile normal arm64 /Users/admin/builder/spi-builder-workspace/Sources/FMZDropInMinimalFacebookLogin/FacebookLogin.swift (in target 'FMZDropInMinimalFacebookLogin' from project 'FMZDropInMinimalFacebookLogin')
    cd /Users/admin/builder/spi-builder-workspace/.swiftpm/xcode
    builtin-SwiftPerFileCompile FacebookLogin.swift
SwiftCompile normal arm64 Compiling\ MinimalLoginManager.swift /Users/admin/builder/spi-builder-workspace/Sources/FMZDropInMinimalFacebookLogin/MinimalLoginManager.swift (in target 'FMZDropInMinimalFacebookLogin' from project 'FMZDropInMinimalFacebookLogin')
/Users/admin/builder/spi-builder-workspace/Sources/FMZDropInMinimalFacebookLogin/MinimalLoginManager.swift:152:1: warning: extension declares a conformance of imported type 'UIViewController' to imported protocol 'ASWebAuthenticationPresentationContextProviding'; this will not behave correctly if the owners of 'UIKit' introduce this conformance in the future
150 | @available(iOS 12.0, *)
151 | @available(iOSApplicationExtension, unavailable)
152 | extension UIViewController: ASWebAuthenticationPresentationContextProviding {
    | |- warning: extension declares a conformance of imported type 'UIViewController' to imported protocol 'ASWebAuthenticationPresentationContextProviding'; this will not behave correctly if the owners of 'UIKit' introduce this conformance in the future
    | `- note: add '@retroactive' to silence this warning
153 |     public func presentationAnchor(
154 |       for session: ASWebAuthenticationSession) -> ASPresentationAnchor {
/Users/admin/builder/spi-builder-workspace/Sources/FMZDropInMinimalFacebookLogin/MinimalLoginManager.swift:154:20: error: 'ASWebAuthenticationSession' is only available in tvOS 16.0 or newer
150 | @available(iOS 12.0, *)
151 | @available(iOSApplicationExtension, unavailable)
152 | extension UIViewController: ASWebAuthenticationPresentationContextProviding {
    | `- note: add '@available' attribute to enclosing extension
153 |     public func presentationAnchor(
    |                 `- note: add '@available' attribute to enclosing instance method
154 |       for session: ASWebAuthenticationSession) -> ASPresentationAnchor {
    |                    `- error: 'ASWebAuthenticationSession' is only available in tvOS 16.0 or newer
155 |         assert(view.window != nil)
156 |         return view.window ?? UIApplication.shared.windows.first!
/Users/admin/builder/spi-builder-workspace/Sources/FMZDropInMinimalFacebookLogin/MinimalLoginManager.swift:152:29: error: 'ASWebAuthenticationPresentationContextProviding' is unavailable in tvOS
150 | @available(iOS 12.0, *)
151 | @available(iOSApplicationExtension, unavailable)
152 | extension UIViewController: ASWebAuthenticationPresentationContextProviding {
    |                             `- error: 'ASWebAuthenticationPresentationContextProviding' is unavailable in tvOS
153 |     public func presentationAnchor(
154 |       for session: ASWebAuthenticationSession) -> ASPresentationAnchor {
/Applications/Xcode-27.0.0-Release.Candidate.app/Contents/Developer/Platforms/AppleTVOS.platform/Developer/SDKs/AppleTVOS27.0.sdk/System/Library/Frameworks/AuthenticationServices.framework/Headers/ASWebAuthenticationSession.h:115:11: note: 'ASWebAuthenticationPresentationContextProviding' has been explicitly marked unavailable here
113 | API_AVAILABLE(ios(13.0), macos(10.15)) API_UNAVAILABLE(tvos, watchos)
114 | NS_SWIFT_UI_ACTOR
115 | @protocol ASWebAuthenticationPresentationContextProviding <NSObject>
    |           `- note: 'ASWebAuthenticationPresentationContextProviding' has been explicitly marked unavailable here
116 |
117 | #if !TARGET_OS_WATCH
/Users/admin/builder/spi-builder-workspace/Sources/FMZDropInMinimalFacebookLogin/MinimalLoginManager.swift:65:27: error: 'ASWebAuthenticationSession' is only available in tvOS 16.0 or newer
 12 | @available(iOSApplicationExtension, unavailable)
 13 | @available(iOS 9.0, *)
 14 | open class MinimalLoginManager {
    |            `- note: add '@available' attribute to enclosing class
 15 |     public static let shared: MinimalLoginManager = MinimalLoginManager(config: MinimalFacebook.currentConfig)
 16 |
    :
 32 |
 33 |     @available(iOS 9.0, *)
 34 |     public func logIn(permissions: [String],
    |                 `- note: add '@available' attribute to enclosing instance method
 35 |                from: UIViewController?,
 36 |                handler: @escaping ((LoginManagerLoginResult?, Error?) -> Void)) {
    :
 63 |         if #available(iOSApplicationExtension 12.0, iOS 12.0, *) {
 64 |             //loginManagersWithSessions.append(self)
 65 |             let session = ASWebAuthenticationSession(
    |                           |- error: 'ASWebAuthenticationSession' is only available in tvOS 16.0 or newer
    |                           `- note: add 'if #available' version check
 66 |                 url: url,
 67 |                 callbackURLScheme: callbackScheme) { (url, error) in
/Users/admin/builder/spi-builder-workspace/Sources/FMZDropInMinimalFacebookLogin/MinimalLoginManager.swift:65:27: error: 'init(url:callbackURLScheme:completionHandler:)' is only available in tvOS 16.0 or newer
 12 | @available(iOSApplicationExtension, unavailable)
 13 | @available(iOS 9.0, *)
 14 | open class MinimalLoginManager {
    |            `- note: add '@available' attribute to enclosing class
 15 |     public static let shared: MinimalLoginManager = MinimalLoginManager(config: MinimalFacebook.currentConfig)
 16 |
    :
 32 |
 33 |     @available(iOS 9.0, *)
 34 |     public func logIn(permissions: [String],
    |                 `- note: add '@available' attribute to enclosing instance method
 35 |                from: UIViewController?,
 36 |                handler: @escaping ((LoginManagerLoginResult?, Error?) -> Void)) {
    :
 63 |         if #available(iOSApplicationExtension 12.0, iOS 12.0, *) {
 64 |             //loginManagersWithSessions.append(self)
 65 |             let session = ASWebAuthenticationSession(
    |                           |- error: 'init(url:callbackURLScheme:completionHandler:)' is only available in tvOS 16.0 or newer
    |                           `- note: add 'if #available' version check
 66 |                 url: url,
 67 |                 callbackURLScheme: callbackScheme) { (url, error) in
SwiftCompile normal arm64 /Users/admin/builder/spi-builder-workspace/Sources/FMZDropInMinimalFacebookLogin/MinimalLoginManager.swift (in target 'FMZDropInMinimalFacebookLogin' from project 'FMZDropInMinimalFacebookLogin')
    cd /Users/admin/builder/spi-builder-workspace/.swiftpm/xcode
    builtin-SwiftPerFileCompile MinimalLoginManager.swift
PruneExplicitPrecompiledModules /Users/admin/builder/spi-builder-workspace/.derivedData/Build/Intermediates.noindex/SwiftExplicitPrecompiledModules
PruneExplicitPrecompiledModules /Users/admin/builder/spi-builder-workspace/.derivedData/SDKExplicitPrecompiledModules
PruneExplicitPrecompiledModules /Users/admin/builder/spi-builder-workspace/.derivedData/Build/Intermediates.noindex/ExplicitPrecompiledModules
2026-09-17 10:15:47.567 xcodebuild[731:4557] [MT] IDERunDestination: Supported platforms for the buildables in the current scheme is empty.
** BUILD FAILED **
The following build commands failed:
	SwiftEmitModule normal arm64 Emitting\ module\ for\ FMZDropInMinimalFacebookLogin (in target 'FMZDropInMinimalFacebookLogin' from project 'FMZDropInMinimalFacebookLogin')
	SwiftCompile normal arm64 (in target 'FMZDropInMinimalFacebookLogin' from project 'FMZDropInMinimalFacebookLogin')
	Building workspace FMZDropInMinimalFacebookLogin with scheme FMZDropInMinimalFacebookLogin
(3 failures)
BUILD FAILURE 6.4 tvOS