The Swift Package Index logo.Swift Package Index

Build Information

Failed to build swift-highway, reference v1.0.0-alpha.7 (2f1fb9), with Swift 6.3 for watchOS using Xcode 26.4 on 10 Oct 2026 03:12:24 UTC.

Build Command

env DEVELOPER_DIR=/Applications/Xcode-26.5.0.app xcrun xcodebuild -IDEClonedSourcePackagesDirPathOverride=$PWD/.dependencies -skipMacroValidation -skipPackagePluginValidation -derivedDataPath $PWD/.derivedData build -scheme swift-highway -destination generic/platform=watchOS

Build Log

 3751 | HWY_API Vec128<int16_t> LoadU(D /* tag */,
      |                         ^
/Users/admin/builder/spi-builder-workspace/Sources/CHighway/include/hwy/ops/arm_neon-inl.h:3756:25: note: candidate template ignored: substitution failure [with D = TagF64, $1 = nullptr]: no type named 'type' in 'hwy::EnableIfT<false>'
 3756 | HWY_API Vec128<int32_t> LoadU(D /* tag */,
      |                         ^
/Users/admin/builder/spi-builder-workspace/Sources/CHighway/include/hwy/ops/arm_neon-inl.h:3761:25: note: candidate template ignored: substitution failure [with D = TagF64, $1 = nullptr]: no type named 'type' in 'hwy::EnableIfT<false>'
 3761 | HWY_API Vec128<int64_t> LoadU(D /* tag */,
      |                         ^
/Users/admin/builder/spi-builder-workspace/Sources/CHighway/include/hwy/ops/arm_neon-inl.h:3780:23: note: candidate template ignored: substitution failure [with D = TagF64, $1 = nullptr]: no type named 'type' in 'hwy::EnableIfT<false>'
 3780 | HWY_API Vec128<float> LoadU(D /* tag */, const float* HWY_RESTRICT unaligned) {
      |                       ^
/Users/admin/builder/spi-builder-workspace/Sources/CHighway/include/hwy/ops/arm_neon-inl.h:3794:24: note: candidate template ignored: substitution failure [with D = TagF64]: no type named 'type' in 'hwy::EnableIfT<false>'
 3794 | HWY_API Vec64<uint8_t> LoadU(D /* tag */, const uint8_t* HWY_RESTRICT p) {
      |                        ^
/Users/admin/builder/spi-builder-workspace/Sources/CHighway/include/hwy/ops/arm_neon-inl.h:3798:25: note: candidate template ignored: substitution failure [with D = TagF64]: no type named 'type' in 'hwy::EnableIfT<false>'
 3798 | HWY_API Vec64<uint16_t> LoadU(D /* tag */, const uint16_t* HWY_RESTRICT p) {
      |                         ^
/Users/admin/builder/spi-builder-workspace/Sources/CHighway/include/hwy/ops/arm_neon-inl.h:3802:25: note: candidate template ignored: substitution failure [with D = TagF64]: no type named 'type' in 'hwy::EnableIfT<false>'
 3802 | HWY_API Vec64<uint32_t> LoadU(D /* tag */, const uint32_t* HWY_RESTRICT p) {
      |                         ^
/Users/admin/builder/spi-builder-workspace/Sources/CHighway/include/hwy/ops/arm_neon-inl.h:3806:25: note: candidate template ignored: substitution failure [with D = TagF64]: no type named 'type' in 'hwy::EnableIfT<false>'
 3806 | HWY_API Vec64<uint64_t> LoadU(D /* tag */, const uint64_t* HWY_RESTRICT p) {
      |                         ^
/Users/admin/builder/spi-builder-workspace/Sources/CHighway/include/hwy/ops/arm_neon-inl.h:3810:23: note: candidate template ignored: substitution failure [with D = TagF64]: no type named 'type' in 'hwy::EnableIfT<false>'
 3810 | HWY_API Vec64<int8_t> LoadU(D /* tag */, const int8_t* HWY_RESTRICT p) {
      |                       ^
/Users/admin/builder/spi-builder-workspace/Sources/CHighway/include/hwy/ops/arm_neon-inl.h:3814:24: note: candidate template ignored: substitution failure [with D = TagF64]: no type named 'type' in 'hwy::EnableIfT<false>'
 3814 | HWY_API Vec64<int16_t> LoadU(D /* tag */, const int16_t* HWY_RESTRICT p) {
      |                        ^
/Users/admin/builder/spi-builder-workspace/Sources/CHighway/include/hwy/ops/arm_neon-inl.h:3818:24: note: candidate template ignored: substitution failure [with D = TagF64]: no type named 'type' in 'hwy::EnableIfT<false>'
 3818 | HWY_API Vec64<int32_t> LoadU(D /* tag */, const int32_t* HWY_RESTRICT p) {
      |                        ^
/Users/admin/builder/spi-builder-workspace/Sources/CHighway/include/hwy/ops/arm_neon-inl.h:3822:24: note: candidate template ignored: substitution failure [with D = TagF64]: no type named 'type' in 'hwy::EnableIfT<false>'
 3822 | HWY_API Vec64<int64_t> LoadU(D /* tag */, const int64_t* HWY_RESTRICT p) {
      |                        ^
/Users/admin/builder/spi-builder-workspace/Sources/CHighway/include/hwy/ops/arm_neon-inl.h:3838:22: note: candidate template ignored: substitution failure [with D = TagF64]: no type named 'type' in 'hwy::EnableIfT<false>'
 3838 | HWY_API Vec64<float> LoadU(D /* tag */, const float* HWY_RESTRICT p) {
      |                      ^
/Users/admin/builder/spi-builder-workspace/Sources/CHighway/include/hwy/ops/arm_neon-inl.h:3853:25: note: candidate template ignored: substitution failure [with D = TagF64]: no type named 'type' in 'hwy::EnableIfT<false>'
 3853 | HWY_API Vec32<uint32_t> LoadU(D /*tag*/, const uint32_t* HWY_RESTRICT p) {
      |                         ^
/Users/admin/builder/spi-builder-workspace/Sources/CHighway/include/hwy/ops/arm_neon-inl.h:3857:24: note: candidate template ignored: substitution failure [with D = TagF64]: no type named 'type' in 'hwy::EnableIfT<false>'
 3857 | HWY_API Vec32<int32_t> LoadU(D /*tag*/, const int32_t* HWY_RESTRICT p) {
      |                        ^
/Users/admin/builder/spi-builder-workspace/Sources/CHighway/include/hwy/ops/arm_neon-inl.h:3861:22: note: candidate template ignored: substitution failure [with D = TagF64]: no type named 'type' in 'hwy::EnableIfT<false>'
 3861 | HWY_API Vec32<float> LoadU(D /*tag*/, const float* HWY_RESTRICT p) {
      |                      ^
/Users/admin/builder/spi-builder-workspace/Sources/CHighway/include/hwy/ops/arm_neon-inl.h:3868:19: note: candidate template ignored: substitution failure [with D = TagF64]: no type named 'type' in 'hwy::EnableIfT<false>'
 3868 | HWY_API VFromD<D> LoadU(D d, const TFromD<D>* HWY_RESTRICT p) {
      |                   ^
/Users/admin/builder/spi-builder-workspace/Sources/CHighway/include/hwy/ops/arm_neon-inl.h:3899:19: note: candidate template ignored: substitution failure [with D = TagF64]: no type named 'type' in 'hwy::EnableIfT<false>'
 3899 | HWY_API VFromD<D> LoadU(D /* tag */, const uint16_t* HWY_RESTRICT p) {
      |                   ^
/Users/admin/builder/spi-builder-workspace/Sources/CHighway/include/hwy/ops/arm_neon-inl.h:3903:19: note: candidate template ignored: substitution failure [with D = TagF64]: no type named 'type' in 'hwy::EnableIfT<false>'
 3903 | HWY_API VFromD<D> LoadU(D /* tag */, const int16_t* HWY_RESTRICT p) {
      |                   ^
/Users/admin/builder/spi-builder-workspace/Sources/CHighway/include/hwy/ops/arm_neon-inl.h:3921:19: note: candidate template ignored: substitution failure [with D = TagF64, $1 = nullptr]: no type named 'type' in 'hwy::EnableIfT<false>'
 3921 | HWY_API VFromD<D> LoadU(D d, const TFromD<D>* HWY_RESTRICT p) {
      |                   ^
/Users/admin/builder/spi-builder-workspace/Sources/CHighway/include/hwy/ops/arm_neon-inl.h:3930:19: note: candidate template ignored: substitution failure [with D = TagF64]: no type named 'type' in 'hwy::EnableIfT<false>'
 3930 | HWY_API VFromD<D> LoadU(D /* tag */, const uint8_t* HWY_RESTRICT p) {
      |                   ^
/Users/admin/builder/spi-builder-workspace/Sources/CHighway/include/hwy/ops/arm_neon-inl.h:3934:19: note: candidate template ignored: substitution failure [with D = TagF64]: no type named 'type' in 'hwy::EnableIfT<false>'
 3934 | HWY_API VFromD<D> LoadU(D /* tag */, const int8_t* HWY_RESTRICT p) {
      |                   ^
/Users/admin/builder/spi-builder-workspace/Sources/CHighway/include/hwy/ops/arm_neon-inl.h:3941:19: note: candidate template ignored: substitution failure [with D = TagF64]: no type named 'type' in 'hwy::EnableIfT<false>'
 3941 | HWY_API VFromD<D> LoadU(D d, const TFromD<D>* HWY_RESTRICT p) {
      |                   ^
In file included from /Users/admin/builder/spi-builder-workspace/Sources/CHighwayOps/CHighwayOps.cc:4:
/Users/admin/builder/spi-builder-workspace/Sources/CHighwayOps/include/CHighwayOps.h:536:53: error: no matching function for call to 'StoreU'
  536 | HWY_INLINE void storeF64(VectorF64 a, double* to) { hn::StoreU(a, TagF64(), to); }
      |                                                     ^~~~~~~~~~
In file included from /Users/admin/builder/spi-builder-workspace/Sources/CHighwayOps/CHighwayOps.cc:4:
In file included from /Users/admin/builder/spi-builder-workspace/Sources/CHighwayOps/include/CHighwayOps.h:10:
In file included from /Users/admin/builder/spi-builder-workspace/Sources/CHighway/include/hwy/highway.h:706:
/Users/admin/builder/spi-builder-workspace/Sources/CHighway/include/hwy/ops/arm_neon-inl.h:3973:14: note: candidate template ignored: substitution failure [with D = TagF64, $1 = nullptr]: no type named 'type' in 'hwy::EnableIfT<false>'
 3973 | HWY_API void StoreU(Vec128<uint8_t> v, D /* tag */,
      |              ^
/Users/admin/builder/spi-builder-workspace/Sources/CHighway/include/hwy/ops/arm_neon-inl.h:3978:14: note: candidate template ignored: substitution failure [with D = TagF64, $1 = nullptr]: no type named 'type' in 'hwy::EnableIfT<false>'
 3978 | HWY_API void StoreU(Vec128<uint16_t> v, D /* tag */,
      |              ^
/Users/admin/builder/spi-builder-workspace/Sources/CHighway/include/hwy/ops/arm_neon-inl.h:3983:14: note: candidate template ignored: substitution failure [with D = TagF64, $1 = nullptr]: no type named 'type' in 'hwy::EnableIfT<false>'
 3983 | HWY_API void StoreU(Vec128<uint32_t> v, D /* tag */,
      |              ^
/Users/admin/builder/spi-builder-workspace/Sources/CHighway/include/hwy/ops/arm_neon-inl.h:3988:14: note: candidate template ignored: substitution failure [with D = TagF64, $1 = nullptr]: no type named 'type' in 'hwy::EnableIfT<false>'
 3988 | HWY_API void StoreU(Vec128<uint64_t> v, D /* tag */,
      |              ^
/Users/admin/builder/spi-builder-workspace/Sources/CHighway/include/hwy/ops/arm_neon-inl.h:3993:14: note: candidate template ignored: substitution failure [with D = TagF64, $1 = nullptr]: no type named 'type' in 'hwy::EnableIfT<false>'
 3993 | HWY_API void StoreU(Vec128<int8_t> v, D /* tag */,
      |              ^
/Users/admin/builder/spi-builder-workspace/Sources/CHighway/include/hwy/ops/arm_neon-inl.h:3998:14: note: candidate template ignored: substitution failure [with D = TagF64, $1 = nullptr]: no type named 'type' in 'hwy::EnableIfT<false>'
 3998 | HWY_API void StoreU(Vec128<int16_t> v, D /* tag */,
      |              ^
/Users/admin/builder/spi-builder-workspace/Sources/CHighway/include/hwy/ops/arm_neon-inl.h:4003:14: note: candidate template ignored: substitution failure [with D = TagF64, $1 = nullptr]: no type named 'type' in 'hwy::EnableIfT<false>'
 4003 | HWY_API void StoreU(Vec128<int32_t> v, D /* tag */,
      |              ^
/Users/admin/builder/spi-builder-workspace/Sources/CHighway/include/hwy/ops/arm_neon-inl.h:4008:14: note: candidate template ignored: substitution failure [with D = TagF64, $1 = nullptr]: no type named 'type' in 'hwy::EnableIfT<false>'
 4008 | HWY_API void StoreU(Vec128<int64_t> v, D /* tag */,
      |              ^
/Users/admin/builder/spi-builder-workspace/Sources/CHighway/include/hwy/ops/arm_neon-inl.h:4027:14: note: candidate template ignored: substitution failure [with D = TagF64, $1 = nullptr]: no type named 'type' in 'hwy::EnableIfT<false>'
 4027 | HWY_API void StoreU(Vec128<float> v, D /* tag */,
      |              ^
/Users/admin/builder/spi-builder-workspace/Sources/CHighway/include/hwy/ops/arm_neon-inl.h:4042:14: note: candidate template ignored: substitution failure [with D = TagF64]: no type named 'type' in 'hwy::EnableIfT<false>'
 4042 | HWY_API void StoreU(Vec64<uint8_t> v, D /* tag */, uint8_t* HWY_RESTRICT p) {
      |              ^
/Users/admin/builder/spi-builder-workspace/Sources/CHighway/include/hwy/ops/arm_neon-inl.h:4046:14: note: candidate template ignored: substitution failure [with D = TagF64]: no type named 'type' in 'hwy::EnableIfT<false>'
 4046 | HWY_API void StoreU(Vec64<uint16_t> v, D /* tag */, uint16_t* HWY_RESTRICT p) {
      |              ^
/Users/admin/builder/spi-builder-workspace/Sources/CHighway/include/hwy/ops/arm_neon-inl.h:4050:14: note: candidate template ignored: substitution failure [with D = TagF64]: no type named 'type' in 'hwy::EnableIfT<false>'
 4050 | HWY_API void StoreU(Vec64<uint32_t> v, D /* tag */, uint32_t* HWY_RESTRICT p) {
      |              ^
/Users/admin/builder/spi-builder-workspace/Sources/CHighway/include/hwy/ops/arm_neon-inl.h:4054:14: note: candidate template ignored: substitution failure [with D = TagF64]: no type named 'type' in 'hwy::EnableIfT<false>'
 4054 | HWY_API void StoreU(Vec64<uint64_t> v, D /* tag */, uint64_t* HWY_RESTRICT p) {
      |              ^
/Users/admin/builder/spi-builder-workspace/Sources/CHighway/include/hwy/ops/arm_neon-inl.h:4058:14: note: candidate template ignored: substitution failure [with D = TagF64]: no type named 'type' in 'hwy::EnableIfT<false>'
 4058 | HWY_API void StoreU(Vec64<int8_t> v, D /* tag */, int8_t* HWY_RESTRICT p) {
      |              ^
/Users/admin/builder/spi-builder-workspace/Sources/CHighway/include/hwy/ops/arm_neon-inl.h:4062:14: note: candidate template ignored: substitution failure [with D = TagF64]: no type named 'type' in 'hwy::EnableIfT<false>'
 4062 | HWY_API void StoreU(Vec64<int16_t> v, D /* tag */, int16_t* HWY_RESTRICT p) {
      |              ^
/Users/admin/builder/spi-builder-workspace/Sources/CHighway/include/hwy/ops/arm_neon-inl.h:4066:14: note: candidate template ignored: substitution failure [with D = TagF64]: no type named 'type' in 'hwy::EnableIfT<false>'
 4066 | HWY_API void StoreU(Vec64<int32_t> v, D /* tag */, int32_t* HWY_RESTRICT p) {
      |              ^
/Users/admin/builder/spi-builder-workspace/Sources/CHighway/include/hwy/ops/arm_neon-inl.h:4070:14: note: candidate template ignored: substitution failure [with D = TagF64]: no type named 'type' in 'hwy::EnableIfT<false>'
 4070 | HWY_API void StoreU(Vec64<int64_t> v, D /* tag */, int64_t* HWY_RESTRICT p) {
      |              ^
/Users/admin/builder/spi-builder-workspace/Sources/CHighway/include/hwy/ops/arm_neon-inl.h:4088:14: note: candidate template ignored: substitution failure [with D = TagF64]: no type named 'type' in 'hwy::EnableIfT<false>'
 4088 | HWY_API void StoreU(Vec64<float> v, D /* tag */, float* HWY_RESTRICT p) {
      |              ^
/Users/admin/builder/spi-builder-workspace/Sources/CHighway/include/hwy/ops/arm_neon-inl.h:4101:14: note: candidate template ignored: substitution failure [with D = TagF64]: no type named 'type' in 'hwy::EnableIfT<false>'
 4101 | HWY_API void StoreU(Vec32<uint32_t> v, D, uint32_t* HWY_RESTRICT p) {
      |              ^
/Users/admin/builder/spi-builder-workspace/Sources/CHighway/include/hwy/ops/arm_neon-inl.h:4105:14: note: candidate template ignored: substitution failure [with D = TagF64]: no type named 'type' in 'hwy::EnableIfT<false>'
 4105 | HWY_API void StoreU(Vec32<int32_t> v, D, int32_t* HWY_RESTRICT p) {
      |              ^
/Users/admin/builder/spi-builder-workspace/Sources/CHighway/include/hwy/ops/arm_neon-inl.h:4109:14: note: candidate template ignored: substitution failure [with D = TagF64]: no type named 'type' in 'hwy::EnableIfT<false>'
 4109 | HWY_API void StoreU(Vec32<float> v, D, float* HWY_RESTRICT p) {
      |              ^
/Users/admin/builder/spi-builder-workspace/Sources/CHighway/include/hwy/ops/arm_neon-inl.h:4116:14: note: candidate template ignored: substitution failure [with D = TagF64]: no type named 'type' in 'hwy::EnableIfT<false>'
 4116 | HWY_API void StoreU(VFromD<D> v, D d, TFromD<D>* HWY_RESTRICT p) {
      |              ^
/Users/admin/builder/spi-builder-workspace/Sources/CHighway/include/hwy/ops/arm_neon-inl.h:4142:14: note: candidate template ignored: substitution failure [with D = TagF64]: no type named 'type' in 'hwy::EnableIfT<false>'
 4142 | HWY_API void StoreU(Vec16<uint16_t> v, D, uint16_t* HWY_RESTRICT p) {
      |              ^
/Users/admin/builder/spi-builder-workspace/Sources/CHighway/include/hwy/ops/arm_neon-inl.h:4146:14: note: candidate template ignored: substitution failure [with D = TagF64]: no type named 'type' in 'hwy::EnableIfT<false>'
 4146 | HWY_API void StoreU(Vec16<int16_t> v, D, int16_t* HWY_RESTRICT p) {
      |              ^
/Users/admin/builder/spi-builder-workspace/Sources/CHighway/include/hwy/ops/arm_neon-inl.h:4163:14: note: candidate template ignored: substitution failure [with D = TagF64]: no type named 'type' in 'hwy::EnableIfT<false>'
 4163 | HWY_API void StoreU(VFromD<D> v, D d, TFromD<D>* HWY_RESTRICT p) {
      |              ^
/Users/admin/builder/spi-builder-workspace/Sources/CHighway/include/hwy/ops/arm_neon-inl.h:4172:14: note: candidate template ignored: substitution failure [with D = TagF64]: no type named 'type' in 'hwy::EnableIfT<false>'
 4172 | HWY_API void StoreU(Vec128<uint8_t, 1> v, D, uint8_t* HWY_RESTRICT p) {
      |              ^
/Users/admin/builder/spi-builder-workspace/Sources/CHighway/include/hwy/ops/arm_neon-inl.h:4176:14: note: candidate template ignored: substitution failure [with D = TagF64]: no type named 'type' in 'hwy::EnableIfT<false>'
 4176 | HWY_API void StoreU(Vec128<int8_t, 1> v, D, int8_t* HWY_RESTRICT p) {
      |              ^
/Users/admin/builder/spi-builder-workspace/Sources/CHighway/include/hwy/ops/arm_neon-inl.h:4183:14: note: candidate template ignored: substitution failure [with D = TagF64]: no type named 'type' in 'hwy::EnableIfT<false>'
 4183 | HWY_API void StoreU(VFromD<D> v, D d, TFromD<D>* HWY_RESTRICT p) {
      |              ^
In file included from /Users/admin/builder/spi-builder-workspace/Sources/CHighwayOps/CHighwayOps.cc:4:
/Users/admin/builder/spi-builder-workspace/Sources/CHighwayOps/include/CHighwayOps.h:543:68: error: no matching function for call to 'Min'
  543 | HWY_INLINE VectorF64 minimumF64(VectorF64 a, VectorF64 b) { return hn::Min(a, b); }
      |                                                                    ^~~~~~~
In file included from /Users/admin/builder/spi-builder-workspace/Sources/CHighwayOps/CHighwayOps.cc:4:
In file included from /Users/admin/builder/spi-builder-workspace/Sources/CHighwayOps/include/CHighwayOps.h:10:
In file included from /Users/admin/builder/spi-builder-workspace/Sources/CHighway/include/hwy/highway.h:706:
/Users/admin/builder/spi-builder-workspace/Sources/CHighway/include/hwy/ops/arm_neon-inl.h:3570:36: note: candidate function not viable: no known conversion from 'Vec128<TFromD<TagF64>, ((16 / sizeof(TFromD<TagF64>)) < (MaxLanes(TagF64())) ? (16 / sizeof(TFromD<TagF64>)) : (MaxLanes(TagF64()))) aka 2>' to 'const Vec128<uint8_t, 16>' for 1st argument
 3570 | HWY_NEON_DEF_FUNCTION_UINT_8_16_32(Min, vmin, _, 2)
      | ~~~~~~~~~~~~~~~~~~~~~~~~~~~~~~~~~~~^~~~~~~~~~~~~~~~
/Users/admin/builder/spi-builder-workspace/Sources/CHighway/include/hwy/ops/arm_neon-inl.h:217:32: note: expanded from macro 'HWY_NEON_DEF_FUNCTION_UINT_8_16_32'
  217 |   HWY_NEON_DEF_FUNCTION_UINT_8(name, prefix, infix, args)             \
      |   ~~~~~~~~~~~~~~~~~~~~~~~~~~~~~^~~~~~~~~~~~~~~~~~~~~~~~~~
/Users/admin/builder/spi-builder-workspace/Sources/CHighway/include/hwy/ops/arm_neon-inl.h:95:36: note: expanded from macro 'HWY_NEON_DEF_FUNCTION_UINT_8'
   95 |   HWY_NEON_DEF_FUNCTION(uint8, 16, name, prefix##q, infix, u8, args) \
      |   ~~~~~~~~~~~~~~~~~~~~~~~~~~~~~~~~~^~~~~~~~~~~~~~~~~~~~~~~~~~~~~~~~~
/Users/admin/builder/spi-builder-workspace/Sources/CHighway/include/hwy/ops/arm_neon-inl.h:82:7: note: expanded from macro 'HWY_NEON_DEF_FUNCTION'
   82 |       name(HWY_CONCAT(HWY_NEON_BUILD_PARAM_, args)(type, size)) {            \
      |       ^    ~~~~~~~~~~~~~~~~~~~~~~~~~~~~~~~~~~~~~~~~~~~~~~~~~~~
/Users/admin/builder/spi-builder-workspace/Sources/CHighway/include/hwy/ops/arm_neon-inl.h:3570:36: note: candidate function not viable: no known conversion from 'Vec128<TFromD<TagF64>, ((16 / sizeof(TFromD<TagF64>)) < (MaxLanes(TagF64())) ? (16 / sizeof(TFromD<TagF64>)) : (MaxLanes(TagF64()))) aka 2>' to 'const Vec128<uint8_t, 8>' for 1st argument
 3570 | HWY_NEON_DEF_FUNCTION_UINT_8_16_32(Min, vmin, _, 2)
      | ~~~~~~~~~~~~~~~~~~~~~~~~~~~~~~~~~~~^~~~~~~~~~~~~~~~
/Users/admin/builder/spi-builder-workspace/Sources/CHighway/include/hwy/ops/arm_neon-inl.h:217:32: note: expanded from macro 'HWY_NEON_DEF_FUNCTION_UINT_8_16_32'
  217 |   HWY_NEON_DEF_FUNCTION_UINT_8(name, prefix, infix, args)             \
      |   ~~~~~~~~~~~~~~~~~~~~~~~~~~~~~^~~~~~~~~~~~~~~~~~~~~~~~~~
/Users/admin/builder/spi-builder-workspace/Sources/CHighway/include/hwy/ops/arm_neon-inl.h:96:35: note: expanded from macro 'HWY_NEON_DEF_FUNCTION_UINT_8'
   96 |   HWY_NEON_DEF_FUNCTION(uint8, 8, name, prefix, infix, u8, args)     \
      |   ~~~~~~~~~~~~~~~~~~~~~~~~~~~~~~~~^~~~~~~~~~~~~~~~~~~~~~~~~~~~~~
/Users/admin/builder/spi-builder-workspace/Sources/CHighway/include/hwy/ops/arm_neon-inl.h:82:7: note: expanded from macro 'HWY_NEON_DEF_FUNCTION'
   82 |       name(HWY_CONCAT(HWY_NEON_BUILD_PARAM_, args)(type, size)) {            \
      |       ^    ~~~~~~~~~~~~~~~~~~~~~~~~~~~~~~~~~~~~~~~~~~~~~~~~~~~
/Users/admin/builder/spi-builder-workspace/Sources/CHighway/include/hwy/ops/arm_neon-inl.h:3570:36: note: candidate function not viable: no known conversion from 'Vec128<TFromD<TagF64>, ((16 / sizeof(TFromD<TagF64>)) < (MaxLanes(TagF64())) ? (16 / sizeof(TFromD<TagF64>)) : (MaxLanes(TagF64()))) aka 2>' to 'const Vec128<uint8_t, 4>' for 1st argument
 3570 | HWY_NEON_DEF_FUNCTION_UINT_8_16_32(Min, vmin, _, 2)
      | ~~~~~~~~~~~~~~~~~~~~~~~~~~~~~~~~~~~^~~~~~~~~~~~~~~~
/Users/admin/builder/spi-builder-workspace/Sources/CHighway/include/hwy/ops/arm_neon-inl.h:217:32: note: expanded from macro 'HWY_NEON_DEF_FUNCTION_UINT_8_16_32'
  217 |   HWY_NEON_DEF_FUNCTION_UINT_8(name, prefix, infix, args)             \
      |   ~~~~~~~~~~~~~~~~~~~~~~~~~~~~~^~~~~~~~~~~~~~~~~~~~~~~~~~
/Users/admin/builder/spi-builder-workspace/Sources/CHighway/include/hwy/ops/arm_neon-inl.h:97:35: note: expanded from macro 'HWY_NEON_DEF_FUNCTION_UINT_8'
   97 |   HWY_NEON_DEF_FUNCTION(uint8, 4, name, prefix, infix, u8, args)     \
      |   ~~~~~~~~~~~~~~~~~~~~~~~~~~~~~~~~^~~~~~~~~~~~~~~~~~~~~~~~~~~~~~
/Users/admin/builder/spi-builder-workspace/Sources/CHighway/include/hwy/ops/arm_neon-inl.h:82:7: note: expanded from macro 'HWY_NEON_DEF_FUNCTION'
   82 |       name(HWY_CONCAT(HWY_NEON_BUILD_PARAM_, args)(type, size)) {            \
      |       ^    ~~~~~~~~~~~~~~~~~~~~~~~~~~~~~~~~~~~~~~~~~~~~~~~~~~~
/Users/admin/builder/spi-builder-workspace/Sources/CHighway/include/hwy/ops/arm_neon-inl.h:3570:36: note: candidate function not viable: no known conversion from 'Vec128<TFromD<TagF64>, [...]>' to 'const Vec128<uint8_t, [...]>' for 1st argument
 3570 | HWY_NEON_DEF_FUNCTION_UINT_8_16_32(Min, vmin, _, 2)
      | ~~~~~~~~~~~~~~~~~~~~~~~~~~~~~~~~~~~^~~~~~~~~~~~~~~~
/Users/admin/builder/spi-builder-workspace/Sources/CHighway/include/hwy/ops/arm_neon-inl.h:217:32: note: expanded from macro 'HWY_NEON_DEF_FUNCTION_UINT_8_16_32'
  217 |   HWY_NEON_DEF_FUNCTION_UINT_8(name, prefix, infix, args)             \
      |   ~~~~~~~~~~~~~~~~~~~~~~~~~~~~~^~~~~~~~~~~~~~~~~~~~~~~~~~
/Users/admin/builder/spi-builder-workspace/Sources/CHighway/include/hwy/ops/arm_neon-inl.h:98:35: note: expanded from macro 'HWY_NEON_DEF_FUNCTION_UINT_8'
   98 |   HWY_NEON_DEF_FUNCTION(uint8, 2, name, prefix, infix, u8, args)     \
      |   ~~~~~~~~~~~~~~~~~~~~~~~~~~~~~~~~^~~~~~~~~~~~~~~~~~~~~~~~~~~~~~
/Users/admin/builder/spi-builder-workspace/Sources/CHighway/include/hwy/ops/arm_neon-inl.h:82:7: note: expanded from macro 'HWY_NEON_DEF_FUNCTION'
   82 |       name(HWY_CONCAT(HWY_NEON_BUILD_PARAM_, args)(type, size)) {            \
      |       ^    ~~~~~~~~~~~~~~~~~~~~~~~~~~~~~~~~~~~~~~~~~~~~~~~~~~~
/Users/admin/builder/spi-builder-workspace/Sources/CHighway/include/hwy/ops/arm_neon-inl.h:3570:36: note: candidate function not viable: no known conversion from 'Vec128<TFromD<TagF64>, ((16 / sizeof(TFromD<TagF64>)) < (MaxLanes(TagF64())) ? (16 / sizeof(TFromD<TagF64>)) : (MaxLanes(TagF64()))) aka 2>' to 'const Vec128<uint8_t, 1>' for 1st argument
 3570 | HWY_NEON_DEF_FUNCTION_UINT_8_16_32(Min, vmin, _, 2)
      | ~~~~~~~~~~~~~~~~~~~~~~~~~~~~~~~~~~~^~~~~~~~~~~~~~~~
/Users/admin/builder/spi-builder-workspace/Sources/CHighway/include/hwy/ops/arm_neon-inl.h:217:32: note: expanded from macro 'HWY_NEON_DEF_FUNCTION_UINT_8_16_32'
  217 |   HWY_NEON_DEF_FUNCTION_UINT_8(name, prefix, infix, args)             \
      |   ~~~~~~~~~~~~~~~~~~~~~~~~~~~~~^~~~~~~~~~~~~~~~~~~~~~~~~~
/Users/admin/builder/spi-builder-workspace/Sources/CHighway/include/hwy/ops/arm_neon-inl.h:99:35: note: expanded from macro 'HWY_NEON_DEF_FUNCTION_UINT_8'
   99 |   HWY_NEON_DEF_FUNCTION(uint8, 1, name, prefix, infix, u8, args)
      |   ~~~~~~~~~~~~~~~~~~~~~~~~~~~~~~~~^~~~~~~~~~~~~~~~~~~~~~~~~~~~~~
/Users/admin/builder/spi-builder-workspace/Sources/CHighway/include/hwy/ops/arm_neon-inl.h:82:7: note: expanded from macro 'HWY_NEON_DEF_FUNCTION'
   82 |       name(HWY_CONCAT(HWY_NEON_BUILD_PARAM_, args)(type, size)) {            \
      |       ^    ~~~~~~~~~~~~~~~~~~~~~~~~~~~~~~~~~~~~~~~~~~~~~~~~~~~
/Users/admin/builder/spi-builder-workspace/Sources/CHighway/include/hwy/ops/arm_neon-inl.h:3570:36: note: candidate function not viable: no known conversion from 'Vec128<TFromD<TagF64>, ((16 / sizeof(TFromD<TagF64>)) < (MaxLanes(TagF64())) ? (16 / sizeof(TFromD<TagF64>)) : (MaxLanes(TagF64()))) aka 2>' to 'const Vec128<uint16_t, 8>' for 1st argument
 3570 | HWY_NEON_DEF_FUNCTION_UINT_8_16_32(Min, vmin, _, 2)
      | ~~~~~~~~~~~~~~~~~~~~~~~~~~~~~~~~~~~^~~~~~~~~~~~~~~~
/Users/admin/builder/spi-builder-workspace/Sources/CHighway/include/hwy/ops/arm_neon-inl.h:218:33: note: expanded from macro 'HWY_NEON_DEF_FUNCTION_UINT_8_16_32'
  218 |   HWY_NEON_DEF_FUNCTION_UINT_16(name, prefix, infix, args)            \
      |   ~~~~~~~~~~~~~~~~~~~~~~~~~~~~~~^~~~~~~~~~~~~~~~~~~~~~~~~~
/Users/admin/builder/spi-builder-workspace/Sources/CHighway/include/hwy/ops/arm_neon-inl.h:111:36: note: expanded from macro 'HWY_NEON_DEF_FUNCTION_UINT_16'
  111 |   HWY_NEON_DEF_FUNCTION(uint16, 8, name, prefix##q, infix, u16, args) \
      |   ~~~~~~~~~~~~~~~~~~~~~~~~~~~~~~~~~^~~~~~~~~~~~~~~~~~~~~~~~~~~~~~~~~~
/Users/admin/builder/spi-builder-workspace/Sources/CHighway/include/hwy/ops/arm_neon-inl.h:82:7: note: expanded from macro 'HWY_NEON_DEF_FUNCTION'
   82 |       name(HWY_CONCAT(HWY_NEON_BUILD_PARAM_, args)(type, size)) {            \
      |       ^    ~~~~~~~~~~~~~~~~~~~~~~~~~~~~~~~~~~~~~~~~~~~~~~~~~~~
/Users/admin/builder/spi-builder-workspace/Sources/CHighway/include/hwy/ops/arm_neon-inl.h:3570:36: note: candidate function not viable: no known conversion from 'Vec128<TFromD<TagF64>, ((16 / sizeof(TFromD<TagF64>)) < (MaxLanes(TagF64())) ? (16 / sizeof(TFromD<TagF64>)) : (MaxLanes(TagF64()))) aka 2>' to 'const Vec128<uint16_t, 4>' for 1st argument
 3570 | HWY_NEON_DEF_FUNCTION_UINT_8_16_32(Min, vmin, _, 2)
      | ~~~~~~~~~~~~~~~~~~~~~~~~~~~~~~~~~~~^~~~~~~~~~~~~~~~
/Users/admin/builder/spi-builder-workspace/Sources/CHighway/include/hwy/ops/arm_neon-inl.h:218:33: note: expanded from macro 'HWY_NEON_DEF_FUNCTION_UINT_8_16_32'
  218 |   HWY_NEON_DEF_FUNCTION_UINT_16(name, prefix, infix, args)            \
      |   ~~~~~~~~~~~~~~~~~~~~~~~~~~~~~~^~~~~~~~~~~~~~~~~~~~~~~~~~
/Users/admin/builder/spi-builder-workspace/Sources/CHighway/include/hwy/ops/arm_neon-inl.h:112:36: note: expanded from macro 'HWY_NEON_DEF_FUNCTION_UINT_16'
  112 |   HWY_NEON_DEF_FUNCTION(uint16, 4, name, prefix, infix, u16, args)    \
      |   ~~~~~~~~~~~~~~~~~~~~~~~~~~~~~~~~~^~~~~~~~~~~~~~~~~~~~~~~~~~~~~~~
/Users/admin/builder/spi-builder-workspace/Sources/CHighway/include/hwy/ops/arm_neon-inl.h:82:7: note: expanded from macro 'HWY_NEON_DEF_FUNCTION'
   82 |       name(HWY_CONCAT(HWY_NEON_BUILD_PARAM_, args)(type, size)) {            \
      |       ^    ~~~~~~~~~~~~~~~~~~~~~~~~~~~~~~~~~~~~~~~~~~~~~~~~~~~
/Users/admin/builder/spi-builder-workspace/Sources/CHighway/include/hwy/ops/arm_neon-inl.h:3570:36: note: candidate function not viable: no known conversion from 'Vec128<TFromD<TagF64>, [...]>' to 'const Vec128<uint16_t, [...]>' for 1st argument
 3570 | HWY_NEON_DEF_FUNCTION_UINT_8_16_32(Min, vmin, _, 2)
      | ~~~~~~~~~~~~~~~~~~~~~~~~~~~~~~~~~~~^~~~~~~~~~~~~~~~
/Users/admin/builder/spi-builder-workspace/Sources/CHighway/include/hwy/ops/arm_neon-inl.h:218:33: note: expanded from macro 'HWY_NEON_DEF_FUNCTION_UINT_8_16_32'
  218 |   HWY_NEON_DEF_FUNCTION_UINT_16(name, prefix, infix, args)            \
      |   ~~~~~~~~~~~~~~~~~~~~~~~~~~~~~~^~~~~~~~~~~~~~~~~~~~~~~~~~
/Users/admin/builder/spi-builder-workspace/Sources/CHighway/include/hwy/ops/arm_neon-inl.h:113:36: note: expanded from macro 'HWY_NEON_DEF_FUNCTION_UINT_16'
  113 |   HWY_NEON_DEF_FUNCTION(uint16, 2, name, prefix, infix, u16, args)    \
      |   ~~~~~~~~~~~~~~~~~~~~~~~~~~~~~~~~~^~~~~~~~~~~~~~~~~~~~~~~~~~~~~~~
/Users/admin/builder/spi-builder-workspace/Sources/CHighway/include/hwy/ops/arm_neon-inl.h:82:7: note: expanded from macro 'HWY_NEON_DEF_FUNCTION'
   82 |       name(HWY_CONCAT(HWY_NEON_BUILD_PARAM_, args)(type, size)) {            \
      |       ^    ~~~~~~~~~~~~~~~~~~~~~~~~~~~~~~~~~~~~~~~~~~~~~~~~~~~
/Users/admin/builder/spi-builder-workspace/Sources/CHighway/include/hwy/ops/arm_neon-inl.h:3570:36: note: candidate function not viable: no known conversion from 'Vec128<TFromD<TagF64>, ((16 / sizeof(TFromD<TagF64>)) < (MaxLanes(TagF64())) ? (16 / sizeof(TFromD<TagF64>)) : (MaxLanes(TagF64()))) aka 2>' to 'const Vec128<uint16_t, 1>' for 1st argument
 3570 | HWY_NEON_DEF_FUNCTION_UINT_8_16_32(Min, vmin, _, 2)
      | ~~~~~~~~~~~~~~~~~~~~~~~~~~~~~~~~~~~^~~~~~~~~~~~~~~~
/Users/admin/builder/spi-builder-workspace/Sources/CHighway/include/hwy/ops/arm_neon-inl.h:218:33: note: expanded from macro 'HWY_NEON_DEF_FUNCTION_UINT_8_16_32'
  218 |   HWY_NEON_DEF_FUNCTION_UINT_16(name, prefix, infix, args)            \
      |   ~~~~~~~~~~~~~~~~~~~~~~~~~~~~~~^~~~~~~~~~~~~~~~~~~~~~~~~~
/Users/admin/builder/spi-builder-workspace/Sources/CHighway/include/hwy/ops/arm_neon-inl.h:114:36: note: expanded from macro 'HWY_NEON_DEF_FUNCTION_UINT_16'
  114 |   HWY_NEON_DEF_FUNCTION(uint16, 1, name, prefix, infix, u16, args)
      |   ~~~~~~~~~~~~~~~~~~~~~~~~~~~~~~~~~^~~~~~~~~~~~~~~~~~~~~~~~~~~~~~~
/Users/admin/builder/spi-builder-workspace/Sources/CHighway/include/hwy/ops/arm_neon-inl.h:82:7: note: expanded from macro 'HWY_NEON_DEF_FUNCTION'
   82 |       name(HWY_CONCAT(HWY_NEON_BUILD_PARAM_, args)(type, size)) {            \
      |       ^    ~~~~~~~~~~~~~~~~~~~~~~~~~~~~~~~~~~~~~~~~~~~~~~~~~~~
/Users/admin/builder/spi-builder-workspace/Sources/CHighway/include/hwy/ops/arm_neon-inl.h:3570:36: note: candidate function not viable: no known conversion from 'Vec128<TFromD<TagF64>, ((16 / sizeof(TFromD<TagF64>)) < (MaxLanes(TagF64())) ? (16 / sizeof(TFromD<TagF64>)) : (MaxLanes(TagF64()))) aka 2>' to 'const Vec128<uint32_t, 4>' for 1st argument
 3570 | HWY_NEON_DEF_FUNCTION_UINT_8_16_32(Min, vmin, _, 2)
      | ~~~~~~~~~~~~~~~~~~~~~~~~~~~~~~~~~~~^~~~~~~~~~~~~~~~
/Users/admin/builder/spi-builder-workspace/Sources/CHighway/include/hwy/ops/arm_neon-inl.h:219:33: note: expanded from macro 'HWY_NEON_DEF_FUNCTION_UINT_8_16_32'
  219 |   HWY_NEON_DEF_FUNCTION_UINT_32(name, prefix, infix, args)
      |   ~~~~~~~~~~~~~~~~~~~~~~~~~~~~~~^~~~~~~~~~~~~~~~~~~~~~~~~~
/Users/admin/builder/spi-builder-workspace/Sources/CHighway/include/hwy/ops/arm_neon-inl.h:125:36: note: expanded from macro 'HWY_NEON_DEF_FUNCTION_UINT_32'
  125 |   HWY_NEON_DEF_FUNCTION(uint32, 4, name, prefix##q, infix, u32, args) \
      |   ~~~~~~~~~~~~~~~~~~~~~~~~~~~~~~~~~^~~~~~~~~~~~~~~~~~~~~~~~~~~~~~~~~~
/Users/admin/builder/spi-builder-workspace/Sources/CHighway/include/hwy/ops/arm_neon-inl.h:82:7: note: expanded from macro 'HWY_NEON_DEF_FUNCTION'
   82 |       name(HWY_CONCAT(HWY_NEON_BUILD_PARAM_, args)(type, size)) {            \
      |       ^    ~~~~~~~~~~~~~~~~~~~~~~~~~~~~~~~~~~~~~~~~~~~~~~~~~~~
/Users/admin/builder/spi-builder-workspace/Sources/CHighway/include/hwy/ops/arm_neon-inl.h:3570:36: note: candidate function not viable: no known conversion from 'Vec128<TFromD<TagF64>, [...]>' to 'const Vec128<uint32_t, [...]>' for 1st argument
 3570 | HWY_NEON_DEF_FUNCTION_UINT_8_16_32(Min, vmin, _, 2)
      | ~~~~~~~~~~~~~~~~~~~~~~~~~~~~~~~~~~~^~~~~~~~~~~~~~~~
/Users/admin/builder/spi-builder-workspace/Sources/CHighway/include/hwy/ops/arm_neon-inl.h:219:33: note: expanded from macro 'HWY_NEON_DEF_FUNCTION_UINT_8_16_32'
  219 |   HWY_NEON_DEF_FUNCTION_UINT_32(name, prefix, infix, args)
      |   ~~~~~~~~~~~~~~~~~~~~~~~~~~~~~~^~~~~~~~~~~~~~~~~~~~~~~~~~
/Users/admin/builder/spi-builder-workspace/Sources/CHighway/include/hwy/ops/arm_neon-inl.h:126:36: note: expanded from macro 'HWY_NEON_DEF_FUNCTION_UINT_32'
  126 |   HWY_NEON_DEF_FUNCTION(uint32, 2, name, prefix, infix, u32, args)    \
      |   ~~~~~~~~~~~~~~~~~~~~~~~~~~~~~~~~~^~~~~~~~~~~~~~~~~~~~~~~~~~~~~~~
/Users/admin/builder/spi-builder-workspace/Sources/CHighway/include/hwy/ops/arm_neon-inl.h:82:7: note: expanded from macro 'HWY_NEON_DEF_FUNCTION'
   82 |       name(HWY_CONCAT(HWY_NEON_BUILD_PARAM_, args)(type, size)) {            \
      |       ^    ~~~~~~~~~~~~~~~~~~~~~~~~~~~~~~~~~~~~~~~~~~~~~~~~~~~
/Users/admin/builder/spi-builder-workspace/Sources/CHighway/include/hwy/ops/arm_neon-inl.h:3570:36: note: candidate function not viable: no known conversion from 'Vec128<TFromD<TagF64>, ((16 / sizeof(TFromD<TagF64>)) < (MaxLanes(TagF64())) ? (16 / sizeof(TFromD<TagF64>)) : (MaxLanes(TagF64()))) aka 2>' to 'const Vec128<uint32_t, 1>' for 1st argument
 3570 | HWY_NEON_DEF_FUNCTION_UINT_8_16_32(Min, vmin, _, 2)
      | ~~~~~~~~~~~~~~~~~~~~~~~~~~~~~~~~~~~^~~~~~~~~~~~~~~~
/Users/admin/builder/spi-builder-workspace/Sources/CHighway/include/hwy/ops/arm_neon-inl.h:219:33: note: expanded from macro 'HWY_NEON_DEF_FUNCTION_UINT_8_16_32'
  219 |   HWY_NEON_DEF_FUNCTION_UINT_32(name, prefix, infix, args)
      |   ~~~~~~~~~~~~~~~~~~~~~~~~~~~~~~^~~~~~~~~~~~~~~~~~~~~~~~~~
/Users/admin/builder/spi-builder-workspace/Sources/CHighway/include/hwy/ops/arm_neon-inl.h:127:36: note: expanded from macro 'HWY_NEON_DEF_FUNCTION_UINT_32'
  127 |   HWY_NEON_DEF_FUNCTION(uint32, 1, name, prefix, infix, u32, args)
      |   ~~~~~~~~~~~~~~~~~~~~~~~~~~~~~~~~~^~~~~~~~~~~~~~~~~~~~~~~~~~~~~~~
/Users/admin/builder/spi-builder-workspace/Sources/CHighway/include/hwy/ops/arm_neon-inl.h:82:7: note: expanded from macro 'HWY_NEON_DEF_FUNCTION'
   82 |       name(HWY_CONCAT(HWY_NEON_BUILD_PARAM_, args)(type, size)) {            \
      |       ^    ~~~~~~~~~~~~~~~~~~~~~~~~~~~~~~~~~~~~~~~~~~~~~~~~~~~
/Users/admin/builder/spi-builder-workspace/Sources/CHighway/include/hwy/ops/arm_neon-inl.h:3584:35: note: candidate function not viable: no known conversion from 'Vec128<TFromD<TagF64>, ((16 / sizeof(TFromD<TagF64>)) < (MaxLanes(TagF64())) ? (16 / sizeof(TFromD<TagF64>)) : (MaxLanes(TagF64()))) aka 2>' to 'const Vec128<int8_t, 16>' for 1st argument
 3584 | HWY_NEON_DEF_FUNCTION_INT_8_16_32(Min, vmin, _, 2)
      | ~~~~~~~~~~~~~~~~~~~~~~~~~~~~~~~~~~^~~~~~~~~~~~~~~~
/Users/admin/builder/spi-builder-workspace/Sources/CHighway/include/hwy/ops/arm_neon-inl.h:223:31: note: expanded from macro 'HWY_NEON_DEF_FUNCTION_INT_8_16_32'
  223 |   HWY_NEON_DEF_FUNCTION_INT_8(name, prefix, infix, args)             \
      |   ~~~~~~~~~~~~~~~~~~~~~~~~~~~~^~~~~~~~~~~~~~~~~~~~~~~~~~
/Users/admin/builder/spi-builder-workspace/Sources/CHighway/include/hwy/ops/arm_neon-inl.h:103:35: note: expanded from macro 'HWY_NEON_DEF_FUNCTION_INT_8'
  103 |   HWY_NEON_DEF_FUNCTION(int8, 16, name, prefix##q, infix, s8, args) \
      |   ~~~~~~~~~~~~~~~~~~~~~~~~~~~~~~~~^~~~~~~~~~~~~~~~~~~~~~~~~~~~~~~~~
/Users/admin/builder/spi-builder-workspace/Sources/CHighway/include/hwy/ops/arm_neon-inl.h:82:7: note: expanded from macro 'HWY_NEON_DEF_FUNCTION'
   82 |       name(HWY_CONCAT(HWY_NEON_BUILD_PARAM_, args)(type, size)) {            \
      |       ^    ~~~~~~~~~~~~~~~~~~~~~~~~~~~~~~~~~~~~~~~~~~~~~~~~~~~
/Users/admin/builder/spi-builder-workspace/Sources/CHighway/include/hwy/ops/arm_neon-inl.h:3584:35: note: candidate function not viable: no known conversion from 'Vec128<TFromD<TagF64>, ((16 / sizeof(TFromD<TagF64>)) < (MaxLanes(TagF64())) ? (16 / sizeof(TFromD<TagF64>)) : (MaxLanes(TagF64()))) aka 2>' to 'const Vec128<int8_t, 8>' for 1st argument
 3584 | HWY_NEON_DEF_FUNCTION_INT_8_16_32(Min, vmin, _, 2)
      | ~~~~~~~~~~~~~~~~~~~~~~~~~~~~~~~~~~^~~~~~~~~~~~~~~~
/Users/admin/builder/spi-builder-workspace/Sources/CHighway/include/hwy/ops/arm_neon-inl.h:223:31: note: expanded from macro 'HWY_NEON_DEF_FUNCTION_INT_8_16_32'
  223 |   HWY_NEON_DEF_FUNCTION_INT_8(name, prefix, infix, args)             \
      |   ~~~~~~~~~~~~~~~~~~~~~~~~~~~~^~~~~~~~~~~~~~~~~~~~~~~~~~
/Users/admin/builder/spi-builder-workspace/Sources/CHighway/include/hwy/ops/arm_neon-inl.h:104:34: note: expanded from macro 'HWY_NEON_DEF_FUNCTION_INT_8'
  104 |   HWY_NEON_DEF_FUNCTION(int8, 8, name, prefix, infix, s8, args)     \
      |   ~~~~~~~~~~~~~~~~~~~~~~~~~~~~~~~^~~~~~~~~~~~~~~~~~~~~~~~~~~~~~
/Users/admin/builder/spi-builder-workspace/Sources/CHighway/include/hwy/ops/arm_neon-inl.h:82:7: note: expanded from macro 'HWY_NEON_DEF_FUNCTION'
   82 |       name(HWY_CONCAT(HWY_NEON_BUILD_PARAM_, args)(type, size)) {            \
      |       ^    ~~~~~~~~~~~~~~~~~~~~~~~~~~~~~~~~~~~~~~~~~~~~~~~~~~~
/Users/admin/builder/spi-builder-workspace/Sources/CHighway/include/hwy/ops/arm_neon-inl.h:3584:35: note: candidate function not viable: no known conversion from 'Vec128<TFromD<TagF64>, ((16 / sizeof(TFromD<TagF64>)) < (MaxLanes(TagF64())) ? (16 / sizeof(TFromD<TagF64>)) : (MaxLanes(TagF64()))) aka 2>' to 'const Vec128<int8_t, 4>' for 1st argument
 3584 | HWY_NEON_DEF_FUNCTION_INT_8_16_32(Min, vmin, _, 2)
      | ~~~~~~~~~~~~~~~~~~~~~~~~~~~~~~~~~~^~~~~~~~~~~~~~~~
/Users/admin/builder/spi-builder-workspace/Sources/CHighway/include/hwy/ops/arm_neon-inl.h:223:31: note: expanded from macro 'HWY_NEON_DEF_FUNCTION_INT_8_16_32'
  223 |   HWY_NEON_DEF_FUNCTION_INT_8(name, prefix, infix, args)             \
      |   ~~~~~~~~~~~~~~~~~~~~~~~~~~~~^~~~~~~~~~~~~~~~~~~~~~~~~~
/Users/admin/builder/spi-builder-workspace/Sources/CHighway/include/hwy/ops/arm_neon-inl.h:105:34: note: expanded from macro 'HWY_NEON_DEF_FUNCTION_INT_8'
  105 |   HWY_NEON_DEF_FUNCTION(int8, 4, name, prefix, infix, s8, args)     \
      |   ~~~~~~~~~~~~~~~~~~~~~~~~~~~~~~~^~~~~~~~~~~~~~~~~~~~~~~~~~~~~~
/Users/admin/builder/spi-builder-workspace/Sources/CHighway/include/hwy/ops/arm_neon-inl.h:82:7: note: expanded from macro 'HWY_NEON_DEF_FUNCTION'
   82 |       name(HWY_CONCAT(HWY_NEON_BUILD_PARAM_, args)(type, size)) {            \
      |       ^    ~~~~~~~~~~~~~~~~~~~~~~~~~~~~~~~~~~~~~~~~~~~~~~~~~~~
/Users/admin/builder/spi-builder-workspace/Sources/CHighway/include/hwy/ops/arm_neon-inl.h:3584:35: note: candidate function not viable: no known conversion from 'Vec128<TFromD<TagF64>, [...]>' to 'const Vec128<int8_t, [...]>' for 1st argument
 3584 | HWY_NEON_DEF_FUNCTION_INT_8_16_32(Min, vmin, _, 2)
      | ~~~~~~~~~~~~~~~~~~~~~~~~~~~~~~~~~~^~~~~~~~~~~~~~~~
/Users/admin/builder/spi-builder-workspace/Sources/CHighway/include/hwy/ops/arm_neon-inl.h:223:31: note: expanded from macro 'HWY_NEON_DEF_FUNCTION_INT_8_16_32'
  223 |   HWY_NEON_DEF_FUNCTION_INT_8(name, prefix, infix, args)             \
      |   ~~~~~~~~~~~~~~~~~~~~~~~~~~~~^~~~~~~~~~~~~~~~~~~~~~~~~~
/Users/admin/builder/spi-builder-workspace/Sources/CHighway/include/hwy/ops/arm_neon-inl.h:106:34: note: expanded from macro 'HWY_NEON_DEF_FUNCTION_INT_8'
  106 |   HWY_NEON_DEF_FUNCTION(int8, 2, name, prefix, infix, s8, args)     \
      |   ~~~~~~~~~~~~~~~~~~~~~~~~~~~~~~~^~~~~~~~~~~~~~~~~~~~~~~~~~~~~~
/Users/admin/builder/spi-builder-workspace/Sources/CHighway/include/hwy/ops/arm_neon-inl.h:82:7: note: expanded from macro 'HWY_NEON_DEF_FUNCTION'
   82 |       name(HWY_CONCAT(HWY_NEON_BUILD_PARAM_, args)(type, size)) {            \
      |       ^    ~~~~~~~~~~~~~~~~~~~~~~~~~~~~~~~~~~~~~~~~~~~~~~~~~~~
/Users/admin/builder/spi-builder-workspace/Sources/CHighway/include/hwy/ops/arm_neon-inl.h:3584:35: note: candidate function not viable: no known conversion from 'Vec128<TFromD<TagF64>, ((16 / sizeof(TFromD<TagF64>)) < (MaxLanes(TagF64())) ? (16 / sizeof(TFromD<TagF64>)) : (MaxLanes(TagF64()))) aka 2>' to 'const Vec128<int8_t, 1>' for 1st argument
 3584 | HWY_NEON_DEF_FUNCTION_INT_8_16_32(Min, vmin, _, 2)
      | ~~~~~~~~~~~~~~~~~~~~~~~~~~~~~~~~~~^~~~~~~~~~~~~~~~
/Users/admin/builder/spi-builder-workspace/Sources/CHighway/include/hwy/ops/arm_neon-inl.h:223:31: note: expanded from macro 'HWY_NEON_DEF_FUNCTION_INT_8_16_32'
  223 |   HWY_NEON_DEF_FUNCTION_INT_8(name, prefix, infix, args)             \
      |   ~~~~~~~~~~~~~~~~~~~~~~~~~~~~^~~~~~~~~~~~~~~~~~~~~~~~~~
/Users/admin/builder/spi-builder-workspace/Sources/CHighway/include/hwy/ops/arm_neon-inl.h:107:34: note: expanded from macro 'HWY_NEON_DEF_FUNCTION_INT_8'
  107 |   HWY_NEON_DEF_FUNCTION(int8, 1, name, prefix, infix, s8, args)
      |   ~~~~~~~~~~~~~~~~~~~~~~~~~~~~~~~^~~~~~~~~~~~~~~~~~~~~~~~~~~~~~
/Users/admin/builder/spi-builder-workspace/Sources/CHighway/include/hwy/ops/arm_neon-inl.h:82:7: note: expanded from macro 'HWY_NEON_DEF_FUNCTION'
   82 |       name(HWY_CONCAT(HWY_NEON_BUILD_PARAM_, args)(type, size)) {            \
      |       ^    ~~~~~~~~~~~~~~~~~~~~~~~~~~~~~~~~~~~~~~~~~~~~~~~~~~~
/Users/admin/builder/spi-builder-workspace/Sources/CHighway/include/hwy/ops/arm_neon-inl.h:3584:35: note: candidate function not viable: no known conversion from 'Vec128<TFromD<TagF64>, ((16 / sizeof(TFromD<TagF64>)) < (MaxLanes(TagF64())) ? (16 / sizeof(TFromD<TagF64>)) : (MaxLanes(TagF64()))) aka 2>' to 'const Vec128<int16_t, 8>' for 1st argument
 3584 | HWY_NEON_DEF_FUNCTION_INT_8_16_32(Min, vmin, _, 2)
      | ~~~~~~~~~~~~~~~~~~~~~~~~~~~~~~~~~~^~~~~~~~~~~~~~~~
/Users/admin/builder/spi-builder-workspace/Sources/CHighway/include/hwy/ops/arm_neon-inl.h:224:32: note: expanded from macro 'HWY_NEON_DEF_FUNCTION_INT_8_16_32'
  224 |   HWY_NEON_DEF_FUNCTION_INT_16(name, prefix, infix, args)            \
      |   ~~~~~~~~~~~~~~~~~~~~~~~~~~~~~^~~~~~~~~~~~~~~~~~~~~~~~~~
/Users/admin/builder/spi-builder-workspace/Sources/CHighway/include/hwy/ops/arm_neon-inl.h:118:35: note: expanded from macro 'HWY_NEON_DEF_FUNCTION_INT_16'
  118 |   HWY_NEON_DEF_FUNCTION(int16, 8, name, prefix##q, infix, s16, args) \
      |   ~~~~~~~~~~~~~~~~~~~~~~~~~~~~~~~~^~~~~~~~~~~~~~~~~~~~~~~~~~~~~~~~~~
/Users/admin/builder/spi-builder-workspace/Sources/CHighway/include/hwy/ops/arm_neon-inl.h:82:7: note: expanded from macro 'HWY_NEON_DEF_FUNCTION'
   82 |       name(HWY_CONCAT(HWY_NEON_BUILD_PARAM_, args)(type, size)) {            \
      |       ^    ~~~~~~~~~~~~~~~~~~~~~~~~~~~~~~~~~~~~~~~~~~~~~~~~~~~
/Users/admin/builder/spi-builder-workspace/Sources/CHighway/include/hwy/ops/arm_neon-inl.h:3584:35: note: candidate function not viable: no known conversion from 'Vec128<TFromD<TagF64>, ((16 / sizeof(TFromD<TagF64>)) < (MaxLanes(TagF64())) ? (16 / sizeof(TFromD<TagF64>)) : (MaxLanes(TagF64()))) aka 2>' to 'const Vec128<int16_t, 4>' for 1st argument
 3584 | HWY_NEON_DEF_FUNCTION_INT_8_16_32(Min, vmin, _, 2)
      | ~~~~~~~~~~~~~~~~~~~~~~~~~~~~~~~~~~^~~~~~~~~~~~~~~~
/Users/admin/builder/spi-builder-workspace/Sources/CHighway/include/hwy/ops/arm_neon-inl.h:224:32: note: expanded from macro 'HWY_NEON_DEF_FUNCTION_INT_8_16_32'
  224 |   HWY_NEON_DEF_FUNCTION_INT_16(name, prefix, infix, args)            \
      |   ~~~~~~~~~~~~~~~~~~~~~~~~~~~~~^~~~~~~~~~~~~~~~~~~~~~~~~~
/Users/admin/builder/spi-builder-workspace/Sources/CHighway/include/hwy/ops/arm_neon-inl.h:119:35: note: expanded from macro 'HWY_NEON_DEF_FUNCTION_INT_16'
  119 |   HWY_NEON_DEF_FUNCTION(int16, 4, name, prefix, infix, s16, args)    \
      |   ~~~~~~~~~~~~~~~~~~~~~~~~~~~~~~~~^~~~~~~~~~~~~~~~~~~~~~~~~~~~~~~
/Users/admin/builder/spi-builder-workspace/Sources/CHighway/include/hwy/ops/arm_neon-inl.h:82:7: note: expanded from macro 'HWY_NEON_DEF_FUNCTION'
   82 |       name(HWY_CONCAT(HWY_NEON_BUILD_PARAM_, args)(type, size)) {            \
      |       ^    ~~~~~~~~~~~~~~~~~~~~~~~~~~~~~~~~~~~~~~~~~~~~~~~~~~~
/Users/admin/builder/spi-builder-workspace/Sources/CHighway/include/hwy/ops/arm_neon-inl.h:3584:35: note: candidate function not viable: no known conversion from 'Vec128<TFromD<TagF64>, [...]>' to 'const Vec128<int16_t, [...]>' for 1st argument
 3584 | HWY_NEON_DEF_FUNCTION_INT_8_16_32(Min, vmin, _, 2)
      | ~~~~~~~~~~~~~~~~~~~~~~~~~~~~~~~~~~^~~~~~~~~~~~~~~~
/Users/admin/builder/spi-builder-workspace/Sources/CHighway/include/hwy/ops/arm_neon-inl.h:224:32: note: expanded from macro 'HWY_NEON_DEF_FUNCTION_INT_8_16_32'
  224 |   HWY_NEON_DEF_FUNCTION_INT_16(name, prefix, infix, args)            \
      |   ~~~~~~~~~~~~~~~~~~~~~~~~~~~~~^~~~~~~~~~~~~~~~~~~~~~~~~~
/Users/admin/builder/spi-builder-workspace/Sources/CHighway/include/hwy/ops/arm_neon-inl.h:120:35: note: expanded from macro 'HWY_NEON_DEF_FUNCTION_INT_16'
  120 |   HWY_NEON_DEF_FUNCTION(int16, 2, name, prefix, infix, s16, args)    \
      |   ~~~~~~~~~~~~~~~~~~~~~~~~~~~~~~~~^~~~~~~~~~~~~~~~~~~~~~~~~~~~~~~
/Users/admin/builder/spi-builder-workspace/Sources/CHighway/include/hwy/ops/arm_neon-inl.h:82:7: note: expanded from macro 'HWY_NEON_DEF_FUNCTION'
   82 |       name(HWY_CONCAT(HWY_NEON_BUILD_PARAM_, args)(type, size)) {            \
      |       ^    ~~~~~~~~~~~~~~~~~~~~~~~~~~~~~~~~~~~~~~~~~~~~~~~~~~~
/Users/admin/builder/spi-builder-workspace/Sources/CHighway/include/hwy/ops/arm_neon-inl.h:3584:35: note: candidate function not viable: no known conversion from 'Vec128<TFromD<TagF64>, ((16 / sizeof(TFromD<TagF64>)) < (MaxLanes(TagF64())) ? (16 / sizeof(TFromD<TagF64>)) : (MaxLanes(TagF64()))) aka 2>' to 'const Vec128<int16_t, 1>' for 1st argument
 3584 | HWY_NEON_DEF_FUNCTION_INT_8_16_32(Min, vmin, _, 2)
      | ~~~~~~~~~~~~~~~~~~~~~~~~~~~~~~~~~~^~~~~~~~~~~~~~~~
/Users/admin/builder/spi-builder-workspace/Sources/CHighway/include/hwy/ops/arm_neon-inl.h:224:32: note: expanded from macro 'HWY_NEON_DEF_FUNCTION_INT_8_16_32'
  224 |   HWY_NEON_DEF_FUNCTION_INT_16(name, prefix, infix, args)            \
      |   ~~~~~~~~~~~~~~~~~~~~~~~~~~~~~^~~~~~~~~~~~~~~~~~~~~~~~~~
/Users/admin/builder/spi-builder-workspace/Sources/CHighway/include/hwy/ops/arm_neon-inl.h:121:35: note: expanded from macro 'HWY_NEON_DEF_FUNCTION_INT_16'
  121 |   HWY_NEON_DEF_FUNCTION(int16, 1, name, prefix, infix, s16, args)
      |   ~~~~~~~~~~~~~~~~~~~~~~~~~~~~~~~~^~~~~~~~~~~~~~~~~~~~~~~~~~~~~~~
/Users/admin/builder/spi-builder-workspace/Sources/CHighway/include/hwy/ops/arm_neon-inl.h:82:7: note: expanded from macro 'HWY_NEON_DEF_FUNCTION'
   82 |       name(HWY_CONCAT(HWY_NEON_BUILD_PARAM_, args)(type, size)) {            \
      |       ^    ~~~~~~~~~~~~~~~~~~~~~~~~~~~~~~~~~~~~~~~~~~~~~~~~~~~
/Users/admin/builder/spi-builder-workspace/Sources/CHighway/include/hwy/ops/arm_neon-inl.h:3584:35: note: candidate function not viable: no known conversion from 'Vec128<TFromD<TagF64>, ((16 / sizeof(TFromD<TagF64>)) < (MaxLanes(TagF64())) ? (16 / sizeof(TFromD<TagF64>)) : (MaxLanes(TagF64()))) aka 2>' to 'const Vec128<int32_t, 4>' for 1st argument
 3584 | HWY_NEON_DEF_FUNCTION_INT_8_16_32(Min, vmin, _, 2)
      | ~~~~~~~~~~~~~~~~~~~~~~~~~~~~~~~~~~^~~~~~~~~~~~~~~~
/Users/admin/builder/spi-builder-workspace/Sources/CHighway/include/hwy/ops/arm_neon-inl.h:225:32: note: expanded from macro 'HWY_NEON_DEF_FUNCTION_INT_8_16_32'
  225 |   HWY_NEON_DEF_FUNCTION_INT_32(name, prefix, infix, args)
      |   ~~~~~~~~~~~~~~~~~~~~~~~~~~~~~^~~~~~~~~~~~~~~~~~~~~~~~~~
/Users/admin/builder/spi-builder-workspace/Sources/CHighway/include/hwy/ops/arm_neon-inl.h:131:35: note: expanded from macro 'HWY_NEON_DEF_FUNCTION_INT_32'
  131 |   HWY_NEON_DEF_FUNCTION(int32, 4, name, prefix##q, infix, s32, args) \
      |   ~~~~~~~~~~~~~~~~~~~~~~~~~~~~~~~~^~~~~~~~~~~~~~~~~~~~~~~~~~~~~~~~~~
/Users/admin/builder/spi-builder-workspace/Sources/CHighway/include/hwy/ops/arm_neon-inl.h:82:7: note: expanded from macro 'HWY_NEON_DEF_FUNCTION'
   82 |       name(HWY_CONCAT(HWY_NEON_BUILD_PARAM_, args)(type, size)) {            \
      |       ^    ~~~~~~~~~~~~~~~~~~~~~~~~~~~~~~~~~~~~~~~~~~~~~~~~~~~
/Users/admin/builder/spi-builder-workspace/Sources/CHighway/include/hwy/ops/arm_neon-inl.h:3584:35: note: candidate function not viable: no known conversion from 'Vec128<TFromD<TagF64>, [...]>' to 'const Vec128<int32_t, [...]>' for 1st argument
 3584 | HWY_NEON_DEF_FUNCTION_INT_8_16_32(Min, vmin, _, 2)
      | ~~~~~~~~~~~~~~~~~~~~~~~~~~~~~~~~~~^~~~~~~~~~~~~~~~
/Users/admin/builder/spi-builder-workspace/Sources/CHighway/include/hwy/ops/arm_neon-inl.h:225:32: note: expanded from macro 'HWY_NEON_DEF_FUNCTION_INT_8_16_32'
  225 |   HWY_NEON_DEF_FUNCTION_INT_32(name, prefix, infix, args)
      |   ~~~~~~~~~~~~~~~~~~~~~~~~~~~~~^~~~~~~~~~~~~~~~~~~~~~~~~~
/Users/admin/builder/spi-builder-workspace/Sources/CHighway/include/hwy/ops/arm_neon-inl.h:132:35: note: expanded from macro 'HWY_NEON_DEF_FUNCTION_INT_32'
  132 |   HWY_NEON_DEF_FUNCTION(int32, 2, name, prefix, infix, s32, args)    \
      |   ~~~~~~~~~~~~~~~~~~~~~~~~~~~~~~~~^~~~~~~~~~~~~~~~~~~~~~~~~~~~~~~
/Users/admin/builder/spi-builder-workspace/Sources/CHighway/include/hwy/ops/arm_neon-inl.h:82:7: note: expanded from macro 'HWY_NEON_DEF_FUNCTION'
   82 |       name(HWY_CONCAT(HWY_NEON_BUILD_PARAM_, args)(type, size)) {            \
      |       ^    ~~~~~~~~~~~~~~~~~~~~~~~~~~~~~~~~~~~~~~~~~~~~~~~~~~~
/Users/admin/builder/spi-builder-workspace/Sources/CHighway/include/hwy/ops/arm_neon-inl.h:3584:35: note: candidate function not viable: no known conversion from 'Vec128<TFromD<TagF64>, ((16 / sizeof(TFromD<TagF64>)) < (MaxLanes(TagF64())) ? (16 / sizeof(TFromD<TagF64>)) : (MaxLanes(TagF64()))) aka 2>' to 'const Vec128<int32_t, 1>' for 1st argument
 3584 | HWY_NEON_DEF_FUNCTION_INT_8_16_32(Min, vmin, _, 2)
      | ~~~~~~~~~~~~~~~~~~~~~~~~~~~~~~~~~~^~~~~~~~~~~~~~~~
/Users/admin/builder/spi-builder-workspace/Sources/CHighway/include/hwy/ops/arm_neon-inl.h:225:32: note: expanded from macro 'HWY_NEON_DEF_FUNCTION_INT_8_16_32'
  225 |   HWY_NEON_DEF_FUNCTION_INT_32(name, prefix, infix, args)
      |   ~~~~~~~~~~~~~~~~~~~~~~~~~~~~~^~~~~~~~~~~~~~~~~~~~~~~~~~
/Users/admin/builder/spi-builder-workspace/Sources/CHighway/include/hwy/ops/arm_neon-inl.h:133:35: note: expanded from macro 'HWY_NEON_DEF_FUNCTION_INT_32'
  133 |   HWY_NEON_DEF_FUNCTION(int32, 1, name, prefix, infix, s32, args)
      |   ~~~~~~~~~~~~~~~~~~~~~~~~~~~~~~~~^~~~~~~~~~~~~~~~~~~~~~~~~~~~~~~
/Users/admin/builder/spi-builder-workspace/Sources/CHighway/include/hwy/ops/arm_neon-inl.h:82:7: note: expanded from macro 'HWY_NEON_DEF_FUNCTION'
   82 |       name(HWY_CONCAT(HWY_NEON_BUILD_PARAM_, args)(type, size)) {            \
      |       ^    ~~~~~~~~~~~~~~~~~~~~~~~~~~~~~~~~~~~~~~~~~~~~~~~~~~~
/Users/admin/builder/spi-builder-workspace/Sources/CHighway/include/hwy/ops/arm_neon-inl.h:3630:34: note: candidate function not viable: no known conversion from 'Vec128<TFromD<TagF64>, ((16 / sizeof(TFromD<TagF64>)) < (MaxLanes(TagF64())) ? (16 / sizeof(TFromD<TagF64>)) : (MaxLanes(TagF64()))) aka 2>' to 'const Vec128<float32_t, 4>' for 1st argument
 3630 | HWY_NEON_DEF_FUNCTION_ALL_FLOATS(Min, vmin, _, 2)
      | ~~~~~~~~~~~~~~~~~~~~~~~~~~~~~~~~~^~~~~~~~~~~~~~~~
/Users/admin/builder/spi-builder-workspace/Sources/CHighway/include/hwy/ops/arm_neon-inl.h:247:37: note: expanded from macro 'HWY_NEON_DEF_FUNCTION_ALL_FLOATS'
  247 |   HWY_NEON_DEF_FUNCTION_FLOAT_16_32(name, prefix, infix, args)      \
      |   ~~~~~~~~~~~~~~~~~~~~~~~~~~~~~~~~~~^~~~~~~~~~~~~~~~~~~~~~~~~~
/Users/admin/builder/spi-builder-workspace/Sources/CHighway/include/hwy/ops/arm_neon-inl.h:244:34: note: expanded from macro 'HWY_NEON_DEF_FUNCTION_FLOAT_16_32'
  244 |   HWY_NEON_DEF_FUNCTION_FLOAT_32(name, prefix, infix, args)
      |   ~~~~~~~~~~~~~~~~~~~~~~~~~~~~~~~^~~~~~~~~~~~~~~~~~~~~~~~~~
/Users/admin/builder/spi-builder-workspace/Sources/CHighway/include/hwy/ops/arm_neon-inl.h:201:37: note: expanded from macro 'HWY_NEON_DEF_FUNCTION_FLOAT_32'
  201 |   HWY_NEON_DEF_FUNCTION(float32, 4, name, prefix##q, infix, f32, args) \
      |   ~~~~~~~~~~~~~~~~~~~~~~~~~~~~~~~~~~^~~~~~~~~~~~~~~~~~~~~~~~~~~~~~~~~~
/Users/admin/builder/spi-builder-workspace/Sources/CHighway/include/hwy/ops/arm_neon-inl.h:82:7: note: expanded from macro 'HWY_NEON_DEF_FUNCTION'
   82 |       name(HWY_CONCAT(HWY_NEON_BUILD_PARAM_, args)(type, size)) {            \
      |       ^    ~~~~~~~~~~~~~~~~~~~~~~~~~~~~~~~~~~~~~~~~~~~~~~~~~~~
/Users/admin/builder/spi-builder-workspace/Sources/CHighway/include/hwy/ops/arm_neon-inl.h:3630:34: note: candidate function not viable: no known conversion from 'Vec128<TFromD<TagF64>, [...]>' to 'const Vec128<float32_t, [...]>' for 1st argument
 3630 | HWY_NEON_DEF_FUNCTION_ALL_FLOATS(Min, vmin, _, 2)
      | ~~~~~~~~~~~~~~~~~~~~~~~~~~~~~~~~~^~~~~~~~~~~~~~~~
/Users/admin/builder/spi-builder-workspace/Sources/CHighway/include/hwy/ops/arm_neon-inl.h:247:37: note: expanded from macro 'HWY_NEON_DEF_FUNCTION_ALL_FLOATS'
  247 |   HWY_NEON_DEF_FUNCTION_FLOAT_16_32(name, prefix, infix, args)      \
      |   ~~~~~~~~~~~~~~~~~~~~~~~~~~~~~~~~~~^~~~~~~~~~~~~~~~~~~~~~~~~~
/Users/admin/builder/spi-builder-workspace/Sources/CHighway/include/hwy/ops/arm_neon-inl.h:244:34: note: expanded from macro 'HWY_NEON_DEF_FUNCTION_FLOAT_16_32'
  244 |   HWY_NEON_DEF_FUNCTION_FLOAT_32(name, prefix, infix, args)
      |   ~~~~~~~~~~~~~~~~~~~~~~~~~~~~~~~^~~~~~~~~~~~~~~~~~~~~~~~~~
/Users/admin/builder/spi-builder-workspace/Sources/CHighway/include/hwy/ops/arm_neon-inl.h:202:37: note: expanded from macro 'HWY_NEON_DEF_FUNCTION_FLOAT_32'
  202 |   HWY_NEON_DEF_FUNCTION(float32, 2, name, prefix, infix, f32, args)    \
      |   ~~~~~~~~~~~~~~~~~~~~~~~~~~~~~~~~~~^~~~~~~~~~~~~~~~~~~~~~~~~~~~~~~
/Users/admin/builder/spi-builder-workspace/Sources/CHighway/include/hwy/ops/arm_neon-inl.h:82:7: note: expanded from macro 'HWY_NEON_DEF_FUNCTION'
   82 |       name(HWY_CONCAT(HWY_NEON_BUILD_PARAM_, args)(type, size)) {            \
      |       ^    ~~~~~~~~~~~~~~~~~~~~~~~~~~~~~~~~~~~~~~~~~~~~~~~~~~~
/Users/admin/builder/spi-builder-workspace/Sources/CHighway/include/hwy/ops/arm_neon-inl.h:3630:34: note: candidate function not viable: no known conversion from 'Vec128<TFromD<TagF64>, ((16 / sizeof(TFromD<TagF64>)) < (MaxLanes(TagF64())) ? (16 / sizeof(TFromD<TagF64>)) : (MaxLanes(TagF64()))) aka 2>' to 'const Vec128<float32_t, 1>' for 1st argument
 3630 | HWY_NEON_DEF_FUNCTION_ALL_FLOATS(Min, vmin, _, 2)
      | ~~~~~~~~~~~~~~~~~~~~~~~~~~~~~~~~~^~~~~~~~~~~~~~~~
/Users/admin/builder/spi-builder-workspace/Sources/CHighway/include/hwy/ops/arm_neon-inl.h:247:37: note: expanded from macro 'HWY_NEON_DEF_FUNCTION_ALL_FLOATS'
  247 |   HWY_NEON_DEF_FUNCTION_FLOAT_16_32(name, prefix, infix, args)      \
      |   ~~~~~~~~~~~~~~~~~~~~~~~~~~~~~~~~~~^~~~~~~~~~~~~~~~~~~~~~~~~~
/Users/admin/builder/spi-builder-workspace/Sources/CHighway/include/hwy/ops/arm_neon-inl.h:244:34: note: expanded from macro 'HWY_NEON_DEF_FUNCTION_FLOAT_16_32'
  244 |   HWY_NEON_DEF_FUNCTION_FLOAT_32(name, prefix, infix, args)
      |   ~~~~~~~~~~~~~~~~~~~~~~~~~~~~~~~^~~~~~~~~~~~~~~~~~~~~~~~~~
/Users/admin/builder/spi-builder-workspace/Sources/CHighway/include/hwy/ops/arm_neon-inl.h:203:37: note: expanded from macro 'HWY_NEON_DEF_FUNCTION_FLOAT_32'
  203 |   HWY_NEON_DEF_FUNCTION(float32, 1, name, prefix, infix, f32, args)
      |   ~~~~~~~~~~~~~~~~~~~~~~~~~~~~~~~~~~^~~~~~~~~~~~~~~~~~~~~~~~~~~~~~~
/Users/admin/builder/spi-builder-workspace/Sources/CHighway/include/hwy/ops/arm_neon-inl.h:82:7: note: expanded from macro 'HWY_NEON_DEF_FUNCTION'
   82 |       name(HWY_CONCAT(HWY_NEON_BUILD_PARAM_, args)(type, size)) {            \
      |       ^    ~~~~~~~~~~~~~~~~~~~~~~~~~~~~~~~~~~~~~~~~~~~~~~~~~~~
/Users/admin/builder/spi-builder-workspace/Sources/CHighway/include/hwy/ops/arm_neon-inl.h:3573:29: note: candidate template ignored: could not match 'unsigned long long' against 'double'
 3573 | HWY_API Vec128<uint64_t, N> Min(Vec128<uint64_t, N> a, Vec128<uint64_t, N> b) {
      |                             ^
/Users/admin/builder/spi-builder-workspace/Sources/CHighway/include/hwy/ops/arm_neon-inl.h:3587:28: note: candidate template ignored: could not match 'long long' against 'double'
 3587 | HWY_API Vec128<int64_t, N> Min(Vec128<int64_t, N> a, Vec128<int64_t, N> b) {
      |                            ^
In file included from /Users/admin/builder/spi-builder-workspace/Sources/CHighwayOps/CHighwayOps.cc:4:
/Users/admin/builder/spi-builder-workspace/Sources/CHighwayOps/include/CHighwayOps.h:544:68: error: no matching function for call to 'Max'
  544 | HWY_INLINE VectorF64 maximumF64(VectorF64 a, VectorF64 b) { return hn::Max(a, b); }
      |                                                                    ^~~~~~~
In file included from /Users/admin/builder/spi-builder-workspace/Sources/CHighwayOps/CHighwayOps.cc:4:
In file included from /Users/admin/builder/spi-builder-workspace/Sources/CHighwayOps/include/CHighwayOps.h:10:
In file included from /Users/admin/builder/spi-builder-workspace/Sources/CHighway/include/hwy/highway.h:706:
/Users/admin/builder/spi-builder-workspace/Sources/CHighway/include/hwy/ops/arm_neon-inl.h:3636:36: note: candidate function not viable: no known conversion from 'Vec128<TFromD<TagF64>, ((16 / sizeof(TFromD<TagF64>)) < (MaxLanes(TagF64())) ? (16 / sizeof(TFromD<TagF64>)) : (MaxLanes(TagF64()))) aka 2>' to 'const Vec128<uint8_t, 16>' for 1st argument
 3636 | HWY_NEON_DEF_FUNCTION_UINT_8_16_32(Max, vmax, _, 2)
      | ~~~~~~~~~~~~~~~~~~~~~~~~~~~~~~~~~~~^~~~~~~~~~~~~~~~
/Users/admin/builder/spi-builder-workspace/Sources/CHighway/include/hwy/ops/arm_neon-inl.h:217:32: note: expanded from macro 'HWY_NEON_DEF_FUNCTION_UINT_8_16_32'
  217 |   HWY_NEON_DEF_FUNCTION_UINT_8(name, prefix, infix, args)             \
      |   ~~~~~~~~~~~~~~~~~~~~~~~~~~~~~^~~~~~~~~~~~~~~~~~~~~~~~~~
/Users/admin/builder/spi-builder-workspace/Sources/CHighway/include/hwy/ops/arm_neon-inl.h:95:36: note: expanded from macro 'HWY_NEON_DEF_FUNCTION_UINT_8'
   95 |   HWY_NEON_DEF_FUNCTION(uint8, 16, name, prefix##q, infix, u8, args) \
      |   ~~~~~~~~~~~~~~~~~~~~~~~~~~~~~~~~~^~~~~~~~~~~~~~~~~~~~~~~~~~~~~~~~~
/Users/admin/builder/spi-builder-workspace/Sources/CHighway/include/hwy/ops/arm_neon-inl.h:82:7: note: expanded from macro 'HWY_NEON_DEF_FUNCTION'
   82 |       name(HWY_CONCAT(HWY_NEON_BUILD_PARAM_, args)(type, size)) {            \
      |       ^    ~~~~~~~~~~~~~~~~~~~~~~~~~~~~~~~~~~~~~~~~~~~~~~~~~~~
/Users/admin/builder/spi-builder-workspace/Sources/CHighway/include/hwy/ops/arm_neon-inl.h:3636:36: note: candidate function not viable: no known conversion from 'Vec128<TFromD<TagF64>, ((16 / sizeof(TFromD<TagF64>)) < (MaxLanes(TagF64())) ? (16 / sizeof(TFromD<TagF64>)) : (MaxLanes(TagF64()))) aka 2>' to 'const Vec128<uint8_t, 8>' for 1st argument
 3636 | HWY_NEON_DEF_FUNCTION_UINT_8_16_32(Max, vmax, _, 2)
      | ~~~~~~~~~~~~~~~~~~~~~~~~~~~~~~~~~~~^~~~~~~~~~~~~~~~
/Users/admin/builder/spi-builder-workspace/Sources/CHighway/include/hwy/ops/arm_neon-inl.h:217:32: note: expanded from macro 'HWY_NEON_DEF_FUNCTION_UINT_8_16_32'
  217 |   HWY_NEON_DEF_FUNCTION_UINT_8(name, prefix, infix, args)             \
      |   ~~~~~~~~~~~~~~~~~~~~~~~~~~~~~^~~~~~~~~~~~~~~~~~~~~~~~~~
/Users/admin/builder/spi-builder-workspace/Sources/CHighway/include/hwy/ops/arm_neon-inl.h:96:35: note: expanded from macro 'HWY_NEON_DEF_FUNCTION_UINT_8'
   96 |   HWY_NEON_DEF_FUNCTION(uint8, 8, name, prefix, infix, u8, args)     \
      |   ~~~~~~~~~~~~~~~~~~~~~~~~~~~~~~~~^~~~~~~~~~~~~~~~~~~~~~~~~~~~~~
/Users/admin/builder/spi-builder-workspace/Sources/CHighway/include/hwy/ops/arm_neon-inl.h:82:7: note: expanded from macro 'HWY_NEON_DEF_FUNCTION'
   82 |       name(HWY_CONCAT(HWY_NEON_BUILD_PARAM_, args)(type, size)) {            \
      |       ^    ~~~~~~~~~~~~~~~~~~~~~~~~~~~~~~~~~~~~~~~~~~~~~~~~~~~
/Users/admin/builder/spi-builder-workspace/Sources/CHighway/include/hwy/ops/arm_neon-inl.h:3636:36: note: candidate function not viable: no known conversion from 'Vec128<TFromD<TagF64>, ((16 / sizeof(TFromD<TagF64>)) < (MaxLanes(TagF64())) ? (16 / sizeof(TFromD<TagF64>)) : (MaxLanes(TagF64()))) aka 2>' to 'const Vec128<uint8_t, 4>' for 1st argument
 3636 | HWY_NEON_DEF_FUNCTION_UINT_8_16_32(Max, vmax, _, 2)
      | ~~~~~~~~~~~~~~~~~~~~~~~~~~~~~~~~~~~^~~~~~~~~~~~~~~~
/Users/admin/builder/spi-builder-workspace/Sources/CHighway/include/hwy/ops/arm_neon-inl.h:217:32: note: expanded from macro 'HWY_NEON_DEF_FUNCTION_UINT_8_16_32'
  217 |   HWY_NEON_DEF_FUNCTION_UINT_8(name, prefix, infix, args)             \
      |   ~~~~~~~~~~~~~~~~~~~~~~~~~~~~~^~~~~~~~~~~~~~~~~~~~~~~~~~
/Users/admin/builder/spi-builder-workspace/Sources/CHighway/include/hwy/ops/arm_neon-inl.h:97:35: note: expanded from macro 'HWY_NEON_DEF_FUNCTION_UINT_8'
   97 |   HWY_NEON_DEF_FUNCTION(uint8, 4, name, prefix, infix, u8, args)     \
      |   ~~~~~~~~~~~~~~~~~~~~~~~~~~~~~~~~^~~~~~~~~~~~~~~~~~~~~~~~~~~~~~
/Users/admin/builder/spi-builder-workspace/Sources/CHighway/include/hwy/ops/arm_neon-inl.h:82:7: note: expanded from macro 'HWY_NEON_DEF_FUNCTION'
   82 |       name(HWY_CONCAT(HWY_NEON_BUILD_PARAM_, args)(type, size)) {            \
      |       ^    ~~~~~~~~~~~~~~~~~~~~~~~~~~~~~~~~~~~~~~~~~~~~~~~~~~~
/Users/admin/builder/spi-builder-workspace/Sources/CHighway/include/hwy/ops/arm_neon-inl.h:3636:36: note: candidate function not viable: no known conversion from 'Vec128<TFromD<TagF64>, [...]>' to 'const Vec128<uint8_t, [...]>' for 1st argument
 3636 | HWY_NEON_DEF_FUNCTION_UINT_8_16_32(Max, vmax, _, 2)
      | ~~~~~~~~~~~~~~~~~~~~~~~~~~~~~~~~~~~^~~~~~~~~~~~~~~~
/Users/admin/builder/spi-builder-workspace/Sources/CHighway/include/hwy/ops/arm_neon-inl.h:217:32: note: expanded from macro 'HWY_NEON_DEF_FUNCTION_UINT_8_16_32'
  217 |   HWY_NEON_DEF_FUNCTION_UINT_8(name, prefix, infix, args)             \
      |   ~~~~~~~~~~~~~~~~~~~~~~~~~~~~~^~~~~~~~~~~~~~~~~~~~~~~~~~
/Users/admin/builder/spi-builder-workspace/Sources/CHighway/include/hwy/ops/arm_neon-inl.h:98:35: note: expanded from macro 'HWY_NEON_DEF_FUNCTION_UINT_8'
   98 |   HWY_NEON_DEF_FUNCTION(uint8, 2, name, prefix, infix, u8, args)     \
      |   ~~~~~~~~~~~~~~~~~~~~~~~~~~~~~~~~^~~~~~~~~~~~~~~~~~~~~~~~~~~~~~
/Users/admin/builder/spi-builder-workspace/Sources/CHighway/include/hwy/ops/arm_neon-inl.h:82:7: note: expanded from macro 'HWY_NEON_DEF_FUNCTION'
   82 |       name(HWY_CONCAT(HWY_NEON_BUILD_PARAM_, args)(type, size)) {            \
      |       ^    ~~~~~~~~~~~~~~~~~~~~~~~~~~~~~~~~~~~~~~~~~~~~~~~~~~~
/Users/admin/builder/spi-builder-workspace/Sources/CHighway/include/hwy/ops/arm_neon-inl.h:3636:36: note: candidate function not viable: no known conversion from 'Vec128<TFromD<TagF64>, ((16 / sizeof(TFromD<TagF64>)) < (MaxLanes(TagF64())) ? (16 / sizeof(TFromD<TagF64>)) : (MaxLanes(TagF64()))) aka 2>' to 'const Vec128<uint8_t, 1>' for 1st argument
 3636 | HWY_NEON_DEF_FUNCTION_UINT_8_16_32(Max, vmax, _, 2)
      | ~~~~~~~~~~~~~~~~~~~~~~~~~~~~~~~~~~~^~~~~~~~~~~~~~~~
/Users/admin/builder/spi-builder-workspace/Sources/CHighway/include/hwy/ops/arm_neon-inl.h:217:32: note: expanded from macro 'HWY_NEON_DEF_FUNCTION_UINT_8_16_32'
  217 |   HWY_NEON_DEF_FUNCTION_UINT_8(name, prefix, infix, args)             \
      |   ~~~~~~~~~~~~~~~~~~~~~~~~~~~~~^~~~~~~~~~~~~~~~~~~~~~~~~~
/Users/admin/builder/spi-builder-workspace/Sources/CHighway/include/hwy/ops/arm_neon-inl.h:99:35: note: expanded from macro 'HWY_NEON_DEF_FUNCTION_UINT_8'
   99 |   HWY_NEON_DEF_FUNCTION(uint8, 1, name, prefix, infix, u8, args)
      |   ~~~~~~~~~~~~~~~~~~~~~~~~~~~~~~~~^~~~~~~~~~~~~~~~~~~~~~~~~~~~~~
/Users/admin/builder/spi-builder-workspace/Sources/CHighway/include/hwy/ops/arm_neon-inl.h:82:7: note: expanded from macro 'HWY_NEON_DEF_FUNCTION'
   82 |       name(HWY_CONCAT(HWY_NEON_BUILD_PARAM_, args)(type, size)) {            \
      |       ^    ~~~~~~~~~~~~~~~~~~~~~~~~~~~~~~~~~~~~~~~~~~~~~~~~~~~
/Users/admin/builder/spi-builder-workspace/Sources/CHighway/include/hwy/ops/arm_neon-inl.h:3636:36: note: candidate function not viable: no known conversion from 'Vec128<TFromD<TagF64>, ((16 / sizeof(TFromD<TagF64>)) < (MaxLanes(TagF64())) ? (16 / sizeof(TFromD<TagF64>)) : (MaxLanes(TagF64()))) aka 2>' to 'const Vec128<uint16_t, 8>' for 1st argument
 3636 | HWY_NEON_DEF_FUNCTION_UINT_8_16_32(Max, vmax, _, 2)
      | ~~~~~~~~~~~~~~~~~~~~~~~~~~~~~~~~~~~^~~~~~~~~~~~~~~~
/Users/admin/builder/spi-builder-workspace/Sources/CHighway/include/hwy/ops/arm_neon-inl.h:218:33: note: expanded from macro 'HWY_NEON_DEF_FUNCTION_UINT_8_16_32'
  218 |   HWY_NEON_DEF_FUNCTION_UINT_16(name, prefix, infix, args)            \
      |   ~~~~~~~~~~~~~~~~~~~~~~~~~~~~~~^~~~~~~~~~~~~~~~~~~~~~~~~~
/Users/admin/builder/spi-builder-workspace/Sources/CHighway/include/hwy/ops/arm_neon-inl.h:111:36: note: expanded from macro 'HWY_NEON_DEF_FUNCTION_UINT_16'
  111 |   HWY_NEON_DEF_FUNCTION(uint16, 8, name, prefix##q, infix, u16, args) \
      |   ~~~~~~~~~~~~~~~~~~~~~~~~~~~~~~~~~^~~~~~~~~~~~~~~~~~~~~~~~~~~~~~~~~~
/Users/admin/builder/spi-builder-workspace/Sources/CHighway/include/hwy/ops/arm_neon-inl.h:82:7: note: expanded from macro 'HWY_NEON_DEF_FUNCTION'
   82 |       name(HWY_CONCAT(HWY_NEON_BUILD_PARAM_, args)(type, size)) {            \
      |       ^    ~~~~~~~~~~~~~~~~~~~~~~~~~~~~~~~~~~~~~~~~~~~~~~~~~~~
/Users/admin/builder/spi-builder-workspace/Sources/CHighway/include/hwy/ops/arm_neon-inl.h:3636:36: note: candidate function not viable: no known conversion from 'Vec128<TFromD<TagF64>, ((16 / sizeof(TFromD<TagF64>)) < (MaxLanes(TagF64())) ? (16 / sizeof(TFromD<TagF64>)) : (MaxLanes(TagF64()))) aka 2>' to 'const Vec128<uint16_t, 4>' for 1st argument
 3636 | HWY_NEON_DEF_FUNCTION_UINT_8_16_32(Max, vmax, _, 2)
      | ~~~~~~~~~~~~~~~~~~~~~~~~~~~~~~~~~~~^~~~~~~~~~~~~~~~
/Users/admin/builder/spi-builder-workspace/Sources/CHighway/include/hwy/ops/arm_neon-inl.h:218:33: note: expanded from macro 'HWY_NEON_DEF_FUNCTION_UINT_8_16_32'
  218 |   HWY_NEON_DEF_FUNCTION_UINT_16(name, prefix, infix, args)            \
      |   ~~~~~~~~~~~~~~~~~~~~~~~~~~~~~~^~~~~~~~~~~~~~~~~~~~~~~~~~
/Users/admin/builder/spi-builder-workspace/Sources/CHighway/include/hwy/ops/arm_neon-inl.h:112:36: note: expanded from macro 'HWY_NEON_DEF_FUNCTION_UINT_16'
  112 |   HWY_NEON_DEF_FUNCTION(uint16, 4, name, prefix, infix, u16, args)    \
      |   ~~~~~~~~~~~~~~~~~~~~~~~~~~~~~~~~~^~~~~~~~~~~~~~~~~~~~~~~~~~~~~~~
/Users/admin/builder/spi-builder-workspace/Sources/CHighway/include/hwy/ops/arm_neon-inl.h:82:7: note: expanded from macro 'HWY_NEON_DEF_FUNCTION'
   82 |       name(HWY_CONCAT(HWY_NEON_BUILD_PARAM_, args)(type, size)) {            \
      |       ^    ~~~~~~~~~~~~~~~~~~~~~~~~~~~~~~~~~~~~~~~~~~~~~~~~~~~
/Users/admin/builder/spi-builder-workspace/Sources/CHighway/include/hwy/ops/arm_neon-inl.h:3636:36: note: candidate function not viable: no known conversion from 'Vec128<TFromD<TagF64>, [...]>' to 'const Vec128<uint16_t, [...]>' for 1st argument
 3636 | HWY_NEON_DEF_FUNCTION_UINT_8_16_32(Max, vmax, _, 2)
      | ~~~~~~~~~~~~~~~~~~~~~~~~~~~~~~~~~~~^~~~~~~~~~~~~~~~
/Users/admin/builder/spi-builder-workspace/Sources/CHighway/include/hwy/ops/arm_neon-inl.h:218:33: note: expanded from macro 'HWY_NEON_DEF_FUNCTION_UINT_8_16_32'
  218 |   HWY_NEON_DEF_FUNCTION_UINT_16(name, prefix, infix, args)            \
      |   ~~~~~~~~~~~~~~~~~~~~~~~~~~~~~~^~~~~~~~~~~~~~~~~~~~~~~~~~
/Users/admin/builder/spi-builder-workspace/Sources/CHighway/include/hwy/ops/arm_neon-inl.h:113:36: note: expanded from macro 'HWY_NEON_DEF_FUNCTION_UINT_16'
  113 |   HWY_NEON_DEF_FUNCTION(uint16, 2, name, prefix, infix, u16, args)    \
      |   ~~~~~~~~~~~~~~~~~~~~~~~~~~~~~~~~~^~~~~~~~~~~~~~~~~~~~~~~~~~~~~~~
/Users/admin/builder/spi-builder-workspace/Sources/CHighway/include/hwy/ops/arm_neon-inl.h:82:7: note: expanded from macro 'HWY_NEON_DEF_FUNCTION'
   82 |       name(HWY_CONCAT(HWY_NEON_BUILD_PARAM_, args)(type, size)) {            \
      |       ^    ~~~~~~~~~~~~~~~~~~~~~~~~~~~~~~~~~~~~~~~~~~~~~~~~~~~
/Users/admin/builder/spi-builder-workspace/Sources/CHighway/include/hwy/ops/arm_neon-inl.h:3636:36: note: candidate function not viable: no known conversion from 'Vec128<TFromD<TagF64>, ((16 / sizeof(TFromD<TagF64>)) < (MaxLanes(TagF64())) ? (16 / sizeof(TFromD<TagF64>)) : (MaxLanes(TagF64()))) aka 2>' to 'const Vec128<uint16_t, 1>' for 1st argument
 3636 | HWY_NEON_DEF_FUNCTION_UINT_8_16_32(Max, vmax, _, 2)
      | ~~~~~~~~~~~~~~~~~~~~~~~~~~~~~~~~~~~^~~~~~~~~~~~~~~~
/Users/admin/builder/spi-builder-workspace/Sources/CHighway/include/hwy/ops/arm_neon-inl.h:218:33: note: expanded from macro 'HWY_NEON_DEF_FUNCTION_UINT_8_16_32'
  218 |   HWY_NEON_DEF_FUNCTION_UINT_16(name, prefix, infix, args)            \
      |   ~~~~~~~~~~~~~~~~~~~~~~~~~~~~~~^~~~~~~~~~~~~~~~~~~~~~~~~~
/Users/admin/builder/spi-builder-workspace/Sources/CHighway/include/hwy/ops/arm_neon-inl.h:114:36: note: expanded from macro 'HWY_NEON_DEF_FUNCTION_UINT_16'
  114 |   HWY_NEON_DEF_FUNCTION(uint16, 1, name, prefix, infix, u16, args)
      |   ~~~~~~~~~~~~~~~~~~~~~~~~~~~~~~~~~^~~~~~~~~~~~~~~~~~~~~~~~~~~~~~~
/Users/admin/builder/spi-builder-workspace/Sources/CHighway/include/hwy/ops/arm_neon-inl.h:82:7: note: expanded from macro 'HWY_NEON_DEF_FUNCTION'
   82 |       name(HWY_CONCAT(HWY_NEON_BUILD_PARAM_, args)(type, size)) {            \
      |       ^    ~~~~~~~~~~~~~~~~~~~~~~~~~~~~~~~~~~~~~~~~~~~~~~~~~~~
/Users/admin/builder/spi-builder-workspace/Sources/CHighway/include/hwy/ops/arm_neon-inl.h:3636:36: note: candidate function not viable: no known conversion from 'Vec128<TFromD<TagF64>, ((16 / sizeof(TFromD<TagF64>)) < (MaxLanes(TagF64())) ? (16 / sizeof(TFromD<TagF64>)) : (MaxLanes(TagF64()))) aka 2>' to 'const Vec128<uint32_t, 4>' for 1st argument
 3636 | HWY_NEON_DEF_FUNCTION_UINT_8_16_32(Max, vmax, _, 2)
      | ~~~~~~~~~~~~~~~~~~~~~~~~~~~~~~~~~~~^~~~~~~~~~~~~~~~
/Users/admin/builder/spi-builder-workspace/Sources/CHighway/include/hwy/ops/arm_neon-inl.h:219:33: note: expanded from macro 'HWY_NEON_DEF_FUNCTION_UINT_8_16_32'
  219 |   HWY_NEON_DEF_FUNCTION_UINT_32(name, prefix, infix, args)
      |   ~~~~~~~~~~~~~~~~~~~~~~~~~~~~~~^~~~~~~~~~~~~~~~~~~~~~~~~~
/Users/admin/builder/spi-builder-workspace/Sources/CHighway/include/hwy/ops/arm_neon-inl.h:125:36: note: expanded from macro 'HWY_NEON_DEF_FUNCTION_UINT_32'
  125 |   HWY_NEON_DEF_FUNCTION(uint32, 4, name, prefix##q, infix, u32, args) \
      |   ~~~~~~~~~~~~~~~~~~~~~~~~~~~~~~~~~^~~~~~~~~~~~~~~~~~~~~~~~~~~~~~~~~~
/Users/admin/builder/spi-builder-workspace/Sources/CHighway/include/hwy/ops/arm_neon-inl.h:82:7: note: expanded from macro 'HWY_NEON_DEF_FUNCTION'
   82 |       name(HWY_CONCAT(HWY_NEON_BUILD_PARAM_, args)(type, size)) {            \
      |       ^    ~~~~~~~~~~~~~~~~~~~~~~~~~~~~~~~~~~~~~~~~~~~~~~~~~~~
/Users/admin/builder/spi-builder-workspace/Sources/CHighway/include/hwy/ops/arm_neon-inl.h:3636:36: note: candidate function not viable: no known conversion from 'Vec128<TFromD<TagF64>, [...]>' to 'const Vec128<uint32_t, [...]>' for 1st argument
 3636 | HWY_NEON_DEF_FUNCTION_UINT_8_16_32(Max, vmax, _, 2)
      | ~~~~~~~~~~~~~~~~~~~~~~~~~~~~~~~~~~~^~~~~~~~~~~~~~~~
/Users/admin/builder/spi-builder-workspace/Sources/CHighway/include/hwy/ops/arm_neon-inl.h:219:33: note: expanded from macro 'HWY_NEON_DEF_FUNCTION_UINT_8_16_32'
  219 |   HWY_NEON_DEF_FUNCTION_UINT_32(name, prefix, infix, args)
      |   ~~~~~~~~~~~~~~~~~~~~~~~~~~~~~~^~~~~~~~~~~~~~~~~~~~~~~~~~
/Users/admin/builder/spi-builder-workspace/Sources/CHighway/include/hwy/ops/arm_neon-inl.h:126:36: note: expanded from macro 'HWY_NEON_DEF_FUNCTION_UINT_32'
  126 |   HWY_NEON_DEF_FUNCTION(uint32, 2, name, prefix, infix, u32, args)    \
      |   ~~~~~~~~~~~~~~~~~~~~~~~~~~~~~~~~~^~~~~~~~~~~~~~~~~~~~~~~~~~~~~~~
/Users/admin/builder/spi-builder-workspace/Sources/CHighway/include/hwy/ops/arm_neon-inl.h:82:7: note: expanded from macro 'HWY_NEON_DEF_FUNCTION'
   82 |       name(HWY_CONCAT(HWY_NEON_BUILD_PARAM_, args)(type, size)) {            \
      |       ^    ~~~~~~~~~~~~~~~~~~~~~~~~~~~~~~~~~~~~~~~~~~~~~~~~~~~
/Users/admin/builder/spi-builder-workspace/Sources/CHighway/include/hwy/ops/arm_neon-inl.h:3636:36: note: candidate function not viable: no known conversion from 'Vec128<TFromD<TagF64>, ((16 / sizeof(TFromD<TagF64>)) < (MaxLanes(TagF64())) ? (16 / sizeof(TFromD<TagF64>)) : (MaxLanes(TagF64()))) aka 2>' to 'const Vec128<uint32_t, 1>' for 1st argument
 3636 | HWY_NEON_DEF_FUNCTION_UINT_8_16_32(Max, vmax, _, 2)
      | ~~~~~~~~~~~~~~~~~~~~~~~~~~~~~~~~~~~^~~~~~~~~~~~~~~~
/Users/admin/builder/spi-builder-workspace/Sources/CHighway/include/hwy/ops/arm_neon-inl.h:219:33: note: expanded from macro 'HWY_NEON_DEF_FUNCTION_UINT_8_16_32'
  219 |   HWY_NEON_DEF_FUNCTION_UINT_32(name, prefix, infix, args)
      |   ~~~~~~~~~~~~~~~~~~~~~~~~~~~~~~^~~~~~~~~~~~~~~~~~~~~~~~~~
/Users/admin/builder/spi-builder-workspace/Sources/CHighway/include/hwy/ops/arm_neon-inl.h:127:36: note: expanded from macro 'HWY_NEON_DEF_FUNCTION_UINT_32'
  127 |   HWY_NEON_DEF_FUNCTION(uint32, 1, name, prefix, infix, u32, args)
      |   ~~~~~~~~~~~~~~~~~~~~~~~~~~~~~~~~~^~~~~~~~~~~~~~~~~~~~~~~~~~~~~~~
/Users/admin/builder/spi-builder-workspace/Sources/CHighway/include/hwy/ops/arm_neon-inl.h:82:7: note: expanded from macro 'HWY_NEON_DEF_FUNCTION'
   82 |       name(HWY_CONCAT(HWY_NEON_BUILD_PARAM_, args)(type, size)) {            \
      |       ^    ~~~~~~~~~~~~~~~~~~~~~~~~~~~~~~~~~~~~~~~~~~~~~~~~~~~
/Users/admin/builder/spi-builder-workspace/Sources/CHighway/include/hwy/ops/arm_neon-inl.h:3650:35: note: candidate function not viable: no known conversion from 'Vec128<TFromD<TagF64>, ((16 / sizeof(TFromD<TagF64>)) < (MaxLanes(TagF64())) ? (16 / sizeof(TFromD<TagF64>)) : (MaxLanes(TagF64()))) aka 2>' to 'const Vec128<int8_t, 16>' for 1st argument
 3650 | HWY_NEON_DEF_FUNCTION_INT_8_16_32(Max, vmax, _, 2)
      | ~~~~~~~~~~~~~~~~~~~~~~~~~~~~~~~~~~^~~~~~~~~~~~~~~~
/Users/admin/builder/spi-builder-workspace/Sources/CHighway/include/hwy/ops/arm_neon-inl.h:223:31: note: expanded from macro 'HWY_NEON_DEF_FUNCTION_INT_8_16_32'
  223 |   HWY_NEON_DEF_FUNCTION_INT_8(name, prefix, infix, args)             \
      |   ~~~~~~~~~~~~~~~~~~~~~~~~~~~~^~~~~~~~~~~~~~~~~~~~~~~~~~
/Users/admin/builder/spi-builder-workspace/Sources/CHighway/include/hwy/ops/arm_neon-inl.h:103:35: note: expanded from macro 'HWY_NEON_DEF_FUNCTION_INT_8'
  103 |   HWY_NEON_DEF_FUNCTION(int8, 16, name, prefix##q, infix, s8, args) \
      |   ~~~~~~~~~~~~~~~~~~~~~~~~~~~~~~~~^~~~~~~~~~~~~~~~~~~~~~~~~~~~~~~~~
/Users/admin/builder/spi-builder-workspace/Sources/CHighway/include/hwy/ops/arm_neon-inl.h:82:7: note: expanded from macro 'HWY_NEON_DEF_FUNCTION'
   82 |       name(HWY_CONCAT(HWY_NEON_BUILD_PARAM_, args)(type, size)) {            \
      |       ^    ~~~~~~~~~~~~~~~~~~~~~~~~~~~~~~~~~~~~~~~~~~~~~~~~~~~
/Users/admin/builder/spi-builder-workspace/Sources/CHighway/include/hwy/ops/arm_neon-inl.h:3650:35: note: candidate function not viable: no known conversion from 'Vec128<TFromD<TagF64>, ((16 / sizeof(TFromD<TagF64>)) < (MaxLanes(TagF64())) ? (16 / sizeof(TFromD<TagF64>)) : (MaxLanes(TagF64()))) aka 2>' to 'const Vec128<int8_t, 8>' for 1st argument
 3650 | HWY_NEON_DEF_FUNCTION_INT_8_16_32(Max, vmax, _, 2)
      | ~~~~~~~~~~~~~~~~~~~~~~~~~~~~~~~~~~^~~~~~~~~~~~~~~~
/Users/admin/builder/spi-builder-workspace/Sources/CHighway/include/hwy/ops/arm_neon-inl.h:223:31: note: expanded from macro 'HWY_NEON_DEF_FUNCTION_INT_8_16_32'
  223 |   HWY_NEON_DEF_FUNCTION_INT_8(name, prefix, infix, args)             \
      |   ~~~~~~~~~~~~~~~~~~~~~~~~~~~~^~~~~~~~~~~~~~~~~~~~~~~~~~
/Users/admin/builder/spi-builder-workspace/Sources/CHighway/include/hwy/ops/arm_neon-inl.h:104:34: note: expanded from macro 'HWY_NEON_DEF_FUNCTION_INT_8'
  104 |   HWY_NEON_DEF_FUNCTION(int8, 8, name, prefix, infix, s8, args)     \
      |   ~~~~~~~~~~~~~~~~~~~~~~~~~~~~~~~^~~~~~~~~~~~~~~~~~~~~~~~~~~~~~
/Users/admin/builder/spi-builder-workspace/Sources/CHighway/include/hwy/ops/arm_neon-inl.h:82:7: note: expanded from macro 'HWY_NEON_DEF_FUNCTION'
   82 |       name(HWY_CONCAT(HWY_NEON_BUILD_PARAM_, args)(type, size)) {            \
      |       ^    ~~~~~~~~~~~~~~~~~~~~~~~~~~~~~~~~~~~~~~~~~~~~~~~~~~~
/Users/admin/builder/spi-builder-workspace/Sources/CHighway/include/hwy/ops/arm_neon-inl.h:3650:35: note: candidate function not viable: no known conversion from 'Vec128<TFromD<TagF64>, ((16 / sizeof(TFromD<TagF64>)) < (MaxLanes(TagF64())) ? (16 / sizeof(TFromD<TagF64>)) : (MaxLanes(TagF64()))) aka 2>' to 'const Vec128<int8_t, 4>' for 1st argument
 3650 | HWY_NEON_DEF_FUNCTION_INT_8_16_32(Max, vmax, _, 2)
      | ~~~~~~~~~~~~~~~~~~~~~~~~~~~~~~~~~~^~~~~~~~~~~~~~~~
/Users/admin/builder/spi-builder-workspace/Sources/CHighway/include/hwy/ops/arm_neon-inl.h:223:31: note: expanded from macro 'HWY_NEON_DEF_FUNCTION_INT_8_16_32'
  223 |   HWY_NEON_DEF_FUNCTION_INT_8(name, prefix, infix, args)             \
      |   ~~~~~~~~~~~~~~~~~~~~~~~~~~~~^~~~~~~~~~~~~~~~~~~~~~~~~~
/Users/admin/builder/spi-builder-workspace/Sources/CHighway/include/hwy/ops/arm_neon-inl.h:105:34: note: expanded from macro 'HWY_NEON_DEF_FUNCTION_INT_8'
  105 |   HWY_NEON_DEF_FUNCTION(int8, 4, name, prefix, infix, s8, args)     \
      |   ~~~~~~~~~~~~~~~~~~~~~~~~~~~~~~~^~~~~~~~~~~~~~~~~~~~~~~~~~~~~~
/Users/admin/builder/spi-builder-workspace/Sources/CHighway/include/hwy/ops/arm_neon-inl.h:82:7: note: expanded from macro 'HWY_NEON_DEF_FUNCTION'
   82 |       name(HWY_CONCAT(HWY_NEON_BUILD_PARAM_, args)(type, size)) {            \
      |       ^    ~~~~~~~~~~~~~~~~~~~~~~~~~~~~~~~~~~~~~~~~~~~~~~~~~~~
/Users/admin/builder/spi-builder-workspace/Sources/CHighway/include/hwy/ops/arm_neon-inl.h:3650:35: note: candidate function not viable: no known conversion from 'Vec128<TFromD<TagF64>, [...]>' to 'const Vec128<int8_t, [...]>' for 1st argument
 3650 | HWY_NEON_DEF_FUNCTION_INT_8_16_32(Max, vmax, _, 2)
      | ~~~~~~~~~~~~~~~~~~~~~~~~~~~~~~~~~~^~~~~~~~~~~~~~~~
/Users/admin/builder/spi-builder-workspace/Sources/CHighway/include/hwy/ops/arm_neon-inl.h:223:31: note: expanded from macro 'HWY_NEON_DEF_FUNCTION_INT_8_16_32'
  223 |   HWY_NEON_DEF_FUNCTION_INT_8(name, prefix, infix, args)             \
      |   ~~~~~~~~~~~~~~~~~~~~~~~~~~~~^~~~~~~~~~~~~~~~~~~~~~~~~~
/Users/admin/builder/spi-builder-workspace/Sources/CHighway/include/hwy/ops/arm_neon-inl.h:106:34: note: expanded from macro 'HWY_NEON_DEF_FUNCTION_INT_8'
  106 |   HWY_NEON_DEF_FUNCTION(int8, 2, name, prefix, infix, s8, args)     \
      |   ~~~~~~~~~~~~~~~~~~~~~~~~~~~~~~~^~~~~~~~~~~~~~~~~~~~~~~~~~~~~~
/Users/admin/builder/spi-builder-workspace/Sources/CHighway/include/hwy/ops/arm_neon-inl.h:82:7: note: expanded from macro 'HWY_NEON_DEF_FUNCTION'
   82 |       name(HWY_CONCAT(HWY_NEON_BUILD_PARAM_, args)(type, size)) {            \
      |       ^    ~~~~~~~~~~~~~~~~~~~~~~~~~~~~~~~~~~~~~~~~~~~~~~~~~~~
/Users/admin/builder/spi-builder-workspace/Sources/CHighway/include/hwy/ops/arm_neon-inl.h:3650:35: note: candidate function not viable: no known conversion from 'Vec128<TFromD<TagF64>, ((16 / sizeof(TFromD<TagF64>)) < (MaxLanes(TagF64())) ? (16 / sizeof(TFromD<TagF64>)) : (MaxLanes(TagF64()))) aka 2>' to 'const Vec128<int8_t, 1>' for 1st argument
 3650 | HWY_NEON_DEF_FUNCTION_INT_8_16_32(Max, vmax, _, 2)
      | ~~~~~~~~~~~~~~~~~~~~~~~~~~~~~~~~~~^~~~~~~~~~~~~~~~
/Users/admin/builder/spi-builder-workspace/Sources/CHighway/include/hwy/ops/arm_neon-inl.h:223:31: note: expanded from macro 'HWY_NEON_DEF_FUNCTION_INT_8_16_32'
  223 |   HWY_NEON_DEF_FUNCTION_INT_8(name, prefix, infix, args)             \
      |   ~~~~~~~~~~~~~~~~~~~~~~~~~~~~^~~~~~~~~~~~~~~~~~~~~~~~~~
/Users/admin/builder/spi-builder-workspace/Sources/CHighway/include/hwy/ops/arm_neon-inl.h:107:34: note: expanded from macro 'HWY_NEON_DEF_FUNCTION_INT_8'
  107 |   HWY_NEON_DEF_FUNCTION(int8, 1, name, prefix, infix, s8, args)
      |   ~~~~~~~~~~~~~~~~~~~~~~~~~~~~~~~^~~~~~~~~~~~~~~~~~~~~~~~~~~~~~
/Users/admin/builder/spi-builder-workspace/Sources/CHighway/include/hwy/ops/arm_neon-inl.h:82:7: note: expanded from macro 'HWY_NEON_DEF_FUNCTION'
   82 |       name(HWY_CONCAT(HWY_NEON_BUILD_PARAM_, args)(type, size)) {            \
      |       ^    ~~~~~~~~~~~~~~~~~~~~~~~~~~~~~~~~~~~~~~~~~~~~~~~~~~~
/Users/admin/builder/spi-builder-workspace/Sources/CHighway/include/hwy/ops/arm_neon-inl.h:3650:35: note: candidate function not viable: no known conversion from 'Vec128<TFromD<TagF64>, ((16 / sizeof(TFromD<TagF64>)) < (MaxLanes(TagF64())) ? (16 / sizeof(TFromD<TagF64>)) : (MaxLanes(TagF64()))) aka 2>' to 'const Vec128<int16_t, 8>' for 1st argument
 3650 | HWY_NEON_DEF_FUNCTION_INT_8_16_32(Max, vmax, _, 2)
      | ~~~~~~~~~~~~~~~~~~~~~~~~~~~~~~~~~~^~~~~~~~~~~~~~~~
/Users/admin/builder/spi-builder-workspace/Sources/CHighway/include/hwy/ops/arm_neon-inl.h:224:32: note: expanded from macro 'HWY_NEON_DEF_FUNCTION_INT_8_16_32'
  224 |   HWY_NEON_DEF_FUNCTION_INT_16(name, prefix, infix, args)            \
      |   ~~~~~~~~~~~~~~~~~~~~~~~~~~~~~^~~~~~~~~~~~~~~~~~~~~~~~~~
/Users/admin/builder/spi-builder-workspace/Sources/CHighway/include/hwy/ops/arm_neon-inl.h:118:35: note: expanded from macro 'HWY_NEON_DEF_FUNCTION_INT_16'
  118 |   HWY_NEON_DEF_FUNCTION(int16, 8, name, prefix##q, infix, s16, args) \
      |   ~~~~~~~~~~~~~~~~~~~~~~~~~~~~~~~~^~~~~~~~~~~~~~~~~~~~~~~~~~~~~~~~~~
/Users/admin/builder/spi-builder-workspace/Sources/CHighway/include/hwy/ops/arm_neon-inl.h:82:7: note: expanded from macro 'HWY_NEON_DEF_FUNCTION'
   82 |       name(HWY_CONCAT(HWY_NEON_BUILD_PARAM_, args)(type, size)) {            \
      |       ^    ~~~~~~~~~~~~~~~~~~~~~~~~~~~~~~~~~~~~~~~~~~~~~~~~~~~
/Users/admin/builder/spi-builder-workspace/Sources/CHighway/include/hwy/ops/arm_neon-inl.h:3650:35: note: candidate function not viable: no known conversion from 'Vec128<TFromD<TagF64>, ((16 / sizeof(TFromD<TagF64>)) < (MaxLanes(TagF64())) ? (16 / sizeof(TFromD<TagF64>)) : (MaxLanes(TagF64()))) aka 2>' to 'const Vec128<int16_t, 4>' for 1st argument
 3650 | HWY_NEON_DEF_FUNCTION_INT_8_16_32(Max, vmax, _, 2)
      | ~~~~~~~~~~~~~~~~~~~~~~~~~~~~~~~~~~^~~~~~~~~~~~~~~~
/Users/admin/builder/spi-builder-workspace/Sources/CHighway/include/hwy/ops/arm_neon-inl.h:224:32: note: expanded from macro 'HWY_NEON_DEF_FUNCTION_INT_8_16_32'
  224 |   HWY_NEON_DEF_FUNCTION_INT_16(name, prefix, infix, args)            \
      |   ~~~~~~~~~~~~~~~~~~~~~~~~~~~~~^~~~~~~~~~~~~~~~~~~~~~~~~~
/Users/admin/builder/spi-builder-workspace/Sources/CHighway/include/hwy/ops/arm_neon-inl.h:119:35: note: expanded from macro 'HWY_NEON_DEF_FUNCTION_INT_16'
  119 |   HWY_NEON_DEF_FUNCTION(int16, 4, name, prefix, infix, s16, args)    \
      |   ~~~~~~~~~~~~~~~~~~~~~~~~~~~~~~~~^~~~~~~~~~~~~~~~~~~~~~~~~~~~~~~
/Users/admin/builder/spi-builder-workspace/Sources/CHighway/include/hwy/ops/arm_neon-inl.h:82:7: note: expanded from macro 'HWY_NEON_DEF_FUNCTION'
   82 |       name(HWY_CONCAT(HWY_NEON_BUILD_PARAM_, args)(type, size)) {            \
      |       ^    ~~~~~~~~~~~~~~~~~~~~~~~~~~~~~~~~~~~~~~~~~~~~~~~~~~~
/Users/admin/builder/spi-builder-workspace/Sources/CHighway/include/hwy/ops/arm_neon-inl.h:3650:35: note: candidate function not viable: no known conversion from 'Vec128<TFromD<TagF64>, [...]>' to 'const Vec128<int16_t, [...]>' for 1st argument
 3650 | HWY_NEON_DEF_FUNCTION_INT_8_16_32(Max, vmax, _, 2)
      | ~~~~~~~~~~~~~~~~~~~~~~~~~~~~~~~~~~^~~~~~~~~~~~~~~~
/Users/admin/builder/spi-builder-workspace/Sources/CHighway/include/hwy/ops/arm_neon-inl.h:224:32: note: expanded from macro 'HWY_NEON_DEF_FUNCTION_INT_8_16_32'
  224 |   HWY_NEON_DEF_FUNCTION_INT_16(name, prefix, infix, args)            \
      |   ~~~~~~~~~~~~~~~~~~~~~~~~~~~~~^~~~~~~~~~~~~~~~~~~~~~~~~~
/Users/admin/builder/spi-builder-workspace/Sources/CHighway/include/hwy/ops/arm_neon-inl.h:120:35: note: expanded from macro 'HWY_NEON_DEF_FUNCTION_INT_16'
  120 |   HWY_NEON_DEF_FUNCTION(int16, 2, name, prefix, infix, s16, args)    \
      |   ~~~~~~~~~~~~~~~~~~~~~~~~~~~~~~~~^~~~~~~~~~~~~~~~~~~~~~~~~~~~~~~
/Users/admin/builder/spi-builder-workspace/Sources/CHighway/include/hwy/ops/arm_neon-inl.h:82:7: note: expanded from macro 'HWY_NEON_DEF_FUNCTION'
   82 |       name(HWY_CONCAT(HWY_NEON_BUILD_PARAM_, args)(type, size)) {            \
      |       ^    ~~~~~~~~~~~~~~~~~~~~~~~~~~~~~~~~~~~~~~~~~~~~~~~~~~~
/Users/admin/builder/spi-builder-workspace/Sources/CHighway/include/hwy/ops/arm_neon-inl.h:3650:35: note: candidate function not viable: no known conversion from 'Vec128<TFromD<TagF64>, ((16 / sizeof(TFromD<TagF64>)) < (MaxLanes(TagF64())) ? (16 / sizeof(TFromD<TagF64>)) : (MaxLanes(TagF64()))) aka 2>' to 'const Vec128<int16_t, 1>' for 1st argument
 3650 | HWY_NEON_DEF_FUNCTION_INT_8_16_32(Max, vmax, _, 2)
      | ~~~~~~~~~~~~~~~~~~~~~~~~~~~~~~~~~~^~~~~~~~~~~~~~~~
/Users/admin/builder/spi-builder-workspace/Sources/CHighway/include/hwy/ops/arm_neon-inl.h:224:32: note: expanded from macro 'HWY_NEON_DEF_FUNCTION_INT_8_16_32'
  224 |   HWY_NEON_DEF_FUNCTION_INT_16(name, prefix, infix, args)            \
      |   ~~~~~~~~~~~~~~~~~~~~~~~~~~~~~^~~~~~~~~~~~~~~~~~~~~~~~~~
/Users/admin/builder/spi-builder-workspace/Sources/CHighway/include/hwy/ops/arm_neon-inl.h:121:35: note: expanded from macro 'HWY_NEON_DEF_FUNCTION_INT_16'
  121 |   HWY_NEON_DEF_FUNCTION(int16, 1, name, prefix, infix, s16, args)
      |   ~~~~~~~~~~~~~~~~~~~~~~~~~~~~~~~~^~~~~~~~~~~~~~~~~~~~~~~~~~~~~~~
/Users/admin/builder/spi-builder-workspace/Sources/CHighway/include/hwy/ops/arm_neon-inl.h:82:7: note: expanded from macro 'HWY_NEON_DEF_FUNCTION'
   82 |       name(HWY_CONCAT(HWY_NEON_BUILD_PARAM_, args)(type, size)) {            \
      |       ^    ~~~~~~~~~~~~~~~~~~~~~~~~~~~~~~~~~~~~~~~~~~~~~~~~~~~
/Users/admin/builder/spi-builder-workspace/Sources/CHighway/include/hwy/ops/arm_neon-inl.h:3650:35: note: candidate function not viable: no known conversion from 'Vec128<TFromD<TagF64>, ((16 / sizeof(TFromD<TagF64>)) < (MaxLanes(TagF64())) ? (16 / sizeof(TFromD<TagF64>)) : (MaxLanes(TagF64()))) aka 2>' to 'const Vec128<int32_t, 4>' for 1st argument
 3650 | HWY_NEON_DEF_FUNCTION_INT_8_16_32(Max, vmax, _, 2)
      | ~~~~~~~~~~~~~~~~~~~~~~~~~~~~~~~~~~^~~~~~~~~~~~~~~~
/Users/admin/builder/spi-builder-workspace/Sources/CHighway/include/hwy/ops/arm_neon-inl.h:225:32: note: expanded from macro 'HWY_NEON_DEF_FUNCTION_INT_8_16_32'
  225 |   HWY_NEON_DEF_FUNCTION_INT_32(name, prefix, infix, args)
      |   ~~~~~~~~~~~~~~~~~~~~~~~~~~~~~^~~~~~~~~~~~~~~~~~~~~~~~~~
/Users/admin/builder/spi-builder-workspace/Sources/CHighway/include/hwy/ops/arm_neon-inl.h:131:35: note: expanded from macro 'HWY_NEON_DEF_FUNCTION_INT_32'
  131 |   HWY_NEON_DEF_FUNCTION(int32, 4, name, prefix##q, infix, s32, args) \
      |   ~~~~~~~~~~~~~~~~~~~~~~~~~~~~~~~~^~~~~~~~~~~~~~~~~~~~~~~~~~~~~~~~~~
/Users/admin/builder/spi-builder-workspace/Sources/CHighway/include/hwy/ops/arm_neon-inl.h:82:7: note: expanded from macro 'HWY_NEON_DEF_FUNCTION'
   82 |       name(HWY_CONCAT(HWY_NEON_BUILD_PARAM_, args)(type, size)) {            \
      |       ^    ~~~~~~~~~~~~~~~~~~~~~~~~~~~~~~~~~~~~~~~~~~~~~~~~~~~
/Users/admin/builder/spi-builder-workspace/Sources/CHighway/include/hwy/ops/arm_neon-inl.h:3650:35: note: candidate function not viable: no known conversion from 'Vec128<TFromD<TagF64>, [...]>' to 'const Vec128<int32_t, [...]>' for 1st argument
 3650 | HWY_NEON_DEF_FUNCTION_INT_8_16_32(Max, vmax, _, 2)
      | ~~~~~~~~~~~~~~~~~~~~~~~~~~~~~~~~~~^~~~~~~~~~~~~~~~
/Users/admin/builder/spi-builder-workspace/Sources/CHighway/include/hwy/ops/arm_neon-inl.h:225:32: note: expanded from macro 'HWY_NEON_DEF_FUNCTION_INT_8_16_32'
  225 |   HWY_NEON_DEF_FUNCTION_INT_32(name, prefix, infix, args)
      |   ~~~~~~~~~~~~~~~~~~~~~~~~~~~~~^~~~~~~~~~~~~~~~~~~~~~~~~~
/Users/admin/builder/spi-builder-workspace/Sources/CHighway/include/hwy/ops/arm_neon-inl.h:132:35: note: expanded from macro 'HWY_NEON_DEF_FUNCTION_INT_32'
  132 |   HWY_NEON_DEF_FUNCTION(int32, 2, name, prefix, infix, s32, args)    \
      |   ~~~~~~~~~~~~~~~~~~~~~~~~~~~~~~~~^~~~~~~~~~~~~~~~~~~~~~~~~~~~~~~
/Users/admin/builder/spi-builder-workspace/Sources/CHighway/include/hwy/ops/arm_neon-inl.h:82:7: note: expanded from macro 'HWY_NEON_DEF_FUNCTION'
   82 |       name(HWY_CONCAT(HWY_NEON_BUILD_PARAM_, args)(type, size)) {            \
      |       ^    ~~~~~~~~~~~~~~~~~~~~~~~~~~~~~~~~~~~~~~~~~~~~~~~~~~~
/Users/admin/builder/spi-builder-workspace/Sources/CHighway/include/hwy/ops/arm_neon-inl.h:3650:35: note: candidate function not viable: no known conversion from 'Vec128<TFromD<TagF64>, ((16 / sizeof(TFromD<TagF64>)) < (MaxLanes(TagF64())) ? (16 / sizeof(TFromD<TagF64>)) : (MaxLanes(TagF64()))) aka 2>' to 'const Vec128<int32_t, 1>' for 1st argument
 3650 | HWY_NEON_DEF_FUNCTION_INT_8_16_32(Max, vmax, _, 2)
      | ~~~~~~~~~~~~~~~~~~~~~~~~~~~~~~~~~~^~~~~~~~~~~~~~~~
/Users/admin/builder/spi-builder-workspace/Sources/CHighway/include/hwy/ops/arm_neon-inl.h:225:32: note: expanded from macro 'HWY_NEON_DEF_FUNCTION_INT_8_16_32'
  225 |   HWY_NEON_DEF_FUNCTION_INT_32(name, prefix, infix, args)
      |   ~~~~~~~~~~~~~~~~~~~~~~~~~~~~~^~~~~~~~~~~~~~~~~~~~~~~~~~
/Users/admin/builder/spi-builder-workspace/Sources/CHighway/include/hwy/ops/arm_neon-inl.h:133:35: note: expanded from macro 'HWY_NEON_DEF_FUNCTION_INT_32'
  133 |   HWY_NEON_DEF_FUNCTION(int32, 1, name, prefix, infix, s32, args)
      |   ~~~~~~~~~~~~~~~~~~~~~~~~~~~~~~~~^~~~~~~~~~~~~~~~~~~~~~~~~~~~~~~
/Users/admin/builder/spi-builder-workspace/Sources/CHighway/include/hwy/ops/arm_neon-inl.h:82:7: note: expanded from macro 'HWY_NEON_DEF_FUNCTION'
   82 |       name(HWY_CONCAT(HWY_NEON_BUILD_PARAM_, args)(type, size)) {            \
      |       ^    ~~~~~~~~~~~~~~~~~~~~~~~~~~~~~~~~~~~~~~~~~~~~~~~~~~~
/Users/admin/builder/spi-builder-workspace/Sources/CHighway/include/hwy/ops/arm_neon-inl.h:3696:34: note: candidate function not viable: no known conversion from 'Vec128<TFromD<TagF64>, ((16 / sizeof(TFromD<TagF64>)) < (MaxLanes(TagF64())) ? (16 / sizeof(TFromD<TagF64>)) : (MaxLanes(TagF64()))) aka 2>' to 'const Vec128<float32_t, 4>' for 1st argument
 3696 | HWY_NEON_DEF_FUNCTION_ALL_FLOATS(Max, vmax, _, 2)
      | ~~~~~~~~~~~~~~~~~~~~~~~~~~~~~~~~~^~~~~~~~~~~~~~~~
/Users/admin/builder/spi-builder-workspace/Sources/CHighway/include/hwy/ops/arm_neon-inl.h:247:37: note: expanded from macro 'HWY_NEON_DEF_FUNCTION_ALL_FLOATS'
  247 |   HWY_NEON_DEF_FUNCTION_FLOAT_16_32(name, prefix, infix, args)      \
      |   ~~~~~~~~~~~~~~~~~~~~~~~~~~~~~~~~~~^~~~~~~~~~~~~~~~~~~~~~~~~~
/Users/admin/builder/spi-builder-workspace/Sources/CHighway/include/hwy/ops/arm_neon-inl.h:244:34: note: expanded from macro 'HWY_NEON_DEF_FUNCTION_FLOAT_16_32'
  244 |   HWY_NEON_DEF_FUNCTION_FLOAT_32(name, prefix, infix, args)
      |   ~~~~~~~~~~~~~~~~~~~~~~~~~~~~~~~^~~~~~~~~~~~~~~~~~~~~~~~~~
/Users/admin/builder/spi-builder-workspace/Sources/CHighway/include/hwy/ops/arm_neon-inl.h:201:37: note: expanded from macro 'HWY_NEON_DEF_FUNCTION_FLOAT_32'
  201 |   HWY_NEON_DEF_FUNCTION(float32, 4, name, prefix##q, infix, f32, args) \
      |   ~~~~~~~~~~~~~~~~~~~~~~~~~~~~~~~~~~^~~~~~~~~~~~~~~~~~~~~~~~~~~~~~~~~~
/Users/admin/builder/spi-builder-workspace/Sources/CHighway/include/hwy/ops/arm_neon-inl.h:82:7: note: expanded from macro 'HWY_NEON_DEF_FUNCTION'
   82 |       name(HWY_CONCAT(HWY_NEON_BUILD_PARAM_, args)(type, size)) {            \
      |       ^    ~~~~~~~~~~~~~~~~~~~~~~~~~~~~~~~~~~~~~~~~~~~~~~~~~~~
/Users/admin/builder/spi-builder-workspace/Sources/CHighway/include/hwy/ops/arm_neon-inl.h:3696:34: note: candidate function not viable: no known conversion from 'Vec128<TFromD<TagF64>, [...]>' to 'const Vec128<float32_t, [...]>' for 1st argument
 3696 | HWY_NEON_DEF_FUNCTION_ALL_FLOATS(Max, vmax, _, 2)
      | ~~~~~~~~~~~~~~~~~~~~~~~~~~~~~~~~~^~~~~~~~~~~~~~~~
/Users/admin/builder/spi-builder-workspace/Sources/CHighway/include/hwy/ops/arm_neon-inl.h:247:37: note: expanded from macro 'HWY_NEON_DEF_FUNCTION_ALL_FLOATS'
  247 |   HWY_NEON_DEF_FUNCTION_FLOAT_16_32(name, prefix, infix, args)      \
      |   ~~~~~~~~~~~~~~~~~~~~~~~~~~~~~~~~~~^~~~~~~~~~~~~~~~~~~~~~~~~~
/Users/admin/builder/spi-builder-workspace/Sources/CHighway/include/hwy/ops/arm_neon-inl.h:244:34: note: expanded from macro 'HWY_NEON_DEF_FUNCTION_FLOAT_16_32'
  244 |   HWY_NEON_DEF_FUNCTION_FLOAT_32(name, prefix, infix, args)
      |   ~~~~~~~~~~~~~~~~~~~~~~~~~~~~~~~^~~~~~~~~~~~~~~~~~~~~~~~~~
/Users/admin/builder/spi-builder-workspace/Sources/CHighway/include/hwy/ops/arm_neon-inl.h:202:37: note: expanded from macro 'HWY_NEON_DEF_FUNCTION_FLOAT_32'
  202 |   HWY_NEON_DEF_FUNCTION(float32, 2, name, prefix, infix, f32, args)    \
      |   ~~~~~~~~~~~~~~~~~~~~~~~~~~~~~~~~~~^~~~~~~~~~~~~~~~~~~~~~~~~~~~~~~
/Users/admin/builder/spi-builder-workspace/Sources/CHighway/include/hwy/ops/arm_neon-inl.h:82:7: note: expanded from macro 'HWY_NEON_DEF_FUNCTION'
   82 |       name(HWY_CONCAT(HWY_NEON_BUILD_PARAM_, args)(type, size)) {            \
      |       ^    ~~~~~~~~~~~~~~~~~~~~~~~~~~~~~~~~~~~~~~~~~~~~~~~~~~~
/Users/admin/builder/spi-builder-workspace/Sources/CHighway/include/hwy/ops/arm_neon-inl.h:3696:34: note: candidate function not viable: no known conversion from 'Vec128<TFromD<TagF64>, ((16 / sizeof(TFromD<TagF64>)) < (MaxLanes(TagF64())) ? (16 / sizeof(TFromD<TagF64>)) : (MaxLanes(TagF64()))) aka 2>' to 'const Vec128<float32_t, 1>' for 1st argument
 3696 | HWY_NEON_DEF_FUNCTION_ALL_FLOATS(Max, vmax, _, 2)
      | ~~~~~~~~~~~~~~~~~~~~~~~~~~~~~~~~~^~~~~~~~~~~~~~~~
/Users/admin/builder/spi-builder-workspace/Sources/CHighway/include/hwy/ops/arm_neon-inl.h:247:37: note: expanded from macro 'HWY_NEON_DEF_FUNCTION_ALL_FLOATS'
  247 |   HWY_NEON_DEF_FUNCTION_FLOAT_16_32(name, prefix, infix, args)      \
      |   ~~~~~~~~~~~~~~~~~~~~~~~~~~~~~~~~~~^~~~~~~~~~~~~~~~~~~~~~~~~~
/Users/admin/builder/spi-builder-workspace/Sources/CHighway/include/hwy/ops/arm_neon-inl.h:244:34: note: expanded from macro 'HWY_NEON_DEF_FUNCTION_FLOAT_16_32'
  244 |   HWY_NEON_DEF_FUNCTION_FLOAT_32(name, prefix, infix, args)
      |   ~~~~~~~~~~~~~~~~~~~~~~~~~~~~~~~^~~~~~~~~~~~~~~~~~~~~~~~~~
/Users/admin/builder/spi-builder-workspace/Sources/CHighway/include/hwy/ops/arm_neon-inl.h:203:37: note: expanded from macro 'HWY_NEON_DEF_FUNCTION_FLOAT_32'
  203 |   HWY_NEON_DEF_FUNCTION(float32, 1, name, prefix, infix, f32, args)
      |   ~~~~~~~~~~~~~~~~~~~~~~~~~~~~~~~~~~^~~~~~~~~~~~~~~~~~~~~~~~~~~~~~~
/Users/admin/builder/spi-builder-workspace/Sources/CHighway/include/hwy/ops/arm_neon-inl.h:82:7: note: expanded from macro 'HWY_NEON_DEF_FUNCTION'
   82 |       name(HWY_CONCAT(HWY_NEON_BUILD_PARAM_, args)(type, size)) {            \
      |       ^    ~~~~~~~~~~~~~~~~~~~~~~~~~~~~~~~~~~~~~~~~~~~~~~~~~~~
/Users/admin/builder/spi-builder-workspace/Sources/CHighway/include/hwy/ops/arm_neon-inl.h:3639:29: note: candidate template ignored: could not match 'unsigned long long' against 'double'
 3639 | HWY_API Vec128<uint64_t, N> Max(Vec128<uint64_t, N> a, Vec128<uint64_t, N> b) {
      |                             ^
/Users/admin/builder/spi-builder-workspace/Sources/CHighway/include/hwy/ops/arm_neon-inl.h:3653:28: note: candidate template ignored: could not match 'long long' against 'double'
 3653 | HWY_API Vec128<int64_t, N> Max(Vec128<int64_t, N> a, Vec128<int64_t, N> b) {
      |                            ^
In file included from /Users/admin/builder/spi-builder-workspace/Sources/CHighwayOps/CHighwayOps.cc:4:
/Users/admin/builder/spi-builder-workspace/Sources/CHighwayOps/include/CHighwayOps.h:545:55: error: no matching function for call to 'Neg'
  545 | HWY_INLINE VectorF64 negatedF64(VectorF64 a) { return hn::Neg(a); }
      |                                                       ^~~~~~~
In file included from /Users/admin/builder/spi-builder-workspace/Sources/CHighwayOps/CHighwayOps.cc:4:
In file included from /Users/admin/builder/spi-builder-workspace/Sources/CHighwayOps/include/CHighwayOps.h:10:
In file included from /Users/admin/builder/spi-builder-workspace/Sources/CHighway/include/hwy/highway.h:706:
/Users/admin/builder/spi-builder-workspace/Sources/CHighway/include/hwy/ops/arm_neon-inl.h:2155:34: note: candidate function not viable: no known conversion from 'Vec128<TFromD<TagF64>, ((16 / sizeof(TFromD<TagF64>)) < (MaxLanes(TagF64())) ? (16 / sizeof(TFromD<TagF64>)) : (MaxLanes(TagF64()))) aka 2>' to 'const Vec128<float32_t, 4>' for 1st argument
 2155 | HWY_NEON_DEF_FUNCTION_ALL_FLOATS(Neg, vneg, _, 1)
      | ~~~~~~~~~~~~~~~~~~~~~~~~~~~~~~~~~^~~~~~~~~~~~~~~~
/Users/admin/builder/spi-builder-workspace/Sources/CHighway/include/hwy/ops/arm_neon-inl.h:247:37: note: expanded from macro 'HWY_NEON_DEF_FUNCTION_ALL_FLOATS'
  247 |   HWY_NEON_DEF_FUNCTION_FLOAT_16_32(name, prefix, infix, args)      \
      |   ~~~~~~~~~~~~~~~~~~~~~~~~~~~~~~~~~~^~~~~~~~~~~~~~~~~~~~~~~~~~
/Users/admin/builder/spi-builder-workspace/Sources/CHighway/include/hwy/ops/arm_neon-inl.h:244:34: note: expanded from macro 'HWY_NEON_DEF_FUNCTION_FLOAT_16_32'
  244 |   HWY_NEON_DEF_FUNCTION_FLOAT_32(name, prefix, infix, args)
      |   ~~~~~~~~~~~~~~~~~~~~~~~~~~~~~~~^~~~~~~~~~~~~~~~~~~~~~~~~~
/Users/admin/builder/spi-builder-workspace/Sources/CHighway/include/hwy/ops/arm_neon-inl.h:201:37: note: expanded from macro 'HWY_NEON_DEF_FUNCTION_FLOAT_32'
  201 |   HWY_NEON_DEF_FUNCTION(float32, 4, name, prefix##q, infix, f32, args) \
      |   ~~~~~~~~~~~~~~~~~~~~~~~~~~~~~~~~~~^~~~~~~~~~~~~~~~~~~~~~~~~~~~~~~~~~
/Users/admin/builder/spi-builder-workspace/Sources/CHighway/include/hwy/ops/arm_neon-inl.h:82:7: note: expanded from macro 'HWY_NEON_DEF_FUNCTION'
   82 |       name(HWY_CONCAT(HWY_NEON_BUILD_PARAM_, args)(type, size)) {            \
      |       ^    ~~~~~~~~~~~~~~~~~~~~~~~~~~~~~~~~~~~~~~~~~~~~~~~~~~~
/Users/admin/builder/spi-builder-workspace/Sources/CHighway/include/hwy/ops/arm_neon-inl.h:2155:34: note: candidate function not viable: no known conversion from 'Vec128<TFromD<TagF64>, [...]>' to 'const Vec128<float32_t, [...]>' for 1st argument
 2155 | HWY_NEON_DEF_FUNCTION_ALL_FLOATS(Neg, vneg, _, 1)
      | ~~~~~~~~~~~~~~~~~~~~~~~~~~~~~~~~~^~~~~~~~~~~~~~~~
/Users/admin/builder/spi-builder-workspace/Sources/CHighway/include/hwy/ops/arm_neon-inl.h:247:37: note: expanded from macro 'HWY_NEON_DEF_FUNCTION_ALL_FLOATS'
  247 |   HWY_NEON_DEF_FUNCTION_FLOAT_16_32(name, prefix, infix, args)      \
      |   ~~~~~~~~~~~~~~~~~~~~~~~~~~~~~~~~~~^~~~~~~~~~~~~~~~~~~~~~~~~~
/Users/admin/builder/spi-builder-workspace/Sources/CHighway/include/hwy/ops/arm_neon-inl.h:244:34: note: expanded from macro 'HWY_NEON_DEF_FUNCTION_FLOAT_16_32'
  244 |   HWY_NEON_DEF_FUNCTION_FLOAT_32(name, prefix, infix, args)
      |   ~~~~~~~~~~~~~~~~~~~~~~~~~~~~~~~^~~~~~~~~~~~~~~~~~~~~~~~~~
/Users/admin/builder/spi-builder-workspace/Sources/CHighway/include/hwy/ops/arm_neon-inl.h:202:37: note: expanded from macro 'HWY_NEON_DEF_FUNCTION_FLOAT_32'
  202 |   HWY_NEON_DEF_FUNCTION(float32, 2, name, prefix, infix, f32, args)    \
      |   ~~~~~~~~~~~~~~~~~~~~~~~~~~~~~~~~~~^~~~~~~~~~~~~~~~~~~~~~~~~~~~~~~
/Users/admin/builder/spi-builder-workspace/Sources/CHighway/include/hwy/ops/arm_neon-inl.h:82:7: note: expanded from macro 'HWY_NEON_DEF_FUNCTION'
   82 |       name(HWY_CONCAT(HWY_NEON_BUILD_PARAM_, args)(type, size)) {            \
      |       ^    ~~~~~~~~~~~~~~~~~~~~~~~~~~~~~~~~~~~~~~~~~~~~~~~~~~~
/Users/admin/builder/spi-builder-workspace/Sources/CHighway/include/hwy/ops/arm_neon-inl.h:2155:34: note: candidate function not viable: no known conversion from 'Vec128<TFromD<TagF64>, ((16 / sizeof(TFromD<TagF64>)) < (MaxLanes(TagF64())) ? (16 / sizeof(TFromD<TagF64>)) : (MaxLanes(TagF64()))) aka 2>' to 'const Vec128<float32_t, 1>' for 1st argument
 2155 | HWY_NEON_DEF_FUNCTION_ALL_FLOATS(Neg, vneg, _, 1)
      | ~~~~~~~~~~~~~~~~~~~~~~~~~~~~~~~~~^~~~~~~~~~~~~~~~
/Users/admin/builder/spi-builder-workspace/Sources/CHighway/include/hwy/ops/arm_neon-inl.h:247:37: note: expanded from macro 'HWY_NEON_DEF_FUNCTION_ALL_FLOATS'
  247 |   HWY_NEON_DEF_FUNCTION_FLOAT_16_32(name, prefix, infix, args)      \
      |   ~~~~~~~~~~~~~~~~~~~~~~~~~~~~~~~~~~^~~~~~~~~~~~~~~~~~~~~~~~~~
/Users/admin/builder/spi-builder-workspace/Sources/CHighway/include/hwy/ops/arm_neon-inl.h:244:34: note: expanded from macro 'HWY_NEON_DEF_FUNCTION_FLOAT_16_32'
  244 |   HWY_NEON_DEF_FUNCTION_FLOAT_32(name, prefix, infix, args)
      |   ~~~~~~~~~~~~~~~~~~~~~~~~~~~~~~~^~~~~~~~~~~~~~~~~~~~~~~~~~
/Users/admin/builder/spi-builder-workspace/Sources/CHighway/include/hwy/ops/arm_neon-inl.h:203:37: note: expanded from macro 'HWY_NEON_DEF_FUNCTION_FLOAT_32'
  203 |   HWY_NEON_DEF_FUNCTION(float32, 1, name, prefix, infix, f32, args)
      |   ~~~~~~~~~~~~~~~~~~~~~~~~~~~~~~~~~~^~~~~~~~~~~~~~~~~~~~~~~~~~~~~~~
/Users/admin/builder/spi-builder-workspace/Sources/CHighway/include/hwy/ops/arm_neon-inl.h:82:7: note: expanded from macro 'HWY_NEON_DEF_FUNCTION'
   82 |       name(HWY_CONCAT(HWY_NEON_BUILD_PARAM_, args)(type, size)) {            \
      |       ^    ~~~~~~~~~~~~~~~~~~~~~~~~~~~~~~~~~~~~~~~~~~~~~~~~~~~
/Users/admin/builder/spi-builder-workspace/Sources/CHighway/include/hwy/ops/arm_neon-inl.h:2156:35: note: candidate function not viable: no known conversion from 'Vec128<TFromD<TagF64>, ((16 / sizeof(TFromD<TagF64>)) < (MaxLanes(TagF64())) ? (16 / sizeof(TFromD<TagF64>)) : (MaxLanes(TagF64()))) aka 2>' to 'const Vec128<int8_t, 16>' for 1st argument
 2156 | HWY_NEON_DEF_FUNCTION_INT_8_16_32(Neg, vneg, _, 1)  // i64 implemented below
      | ~~~~~~~~~~~~~~~~~~~~~~~~~~~~~~~~~~^~~~~~~~~~~~~~~~
/Users/admin/builder/spi-builder-workspace/Sources/CHighway/include/hwy/ops/arm_neon-inl.h:223:31: note: expanded from macro 'HWY_NEON_DEF_FUNCTION_INT_8_16_32'
  223 |   HWY_NEON_DEF_FUNCTION_INT_8(name, prefix, infix, args)             \
      |   ~~~~~~~~~~~~~~~~~~~~~~~~~~~~^~~~~~~~~~~~~~~~~~~~~~~~~~
/Users/admin/builder/spi-builder-workspace/Sources/CHighway/include/hwy/ops/arm_neon-inl.h:103:35: note: expanded from macro 'HWY_NEON_DEF_FUNCTION_INT_8'
  103 |   HWY_NEON_DEF_FUNCTION(int8, 16, name, prefix##q, infix, s8, args) \
      |   ~~~~~~~~~~~~~~~~~~~~~~~~~~~~~~~~^~~~~~~~~~~~~~~~~~~~~~~~~~~~~~~~~
/Users/admin/builder/spi-builder-workspace/Sources/CHighway/include/hwy/ops/arm_neon-inl.h:82:7: note: expanded from macro 'HWY_NEON_DEF_FUNCTION'
   82 |       name(HWY_CONCAT(HWY_NEON_BUILD_PARAM_, args)(type, size)) {            \
      |       ^    ~~~~~~~~~~~~~~~~~~~~~~~~~~~~~~~~~~~~~~~~~~~~~~~~~~~
/Users/admin/builder/spi-builder-workspace/Sources/CHighway/include/hwy/ops/arm_neon-inl.h:2156:35: note: candidate function not viable: no known conversion from 'Vec128<TFromD<TagF64>, ((16 / sizeof(TFromD<TagF64>)) < (MaxLanes(TagF64())) ? (16 / sizeof(TFromD<TagF64>)) : (MaxLanes(TagF64()))) aka 2>' to 'const Vec128<int8_t, 8>' for 1st argument
 2156 | HWY_NEON_DEF_FUNCTION_INT_8_16_32(Neg, vneg, _, 1)  // i64 implemented below
      | ~~~~~~~~~~~~~~~~~~~~~~~~~~~~~~~~~~^~~~~~~~~~~~~~~~
/Users/admin/builder/spi-builder-workspace/Sources/CHighway/include/hwy/ops/arm_neon-inl.h:223:31: note: expanded from macro 'HWY_NEON_DEF_FUNCTION_INT_8_16_32'
  223 |   HWY_NEON_DEF_FUNCTION_INT_8(name, prefix, infix, args)             \
      |   ~~~~~~~~~~~~~~~~~~~~~~~~~~~~^~~~~~~~~~~~~~~~~~~~~~~~~~
/Users/admin/builder/spi-builder-workspace/Sources/CHighway/include/hwy/ops/arm_neon-inl.h:104:34: note: expanded from macro 'HWY_NEON_DEF_FUNCTION_INT_8'
  104 |   HWY_NEON_DEF_FUNCTION(int8, 8, name, prefix, infix, s8, args)     \
      |   ~~~~~~~~~~~~~~~~~~~~~~~~~~~~~~~^~~~~~~~~~~~~~~~~~~~~~~~~~~~~~
/Users/admin/builder/spi-builder-workspace/Sources/CHighway/include/hwy/ops/arm_neon-inl.h:82:7: note: expanded from macro 'HWY_NEON_DEF_FUNCTION'
   82 |       name(HWY_CONCAT(HWY_NEON_BUILD_PARAM_, args)(type, size)) {            \
      |       ^    ~~~~~~~~~~~~~~~~~~~~~~~~~~~~~~~~~~~~~~~~~~~~~~~~~~~
/Users/admin/builder/spi-builder-workspace/Sources/CHighway/include/hwy/ops/arm_neon-inl.h:2156:35: note: candidate function not viable: no known conversion from 'Vec128<TFromD<TagF64>, ((16 / sizeof(TFromD<TagF64>)) < (MaxLanes(TagF64())) ? (16 / sizeof(TFromD<TagF64>)) : (MaxLanes(TagF64()))) aka 2>' to 'const Vec128<int8_t, 4>' for 1st argument
 2156 | HWY_NEON_DEF_FUNCTION_INT_8_16_32(Neg, vneg, _, 1)  // i64 implemented below
      | ~~~~~~~~~~~~~~~~~~~~~~~~~~~~~~~~~~^~~~~~~~~~~~~~~~
/Users/admin/builder/spi-builder-workspace/Sources/CHighway/include/hwy/ops/arm_neon-inl.h:223:31: note: expanded from macro 'HWY_NEON_DEF_FUNCTION_INT_8_16_32'
  223 |   HWY_NEON_DEF_FUNCTION_INT_8(name, prefix, infix, args)             \
      |   ~~~~~~~~~~~~~~~~~~~~~~~~~~~~^~~~~~~~~~~~~~~~~~~~~~~~~~
/Users/admin/builder/spi-builder-workspace/Sources/CHighway/include/hwy/ops/arm_neon-inl.h:105:34: note: expanded from macro 'HWY_NEON_DEF_FUNCTION_INT_8'
  105 |   HWY_NEON_DEF_FUNCTION(int8, 4, name, prefix, infix, s8, args)     \
      |   ~~~~~~~~~~~~~~~~~~~~~~~~~~~~~~~^~~~~~~~~~~~~~~~~~~~~~~~~~~~~~
/Users/admin/builder/spi-builder-workspace/Sources/CHighway/include/hwy/ops/arm_neon-inl.h:82:7: note: expanded from macro 'HWY_NEON_DEF_FUNCTION'
   82 |       name(HWY_CONCAT(HWY_NEON_BUILD_PARAM_, args)(type, size)) {            \
      |       ^    ~~~~~~~~~~~~~~~~~~~~~~~~~~~~~~~~~~~~~~~~~~~~~~~~~~~
/Users/admin/builder/spi-builder-workspace/Sources/CHighway/include/hwy/ops/arm_neon-inl.h:2156:35: note: candidate function not viable: no known conversion from 'Vec128<TFromD<TagF64>, [...]>' to 'const Vec128<int8_t, [...]>' for 1st argument
 2156 | HWY_NEON_DEF_FUNCTION_INT_8_16_32(Neg, vneg, _, 1)  // i64 implemented below
      | ~~~~~~~~~~~~~~~~~~~~~~~~~~~~~~~~~~^~~~~~~~~~~~~~~~
/Users/admin/builder/spi-builder-workspace/Sources/CHighway/include/hwy/ops/arm_neon-inl.h:223:31: note: expanded from macro 'HWY_NEON_DEF_FUNCTION_INT_8_16_32'
  223 |   HWY_NEON_DEF_FUNCTION_INT_8(name, prefix, infix, args)             \
      |   ~~~~~~~~~~~~~~~~~~~~~~~~~~~~^~~~~~~~~~~~~~~~~~~~~~~~~~
/Users/admin/builder/spi-builder-workspace/Sources/CHighway/include/hwy/ops/arm_neon-inl.h:106:34: note: expanded from macro 'HWY_NEON_DEF_FUNCTION_INT_8'
  106 |   HWY_NEON_DEF_FUNCTION(int8, 2, name, prefix, infix, s8, args)     \
      |   ~~~~~~~~~~~~~~~~~~~~~~~~~~~~~~~^~~~~~~~~~~~~~~~~~~~~~~~~~~~~~
/Users/admin/builder/spi-builder-workspace/Sources/CHighway/include/hwy/ops/arm_neon-inl.h:82:7: note: expanded from macro 'HWY_NEON_DEF_FUNCTION'
   82 |       name(HWY_CONCAT(HWY_NEON_BUILD_PARAM_, args)(type, size)) {            \
      |       ^    ~~~~~~~~~~~~~~~~~~~~~~~~~~~~~~~~~~~~~~~~~~~~~~~~~~~
/Users/admin/builder/spi-builder-workspace/Sources/CHighway/include/hwy/ops/arm_neon-inl.h:2156:35: note: candidate function not viable: no known conversion from 'Vec128<TFromD<TagF64>, ((16 / sizeof(TFromD<TagF64>)) < (MaxLanes(TagF64())) ? (16 / sizeof(TFromD<TagF64>)) : (MaxLanes(TagF64()))) aka 2>' to 'const Vec128<int8_t, 1>' for 1st argument
 2156 | HWY_NEON_DEF_FUNCTION_INT_8_16_32(Neg, vneg, _, 1)  // i64 implemented below
      | ~~~~~~~~~~~~~~~~~~~~~~~~~~~~~~~~~~^~~~~~~~~~~~~~~~
/Users/admin/builder/spi-builder-workspace/Sources/CHighway/include/hwy/ops/arm_neon-inl.h:223:31: note: expanded from macro 'HWY_NEON_DEF_FUNCTION_INT_8_16_32'
  223 |   HWY_NEON_DEF_FUNCTION_INT_8(name, prefix, infix, args)             \
      |   ~~~~~~~~~~~~~~~~~~~~~~~~~~~~^~~~~~~~~~~~~~~~~~~~~~~~~~
/Users/admin/builder/spi-builder-workspace/Sources/CHighway/include/hwy/ops/arm_neon-inl.h:107:34: note: expanded from macro 'HWY_NEON_DEF_FUNCTION_INT_8'
  107 |   HWY_NEON_DEF_FUNCTION(int8, 1, name, prefix, infix, s8, args)
      |   ~~~~~~~~~~~~~~~~~~~~~~~~~~~~~~~^~~~~~~~~~~~~~~~~~~~~~~~~~~~~~
/Users/admin/builder/spi-builder-workspace/Sources/CHighway/include/hwy/ops/arm_neon-inl.h:82:7: note: expanded from macro 'HWY_NEON_DEF_FUNCTION'
   82 |       name(HWY_CONCAT(HWY_NEON_BUILD_PARAM_, args)(type, size)) {            \
      |       ^    ~~~~~~~~~~~~~~~~~~~~~~~~~~~~~~~~~~~~~~~~~~~~~~~~~~~
/Users/admin/builder/spi-builder-workspace/Sources/CHighway/include/hwy/ops/arm_neon-inl.h:2156:35: note: candidate function not viable: no known conversion from 'Vec128<TFromD<TagF64>, ((16 / sizeof(TFromD<TagF64>)) < (MaxLanes(TagF64())) ? (16 / sizeof(TFromD<TagF64>)) : (MaxLanes(TagF64()))) aka 2>' to 'const Vec128<int16_t, 8>' for 1st argument
 2156 | HWY_NEON_DEF_FUNCTION_INT_8_16_32(Neg, vneg, _, 1)  // i64 implemented below
      | ~~~~~~~~~~~~~~~~~~~~~~~~~~~~~~~~~~^~~~~~~~~~~~~~~~
/Users/admin/builder/spi-builder-workspace/Sources/CHighway/include/hwy/ops/arm_neon-inl.h:224:32: note: expanded from macro 'HWY_NEON_DEF_FUNCTION_INT_8_16_32'
  224 |   HWY_NEON_DEF_FUNCTION_INT_16(name, prefix, infix, args)            \
      |   ~~~~~~~~~~~~~~~~~~~~~~~~~~~~~^~~~~~~~~~~~~~~~~~~~~~~~~~
/Users/admin/builder/spi-builder-workspace/Sources/CHighway/include/hwy/ops/arm_neon-inl.h:118:35: note: expanded from macro 'HWY_NEON_DEF_FUNCTION_INT_16'
  118 |   HWY_NEON_DEF_FUNCTION(int16, 8, name, prefix##q, infix, s16, args) \
      |   ~~~~~~~~~~~~~~~~~~~~~~~~~~~~~~~~^~~~~~~~~~~~~~~~~~~~~~~~~~~~~~~~~~
/Users/admin/builder/spi-builder-workspace/Sources/CHighway/include/hwy/ops/arm_neon-inl.h:82:7: note: expanded from macro 'HWY_NEON_DEF_FUNCTION'
   82 |       name(HWY_CONCAT(HWY_NEON_BUILD_PARAM_, args)(type, size)) {            \
      |       ^    ~~~~~~~~~~~~~~~~~~~~~~~~~~~~~~~~~~~~~~~~~~~~~~~~~~~
/Users/admin/builder/spi-builder-workspace/Sources/CHighway/include/hwy/ops/arm_neon-inl.h:2156:35: note: candidate function not viable: no known conversion from 'Vec128<TFromD<TagF64>, ((16 / sizeof(TFromD<TagF64>)) < (MaxLanes(TagF64())) ? (16 / sizeof(TFromD<TagF64>)) : (MaxLanes(TagF64()))) aka 2>' to 'const Vec128<int16_t, 4>' for 1st argument
 2156 | HWY_NEON_DEF_FUNCTION_INT_8_16_32(Neg, vneg, _, 1)  // i64 implemented below
      | ~~~~~~~~~~~~~~~~~~~~~~~~~~~~~~~~~~^~~~~~~~~~~~~~~~
/Users/admin/builder/spi-builder-workspace/Sources/CHighway/include/hwy/ops/arm_neon-inl.h:224:32: note: expanded from macro 'HWY_NEON_DEF_FUNCTION_INT_8_16_32'
  224 |   HWY_NEON_DEF_FUNCTION_INT_16(name, prefix, infix, args)            \
      |   ~~~~~~~~~~~~~~~~~~~~~~~~~~~~~^~~~~~~~~~~~~~~~~~~~~~~~~~
/Users/admin/builder/spi-builder-workspace/Sources/CHighway/include/hwy/ops/arm_neon-inl.h:119:35: note: expanded from macro 'HWY_NEON_DEF_FUNCTION_INT_16'
  119 |   HWY_NEON_DEF_FUNCTION(int16, 4, name, prefix, infix, s16, args)    \
      |   ~~~~~~~~~~~~~~~~~~~~~~~~~~~~~~~~^~~~~~~~~~~~~~~~~~~~~~~~~~~~~~~
/Users/admin/builder/spi-builder-workspace/Sources/CHighway/include/hwy/ops/arm_neon-inl.h:82:7: note: expanded from macro 'HWY_NEON_DEF_FUNCTION'
   82 |       name(HWY_CONCAT(HWY_NEON_BUILD_PARAM_, args)(type, size)) {            \
      |       ^    ~~~~~~~~~~~~~~~~~~~~~~~~~~~~~~~~~~~~~~~~~~~~~~~~~~~
/Users/admin/builder/spi-builder-workspace/Sources/CHighway/include/hwy/ops/arm_neon-inl.h:2156:35: note: candidate function not viable: no known conversion from 'Vec128<TFromD<TagF64>, [...]>' to 'const Vec128<int16_t, [...]>' for 1st argument
 2156 | HWY_NEON_DEF_FUNCTION_INT_8_16_32(Neg, vneg, _, 1)  // i64 implemented below
      | ~~~~~~~~~~~~~~~~~~~~~~~~~~~~~~~~~~^~~~~~~~~~~~~~~~
/Users/admin/builder/spi-builder-workspace/Sources/CHighway/include/hwy/ops/arm_neon-inl.h:224:32: note: expanded from macro 'HWY_NEON_DEF_FUNCTION_INT_8_16_32'
  224 |   HWY_NEON_DEF_FUNCTION_INT_16(name, prefix, infix, args)            \
      |   ~~~~~~~~~~~~~~~~~~~~~~~~~~~~~^~~~~~~~~~~~~~~~~~~~~~~~~~
/Users/admin/builder/spi-builder-workspace/Sources/CHighway/include/hwy/ops/arm_neon-inl.h:120:35: note: expanded from macro 'HWY_NEON_DEF_FUNCTION_INT_16'
  120 |   HWY_NEON_DEF_FUNCTION(int16, 2, name, prefix, infix, s16, args)    \
      |   ~~~~~~~~~~~~~~~~~~~~~~~~~~~~~~~~^~~~~~~~~~~~~~~~~~~~~~~~~~~~~~~
/Users/admin/builder/spi-builder-workspace/Sources/CHighway/include/hwy/ops/arm_neon-inl.h:82:7: note: expanded from macro 'HWY_NEON_DEF_FUNCTION'
   82 |       name(HWY_CONCAT(HWY_NEON_BUILD_PARAM_, args)(type, size)) {            \
      |       ^    ~~~~~~~~~~~~~~~~~~~~~~~~~~~~~~~~~~~~~~~~~~~~~~~~~~~
/Users/admin/builder/spi-builder-workspace/Sources/CHighway/include/hwy/ops/arm_neon-inl.h:2156:35: note: candidate function not viable: no known conversion from 'Vec128<TFromD<TagF64>, ((16 / sizeof(TFromD<TagF64>)) < (MaxLanes(TagF64())) ? (16 / sizeof(TFromD<TagF64>)) : (MaxLanes(TagF64()))) aka 2>' to 'const Vec128<int16_t, 1>' for 1st argument
 2156 | HWY_NEON_DEF_FUNCTION_INT_8_16_32(Neg, vneg, _, 1)  // i64 implemented below
      | ~~~~~~~~~~~~~~~~~~~~~~~~~~~~~~~~~~^~~~~~~~~~~~~~~~
/Users/admin/builder/spi-builder-workspace/Sources/CHighway/include/hwy/ops/arm_neon-inl.h:224:32: note: expanded from macro 'HWY_NEON_DEF_FUNCTION_INT_8_16_32'
  224 |   HWY_NEON_DEF_FUNCTION_INT_16(name, prefix, infix, args)            \
      |   ~~~~~~~~~~~~~~~~~~~~~~~~~~~~~^~~~~~~~~~~~~~~~~~~~~~~~~~
/Users/admin/builder/spi-builder-workspace/Sources/CHighway/include/hwy/ops/arm_neon-inl.h:121:35: note: expanded from macro 'HWY_NEON_DEF_FUNCTION_INT_16'
  121 |   HWY_NEON_DEF_FUNCTION(int16, 1, name, prefix, infix, s16, args)
      |   ~~~~~~~~~~~~~~~~~~~~~~~~~~~~~~~~^~~~~~~~~~~~~~~~~~~~~~~~~~~~~~~
/Users/admin/builder/spi-builder-workspace/Sources/CHighway/include/hwy/ops/arm_neon-inl.h:82:7: note: expanded from macro 'HWY_NEON_DEF_FUNCTION'
   82 |       name(HWY_CONCAT(HWY_NEON_BUILD_PARAM_, args)(type, size)) {            \
      |       ^    ~~~~~~~~~~~~~~~~~~~~~~~~~~~~~~~~~~~~~~~~~~~~~~~~~~~
/Users/admin/builder/spi-builder-workspace/Sources/CHighway/include/hwy/ops/arm_neon-inl.h:2156:35: note: candidate function not viable: no known conversion from 'Vec128<TFromD<TagF64>, ((16 / sizeof(TFromD<TagF64>)) < (MaxLanes(TagF64())) ? (16 / sizeof(TFromD<TagF64>)) : (MaxLanes(TagF64()))) aka 2>' to 'const Vec128<int32_t, 4>' for 1st argument
 2156 | HWY_NEON_DEF_FUNCTION_INT_8_16_32(Neg, vneg, _, 1)  // i64 implemented below
      | ~~~~~~~~~~~~~~~~~~~~~~~~~~~~~~~~~~^~~~~~~~~~~~~~~~
/Users/admin/builder/spi-builder-workspace/Sources/CHighway/include/hwy/ops/arm_neon-inl.h:225:32: note: expanded from macro 'HWY_NEON_DEF_FUNCTION_INT_8_16_32'
  225 |   HWY_NEON_DEF_FUNCTION_INT_32(name, prefix, infix, args)
      |   ~~~~~~~~~~~~~~~~~~~~~~~~~~~~~^~~~~~~~~~~~~~~~~~~~~~~~~~
/Users/admin/builder/spi-builder-workspace/Sources/CHighway/include/hwy/ops/arm_neon-inl.h:131:35: note: expanded from macro 'HWY_NEON_DEF_FUNCTION_INT_32'
  131 |   HWY_NEON_DEF_FUNCTION(int32, 4, name, prefix##q, infix, s32, args) \
      |   ~~~~~~~~~~~~~~~~~~~~~~~~~~~~~~~~^~~~~~~~~~~~~~~~~~~~~~~~~~~~~~~~~~
/Users/admin/builder/spi-builder-workspace/Sources/CHighway/include/hwy/ops/arm_neon-inl.h:82:7: note: expanded from macro 'HWY_NEON_DEF_FUNCTION'
   82 |       name(HWY_CONCAT(HWY_NEON_BUILD_PARAM_, args)(type, size)) {            \
      |       ^    ~~~~~~~~~~~~~~~~~~~~~~~~~~~~~~~~~~~~~~~~~~~~~~~~~~~
/Users/admin/builder/spi-builder-workspace/Sources/CHighway/include/hwy/ops/arm_neon-inl.h:2156:35: note: candidate function not viable: no known conversion from 'Vec128<TFromD<TagF64>, [...]>' to 'const Vec128<int32_t, [...]>' for 1st argument
 2156 | HWY_NEON_DEF_FUNCTION_INT_8_16_32(Neg, vneg, _, 1)  // i64 implemented below
      | ~~~~~~~~~~~~~~~~~~~~~~~~~~~~~~~~~~^~~~~~~~~~~~~~~~
/Users/admin/builder/spi-builder-workspace/Sources/CHighway/include/hwy/ops/arm_neon-inl.h:225:32: note: expanded from macro 'HWY_NEON_DEF_FUNCTION_INT_8_16_32'
  225 |   HWY_NEON_DEF_FUNCTION_INT_32(name, prefix, infix, args)
      |   ~~~~~~~~~~~~~~~~~~~~~~~~~~~~~^~~~~~~~~~~~~~~~~~~~~~~~~~
/Users/admin/builder/spi-builder-workspace/Sources/CHighway/include/hwy/ops/arm_neon-inl.h:132:35: note: expanded from macro 'HWY_NEON_DEF_FUNCTION_INT_32'
  132 |   HWY_NEON_DEF_FUNCTION(int32, 2, name, prefix, infix, s32, args)    \
      |   ~~~~~~~~~~~~~~~~~~~~~~~~~~~~~~~~^~~~~~~~~~~~~~~~~~~~~~~~~~~~~~~
/Users/admin/builder/spi-builder-workspace/Sources/CHighway/include/hwy/ops/arm_neon-inl.h:82:7: note: expanded from macro 'HWY_NEON_DEF_FUNCTION'
   82 |       name(HWY_CONCAT(HWY_NEON_BUILD_PARAM_, args)(type, size)) {            \
      |       ^    ~~~~~~~~~~~~~~~~~~~~~~~~~~~~~~~~~~~~~~~~~~~~~~~~~~~
/Users/admin/builder/spi-builder-workspace/Sources/CHighway/include/hwy/ops/arm_neon-inl.h:2156:35: note: candidate function not viable: no known conversion from 'Vec128<TFromD<TagF64>, ((16 / sizeof(TFromD<TagF64>)) < (MaxLanes(TagF64())) ? (16 / sizeof(TFromD<TagF64>)) : (MaxLanes(TagF64()))) aka 2>' to 'const Vec128<int32_t, 1>' for 1st argument
 2156 | HWY_NEON_DEF_FUNCTION_INT_8_16_32(Neg, vneg, _, 1)  // i64 implemented below
      | ~~~~~~~~~~~~~~~~~~~~~~~~~~~~~~~~~~^~~~~~~~~~~~~~~~
/Users/admin/builder/spi-builder-workspace/Sources/CHighway/include/hwy/ops/arm_neon-inl.h:225:32: note: expanded from macro 'HWY_NEON_DEF_FUNCTION_INT_8_16_32'
  225 |   HWY_NEON_DEF_FUNCTION_INT_32(name, prefix, infix, args)
      |   ~~~~~~~~~~~~~~~~~~~~~~~~~~~~~^~~~~~~~~~~~~~~~~~~~~~~~~~
/Users/admin/builder/spi-builder-workspace/Sources/CHighway/include/hwy/ops/arm_neon-inl.h:133:35: note: expanded from macro 'HWY_NEON_DEF_FUNCTION_INT_32'
  133 |   HWY_NEON_DEF_FUNCTION(int32, 1, name, prefix, infix, s32, args)
      |   ~~~~~~~~~~~~~~~~~~~~~~~~~~~~~~~~^~~~~~~~~~~~~~~~~~~~~~~~~~~~~~~
/Users/admin/builder/spi-builder-workspace/Sources/CHighway/include/hwy/ops/arm_neon-inl.h:82:7: note: expanded from macro 'HWY_NEON_DEF_FUNCTION'
   82 |       name(HWY_CONCAT(HWY_NEON_BUILD_PARAM_, args)(type, size)) {            \
      |       ^    ~~~~~~~~~~~~~~~~~~~~~~~~~~~~~~~~~~~~~~~~~~~~~~~~~~~
/Users/admin/builder/spi-builder-workspace/Sources/CHighway/include/hwy/ops/arm_neon-inl.h:2176:24: note: candidate function not viable: no known conversion from 'Vec128<TFromD<TagF64>, ((16 / sizeof(TFromD<TagF64>)) < (MaxLanes(TagF64())) ? (16 / sizeof(TFromD<TagF64>)) : (MaxLanes(TagF64()))) aka 2>' to 'const Vec128<int64_t, 8 / sizeof(int64_t) aka 1>' for 1st argument
 2176 | HWY_API Vec64<int64_t> Neg(const Vec64<int64_t> v) {
      |                        ^   ~~~~~~~~~~~~~~~~~~~~~~
/Users/admin/builder/spi-builder-workspace/Sources/CHighway/include/hwy/ops/arm_neon-inl.h:2184:25: note: candidate function not viable: no known conversion from 'Vec128<TFromD<TagF64>, [...]>' to 'const Vec128<int64_t, [...]>' for 1st argument
 2184 | HWY_API Vec128<int64_t> Neg(const Vec128<int64_t> v) {
      |                         ^   ~~~~~~~~~~~~~~~~~~~~~~~
/Users/admin/builder/spi-builder-workspace/Sources/CHighway/include/hwy/ops/arm_neon-inl.h:2160:30: note: candidate template ignored: could not match 'hwy::float16_t' against 'double'
 2160 | HWY_API Vec128<float16_t, N> Neg(const Vec128<float16_t, N> v) {
      |                              ^
/Users/admin/builder/spi-builder-workspace/Sources/CHighway/include/hwy/ops/arm_neon-inl.h:2170:31: note: candidate template ignored: could not match 'hwy::bfloat16_t' against 'double'
 2170 | HWY_API Vec128<bfloat16_t, N> Neg(const Vec128<bfloat16_t, N> v) {
      |                               ^
In file included from /Users/admin/builder/spi-builder-workspace/Sources/CHighwayOps/CHighwayOps.cc:4:
/Users/admin/builder/spi-builder-workspace/Sources/CHighwayOps/include/CHighwayOps.h:546:57: error: no matching function for call to 'Abs'
  546 | HWY_INLINE VectorF64 magnitudeF64(VectorF64 a) { return hn::Abs(a); }
      |                                                         ^~~~~~~
In file included from /Users/admin/builder/spi-builder-workspace/Sources/CHighwayOps/CHighwayOps.cc:4:
In file included from /Users/admin/builder/spi-builder-workspace/Sources/CHighwayOps/include/CHighwayOps.h:10:
In file included from /Users/admin/builder/spi-builder-workspace/Sources/CHighway/include/hwy/highway.h:706:
/Users/admin/builder/spi-builder-workspace/Sources/CHighway/include/hwy/ops/arm_neon-inl.h:3138:35: note: candidate function not viable: no known conversion from 'Vec128<TFromD<TagF64>, ((16 / sizeof(TFromD<TagF64>)) < (MaxLanes(TagF64())) ? (16 / sizeof(TFromD<TagF64>)) : (MaxLanes(TagF64()))) aka 2>' to 'const Vec128<int8_t, 16>' for 1st argument
 3138 | HWY_NEON_DEF_FUNCTION_INT_8_16_32(Abs, vabs, _, 1)
      | ~~~~~~~~~~~~~~~~~~~~~~~~~~~~~~~~~~^~~~~~~~~~~~~~~~
/Users/admin/builder/spi-builder-workspace/Sources/CHighway/include/hwy/ops/arm_neon-inl.h:223:31: note: expanded from macro 'HWY_NEON_DEF_FUNCTION_INT_8_16_32'
  223 |   HWY_NEON_DEF_FUNCTION_INT_8(name, prefix, infix, args)             \
      |   ~~~~~~~~~~~~~~~~~~~~~~~~~~~~^~~~~~~~~~~~~~~~~~~~~~~~~~
/Users/admin/builder/spi-builder-workspace/Sources/CHighway/include/hwy/ops/arm_neon-inl.h:103:35: note: expanded from macro 'HWY_NEON_DEF_FUNCTION_INT_8'
  103 |   HWY_NEON_DEF_FUNCTION(int8, 16, name, prefix##q, infix, s8, args) \
      |   ~~~~~~~~~~~~~~~~~~~~~~~~~~~~~~~~^~~~~~~~~~~~~~~~~~~~~~~~~~~~~~~~~
/Users/admin/builder/spi-builder-workspace/Sources/CHighway/include/hwy/ops/arm_neon-inl.h:82:7: note: expanded from macro 'HWY_NEON_DEF_FUNCTION'
   82 |       name(HWY_CONCAT(HWY_NEON_BUILD_PARAM_, args)(type, size)) {            \
      |       ^    ~~~~~~~~~~~~~~~~~~~~~~~~~~~~~~~~~~~~~~~~~~~~~~~~~~~
/Users/admin/builder/spi-builder-workspace/Sources/CHighway/include/hwy/ops/arm_neon-inl.h:3138:35: note: candidate function not viable: no known conversion from 'Vec128<TFromD<TagF64>, ((16 / sizeof(TFromD<TagF64>)) < (MaxLanes(TagF64())) ? (16 / sizeof(TFromD<TagF64>)) : (MaxLanes(TagF64()))) aka 2>' to 'const Vec128<int8_t, 8>' for 1st argument
 3138 | HWY_NEON_DEF_FUNCTION_INT_8_16_32(Abs, vabs, _, 1)
      | ~~~~~~~~~~~~~~~~~~~~~~~~~~~~~~~~~~^~~~~~~~~~~~~~~~
/Users/admin/builder/spi-builder-workspace/Sources/CHighway/include/hwy/ops/arm_neon-inl.h:223:31: note: expanded from macro 'HWY_NEON_DEF_FUNCTION_INT_8_16_32'
  223 |   HWY_NEON_DEF_FUNCTION_INT_8(name, prefix, infix, args)             \
      |   ~~~~~~~~~~~~~~~~~~~~~~~~~~~~^~~~~~~~~~~~~~~~~~~~~~~~~~
/Users/admin/builder/spi-builder-workspace/Sources/CHighway/include/hwy/ops/arm_neon-inl.h:104:34: note: expanded from macro 'HWY_NEON_DEF_FUNCTION_INT_8'
  104 |   HWY_NEON_DEF_FUNCTION(int8, 8, name, prefix, infix, s8, args)     \
      |   ~~~~~~~~~~~~~~~~~~~~~~~~~~~~~~~^~~~~~~~~~~~~~~~~~~~~~~~~~~~~~
/Users/admin/builder/spi-builder-workspace/Sources/CHighway/include/hwy/ops/arm_neon-inl.h:82:7: note: expanded from macro 'HWY_NEON_DEF_FUNCTION'
   82 |       name(HWY_CONCAT(HWY_NEON_BUILD_PARAM_, args)(type, size)) {            \
      |       ^    ~~~~~~~~~~~~~~~~~~~~~~~~~~~~~~~~~~~~~~~~~~~~~~~~~~~
/Users/admin/builder/spi-builder-workspace/Sources/CHighway/include/hwy/ops/arm_neon-inl.h:3138:35: note: candidate function not viable: no known conversion from 'Vec128<TFromD<TagF64>, ((16 / sizeof(TFromD<TagF64>)) < (MaxLanes(TagF64())) ? (16 / sizeof(TFromD<TagF64>)) : (MaxLanes(TagF64()))) aka 2>' to 'const Vec128<int8_t, 4>' for 1st argument
 3138 | HWY_NEON_DEF_FUNCTION_INT_8_16_32(Abs, vabs, _, 1)
      | ~~~~~~~~~~~~~~~~~~~~~~~~~~~~~~~~~~^~~~~~~~~~~~~~~~
/Users/admin/builder/spi-builder-workspace/Sources/CHighway/include/hwy/ops/arm_neon-inl.h:223:31: note: expanded from macro 'HWY_NEON_DEF_FUNCTION_INT_8_16_32'
  223 |   HWY_NEON_DEF_FUNCTION_INT_8(name, prefix, infix, args)             \
      |   ~~~~~~~~~~~~~~~~~~~~~~~~~~~~^~~~~~~~~~~~~~~~~~~~~~~~~~
/Users/admin/builder/spi-builder-workspace/Sources/CHighway/include/hwy/ops/arm_neon-inl.h:105:34: note: expanded from macro 'HWY_NEON_DEF_FUNCTION_INT_8'
  105 |   HWY_NEON_DEF_FUNCTION(int8, 4, name, prefix, infix, s8, args)     \
      |   ~~~~~~~~~~~~~~~~~~~~~~~~~~~~~~~^~~~~~~~~~~~~~~~~~~~~~~~~~~~~~
/Users/admin/builder/spi-builder-workspace/Sources/CHighway/include/hwy/ops/arm_neon-inl.h:82:7: note: expanded from macro 'HWY_NEON_DEF_FUNCTION'
   82 |       name(HWY_CONCAT(HWY_NEON_BUILD_PARAM_, args)(type, size)) {            \
      |       ^    ~~~~~~~~~~~~~~~~~~~~~~~~~~~~~~~~~~~~~~~~~~~~~~~~~~~
/Users/admin/builder/spi-builder-workspace/Sources/CHighway/include/hwy/ops/arm_neon-inl.h:3138:35: note: candidate function not viable: no known conversion from 'Vec128<TFromD<TagF64>, [...]>' to 'const Vec128<int8_t, [...]>' for 1st argument
 3138 | HWY_NEON_DEF_FUNCTION_INT_8_16_32(Abs, vabs, _, 1)
      | ~~~~~~~~~~~~~~~~~~~~~~~~~~~~~~~~~~^~~~~~~~~~~~~~~~
/Users/admin/builder/spi-builder-workspace/Sources/CHighway/include/hwy/ops/arm_neon-inl.h:223:31: note: expanded from macro 'HWY_NEON_DEF_FUNCTION_INT_8_16_32'
  223 |   HWY_NEON_DEF_FUNCTION_INT_8(name, prefix, infix, args)             \
      |   ~~~~~~~~~~~~~~~~~~~~~~~~~~~~^~~~~~~~~~~~~~~~~~~~~~~~~~
/Users/admin/builder/spi-builder-workspace/Sources/CHighway/include/hwy/ops/arm_neon-inl.h:106:34: note: expanded from macro 'HWY_NEON_DEF_FUNCTION_INT_8'
  106 |   HWY_NEON_DEF_FUNCTION(int8, 2, name, prefix, infix, s8, args)     \
      |   ~~~~~~~~~~~~~~~~~~~~~~~~~~~~~~~^~~~~~~~~~~~~~~~~~~~~~~~~~~~~~
/Users/admin/builder/spi-builder-workspace/Sources/CHighway/include/hwy/ops/arm_neon-inl.h:82:7: note: expanded from macro 'HWY_NEON_DEF_FUNCTION'
   82 |       name(HWY_CONCAT(HWY_NEON_BUILD_PARAM_, args)(type, size)) {            \
      |       ^    ~~~~~~~~~~~~~~~~~~~~~~~~~~~~~~~~~~~~~~~~~~~~~~~~~~~
/Users/admin/builder/spi-builder-workspace/Sources/CHighway/include/hwy/ops/arm_neon-inl.h:3138:35: note: candidate function not viable: no known conversion from 'Vec128<TFromD<TagF64>, ((16 / sizeof(TFromD<TagF64>)) < (MaxLanes(TagF64())) ? (16 / sizeof(TFromD<TagF64>)) : (MaxLanes(TagF64()))) aka 2>' to 'const Vec128<int8_t, 1>' for 1st argument
 3138 | HWY_NEON_DEF_FUNCTION_INT_8_16_32(Abs, vabs, _, 1)
      | ~~~~~~~~~~~~~~~~~~~~~~~~~~~~~~~~~~^~~~~~~~~~~~~~~~
/Users/admin/builder/spi-builder-workspace/Sources/CHighway/include/hwy/ops/arm_neon-inl.h:223:31: note: expanded from macro 'HWY_NEON_DEF_FUNCTION_INT_8_16_32'
  223 |   HWY_NEON_DEF_FUNCTION_INT_8(name, prefix, infix, args)             \
      |   ~~~~~~~~~~~~~~~~~~~~~~~~~~~~^~~~~~~~~~~~~~~~~~~~~~~~~~
/Users/admin/builder/spi-builder-workspace/Sources/CHighway/include/hwy/ops/arm_neon-inl.h:107:34: note: expanded from macro 'HWY_NEON_DEF_FUNCTION_INT_8'
  107 |   HWY_NEON_DEF_FUNCTION(int8, 1, name, prefix, infix, s8, args)
      |   ~~~~~~~~~~~~~~~~~~~~~~~~~~~~~~~^~~~~~~~~~~~~~~~~~~~~~~~~~~~~~
/Users/admin/builder/spi-builder-workspace/Sources/CHighway/include/hwy/ops/arm_neon-inl.h:82:7: note: expanded from macro 'HWY_NEON_DEF_FUNCTION'
   82 |       name(HWY_CONCAT(HWY_NEON_BUILD_PARAM_, args)(type, size)) {            \
      |       ^    ~~~~~~~~~~~~~~~~~~~~~~~~~~~~~~~~~~~~~~~~~~~~~~~~~~~
/Users/admin/builder/spi-builder-workspace/Sources/CHighway/include/hwy/ops/arm_neon-inl.h:3138:35: note: candidate function not viable: no known conversion from 'Vec128<TFromD<TagF64>, ((16 / sizeof(TFromD<TagF64>)) < (MaxLanes(TagF64())) ? (16 / sizeof(TFromD<TagF64>)) : (MaxLanes(TagF64()))) aka 2>' to 'const Vec128<int16_t, 8>' for 1st argument
 3138 | HWY_NEON_DEF_FUNCTION_INT_8_16_32(Abs, vabs, _, 1)
      | ~~~~~~~~~~~~~~~~~~~~~~~~~~~~~~~~~~^~~~~~~~~~~~~~~~
/Users/admin/builder/spi-builder-workspace/Sources/CHighway/include/hwy/ops/arm_neon-inl.h:224:32: note: expanded from macro 'HWY_NEON_DEF_FUNCTION_INT_8_16_32'
  224 |   HWY_NEON_DEF_FUNCTION_INT_16(name, prefix, infix, args)            \
      |   ~~~~~~~~~~~~~~~~~~~~~~~~~~~~~^~~~~~~~~~~~~~~~~~~~~~~~~~
/Users/admin/builder/spi-builder-workspace/Sources/CHighway/include/hwy/ops/arm_neon-inl.h:118:35: note: expanded from macro 'HWY_NEON_DEF_FUNCTION_INT_16'
  118 |   HWY_NEON_DEF_FUNCTION(int16, 8, name, prefix##q, infix, s16, args) \
      |   ~~~~~~~~~~~~~~~~~~~~~~~~~~~~~~~~^~~~~~~~~~~~~~~~~~~~~~~~~~~~~~~~~~
/Users/admin/builder/spi-builder-workspace/Sources/CHighway/include/hwy/ops/arm_neon-inl.h:82:7: note: expanded from macro 'HWY_NEON_DEF_FUNCTION'
   82 |       name(HWY_CONCAT(HWY_NEON_BUILD_PARAM_, args)(type, size)) {            \
      |       ^    ~~~~~~~~~~~~~~~~~~~~~~~~~~~~~~~~~~~~~~~~~~~~~~~~~~~
/Users/admin/builder/spi-builder-workspace/Sources/CHighway/include/hwy/ops/arm_neon-inl.h:3138:35: note: candidate function not viable: no known conversion from 'Vec128<TFromD<TagF64>, ((16 / sizeof(TFromD<TagF64>)) < (MaxLanes(TagF64())) ? (16 / sizeof(TFromD<TagF64>)) : (MaxLanes(TagF64()))) aka 2>' to 'const Vec128<int16_t, 4>' for 1st argument
 3138 | HWY_NEON_DEF_FUNCTION_INT_8_16_32(Abs, vabs, _, 1)
      | ~~~~~~~~~~~~~~~~~~~~~~~~~~~~~~~~~~^~~~~~~~~~~~~~~~
/Users/admin/builder/spi-builder-workspace/Sources/CHighway/include/hwy/ops/arm_neon-inl.h:224:32: note: expanded from macro 'HWY_NEON_DEF_FUNCTION_INT_8_16_32'
  224 |   HWY_NEON_DEF_FUNCTION_INT_16(name, prefix, infix, args)            \
      |   ~~~~~~~~~~~~~~~~~~~~~~~~~~~~~^~~~~~~~~~~~~~~~~~~~~~~~~~
/Users/admin/builder/spi-builder-workspace/Sources/CHighway/include/hwy/ops/arm_neon-inl.h:119:35: note: expanded from macro 'HWY_NEON_DEF_FUNCTION_INT_16'
  119 |   HWY_NEON_DEF_FUNCTION(int16, 4, name, prefix, infix, s16, args)    \
      |   ~~~~~~~~~~~~~~~~~~~~~~~~~~~~~~~~^~~~~~~~~~~~~~~~~~~~~~~~~~~~~~~
/Users/admin/builder/spi-builder-workspace/Sources/CHighway/include/hwy/ops/arm_neon-inl.h:82:7: note: expanded from macro 'HWY_NEON_DEF_FUNCTION'
   82 |       name(HWY_CONCAT(HWY_NEON_BUILD_PARAM_, args)(type, size)) {            \
      |       ^    ~~~~~~~~~~~~~~~~~~~~~~~~~~~~~~~~~~~~~~~~~~~~~~~~~~~
/Users/admin/builder/spi-builder-workspace/Sources/CHighway/include/hwy/ops/arm_neon-inl.h:3138:35: note: candidate function not viable: no known conversion from 'Vec128<TFromD<TagF64>, [...]>' to 'const Vec128<int16_t, [...]>' for 1st argument
 3138 | HWY_NEON_DEF_FUNCTION_INT_8_16_32(Abs, vabs, _, 1)
      | ~~~~~~~~~~~~~~~~~~~~~~~~~~~~~~~~~~^~~~~~~~~~~~~~~~
/Users/admin/builder/spi-builder-workspace/Sources/CHighway/include/hwy/ops/arm_neon-inl.h:224:32: note: expanded from macro 'HWY_NEON_DEF_FUNCTION_INT_8_16_32'
  224 |   HWY_NEON_DEF_FUNCTION_INT_16(name, prefix, infix, args)            \
      |   ~~~~~~~~~~~~~~~~~~~~~~~~~~~~~^~~~~~~~~~~~~~~~~~~~~~~~~~
/Users/admin/builder/spi-builder-workspace/Sources/CHighway/include/hwy/ops/arm_neon-inl.h:120:35: note: expanded from macro 'HWY_NEON_DEF_FUNCTION_INT_16'
  120 |   HWY_NEON_DEF_FUNCTION(int16, 2, name, prefix, infix, s16, args)    \
      |   ~~~~~~~~~~~~~~~~~~~~~~~~~~~~~~~~^~~~~~~~~~~~~~~~~~~~~~~~~~~~~~~
/Users/admin/builder/spi-builder-workspace/Sources/CHighway/include/hwy/ops/arm_neon-inl.h:82:7: note: expanded from macro 'HWY_NEON_DEF_FUNCTION'
   82 |       name(HWY_CONCAT(HWY_NEON_BUILD_PARAM_, args)(type, size)) {            \
      |       ^    ~~~~~~~~~~~~~~~~~~~~~~~~~~~~~~~~~~~~~~~~~~~~~~~~~~~
/Users/admin/builder/spi-builder-workspace/Sources/CHighway/include/hwy/ops/arm_neon-inl.h:3138:35: note: candidate function not viable: no known conversion from 'Vec128<TFromD<TagF64>, ((16 / sizeof(TFromD<TagF64>)) < (MaxLanes(TagF64())) ? (16 / sizeof(TFromD<TagF64>)) : (MaxLanes(TagF64()))) aka 2>' to 'const Vec128<int16_t, 1>' for 1st argument
 3138 | HWY_NEON_DEF_FUNCTION_INT_8_16_32(Abs, vabs, _, 1)
      | ~~~~~~~~~~~~~~~~~~~~~~~~~~~~~~~~~~^~~~~~~~~~~~~~~~
/Users/admin/builder/spi-builder-workspace/Sources/CHighway/include/hwy/ops/arm_neon-inl.h:224:32: note: expanded from macro 'HWY_NEON_DEF_FUNCTION_INT_8_16_32'
  224 |   HWY_NEON_DEF_FUNCTION_INT_16(name, prefix, infix, args)            \
      |   ~~~~~~~~~~~~~~~~~~~~~~~~~~~~~^~~~~~~~~~~~~~~~~~~~~~~~~~
/Users/admin/builder/spi-builder-workspace/Sources/CHighway/include/hwy/ops/arm_neon-inl.h:121:35: note: expanded from macro 'HWY_NEON_DEF_FUNCTION_INT_16'
  121 |   HWY_NEON_DEF_FUNCTION(int16, 1, name, prefix, infix, s16, args)
      |   ~~~~~~~~~~~~~~~~~~~~~~~~~~~~~~~~^~~~~~~~~~~~~~~~~~~~~~~~~~~~~~~
/Users/admin/builder/spi-builder-workspace/Sources/CHighway/include/hwy/ops/arm_neon-inl.h:82:7: note: expanded from macro 'HWY_NEON_DEF_FUNCTION'
   82 |       name(HWY_CONCAT(HWY_NEON_BUILD_PARAM_, args)(type, size)) {            \
      |       ^    ~~~~~~~~~~~~~~~~~~~~~~~~~~~~~~~~~~~~~~~~~~~~~~~~~~~
/Users/admin/builder/spi-builder-workspace/Sources/CHighway/include/hwy/ops/arm_neon-inl.h:3138:35: note: candidate function not viable: no known conversion from 'Vec128<TFromD<TagF64>, ((16 / sizeof(TFromD<TagF64>)) < (MaxLanes(TagF64())) ? (16 / sizeof(TFromD<TagF64>)) : (MaxLanes(TagF64()))) aka 2>' to 'const Vec128<int32_t, 4>' for 1st argument
 3138 | HWY_NEON_DEF_FUNCTION_INT_8_16_32(Abs, vabs, _, 1)
      | ~~~~~~~~~~~~~~~~~~~~~~~~~~~~~~~~~~^~~~~~~~~~~~~~~~
/Users/admin/builder/spi-builder-workspace/Sources/CHighway/include/hwy/ops/arm_neon-inl.h:225:32: note: expanded from macro 'HWY_NEON_DEF_FUNCTION_INT_8_16_32'
  225 |   HWY_NEON_DEF_FUNCTION_INT_32(name, prefix, infix, args)
      |   ~~~~~~~~~~~~~~~~~~~~~~~~~~~~~^~~~~~~~~~~~~~~~~~~~~~~~~~
/Users/admin/builder/spi-builder-workspace/Sources/CHighway/include/hwy/ops/arm_neon-inl.h:131:35: note: expanded from macro 'HWY_NEON_DEF_FUNCTION_INT_32'
  131 |   HWY_NEON_DEF_FUNCTION(int32, 4, name, prefix##q, infix, s32, args) \
      |   ~~~~~~~~~~~~~~~~~~~~~~~~~~~~~~~~^~~~~~~~~~~~~~~~~~~~~~~~~~~~~~~~~~
/Users/admin/builder/spi-builder-workspace/Sources/CHighway/include/hwy/ops/arm_neon-inl.h:82:7: note: expanded from macro 'HWY_NEON_DEF_FUNCTION'
   82 |       name(HWY_CONCAT(HWY_NEON_BUILD_PARAM_, args)(type, size)) {            \
      |       ^    ~~~~~~~~~~~~~~~~~~~~~~~~~~~~~~~~~~~~~~~~~~~~~~~~~~~
/Users/admin/builder/spi-builder-workspace/Sources/CHighway/include/hwy/ops/arm_neon-inl.h:3138:35: note: candidate function not viable: no known conversion from 'Vec128<TFromD<TagF64>, [...]>' to 'const Vec128<int32_t, [...]>' for 1st argument
 3138 | HWY_NEON_DEF_FUNCTION_INT_8_16_32(Abs, vabs, _, 1)
      | ~~~~~~~~~~~~~~~~~~~~~~~~~~~~~~~~~~^~~~~~~~~~~~~~~~
/Users/admin/builder/spi-builder-workspace/Sources/CHighway/include/hwy/ops/arm_neon-inl.h:225:32: note: expanded from macro 'HWY_NEON_DEF_FUNCTION_INT_8_16_32'
  225 |   HWY_NEON_DEF_FUNCTION_INT_32(name, prefix, infix, args)
      |   ~~~~~~~~~~~~~~~~~~~~~~~~~~~~~^~~~~~~~~~~~~~~~~~~~~~~~~~
/Users/admin/builder/spi-builder-workspace/Sources/CHighway/include/hwy/ops/arm_neon-inl.h:132:35: note: expanded from macro 'HWY_NEON_DEF_FUNCTION_INT_32'
  132 |   HWY_NEON_DEF_FUNCTION(int32, 2, name, prefix, infix, s32, args)    \
      |   ~~~~~~~~~~~~~~~~~~~~~~~~~~~~~~~~^~~~~~~~~~~~~~~~~~~~~~~~~~~~~~~
/Users/admin/builder/spi-builder-workspace/Sources/CHighway/include/hwy/ops/arm_neon-inl.h:82:7: note: expanded from macro 'HWY_NEON_DEF_FUNCTION'
   82 |       name(HWY_CONCAT(HWY_NEON_BUILD_PARAM_, args)(type, size)) {            \
      |       ^    ~~~~~~~~~~~~~~~~~~~~~~~~~~~~~~~~~~~~~~~~~~~~~~~~~~~
/Users/admin/builder/spi-builder-workspace/Sources/CHighway/include/hwy/ops/arm_neon-inl.h:3138:35: note: candidate function not viable: no known conversion from 'Vec128<TFromD<TagF64>, ((16 / sizeof(TFromD<TagF64>)) < (MaxLanes(TagF64())) ? (16 / sizeof(TFromD<TagF64>)) : (MaxLanes(TagF64()))) aka 2>' to 'const Vec128<int32_t, 1>' for 1st argument
 3138 | HWY_NEON_DEF_FUNCTION_INT_8_16_32(Abs, vabs, _, 1)
      | ~~~~~~~~~~~~~~~~~~~~~~~~~~~~~~~~~~^~~~~~~~~~~~~~~~
/Users/admin/builder/spi-builder-workspace/Sources/CHighway/include/hwy/ops/arm_neon-inl.h:225:32: note: expanded from macro 'HWY_NEON_DEF_FUNCTION_INT_8_16_32'
  225 |   HWY_NEON_DEF_FUNCTION_INT_32(name, prefix, infix, args)
      |   ~~~~~~~~~~~~~~~~~~~~~~~~~~~~~^~~~~~~~~~~~~~~~~~~~~~~~~~
/Users/admin/builder/spi-builder-workspace/Sources/CHighway/include/hwy/ops/arm_neon-inl.h:133:35: note: expanded from macro 'HWY_NEON_DEF_FUNCTION_INT_32'
  133 |   HWY_NEON_DEF_FUNCTION(int32, 1, name, prefix, infix, s32, args)
      |   ~~~~~~~~~~~~~~~~~~~~~~~~~~~~~~~~^~~~~~~~~~~~~~~~~~~~~~~~~~~~~~~
/Users/admin/builder/spi-builder-workspace/Sources/CHighway/include/hwy/ops/arm_neon-inl.h:82:7: note: expanded from macro 'HWY_NEON_DEF_FUNCTION'
   82 |       name(HWY_CONCAT(HWY_NEON_BUILD_PARAM_, args)(type, size)) {            \
      |       ^    ~~~~~~~~~~~~~~~~~~~~~~~~~~~~~~~~~~~~~~~~~~~~~~~~~~~
/Users/admin/builder/spi-builder-workspace/Sources/CHighway/include/hwy/ops/arm_neon-inl.h:3139:34: note: candidate function not viable: no known conversion from 'Vec128<TFromD<TagF64>, ((16 / sizeof(TFromD<TagF64>)) < (MaxLanes(TagF64())) ? (16 / sizeof(TFromD<TagF64>)) : (MaxLanes(TagF64()))) aka 2>' to 'const Vec128<float32_t, 4>' for 1st argument
 3139 | HWY_NEON_DEF_FUNCTION_ALL_FLOATS(Abs, vabs, _, 1)
      | ~~~~~~~~~~~~~~~~~~~~~~~~~~~~~~~~~^~~~~~~~~~~~~~~~
/Users/admin/builder/spi-builder-workspace/Sources/CHighway/include/hwy/ops/arm_neon-inl.h:247:37: note: expanded from macro 'HWY_NEON_DEF_FUNCTION_ALL_FLOATS'
  247 |   HWY_NEON_DEF_FUNCTION_FLOAT_16_32(name, prefix, infix, args)      \
      |   ~~~~~~~~~~~~~~~~~~~~~~~~~~~~~~~~~~^~~~~~~~~~~~~~~~~~~~~~~~~~
/Users/admin/builder/spi-builder-workspace/Sources/CHighway/include/hwy/ops/arm_neon-inl.h:244:34: note: expanded from macro 'HWY_NEON_DEF_FUNCTION_FLOAT_16_32'
  244 |   HWY_NEON_DEF_FUNCTION_FLOAT_32(name, prefix, infix, args)
      |   ~~~~~~~~~~~~~~~~~~~~~~~~~~~~~~~^~~~~~~~~~~~~~~~~~~~~~~~~~
/Users/admin/builder/spi-builder-workspace/Sources/CHighway/include/hwy/ops/arm_neon-inl.h:201:37: note: expanded from macro 'HWY_NEON_DEF_FUNCTION_FLOAT_32'
  201 |   HWY_NEON_DEF_FUNCTION(float32, 4, name, prefix##q, infix, f32, args) \
      |   ~~~~~~~~~~~~~~~~~~~~~~~~~~~~~~~~~~^~~~~~~~~~~~~~~~~~~~~~~~~~~~~~~~~~
/Users/admin/builder/spi-builder-workspace/Sources/CHighway/include/hwy/ops/arm_neon-inl.h:82:7: note: expanded from macro 'HWY_NEON_DEF_FUNCTION'
   82 |       name(HWY_CONCAT(HWY_NEON_BUILD_PARAM_, args)(type, size)) {            \
      |       ^    ~~~~~~~~~~~~~~~~~~~~~~~~~~~~~~~~~~~~~~~~~~~~~~~~~~~
/Users/admin/builder/spi-builder-workspace/Sources/CHighway/include/hwy/ops/arm_neon-inl.h:3139:34: note: candidate function not viable: no known conversion from 'Vec128<TFromD<TagF64>, [...]>' to 'const Vec128<float32_t, [...]>' for 1st argument
 3139 | HWY_NEON_DEF_FUNCTION_ALL_FLOATS(Abs, vabs, _, 1)
      | ~~~~~~~~~~~~~~~~~~~~~~~~~~~~~~~~~^~~~~~~~~~~~~~~~
/Users/admin/builder/spi-builder-workspace/Sources/CHighway/include/hwy/ops/arm_neon-inl.h:247:37: note: expanded from macro 'HWY_NEON_DEF_FUNCTION_ALL_FLOATS'
  247 |   HWY_NEON_DEF_FUNCTION_FLOAT_16_32(name, prefix, infix, args)      \
      |   ~~~~~~~~~~~~~~~~~~~~~~~~~~~~~~~~~~^~~~~~~~~~~~~~~~~~~~~~~~~~
/Users/admin/builder/spi-builder-workspace/Sources/CHighway/include/hwy/ops/arm_neon-inl.h:244:34: note: expanded from macro 'HWY_NEON_DEF_FUNCTION_FLOAT_16_32'
  244 |   HWY_NEON_DEF_FUNCTION_FLOAT_32(name, prefix, infix, args)
      |   ~~~~~~~~~~~~~~~~~~~~~~~~~~~~~~~^~~~~~~~~~~~~~~~~~~~~~~~~~
/Users/admin/builder/spi-builder-workspace/Sources/CHighway/include/hwy/ops/arm_neon-inl.h:202:37: note: expanded from macro 'HWY_NEON_DEF_FUNCTION_FLOAT_32'
  202 |   HWY_NEON_DEF_FUNCTION(float32, 2, name, prefix, infix, f32, args)    \
      |   ~~~~~~~~~~~~~~~~~~~~~~~~~~~~~~~~~~^~~~~~~~~~~~~~~~~~~~~~~~~~~~~~~
/Users/admin/builder/spi-builder-workspace/Sources/CHighway/include/hwy/ops/arm_neon-inl.h:82:7: note: expanded from macro 'HWY_NEON_DEF_FUNCTION'
   82 |       name(HWY_CONCAT(HWY_NEON_BUILD_PARAM_, args)(type, size)) {            \
      |       ^    ~~~~~~~~~~~~~~~~~~~~~~~~~~~~~~~~~~~~~~~~~~~~~~~~~~~
/Users/admin/builder/spi-builder-workspace/Sources/CHighway/include/hwy/ops/arm_neon-inl.h:3139:34: note: candidate function not viable: no known conversion from 'Vec128<TFromD<TagF64>, ((16 / sizeof(TFromD<TagF64>)) < (MaxLanes(TagF64())) ? (16 / sizeof(TFromD<TagF64>)) : (MaxLanes(TagF64()))) aka 2>' to 'const Vec128<float32_t, 1>' for 1st argument
 3139 | HWY_NEON_DEF_FUNCTION_ALL_FLOATS(Abs, vabs, _, 1)
      | ~~~~~~~~~~~~~~~~~~~~~~~~~~~~~~~~~^~~~~~~~~~~~~~~~
/Users/admin/builder/spi-builder-workspace/Sources/CHighway/include/hwy/ops/arm_neon-inl.h:247:37: note: expanded from macro 'HWY_NEON_DEF_FUNCTION_ALL_FLOATS'
  247 |   HWY_NEON_DEF_FUNCTION_FLOAT_16_32(name, prefix, infix, args)      \
      |   ~~~~~~~~~~~~~~~~~~~~~~~~~~~~~~~~~~^~~~~~~~~~~~~~~~~~~~~~~~~~
/Users/admin/builder/spi-builder-workspace/Sources/CHighway/include/hwy/ops/arm_neon-inl.h:244:34: note: expanded from macro 'HWY_NEON_DEF_FUNCTION_FLOAT_16_32'
  244 |   HWY_NEON_DEF_FUNCTION_FLOAT_32(name, prefix, infix, args)
      |   ~~~~~~~~~~~~~~~~~~~~~~~~~~~~~~~^~~~~~~~~~~~~~~~~~~~~~~~~~
/Users/admin/builder/spi-builder-workspace/Sources/CHighway/include/hwy/ops/arm_neon-inl.h:203:37: note: expanded from macro 'HWY_NEON_DEF_FUNCTION_FLOAT_32'
  203 |   HWY_NEON_DEF_FUNCTION(float32, 1, name, prefix, infix, f32, args)
      |   ~~~~~~~~~~~~~~~~~~~~~~~~~~~~~~~~~~^~~~~~~~~~~~~~~~~~~~~~~~~~~~~~~
/Users/admin/builder/spi-builder-workspace/Sources/CHighway/include/hwy/ops/arm_neon-inl.h:82:7: note: expanded from macro 'HWY_NEON_DEF_FUNCTION'
   82 |       name(HWY_CONCAT(HWY_NEON_BUILD_PARAM_, args)(type, size)) {            \
      |       ^    ~~~~~~~~~~~~~~~~~~~~~~~~~~~~~~~~~~~~~~~~~~~~~~~~~~~
/Users/admin/builder/spi-builder-workspace/Sources/CHighway/include/hwy/ops/arm_neon-inl.h:3535:25: note: candidate function not viable: no known conversion from 'Vec128<TFromD<TagF64>, [...]>' to 'const Vec128<int64_t, [...]>' for 1st argument
 3535 | HWY_API Vec128<int64_t> Abs(const Vec128<int64_t> v) {
      |                         ^   ~~~~~~~~~~~~~~~~~~~~~~~
/Users/admin/builder/spi-builder-workspace/Sources/CHighway/include/hwy/ops/arm_neon-inl.h:3542:24: note: candidate function not viable: no known conversion from 'Vec128<TFromD<TagF64>, ((16 / sizeof(TFromD<TagF64>)) < (MaxLanes(TagF64())) ? (16 / sizeof(TFromD<TagF64>)) : (MaxLanes(TagF64()))) aka 2>' to 'const Vec128<int64_t, 8 / sizeof(int64_t) aka 1>' for 1st argument
 3542 | HWY_API Vec64<int64_t> Abs(const Vec64<int64_t> v) {
      |                        ^   ~~~~~~~~~~~~~~~~~~~~~~
In file included from /Users/admin/builder/spi-builder-workspace/Sources/CHighwayOps/CHighwayOps.cc:4:
/Users/admin/builder/spi-builder-workspace/Sources/CHighwayOps/include/CHighwayOps.h:549:12: error: unknown type name 'MaskF64'
  549 | HWY_INLINE MaskF64 equalToF64(VectorF64 a, VectorF64 b) { return hn::Eq(a, b); }
      |            ^
/Users/admin/builder/spi-builder-workspace/Sources/CHighwayOps/include/CHighwayOps.h:549:66: error: no matching function for call to 'Eq'
  549 | HWY_INLINE MaskF64 equalToF64(VectorF64 a, VectorF64 b) { return hn::Eq(a, b); }
      |                                                                  ^~~~~~
In file included from /Users/admin/builder/spi-builder-workspace/Sources/CHighwayOps/CHighwayOps.cc:4:
In file included from /Users/admin/builder/spi-builder-workspace/Sources/CHighwayOps/include/CHighwayOps.h:10:
In file included from /Users/admin/builder/spi-builder-workspace/Sources/CHighway/include/hwy/highway.h:727:
/Users/admin/builder/spi-builder-workspace/Sources/CHighway/include/hwy/ops/generic_ops-inl.h:8302:14: note: candidate template ignored: substitution failure [with V = VectorF64]: invalid operands to binary expression ('hwy::N_NEON_WITHOUT_AES::Vec128<double, 2>' and 'hwy::N_NEON_WITHOUT_AES::Vec128<double, 2>')
 8302 | HWY_API auto Eq(V a, V b) -> decltype(a == b) {
      |              ^                          ~~
In file included from /Users/admin/builder/spi-builder-workspace/Sources/CHighwayOps/CHighwayOps.cc:4:
/Users/admin/builder/spi-builder-workspace/Sources/CHighwayOps/include/CHighwayOps.h:550:12: error: unknown type name 'MaskF64'
  550 | HWY_INLINE MaskF64 notEqualToF64(VectorF64 a, VectorF64 b) { return hn::Ne(a, b); }
      |            ^
/Users/admin/builder/spi-builder-workspace/Sources/CHighwayOps/include/CHighwayOps.h:550:69: error: no matching function for call to 'Ne'
  550 | HWY_INLINE MaskF64 notEqualToF64(VectorF64 a, VectorF64 b) { return hn::Ne(a, b); }
      |                                                                     ^~~~~~
In file included from /Users/admin/builder/spi-builder-workspace/Sources/CHighwayOps/CHighwayOps.cc:4:
In file included from /Users/admin/builder/spi-builder-workspace/Sources/CHighwayOps/include/CHighwayOps.h:10:
In file included from /Users/admin/builder/spi-builder-workspace/Sources/CHighway/include/hwy/highway.h:727:
/Users/admin/builder/spi-builder-workspace/Sources/CHighway/include/hwy/ops/generic_ops-inl.h:8306:14: note: candidate template ignored: substitution failure [with V = VectorF64]: invalid operands to binary expression ('hwy::N_NEON_WITHOUT_AES::Vec128<double, 2>' and 'hwy::N_NEON_WITHOUT_AES::Vec128<double, 2>')
 8306 | HWY_API auto Ne(V a, V b) -> decltype(a == b) {
      |              ^                          ~~
In file included from /Users/admin/builder/spi-builder-workspace/Sources/CHighwayOps/CHighwayOps.cc:4:
/Users/admin/builder/spi-builder-workspace/Sources/CHighwayOps/include/CHighwayOps.h:551:12: error: unknown type name 'MaskF64'
  551 | HWY_INLINE MaskF64 lessThanF64(VectorF64 a, VectorF64 b) { return hn::Lt(a, b); }
      |            ^
/Users/admin/builder/spi-builder-workspace/Sources/CHighwayOps/include/CHighwayOps.h:551:67: error: no matching function for call to 'Lt'
  551 | HWY_INLINE MaskF64 lessThanF64(VectorF64 a, VectorF64 b) { return hn::Lt(a, b); }
      |                                                                   ^~~~~~
In file included from /Users/admin/builder/spi-builder-workspace/Sources/CHighwayOps/CHighwayOps.cc:4:
In file included from /Users/admin/builder/spi-builder-workspace/Sources/CHighwayOps/include/CHighwayOps.h:10:
In file included from /Users/admin/builder/spi-builder-workspace/Sources/CHighway/include/hwy/highway.h:727:
/Users/admin/builder/spi-builder-workspace/Sources/CHighway/include/hwy/ops/generic_ops-inl.h:8310:14: note: candidate template ignored: substitution failure [with V = VectorF64]: invalid operands to binary expression ('hwy::N_NEON_WITHOUT_AES::Vec128<double, 2>' and 'hwy::N_NEON_WITHOUT_AES::Vec128<double, 2>')
 8310 | HWY_API auto Lt(V a, V b) -> decltype(a == b) {
      |              ^                          ~~
In file included from /Users/admin/builder/spi-builder-workspace/Sources/CHighwayOps/CHighwayOps.cc:4:
/Users/admin/builder/spi-builder-workspace/Sources/CHighwayOps/include/CHighwayOps.h:552:12: error: unknown type name 'MaskF64'
  552 | HWY_INLINE MaskF64 greaterThanF64(VectorF64 a, VectorF64 b) { return hn::Gt(a, b); }
      |            ^
/Users/admin/builder/spi-builder-workspace/Sources/CHighwayOps/include/CHighwayOps.h:552:70: error: no matching function for call to 'Gt'
  552 | HWY_INLINE MaskF64 greaterThanF64(VectorF64 a, VectorF64 b) { return hn::Gt(a, b); }
      |                                                                      ^~~~~~
In file included from /Users/admin/builder/spi-builder-workspace/Sources/CHighwayOps/CHighwayOps.cc:4:
In file included from /Users/admin/builder/spi-builder-workspace/Sources/CHighwayOps/include/CHighwayOps.h:10:
In file included from /Users/admin/builder/spi-builder-workspace/Sources/CHighway/include/hwy/highway.h:727:
/Users/admin/builder/spi-builder-workspace/Sources/CHighway/include/hwy/ops/generic_ops-inl.h:8315:14: note: candidate template ignored: substitution failure [with V = VectorF64]: invalid operands to binary expression ('hwy::N_NEON_WITHOUT_AES::Vec128<double, 2>' and 'hwy::N_NEON_WITHOUT_AES::Vec128<double, 2>')
 8315 | HWY_API auto Gt(V a, V b) -> decltype(a == b) {
      |              ^                          ~~
In file included from /Users/admin/builder/spi-builder-workspace/Sources/CHighwayOps/CHighwayOps.cc:4:
/Users/admin/builder/spi-builder-workspace/Sources/CHighwayOps/include/CHighwayOps.h:553:35: error: unknown type name 'MaskF64'
  553 | HWY_INLINE VectorF64 selectingF64(MaskF64 mask, VectorF64 a, VectorF64 b) { return hn::IfThenElse(mask, a, b); }
      |                                   ^
/Users/admin/builder/spi-builder-workspace/Sources/CHighwayOps/include/CHighwayOps.h:554:41: error: unknown type name 'MaskF64'
  554 | HWY_INLINE VectorF64 selectingOrZeroF64(MaskF64 mask, VectorF64 a) { return hn::IfThenElseZero(mask, a); }
      |                                         ^
fatal error: too many errors emitted, stopping now [-ferror-limit=]
20 errors generated.
CompileC /Users/admin/builder/spi-builder-workspace/.derivedData/Build/Intermediates.noindex/swift-highway.build/Debug-watchos/CHighwayOps.build/Objects-normal/arm64_32/CHighwayOps.o /Users/admin/builder/spi-builder-workspace/Sources/CHighwayOps/CHighwayOps.cc normal arm64_32 c++ com.apple.compilers.llvm.clang.1_0.compiler (in target 'CHighwayOps' from project 'swift-highway')
    cd /Users/admin/builder/spi-builder-workspace/.swiftpm/xcode

    Using response file: /Users/admin/builder/spi-builder-workspace/.derivedData/Build/Intermediates.noindex/swift-highway.build/Debug-watchos/CHighwayOps.build/Objects-normal/arm64_32/82b82416624d2658e5098eb0a28c15c5-common-args.resp

    /Applications/Xcode-26.5.0.app/Contents/Developer/Toolchains/XcodeDefault.xctoolchain/usr/bin/clang -x c++ -ivfsstatcache /Users/admin/builder/spi-builder-workspace/.derivedData/SDKStatCaches.noindex/watchos26.5-23T570-688ef53f1462e2c8f657fdc38a81448f7931b973dfc65d9472806dbbc3af9379.sdkstatcache -target arm64_32-apple-watchos5.0 -fmessage-length\=0 -fdiagnostics-show-note-include-stack -fmacro-backtrace-limit\=0 -fno-color-diagnostics -fmodules-prune-interval\=86400 -fmodules-prune-after\=345600 -fbuild-session-file\=/Users/admin/builder/spi-builder-workspace/.derivedData/ModuleCache.noindex/Session.modulevalidation -fmodules-validate-once-per-build-session -Wnon-modular-include-in-framework-module -Werror\=non-modular-include-in-framework-module -Wno-trigraphs -Wno-missing-field-initializers -Wno-missing-prototypes -Wno-return-type -Wno-non-virtual-dtor -Wno-overloaded-virtual -Wno-exit-time-destructors -Wno-missing-braces -Wparentheses -Wswitch -Wno-unused-function -Wno-unused-label -Wno-unused-parameter -Wno-unused-variable -Wunused-value -Wno-empty-body -Wno-uninitialized -Wno-unknown-pragmas -Wno-shadow -Wno-four-char-constants -Wno-conversion -Wno-constant-conversion -Wno-int-conversion -Wno-bool-conversion -Wno-enum-conversion -Wno-float-conversion -Wno-non-literal-null-conversion -Wno-objc-literal-conversion -Wno-shorten-64-to-32 -Wno-newline-eof -Wno-c++11-extensions -Wno-implicit-fallthrough -isysroot /Applications/Xcode-26.5.0.app/Contents/Developer/Platforms/WatchOS.platform/Developer/SDKs/WatchOS26.5.sdk -fstrict-aliasing -Wdeprecated-declarations -Winvalid-offsetof -Wno-sign-conversion -Wno-infinite-recursion -Wno-move -Wno-comma -Wno-block-capture-autoreleasing -Wno-strict-prototypes -Wno-range-loop-analysis -Wno-semicolon-before-method-body -index-store-path /Users/admin/builder/spi-builder-workspace/.derivedData/Index.noindex/DataStore @/Users/admin/builder/spi-builder-workspace/.derivedData/Build/Intermediates.noindex/swift-highway.build/Debug-watchos/CHighwayOps.build/Objects-normal/arm64_32/82b82416624d2658e5098eb0a28c15c5-common-args.resp -MMD -MT dependencies -MF /Users/admin/builder/spi-builder-workspace/.derivedData/Build/Intermediates.noindex/swift-highway.build/Debug-watchos/CHighwayOps.build/Objects-normal/arm64_32/CHighwayOps.d --serialize-diagnostics /Users/admin/builder/spi-builder-workspace/.derivedData/Build/Intermediates.noindex/swift-highway.build/Debug-watchos/CHighwayOps.build/Objects-normal/arm64_32/CHighwayOps.dia -c /Users/admin/builder/spi-builder-workspace/Sources/CHighwayOps/CHighwayOps.cc -o /Users/admin/builder/spi-builder-workspace/.derivedData/Build/Intermediates.noindex/swift-highway.build/Debug-watchos/CHighwayOps.build/Objects-normal/arm64_32/CHighwayOps.o -index-unit-output-path /swift-highway.build/Debug-watchos/CHighwayOps.build/Objects-normal/arm64_32/CHighwayOps.o
CompileC /Users/admin/builder/spi-builder-workspace/.derivedData/Build/Intermediates.noindex/swift-highway.build/Debug-watchos/CHighwayOps.build/Objects-normal/arm64/CHighwayOps.o /Users/admin/builder/spi-builder-workspace/Sources/CHighwayOps/CHighwayOps.cc normal arm64 c++ com.apple.compilers.llvm.clang.1_0.compiler (in target 'CHighwayOps' from project 'swift-highway')
    cd /Users/admin/builder/spi-builder-workspace/.swiftpm/xcode

    Using response file: /Users/admin/builder/spi-builder-workspace/.derivedData/Build/Intermediates.noindex/swift-highway.build/Debug-watchos/CHighwayOps.build/Objects-normal/arm64/82b82416624d2658e5098eb0a28c15c5-common-args.resp

    /Applications/Xcode-26.5.0.app/Contents/Developer/Toolchains/XcodeDefault.xctoolchain/usr/bin/clang -x c++ -ivfsstatcache /Users/admin/builder/spi-builder-workspace/.derivedData/SDKStatCaches.noindex/watchos26.5-23T570-688ef53f1462e2c8f657fdc38a81448f7931b973dfc65d9472806dbbc3af9379.sdkstatcache -target arm64-apple-watchos5.0 -fmessage-length\=0 -fdiagnostics-show-note-include-stack -fmacro-backtrace-limit\=0 -fno-color-diagnostics -fmodules-prune-interval\=86400 -fmodules-prune-after\=345600 -fbuild-session-file\=/Users/admin/builder/spi-builder-workspace/.derivedData/ModuleCache.noindex/Session.modulevalidation -fmodules-validate-once-per-build-session -Wnon-modular-include-in-framework-module -Werror\=non-modular-include-in-framework-module -Wno-trigraphs -Wno-missing-field-initializers -Wno-missing-prototypes -Wno-return-type -Wno-non-virtual-dtor -Wno-overloaded-virtual -Wno-exit-time-destructors -Wno-missing-braces -Wparentheses -Wswitch -Wno-unused-function -Wno-unused-label -Wno-unused-parameter -Wno-unused-variable -Wunused-value -Wno-empty-body -Wno-uninitialized -Wno-unknown-pragmas -Wno-shadow -Wno-four-char-constants -Wno-conversion -Wno-constant-conversion -Wno-int-conversion -Wno-bool-conversion -Wno-enum-conversion -Wno-float-conversion -Wno-non-literal-null-conversion -Wno-objc-literal-conversion -Wshorten-64-to-32 -Wno-newline-eof -Wno-c++11-extensions -Wno-implicit-fallthrough -isysroot /Applications/Xcode-26.5.0.app/Contents/Developer/Platforms/WatchOS.platform/Developer/SDKs/WatchOS26.5.sdk -fstrict-aliasing -Wdeprecated-declarations -Winvalid-offsetof -Wno-sign-conversion -Wno-infinite-recursion -Wno-move -Wno-comma -Wno-block-capture-autoreleasing -Wno-strict-prototypes -Wno-range-loop-analysis -Wno-semicolon-before-method-body -index-store-path /Users/admin/builder/spi-builder-workspace/.derivedData/Index.noindex/DataStore @/Users/admin/builder/spi-builder-workspace/.derivedData/Build/Intermediates.noindex/swift-highway.build/Debug-watchos/CHighwayOps.build/Objects-normal/arm64/82b82416624d2658e5098eb0a28c15c5-common-args.resp -MMD -MT dependencies -MF /Users/admin/builder/spi-builder-workspace/.derivedData/Build/Intermediates.noindex/swift-highway.build/Debug-watchos/CHighwayOps.build/Objects-normal/arm64/CHighwayOps.d --serialize-diagnostics /Users/admin/builder/spi-builder-workspace/.derivedData/Build/Intermediates.noindex/swift-highway.build/Debug-watchos/CHighwayOps.build/Objects-normal/arm64/CHighwayOps.dia -c /Users/admin/builder/spi-builder-workspace/Sources/CHighwayOps/CHighwayOps.cc -o /Users/admin/builder/spi-builder-workspace/.derivedData/Build/Intermediates.noindex/swift-highway.build/Debug-watchos/CHighwayOps.build/Objects-normal/arm64/CHighwayOps.o -index-unit-output-path /swift-highway.build/Debug-watchos/CHighwayOps.build/Objects-normal/arm64/CHighwayOps.o
CompileC /Users/admin/builder/spi-builder-workspace/.derivedData/Build/Intermediates.noindex/swift-highway.build/Debug-watchos/CHighway.build/Objects-normal/armv7k/topology.o /Users/admin/builder/spi-builder-workspace/Sources/CHighway/include/hwy/contrib/thread_pool/topology.cc normal armv7k c++ com.apple.compilers.llvm.clang.1_0.compiler (in target 'CHighway' from project 'swift-highway')
    cd /Users/admin/builder/spi-builder-workspace/.swiftpm/xcode

    Using response file: /Users/admin/builder/spi-builder-workspace/.derivedData/Build/Intermediates.noindex/swift-highway.build/Debug-watchos/CHighway.build/Objects-normal/armv7k/82b82416624d2658e5098eb0a28c15c5-common-args.resp

    /Applications/Xcode-26.5.0.app/Contents/Developer/Toolchains/XcodeDefault.xctoolchain/usr/bin/clang -x c++ -ivfsstatcache /Users/admin/builder/spi-builder-workspace/.derivedData/SDKStatCaches.noindex/watchos26.5-23T570-688ef53f1462e2c8f657fdc38a81448f7931b973dfc65d9472806dbbc3af9379.sdkstatcache -target armv7k-apple-watchos5.0 -fmessage-length\=0 -fdiagnostics-show-note-include-stack -fmacro-backtrace-limit\=0 -fno-color-diagnostics -fmodules-prune-interval\=86400 -fmodules-prune-after\=345600 -fbuild-session-file\=/Users/admin/builder/spi-builder-workspace/.derivedData/ModuleCache.noindex/Session.modulevalidation -fmodules-validate-once-per-build-session -Wnon-modular-include-in-framework-module -Werror\=non-modular-include-in-framework-module -Wno-trigraphs -Wno-missing-field-initializers -Wno-missing-prototypes -Wno-return-type -Wno-non-virtual-dtor -Wno-overloaded-virtual -Wno-exit-time-destructors -Wno-missing-braces -Wparentheses -Wswitch -Wno-unused-function -Wno-unused-label -Wno-unused-parameter -Wno-unused-variable -Wunused-value -Wno-empty-body -Wno-uninitialized -Wno-unknown-pragmas -Wno-shadow -Wno-four-char-constants -Wno-conversion -Wno-constant-conversion -Wno-int-conversion -Wno-bool-conversion -Wno-enum-conversion -Wno-float-conversion -Wno-non-literal-null-conversion -Wno-objc-literal-conversion -Wno-shorten-64-to-32 -Wno-newline-eof -Wno-c++11-extensions -Wno-implicit-fallthrough -isysroot /Applications/Xcode-26.5.0.app/Contents/Developer/Platforms/WatchOS.platform/Developer/SDKs/WatchOS26.5.sdk -fstrict-aliasing -Wdeprecated-declarations -Winvalid-offsetof -Wno-sign-conversion -Wno-infinite-recursion -Wno-move -Wno-comma -Wno-block-capture-autoreleasing -Wno-strict-prototypes -Wno-range-loop-analysis -Wno-semicolon-before-method-body -index-store-path /Users/admin/builder/spi-builder-workspace/.derivedData/Index.noindex/DataStore @/Users/admin/builder/spi-builder-workspace/.derivedData/Build/Intermediates.noindex/swift-highway.build/Debug-watchos/CHighway.build/Objects-normal/armv7k/82b82416624d2658e5098eb0a28c15c5-common-args.resp -MMD -MT dependencies -MF /Users/admin/builder/spi-builder-workspace/.derivedData/Build/Intermediates.noindex/swift-highway.build/Debug-watchos/CHighway.build/Objects-normal/armv7k/topology.d --serialize-diagnostics /Users/admin/builder/spi-builder-workspace/.derivedData/Build/Intermediates.noindex/swift-highway.build/Debug-watchos/CHighway.build/Objects-normal/armv7k/topology.dia -c /Users/admin/builder/spi-builder-workspace/Sources/CHighway/include/hwy/contrib/thread_pool/topology.cc -o /Users/admin/builder/spi-builder-workspace/.derivedData/Build/Intermediates.noindex/swift-highway.build/Debug-watchos/CHighway.build/Objects-normal/armv7k/topology.o -index-unit-output-path /swift-highway.build/Debug-watchos/CHighway.build/Objects-normal/armv7k/topology.o
CompileC /Users/admin/builder/spi-builder-workspace/.derivedData/Build/Intermediates.noindex/swift-highway.build/Debug-watchos/CHighway.build/Objects-normal/armv7k/per_target.o /Users/admin/builder/spi-builder-workspace/Sources/CHighway/include/hwy/per_target.cc normal armv7k c++ com.apple.compilers.llvm.clang.1_0.compiler (in target 'CHighway' from project 'swift-highway')
    cd /Users/admin/builder/spi-builder-workspace/.swiftpm/xcode

    Using response file: /Users/admin/builder/spi-builder-workspace/.derivedData/Build/Intermediates.noindex/swift-highway.build/Debug-watchos/CHighway.build/Objects-normal/armv7k/82b82416624d2658e5098eb0a28c15c5-common-args.resp

    /Applications/Xcode-26.5.0.app/Contents/Developer/Toolchains/XcodeDefault.xctoolchain/usr/bin/clang -x c++ -ivfsstatcache /Users/admin/builder/spi-builder-workspace/.derivedData/SDKStatCaches.noindex/watchos26.5-23T570-688ef53f1462e2c8f657fdc38a81448f7931b973dfc65d9472806dbbc3af9379.sdkstatcache -target armv7k-apple-watchos5.0 -fmessage-length\=0 -fdiagnostics-show-note-include-stack -fmacro-backtrace-limit\=0 -fno-color-diagnostics -fmodules-prune-interval\=86400 -fmodules-prune-after\=345600 -fbuild-session-file\=/Users/admin/builder/spi-builder-workspace/.derivedData/ModuleCache.noindex/Session.modulevalidation -fmodules-validate-once-per-build-session -Wnon-modular-include-in-framework-module -Werror\=non-modular-include-in-framework-module -Wno-trigraphs -Wno-missing-field-initializers -Wno-missing-prototypes -Wno-return-type -Wno-non-virtual-dtor -Wno-overloaded-virtual -Wno-exit-time-destructors -Wno-missing-braces -Wparentheses -Wswitch -Wno-unused-function -Wno-unused-label -Wno-unused-parameter -Wno-unused-variable -Wunused-value -Wno-empty-body -Wno-uninitialized -Wno-unknown-pragmas -Wno-shadow -Wno-four-char-constants -Wno-conversion -Wno-constant-conversion -Wno-int-conversion -Wno-bool-conversion -Wno-enum-conversion -Wno-float-conversion -Wno-non-literal-null-conversion -Wno-objc-literal-conversion -Wno-shorten-64-to-32 -Wno-newline-eof -Wno-c++11-extensions -Wno-implicit-fallthrough -isysroot /Applications/Xcode-26.5.0.app/Contents/Developer/Platforms/WatchOS.platform/Developer/SDKs/WatchOS26.5.sdk -fstrict-aliasing -Wdeprecated-declarations -Winvalid-offsetof -Wno-sign-conversion -Wno-infinite-recursion -Wno-move -Wno-comma -Wno-block-capture-autoreleasing -Wno-strict-prototypes -Wno-range-loop-analysis -Wno-semicolon-before-method-body -index-store-path /Users/admin/builder/spi-builder-workspace/.derivedData/Index.noindex/DataStore @/Users/admin/builder/spi-builder-workspace/.derivedData/Build/Intermediates.noindex/swift-highway.build/Debug-watchos/CHighway.build/Objects-normal/armv7k/82b82416624d2658e5098eb0a28c15c5-common-args.resp -MMD -MT dependencies -MF /Users/admin/builder/spi-builder-workspace/.derivedData/Build/Intermediates.noindex/swift-highway.build/Debug-watchos/CHighway.build/Objects-normal/armv7k/per_target.d --serialize-diagnostics /Users/admin/builder/spi-builder-workspace/.derivedData/Build/Intermediates.noindex/swift-highway.build/Debug-watchos/CHighway.build/Objects-normal/armv7k/per_target.dia -c /Users/admin/builder/spi-builder-workspace/Sources/CHighway/include/hwy/per_target.cc -o /Users/admin/builder/spi-builder-workspace/.derivedData/Build/Intermediates.noindex/swift-highway.build/Debug-watchos/CHighway.build/Objects-normal/armv7k/per_target.o -index-unit-output-path /swift-highway.build/Debug-watchos/CHighway.build/Objects-normal/armv7k/per_target.o
CompileC /Users/admin/builder/spi-builder-workspace/.derivedData/Build/Intermediates.noindex/swift-highway.build/Debug-watchos/CHighway.build/Objects-normal/armv7k/targets.o /Users/admin/builder/spi-builder-workspace/Sources/CHighway/include/hwy/targets.cc normal armv7k c++ com.apple.compilers.llvm.clang.1_0.compiler (in target 'CHighway' from project 'swift-highway')
    cd /Users/admin/builder/spi-builder-workspace/.swiftpm/xcode

    Using response file: /Users/admin/builder/spi-builder-workspace/.derivedData/Build/Intermediates.noindex/swift-highway.build/Debug-watchos/CHighway.build/Objects-normal/armv7k/82b82416624d2658e5098eb0a28c15c5-common-args.resp

    /Applications/Xcode-26.5.0.app/Contents/Developer/Toolchains/XcodeDefault.xctoolchain/usr/bin/clang -x c++ -ivfsstatcache /Users/admin/builder/spi-builder-workspace/.derivedData/SDKStatCaches.noindex/watchos26.5-23T570-688ef53f1462e2c8f657fdc38a81448f7931b973dfc65d9472806dbbc3af9379.sdkstatcache -target armv7k-apple-watchos5.0 -fmessage-length\=0 -fdiagnostics-show-note-include-stack -fmacro-backtrace-limit\=0 -fno-color-diagnostics -fmodules-prune-interval\=86400 -fmodules-prune-after\=345600 -fbuild-session-file\=/Users/admin/builder/spi-builder-workspace/.derivedData/ModuleCache.noindex/Session.modulevalidation -fmodules-validate-once-per-build-session -Wnon-modular-include-in-framework-module -Werror\=non-modular-include-in-framework-module -Wno-trigraphs -Wno-missing-field-initializers -Wno-missing-prototypes -Wno-return-type -Wno-non-virtual-dtor -Wno-overloaded-virtual -Wno-exit-time-destructors -Wno-missing-braces -Wparentheses -Wswitch -Wno-unused-function -Wno-unused-label -Wno-unused-parameter -Wno-unused-variable -Wunused-value -Wno-empty-body -Wno-uninitialized -Wno-unknown-pragmas -Wno-shadow -Wno-four-char-constants -Wno-conversion -Wno-constant-conversion -Wno-int-conversion -Wno-bool-conversion -Wno-enum-conversion -Wno-float-conversion -Wno-non-literal-null-conversion -Wno-objc-literal-conversion -Wno-shorten-64-to-32 -Wno-newline-eof -Wno-c++11-extensions -Wno-implicit-fallthrough -isysroot /Applications/Xcode-26.5.0.app/Contents/Developer/Platforms/WatchOS.platform/Developer/SDKs/WatchOS26.5.sdk -fstrict-aliasing -Wdeprecated-declarations -Winvalid-offsetof -Wno-sign-conversion -Wno-infinite-recursion -Wno-move -Wno-comma -Wno-block-capture-autoreleasing -Wno-strict-prototypes -Wno-range-loop-analysis -Wno-semicolon-before-method-body -index-store-path /Users/admin/builder/spi-builder-workspace/.derivedData/Index.noindex/DataStore @/Users/admin/builder/spi-builder-workspace/.derivedData/Build/Intermediates.noindex/swift-highway.build/Debug-watchos/CHighway.build/Objects-normal/armv7k/82b82416624d2658e5098eb0a28c15c5-common-args.resp -MMD -MT dependencies -MF /Users/admin/builder/spi-builder-workspace/.derivedData/Build/Intermediates.noindex/swift-highway.build/Debug-watchos/CHighway.build/Objects-normal/armv7k/targets.d --serialize-diagnostics /Users/admin/builder/spi-builder-workspace/.derivedData/Build/Intermediates.noindex/swift-highway.build/Debug-watchos/CHighway.build/Objects-normal/armv7k/targets.dia -c /Users/admin/builder/spi-builder-workspace/Sources/CHighway/include/hwy/targets.cc -o /Users/admin/builder/spi-builder-workspace/.derivedData/Build/Intermediates.noindex/swift-highway.build/Debug-watchos/CHighway.build/Objects-normal/armv7k/targets.o -index-unit-output-path /swift-highway.build/Debug-watchos/CHighway.build/Objects-normal/armv7k/targets.o
CompileC /Users/admin/builder/spi-builder-workspace/.derivedData/Build/Intermediates.noindex/swift-highway.build/Debug-watchos/CHighway.build/Objects-normal/armv7k/thread_pool.o /Users/admin/builder/spi-builder-workspace/Sources/CHighway/include/hwy/contrib/thread_pool/thread_pool.cc normal armv7k c++ com.apple.compilers.llvm.clang.1_0.compiler (in target 'CHighway' from project 'swift-highway')
    cd /Users/admin/builder/spi-builder-workspace/.swiftpm/xcode

    Using response file: /Users/admin/builder/spi-builder-workspace/.derivedData/Build/Intermediates.noindex/swift-highway.build/Debug-watchos/CHighway.build/Objects-normal/armv7k/82b82416624d2658e5098eb0a28c15c5-common-args.resp

    /Applications/Xcode-26.5.0.app/Contents/Developer/Toolchains/XcodeDefault.xctoolchain/usr/bin/clang -x c++ -ivfsstatcache /Users/admin/builder/spi-builder-workspace/.derivedData/SDKStatCaches.noindex/watchos26.5-23T570-688ef53f1462e2c8f657fdc38a81448f7931b973dfc65d9472806dbbc3af9379.sdkstatcache -target armv7k-apple-watchos5.0 -fmessage-length\=0 -fdiagnostics-show-note-include-stack -fmacro-backtrace-limit\=0 -fno-color-diagnostics -fmodules-prune-interval\=86400 -fmodules-prune-after\=345600 -fbuild-session-file\=/Users/admin/builder/spi-builder-workspace/.derivedData/ModuleCache.noindex/Session.modulevalidation -fmodules-validate-once-per-build-session -Wnon-modular-include-in-framework-module -Werror\=non-modular-include-in-framework-module -Wno-trigraphs -Wno-missing-field-initializers -Wno-missing-prototypes -Wno-return-type -Wno-non-virtual-dtor -Wno-overloaded-virtual -Wno-exit-time-destructors -Wno-missing-braces -Wparentheses -Wswitch -Wno-unused-function -Wno-unused-label -Wno-unused-parameter -Wno-unused-variable -Wunused-value -Wno-empty-body -Wno-uninitialized -Wno-unknown-pragmas -Wno-shadow -Wno-four-char-constants -Wno-conversion -Wno-constant-conversion -Wno-int-conversion -Wno-bool-conversion -Wno-enum-conversion -Wno-float-conversion -Wno-non-literal-null-conversion -Wno-objc-literal-conversion -Wno-shorten-64-to-32 -Wno-newline-eof -Wno-c++11-extensions -Wno-implicit-fallthrough -isysroot /Applications/Xcode-26.5.0.app/Contents/Developer/Platforms/WatchOS.platform/Developer/SDKs/WatchOS26.5.sdk -fstrict-aliasing -Wdeprecated-declarations -Winvalid-offsetof -Wno-sign-conversion -Wno-infinite-recursion -Wno-move -Wno-comma -Wno-block-capture-autoreleasing -Wno-strict-prototypes -Wno-range-loop-analysis -Wno-semicolon-before-method-body -index-store-path /Users/admin/builder/spi-builder-workspace/.derivedData/Index.noindex/DataStore @/Users/admin/builder/spi-builder-workspace/.derivedData/Build/Intermediates.noindex/swift-highway.build/Debug-watchos/CHighway.build/Objects-normal/armv7k/82b82416624d2658e5098eb0a28c15c5-common-args.resp -MMD -MT dependencies -MF /Users/admin/builder/spi-builder-workspace/.derivedData/Build/Intermediates.noindex/swift-highway.build/Debug-watchos/CHighway.build/Objects-normal/armv7k/thread_pool.d --serialize-diagnostics /Users/admin/builder/spi-builder-workspace/.derivedData/Build/Intermediates.noindex/swift-highway.build/Debug-watchos/CHighway.build/Objects-normal/armv7k/thread_pool.dia -c /Users/admin/builder/spi-builder-workspace/Sources/CHighway/include/hwy/contrib/thread_pool/thread_pool.cc -o /Users/admin/builder/spi-builder-workspace/.derivedData/Build/Intermediates.noindex/swift-highway.build/Debug-watchos/CHighway.build/Objects-normal/armv7k/thread_pool.o -index-unit-output-path /swift-highway.build/Debug-watchos/CHighway.build/Objects-normal/armv7k/thread_pool.o
CompileC /Users/admin/builder/spi-builder-workspace/.derivedData/Build/Intermediates.noindex/swift-highway.build/Debug-watchos/CHighway.build/Objects-normal/armv7k/vqsort_u64d.o /Users/admin/builder/spi-builder-workspace/Sources/CHighway/include/hwy/contrib/sort/vqsort_u64d.cc normal armv7k c++ com.apple.compilers.llvm.clang.1_0.compiler (in target 'CHighway' from project 'swift-highway')
    cd /Users/admin/builder/spi-builder-workspace/.swiftpm/xcode

    Using response file: /Users/admin/builder/spi-builder-workspace/.derivedData/Build/Intermediates.noindex/swift-highway.build/Debug-watchos/CHighway.build/Objects-normal/armv7k/82b82416624d2658e5098eb0a28c15c5-common-args.resp

    /Applications/Xcode-26.5.0.app/Contents/Developer/Toolchains/XcodeDefault.xctoolchain/usr/bin/clang -x c++ -ivfsstatcache /Users/admin/builder/spi-builder-workspace/.derivedData/SDKStatCaches.noindex/watchos26.5-23T570-688ef53f1462e2c8f657fdc38a81448f7931b973dfc65d9472806dbbc3af9379.sdkstatcache -target armv7k-apple-watchos5.0 -fmessage-length\=0 -fdiagnostics-show-note-include-stack -fmacro-backtrace-limit\=0 -fno-color-diagnostics -fmodules-prune-interval\=86400 -fmodules-prune-after\=345600 -fbuild-session-file\=/Users/admin/builder/spi-builder-workspace/.derivedData/ModuleCache.noindex/Session.modulevalidation -fmodules-validate-once-per-build-session -Wnon-modular-include-in-framework-module -Werror\=non-modular-include-in-framework-module -Wno-trigraphs -Wno-missing-field-initializers -Wno-missing-prototypes -Wno-return-type -Wno-non-virtual-dtor -Wno-overloaded-virtual -Wno-exit-time-destructors -Wno-missing-braces -Wparentheses -Wswitch -Wno-unused-function -Wno-unused-label -Wno-unused-parameter -Wno-unused-variable -Wunused-value -Wno-empty-body -Wno-uninitialized -Wno-unknown-pragmas -Wno-shadow -Wno-four-char-constants -Wno-conversion -Wno-constant-conversion -Wno-int-conversion -Wno-bool-conversion -Wno-enum-conversion -Wno-float-conversion -Wno-non-literal-null-conversion -Wno-objc-literal-conversion -Wno-shorten-64-to-32 -Wno-newline-eof -Wno-c++11-extensions -Wno-implicit-fallthrough -isysroot /Applications/Xcode-26.5.0.app/Contents/Developer/Platforms/WatchOS.platform/Developer/SDKs/WatchOS26.5.sdk -fstrict-aliasing -Wdeprecated-declarations -Winvalid-offsetof -Wno-sign-conversion -Wno-infinite-recursion -Wno-move -Wno-comma -Wno-block-capture-autoreleasing -Wno-strict-prototypes -Wno-range-loop-analysis -Wno-semicolon-before-method-body -index-store-path /Users/admin/builder/spi-builder-workspace/.derivedData/Index.noindex/DataStore @/Users/admin/builder/spi-builder-workspace/.derivedData/Build/Intermediates.noindex/swift-highway.build/Debug-watchos/CHighway.build/Objects-normal/armv7k/82b82416624d2658e5098eb0a28c15c5-common-args.resp -MMD -MT dependencies -MF /Users/admin/builder/spi-builder-workspace/.derivedData/Build/Intermediates.noindex/swift-highway.build/Debug-watchos/CHighway.build/Objects-normal/armv7k/vqsort_u64d.d --serialize-diagnostics /Users/admin/builder/spi-builder-workspace/.derivedData/Build/Intermediates.noindex/swift-highway.build/Debug-watchos/CHighway.build/Objects-normal/armv7k/vqsort_u64d.dia -c /Users/admin/builder/spi-builder-workspace/Sources/CHighway/include/hwy/contrib/sort/vqsort_u64d.cc -o /Users/admin/builder/spi-builder-workspace/.derivedData/Build/Intermediates.noindex/swift-highway.build/Debug-watchos/CHighway.build/Objects-normal/armv7k/vqsort_u64d.o -index-unit-output-path /swift-highway.build/Debug-watchos/CHighway.build/Objects-normal/armv7k/vqsort_u64d.o
CompileC /Users/admin/builder/spi-builder-workspace/.derivedData/Build/Intermediates.noindex/swift-highway.build/Debug-watchos/CHighway.build/Objects-normal/armv7k/vqsort_u64a.o /Users/admin/builder/spi-builder-workspace/Sources/CHighway/include/hwy/contrib/sort/vqsort_u64a.cc normal armv7k c++ com.apple.compilers.llvm.clang.1_0.compiler (in target 'CHighway' from project 'swift-highway')
    cd /Users/admin/builder/spi-builder-workspace/.swiftpm/xcode

    Using response file: /Users/admin/builder/spi-builder-workspace/.derivedData/Build/Intermediates.noindex/swift-highway.build/Debug-watchos/CHighway.build/Objects-normal/armv7k/82b82416624d2658e5098eb0a28c15c5-common-args.resp

    /Applications/Xcode-26.5.0.app/Contents/Developer/Toolchains/XcodeDefault.xctoolchain/usr/bin/clang -x c++ -ivfsstatcache /Users/admin/builder/spi-builder-workspace/.derivedData/SDKStatCaches.noindex/watchos26.5-23T570-688ef53f1462e2c8f657fdc38a81448f7931b973dfc65d9472806dbbc3af9379.sdkstatcache -target armv7k-apple-watchos5.0 -fmessage-length\=0 -fdiagnostics-show-note-include-stack -fmacro-backtrace-limit\=0 -fno-color-diagnostics -fmodules-prune-interval\=86400 -fmodules-prune-after\=345600 -fbuild-session-file\=/Users/admin/builder/spi-builder-workspace/.derivedData/ModuleCache.noindex/Session.modulevalidation -fmodules-validate-once-per-build-session -Wnon-modular-include-in-framework-module -Werror\=non-modular-include-in-framework-module -Wno-trigraphs -Wno-missing-field-initializers -Wno-missing-prototypes -Wno-return-type -Wno-non-virtual-dtor -Wno-overloaded-virtual -Wno-exit-time-destructors -Wno-missing-braces -Wparentheses -Wswitch -Wno-unused-function -Wno-unused-label -Wno-unused-parameter -Wno-unused-variable -Wunused-value -Wno-empty-body -Wno-uninitialized -Wno-unknown-pragmas -Wno-shadow -Wno-four-char-constants -Wno-conversion -Wno-constant-conversion -Wno-int-conversion -Wno-bool-conversion -Wno-enum-conversion -Wno-float-conversion -Wno-non-literal-null-conversion -Wno-objc-literal-conversion -Wno-shorten-64-to-32 -Wno-newline-eof -Wno-c++11-extensions -Wno-implicit-fallthrough -isysroot /Applications/Xcode-26.5.0.app/Contents/Developer/Platforms/WatchOS.platform/Developer/SDKs/WatchOS26.5.sdk -fstrict-aliasing -Wdeprecated-declarations -Winvalid-offsetof -Wno-sign-conversion -Wno-infinite-recursion -Wno-move -Wno-comma -Wno-block-capture-autoreleasing -Wno-strict-prototypes -Wno-range-loop-analysis -Wno-semicolon-before-method-body -index-store-path /Users/admin/builder/spi-builder-workspace/.derivedData/Index.noindex/DataStore @/Users/admin/builder/spi-builder-workspace/.derivedData/Build/Intermediates.noindex/swift-highway.build/Debug-watchos/CHighway.build/Objects-normal/armv7k/82b82416624d2658e5098eb0a28c15c5-common-args.resp -MMD -MT dependencies -MF /Users/admin/builder/spi-builder-workspace/.derivedData/Build/Intermediates.noindex/swift-highway.build/Debug-watchos/CHighway.build/Objects-normal/armv7k/vqsort_u64a.d --serialize-diagnostics /Users/admin/builder/spi-builder-workspace/.derivedData/Build/Intermediates.noindex/swift-highway.build/Debug-watchos/CHighway.build/Objects-normal/armv7k/vqsort_u64a.dia -c /Users/admin/builder/spi-builder-workspace/Sources/CHighway/include/hwy/contrib/sort/vqsort_u64a.cc -o /Users/admin/builder/spi-builder-workspace/.derivedData/Build/Intermediates.noindex/swift-highway.build/Debug-watchos/CHighway.build/Objects-normal/armv7k/vqsort_u64a.o -index-unit-output-path /swift-highway.build/Debug-watchos/CHighway.build/Objects-normal/armv7k/vqsort_u64a.o
CompileC /Users/admin/builder/spi-builder-workspace/.derivedData/Build/Intermediates.noindex/swift-highway.build/Debug-watchos/CHighway.build/Objects-normal/armv7k/vqsort_u32d.o /Users/admin/builder/spi-builder-workspace/Sources/CHighway/include/hwy/contrib/sort/vqsort_u32d.cc normal armv7k c++ com.apple.compilers.llvm.clang.1_0.compiler (in target 'CHighway' from project 'swift-highway')
    cd /Users/admin/builder/spi-builder-workspace/.swiftpm/xcode

    Using response file: /Users/admin/builder/spi-builder-workspace/.derivedData/Build/Intermediates.noindex/swift-highway.build/Debug-watchos/CHighway.build/Objects-normal/armv7k/82b82416624d2658e5098eb0a28c15c5-common-args.resp

    /Applications/Xcode-26.5.0.app/Contents/Developer/Toolchains/XcodeDefault.xctoolchain/usr/bin/clang -x c++ -ivfsstatcache /Users/admin/builder/spi-builder-workspace/.derivedData/SDKStatCaches.noindex/watchos26.5-23T570-688ef53f1462e2c8f657fdc38a81448f7931b973dfc65d9472806dbbc3af9379.sdkstatcache -target armv7k-apple-watchos5.0 -fmessage-length\=0 -fdiagnostics-show-note-include-stack -fmacro-backtrace-limit\=0 -fno-color-diagnostics -fmodules-prune-interval\=86400 -fmodules-prune-after\=345600 -fbuild-session-file\=/Users/admin/builder/spi-builder-workspace/.derivedData/ModuleCache.noindex/Session.modulevalidation -fmodules-validate-once-per-build-session -Wnon-modular-include-in-framework-module -Werror\=non-modular-include-in-framework-module -Wno-trigraphs -Wno-missing-field-initializers -Wno-missing-prototypes -Wno-return-type -Wno-non-virtual-dtor -Wno-overloaded-virtual -Wno-exit-time-destructors -Wno-missing-braces -Wparentheses -Wswitch -Wno-unused-function -Wno-unused-label -Wno-unused-parameter -Wno-unused-variable -Wunused-value -Wno-empty-body -Wno-uninitialized -Wno-unknown-pragmas -Wno-shadow -Wno-four-char-constants -Wno-conversion -Wno-constant-conversion -Wno-int-conversion -Wno-bool-conversion -Wno-enum-conversion -Wno-float-conversion -Wno-non-literal-null-conversion -Wno-objc-literal-conversion -Wno-shorten-64-to-32 -Wno-newline-eof -Wno-c++11-extensions -Wno-implicit-fallthrough -isysroot /Applications/Xcode-26.5.0.app/Contents/Developer/Platforms/WatchOS.platform/Developer/SDKs/WatchOS26.5.sdk -fstrict-aliasing -Wdeprecated-declarations -Winvalid-offsetof -Wno-sign-conversion -Wno-infinite-recursion -Wno-move -Wno-comma -Wno-block-capture-autoreleasing -Wno-strict-prototypes -Wno-range-loop-analysis -Wno-semicolon-before-method-body -index-store-path /Users/admin/builder/spi-builder-workspace/.derivedData/Index.noindex/DataStore @/Users/admin/builder/spi-builder-workspace/.derivedData/Build/Intermediates.noindex/swift-highway.build/Debug-watchos/CHighway.build/Objects-normal/armv7k/82b82416624d2658e5098eb0a28c15c5-common-args.resp -MMD -MT dependencies -MF /Users/admin/builder/spi-builder-workspace/.derivedData/Build/Intermediates.noindex/swift-highway.build/Debug-watchos/CHighway.build/Objects-normal/armv7k/vqsort_u32d.d --serialize-diagnostics /Users/admin/builder/spi-builder-workspace/.derivedData/Build/Intermediates.noindex/swift-highway.build/Debug-watchos/CHighway.build/Objects-normal/armv7k/vqsort_u32d.dia -c /Users/admin/builder/spi-builder-workspace/Sources/CHighway/include/hwy/contrib/sort/vqsort_u32d.cc -o /Users/admin/builder/spi-builder-workspace/.derivedData/Build/Intermediates.noindex/swift-highway.build/Debug-watchos/CHighway.build/Objects-normal/armv7k/vqsort_u32d.o -index-unit-output-path /swift-highway.build/Debug-watchos/CHighway.build/Objects-normal/armv7k/vqsort_u32d.o
SwiftDriver Highway normal arm64_32 com.apple.xcode.tools.swift.compiler (in target 'Highway' from project 'swift-highway')
    cd /Users/admin/builder/spi-builder-workspace/.swiftpm/xcode
    builtin-SwiftDriver -- /Applications/Xcode-26.5.0.app/Contents/Developer/Toolchains/XcodeDefault.xctoolchain/usr/bin/swiftc -module-name Highway -Onone @/Users/admin/builder/spi-builder-workspace/.derivedData/Build/Intermediates.noindex/swift-highway.build/Debug-watchos/Highway.build/Objects-normal/arm64_32/Highway.SwiftFileList -DSWIFT_PACKAGE -DDEBUG -DSWIFT_MODULE_RESOURCE_BUNDLE_UNAVAILABLE -Xcc -fmodule-map-file\=/Users/admin/builder/spi-builder-workspace/.derivedData/Build/Intermediates.noindex/GeneratedModuleMaps-watchos/CHighwayOps.modulemap -DXcode -strict-memory-safety -enable-upcoming-feature MemberImportVisibility -enable-upcoming-feature InternalImportsByDefault -enable-upcoming-feature ExistentialAny -enable-experimental-feature SafeInteropWrappers -enable-experimental-feature AvailabilityMacro\=SwiftStdlib\ 5.1:macOS\ 10.15,\ iOS\ 13.0,\ watchOS\ 6.0,\ tvOS\ 13.0 -cxx-interoperability-mode\=default -Xcc -std\=c++17 -plugin-path /Applications/Xcode-26.5.0.app/Contents/Developer/Toolchains/XcodeDefault.xctoolchain/usr/lib/swift/host/plugins/testing -enable-experimental-feature DebugDescriptionMacro -sdk /Applications/Xcode-26.5.0.app/Contents/Developer/Platforms/WatchOS.platform/Developer/SDKs/WatchOS26.5.sdk -target arm64_32-apple-watchos5.0 -g -module-cache-path /Users/admin/builder/spi-builder-workspace/.derivedData/ModuleCache.noindex -Xfrontend -serialize-debugging-options -profile-coverage-mapping -profile-generate -enable-testing -index-store-path /Users/admin/builder/spi-builder-workspace/.derivedData/Index.noindex/DataStore -Xcc -D_LIBCPP_HARDENING_MODE\=_LIBCPP_HARDENING_MODE_DEBUG -swift-version 6 -I /Users/admin/builder/spi-builder-workspace/.derivedData/Build/Products/Debug-watchos -Isystem /Applications/Xcode-26.5.0.app/Contents/Developer/Platforms/WatchOS.platform/Developer/usr/lib -F /Users/admin/builder/spi-builder-workspace/.derivedData/Build/Products/Debug-watchos/PackageFrameworks -F /Users/admin/builder/spi-builder-workspace/.derivedData/Build/Products/Debug-watchos/PackageFrameworks -F /Users/admin/builder/spi-builder-workspace/.derivedData/Build/Products/Debug-watchos -F /Applications/Xcode-26.5.0.app/Contents/Developer/Platforms/WatchOS.platform/Developer/Library/Frameworks -F /Applications/Xcode-26.5.0.app/Contents/Developer/Platforms/WatchOS.platform/Developer/SDKs/WatchOS26.5.sdk/Developer/Library/Frameworks -c -j10 -enable-batch-mode -incremental -Xcc -ivfsstatcache -Xcc /Users/admin/builder/spi-builder-workspace/.derivedData/SDKStatCaches.noindex/watchos26.5-23T570-688ef53f1462e2c8f657fdc38a81448f7931b973dfc65d9472806dbbc3af9379.sdkstatcache -output-file-map /Users/admin/builder/spi-builder-workspace/.derivedData/Build/Intermediates.noindex/swift-highway.build/Debug-watchos/Highway.build/Objects-normal/arm64_32/Highway-OutputFileMap.json -use-frontend-parseable-output -save-temps -no-color-diagnostics -serialize-diagnostics -emit-dependencies -emit-module -emit-module-path /Users/admin/builder/spi-builder-workspace/.derivedData/Build/Intermediates.noindex/swift-highway.build/Debug-watchos/Highway.build/Objects-normal/arm64_32/Highway.swiftmodule -validate-clang-modules-once -clang-build-session-file /Users/admin/builder/spi-builder-workspace/.derivedData/ModuleCache.noindex/Session.modulevalidation -package-name spi_builder_workspace -Xcc -I/Users/admin/builder/spi-builder-workspace/.derivedData/Build/Intermediates.noindex/swift-highway.build/Debug-watchos/Highway.build/swift-overrides.hmap -emit-const-values -Xfrontend -const-gather-protocols-file -Xfrontend /Users/admin/builder/spi-builder-workspace/.derivedData/Build/Intermediates.noindex/swift-highway.build/Debug-watchos/Highway.build/Objects-normal/arm64_32/Highway_const_extract_protocols.json -Xcc -I/Users/admin/builder/spi-builder-workspace/Sources/CHighwayOps/include -Xcc -I/Users/admin/builder/spi-builder-workspace/Sources/CHighway/include -Xcc -I/Users/admin/builder/spi-builder-workspace/.derivedData/Build/Products/Debug-watchos/include -Xcc -I/Users/admin/builder/spi-builder-workspace/.derivedData/Build/Intermediates.noindex/swift-highway.build/Debug-watchos/Highway.build/DerivedSources-normal/arm64_32 -Xcc -I/Users/admin/builder/spi-builder-workspace/.derivedData/Build/Intermediates.noindex/swift-highway.build/Debug-watchos/Highway.build/DerivedSources/arm64_32 -Xcc -I/Users/admin/builder/spi-builder-workspace/.derivedData/Build/Intermediates.noindex/swift-highway.build/Debug-watchos/Highway.build/DerivedSources -Xcc -DSWIFT_PACKAGE -Xcc -DDEBUG\=1 -emit-objc-header -emit-objc-header-path /Users/admin/builder/spi-builder-workspace/.derivedData/Build/Intermediates.noindex/swift-highway.build/Debug-watchos/Highway.build/Objects-normal/arm64_32/Highway-Swift.h -working-directory /Users/admin/builder/spi-builder-workspace/.swiftpm/xcode -experimental-emit-module-separately -disable-cmo
SwiftDriver Highway normal arm64 com.apple.xcode.tools.swift.compiler (in target 'Highway' from project 'swift-highway')
    cd /Users/admin/builder/spi-builder-workspace/.swiftpm/xcode
    builtin-SwiftDriver -- /Applications/Xcode-26.5.0.app/Contents/Developer/Toolchains/XcodeDefault.xctoolchain/usr/bin/swiftc -module-name Highway -Onone @/Users/admin/builder/spi-builder-workspace/.derivedData/Build/Intermediates.noindex/swift-highway.build/Debug-watchos/Highway.build/Objects-normal/arm64/Highway.SwiftFileList -DSWIFT_PACKAGE -DDEBUG -DSWIFT_MODULE_RESOURCE_BUNDLE_UNAVAILABLE -Xcc -fmodule-map-file\=/Users/admin/builder/spi-builder-workspace/.derivedData/Build/Intermediates.noindex/GeneratedModuleMaps-watchos/CHighwayOps.modulemap -DXcode -strict-memory-safety -enable-upcoming-feature MemberImportVisibility -enable-upcoming-feature InternalImportsByDefault -enable-upcoming-feature ExistentialAny -enable-experimental-feature SafeInteropWrappers -enable-experimental-feature AvailabilityMacro\=SwiftStdlib\ 5.1:macOS\ 10.15,\ iOS\ 13.0,\ watchOS\ 6.0,\ tvOS\ 13.0 -cxx-interoperability-mode\=default -Xcc -std\=c++17 -plugin-path /Applications/Xcode-26.5.0.app/Contents/Developer/Toolchains/XcodeDefault.xctoolchain/usr/lib/swift/host/plugins/testing -enable-experimental-feature DebugDescriptionMacro -sdk /Applications/Xcode-26.5.0.app/Contents/Developer/Platforms/WatchOS.platform/Developer/SDKs/WatchOS26.5.sdk -target arm64-apple-watchos5.0 -g -module-cache-path /Users/admin/builder/spi-builder-workspace/.derivedData/ModuleCache.noindex -Xfrontend -serialize-debugging-options -profile-coverage-mapping -profile-generate -enable-testing -index-store-path /Users/admin/builder/spi-builder-workspace/.derivedData/Index.noindex/DataStore -Xcc -D_LIBCPP_HARDENING_MODE\=_LIBCPP_HARDENING_MODE_DEBUG -swift-version 6 -I /Users/admin/builder/spi-builder-workspace/.derivedData/Build/Products/Debug-watchos -Isystem /Applications/Xcode-26.5.0.app/Contents/Developer/Platforms/WatchOS.platform/Developer/usr/lib -F /Users/admin/builder/spi-builder-workspace/.derivedData/Build/Products/Debug-watchos/PackageFrameworks -F /Users/admin/builder/spi-builder-workspace/.derivedData/Build/Products/Debug-watchos/PackageFrameworks -F /Users/admin/builder/spi-builder-workspace/.derivedData/Build/Products/Debug-watchos -F /Applications/Xcode-26.5.0.app/Contents/Developer/Platforms/WatchOS.platform/Developer/Library/Frameworks -F /Applications/Xcode-26.5.0.app/Contents/Developer/Platforms/WatchOS.platform/Developer/SDKs/WatchOS26.5.sdk/Developer/Library/Frameworks -c -j10 -enable-batch-mode -incremental -Xcc -ivfsstatcache -Xcc /Users/admin/builder/spi-builder-workspace/.derivedData/SDKStatCaches.noindex/watchos26.5-23T570-688ef53f1462e2c8f657fdc38a81448f7931b973dfc65d9472806dbbc3af9379.sdkstatcache -output-file-map /Users/admin/builder/spi-builder-workspace/.derivedData/Build/Intermediates.noindex/swift-highway.build/Debug-watchos/Highway.build/Objects-normal/arm64/Highway-OutputFileMap.json -use-frontend-parseable-output -save-temps -no-color-diagnostics -serialize-diagnostics -emit-dependencies -emit-module -emit-module-path /Users/admin/builder/spi-builder-workspace/.derivedData/Build/Intermediates.noindex/swift-highway.build/Debug-watchos/Highway.build/Objects-normal/arm64/Highway.swiftmodule -validate-clang-modules-once -clang-build-session-file /Users/admin/builder/spi-builder-workspace/.derivedData/ModuleCache.noindex/Session.modulevalidation -package-name spi_builder_workspace -Xcc -I/Users/admin/builder/spi-builder-workspace/.derivedData/Build/Intermediates.noindex/swift-highway.build/Debug-watchos/Highway.build/swift-overrides.hmap -emit-const-values -Xfrontend -const-gather-protocols-file -Xfrontend /Users/admin/builder/spi-builder-workspace/.derivedData/Build/Intermediates.noindex/swift-highway.build/Debug-watchos/Highway.build/Objects-normal/arm64/Highway_const_extract_protocols.json -Xcc -I/Users/admin/builder/spi-builder-workspace/Sources/CHighwayOps/include -Xcc -I/Users/admin/builder/spi-builder-workspace/Sources/CHighway/include -Xcc -I/Users/admin/builder/spi-builder-workspace/.derivedData/Build/Products/Debug-watchos/include -Xcc -I/Users/admin/builder/spi-builder-workspace/.derivedData/Build/Intermediates.noindex/swift-highway.build/Debug-watchos/Highway.build/DerivedSources-normal/arm64 -Xcc -I/Users/admin/builder/spi-builder-workspace/.derivedData/Build/Intermediates.noindex/swift-highway.build/Debug-watchos/Highway.build/DerivedSources/arm64 -Xcc -I/Users/admin/builder/spi-builder-workspace/.derivedData/Build/Intermediates.noindex/swift-highway.build/Debug-watchos/Highway.build/DerivedSources -Xcc -DSWIFT_PACKAGE -Xcc -DDEBUG\=1 -emit-objc-header -emit-objc-header-path /Users/admin/builder/spi-builder-workspace/.derivedData/Build/Intermediates.noindex/swift-highway.build/Debug-watchos/Highway.build/Objects-normal/arm64/Highway-Swift.h -working-directory /Users/admin/builder/spi-builder-workspace/.swiftpm/xcode -experimental-emit-module-separately -disable-cmo
SwiftDriver Highway normal armv7k com.apple.xcode.tools.swift.compiler (in target 'Highway' from project 'swift-highway')
    cd /Users/admin/builder/spi-builder-workspace/.swiftpm/xcode
    builtin-SwiftDriver -- /Applications/Xcode-26.5.0.app/Contents/Developer/Toolchains/XcodeDefault.xctoolchain/usr/bin/swiftc -module-name Highway -Onone @/Users/admin/builder/spi-builder-workspace/.derivedData/Build/Intermediates.noindex/swift-highway.build/Debug-watchos/Highway.build/Objects-normal/armv7k/Highway.SwiftFileList -DSWIFT_PACKAGE -DDEBUG -DSWIFT_MODULE_RESOURCE_BUNDLE_UNAVAILABLE -Xcc -fmodule-map-file\=/Users/admin/builder/spi-builder-workspace/.derivedData/Build/Intermediates.noindex/GeneratedModuleMaps-watchos/CHighwayOps.modulemap -DXcode -strict-memory-safety -enable-upcoming-feature MemberImportVisibility -enable-upcoming-feature InternalImportsByDefault -enable-upcoming-feature ExistentialAny -enable-experimental-feature SafeInteropWrappers -enable-experimental-feature AvailabilityMacro\=SwiftStdlib\ 5.1:macOS\ 10.15,\ iOS\ 13.0,\ watchOS\ 6.0,\ tvOS\ 13.0 -cxx-interoperability-mode\=default -Xcc -std\=c++17 -plugin-path /Applications/Xcode-26.5.0.app/Contents/Developer/Toolchains/XcodeDefault.xctoolchain/usr/lib/swift/host/plugins/testing -enable-experimental-feature DebugDescriptionMacro -sdk /Applications/Xcode-26.5.0.app/Contents/Developer/Platforms/WatchOS.platform/Developer/SDKs/WatchOS26.5.sdk -target armv7k-apple-watchos5.0 -g -module-cache-path /Users/admin/builder/spi-builder-workspace/.derivedData/ModuleCache.noindex -Xfrontend -serialize-debugging-options -profile-coverage-mapping -profile-generate -enable-testing -index-store-path /Users/admin/builder/spi-builder-workspace/.derivedData/Index.noindex/DataStore -Xcc -D_LIBCPP_HARDENING_MODE\=_LIBCPP_HARDENING_MODE_DEBUG -swift-version 6 -I /Users/admin/builder/spi-builder-workspace/.derivedData/Build/Products/Debug-watchos -Isystem /Applications/Xcode-26.5.0.app/Contents/Developer/Platforms/WatchOS.platform/Developer/usr/lib -F /Users/admin/builder/spi-builder-workspace/.derivedData/Build/Products/Debug-watchos/PackageFrameworks -F /Users/admin/builder/spi-builder-workspace/.derivedData/Build/Products/Debug-watchos/PackageFrameworks -F /Users/admin/builder/spi-builder-workspace/.derivedData/Build/Products/Debug-watchos -F /Applications/Xcode-26.5.0.app/Contents/Developer/Platforms/WatchOS.platform/Developer/Library/Frameworks -F /Applications/Xcode-26.5.0.app/Contents/Developer/Platforms/WatchOS.platform/Developer/SDKs/WatchOS26.5.sdk/Developer/Library/Frameworks -c -j10 -enable-batch-mode -incremental -Xcc -ivfsstatcache -Xcc /Users/admin/builder/spi-builder-workspace/.derivedData/SDKStatCaches.noindex/watchos26.5-23T570-688ef53f1462e2c8f657fdc38a81448f7931b973dfc65d9472806dbbc3af9379.sdkstatcache -output-file-map /Users/admin/builder/spi-builder-workspace/.derivedData/Build/Intermediates.noindex/swift-highway.build/Debug-watchos/Highway.build/Objects-normal/armv7k/Highway-OutputFileMap.json -use-frontend-parseable-output -save-temps -no-color-diagnostics -serialize-diagnostics -emit-dependencies -emit-module -emit-module-path /Users/admin/builder/spi-builder-workspace/.derivedData/Build/Intermediates.noindex/swift-highway.build/Debug-watchos/Highway.build/Objects-normal/armv7k/Highway.swiftmodule -validate-clang-modules-once -clang-build-session-file /Users/admin/builder/spi-builder-workspace/.derivedData/ModuleCache.noindex/Session.modulevalidation -package-name spi_builder_workspace -Xcc -I/Users/admin/builder/spi-builder-workspace/.derivedData/Build/Intermediates.noindex/swift-highway.build/Debug-watchos/Highway.build/swift-overrides.hmap -emit-const-values -Xfrontend -const-gather-protocols-file -Xfrontend /Users/admin/builder/spi-builder-workspace/.derivedData/Build/Intermediates.noindex/swift-highway.build/Debug-watchos/Highway.build/Objects-normal/armv7k/Highway_const_extract_protocols.json -Xcc -I/Users/admin/builder/spi-builder-workspace/Sources/CHighwayOps/include -Xcc -I/Users/admin/builder/spi-builder-workspace/Sources/CHighway/include -Xcc -I/Users/admin/builder/spi-builder-workspace/.derivedData/Build/Products/Debug-watchos/include -Xcc -I/Users/admin/builder/spi-builder-workspace/.derivedData/Build/Intermediates.noindex/swift-highway.build/Debug-watchos/Highway.build/DerivedSources-normal/armv7k -Xcc -I/Users/admin/builder/spi-builder-workspace/.derivedData/Build/Intermediates.noindex/swift-highway.build/Debug-watchos/Highway.build/DerivedSources/armv7k -Xcc -I/Users/admin/builder/spi-builder-workspace/.derivedData/Build/Intermediates.noindex/swift-highway.build/Debug-watchos/Highway.build/DerivedSources -Xcc -DSWIFT_PACKAGE -Xcc -DDEBUG\=1 -emit-objc-header -emit-objc-header-path /Users/admin/builder/spi-builder-workspace/.derivedData/Build/Intermediates.noindex/swift-highway.build/Debug-watchos/Highway.build/Objects-normal/armv7k/Highway-Swift.h -working-directory /Users/admin/builder/spi-builder-workspace/.swiftpm/xcode -experimental-emit-module-separately -disable-cmo
CompileC /Users/admin/builder/spi-builder-workspace/.derivedData/Build/Intermediates.noindex/swift-highway.build/Debug-watchos/CHighway.build/Objects-normal/armv7k/vqsort_u32a.o /Users/admin/builder/spi-builder-workspace/Sources/CHighway/include/hwy/contrib/sort/vqsort_u32a.cc normal armv7k c++ com.apple.compilers.llvm.clang.1_0.compiler (in target 'CHighway' from project 'swift-highway')
    cd /Users/admin/builder/spi-builder-workspace/.swiftpm/xcode

    Using response file: /Users/admin/builder/spi-builder-workspace/.derivedData/Build/Intermediates.noindex/swift-highway.build/Debug-watchos/CHighway.build/Objects-normal/armv7k/82b82416624d2658e5098eb0a28c15c5-common-args.resp

    /Applications/Xcode-26.5.0.app/Contents/Developer/Toolchains/XcodeDefault.xctoolchain/usr/bin/clang -x c++ -ivfsstatcache /Users/admin/builder/spi-builder-workspace/.derivedData/SDKStatCaches.noindex/watchos26.5-23T570-688ef53f1462e2c8f657fdc38a81448f7931b973dfc65d9472806dbbc3af9379.sdkstatcache -target armv7k-apple-watchos5.0 -fmessage-length\=0 -fdiagnostics-show-note-include-stack -fmacro-backtrace-limit\=0 -fno-color-diagnostics -fmodules-prune-interval\=86400 -fmodules-prune-after\=345600 -fbuild-session-file\=/Users/admin/builder/spi-builder-workspace/.derivedData/ModuleCache.noindex/Session.modulevalidation -fmodules-validate-once-per-build-session -Wnon-modular-include-in-framework-module -Werror\=non-modular-include-in-framework-module -Wno-trigraphs -Wno-missing-field-initializers -Wno-missing-prototypes -Wno-return-type -Wno-non-virtual-dtor -Wno-overloaded-virtual -Wno-exit-time-destructors -Wno-missing-braces -Wparentheses -Wswitch -Wno-unused-function -Wno-unused-label -Wno-unused-parameter -Wno-unused-variable -Wunused-value -Wno-empty-body -Wno-uninitialized -Wno-unknown-pragmas -Wno-shadow -Wno-four-char-constants -Wno-conversion -Wno-constant-conversion -Wno-int-conversion -Wno-bool-conversion -Wno-enum-conversion -Wno-float-conversion -Wno-non-literal-null-conversion -Wno-objc-literal-conversion -Wno-shorten-64-to-32 -Wno-newline-eof -Wno-c++11-extensions -Wno-implicit-fallthrough -isysroot /Applications/Xcode-26.5.0.app/Contents/Developer/Platforms/WatchOS.platform/Developer/SDKs/WatchOS26.5.sdk -fstrict-aliasing -Wdeprecated-declarations -Winvalid-offsetof -Wno-sign-conversion -Wno-infinite-recursion -Wno-move -Wno-comma -Wno-block-capture-autoreleasing -Wno-strict-prototypes -Wno-range-loop-analysis -Wno-semicolon-before-method-body -index-store-path /Users/admin/builder/spi-builder-workspace/.derivedData/Index.noindex/DataStore @/Users/admin/builder/spi-builder-workspace/.derivedData/Build/Intermediates.noindex/swift-highway.build/Debug-watchos/CHighway.build/Objects-normal/armv7k/82b82416624d2658e5098eb0a28c15c5-common-args.resp -MMD -MT dependencies -MF /Users/admin/builder/spi-builder-workspace/.derivedData/Build/Intermediates.noindex/swift-highway.build/Debug-watchos/CHighway.build/Objects-normal/armv7k/vqsort_u32a.d --serialize-diagnostics /Users/admin/builder/spi-builder-workspace/.derivedData/Build/Intermediates.noindex/swift-highway.build/Debug-watchos/CHighway.build/Objects-normal/armv7k/vqsort_u32a.dia -c /Users/admin/builder/spi-builder-workspace/Sources/CHighway/include/hwy/contrib/sort/vqsort_u32a.cc -o /Users/admin/builder/spi-builder-workspace/.derivedData/Build/Intermediates.noindex/swift-highway.build/Debug-watchos/CHighway.build/Objects-normal/armv7k/vqsort_u32a.o -index-unit-output-path /swift-highway.build/Debug-watchos/CHighway.build/Objects-normal/armv7k/vqsort_u32a.o
SwiftEmitModule normal arm64_32 Emitting\ module\ for\ Highway (in target 'Highway' from project 'swift-highway')
EmitSwiftModule normal arm64_32 (in target 'Highway' from project 'swift-highway')
    cd /Users/admin/builder/spi-builder-workspace/.swiftpm/xcode

SwiftEmitModule normal armv7k Emitting\ module\ for\ Highway (in target 'Highway' from project 'swift-highway')
2026-10-09 23:12:22.282 xcodebuild[732:4294] [MT] IDERunDestination: Supported platforms for the buildables in the current scheme is empty.
** BUILD FAILED **
The following build commands failed:
	CompileC /Users/admin/builder/spi-builder-workspace/.derivedData/Build/Intermediates.noindex/swift-highway.build/Debug-watchos/CHighwayOps.build/Objects-normal/armv7k/CHighwayOps.o /Users/admin/builder/spi-builder-workspace/Sources/CHighwayOps/CHighwayOps.cc normal armv7k c++ com.apple.compilers.llvm.clang.1_0.compiler (in target 'CHighwayOps' from project 'swift-highway')
	Building workspace spi-builder-workspace with scheme swift-highway
(2 failures)
BUILD FAILURE 6.3 watchOS