The Swift Package Index logo.Swift Package Index

Build Information

Failed to build KeyboardHost, reference 1.0.1 (858f99), with Swift 6.4 for macOS (SPM) on 18 Sep 2026 14:09:47 UTC.

Build Command

env DEVELOPER_DIR=/Applications/Xcode-27.0.0-Release.Candidate.app xcrun swift build --arch arm64

Build Log

========================================
RunAll
========================================
Builder version: 5.1.0
Interrupt handler set up.
========================================
Checkout
========================================
Clone URL: https://github.com/HumorousGhost/KeyboardHost.git
Reference: 1.0.1
Initialized empty Git repository in /Users/admin/builder/spi-builder-workspace/.git/
From https://github.com/HumorousGhost/KeyboardHost
 * tag               1.0.1      -> FETCH_HEAD
HEAD is now at 858f997 change package
Cloned https://github.com/HumorousGhost/KeyboardHost.git
Revision (git rev-parse @):
858f997a59f746216f2c0ef7fcce46f95840e092
SUCCESS checkout https://github.com/HumorousGhost/KeyboardHost.git at 1.0.1
========================================
Build
========================================
Selected platform:         macosSpm
Swift version:             6.4
Building package at path:  $PWD
https://github.com/HumorousGhost/KeyboardHost.git
Running build ...
env DEVELOPER_DIR=/Applications/Xcode-27.0.0-Release.Candidate.app xcrun swift build --arch arm64
Building for debugging...
[Planning deferred tasks]
[19 / 28]
[20 / 29] KeyboardHost
[30 / 97]
[33 / 97]
[41 / 97]
[43 / 97]
[44 / 97]
[49 / 97]
[52 / 97]
[55 / 97]
[61 / 97]
[64 / 97]
[66 / 97]
[67 / 97]
[77 / 97]
[79 / 97]
[80 / 97]
[83 / 97]
[85 / 97]
error: SwiftCompile normal arm64 failed with a nonzero exit code. Command line:     cd /Users/admin/builder

/Users/admin/builder/spi-builder-workspace/Sources/KeyboardHost/KeyboardHost.swift:30:15: error: cannot find 'UIResponder' in scope
28 |     private let showPublisher = NotificationCenter.Publisher.init(
29 |         center: .default,
30 |         name: UIResponder.keyboardWillShowNotification
   |               `- error: cannot find 'UIResponder' in scope
31 |     ).map { (notification) -> CGFloat in
32 |         if let rect = notification.userInfo?[UIResponder.keyboardFrameEndUserInfoKey] as? CGRect {
/Users/admin/builder/spi-builder-workspace/Sources/KeyboardHost/KeyboardHost.swift:32:46: error: cannot find 'UIResponder' in scope
30 |         name: UIResponder.keyboardWillShowNotification
31 |     ).map { (notification) -> CGFloat in
32 |         if let rect = notification.userInfo?[UIResponder.keyboardFrameEndUserInfoKey] as? CGRect {
   |                                              `- error: cannot find 'UIResponder' in scope
33 |             return rect.size.height
34 |         } else {
/Users/admin/builder/spi-builder-workspace/Sources/KeyboardHost/KeyboardHost.swift:41:15: error: cannot find 'UIResponder' in scope
39 |     private let hidePublisher = NotificationCenter.Publisher.init(
40 |         center: .default,
41 |         name: UIResponder.keyboardWillHideNotification
   |               `- error: cannot find 'UIResponder' in scope
42 |     ).map { _ -> CGFloat in
43 |         return 0
Failed frontend command:
/Applications/Xcode-27.0.0-Release.Candidate.app/Contents/Developer/Toolchains/XcodeDefault.xctoolchain/usr/bin/swift-frontend -frontend -emit-module -experimental-skip-non-inlinable-function-bodies-without-types /Users/admin/builder/spi-builder-workspace/Sources/KeyboardHost/KeyboardHost.swift -target arm64-apple-macos12.0 -disable-cross-import-overlay-search -load-resolved-plugin /Applications/Xcode-27.0.0-Release.Candidate.app/Contents/Developer/Platforms/MacOSX.platform/Developer/usr/lib/swift/host/plugins/libFoundationMacros.dylib\#/Applications/Xcode-27.0.0-Release.Candidate.app/Contents/Developer/Platforms/MacOSX.platform/Developer/usr/bin/swift-plugin-server\#FoundationMacros -load-resolved-plugin /Applications/Xcode-27.0.0-Release.Candidate.app/Contents/Developer/Platforms/MacOSX.platform/Developer/usr/lib/swift/host/plugins/libObservationMacros.dylib\#/Applications/Xcode-27.0.0-Release.Candidate.app/Contents/Developer/Platforms/MacOSX.platform/Developer/usr/bin/swift-plugin-server\#ObservationMacros -load-resolved-plugin /Applications/Xcode-27.0.0-Release.Candidate.app/Contents/Developer/Platforms/MacOSX.platform/Developer/usr/lib/swift/host/plugins/libPreviewsMacros.dylib\#/Applications/Xcode-27.0.0-Release.Candidate.app/Contents/Developer/Platforms/MacOSX.platform/Developer/usr/bin/swift-plugin-server\#PreviewsMacros -load-resolved-plugin /Applications/Xcode-27.0.0-Release.Candidate.app/Contents/Developer/Platforms/MacOSX.platform/Developer/usr/lib/swift/host/plugins/libSwiftMacros.dylib\#/Applications/Xcode-27.0.0-Release.Candidate.app/Contents/Developer/Platforms/MacOSX.platform/Developer/usr/bin/swift-plugin-server\#SwiftMacros -load-resolved-plugin /Applications/Xcode-27.0.0-Release.Candidate.app/Contents/Developer/Platforms/MacOSX.platform/Developer/usr/lib/swift/host/plugins/libSwiftUIMacros.dylib\#/Applications/Xcode-27.0.0-Release.Candidate.app/Contents/Developer/Platforms/MacOSX.platform/Developer/usr/bin/swift-plugin-server\#SwiftUIMacros -disable-implicit-swift-modules -Xcc -fno-implicit-modules -Xcc -fno-implicit-module-maps -explicit-swift-module-map-file /Users/admin/builder/spi-builder-workspace/.build/out/Intermediates.noindex/KeyboardHost.build/Debug/KeyboardHost-t.build/Objects-normal/arm64/KeyboardHost-dependencies-1.json -Xllvm -aarch64-use-tbi -enable-objc-interop -stack-check -sdk /Applications/Xcode-27.0.0-Release.Candidate.app/Contents/Developer/Platforms/MacOSX.platform/Developer/SDKs/MacOSX27.0.sdk -I /Users/admin/builder/spi-builder-workspace/.build/out/Products/Debug -Isystem /Applications/Xcode-27.0.0-Release.Candidate.app/Contents/Developer/Platforms/MacOSX.platform/Developer/usr/lib -F /Users/admin/builder/spi-builder-workspace/.build/out/Products/Debug -F /Applications/Xcode-27.0.0-Release.Candidate.app/Contents/Developer/Platforms/MacOSX.platform/Developer/Library/Frameworks -module-cache-path /Users/admin/builder/spi-builder-workspace/.build/out/Intermediates.noindex/SwiftExplicitPrecompiledModules -color-diagnostics -Xcc -fcolor-diagnostics -enable-testing -g -debug-info-format\=dwarf -dwarf-version\=4 -swift-version 5 -Onone -D SWIFT_PACKAGE -D DEBUG -D SWIFT_MODULE_RESOURCE_BUNDLE_UNAVAILABLE -D Xcode -serialize-debugging-options -enable-experimental-feature DebugDescriptionMacro -empty-abi-descriptor -validate-clang-modules-once -clang-build-session-file /Users/admin/builder/spi-builder-workspace/.build/out/ModuleCache.noindex/Session.modulevalidation -Xcc -working-directory -Xcc /Users/admin/builder -enable-anonymous-context-mangled-names -file-compilation-dir /Users/admin/builder -Xcc -D_LIBCPP_HARDENING_MODE\=_LIBCPP_HARDENING_MODE_DEBUG -Xcc -ivfsstatcache -Xcc /Users/admin/builder/spi-builder-workspace/.build/out/SDKStatCaches.noindex/macosx27.0-26A425-80c5bbf1d171475443272936d42f90a36a22442a12e9d48fe1a705f55a1adfc4.sdkstatcache -Xcc -fmodules-prune-interval\=86400 -Xcc -fmodules-prune-after\=345600 -Xcc -I/Users/admin/builder/spi-builder-workspace/.build/out/Products/Debug/include -Xcc -I/Users/admin/builder/spi-builder-workspace/.build/out/Intermediates.noindex/KeyboardHost.build/Debug/KeyboardHost-t.build/DerivedSources-normal/arm64 -Xcc -I/Users/admin/builder/spi-builder-workspace/.build/out/Intermediates.noindex/KeyboardHost.build/Debug/KeyboardHost-t.build/DerivedSources/arm64 -Xcc -I/Users/admin/builder/spi-builder-workspace/.build/out/Intermediates.noindex/KeyboardHost.build/Debug/KeyboardHost-t.build/DerivedSources -Xcc -DSWIFT_PACKAGE -Xcc -DDEBUG\=1 -no-auto-bridging-header-chaining -module-name KeyboardHost -const-gather-protocols-file /Users/admin/builder/spi-builder-workspace/.build/out/Intermediates.noindex/KeyboardHost.build/Debug/KeyboardHost-t.build/Objects-normal/arm64/KeyboardHost_const_extract_protocols.json -disable-clang-spi -clang-target arm64-apple-macos27.0 -target-sdk-version 27.0 -target-sdk-name macosx27.0 -in-process-plugin-server-path /Applications/Xcode-27.0.0-Release.Candidate.app/Contents/Developer/Toolchains/XcodeDefault.xctoolchain/usr/lib/swift/host/libSwiftInProcPluginServer.dylib -emit-module-doc-path /Users/admin/builder/spi-builder-workspace/.build/out/Intermediates.noindex/KeyboardHost.build/Debug/KeyboardHost-t.build/Objects-normal/arm64/KeyboardHost.swiftdoc -emit-module-source-info-path /Users/admin/builder/spi-builder-workspace/.build/out/Intermediates.noindex/KeyboardHost.build/Debug/KeyboardHost-t.build/Objects-normal/arm64/KeyboardHost.swiftsourceinfo -emit-objc-header-path /Users/admin/builder/spi-builder-workspace/.build/out/Intermediates.noindex/KeyboardHost.build/Debug/KeyboardHost-t.build/Objects-normal/arm64/KeyboardHost-Swift.h -serialize-diagnostics-path /Users/admin/builder/spi-builder-workspace/.build/out/Intermediates.noindex/KeyboardHost.build/Debug/KeyboardHost-t.build/Objects-normal/arm64/KeyboardHost-primary-emit-module.dia -emit-dependencies-path /Users/admin/builder/spi-builder-workspace/.build/out/Intermediates.noindex/KeyboardHost.build/Debug/KeyboardHost-t.build/Objects-normal/arm64/KeyboardHost-primary-emit-module.d -parse-as-library -o /Users/admin/builder/spi-builder-workspace/.build/out/Intermediates.noindex/KeyboardHost.build/Debug/KeyboardHost-t.build/Objects-normal/arm64/KeyboardHost.swiftmodule -emit-abi-descriptor-path /Users/admin/builder/spi-builder-workspace/.build/out/Intermediates.noindex/KeyboardHost.build/Debug/KeyboardHost-t.build/Objects-normal/arm64/KeyboardHost.abi.json
error: Build failed
BUILD FAILURE 6.4 macosSpm