Build Information
Failed to build OpenSpatial, reference main (d485d3), with Swift 6.2 for watchOS using Xcode 26.3 on 13 Jul 2026 04:25:18 UTC.
Build Command
env DEVELOPER_DIR=/Applications/Xcode-26.3.0.app xcrun xcodebuild -IDEClonedSourcePackagesDirPathOverride=$PWD/.dependencies -skipMacroValidation -skipPackagePluginValidation -derivedDataPath $PWD/.derivedData build -scheme OpenSpatial -destination generic/platform=watchOSBuild Log
========================================
RunAll
========================================
Builder version: undefined version: run 'make version' to update
Interrupt handler set up.
========================================
Checkout
========================================
Clone URL: https://github.com/helbertgs/OpenSpatial.git
Reference: main
Initialized empty Git repository in /Users/admin/builder/spi-builder-workspace/.git/
From https://github.com/helbertgs/OpenSpatial
* branch main -> FETCH_HEAD
* [new branch] main -> origin/main
HEAD is now at d485d32 ci: add automated release management via release-please
Cloned https://github.com/helbertgs/OpenSpatial.git
Revision (git rev-parse @):
d485d320d09183d1166e482b369f306f4e1c03f5
SPI manifest file found: $PWD/.spi.yml
SUCCESS checkout https://github.com/helbertgs/OpenSpatial.git at main
========================================
Build
========================================
Selected platform: watchOS
Swift version: 6.2
Building package at path: $PWD
https://github.com/helbertgs/OpenSpatial.git
Command line invocation:
/Applications/Xcode-26.3.0.app/Contents/Developer/usr/bin/xcodebuild -IDEClonedSourcePackagesDirPathOverride=/Users/admin/builder/spi-builder-workspace/.dependencies -resolvePackageDependencies
Resolve Package Graph
Fetching from https://github.com/apple/swift-docc-plugin
Fetching from https://github.com/swiftlang/swift-docc-symbolkit
Creating working copy of package ‘swift-docc-symbolkit’
Checking out 1.0.0 of package ‘swift-docc-symbolkit’
Creating working copy of package ‘swift-docc-plugin’
Checking out main (647c708) of package ‘swift-docc-plugin’
Resolve Package Graph
Resolved source packages:
SymbolKit: https://github.com/swiftlang/swift-docc-symbolkit @ 1.0.0
OpenSpatial: /Users/admin/builder/spi-builder-workspace
SwiftDocCPlugin: https://github.com/apple/swift-docc-plugin @ main (647c708)
resolved source packages: SymbolKit, OpenSpatial, SwiftDocCPlugin
2026-07-13 00:24:11.548 xcodebuild[538:3081] [MT] IDERunDestination: Supported platforms for the buildables in the current scheme is empty.
{
"dependencies" : [
{
"identity" : "swift-docc-plugin",
"requirement" : {
"branch" : [
"main"
]
},
"type" : "sourceControl",
"url" : "https://github.com/apple/swift-docc-plugin"
}
],
"manifest_display_name" : "OpenSpatial",
"name" : "OpenSpatial",
"path" : "/Users/admin/builder/spi-builder-workspace",
"platforms" : [
],
"products" : [
{
"name" : "OpenSpatial",
"targets" : [
"OpenSpatial"
],
"type" : {
"library" : [
"automatic"
]
}
}
],
"targets" : [
{
"c99name" : "OpenSpatialTests",
"module_type" : "SwiftTarget",
"name" : "OpenSpatialTests",
"path" : "Tests/OpenSpatialTests",
"sources" : [
"2D primitives/Angle2DTests.swift",
"3D primitives/EulerAnglesTests.swift",
"3D primitives/Point3DTests.swift",
"3D primitives/Pose3DTests.swift",
"3D primitives/Quaternion3DTests.swift",
"3D primitives/Ray3DTests.swift",
"3D primitives/Rect3DTests.swift",
"3D primitives/Rotation3DTests.swift",
"3D primitives/RotationAxis3DTestes.swift",
"3D primitives/ScaledPose3DTests.swift",
"3D primitives/Size3DTests.swift",
"3D primitives/SphericalCoordinates3DTests.swift",
"Affine and projective transforms/AffineTransform3DTests.swift",
"Affine and projective transforms/ProjectiveTransform3DTests.swift",
"Converting between coordinate spaces/CoordinateSpace3DTests.swift",
"Data structures/Axis3DTests.swift",
"Data structures/Vector3DTests.swift",
"Extensions/Double.swift",
"Protocols/Clampable3DTests.swift",
"Protocols/ProjectiveTransformable3DTests.swift",
"Protocols/Shearable3DTests.swift"
],
"target_dependencies" : [
"OpenSpatial"
],
"type" : "test"
},
{
"c99name" : "OpenSpatial",
"module_type" : "SwiftTarget",
"name" : "OpenSpatial",
"path" : "Sources/OpenSpatial",
"product_memberships" : [
"OpenSpatial"
],
"sources" : [
"2D primitives/Angle2D.swift",
"3D primitives/Point3D.swift",
"3D primitives/Pose3D.swift",
"3D primitives/Quaterion3D.swift",
"3D primitives/Ray3D.swift",
"3D primitives/Rect3D.swift",
"3D primitives/Rotation3D.swift",
"3D primitives/RotationAxis3D.swift",
"3D primitives/ScaledPose3D.swift",
"3D primitives/Size3D.swift",
"3D primitives/SphericalCoordinates3D.swift",
"Affine and projective transforms/AffineTransform3D.swift",
"Affine and projective transforms/ProjectiveTransform3D.swift",
"Common/Error.swift",
"Converting between coordinate spaces/CoordinateSpace3D.swift",
"Converting between coordinate spaces/CoordinateSpaceValue3D.swift",
"Converting between coordinate spaces/ProjectiveTransformable3D.swift",
"Converting between coordinate spaces/WorldReferenceCoordinateSpace.swift",
"Data structures/Axis3D.swift",
"Data structures/Vector3D.swift",
"Enumerations/AxisWithFactors.swift",
"Protocols/Clampable3D.swift",
"Protocols/Primitive3D.swift",
"Protocols/Rotatable3D.swift",
"Protocols/Scalable3D.swift",
"Protocols/Shearable3D.swift",
"Protocols/Translatable3D.swift",
"Protocols/Volumetric.swift",
"Structures/EulerAngles.swift"
],
"type" : "library"
}
],
"tools_version" : "6.2"
}
{
"workspace" : {
"name" : "spi-builder-workspace",
"schemes" : [
"OpenSpatial"
]
}
}
2026-07-13 00:24:40.022 xcodebuild[846:5145] [MT] IDERunDestination: Supported platforms for the buildables in the current scheme is empty.
Running build ...
env DEVELOPER_DIR=/Applications/Xcode-26.3.0.app xcrun xcodebuild -IDEClonedSourcePackagesDirPathOverride=$PWD/.dependencies -skipMacroValidation -skipPackagePluginValidation -derivedDataPath $PWD/.derivedData build -scheme OpenSpatial -destination generic/platform=watchOS
Command line invocation:
/Applications/Xcode-26.3.0.app/Contents/Developer/usr/bin/xcodebuild -IDEClonedSourcePackagesDirPathOverride=/Users/admin/builder/spi-builder-workspace/.dependencies -skipMacroValidation -skipPackagePluginValidation -derivedDataPath /Users/admin/builder/spi-builder-workspace/.derivedData build -scheme OpenSpatial -destination generic/platform=watchOS
Resolve Package Graph
Resolve Package Graph
Resolved source packages:
SymbolKit: https://github.com/swiftlang/swift-docc-symbolkit @ 1.0.0
SwiftDocCPlugin: https://github.com/apple/swift-docc-plugin @ main (647c708)
OpenSpatial: /Users/admin/builder/spi-builder-workspace
ComputePackagePrebuildTargetDependencyGraph
Prepare packages
CreateBuildRequest
SendProjectDescription
CreateBuildOperation
ComputeTargetDependencyGraph
note: Building targets in dependency order
note: Target dependency graph (2 targets)
Target 'OpenSpatial' in project 'OpenSpatial'
➜ Explicit dependency on target 'OpenSpatial' in project 'OpenSpatial'
Target 'OpenSpatial' in project 'OpenSpatial' (no dependencies)
GatherProvisioningInputs
CreateBuildDescription
ExecuteExternalTool /Applications/Xcode-26.3.0.app/Contents/Developer/Toolchains/XcodeDefault.xctoolchain/usr/bin/clang -v -E -dM -isysroot /Applications/Xcode-26.3.0.app/Contents/Developer/Platforms/WatchOS.platform/Developer/SDKs/WatchOS26.2.sdk -x c -c /dev/null
ExecuteExternalTool /Applications/Xcode-26.3.0.app/Contents/Developer/Toolchains/XcodeDefault.xctoolchain/usr/bin/swiftc --version
ExecuteExternalTool /Applications/Xcode-26.3.0.app/Contents/Developer/Toolchains/XcodeDefault.xctoolchain/usr/bin/ld -version_details
Build description signature: 9b616b7f633492519ce989345d61b2cf
Build description path: /Users/admin/builder/spi-builder-workspace/.derivedData/Build/Intermediates.noindex/XCBuildData/9b616b7f633492519ce989345d61b2cf.xcbuilddata
ClangStatCache /Applications/Xcode-26.3.0.app/Contents/Developer/Toolchains/XcodeDefault.xctoolchain/usr/bin/clang-stat-cache /Applications/Xcode-26.3.0.app/Contents/Developer/Platforms/WatchOS.platform/Developer/SDKs/WatchOS26.2.sdk /Users/admin/builder/spi-builder-workspace/.derivedData/SDKStatCaches.noindex/watchos26.2-23S303-dc75598d0054f22ec865fa860f139d721753b489057de6bda919edfa1c59a62b.sdkstatcache
cd /Users/admin/builder/spi-builder-workspace/.swiftpm/xcode
/Applications/Xcode-26.3.0.app/Contents/Developer/Toolchains/XcodeDefault.xctoolchain/usr/bin/clang-stat-cache /Applications/Xcode-26.3.0.app/Contents/Developer/Platforms/WatchOS.platform/Developer/SDKs/WatchOS26.2.sdk -o /Users/admin/builder/spi-builder-workspace/.derivedData/SDKStatCaches.noindex/watchos26.2-23S303-dc75598d0054f22ec865fa860f139d721753b489057de6bda919edfa1c59a62b.sdkstatcache
CreateBuildDirectory /Users/admin/builder/spi-builder-workspace/.derivedData/Build/Intermediates.noindex
cd /Users/admin/builder/spi-builder-workspace/.swiftpm/xcode
builtin-create-build-directory /Users/admin/builder/spi-builder-workspace/.derivedData/Build/Intermediates.noindex
CreateBuildDirectory /Users/admin/builder/spi-builder-workspace/.derivedData/Build/Products
cd /Users/admin/builder/spi-builder-workspace/.swiftpm/xcode
builtin-create-build-directory /Users/admin/builder/spi-builder-workspace/.derivedData/Build/Products
CreateBuildDirectory /Users/admin/builder/spi-builder-workspace/.derivedData/Build/Intermediates.noindex/SwiftExplicitPrecompiledModules
cd /Users/admin/builder/spi-builder-workspace/.swiftpm/xcode
builtin-create-build-directory /Users/admin/builder/spi-builder-workspace/.derivedData/Build/Intermediates.noindex/SwiftExplicitPrecompiledModules
CreateBuildDirectory /Users/admin/builder/spi-builder-workspace/.derivedData/Build/Intermediates.noindex/ExplicitPrecompiledModules
cd /Users/admin/builder/spi-builder-workspace/.swiftpm/xcode
builtin-create-build-directory /Users/admin/builder/spi-builder-workspace/.derivedData/Build/Intermediates.noindex/ExplicitPrecompiledModules
CreateBuildDirectory /Users/admin/builder/spi-builder-workspace/.derivedData/Build/Products/Debug-watchos
cd /Users/admin/builder/spi-builder-workspace/.swiftpm/xcode
builtin-create-build-directory /Users/admin/builder/spi-builder-workspace/.derivedData/Build/Products/Debug-watchos
CreateBuildDirectory /Users/admin/builder/spi-builder-workspace/.derivedData/Build/Intermediates.noindex/EagerLinkingTBDs/Debug-watchos
cd /Users/admin/builder/spi-builder-workspace/.swiftpm/xcode
builtin-create-build-directory /Users/admin/builder/spi-builder-workspace/.derivedData/Build/Intermediates.noindex/EagerLinkingTBDs/Debug-watchos
CreateBuildDirectory /Users/admin/builder/spi-builder-workspace/.derivedData/Build/Products/Debug-watchos/PackageFrameworks
cd /Users/admin/builder/spi-builder-workspace/.swiftpm/xcode
builtin-create-build-directory /Users/admin/builder/spi-builder-workspace/.derivedData/Build/Products/Debug-watchos/PackageFrameworks
WriteAuxiliaryFile /Users/admin/builder/spi-builder-workspace/.derivedData/Build/Intermediates.noindex/OpenSpatial.build/Debug-watchos/OpenSpatial.build/OpenSpatial.DependencyMetadataFileList (in target 'OpenSpatial' from project 'OpenSpatial')
cd /Users/admin/builder/spi-builder-workspace
write-file /Users/admin/builder/spi-builder-workspace/.derivedData/Build/Intermediates.noindex/OpenSpatial.build/Debug-watchos/OpenSpatial.build/OpenSpatial.DependencyMetadataFileList
WriteAuxiliaryFile /Users/admin/builder/spi-builder-workspace/.derivedData/Build/Intermediates.noindex/OpenSpatial.build/Debug-watchos/OpenSpatial.build/OpenSpatial.DependencyStaticMetadataFileList (in target 'OpenSpatial' from project 'OpenSpatial')
cd /Users/admin/builder/spi-builder-workspace
write-file /Users/admin/builder/spi-builder-workspace/.derivedData/Build/Intermediates.noindex/OpenSpatial.build/Debug-watchos/OpenSpatial.build/OpenSpatial.DependencyStaticMetadataFileList
WriteAuxiliaryFile /Users/admin/builder/spi-builder-workspace/.derivedData/Build/Intermediates.noindex/OpenSpatial.build/Debug-watchos/OpenSpatial.build/OpenSpatial.modulemap (in target 'OpenSpatial' from project 'OpenSpatial')
cd /Users/admin/builder/spi-builder-workspace
write-file /Users/admin/builder/spi-builder-workspace/.derivedData/Build/Intermediates.noindex/OpenSpatial.build/Debug-watchos/OpenSpatial.build/OpenSpatial.modulemap
WriteAuxiliaryFile /Users/admin/builder/spi-builder-workspace/.derivedData/Build/Intermediates.noindex/OpenSpatial.build/Debug-watchos/OpenSpatial.build/Objects-normal/arm64_32/OpenSpatial_const_extract_protocols.json (in target 'OpenSpatial' from project 'OpenSpatial')
cd /Users/admin/builder/spi-builder-workspace
write-file /Users/admin/builder/spi-builder-workspace/.derivedData/Build/Intermediates.noindex/OpenSpatial.build/Debug-watchos/OpenSpatial.build/Objects-normal/arm64_32/OpenSpatial_const_extract_protocols.json
WriteAuxiliaryFile /Users/admin/builder/spi-builder-workspace/.derivedData/Build/Intermediates.noindex/OpenSpatial.build/Debug-watchos/OpenSpatial.build/Objects-normal/armv7k/OpenSpatial-OutputFileMap.json (in target 'OpenSpatial' from project 'OpenSpatial')
cd /Users/admin/builder/spi-builder-workspace
write-file /Users/admin/builder/spi-builder-workspace/.derivedData/Build/Intermediates.noindex/OpenSpatial.build/Debug-watchos/OpenSpatial.build/Objects-normal/armv7k/OpenSpatial-OutputFileMap.json
WriteAuxiliaryFile /Users/admin/builder/spi-builder-workspace/.derivedData/Build/Intermediates.noindex/OpenSpatial.build/Debug-watchos/OpenSpatial.build/Objects-normal/arm64_32/OpenSpatial-OutputFileMap.json (in target 'OpenSpatial' from project 'OpenSpatial')
cd /Users/admin/builder/spi-builder-workspace
write-file /Users/admin/builder/spi-builder-workspace/.derivedData/Build/Intermediates.noindex/OpenSpatial.build/Debug-watchos/OpenSpatial.build/Objects-normal/arm64_32/OpenSpatial-OutputFileMap.json
WriteAuxiliaryFile /Users/admin/builder/spi-builder-workspace/.derivedData/Build/Intermediates.noindex/OpenSpatial.build/Debug-watchos/OpenSpatial.build/Objects-normal/armv7k/OpenSpatial.LinkFileList (in target 'OpenSpatial' from project 'OpenSpatial')
cd /Users/admin/builder/spi-builder-workspace
write-file /Users/admin/builder/spi-builder-workspace/.derivedData/Build/Intermediates.noindex/OpenSpatial.build/Debug-watchos/OpenSpatial.build/Objects-normal/armv7k/OpenSpatial.LinkFileList
WriteAuxiliaryFile /Users/admin/builder/spi-builder-workspace/.derivedData/Build/Intermediates.noindex/OpenSpatial.build/Debug-watchos/OpenSpatial.build/Objects-normal/armv7k/OpenSpatial_const_extract_protocols.json (in target 'OpenSpatial' from project 'OpenSpatial')
cd /Users/admin/builder/spi-builder-workspace
write-file /Users/admin/builder/spi-builder-workspace/.derivedData/Build/Intermediates.noindex/OpenSpatial.build/Debug-watchos/OpenSpatial.build/Objects-normal/armv7k/OpenSpatial_const_extract_protocols.json
WriteAuxiliaryFile /Users/admin/builder/spi-builder-workspace/.derivedData/Build/Intermediates.noindex/OpenSpatial.build/Debug-watchos/OpenSpatial.build/Objects-normal/arm64/OpenSpatial_const_extract_protocols.json (in target 'OpenSpatial' from project 'OpenSpatial')
cd /Users/admin/builder/spi-builder-workspace
write-file /Users/admin/builder/spi-builder-workspace/.derivedData/Build/Intermediates.noindex/OpenSpatial.build/Debug-watchos/OpenSpatial.build/Objects-normal/arm64/OpenSpatial_const_extract_protocols.json
WriteAuxiliaryFile /Users/admin/builder/spi-builder-workspace/.derivedData/Build/Intermediates.noindex/OpenSpatial.build/Debug-watchos/OpenSpatial.build/Objects-normal/armv7k/OpenSpatial.SwiftFileList (in target 'OpenSpatial' from project 'OpenSpatial')
cd /Users/admin/builder/spi-builder-workspace
write-file /Users/admin/builder/spi-builder-workspace/.derivedData/Build/Intermediates.noindex/OpenSpatial.build/Debug-watchos/OpenSpatial.build/Objects-normal/armv7k/OpenSpatial.SwiftFileList
WriteAuxiliaryFile /Users/admin/builder/spi-builder-workspace/.derivedData/Build/Intermediates.noindex/OpenSpatial.build/Debug-watchos/OpenSpatial.build/Objects-normal/armv7k/OpenSpatial.SwiftConstValuesFileList (in target 'OpenSpatial' from project 'OpenSpatial')
cd /Users/admin/builder/spi-builder-workspace
write-file /Users/admin/builder/spi-builder-workspace/.derivedData/Build/Intermediates.noindex/OpenSpatial.build/Debug-watchos/OpenSpatial.build/Objects-normal/armv7k/OpenSpatial.SwiftConstValuesFileList
WriteAuxiliaryFile /Users/admin/builder/spi-builder-workspace/.derivedData/Build/Intermediates.noindex/OpenSpatial.build/Debug-watchos/OpenSpatial.build/Objects-normal/arm64_32/OpenSpatial.SwiftFileList (in target 'OpenSpatial' from project 'OpenSpatial')
cd /Users/admin/builder/spi-builder-workspace
write-file /Users/admin/builder/spi-builder-workspace/.derivedData/Build/Intermediates.noindex/OpenSpatial.build/Debug-watchos/OpenSpatial.build/Objects-normal/arm64_32/OpenSpatial.SwiftFileList
WriteAuxiliaryFile /Users/admin/builder/spi-builder-workspace/.derivedData/Build/Intermediates.noindex/OpenSpatial.build/Debug-watchos/OpenSpatial.build/Objects-normal/arm64_32/OpenSpatial.LinkFileList (in target 'OpenSpatial' from project 'OpenSpatial')
cd /Users/admin/builder/spi-builder-workspace
write-file /Users/admin/builder/spi-builder-workspace/.derivedData/Build/Intermediates.noindex/OpenSpatial.build/Debug-watchos/OpenSpatial.build/Objects-normal/arm64_32/OpenSpatial.LinkFileList
WriteAuxiliaryFile /Users/admin/builder/spi-builder-workspace/.derivedData/Build/Intermediates.noindex/OpenSpatial.build/Debug-watchos/OpenSpatial.build/Objects-normal/arm64_32/OpenSpatial.SwiftConstValuesFileList (in target 'OpenSpatial' from project 'OpenSpatial')
cd /Users/admin/builder/spi-builder-workspace
write-file /Users/admin/builder/spi-builder-workspace/.derivedData/Build/Intermediates.noindex/OpenSpatial.build/Debug-watchos/OpenSpatial.build/Objects-normal/arm64_32/OpenSpatial.SwiftConstValuesFileList
WriteAuxiliaryFile /Users/admin/builder/spi-builder-workspace/.derivedData/Build/Intermediates.noindex/OpenSpatial.build/Debug-watchos/OpenSpatial.build/Objects-normal/arm64/OpenSpatial.SwiftFileList (in target 'OpenSpatial' from project 'OpenSpatial')
cd /Users/admin/builder/spi-builder-workspace
write-file /Users/admin/builder/spi-builder-workspace/.derivedData/Build/Intermediates.noindex/OpenSpatial.build/Debug-watchos/OpenSpatial.build/Objects-normal/arm64/OpenSpatial.SwiftFileList
WriteAuxiliaryFile /Users/admin/builder/spi-builder-workspace/.derivedData/Build/Intermediates.noindex/OpenSpatial.build/Debug-watchos/OpenSpatial.build/Objects-normal/arm64/OpenSpatial.SwiftConstValuesFileList (in target 'OpenSpatial' from project 'OpenSpatial')
cd /Users/admin/builder/spi-builder-workspace
write-file /Users/admin/builder/spi-builder-workspace/.derivedData/Build/Intermediates.noindex/OpenSpatial.build/Debug-watchos/OpenSpatial.build/Objects-normal/arm64/OpenSpatial.SwiftConstValuesFileList
WriteAuxiliaryFile /Users/admin/builder/spi-builder-workspace/.derivedData/Build/Intermediates.noindex/OpenSpatial.build/Debug-watchos/OpenSpatial.build/Objects-normal/arm64/OpenSpatial.LinkFileList (in target 'OpenSpatial' from project 'OpenSpatial')
cd /Users/admin/builder/spi-builder-workspace
write-file /Users/admin/builder/spi-builder-workspace/.derivedData/Build/Intermediates.noindex/OpenSpatial.build/Debug-watchos/OpenSpatial.build/Objects-normal/arm64/OpenSpatial.LinkFileList
WriteAuxiliaryFile /Users/admin/builder/spi-builder-workspace/.derivedData/Build/Intermediates.noindex/OpenSpatial.build/Debug-watchos/OpenSpatial.build/Objects-normal/arm64/OpenSpatial-OutputFileMap.json (in target 'OpenSpatial' from project 'OpenSpatial')
cd /Users/admin/builder/spi-builder-workspace
write-file /Users/admin/builder/spi-builder-workspace/.derivedData/Build/Intermediates.noindex/OpenSpatial.build/Debug-watchos/OpenSpatial.build/Objects-normal/arm64/OpenSpatial-OutputFileMap.json
Copy /Users/admin/builder/spi-builder-workspace/.derivedData/Build/Intermediates.noindex/GeneratedModuleMaps-watchos/OpenSpatial.modulemap /Users/admin/builder/spi-builder-workspace/.derivedData/Build/Intermediates.noindex/OpenSpatial.build/Debug-watchos/OpenSpatial.build/OpenSpatial.modulemap (in target 'OpenSpatial' from project 'OpenSpatial')
cd /Users/admin/builder/spi-builder-workspace
builtin-copy -exclude .DS_Store -exclude CVS -exclude .svn -exclude .git -exclude .hg -resolve-src-symlinks /Users/admin/builder/spi-builder-workspace/.derivedData/Build/Intermediates.noindex/OpenSpatial.build/Debug-watchos/OpenSpatial.build/OpenSpatial.modulemap /Users/admin/builder/spi-builder-workspace/.derivedData/Build/Intermediates.noindex/GeneratedModuleMaps-watchos
SwiftDriver OpenSpatial normal armv7k com.apple.xcode.tools.swift.compiler (in target 'OpenSpatial' from project 'OpenSpatial')
cd /Users/admin/builder/spi-builder-workspace/.swiftpm/xcode
builtin-SwiftDriver -- /Applications/Xcode-26.3.0.app/Contents/Developer/Toolchains/XcodeDefault.xctoolchain/usr/bin/swiftc -module-name OpenSpatial -Onone -enforce-exclusivity\=checked @/Users/admin/builder/spi-builder-workspace/.derivedData/Build/Intermediates.noindex/OpenSpatial.build/Debug-watchos/OpenSpatial.build/Objects-normal/armv7k/OpenSpatial.SwiftFileList -DSWIFT_PACKAGE -DDEBUG -DSWIFT_MODULE_RESOURCE_BUNDLE_UNAVAILABLE -DXcode -plugin-path /Applications/Xcode-26.3.0.app/Contents/Developer/Toolchains/XcodeDefault.xctoolchain/usr/lib/swift/host/plugins/testing -enable-experimental-feature DebugDescriptionMacro -sdk /Applications/Xcode-26.3.0.app/Contents/Developer/Platforms/WatchOS.platform/Developer/SDKs/WatchOS26.2.sdk -target armv7k-apple-watchos5.0 -g -module-cache-path /Users/admin/builder/spi-builder-workspace/.derivedData/ModuleCache.noindex -Xfrontend -serialize-debugging-options -profile-coverage-mapping -profile-generate -enable-testing -index-store-path /Users/admin/builder/spi-builder-workspace/.derivedData/Index.noindex/DataStore -Xcc -D_LIBCPP_HARDENING_MODE\=_LIBCPP_HARDENING_MODE_DEBUG -swift-version 6 -I /Users/admin/builder/spi-builder-workspace/.derivedData/Build/Products/Debug-watchos -Isystem /Applications/Xcode-26.3.0.app/Contents/Developer/Platforms/WatchOS.platform/Developer/usr/lib -F /Users/admin/builder/spi-builder-workspace/.derivedData/Build/Products/Debug-watchos -F /Applications/Xcode-26.3.0.app/Contents/Developer/Platforms/WatchOS.platform/Developer/Library/Frameworks -F /Applications/Xcode-26.3.0.app/Contents/Developer/Platforms/WatchOS.platform/Developer/SDKs/WatchOS26.2.sdk/Developer/Library/Frameworks -c -j10 -enable-batch-mode -incremental -Xcc -ivfsstatcache -Xcc /Users/admin/builder/spi-builder-workspace/.derivedData/SDKStatCaches.noindex/watchos26.2-23S303-dc75598d0054f22ec865fa860f139d721753b489057de6bda919edfa1c59a62b.sdkstatcache -output-file-map /Users/admin/builder/spi-builder-workspace/.derivedData/Build/Intermediates.noindex/OpenSpatial.build/Debug-watchos/OpenSpatial.build/Objects-normal/armv7k/OpenSpatial-OutputFileMap.json -use-frontend-parseable-output -save-temps -no-color-diagnostics -explicit-module-build -module-cache-path /Users/admin/builder/spi-builder-workspace/.derivedData/Build/Intermediates.noindex/SwiftExplicitPrecompiledModules -clang-scanner-module-cache-path /Users/admin/builder/spi-builder-workspace/.derivedData/ModuleCache.noindex -sdk-module-cache-path /Users/admin/builder/spi-builder-workspace/.derivedData/ModuleCache.noindex -serialize-diagnostics -emit-dependencies -emit-module -emit-module-path /Users/admin/builder/spi-builder-workspace/.derivedData/Build/Intermediates.noindex/OpenSpatial.build/Debug-watchos/OpenSpatial.build/Objects-normal/armv7k/OpenSpatial.swiftmodule -validate-clang-modules-once -clang-build-session-file /Users/admin/builder/spi-builder-workspace/.derivedData/ModuleCache.noindex/Session.modulevalidation -package-name spi_builder_workspace -Xcc -I/Users/admin/builder/spi-builder-workspace/.derivedData/Build/Intermediates.noindex/OpenSpatial.build/Debug-watchos/OpenSpatial.build/swift-overrides.hmap -emit-const-values -Xfrontend -const-gather-protocols-file -Xfrontend /Users/admin/builder/spi-builder-workspace/.derivedData/Build/Intermediates.noindex/OpenSpatial.build/Debug-watchos/OpenSpatial.build/Objects-normal/armv7k/OpenSpatial_const_extract_protocols.json -Xcc -I/Users/admin/builder/spi-builder-workspace/.derivedData/Build/Products/Debug-watchos/include -Xcc -I/Users/admin/builder/spi-builder-workspace/.derivedData/Build/Intermediates.noindex/OpenSpatial.build/Debug-watchos/OpenSpatial.build/DerivedSources-normal/armv7k -Xcc -I/Users/admin/builder/spi-builder-workspace/.derivedData/Build/Intermediates.noindex/OpenSpatial.build/Debug-watchos/OpenSpatial.build/DerivedSources/armv7k -Xcc -I/Users/admin/builder/spi-builder-workspace/.derivedData/Build/Intermediates.noindex/OpenSpatial.build/Debug-watchos/OpenSpatial.build/DerivedSources -Xcc -DSWIFT_PACKAGE -Xcc -DDEBUG\=1 -emit-objc-header -emit-objc-header-path /Users/admin/builder/spi-builder-workspace/.derivedData/Build/Intermediates.noindex/OpenSpatial.build/Debug-watchos/OpenSpatial.build/Objects-normal/armv7k/OpenSpatial-Swift.h -working-directory /Users/admin/builder/spi-builder-workspace/.swiftpm/xcode -experimental-emit-module-separately -disable-cmo
SwiftDriver OpenSpatial normal arm64 com.apple.xcode.tools.swift.compiler (in target 'OpenSpatial' from project 'OpenSpatial')
cd /Users/admin/builder/spi-builder-workspace/.swiftpm/xcode
builtin-SwiftDriver -- /Applications/Xcode-26.3.0.app/Contents/Developer/Toolchains/XcodeDefault.xctoolchain/usr/bin/swiftc -module-name OpenSpatial -Onone -enforce-exclusivity\=checked @/Users/admin/builder/spi-builder-workspace/.derivedData/Build/Intermediates.noindex/OpenSpatial.build/Debug-watchos/OpenSpatial.build/Objects-normal/arm64/OpenSpatial.SwiftFileList -DSWIFT_PACKAGE -DDEBUG -DSWIFT_MODULE_RESOURCE_BUNDLE_UNAVAILABLE -DXcode -plugin-path /Applications/Xcode-26.3.0.app/Contents/Developer/Toolchains/XcodeDefault.xctoolchain/usr/lib/swift/host/plugins/testing -enable-experimental-feature DebugDescriptionMacro -sdk /Applications/Xcode-26.3.0.app/Contents/Developer/Platforms/WatchOS.platform/Developer/SDKs/WatchOS26.2.sdk -target arm64-apple-watchos5.0 -g -module-cache-path /Users/admin/builder/spi-builder-workspace/.derivedData/ModuleCache.noindex -Xfrontend -serialize-debugging-options -profile-coverage-mapping -profile-generate -enable-testing -index-store-path /Users/admin/builder/spi-builder-workspace/.derivedData/Index.noindex/DataStore -Xcc -D_LIBCPP_HARDENING_MODE\=_LIBCPP_HARDENING_MODE_DEBUG -swift-version 6 -I /Users/admin/builder/spi-builder-workspace/.derivedData/Build/Products/Debug-watchos -Isystem /Applications/Xcode-26.3.0.app/Contents/Developer/Platforms/WatchOS.platform/Developer/usr/lib -F /Users/admin/builder/spi-builder-workspace/.derivedData/Build/Products/Debug-watchos -F /Applications/Xcode-26.3.0.app/Contents/Developer/Platforms/WatchOS.platform/Developer/Library/Frameworks -F /Applications/Xcode-26.3.0.app/Contents/Developer/Platforms/WatchOS.platform/Developer/SDKs/WatchOS26.2.sdk/Developer/Library/Frameworks -c -j10 -enable-batch-mode -incremental -Xcc -ivfsstatcache -Xcc /Users/admin/builder/spi-builder-workspace/.derivedData/SDKStatCaches.noindex/watchos26.2-23S303-dc75598d0054f22ec865fa860f139d721753b489057de6bda919edfa1c59a62b.sdkstatcache -output-file-map /Users/admin/builder/spi-builder-workspace/.derivedData/Build/Intermediates.noindex/OpenSpatial.build/Debug-watchos/OpenSpatial.build/Objects-normal/arm64/OpenSpatial-OutputFileMap.json -use-frontend-parseable-output -save-temps -no-color-diagnostics -explicit-module-build -module-cache-path /Users/admin/builder/spi-builder-workspace/.derivedData/Build/Intermediates.noindex/SwiftExplicitPrecompiledModules -clang-scanner-module-cache-path /Users/admin/builder/spi-builder-workspace/.derivedData/ModuleCache.noindex -sdk-module-cache-path /Users/admin/builder/spi-builder-workspace/.derivedData/ModuleCache.noindex -serialize-diagnostics -emit-dependencies -emit-module -emit-module-path /Users/admin/builder/spi-builder-workspace/.derivedData/Build/Intermediates.noindex/OpenSpatial.build/Debug-watchos/OpenSpatial.build/Objects-normal/arm64/OpenSpatial.swiftmodule -validate-clang-modules-once -clang-build-session-file /Users/admin/builder/spi-builder-workspace/.derivedData/ModuleCache.noindex/Session.modulevalidation -package-name spi_builder_workspace -Xcc -I/Users/admin/builder/spi-builder-workspace/.derivedData/Build/Intermediates.noindex/OpenSpatial.build/Debug-watchos/OpenSpatial.build/swift-overrides.hmap -emit-const-values -Xfrontend -const-gather-protocols-file -Xfrontend /Users/admin/builder/spi-builder-workspace/.derivedData/Build/Intermediates.noindex/OpenSpatial.build/Debug-watchos/OpenSpatial.build/Objects-normal/arm64/OpenSpatial_const_extract_protocols.json -Xcc -I/Users/admin/builder/spi-builder-workspace/.derivedData/Build/Products/Debug-watchos/include -Xcc -I/Users/admin/builder/spi-builder-workspace/.derivedData/Build/Intermediates.noindex/OpenSpatial.build/Debug-watchos/OpenSpatial.build/DerivedSources-normal/arm64 -Xcc -I/Users/admin/builder/spi-builder-workspace/.derivedData/Build/Intermediates.noindex/OpenSpatial.build/Debug-watchos/OpenSpatial.build/DerivedSources/arm64 -Xcc -I/Users/admin/builder/spi-builder-workspace/.derivedData/Build/Intermediates.noindex/OpenSpatial.build/Debug-watchos/OpenSpatial.build/DerivedSources -Xcc -DSWIFT_PACKAGE -Xcc -DDEBUG\=1 -emit-objc-header -emit-objc-header-path /Users/admin/builder/spi-builder-workspace/.derivedData/Build/Intermediates.noindex/OpenSpatial.build/Debug-watchos/OpenSpatial.build/Objects-normal/arm64/OpenSpatial-Swift.h -working-directory /Users/admin/builder/spi-builder-workspace/.swiftpm/xcode -experimental-emit-module-separately -disable-cmo
SwiftDriver OpenSpatial normal arm64_32 com.apple.xcode.tools.swift.compiler (in target 'OpenSpatial' from project 'OpenSpatial')
cd /Users/admin/builder/spi-builder-workspace/.swiftpm/xcode
builtin-SwiftDriver -- /Applications/Xcode-26.3.0.app/Contents/Developer/Toolchains/XcodeDefault.xctoolchain/usr/bin/swiftc -module-name OpenSpatial -Onone -enforce-exclusivity\=checked @/Users/admin/builder/spi-builder-workspace/.derivedData/Build/Intermediates.noindex/OpenSpatial.build/Debug-watchos/OpenSpatial.build/Objects-normal/arm64_32/OpenSpatial.SwiftFileList -DSWIFT_PACKAGE -DDEBUG -DSWIFT_MODULE_RESOURCE_BUNDLE_UNAVAILABLE -DXcode -plugin-path /Applications/Xcode-26.3.0.app/Contents/Developer/Toolchains/XcodeDefault.xctoolchain/usr/lib/swift/host/plugins/testing -enable-experimental-feature DebugDescriptionMacro -sdk /Applications/Xcode-26.3.0.app/Contents/Developer/Platforms/WatchOS.platform/Developer/SDKs/WatchOS26.2.sdk -target arm64_32-apple-watchos5.0 -g -module-cache-path /Users/admin/builder/spi-builder-workspace/.derivedData/ModuleCache.noindex -Xfrontend -serialize-debugging-options -profile-coverage-mapping -profile-generate -enable-testing -index-store-path /Users/admin/builder/spi-builder-workspace/.derivedData/Index.noindex/DataStore -Xcc -D_LIBCPP_HARDENING_MODE\=_LIBCPP_HARDENING_MODE_DEBUG -swift-version 6 -I /Users/admin/builder/spi-builder-workspace/.derivedData/Build/Products/Debug-watchos -Isystem /Applications/Xcode-26.3.0.app/Contents/Developer/Platforms/WatchOS.platform/Developer/usr/lib -F /Users/admin/builder/spi-builder-workspace/.derivedData/Build/Products/Debug-watchos -F /Applications/Xcode-26.3.0.app/Contents/Developer/Platforms/WatchOS.platform/Developer/Library/Frameworks -F /Applications/Xcode-26.3.0.app/Contents/Developer/Platforms/WatchOS.platform/Developer/SDKs/WatchOS26.2.sdk/Developer/Library/Frameworks -c -j10 -enable-batch-mode -incremental -Xcc -ivfsstatcache -Xcc /Users/admin/builder/spi-builder-workspace/.derivedData/SDKStatCaches.noindex/watchos26.2-23S303-dc75598d0054f22ec865fa860f139d721753b489057de6bda919edfa1c59a62b.sdkstatcache -output-file-map /Users/admin/builder/spi-builder-workspace/.derivedData/Build/Intermediates.noindex/OpenSpatial.build/Debug-watchos/OpenSpatial.build/Objects-normal/arm64_32/OpenSpatial-OutputFileMap.json -use-frontend-parseable-output -save-temps -no-color-diagnostics -explicit-module-build -module-cache-path /Users/admin/builder/spi-builder-workspace/.derivedData/Build/Intermediates.noindex/SwiftExplicitPrecompiledModules -clang-scanner-module-cache-path /Users/admin/builder/spi-builder-workspace/.derivedData/ModuleCache.noindex -sdk-module-cache-path /Users/admin/builder/spi-builder-workspace/.derivedData/ModuleCache.noindex -serialize-diagnostics -emit-dependencies -emit-module -emit-module-path /Users/admin/builder/spi-builder-workspace/.derivedData/Build/Intermediates.noindex/OpenSpatial.build/Debug-watchos/OpenSpatial.build/Objects-normal/arm64_32/OpenSpatial.swiftmodule -validate-clang-modules-once -clang-build-session-file /Users/admin/builder/spi-builder-workspace/.derivedData/ModuleCache.noindex/Session.modulevalidation -package-name spi_builder_workspace -Xcc -I/Users/admin/builder/spi-builder-workspace/.derivedData/Build/Intermediates.noindex/OpenSpatial.build/Debug-watchos/OpenSpatial.build/swift-overrides.hmap -emit-const-values -Xfrontend -const-gather-protocols-file -Xfrontend /Users/admin/builder/spi-builder-workspace/.derivedData/Build/Intermediates.noindex/OpenSpatial.build/Debug-watchos/OpenSpatial.build/Objects-normal/arm64_32/OpenSpatial_const_extract_protocols.json -Xcc -I/Users/admin/builder/spi-builder-workspace/.derivedData/Build/Products/Debug-watchos/include -Xcc -I/Users/admin/builder/spi-builder-workspace/.derivedData/Build/Intermediates.noindex/OpenSpatial.build/Debug-watchos/OpenSpatial.build/DerivedSources-normal/arm64_32 -Xcc -I/Users/admin/builder/spi-builder-workspace/.derivedData/Build/Intermediates.noindex/OpenSpatial.build/Debug-watchos/OpenSpatial.build/DerivedSources/arm64_32 -Xcc -I/Users/admin/builder/spi-builder-workspace/.derivedData/Build/Intermediates.noindex/OpenSpatial.build/Debug-watchos/OpenSpatial.build/DerivedSources -Xcc -DSWIFT_PACKAGE -Xcc -DDEBUG\=1 -emit-objc-header -emit-objc-header-path /Users/admin/builder/spi-builder-workspace/.derivedData/Build/Intermediates.noindex/OpenSpatial.build/Debug-watchos/OpenSpatial.build/Objects-normal/arm64_32/OpenSpatial-Swift.h -working-directory /Users/admin/builder/spi-builder-workspace/.swiftpm/xcode -experimental-emit-module-separately -disable-cmo
SwiftExplicitDependencyGeneratePcm arm64 /Users/admin/builder/spi-builder-workspace/.derivedData/ModuleCache.noindex/ptrcheck-4YU0IIP3FXMEGKRFTVKLD8FLA.pcm
SwiftExplicitDependencyGeneratePcm arm64 /Users/admin/builder/spi-builder-workspace/.derivedData/ModuleCache.noindex/_Builtin_stdarg-RZPX1L7HC0FE24QDJB88HMGH.pcm
SwiftExplicitDependencyGeneratePcm arm64 /Users/admin/builder/spi-builder-workspace/.derivedData/ModuleCache.noindex/_SwiftConcurrencyShims-6I3LH2ITNOZQ7GZSIWV3YFHI2.pcm
SwiftExplicitDependencyGeneratePcm arm64 /Users/admin/builder/spi-builder-workspace/.derivedData/ModuleCache.noindex/ptrauth-23V973HP08H1G8HHZ6OAJWG6Z.pcm
SwiftExplicitDependencyGeneratePcm arm64 /Users/admin/builder/spi-builder-workspace/.derivedData/ModuleCache.noindex/_AvailabilityInternal-2O3RFBUGA1RPVNII2XIZ3QNC3.pcm
SwiftExplicitDependencyGeneratePcm arm64 /Users/admin/builder/spi-builder-workspace/.derivedData/ModuleCache.noindex/_Builtin_stddef-85JH2ZGWLM4WGGJWD7P19JNV6.pcm
SwiftExplicitDependencyGeneratePcm arm64 /Users/admin/builder/spi-builder-workspace/.derivedData/ModuleCache.noindex/_Builtin_float-5QRDZB35Y522CLCFL7NT2LPUF.pcm
SwiftExplicitDependencyGeneratePcm arm64 /Users/admin/builder/spi-builder-workspace/.derivedData/ModuleCache.noindex/SwiftShims-7I20DMCTK17Q8T32LA04FWAMX.pcm
SwiftExplicitDependencyGeneratePcm arm64_32 /Users/admin/builder/spi-builder-workspace/.derivedData/ModuleCache.noindex/ptrauth-625I4K1NIQYS1FZEGD4TBZD97.pcm
SwiftExplicitDependencyGeneratePcm arm64_32 /Users/admin/builder/spi-builder-workspace/.derivedData/ModuleCache.noindex/SwiftShims-1KDDRF0T4GF3KEVBC8BQQ0CZ5.pcm
SwiftExplicitDependencyGeneratePcm armv7k /Users/admin/builder/spi-builder-workspace/.derivedData/ModuleCache.noindex/_Builtin_stdbool-9VD2M4BTLIJY98N0LN8FWE4LY.pcm
SwiftExplicitDependencyGeneratePcm arm64_32 /Users/admin/builder/spi-builder-workspace/.derivedData/ModuleCache.noindex/_Builtin_float-57NF6Z0LMY2BSAMQJ9NJ49CVA.pcm
SwiftExplicitDependencyGeneratePcm armv7k /Users/admin/builder/spi-builder-workspace/.derivedData/ModuleCache.noindex/_Builtin_stddef-ASXQGX4KRKJUJ254CBG2Q4QKU.pcm
SwiftExplicitDependencyGeneratePcm armv7k /Users/admin/builder/spi-builder-workspace/.derivedData/ModuleCache.noindex/ptrauth-7MU8I6LYCX6DS0BM6VQWB61QK.pcm
SwiftExplicitDependencyGeneratePcm armv7k /Users/admin/builder/spi-builder-workspace/.derivedData/ModuleCache.noindex/SwiftShims-611RDAXOTFU5KRIC5DOC9GTGD.pcm
SwiftExplicitDependencyGeneratePcm armv7k /Users/admin/builder/spi-builder-workspace/.derivedData/ModuleCache.noindex/ptrcheck-CULRGIKD1ZM2RCD4ZIFL67KIW.pcm
SwiftExplicitDependencyGeneratePcm armv7k /Users/admin/builder/spi-builder-workspace/.derivedData/ModuleCache.noindex/_Builtin_float-2BHPKKW0FQMYF431GLJ1850BD.pcm
SwiftExplicitDependencyGeneratePcm arm64_32 /Users/admin/builder/spi-builder-workspace/.derivedData/ModuleCache.noindex/_Builtin_stdbool-5P7XRQ5AQ02CJZQOFJGPCI3TD.pcm
SwiftExplicitDependencyGeneratePcm arm64 /Users/admin/builder/spi-builder-workspace/.derivedData/ModuleCache.noindex/_DarwinFoundation1-9CHGZVG6Q11ZVI9VKIOS0DH8R.pcm
SwiftExplicitDependencyGeneratePcm arm64_32 /Users/admin/builder/spi-builder-workspace/.derivedData/ModuleCache.noindex/_SwiftConcurrencyShims-BE6OCM46C4HZFNWL8BR101QWH.pcm
SwiftExplicitDependencyGeneratePcm arm64_32 /Users/admin/builder/spi-builder-workspace/.derivedData/ModuleCache.noindex/_Builtin_stddef-CVMDFD2LRC6J8Y1G2VDJIK5XT.pcm
SwiftExplicitDependencyGeneratePcm arm64 /Users/admin/builder/spi-builder-workspace/.derivedData/ModuleCache.noindex/_Builtin_stdbool-6XT6P5XUZWCFLZBIHXXS8S9EV.pcm
SwiftExplicitDependencyGeneratePcm arm64_32 /Users/admin/builder/spi-builder-workspace/.derivedData/ModuleCache.noindex/_AvailabilityInternal-2P7I2A0IHHWZTWSQ7YWZKAXBX.pcm
SwiftExplicitDependencyGeneratePcm armv7k /Users/admin/builder/spi-builder-workspace/.derivedData/ModuleCache.noindex/_AvailabilityInternal-83RE8IZZCM0LEI18OBRCG6MQA.pcm
SwiftExplicitDependencyGeneratePcm arm64_32 /Users/admin/builder/spi-builder-workspace/.derivedData/ModuleCache.noindex/ptrcheck-9AZUY5IS5PCZJH0IGF6KZ1CS4.pcm
SwiftExplicitDependencyGeneratePcm armv7k /Users/admin/builder/spi-builder-workspace/.derivedData/ModuleCache.noindex/_SwiftConcurrencyShims-D59HA2377K7NIHYDPWEQNNSGA.pcm
SwiftExplicitDependencyGeneratePcm arm64_32 /Users/admin/builder/spi-builder-workspace/.derivedData/ModuleCache.noindex/_Builtin_stdarg-D40VS4Q2KALO38V4FLA1GBDYO.pcm
SwiftExplicitDependencyGeneratePcm armv7k /Users/admin/builder/spi-builder-workspace/.derivedData/ModuleCache.noindex/_Builtin_stdarg-4MJ6H5HQOFMFBOLMH3S73T33Z.pcm
SwiftExplicitDependencyGeneratePcm arm64 /Users/admin/builder/spi-builder-workspace/.derivedData/ModuleCache.noindex/_DarwinFoundation2-91AUNY1B00JVZZS04EHZ5P78E.pcm
SwiftExplicitDependencyGeneratePcm arm64 /Users/admin/builder/spi-builder-workspace/.derivedData/ModuleCache.noindex/_Builtin_limits-DDBVG65V69EW9COVSML9AW08G.pcm
SwiftExplicitDependencyGeneratePcm arm64_32 /Users/admin/builder/spi-builder-workspace/.derivedData/ModuleCache.noindex/_DarwinFoundation1-B5IP3NLVAB98PUH6026E7IU3Z.pcm
SwiftExplicitDependencyGeneratePcm armv7k /Users/admin/builder/spi-builder-workspace/.derivedData/ModuleCache.noindex/_DarwinFoundation1-JSBDA50WKR2C9RJB07QWI42B.pcm
SwiftExplicitDependencyGeneratePcm arm64 /Users/admin/builder/spi-builder-workspace/.derivedData/ModuleCache.noindex/_Builtin_stdint-BFTPAV7DTJR0UZMVITWJ89G3Z.pcm
SwiftExplicitDependencyGeneratePcm arm64 /Users/admin/builder/spi-builder-workspace/.derivedData/ModuleCache.noindex/sys_types-3UK4M66LJG7B93KMPGCYXJLGJ.pcm
SwiftExplicitDependencyGeneratePcm armv7k /Users/admin/builder/spi-builder-workspace/.derivedData/ModuleCache.noindex/_Builtin_limits-XPKP09P1F6KF9ETBIU03GJWN.pcm
SwiftExplicitDependencyGeneratePcm armv7k /Users/admin/builder/spi-builder-workspace/.derivedData/ModuleCache.noindex/_DarwinFoundation2-E23B9LA0LZRKKI4M3H0N6KKNS.pcm
SwiftExplicitDependencyGeneratePcm arm64_32 /Users/admin/builder/spi-builder-workspace/.derivedData/ModuleCache.noindex/_DarwinFoundation2-BE53KZ13PGS3ADMTR162NWOT8.pcm
SwiftExplicitDependencyGeneratePcm arm64_32 /Users/admin/builder/spi-builder-workspace/.derivedData/ModuleCache.noindex/_Builtin_limits-85C3GEXRWK1KZJSJYR1SLAHJZ.pcm
SwiftExplicitDependencyGeneratePcm arm64 /Users/admin/builder/spi-builder-workspace/.derivedData/ModuleCache.noindex/_DarwinFoundation3-5VMZVD9RI030DGKFFW74MIHMQ.pcm
SwiftExplicitDependencyGeneratePcm armv7k /Users/admin/builder/spi-builder-workspace/.derivedData/ModuleCache.noindex/_Builtin_stdint-6N6B8EKB7NHM6T7WWL1PDEA92.pcm
SwiftExplicitDependencyGeneratePcm armv7k /Users/admin/builder/spi-builder-workspace/.derivedData/ModuleCache.noindex/sys_types-3GFPKPXLY1P6X1P0NITR0P4C4.pcm
SwiftExplicitDependencyGeneratePcm arm64_32 /Users/admin/builder/spi-builder-workspace/.derivedData/ModuleCache.noindex/sys_types-5220JAOP6QAKP1ZZSQXQIGT3N.pcm
SwiftExplicitDependencyGeneratePcm arm64_32 /Users/admin/builder/spi-builder-workspace/.derivedData/ModuleCache.noindex/_Builtin_stdint-DHK9W4154W1VADFICW26EF51A.pcm
SwiftExplicitDependencyGeneratePcm arm64 /Users/admin/builder/spi-builder-workspace/.derivedData/ModuleCache.noindex/_Builtin_inttypes-EAYG1OYRDQ7HO6J9WI6WA5Y2M.pcm
SwiftExplicitDependencyGeneratePcm armv7k /Users/admin/builder/spi-builder-workspace/.derivedData/ModuleCache.noindex/_DarwinFoundation3-60ZZ0LKXFK73H5B3FVK2CIR1Q.pcm
SwiftExplicitDependencyGeneratePcm arm64_32 /Users/admin/builder/spi-builder-workspace/.derivedData/ModuleCache.noindex/_DarwinFoundation3-ECPZQXPEKKE17FVBYD1POXRMU.pcm
SwiftExplicitDependencyGeneratePcm arm64 /Users/admin/builder/spi-builder-workspace/.derivedData/ModuleCache.noindex/Darwin-E1ZCMHXYOAUQKSA4QO0SMGPXA.pcm
SwiftExplicitDependencyGeneratePcm armv7k /Users/admin/builder/spi-builder-workspace/.derivedData/ModuleCache.noindex/_Builtin_inttypes-3JDG6ZXZGG8E2RCJLIRCCAV3E.pcm
SwiftExplicitDependencyGeneratePcm arm64_32 /Users/admin/builder/spi-builder-workspace/.derivedData/ModuleCache.noindex/_Builtin_inttypes-DVW4DAGN9X56OUK4E1BD9DBZ7.pcm
SwiftExplicitDependencyGeneratePcm armv7k /Users/admin/builder/spi-builder-workspace/.derivedData/ModuleCache.noindex/Darwin-C5UUQBFEDAP6QHSMO866342FZ.pcm
SwiftExplicitDependencyGeneratePcm arm64_32 /Users/admin/builder/spi-builder-workspace/.derivedData/ModuleCache.noindex/Darwin-C8WYVRDE1BASWGOHXGC15GM9F.pcm
SwiftExplicitDependencyGeneratePcm arm64 /Users/admin/builder/spi-builder-workspace/.derivedData/ModuleCache.noindex/ObjectiveC-2PU9OT47G6RBOHSXQR2STMWWR.pcm
SwiftExplicitDependencyGeneratePcm arm64 /Users/admin/builder/spi-builder-workspace/.derivedData/ModuleCache.noindex/os_object-CIUJ5N1V1HWSGEK024IV96R1M.pcm
SwiftExplicitDependencyGeneratePcm armv7k /Users/admin/builder/spi-builder-workspace/.derivedData/ModuleCache.noindex/ObjectiveC-ACM927XFRCK5MLNYU4TDJPUI9.pcm
SwiftExplicitDependencyGeneratePcm arm64_32 /Users/admin/builder/spi-builder-workspace/.derivedData/ModuleCache.noindex/ObjectiveC-AVYBQYXS0QCLOEQGWXNFUFJ0V.pcm
SwiftExplicitDependencyGeneratePcm arm64 /Users/admin/builder/spi-builder-workspace/.derivedData/ModuleCache.noindex/os_workgroup-5S02ISLSMHO6BA5HLY5UNJ6A3.pcm
SwiftExplicitDependencyGeneratePcm armv7k /Users/admin/builder/spi-builder-workspace/.derivedData/ModuleCache.noindex/os_object-CTAU3YFP52X3B3RQNJKXAB0S2.pcm
SwiftExplicitDependencyGeneratePcm arm64_32 /Users/admin/builder/spi-builder-workspace/.derivedData/ModuleCache.noindex/os_object-8N6RR4J5VVS62U9VXHR1297AW.pcm
SwiftExplicitDependencyGeneratePcm arm64 /Users/admin/builder/spi-builder-workspace/.derivedData/ModuleCache.noindex/Dispatch-4KQN7RRX0L9C07MGTWHYRJGYM.pcm
SwiftExplicitDependencyGeneratePcm armv7k /Users/admin/builder/spi-builder-workspace/.derivedData/ModuleCache.noindex/os_workgroup-5XIFNOMVKG500RY054IJSXA0A.pcm
SwiftExplicitDependencyGeneratePcm arm64_32 /Users/admin/builder/spi-builder-workspace/.derivedData/ModuleCache.noindex/os_workgroup-EGGSTWNSSUGG124AQRBUF2J85.pcm
SwiftExplicitDependencyGeneratePcm arm64 /Users/admin/builder/spi-builder-workspace/.derivedData/ModuleCache.noindex/CoreFoundation-C0JIKJUNM7J0IFUIZ8S5RWP5A.pcm
SwiftExplicitDependencyGeneratePcm armv7k /Users/admin/builder/spi-builder-workspace/.derivedData/ModuleCache.noindex/Dispatch-CDWEQAFJBASNR6ZVDOK5OXT4V.pcm
SwiftExplicitDependencyGeneratePcm arm64_32 /Users/admin/builder/spi-builder-workspace/.derivedData/ModuleCache.noindex/Dispatch-DV1SP0JEXVJ6MTIWZ3XCJTXSW.pcm
SwiftExplicitDependencyGeneratePcm armv7k /Users/admin/builder/spi-builder-workspace/.derivedData/ModuleCache.noindex/CoreFoundation-RUCL80CI9TRWFFLKE600Z06O.pcm
SwiftExplicitDependencyGeneratePcm arm64_32 /Users/admin/builder/spi-builder-workspace/.derivedData/ModuleCache.noindex/CoreFoundation-EN8GNA4ERP0UOK1XPZ1YRZKGF.pcm
SwiftExplicitDependencyGeneratePcm arm64 /Users/admin/builder/spi-builder-workspace/.derivedData/ModuleCache.noindex/Security-8WXKZYCC8N3IYZ7GEEYK1LTTC.pcm
SwiftExplicitDependencyGeneratePcm arm64 /Users/admin/builder/spi-builder-workspace/.derivedData/ModuleCache.noindex/Foundation-188QGUU7PNEMS0JL2JNA4L9D.pcm
SwiftExplicitDependencyGeneratePcm armv7k /Users/admin/builder/spi-builder-workspace/.derivedData/ModuleCache.noindex/Security-C9A0B26R2UIADBXLVBKU1FJV1.pcm
SwiftExplicitDependencyGeneratePcm arm64_32 /Users/admin/builder/spi-builder-workspace/.derivedData/ModuleCache.noindex/Security-8KJEGVX0ECINJU374GLCNITFA.pcm
SwiftExplicitDependencyGeneratePcm armv7k /Users/admin/builder/spi-builder-workspace/.derivedData/ModuleCache.noindex/Foundation-BFCHXYDNJGNDW2FA1JATYZ9KO.pcm
SwiftExplicitDependencyGeneratePcm arm64_32 /Users/admin/builder/spi-builder-workspace/.derivedData/ModuleCache.noindex/Foundation-1ZQJQ54U4TUPUQFY2U9YK0983.pcm
SwiftCompile normal arm64 Compiling\ Volumetric.swift,\ EulerAngles.swift /Users/admin/builder/spi-builder-workspace/Sources/OpenSpatial/Protocols/Volumetric.swift /Users/admin/builder/spi-builder-workspace/Sources/OpenSpatial/Structures/EulerAngles.swift (in target 'OpenSpatial' from project 'OpenSpatial')
SwiftCompile normal arm64 /Users/admin/builder/spi-builder-workspace/Sources/OpenSpatial/Protocols/Volumetric.swift (in target 'OpenSpatial' from project 'OpenSpatial')
cd /Users/admin/builder/spi-builder-workspace/.swiftpm/xcode
SwiftCompile normal arm64 /Users/admin/builder/spi-builder-workspace/Sources/OpenSpatial/Structures/EulerAngles.swift (in target 'OpenSpatial' from project 'OpenSpatial')
cd /Users/admin/builder/spi-builder-workspace/.swiftpm/xcode
SwiftEmitModule normal arm64 Emitting\ module\ for\ OpenSpatial (in target 'OpenSpatial' from project 'OpenSpatial')
EmitSwiftModule normal arm64 (in target 'OpenSpatial' from project 'OpenSpatial')
cd /Users/admin/builder/spi-builder-workspace/.swiftpm/xcode
SwiftCompile normal arm64 Compiling\ Rotation3D.swift,\ RotationAxis3D.swift,\ ScaledPose3D.swift /Users/admin/builder/spi-builder-workspace/Sources/OpenSpatial/3D\ primitives/Rotation3D.swift /Users/admin/builder/spi-builder-workspace/Sources/OpenSpatial/3D\ primitives/RotationAxis3D.swift /Users/admin/builder/spi-builder-workspace/Sources/OpenSpatial/3D\ primitives/ScaledPose3D.swift (in target 'OpenSpatial' from project 'OpenSpatial')
SwiftCompile normal arm64 /Users/admin/builder/spi-builder-workspace/Sources/OpenSpatial/3D\ primitives/Rotation3D.swift (in target 'OpenSpatial' from project 'OpenSpatial')
cd /Users/admin/builder/spi-builder-workspace/.swiftpm/xcode
SwiftCompile normal arm64 /Users/admin/builder/spi-builder-workspace/Sources/OpenSpatial/3D\ primitives/RotationAxis3D.swift (in target 'OpenSpatial' from project 'OpenSpatial')
cd /Users/admin/builder/spi-builder-workspace/.swiftpm/xcode
SwiftCompile normal arm64 /Users/admin/builder/spi-builder-workspace/Sources/OpenSpatial/3D\ primitives/ScaledPose3D.swift (in target 'OpenSpatial' from project 'OpenSpatial')
cd /Users/admin/builder/spi-builder-workspace/.swiftpm/xcode
SwiftCompile normal arm64 Compiling\ Scalable3D.swift,\ Shearable3D.swift,\ Translatable3D.swift /Users/admin/builder/spi-builder-workspace/Sources/OpenSpatial/Protocols/Scalable3D.swift /Users/admin/builder/spi-builder-workspace/Sources/OpenSpatial/Protocols/Shearable3D.swift /Users/admin/builder/spi-builder-workspace/Sources/OpenSpatial/Protocols/Translatable3D.swift (in target 'OpenSpatial' from project 'OpenSpatial')
SwiftCompile normal arm64 /Users/admin/builder/spi-builder-workspace/Sources/OpenSpatial/Protocols/Scalable3D.swift (in target 'OpenSpatial' from project 'OpenSpatial')
cd /Users/admin/builder/spi-builder-workspace/.swiftpm/xcode
SwiftCompile normal arm64 /Users/admin/builder/spi-builder-workspace/Sources/OpenSpatial/Protocols/Shearable3D.swift (in target 'OpenSpatial' from project 'OpenSpatial')
cd /Users/admin/builder/spi-builder-workspace/.swiftpm/xcode
SwiftCompile normal arm64 /Users/admin/builder/spi-builder-workspace/Sources/OpenSpatial/Protocols/Translatable3D.swift (in target 'OpenSpatial' from project 'OpenSpatial')
cd /Users/admin/builder/spi-builder-workspace/.swiftpm/xcode
SwiftCompile normal arm64 Compiling\ CoordinateSpaceValue3D.swift,\ ProjectiveTransformable3D.swift,\ WorldReferenceCoordinateSpace.swift /Users/admin/builder/spi-builder-workspace/Sources/OpenSpatial/Converting\ between\ coordinate\ spaces/CoordinateSpaceValue3D.swift /Users/admin/builder/spi-builder-workspace/Sources/OpenSpatial/Converting\ between\ coordinate\ spaces/ProjectiveTransformable3D.swift /Users/admin/builder/spi-builder-workspace/Sources/OpenSpatial/Converting\ between\ coordinate\ spaces/WorldReferenceCoordinateSpace.swift (in target 'OpenSpatial' from project 'OpenSpatial')
SwiftCompile normal arm64 /Users/admin/builder/spi-builder-workspace/Sources/OpenSpatial/Converting\ between\ coordinate\ spaces/CoordinateSpaceValue3D.swift (in target 'OpenSpatial' from project 'OpenSpatial')
cd /Users/admin/builder/spi-builder-workspace/.swiftpm/xcode
SwiftCompile normal arm64 /Users/admin/builder/spi-builder-workspace/Sources/OpenSpatial/Converting\ between\ coordinate\ spaces/ProjectiveTransformable3D.swift (in target 'OpenSpatial' from project 'OpenSpatial')
cd /Users/admin/builder/spi-builder-workspace/.swiftpm/xcode
SwiftCompile normal arm64 /Users/admin/builder/spi-builder-workspace/Sources/OpenSpatial/Converting\ between\ coordinate\ spaces/WorldReferenceCoordinateSpace.swift (in target 'OpenSpatial' from project 'OpenSpatial')
cd /Users/admin/builder/spi-builder-workspace/.swiftpm/xcode
SwiftCompile normal arm64 Compiling\ Quaterion3D.swift,\ Ray3D.swift,\ Rect3D.swift /Users/admin/builder/spi-builder-workspace/Sources/OpenSpatial/3D\ primitives/Quaterion3D.swift /Users/admin/builder/spi-builder-workspace/Sources/OpenSpatial/3D\ primitives/Ray3D.swift /Users/admin/builder/spi-builder-workspace/Sources/OpenSpatial/3D\ primitives/Rect3D.swift (in target 'OpenSpatial' from project 'OpenSpatial')
SwiftCompile normal arm64 /Users/admin/builder/spi-builder-workspace/Sources/OpenSpatial/3D\ primitives/Quaterion3D.swift (in target 'OpenSpatial' from project 'OpenSpatial')
cd /Users/admin/builder/spi-builder-workspace/.swiftpm/xcode
SwiftCompile normal arm64 /Users/admin/builder/spi-builder-workspace/Sources/OpenSpatial/3D\ primitives/Ray3D.swift (in target 'OpenSpatial' from project 'OpenSpatial')
cd /Users/admin/builder/spi-builder-workspace/.swiftpm/xcode
SwiftCompile normal arm64 /Users/admin/builder/spi-builder-workspace/Sources/OpenSpatial/3D\ primitives/Rect3D.swift (in target 'OpenSpatial' from project 'OpenSpatial')
cd /Users/admin/builder/spi-builder-workspace/.swiftpm/xcode
SwiftCompile normal arm64 Compiling\ Clampable3D.swift,\ Primitive3D.swift,\ Rotatable3D.swift /Users/admin/builder/spi-builder-workspace/Sources/OpenSpatial/Protocols/Clampable3D.swift /Users/admin/builder/spi-builder-workspace/Sources/OpenSpatial/Protocols/Primitive3D.swift /Users/admin/builder/spi-builder-workspace/Sources/OpenSpatial/Protocols/Rotatable3D.swift (in target 'OpenSpatial' from project 'OpenSpatial')
SwiftCompile normal arm64 /Users/admin/builder/spi-builder-workspace/Sources/OpenSpatial/Protocols/Clampable3D.swift (in target 'OpenSpatial' from project 'OpenSpatial')
cd /Users/admin/builder/spi-builder-workspace/.swiftpm/xcode
SwiftCompile normal arm64 /Users/admin/builder/spi-builder-workspace/Sources/OpenSpatial/Protocols/Primitive3D.swift (in target 'OpenSpatial' from project 'OpenSpatial')
cd /Users/admin/builder/spi-builder-workspace/.swiftpm/xcode
SwiftCompile normal arm64 /Users/admin/builder/spi-builder-workspace/Sources/OpenSpatial/Protocols/Rotatable3D.swift (in target 'OpenSpatial' from project 'OpenSpatial')
cd /Users/admin/builder/spi-builder-workspace/.swiftpm/xcode
SwiftCompile normal arm64 Compiling\ Size3D.swift,\ SphericalCoordinates3D.swift,\ AffineTransform3D.swift /Users/admin/builder/spi-builder-workspace/Sources/OpenSpatial/3D\ primitives/Size3D.swift /Users/admin/builder/spi-builder-workspace/Sources/OpenSpatial/3D\ primitives/SphericalCoordinates3D.swift /Users/admin/builder/spi-builder-workspace/Sources/OpenSpatial/Affine\ and\ projective\ transforms/AffineTransform3D.swift (in target 'OpenSpatial' from project 'OpenSpatial')
SwiftCompile normal arm64 /Users/admin/builder/spi-builder-workspace/Sources/OpenSpatial/3D\ primitives/Size3D.swift (in target 'OpenSpatial' from project 'OpenSpatial')
cd /Users/admin/builder/spi-builder-workspace/.swiftpm/xcode
SwiftCompile normal arm64 /Users/admin/builder/spi-builder-workspace/Sources/OpenSpatial/3D\ primitives/SphericalCoordinates3D.swift (in target 'OpenSpatial' from project 'OpenSpatial')
cd /Users/admin/builder/spi-builder-workspace/.swiftpm/xcode
SwiftCompile normal arm64 /Users/admin/builder/spi-builder-workspace/Sources/OpenSpatial/Affine\ and\ projective\ transforms/AffineTransform3D.swift (in target 'OpenSpatial' from project 'OpenSpatial')
cd /Users/admin/builder/spi-builder-workspace/.swiftpm/xcode
SwiftCompile normal arm64 Compiling\ Angle2D.swift,\ Point3D.swift,\ Pose3D.swift /Users/admin/builder/spi-builder-workspace/Sources/OpenSpatial/2D\ primitives/Angle2D.swift /Users/admin/builder/spi-builder-workspace/Sources/OpenSpatial/3D\ primitives/Point3D.swift /Users/admin/builder/spi-builder-workspace/Sources/OpenSpatial/3D\ primitives/Pose3D.swift (in target 'OpenSpatial' from project 'OpenSpatial')
SwiftCompile normal arm64 /Users/admin/builder/spi-builder-workspace/Sources/OpenSpatial/2D\ primitives/Angle2D.swift (in target 'OpenSpatial' from project 'OpenSpatial')
cd /Users/admin/builder/spi-builder-workspace/.swiftpm/xcode
SwiftCompile normal arm64 /Users/admin/builder/spi-builder-workspace/Sources/OpenSpatial/3D\ primitives/Point3D.swift (in target 'OpenSpatial' from project 'OpenSpatial')
cd /Users/admin/builder/spi-builder-workspace/.swiftpm/xcode
SwiftCompile normal arm64 /Users/admin/builder/spi-builder-workspace/Sources/OpenSpatial/3D\ primitives/Pose3D.swift (in target 'OpenSpatial' from project 'OpenSpatial')
cd /Users/admin/builder/spi-builder-workspace/.swiftpm/xcode
SwiftEmitModule normal armv7k Emitting\ module\ for\ OpenSpatial (in target 'OpenSpatial' from project 'OpenSpatial')
Failed frontend command:
/Applications/Xcode-26.3.0.app/Contents/Developer/Toolchains/XcodeDefault.xctoolchain/usr/bin/swift-frontend -frontend -emit-module -experimental-skip-non-inlinable-function-bodies-without-types /Users/admin/builder/spi-builder-workspace/Sources/OpenSpatial/2D\ primitives/Angle2D.swift /Users/admin/builder/spi-builder-workspace/Sources/OpenSpatial/3D\ primitives/Point3D.swift /Users/admin/builder/spi-builder-workspace/Sources/OpenSpatial/3D\ primitives/Pose3D.swift /Users/admin/builder/spi-builder-workspace/Sources/OpenSpatial/3D\ primitives/Quaterion3D.swift /Users/admin/builder/spi-builder-workspace/Sources/OpenSpatial/3D\ primitives/Ray3D.swift /Users/admin/builder/spi-builder-workspace/Sources/OpenSpatial/3D\ primitives/Rect3D.swift /Users/admin/builder/spi-builder-workspace/Sources/OpenSpatial/3D\ primitives/Rotation3D.swift /Users/admin/builder/spi-builder-workspace/Sources/OpenSpatial/3D\ primitives/RotationAxis3D.swift /Users/admin/builder/spi-builder-workspace/Sources/OpenSpatial/3D\ primitives/ScaledPose3D.swift /Users/admin/builder/spi-builder-workspace/Sources/OpenSpatial/3D\ primitives/Size3D.swift /Users/admin/builder/spi-builder-workspace/Sources/OpenSpatial/3D\ primitives/SphericalCoordinates3D.swift /Users/admin/builder/spi-builder-workspace/Sources/OpenSpatial/Affine\ and\ projective\ transforms/AffineTransform3D.swift /Users/admin/builder/spi-builder-workspace/Sources/OpenSpatial/Affine\ and\ projective\ transforms/ProjectiveTransform3D.swift /Users/admin/builder/spi-builder-workspace/Sources/OpenSpatial/Common/Error.swift /Users/admin/builder/spi-builder-workspace/Sources/OpenSpatial/Converting\ between\ coordinate\ spaces/CoordinateSpace3D.swift /Users/admin/builder/spi-builder-workspace/Sources/OpenSpatial/Converting\ between\ coordinate\ spaces/CoordinateSpaceValue3D.swift /Users/admin/builder/spi-builder-workspace/Sources/OpenSpatial/Converting\ between\ coordinate\ spaces/ProjectiveTransformable3D.swift /Users/admin/builder/spi-builder-workspace/Sources/OpenSpatial/Converting\ between\ coordinate\ spaces/WorldReferenceCoordinateSpace.swift /Users/admin/builder/spi-builder-workspace/Sources/OpenSpatial/Data\ structures/Axis3D.swift /Users/admin/builder/spi-builder-workspace/Sources/OpenSpatial/Data\ structures/Vector3D.swift /Users/admin/builder/spi-builder-workspace/Sources/OpenSpatial/Enumerations/AxisWithFactors.swift /Users/admin/builder/spi-builder-workspace/Sources/OpenSpatial/Protocols/Clampable3D.swift /Users/admin/builder/spi-builder-workspace/Sources/OpenSpatial/Protocols/Primitive3D.swift /Users/admin/builder/spi-builder-workspace/Sources/OpenSpatial/Protocols/Rotatable3D.swift /Users/admin/builder/spi-builder-workspace/Sources/OpenSpatial/Protocols/Scalable3D.swift /Users/admin/builder/spi-builder-workspace/Sources/OpenSpatial/Protocols/Shearable3D.swift /Users/admin/builder/spi-builder-workspace/Sources/OpenSpatial/Protocols/Translatable3D.swift /Users/admin/builder/spi-builder-workspace/Sources/OpenSpatial/Protocols/Volumetric.swift /Users/admin/builder/spi-builder-workspace/Sources/OpenSpatial/Structures/EulerAngles.swift -target armv7k-apple-watchos5.0 -load-resolved-plugin /Applications/Xcode-26.3.0.app/Contents/Developer/Platforms/WatchOS.platform/Developer/usr/lib/swift/host/plugins/libFoundationMacros.dylib\#/Applications/Xcode-26.3.0.app/Contents/Developer/Platforms/WatchOS.platform/Developer/usr/bin/swift-plugin-server\#FoundationMacros -load-resolved-plugin /Applications/Xcode-26.3.0.app/Contents/Developer/Platforms/WatchOS.platform/Developer/usr/lib/swift/host/plugins/libObservationMacros.dylib\#/Applications/Xcode-26.3.0.app/Contents/Developer/Platforms/WatchOS.platform/Developer/usr/bin/swift-plugin-server\#ObservationMacros -load-resolved-plugin /Applications/Xcode-26.3.0.app/Contents/Developer/Platforms/WatchOS.platform/Developer/usr/lib/swift/host/plugins/libSwiftMacros.dylib\#/Applications/Xcode-26.3.0.app/Contents/Developer/Platforms/WatchOS.platform/Developer/usr/bin/swift-plugin-server\#SwiftMacros -disable-implicit-swift-modules -Xcc -fno-implicit-modules -Xcc -fno-implicit-module-maps -explicit-swift-module-map-file /Users/admin/builder/spi-builder-workspace/.derivedData/Build/Intermediates.noindex/OpenSpatial.build/Debug-watchos/OpenSpatial.build/Objects-normal/armv7k/OpenSpatial-dependencies-1.json -enable-objc-interop -sdk /Applications/Xcode-26.3.0.app/Contents/Developer/Platforms/WatchOS.platform/Developer/SDKs/WatchOS26.2.sdk -I /Users/admin/builder/spi-builder-workspace/.derivedData/Build/Products/Debug-watchos -Isystem /Applications/Xcode-26.3.0.app/Contents/Developer/Platforms/WatchOS.platform/Developer/usr/lib -F /Users/admin/builder/spi-builder-workspace/.derivedData/Build/Products/Debug-watchos -F /Applications/Xcode-26.3.0.app/Contents/Developer/Platforms/WatchOS.platform/Developer/Library/Frameworks -F /Applications/Xcode-26.3.0.app/Contents/Developer/Platforms/WatchOS.platform/Developer/SDKs/WatchOS26.2.sdk/Developer/Library/Frameworks -no-color-diagnostics -Xcc -fno-color-diagnostics -enable-testing -g -debug-info-format\=dwarf -dwarf-version\=4 -module-cache-path /Users/admin/builder/spi-builder-workspace/.derivedData/Build/Intermediates.noindex/SwiftExplicitPrecompiledModules -profile-generate -profile-coverage-mapping -swift-version 6 -enforce-exclusivity\=checked -Onone -D SWIFT_PACKAGE -D DEBUG -D SWIFT_MODULE_RESOURCE_BUNDLE_UNAVAILABLE -D Xcode -serialize-debugging-options -const-gather-protocols-file /Users/admin/builder/spi-builder-workspace/.derivedData/Build/Intermediates.noindex/OpenSpatial.build/Debug-watchos/OpenSpatial.build/Objects-normal/armv7k/OpenSpatial_const_extract_protocols.json -enable-experimental-feature DebugDescriptionMacro -empty-abi-descriptor -validate-clang-modules-once -clang-build-session-file /Users/admin/builder/spi-builder-workspace/.derivedData/ModuleCache.noindex/Session.modulevalidation -Xcc -working-directory -Xcc /Users/admin/builder/spi-builder-workspace/.swiftpm/xcode -enable-anonymous-context-mangled-names -file-compilation-dir /Users/admin/builder/spi-builder-workspace/.swiftpm/xcode -Xcc -D_LIBCPP_HARDENING_MODE\=_LIBCPP_HARDENING_MODE_DEBUG -Xcc -ivfsstatcache -Xcc /Users/admin/builder/spi-builder-workspace/.derivedData/SDKStatCaches.noindex/watchos26.2-23S303-dc75598d0054f22ec865fa860f139d721753b489057de6bda919edfa1c59a62b.sdkstatcache -Xcc -I/Users/admin/builder/spi-builder-workspace/.derivedData/Build/Intermediates.noindex/OpenSpatial.build/Debug-watchos/OpenSpatial.build/swift-overrides.hmap -Xcc -I/Users/admin/builder/spi-builder-workspace/.derivedData/Build/Products/Debug-watchos/include -Xcc -I/Users/admin/builder/spi-builder-workspace/.derivedData/Build/Intermediates.noindex/OpenSpatial.build/Debug-watchos/OpenSpatial.build/DerivedSources-normal/armv7k -Xcc -I/Users/admin/builder/spi-builder-workspace/.derivedData/Build/Intermediates.noindex/OpenSpatial.build/Debug-watchos/OpenSpatial.build/DerivedSources/armv7k -Xcc -I/Users/admin/builder/spi-builder-workspace/.derivedData/Build/Intermediates.noindex/OpenSpatial.build/Debug-watchos/OpenSpatial.build/DerivedSources -Xcc -DSWIFT_PACKAGE -Xcc -DDEBUG\=1 -no-auto-bridging-header-chaining -module-name OpenSpatial -package-name spi_builder_workspace -frontend-parseable-output -disable-clang-spi -target-sdk-version 26.2 -target-sdk-name watchos26.2 -clang-target armv7k-apple-watchos26.2 -in-process-plugin-server-path /Applications/Xcode-26.3.0.app/Contents/Developer/Toolchains/XcodeDefault.xctoolchain/usr/lib/swift/host/libSwiftInProcPluginServer.dylib -emit-module-doc-path /Users/admin/builder/spi-builder-workspace/.derivedData/Build/Intermediates.noindex/OpenSpatial.build/Debug-watchos/OpenSpatial.build/Objects-normal/armv7k/OpenSpatial.swiftdoc -emit-module-source-info-path /Users/admin/builder/spi-builder-workspace/.derivedData/Build/Intermediates.noindex/OpenSpatial.build/Debug-watchos/OpenSpatial.build/Objects-normal/armv7k/OpenSpatial.swiftsourceinfo -emit-objc-header-path /Users/admin/builder/spi-builder-workspace/.derivedData/Build/Intermediates.noindex/OpenSpatial.build/Debug-watchos/OpenSpatial.build/Objects-normal/armv7k/OpenSpatial-Swift.h -serialize-diagnostics-path /Users/admin/builder/spi-builder-workspace/.derivedData/Build/Intermediates.noindex/OpenSpatial.build/Debug-watchos/OpenSpatial.build/Objects-normal/armv7k/OpenSpatial-primary-emit-module.dia -emit-dependencies-path /Users/admin/builder/spi-builder-workspace/.derivedData/Build/Intermediates.noindex/OpenSpatial.build/Debug-watchos/OpenSpatial.build/Objects-normal/armv7k/OpenSpatial-primary-emit-module.d -o /Users/admin/builder/spi-builder-workspace/.derivedData/Build/Intermediates.noindex/OpenSpatial.build/Debug-watchos/OpenSpatial.build/Objects-normal/armv7k/OpenSpatial.swiftmodule -emit-abi-descriptor-path /Users/admin/builder/spi-builder-workspace/.derivedData/Build/Intermediates.noindex/OpenSpatial.build/Debug-watchos/OpenSpatial.build/Objects-normal/armv7k/OpenSpatial.abi.json
EmitSwiftModule normal armv7k (in target 'OpenSpatial' from project 'OpenSpatial')
cd /Users/admin/builder/spi-builder-workspace/.swiftpm/xcode
/Users/admin/builder/spi-builder-workspace/Sources/OpenSpatial/Converting between coordinate spaces/CoordinateSpace3D.swift:67:10: error: 'some' return types are only available in watchOS 6.0.0 or newer
) -> some CoordinateSpace3D {
^
/Users/admin/builder/spi-builder-workspace/Sources/OpenSpatial/Converting between coordinate spaces/CoordinateSpace3D.swift:65:17: note: add '@available' attribute to enclosing instance method
public func transformSpace(
^
/Users/admin/builder/spi-builder-workspace/Sources/OpenSpatial/Converting between coordinate spaces/CoordinateSpace3D.swift:59:1: note: add '@available' attribute to enclosing extension
extension CoordinateSpace3D {
^
SwiftEmitModule normal arm64_32 Emitting\ module\ for\ OpenSpatial (in target 'OpenSpatial' from project 'OpenSpatial')
SwiftDriverJobDiscovery normal arm64 Emitting module for OpenSpatial (in target 'OpenSpatial' from project 'OpenSpatial')
SwiftDriver\ Compilation\ Requirements OpenSpatial normal arm64 com.apple.xcode.tools.swift.compiler (in target 'OpenSpatial' from project 'OpenSpatial')
cd /Users/admin/builder/spi-builder-workspace/.swiftpm/xcode
builtin-Swift-Compilation-Requirements -- /Applications/Xcode-26.3.0.app/Contents/Developer/Toolchains/XcodeDefault.xctoolchain/usr/bin/swiftc -module-name OpenSpatial -Onone -enforce-exclusivity\=checked @/Users/admin/builder/spi-builder-workspace/.derivedData/Build/Intermediates.noindex/OpenSpatial.build/Debug-watchos/OpenSpatial.build/Objects-normal/arm64/OpenSpatial.SwiftFileList -DSWIFT_PACKAGE -DDEBUG -DSWIFT_MODULE_RESOURCE_BUNDLE_UNAVAILABLE -DXcode -plugin-path /Applications/Xcode-26.3.0.app/Contents/Developer/Toolchains/XcodeDefault.xctoolchain/usr/lib/swift/host/plugins/testing -enable-experimental-feature DebugDescriptionMacro -sdk /Applications/Xcode-26.3.0.app/Contents/Developer/Platforms/WatchOS.platform/Developer/SDKs/WatchOS26.2.sdk -target arm64-apple-watchos5.0 -g -module-cache-path /Users/admin/builder/spi-builder-workspace/.derivedData/ModuleCache.noindex -Xfrontend -serialize-debugging-options -profile-coverage-mapping -profile-generate -enable-testing -index-store-path /Users/admin/builder/spi-builder-workspace/.derivedData/Index.noindex/DataStore -Xcc -D_LIBCPP_HARDENING_MODE\=_LIBCPP_HARDENING_MODE_DEBUG -swift-version 6 -I /Users/admin/builder/spi-builder-workspace/.derivedData/Build/Products/Debug-watchos -Isystem /Applications/Xcode-26.3.0.app/Contents/Developer/Platforms/WatchOS.platform/Developer/usr/lib -F /Users/admin/builder/spi-builder-workspace/.derivedData/Build/Products/Debug-watchos -F /Applications/Xcode-26.3.0.app/Contents/Developer/Platforms/WatchOS.platform/Developer/Library/Frameworks -F /Applications/Xcode-26.3.0.app/Contents/Developer/Platforms/WatchOS.platform/Developer/SDKs/WatchOS26.2.sdk/Developer/Library/Frameworks -c -j10 -enable-batch-mode -incremental -Xcc -ivfsstatcache -Xcc /Users/admin/builder/spi-builder-workspace/.derivedData/SDKStatCaches.noindex/watchos26.2-23S303-dc75598d0054f22ec865fa860f139d721753b489057de6bda919edfa1c59a62b.sdkstatcache -output-file-map /Users/admin/builder/spi-builder-workspace/.derivedData/Build/Intermediates.noindex/OpenSpatial.build/Debug-watchos/OpenSpatial.build/Objects-normal/arm64/OpenSpatial-OutputFileMap.json -use-frontend-parseable-output -save-temps -no-color-diagnostics -explicit-module-build -module-cache-path /Users/admin/builder/spi-builder-workspace/.derivedData/Build/Intermediates.noindex/SwiftExplicitPrecompiledModules -clang-scanner-module-cache-path /Users/admin/builder/spi-builder-workspace/.derivedData/ModuleCache.noindex -sdk-module-cache-path /Users/admin/builder/spi-builder-workspace/.derivedData/ModuleCache.noindex -serialize-diagnostics -emit-dependencies -emit-module -emit-module-path /Users/admin/builder/spi-builder-workspace/.derivedData/Build/Intermediates.noindex/OpenSpatial.build/Debug-watchos/OpenSpatial.build/Objects-normal/arm64/OpenSpatial.swiftmodule -validate-clang-modules-once -clang-build-session-file /Users/admin/builder/spi-builder-workspace/.derivedData/ModuleCache.noindex/Session.modulevalidation -package-name spi_builder_workspace -Xcc -I/Users/admin/builder/spi-builder-workspace/.derivedData/Build/Intermediates.noindex/OpenSpatial.build/Debug-watchos/OpenSpatial.build/swift-overrides.hmap -emit-const-values -Xfrontend -const-gather-protocols-file -Xfrontend /Users/admin/builder/spi-builder-workspace/.derivedData/Build/Intermediates.noindex/OpenSpatial.build/Debug-watchos/OpenSpatial.build/Objects-normal/arm64/OpenSpatial_const_extract_protocols.json -Xcc -I/Users/admin/builder/spi-builder-workspace/.derivedData/Build/Products/Debug-watchos/include -Xcc -I/Users/admin/builder/spi-builder-workspace/.derivedData/Build/Intermediates.noindex/OpenSpatial.build/Debug-watchos/OpenSpatial.build/DerivedSources-normal/arm64 -Xcc -I/Users/admin/builder/spi-builder-workspace/.derivedData/Build/Intermediates.noindex/OpenSpatial.build/Debug-watchos/OpenSpatial.build/DerivedSources/arm64 -Xcc -I/Users/admin/builder/spi-builder-workspace/.derivedData/Build/Intermediates.noindex/OpenSpatial.build/Debug-watchos/OpenSpatial.build/DerivedSources -Xcc -DSWIFT_PACKAGE -Xcc -DDEBUG\=1 -emit-objc-header -emit-objc-header-path /Users/admin/builder/spi-builder-workspace/.derivedData/Build/Intermediates.noindex/OpenSpatial.build/Debug-watchos/OpenSpatial.build/Objects-normal/arm64/OpenSpatial-Swift.h -working-directory /Users/admin/builder/spi-builder-workspace/.swiftpm/xcode -experimental-emit-module-separately -disable-cmo
2026-07-13 00:24:47.995 xcodebuild[904:5525] [MT] IDERunDestination: Supported platforms for the buildables in the current scheme is empty.
** BUILD FAILED **
The following build commands failed:
SwiftEmitModule normal armv7k Emitting\ module\ for\ OpenSpatial (in target 'OpenSpatial' from project 'OpenSpatial')
EmitSwiftModule normal armv7k (in target 'OpenSpatial' from project 'OpenSpatial')
Building workspace spi-builder-workspace with scheme OpenSpatial
(3 failures)
Command line invocation:
/Applications/Xcode-26.3.0.app/Contents/Developer/usr/bin/xcodebuild -IDEClonedSourcePackagesDirPathOverride=/Users/admin/builder/spi-builder-workspace/.dependencies -resolvePackageDependencies
Resolve Package Graph
Resolved source packages:
SymbolKit: https://github.com/swiftlang/swift-docc-symbolkit @ 1.0.0
OpenSpatial: /Users/admin/builder/spi-builder-workspace
SwiftDocCPlugin: https://github.com/apple/swift-docc-plugin @ main (647c708)
resolved source packages: SymbolKit, OpenSpatial, SwiftDocCPlugin
2026-07-13 00:25:04.611 xcodebuild[1131:6713] [MT] IDERunDestination: Supported platforms for the buildables in the current scheme is empty.
{
"dependencies" : [
{
"identity" : "swift-docc-plugin",
"requirement" : {
"branch" : [
"main"
]
},
"type" : "sourceControl",
"url" : "https://github.com/apple/swift-docc-plugin"
}
],
"manifest_display_name" : "OpenSpatial",
"name" : "OpenSpatial",
"path" : "/Users/admin/builder/spi-builder-workspace",
"platforms" : [
],
"products" : [
{
"name" : "OpenSpatial",
"targets" : [
"OpenSpatial"
],
"type" : {
"library" : [
"automatic"
]
}
}
],
"targets" : [
{
"c99name" : "OpenSpatialTests",
"module_type" : "SwiftTarget",
"name" : "OpenSpatialTests",
"path" : "Tests/OpenSpatialTests",
"sources" : [
"2D primitives/Angle2DTests.swift",
"3D primitives/EulerAnglesTests.swift",
"3D primitives/Point3DTests.swift",
"3D primitives/Pose3DTests.swift",
"3D primitives/Quaternion3DTests.swift",
"3D primitives/Ray3DTests.swift",
"3D primitives/Rect3DTests.swift",
"3D primitives/Rotation3DTests.swift",
"3D primitives/RotationAxis3DTestes.swift",
"3D primitives/ScaledPose3DTests.swift",
"3D primitives/Size3DTests.swift",
"3D primitives/SphericalCoordinates3DTests.swift",
"Affine and projective transforms/AffineTransform3DTests.swift",
"Affine and projective transforms/ProjectiveTransform3DTests.swift",
"Converting between coordinate spaces/CoordinateSpace3DTests.swift",
"Data structures/Axis3DTests.swift",
"Data structures/Vector3DTests.swift",
"Extensions/Double.swift",
"Protocols/Clampable3DTests.swift",
"Protocols/ProjectiveTransformable3DTests.swift",
"Protocols/Shearable3DTests.swift"
],
"target_dependencies" : [
"OpenSpatial"
],
"type" : "test"
},
{
"c99name" : "OpenSpatial",
"module_type" : "SwiftTarget",
"name" : "OpenSpatial",
"path" : "Sources/OpenSpatial",
"product_memberships" : [
"OpenSpatial"
],
"sources" : [
"2D primitives/Angle2D.swift",
"3D primitives/Point3D.swift",
"3D primitives/Pose3D.swift",
"3D primitives/Quaterion3D.swift",
"3D primitives/Ray3D.swift",
"3D primitives/Rect3D.swift",
"3D primitives/Rotation3D.swift",
"3D primitives/RotationAxis3D.swift",
"3D primitives/ScaledPose3D.swift",
"3D primitives/Size3D.swift",
"3D primitives/SphericalCoordinates3D.swift",
"Affine and projective transforms/AffineTransform3D.swift",
"Affine and projective transforms/ProjectiveTransform3D.swift",
"Common/Error.swift",
"Converting between coordinate spaces/CoordinateSpace3D.swift",
"Converting between coordinate spaces/CoordinateSpaceValue3D.swift",
"Converting between coordinate spaces/ProjectiveTransformable3D.swift",
"Converting between coordinate spaces/WorldReferenceCoordinateSpace.swift",
"Data structures/Axis3D.swift",
"Data structures/Vector3D.swift",
"Enumerations/AxisWithFactors.swift",
"Protocols/Clampable3D.swift",
"Protocols/Primitive3D.swift",
"Protocols/Rotatable3D.swift",
"Protocols/Scalable3D.swift",
"Protocols/Shearable3D.swift",
"Protocols/Translatable3D.swift",
"Protocols/Volumetric.swift",
"Structures/EulerAngles.swift"
],
"type" : "library"
}
],
"tools_version" : "6.2"
}
{
"workspace" : {
"name" : "spi-builder-workspace",
"schemes" : [
"OpenSpatial"
]
}
}
2026-07-13 00:25:11.145 xcodebuild[1195:7125] [MT] IDERunDestination: Supported platforms for the buildables in the current scheme is empty.
Running build ...
env DEVELOPER_DIR=/Applications/Xcode-26.3.0.app xcrun xcodebuild -IDEClonedSourcePackagesDirPathOverride=$PWD/.dependencies -skipMacroValidation -skipPackagePluginValidation -derivedDataPath $PWD/.derivedData build -scheme OpenSpatial -destination generic/platform=watchOS
Command line invocation:
/Applications/Xcode-26.3.0.app/Contents/Developer/usr/bin/xcodebuild -IDEClonedSourcePackagesDirPathOverride=/Users/admin/builder/spi-builder-workspace/.dependencies -skipMacroValidation -skipPackagePluginValidation -derivedDataPath /Users/admin/builder/spi-builder-workspace/.derivedData build -scheme OpenSpatial -destination generic/platform=watchOS
Resolve Package Graph
Resolved source packages:
SymbolKit: https://github.com/swiftlang/swift-docc-symbolkit @ 1.0.0
OpenSpatial: /Users/admin/builder/spi-builder-workspace
SwiftDocCPlugin: https://github.com/apple/swift-docc-plugin @ main (647c708)
ComputePackagePrebuildTargetDependencyGraph
Prepare packages
CreateBuildRequest
SendProjectDescription
CreateBuildOperation
ComputeTargetDependencyGraph
note: Building targets in dependency order
note: Target dependency graph (2 targets)
Target 'OpenSpatial' in project 'OpenSpatial'
➜ Explicit dependency on target 'OpenSpatial' in project 'OpenSpatial'
Target 'OpenSpatial' in project 'OpenSpatial' (no dependencies)
GatherProvisioningInputs
CreateBuildDescription
ClangStatCache /Applications/Xcode-26.3.0.app/Contents/Developer/Toolchains/XcodeDefault.xctoolchain/usr/bin/clang-stat-cache /Applications/Xcode-26.3.0.app/Contents/Developer/Platforms/WatchOS.platform/Developer/SDKs/WatchOS26.2.sdk /Users/admin/builder/spi-builder-workspace/.derivedData/SDKStatCaches.noindex/watchos26.2-23S303-dc75598d0054f22ec865fa860f139d721753b489057de6bda919edfa1c59a62b.sdkstatcache
cd /Users/admin/builder/spi-builder-workspace/.swiftpm/xcode
/Applications/Xcode-26.3.0.app/Contents/Developer/Toolchains/XcodeDefault.xctoolchain/usr/bin/clang-stat-cache /Applications/Xcode-26.3.0.app/Contents/Developer/Platforms/WatchOS.platform/Developer/SDKs/WatchOS26.2.sdk -o /Users/admin/builder/spi-builder-workspace/.derivedData/SDKStatCaches.noindex/watchos26.2-23S303-dc75598d0054f22ec865fa860f139d721753b489057de6bda919edfa1c59a62b.sdkstatcache
SwiftDriver OpenSpatial normal armv7k com.apple.xcode.tools.swift.compiler (in target 'OpenSpatial' from project 'OpenSpatial')
cd /Users/admin/builder/spi-builder-workspace/.swiftpm/xcode
builtin-SwiftDriver -- /Applications/Xcode-26.3.0.app/Contents/Developer/Toolchains/XcodeDefault.xctoolchain/usr/bin/swiftc -module-name OpenSpatial -Onone -enforce-exclusivity\=checked @/Users/admin/builder/spi-builder-workspace/.derivedData/Build/Intermediates.noindex/OpenSpatial.build/Debug-watchos/OpenSpatial.build/Objects-normal/armv7k/OpenSpatial.SwiftFileList -DSWIFT_PACKAGE -DDEBUG -DSWIFT_MODULE_RESOURCE_BUNDLE_UNAVAILABLE -DXcode -plugin-path /Applications/Xcode-26.3.0.app/Contents/Developer/Toolchains/XcodeDefault.xctoolchain/usr/lib/swift/host/plugins/testing -enable-experimental-feature DebugDescriptionMacro -sdk /Applications/Xcode-26.3.0.app/Contents/Developer/Platforms/WatchOS.platform/Developer/SDKs/WatchOS26.2.sdk -target armv7k-apple-watchos5.0 -g -module-cache-path /Users/admin/builder/spi-builder-workspace/.derivedData/ModuleCache.noindex -Xfrontend -serialize-debugging-options -profile-coverage-mapping -profile-generate -enable-testing -index-store-path /Users/admin/builder/spi-builder-workspace/.derivedData/Index.noindex/DataStore -Xcc -D_LIBCPP_HARDENING_MODE\=_LIBCPP_HARDENING_MODE_DEBUG -swift-version 6 -I /Users/admin/builder/spi-builder-workspace/.derivedData/Build/Products/Debug-watchos -Isystem /Applications/Xcode-26.3.0.app/Contents/Developer/Platforms/WatchOS.platform/Developer/usr/lib -F /Users/admin/builder/spi-builder-workspace/.derivedData/Build/Products/Debug-watchos -F /Applications/Xcode-26.3.0.app/Contents/Developer/Platforms/WatchOS.platform/Developer/Library/Frameworks -F /Applications/Xcode-26.3.0.app/Contents/Developer/Platforms/WatchOS.platform/Developer/SDKs/WatchOS26.2.sdk/Developer/Library/Frameworks -c -j10 -enable-batch-mode -incremental -Xcc -ivfsstatcache -Xcc /Users/admin/builder/spi-builder-workspace/.derivedData/SDKStatCaches.noindex/watchos26.2-23S303-dc75598d0054f22ec865fa860f139d721753b489057de6bda919edfa1c59a62b.sdkstatcache -output-file-map /Users/admin/builder/spi-builder-workspace/.derivedData/Build/Intermediates.noindex/OpenSpatial.build/Debug-watchos/OpenSpatial.build/Objects-normal/armv7k/OpenSpatial-OutputFileMap.json -use-frontend-parseable-output -save-temps -no-color-diagnostics -explicit-module-build -module-cache-path /Users/admin/builder/spi-builder-workspace/.derivedData/Build/Intermediates.noindex/SwiftExplicitPrecompiledModules -clang-scanner-module-cache-path /Users/admin/builder/spi-builder-workspace/.derivedData/ModuleCache.noindex -sdk-module-cache-path /Users/admin/builder/spi-builder-workspace/.derivedData/ModuleCache.noindex -serialize-diagnostics -emit-dependencies -emit-module -emit-module-path /Users/admin/builder/spi-builder-workspace/.derivedData/Build/Intermediates.noindex/OpenSpatial.build/Debug-watchos/OpenSpatial.build/Objects-normal/armv7k/OpenSpatial.swiftmodule -validate-clang-modules-once -clang-build-session-file /Users/admin/builder/spi-builder-workspace/.derivedData/ModuleCache.noindex/Session.modulevalidation -package-name spi_builder_workspace -Xcc -I/Users/admin/builder/spi-builder-workspace/.derivedData/Build/Intermediates.noindex/OpenSpatial.build/Debug-watchos/OpenSpatial.build/swift-overrides.hmap -emit-const-values -Xfrontend -const-gather-protocols-file -Xfrontend /Users/admin/builder/spi-builder-workspace/.derivedData/Build/Intermediates.noindex/OpenSpatial.build/Debug-watchos/OpenSpatial.build/Objects-normal/armv7k/OpenSpatial_const_extract_protocols.json -Xcc -I/Users/admin/builder/spi-builder-workspace/.derivedData/Build/Products/Debug-watchos/include -Xcc -I/Users/admin/builder/spi-builder-workspace/.derivedData/Build/Intermediates.noindex/OpenSpatial.build/Debug-watchos/OpenSpatial.build/DerivedSources-normal/armv7k -Xcc -I/Users/admin/builder/spi-builder-workspace/.derivedData/Build/Intermediates.noindex/OpenSpatial.build/Debug-watchos/OpenSpatial.build/DerivedSources/armv7k -Xcc -I/Users/admin/builder/spi-builder-workspace/.derivedData/Build/Intermediates.noindex/OpenSpatial.build/Debug-watchos/OpenSpatial.build/DerivedSources -Xcc -DSWIFT_PACKAGE -Xcc -DDEBUG\=1 -emit-objc-header -emit-objc-header-path /Users/admin/builder/spi-builder-workspace/.derivedData/Build/Intermediates.noindex/OpenSpatial.build/Debug-watchos/OpenSpatial.build/Objects-normal/armv7k/OpenSpatial-Swift.h -working-directory /Users/admin/builder/spi-builder-workspace/.swiftpm/xcode -experimental-emit-module-separately -disable-cmo
SwiftDriver OpenSpatial normal arm64 com.apple.xcode.tools.swift.compiler (in target 'OpenSpatial' from project 'OpenSpatial')
cd /Users/admin/builder/spi-builder-workspace/.swiftpm/xcode
builtin-SwiftDriver -- /Applications/Xcode-26.3.0.app/Contents/Developer/Toolchains/XcodeDefault.xctoolchain/usr/bin/swiftc -module-name OpenSpatial -Onone -enforce-exclusivity\=checked @/Users/admin/builder/spi-builder-workspace/.derivedData/Build/Intermediates.noindex/OpenSpatial.build/Debug-watchos/OpenSpatial.build/Objects-normal/arm64/OpenSpatial.SwiftFileList -DSWIFT_PACKAGE -DDEBUG -DSWIFT_MODULE_RESOURCE_BUNDLE_UNAVAILABLE -DXcode -plugin-path /Applications/Xcode-26.3.0.app/Contents/Developer/Toolchains/XcodeDefault.xctoolchain/usr/lib/swift/host/plugins/testing -enable-experimental-feature DebugDescriptionMacro -sdk /Applications/Xcode-26.3.0.app/Contents/Developer/Platforms/WatchOS.platform/Developer/SDKs/WatchOS26.2.sdk -target arm64-apple-watchos5.0 -g -module-cache-path /Users/admin/builder/spi-builder-workspace/.derivedData/ModuleCache.noindex -Xfrontend -serialize-debugging-options -profile-coverage-mapping -profile-generate -enable-testing -index-store-path /Users/admin/builder/spi-builder-workspace/.derivedData/Index.noindex/DataStore -Xcc -D_LIBCPP_HARDENING_MODE\=_LIBCPP_HARDENING_MODE_DEBUG -swift-version 6 -I /Users/admin/builder/spi-builder-workspace/.derivedData/Build/Products/Debug-watchos -Isystem /Applications/Xcode-26.3.0.app/Contents/Developer/Platforms/WatchOS.platform/Developer/usr/lib -F /Users/admin/builder/spi-builder-workspace/.derivedData/Build/Products/Debug-watchos -F /Applications/Xcode-26.3.0.app/Contents/Developer/Platforms/WatchOS.platform/Developer/Library/Frameworks -F /Applications/Xcode-26.3.0.app/Contents/Developer/Platforms/WatchOS.platform/Developer/SDKs/WatchOS26.2.sdk/Developer/Library/Frameworks -c -j10 -enable-batch-mode -incremental -Xcc -ivfsstatcache -Xcc /Users/admin/builder/spi-builder-workspace/.derivedData/SDKStatCaches.noindex/watchos26.2-23S303-dc75598d0054f22ec865fa860f139d721753b489057de6bda919edfa1c59a62b.sdkstatcache -output-file-map /Users/admin/builder/spi-builder-workspace/.derivedData/Build/Intermediates.noindex/OpenSpatial.build/Debug-watchos/OpenSpatial.build/Objects-normal/arm64/OpenSpatial-OutputFileMap.json -use-frontend-parseable-output -save-temps -no-color-diagnostics -explicit-module-build -module-cache-path /Users/admin/builder/spi-builder-workspace/.derivedData/Build/Intermediates.noindex/SwiftExplicitPrecompiledModules -clang-scanner-module-cache-path /Users/admin/builder/spi-builder-workspace/.derivedData/ModuleCache.noindex -sdk-module-cache-path /Users/admin/builder/spi-builder-workspace/.derivedData/ModuleCache.noindex -serialize-diagnostics -emit-dependencies -emit-module -emit-module-path /Users/admin/builder/spi-builder-workspace/.derivedData/Build/Intermediates.noindex/OpenSpatial.build/Debug-watchos/OpenSpatial.build/Objects-normal/arm64/OpenSpatial.swiftmodule -validate-clang-modules-once -clang-build-session-file /Users/admin/builder/spi-builder-workspace/.derivedData/ModuleCache.noindex/Session.modulevalidation -package-name spi_builder_workspace -Xcc -I/Users/admin/builder/spi-builder-workspace/.derivedData/Build/Intermediates.noindex/OpenSpatial.build/Debug-watchos/OpenSpatial.build/swift-overrides.hmap -emit-const-values -Xfrontend -const-gather-protocols-file -Xfrontend /Users/admin/builder/spi-builder-workspace/.derivedData/Build/Intermediates.noindex/OpenSpatial.build/Debug-watchos/OpenSpatial.build/Objects-normal/arm64/OpenSpatial_const_extract_protocols.json -Xcc -I/Users/admin/builder/spi-builder-workspace/.derivedData/Build/Products/Debug-watchos/include -Xcc -I/Users/admin/builder/spi-builder-workspace/.derivedData/Build/Intermediates.noindex/OpenSpatial.build/Debug-watchos/OpenSpatial.build/DerivedSources-normal/arm64 -Xcc -I/Users/admin/builder/spi-builder-workspace/.derivedData/Build/Intermediates.noindex/OpenSpatial.build/Debug-watchos/OpenSpatial.build/DerivedSources/arm64 -Xcc -I/Users/admin/builder/spi-builder-workspace/.derivedData/Build/Intermediates.noindex/OpenSpatial.build/Debug-watchos/OpenSpatial.build/DerivedSources -Xcc -DSWIFT_PACKAGE -Xcc -DDEBUG\=1 -emit-objc-header -emit-objc-header-path /Users/admin/builder/spi-builder-workspace/.derivedData/Build/Intermediates.noindex/OpenSpatial.build/Debug-watchos/OpenSpatial.build/Objects-normal/arm64/OpenSpatial-Swift.h -working-directory /Users/admin/builder/spi-builder-workspace/.swiftpm/xcode -experimental-emit-module-separately -disable-cmo
SwiftDriver OpenSpatial normal arm64_32 com.apple.xcode.tools.swift.compiler (in target 'OpenSpatial' from project 'OpenSpatial')
cd /Users/admin/builder/spi-builder-workspace/.swiftpm/xcode
builtin-SwiftDriver -- /Applications/Xcode-26.3.0.app/Contents/Developer/Toolchains/XcodeDefault.xctoolchain/usr/bin/swiftc -module-name OpenSpatial -Onone -enforce-exclusivity\=checked @/Users/admin/builder/spi-builder-workspace/.derivedData/Build/Intermediates.noindex/OpenSpatial.build/Debug-watchos/OpenSpatial.build/Objects-normal/arm64_32/OpenSpatial.SwiftFileList -DSWIFT_PACKAGE -DDEBUG -DSWIFT_MODULE_RESOURCE_BUNDLE_UNAVAILABLE -DXcode -plugin-path /Applications/Xcode-26.3.0.app/Contents/Developer/Toolchains/XcodeDefault.xctoolchain/usr/lib/swift/host/plugins/testing -enable-experimental-feature DebugDescriptionMacro -sdk /Applications/Xcode-26.3.0.app/Contents/Developer/Platforms/WatchOS.platform/Developer/SDKs/WatchOS26.2.sdk -target arm64_32-apple-watchos5.0 -g -module-cache-path /Users/admin/builder/spi-builder-workspace/.derivedData/ModuleCache.noindex -Xfrontend -serialize-debugging-options -profile-coverage-mapping -profile-generate -enable-testing -index-store-path /Users/admin/builder/spi-builder-workspace/.derivedData/Index.noindex/DataStore -Xcc -D_LIBCPP_HARDENING_MODE\=_LIBCPP_HARDENING_MODE_DEBUG -swift-version 6 -I /Users/admin/builder/spi-builder-workspace/.derivedData/Build/Products/Debug-watchos -Isystem /Applications/Xcode-26.3.0.app/Contents/Developer/Platforms/WatchOS.platform/Developer/usr/lib -F /Users/admin/builder/spi-builder-workspace/.derivedData/Build/Products/Debug-watchos -F /Applications/Xcode-26.3.0.app/Contents/Developer/Platforms/WatchOS.platform/Developer/Library/Frameworks -F /Applications/Xcode-26.3.0.app/Contents/Developer/Platforms/WatchOS.platform/Developer/SDKs/WatchOS26.2.sdk/Developer/Library/Frameworks -c -j10 -enable-batch-mode -incremental -Xcc -ivfsstatcache -Xcc /Users/admin/builder/spi-builder-workspace/.derivedData/SDKStatCaches.noindex/watchos26.2-23S303-dc75598d0054f22ec865fa860f139d721753b489057de6bda919edfa1c59a62b.sdkstatcache -output-file-map /Users/admin/builder/spi-builder-workspace/.derivedData/Build/Intermediates.noindex/OpenSpatial.build/Debug-watchos/OpenSpatial.build/Objects-normal/arm64_32/OpenSpatial-OutputFileMap.json -use-frontend-parseable-output -save-temps -no-color-diagnostics -explicit-module-build -module-cache-path /Users/admin/builder/spi-builder-workspace/.derivedData/Build/Intermediates.noindex/SwiftExplicitPrecompiledModules -clang-scanner-module-cache-path /Users/admin/builder/spi-builder-workspace/.derivedData/ModuleCache.noindex -sdk-module-cache-path /Users/admin/builder/spi-builder-workspace/.derivedData/ModuleCache.noindex -serialize-diagnostics -emit-dependencies -emit-module -emit-module-path /Users/admin/builder/spi-builder-workspace/.derivedData/Build/Intermediates.noindex/OpenSpatial.build/Debug-watchos/OpenSpatial.build/Objects-normal/arm64_32/OpenSpatial.swiftmodule -validate-clang-modules-once -clang-build-session-file /Users/admin/builder/spi-builder-workspace/.derivedData/ModuleCache.noindex/Session.modulevalidation -package-name spi_builder_workspace -Xcc -I/Users/admin/builder/spi-builder-workspace/.derivedData/Build/Intermediates.noindex/OpenSpatial.build/Debug-watchos/OpenSpatial.build/swift-overrides.hmap -emit-const-values -Xfrontend -const-gather-protocols-file -Xfrontend /Users/admin/builder/spi-builder-workspace/.derivedData/Build/Intermediates.noindex/OpenSpatial.build/Debug-watchos/OpenSpatial.build/Objects-normal/arm64_32/OpenSpatial_const_extract_protocols.json -Xcc -I/Users/admin/builder/spi-builder-workspace/.derivedData/Build/Products/Debug-watchos/include -Xcc -I/Users/admin/builder/spi-builder-workspace/.derivedData/Build/Intermediates.noindex/OpenSpatial.build/Debug-watchos/OpenSpatial.build/DerivedSources-normal/arm64_32 -Xcc -I/Users/admin/builder/spi-builder-workspace/.derivedData/Build/Intermediates.noindex/OpenSpatial.build/Debug-watchos/OpenSpatial.build/DerivedSources/arm64_32 -Xcc -I/Users/admin/builder/spi-builder-workspace/.derivedData/Build/Intermediates.noindex/OpenSpatial.build/Debug-watchos/OpenSpatial.build/DerivedSources -Xcc -DSWIFT_PACKAGE -Xcc -DDEBUG\=1 -emit-objc-header -emit-objc-header-path /Users/admin/builder/spi-builder-workspace/.derivedData/Build/Intermediates.noindex/OpenSpatial.build/Debug-watchos/OpenSpatial.build/Objects-normal/arm64_32/OpenSpatial-Swift.h -working-directory /Users/admin/builder/spi-builder-workspace/.swiftpm/xcode -experimental-emit-module-separately -disable-cmo
SwiftCompile normal arm64 Compiling\ Angle2D.swift,\ Point3D.swift,\ Pose3D.swift /Users/admin/builder/spi-builder-workspace/Sources/OpenSpatial/2D\ primitives/Angle2D.swift /Users/admin/builder/spi-builder-workspace/Sources/OpenSpatial/3D\ primitives/Point3D.swift /Users/admin/builder/spi-builder-workspace/Sources/OpenSpatial/3D\ primitives/Pose3D.swift (in target 'OpenSpatial' from project 'OpenSpatial')
SwiftCompile normal arm64 /Users/admin/builder/spi-builder-workspace/Sources/OpenSpatial/2D\ primitives/Angle2D.swift (in target 'OpenSpatial' from project 'OpenSpatial')
cd /Users/admin/builder/spi-builder-workspace/.swiftpm/xcode
SwiftCompile normal arm64 /Users/admin/builder/spi-builder-workspace/Sources/OpenSpatial/3D\ primitives/Point3D.swift (in target 'OpenSpatial' from project 'OpenSpatial')
cd /Users/admin/builder/spi-builder-workspace/.swiftpm/xcode
SwiftCompile normal arm64 /Users/admin/builder/spi-builder-workspace/Sources/OpenSpatial/3D\ primitives/Pose3D.swift (in target 'OpenSpatial' from project 'OpenSpatial')
cd /Users/admin/builder/spi-builder-workspace/.swiftpm/xcode
SwiftCompile normal arm64 Compiling\ Size3D.swift,\ SphericalCoordinates3D.swift,\ AffineTransform3D.swift /Users/admin/builder/spi-builder-workspace/Sources/OpenSpatial/3D\ primitives/Size3D.swift /Users/admin/builder/spi-builder-workspace/Sources/OpenSpatial/3D\ primitives/SphericalCoordinates3D.swift /Users/admin/builder/spi-builder-workspace/Sources/OpenSpatial/Affine\ and\ projective\ transforms/AffineTransform3D.swift (in target 'OpenSpatial' from project 'OpenSpatial')
SwiftCompile normal arm64 /Users/admin/builder/spi-builder-workspace/Sources/OpenSpatial/3D\ primitives/Size3D.swift (in target 'OpenSpatial' from project 'OpenSpatial')
cd /Users/admin/builder/spi-builder-workspace/.swiftpm/xcode
SwiftCompile normal arm64 /Users/admin/builder/spi-builder-workspace/Sources/OpenSpatial/3D\ primitives/SphericalCoordinates3D.swift (in target 'OpenSpatial' from project 'OpenSpatial')
cd /Users/admin/builder/spi-builder-workspace/.swiftpm/xcode
SwiftCompile normal arm64 /Users/admin/builder/spi-builder-workspace/Sources/OpenSpatial/Affine\ and\ projective\ transforms/AffineTransform3D.swift (in target 'OpenSpatial' from project 'OpenSpatial')
cd /Users/admin/builder/spi-builder-workspace/.swiftpm/xcode
SwiftCompile normal arm64 Compiling\ ProjectiveTransform3D.swift,\ Error.swift,\ CoordinateSpace3D.swift /Users/admin/builder/spi-builder-workspace/Sources/OpenSpatial/Affine\ and\ projective\ transforms/ProjectiveTransform3D.swift /Users/admin/builder/spi-builder-workspace/Sources/OpenSpatial/Common/Error.swift /Users/admin/builder/spi-builder-workspace/Sources/OpenSpatial/Converting\ between\ coordinate\ spaces/CoordinateSpace3D.swift (in target 'OpenSpatial' from project 'OpenSpatial')
SwiftCompile normal arm64 /Users/admin/builder/spi-builder-workspace/Sources/OpenSpatial/Affine\ and\ projective\ transforms/ProjectiveTransform3D.swift (in target 'OpenSpatial' from project 'OpenSpatial')
cd /Users/admin/builder/spi-builder-workspace/.swiftpm/xcode
SwiftCompile normal arm64 /Users/admin/builder/spi-builder-workspace/Sources/OpenSpatial/Common/Error.swift (in target 'OpenSpatial' from project 'OpenSpatial')
cd /Users/admin/builder/spi-builder-workspace/.swiftpm/xcode
SwiftCompile normal arm64 /Users/admin/builder/spi-builder-workspace/Sources/OpenSpatial/Converting\ between\ coordinate\ spaces/CoordinateSpace3D.swift (in target 'OpenSpatial' from project 'OpenSpatial')
cd /Users/admin/builder/spi-builder-workspace/.swiftpm/xcode
SwiftCompile normal arm64 Compiling\ CoordinateSpaceValue3D.swift,\ ProjectiveTransformable3D.swift,\ WorldReferenceCoordinateSpace.swift /Users/admin/builder/spi-builder-workspace/Sources/OpenSpatial/Converting\ between\ coordinate\ spaces/CoordinateSpaceValue3D.swift /Users/admin/builder/spi-builder-workspace/Sources/OpenSpatial/Converting\ between\ coordinate\ spaces/ProjectiveTransformable3D.swift /Users/admin/builder/spi-builder-workspace/Sources/OpenSpatial/Converting\ between\ coordinate\ spaces/WorldReferenceCoordinateSpace.swift (in target 'OpenSpatial' from project 'OpenSpatial')
SwiftCompile normal arm64 /Users/admin/builder/spi-builder-workspace/Sources/OpenSpatial/Converting\ between\ coordinate\ spaces/CoordinateSpaceValue3D.swift (in target 'OpenSpatial' from project 'OpenSpatial')
cd /Users/admin/builder/spi-builder-workspace/.swiftpm/xcode
SwiftCompile normal arm64 /Users/admin/builder/spi-builder-workspace/Sources/OpenSpatial/Converting\ between\ coordinate\ spaces/ProjectiveTransformable3D.swift (in target 'OpenSpatial' from project 'OpenSpatial')
cd /Users/admin/builder/spi-builder-workspace/.swiftpm/xcode
SwiftCompile normal arm64 /Users/admin/builder/spi-builder-workspace/Sources/OpenSpatial/Converting\ between\ coordinate\ spaces/WorldReferenceCoordinateSpace.swift (in target 'OpenSpatial' from project 'OpenSpatial')
cd /Users/admin/builder/spi-builder-workspace/.swiftpm/xcode
SwiftEmitModule normal arm64 Emitting\ module\ for\ OpenSpatial (in target 'OpenSpatial' from project 'OpenSpatial')
EmitSwiftModule normal arm64 (in target 'OpenSpatial' from project 'OpenSpatial')
cd /Users/admin/builder/spi-builder-workspace/.swiftpm/xcode
SwiftCompile normal arm64 Compiling\ Quaterion3D.swift,\ Ray3D.swift,\ Rect3D.swift /Users/admin/builder/spi-builder-workspace/Sources/OpenSpatial/3D\ primitives/Quaterion3D.swift /Users/admin/builder/spi-builder-workspace/Sources/OpenSpatial/3D\ primitives/Ray3D.swift /Users/admin/builder/spi-builder-workspace/Sources/OpenSpatial/3D\ primitives/Rect3D.swift (in target 'OpenSpatial' from project 'OpenSpatial')
SwiftCompile normal arm64 /Users/admin/builder/spi-builder-workspace/Sources/OpenSpatial/3D\ primitives/Quaterion3D.swift (in target 'OpenSpatial' from project 'OpenSpatial')
cd /Users/admin/builder/spi-builder-workspace/.swiftpm/xcode
SwiftCompile normal arm64 /Users/admin/builder/spi-builder-workspace/Sources/OpenSpatial/3D\ primitives/Ray3D.swift (in target 'OpenSpatial' from project 'OpenSpatial')
cd /Users/admin/builder/spi-builder-workspace/.swiftpm/xcode
SwiftCompile normal arm64 /Users/admin/builder/spi-builder-workspace/Sources/OpenSpatial/3D\ primitives/Rect3D.swift (in target 'OpenSpatial' from project 'OpenSpatial')
cd /Users/admin/builder/spi-builder-workspace/.swiftpm/xcode
SwiftCompile normal arm64 Compiling\ Rotation3D.swift,\ RotationAxis3D.swift,\ ScaledPose3D.swift /Users/admin/builder/spi-builder-workspace/Sources/OpenSpatial/3D\ primitives/Rotation3D.swift /Users/admin/builder/spi-builder-workspace/Sources/OpenSpatial/3D\ primitives/RotationAxis3D.swift /Users/admin/builder/spi-builder-workspace/Sources/OpenSpatial/3D\ primitives/ScaledPose3D.swift (in target 'OpenSpatial' from project 'OpenSpatial')
SwiftCompile normal arm64 /Users/admin/builder/spi-builder-workspace/Sources/OpenSpatial/3D\ primitives/Rotation3D.swift (in target 'OpenSpatial' from project 'OpenSpatial')
cd /Users/admin/builder/spi-builder-workspace/.swiftpm/xcode
SwiftCompile normal arm64 /Users/admin/builder/spi-builder-workspace/Sources/OpenSpatial/3D\ primitives/RotationAxis3D.swift (in target 'OpenSpatial' from project 'OpenSpatial')
cd /Users/admin/builder/spi-builder-workspace/.swiftpm/xcode
SwiftCompile normal arm64 /Users/admin/builder/spi-builder-workspace/Sources/OpenSpatial/3D\ primitives/ScaledPose3D.swift (in target 'OpenSpatial' from project 'OpenSpatial')
cd /Users/admin/builder/spi-builder-workspace/.swiftpm/xcode
SwiftCompile normal arm64 Compiling\ Volumetric.swift,\ EulerAngles.swift /Users/admin/builder/spi-builder-workspace/Sources/OpenSpatial/Protocols/Volumetric.swift /Users/admin/builder/spi-builder-workspace/Sources/OpenSpatial/Structures/EulerAngles.swift (in target 'OpenSpatial' from project 'OpenSpatial')
SwiftCompile normal arm64 /Users/admin/builder/spi-builder-workspace/Sources/OpenSpatial/Protocols/Volumetric.swift (in target 'OpenSpatial' from project 'OpenSpatial')
cd /Users/admin/builder/spi-builder-workspace/.swiftpm/xcode
SwiftCompile normal arm64 /Users/admin/builder/spi-builder-workspace/Sources/OpenSpatial/Structures/EulerAngles.swift (in target 'OpenSpatial' from project 'OpenSpatial')
cd /Users/admin/builder/spi-builder-workspace/.swiftpm/xcode
SwiftCompile normal arm64 Compiling\ Clampable3D.swift,\ Primitive3D.swift,\ Rotatable3D.swift /Users/admin/builder/spi-builder-workspace/Sources/OpenSpatial/Protocols/Clampable3D.swift /Users/admin/builder/spi-builder-workspace/Sources/OpenSpatial/Protocols/Primitive3D.swift /Users/admin/builder/spi-builder-workspace/Sources/OpenSpatial/Protocols/Rotatable3D.swift (in target 'OpenSpatial' from project 'OpenSpatial')
SwiftCompile normal arm64 /Users/admin/builder/spi-builder-workspace/Sources/OpenSpatial/Protocols/Clampable3D.swift (in target 'OpenSpatial' from project 'OpenSpatial')
cd /Users/admin/builder/spi-builder-workspace/.swiftpm/xcode
SwiftCompile normal arm64 /Users/admin/builder/spi-builder-workspace/Sources/OpenSpatial/Protocols/Primitive3D.swift (in target 'OpenSpatial' from project 'OpenSpatial')
cd /Users/admin/builder/spi-builder-workspace/.swiftpm/xcode
SwiftCompile normal arm64 /Users/admin/builder/spi-builder-workspace/Sources/OpenSpatial/Protocols/Rotatable3D.swift (in target 'OpenSpatial' from project 'OpenSpatial')
cd /Users/admin/builder/spi-builder-workspace/.swiftpm/xcode
SwiftCompile normal arm64 Compiling\ Scalable3D.swift,\ Shearable3D.swift,\ Translatable3D.swift /Users/admin/builder/spi-builder-workspace/Sources/OpenSpatial/Protocols/Scalable3D.swift /Users/admin/builder/spi-builder-workspace/Sources/OpenSpatial/Protocols/Shearable3D.swift /Users/admin/builder/spi-builder-workspace/Sources/OpenSpatial/Protocols/Translatable3D.swift (in target 'OpenSpatial' from project 'OpenSpatial')
SwiftCompile normal arm64 /Users/admin/builder/spi-builder-workspace/Sources/OpenSpatial/Protocols/Scalable3D.swift (in target 'OpenSpatial' from project 'OpenSpatial')
cd /Users/admin/builder/spi-builder-workspace/.swiftpm/xcode
SwiftCompile normal arm64 /Users/admin/builder/spi-builder-workspace/Sources/OpenSpatial/Protocols/Shearable3D.swift (in target 'OpenSpatial' from project 'OpenSpatial')
cd /Users/admin/builder/spi-builder-workspace/.swiftpm/xcode
SwiftCompile normal arm64 /Users/admin/builder/spi-builder-workspace/Sources/OpenSpatial/Protocols/Translatable3D.swift (in target 'OpenSpatial' from project 'OpenSpatial')
cd /Users/admin/builder/spi-builder-workspace/.swiftpm/xcode
SwiftEmitModule normal arm64_32 Emitting\ module\ for\ OpenSpatial (in target 'OpenSpatial' from project 'OpenSpatial')
Failed frontend command:
/Applications/Xcode-26.3.0.app/Contents/Developer/Toolchains/XcodeDefault.xctoolchain/usr/bin/swift-frontend -frontend -emit-module -experimental-skip-non-inlinable-function-bodies-without-types /Users/admin/builder/spi-builder-workspace/Sources/OpenSpatial/2D\ primitives/Angle2D.swift /Users/admin/builder/spi-builder-workspace/Sources/OpenSpatial/3D\ primitives/Point3D.swift /Users/admin/builder/spi-builder-workspace/Sources/OpenSpatial/3D\ primitives/Pose3D.swift /Users/admin/builder/spi-builder-workspace/Sources/OpenSpatial/3D\ primitives/Quaterion3D.swift /Users/admin/builder/spi-builder-workspace/Sources/OpenSpatial/3D\ primitives/Ray3D.swift /Users/admin/builder/spi-builder-workspace/Sources/OpenSpatial/3D\ primitives/Rect3D.swift /Users/admin/builder/spi-builder-workspace/Sources/OpenSpatial/3D\ primitives/Rotation3D.swift /Users/admin/builder/spi-builder-workspace/Sources/OpenSpatial/3D\ primitives/RotationAxis3D.swift /Users/admin/builder/spi-builder-workspace/Sources/OpenSpatial/3D\ primitives/ScaledPose3D.swift /Users/admin/builder/spi-builder-workspace/Sources/OpenSpatial/3D\ primitives/Size3D.swift /Users/admin/builder/spi-builder-workspace/Sources/OpenSpatial/3D\ primitives/SphericalCoordinates3D.swift /Users/admin/builder/spi-builder-workspace/Sources/OpenSpatial/Affine\ and\ projective\ transforms/AffineTransform3D.swift /Users/admin/builder/spi-builder-workspace/Sources/OpenSpatial/Affine\ and\ projective\ transforms/ProjectiveTransform3D.swift /Users/admin/builder/spi-builder-workspace/Sources/OpenSpatial/Common/Error.swift /Users/admin/builder/spi-builder-workspace/Sources/OpenSpatial/Converting\ between\ coordinate\ spaces/CoordinateSpace3D.swift /Users/admin/builder/spi-builder-workspace/Sources/OpenSpatial/Converting\ between\ coordinate\ spaces/CoordinateSpaceValue3D.swift /Users/admin/builder/spi-builder-workspace/Sources/OpenSpatial/Converting\ between\ coordinate\ spaces/ProjectiveTransformable3D.swift /Users/admin/builder/spi-builder-workspace/Sources/OpenSpatial/Converting\ between\ coordinate\ spaces/WorldReferenceCoordinateSpace.swift /Users/admin/builder/spi-builder-workspace/Sources/OpenSpatial/Data\ structures/Axis3D.swift /Users/admin/builder/spi-builder-workspace/Sources/OpenSpatial/Data\ structures/Vector3D.swift /Users/admin/builder/spi-builder-workspace/Sources/OpenSpatial/Enumerations/AxisWithFactors.swift /Users/admin/builder/spi-builder-workspace/Sources/OpenSpatial/Protocols/Clampable3D.swift /Users/admin/builder/spi-builder-workspace/Sources/OpenSpatial/Protocols/Primitive3D.swift /Users/admin/builder/spi-builder-workspace/Sources/OpenSpatial/Protocols/Rotatable3D.swift /Users/admin/builder/spi-builder-workspace/Sources/OpenSpatial/Protocols/Scalable3D.swift /Users/admin/builder/spi-builder-workspace/Sources/OpenSpatial/Protocols/Shearable3D.swift /Users/admin/builder/spi-builder-workspace/Sources/OpenSpatial/Protocols/Translatable3D.swift /Users/admin/builder/spi-builder-workspace/Sources/OpenSpatial/Protocols/Volumetric.swift /Users/admin/builder/spi-builder-workspace/Sources/OpenSpatial/Structures/EulerAngles.swift -target arm64_32-apple-watchos5.0 -load-resolved-plugin /Applications/Xcode-26.3.0.app/Contents/Developer/Platforms/WatchOS.platform/Developer/usr/lib/swift/host/plugins/libFoundationMacros.dylib\#/Applications/Xcode-26.3.0.app/Contents/Developer/Platforms/WatchOS.platform/Developer/usr/bin/swift-plugin-server\#FoundationMacros -load-resolved-plugin /Applications/Xcode-26.3.0.app/Contents/Developer/Platforms/WatchOS.platform/Developer/usr/lib/swift/host/plugins/libObservationMacros.dylib\#/Applications/Xcode-26.3.0.app/Contents/Developer/Platforms/WatchOS.platform/Developer/usr/bin/swift-plugin-server\#ObservationMacros -load-resolved-plugin /Applications/Xcode-26.3.0.app/Contents/Developer/Platforms/WatchOS.platform/Developer/usr/lib/swift/host/plugins/libSwiftMacros.dylib\#/Applications/Xcode-26.3.0.app/Contents/Developer/Platforms/WatchOS.platform/Developer/usr/bin/swift-plugin-server\#SwiftMacros -disable-implicit-swift-modules -Xcc -fno-implicit-modules -Xcc -fno-implicit-module-maps -explicit-swift-module-map-file /Users/admin/builder/spi-builder-workspace/.derivedData/Build/Intermediates.noindex/OpenSpatial.build/Debug-watchos/OpenSpatial.build/Objects-normal/arm64_32/OpenSpatial-dependencies-2.json -enable-objc-interop -sdk /Applications/Xcode-26.3.0.app/Contents/Developer/Platforms/WatchOS.platform/Developer/SDKs/WatchOS26.2.sdk -I /Users/admin/builder/spi-builder-workspace/.derivedData/Build/Products/Debug-watchos -Isystem /Applications/Xcode-26.3.0.app/Contents/Developer/Platforms/WatchOS.platform/Developer/usr/lib -F /Users/admin/builder/spi-builder-workspace/.derivedData/Build/Products/Debug-watchos -F /Applications/Xcode-26.3.0.app/Contents/Developer/Platforms/WatchOS.platform/Developer/Library/Frameworks -F /Applications/Xcode-26.3.0.app/Contents/Developer/Platforms/WatchOS.platform/Developer/SDKs/WatchOS26.2.sdk/Developer/Library/Frameworks -no-color-diagnostics -Xcc -fno-color-diagnostics -enable-testing -g -debug-info-format\=dwarf -dwarf-version\=4 -module-cache-path /Users/admin/builder/spi-builder-workspace/.derivedData/Build/Intermediates.noindex/SwiftExplicitPrecompiledModules -profile-generate -profile-coverage-mapping -swift-version 6 -enforce-exclusivity\=checked -Onone -D SWIFT_PACKAGE -D DEBUG -D SWIFT_MODULE_RESOURCE_BUNDLE_UNAVAILABLE -D Xcode -serialize-debugging-options -const-gather-protocols-file /Users/admin/builder/spi-builder-workspace/.derivedData/Build/Intermediates.noindex/OpenSpatial.build/Debug-watchos/OpenSpatial.build/Objects-normal/arm64_32/OpenSpatial_const_extract_protocols.json -enable-experimental-feature DebugDescriptionMacro -empty-abi-descriptor -validate-clang-modules-once -clang-build-session-file /Users/admin/builder/spi-builder-workspace/.derivedData/ModuleCache.noindex/Session.modulevalidation -Xcc -working-directory -Xcc /Users/admin/builder/spi-builder-workspace/.swiftpm/xcode -enable-anonymous-context-mangled-names -file-compilation-dir /Users/admin/builder/spi-builder-workspace/.swiftpm/xcode -Xcc -D_LIBCPP_HARDENING_MODE\=_LIBCPP_HARDENING_MODE_DEBUG -Xcc -ivfsstatcache -Xcc /Users/admin/builder/spi-builder-workspace/.derivedData/SDKStatCaches.noindex/watchos26.2-23S303-dc75598d0054f22ec865fa860f139d721753b489057de6bda919edfa1c59a62b.sdkstatcache -Xcc -I/Users/admin/builder/spi-builder-workspace/.derivedData/Build/Intermediates.noindex/OpenSpatial.build/Debug-watchos/OpenSpatial.build/swift-overrides.hmap -Xcc -I/Users/admin/builder/spi-builder-workspace/.derivedData/Build/Products/Debug-watchos/include -Xcc -I/Users/admin/builder/spi-builder-workspace/.derivedData/Build/Intermediates.noindex/OpenSpatial.build/Debug-watchos/OpenSpatial.build/DerivedSources-normal/arm64_32 -Xcc -I/Users/admin/builder/spi-builder-workspace/.derivedData/Build/Intermediates.noindex/OpenSpatial.build/Debug-watchos/OpenSpatial.build/DerivedSources/arm64_32 -Xcc -I/Users/admin/builder/spi-builder-workspace/.derivedData/Build/Intermediates.noindex/OpenSpatial.build/Debug-watchos/OpenSpatial.build/DerivedSources -Xcc -DSWIFT_PACKAGE -Xcc -DDEBUG\=1 -no-auto-bridging-header-chaining -module-name OpenSpatial -package-name spi_builder_workspace -frontend-parseable-output -disable-clang-spi -target-sdk-version 26.2 -target-sdk-name watchos26.2 -clang-target arm64_32-apple-watchos26.2 -in-process-plugin-server-path /Applications/Xcode-26.3.0.app/Contents/Developer/Toolchains/XcodeDefault.xctoolchain/usr/lib/swift/host/libSwiftInProcPluginServer.dylib -emit-module-doc-path /Users/admin/builder/spi-builder-workspace/.derivedData/Build/Intermediates.noindex/OpenSpatial.build/Debug-watchos/OpenSpatial.build/Objects-normal/arm64_32/OpenSpatial.swiftdoc -emit-module-source-info-path /Users/admin/builder/spi-builder-workspace/.derivedData/Build/Intermediates.noindex/OpenSpatial.build/Debug-watchos/OpenSpatial.build/Objects-normal/arm64_32/OpenSpatial.swiftsourceinfo -emit-objc-header-path /Users/admin/builder/spi-builder-workspace/.derivedData/Build/Intermediates.noindex/OpenSpatial.build/Debug-watchos/OpenSpatial.build/Objects-normal/arm64_32/OpenSpatial-Swift.h -serialize-diagnostics-path /Users/admin/builder/spi-builder-workspace/.derivedData/Build/Intermediates.noindex/OpenSpatial.build/Debug-watchos/OpenSpatial.build/Objects-normal/arm64_32/OpenSpatial-primary-emit-module.dia -emit-dependencies-path /Users/admin/builder/spi-builder-workspace/.derivedData/Build/Intermediates.noindex/OpenSpatial.build/Debug-watchos/OpenSpatial.build/Objects-normal/arm64_32/OpenSpatial-primary-emit-module.d -o /Users/admin/builder/spi-builder-workspace/.derivedData/Build/Intermediates.noindex/OpenSpatial.build/Debug-watchos/OpenSpatial.build/Objects-normal/arm64_32/OpenSpatial.swiftmodule -emit-abi-descriptor-path /Users/admin/builder/spi-builder-workspace/.derivedData/Build/Intermediates.noindex/OpenSpatial.build/Debug-watchos/OpenSpatial.build/Objects-normal/arm64_32/OpenSpatial.abi.json
EmitSwiftModule normal arm64_32 (in target 'OpenSpatial' from project 'OpenSpatial')
cd /Users/admin/builder/spi-builder-workspace/.swiftpm/xcode
/Users/admin/builder/spi-builder-workspace/Sources/OpenSpatial/Converting between coordinate spaces/CoordinateSpace3D.swift:67:10: error: 'some' return types are only available in watchOS 6.0.0 or newer
) -> some CoordinateSpace3D {
^
/Users/admin/builder/spi-builder-workspace/Sources/OpenSpatial/Converting between coordinate spaces/CoordinateSpace3D.swift:65:17: note: add '@available' attribute to enclosing instance method
public func transformSpace(
^
/Users/admin/builder/spi-builder-workspace/Sources/OpenSpatial/Converting between coordinate spaces/CoordinateSpace3D.swift:59:1: note: add '@available' attribute to enclosing extension
extension CoordinateSpace3D {
^
SwiftDriverJobDiscovery normal arm64 Emitting module for OpenSpatial (in target 'OpenSpatial' from project 'OpenSpatial')
SwiftDriver\ Compilation\ Requirements OpenSpatial normal arm64 com.apple.xcode.tools.swift.compiler (in target 'OpenSpatial' from project 'OpenSpatial')
cd /Users/admin/builder/spi-builder-workspace/.swiftpm/xcode
builtin-Swift-Compilation-Requirements -- /Applications/Xcode-26.3.0.app/Contents/Developer/Toolchains/XcodeDefault.xctoolchain/usr/bin/swiftc -module-name OpenSpatial -Onone -enforce-exclusivity\=checked @/Users/admin/builder/spi-builder-workspace/.derivedData/Build/Intermediates.noindex/OpenSpatial.build/Debug-watchos/OpenSpatial.build/Objects-normal/arm64/OpenSpatial.SwiftFileList -DSWIFT_PACKAGE -DDEBUG -DSWIFT_MODULE_RESOURCE_BUNDLE_UNAVAILABLE -DXcode -plugin-path /Applications/Xcode-26.3.0.app/Contents/Developer/Toolchains/XcodeDefault.xctoolchain/usr/lib/swift/host/plugins/testing -enable-experimental-feature DebugDescriptionMacro -sdk /Applications/Xcode-26.3.0.app/Contents/Developer/Platforms/WatchOS.platform/Developer/SDKs/WatchOS26.2.sdk -target arm64-apple-watchos5.0 -g -module-cache-path /Users/admin/builder/spi-builder-workspace/.derivedData/ModuleCache.noindex -Xfrontend -serialize-debugging-options -profile-coverage-mapping -profile-generate -enable-testing -index-store-path /Users/admin/builder/spi-builder-workspace/.derivedData/Index.noindex/DataStore -Xcc -D_LIBCPP_HARDENING_MODE\=_LIBCPP_HARDENING_MODE_DEBUG -swift-version 6 -I /Users/admin/builder/spi-builder-workspace/.derivedData/Build/Products/Debug-watchos -Isystem /Applications/Xcode-26.3.0.app/Contents/Developer/Platforms/WatchOS.platform/Developer/usr/lib -F /Users/admin/builder/spi-builder-workspace/.derivedData/Build/Products/Debug-watchos -F /Applications/Xcode-26.3.0.app/Contents/Developer/Platforms/WatchOS.platform/Developer/Library/Frameworks -F /Applications/Xcode-26.3.0.app/Contents/Developer/Platforms/WatchOS.platform/Developer/SDKs/WatchOS26.2.sdk/Developer/Library/Frameworks -c -j10 -enable-batch-mode -incremental -Xcc -ivfsstatcache -Xcc /Users/admin/builder/spi-builder-workspace/.derivedData/SDKStatCaches.noindex/watchos26.2-23S303-dc75598d0054f22ec865fa860f139d721753b489057de6bda919edfa1c59a62b.sdkstatcache -output-file-map /Users/admin/builder/spi-builder-workspace/.derivedData/Build/Intermediates.noindex/OpenSpatial.build/Debug-watchos/OpenSpatial.build/Objects-normal/arm64/OpenSpatial-OutputFileMap.json -use-frontend-parseable-output -save-temps -no-color-diagnostics -explicit-module-build -module-cache-path /Users/admin/builder/spi-builder-workspace/.derivedData/Build/Intermediates.noindex/SwiftExplicitPrecompiledModules -clang-scanner-module-cache-path /Users/admin/builder/spi-builder-workspace/.derivedData/ModuleCache.noindex -sdk-module-cache-path /Users/admin/builder/spi-builder-workspace/.derivedData/ModuleCache.noindex -serialize-diagnostics -emit-dependencies -emit-module -emit-module-path /Users/admin/builder/spi-builder-workspace/.derivedData/Build/Intermediates.noindex/OpenSpatial.build/Debug-watchos/OpenSpatial.build/Objects-normal/arm64/OpenSpatial.swiftmodule -validate-clang-modules-once -clang-build-session-file /Users/admin/builder/spi-builder-workspace/.derivedData/ModuleCache.noindex/Session.modulevalidation -package-name spi_builder_workspace -Xcc -I/Users/admin/builder/spi-builder-workspace/.derivedData/Build/Intermediates.noindex/OpenSpatial.build/Debug-watchos/OpenSpatial.build/swift-overrides.hmap -emit-const-values -Xfrontend -const-gather-protocols-file -Xfrontend /Users/admin/builder/spi-builder-workspace/.derivedData/Build/Intermediates.noindex/OpenSpatial.build/Debug-watchos/OpenSpatial.build/Objects-normal/arm64/OpenSpatial_const_extract_protocols.json -Xcc -I/Users/admin/builder/spi-builder-workspace/.derivedData/Build/Products/Debug-watchos/include -Xcc -I/Users/admin/builder/spi-builder-workspace/.derivedData/Build/Intermediates.noindex/OpenSpatial.build/Debug-watchos/OpenSpatial.build/DerivedSources-normal/arm64 -Xcc -I/Users/admin/builder/spi-builder-workspace/.derivedData/Build/Intermediates.noindex/OpenSpatial.build/Debug-watchos/OpenSpatial.build/DerivedSources/arm64 -Xcc -I/Users/admin/builder/spi-builder-workspace/.derivedData/Build/Intermediates.noindex/OpenSpatial.build/Debug-watchos/OpenSpatial.build/DerivedSources -Xcc -DSWIFT_PACKAGE -Xcc -DDEBUG\=1 -emit-objc-header -emit-objc-header-path /Users/admin/builder/spi-builder-workspace/.derivedData/Build/Intermediates.noindex/OpenSpatial.build/Debug-watchos/OpenSpatial.build/Objects-normal/arm64/OpenSpatial-Swift.h -working-directory /Users/admin/builder/spi-builder-workspace/.swiftpm/xcode -experimental-emit-module-separately -disable-cmo
2026-07-13 00:25:17.328 xcodebuild[1253:7505] [MT] IDERunDestination: Supported platforms for the buildables in the current scheme is empty.
** BUILD FAILED **
The following build commands failed:
SwiftEmitModule normal arm64_32 Emitting\ module\ for\ OpenSpatial (in target 'OpenSpatial' from project 'OpenSpatial')
EmitSwiftModule normal arm64_32 (in target 'OpenSpatial' from project 'OpenSpatial')
Building workspace spi-builder-workspace with scheme OpenSpatial
(3 failures)
BUILD FAILURE 6.2 watchOS