The Swift Package Index logo.Swift Package Index

Build Information

Failed to build NozeIO with Swift 5.10 for watchOS using Xcode 15.3 at master.

Build Command

env DEVELOPER_DIR=/Applications/Xcode-15.3.0-Beta.2.app xcrun xcodebuild -IDEClonedSourcePackagesDirPathOverride=$workDir/.dependencies -skipMacroValidation -skipPackagePluginValidation -derivedDataPath $workDir/.derivedData build -scheme NozeIO-Package -destination generic/platform=watchos

Build Log

Command SwiftEmitModule failed with a nonzero exit code
2024-02-15 04:42:04.020 xcodebuild[42688:8382874] Requested but did not find extension point with identifier Xcode.DVTDeviceFoundation.Aspect for extension Xcode.IDEiOSSupportCore.Aspect.NBDD of plug-in com.apple.dt.IDE.IDEiOSSupportCore
2024-02-15 04:42:04.976 xcodebuild[42688:8382874] [MT] DVTPlugInQuery: Requested but did not find extension point with identifier 'Xcode.DVTDeviceFoundation.CompatibleDeviceFamilyPair'. This is programmer error; code should only request extension points that are defined by itself or its dependencies.
** BUILD FAILED **
The following build commands failed:
	SwiftEmitModule normal arm64_32 Emitting\ module\ for\ xsys (in target 'xsys' from project 'NozeIO')
	SwiftEmitModule normal arm64_32 Emitting\ module\ for\ base64 (in target 'base64' from project 'NozeIO')
	SwiftEmitModule normal arm64_32 Emitting\ module\ for\ Freddy (in target 'Freddy' from project 'NozeIO')
	SwiftEmitModule normal armv7k Emitting\ module\ for\ Freddy (in target 'Freddy' from project 'NozeIO')
(4 failures)
Command line invocation:
    /Applications/Xcode-15.3.0-Beta.2.app/Contents/Developer/usr/bin/xcodebuild -IDEClonedSourcePackagesDirPathOverride=/Users/builder/builds/TDmZkXJm/0/finestructure/swiftpackageindex-builder/spi-builder-workspace/.dependencies -skipMacroValidation -skipPackagePluginValidation -derivedDataPath /Users/builder/builds/TDmZkXJm/0/finestructure/swiftpackageindex-builder/spi-builder-workspace/.derivedData build -scheme NozeIO-Package -destination generic/platform=watchos
User defaults from command line:
    IDEClonedSourcePackagesDirPathOverride = /Users/builder/builds/TDmZkXJm/0/finestructure/swiftpackageindex-builder/spi-builder-workspace/.dependencies
    IDEDerivedDataPathOverride = /Users/builder/builds/TDmZkXJm/0/finestructure/swiftpackageindex-builder/spi-builder-workspace/.derivedData
    IDEPackageSupportUseBuiltinSCM = YES
Resolve Package Graph
Resolved source packages:
  NozeIO: /Users/builder/builds/TDmZkXJm/0/finestructure/swiftpackageindex-builder/spi-builder-workspace
Prepare packages
ComputeTargetDependencyGraph
note: Building targets in dependency order
note: Target dependency graph (48 targets)
    Target 'xsys' in project 'NozeIO'
        ➜ Explicit dependency on target 'xsys' in project 'NozeIO'
    Target 'streams' in project 'NozeIO'
        ➜ Explicit dependency on target 'streams' in project 'NozeIO'
        ➜ Explicit dependency on target 'xsys' in project 'NozeIO'
        ➜ Explicit dependency on target 'core' in project 'NozeIO'
        ➜ Explicit dependency on target 'events' in project 'NozeIO'
    Target 'redis' in project 'NozeIO'
        ➜ Explicit dependency on target 'redis' in project 'NozeIO'
        ➜ Explicit dependency on target 'xsys' in project 'NozeIO'
        ➜ Explicit dependency on target 'core' in project 'NozeIO'
        ➜ Explicit dependency on target 'events' in project 'NozeIO'
        ➜ Explicit dependency on target 'streams' in project 'NozeIO'
        ➜ Explicit dependency on target 'fs' in project 'NozeIO'
        ➜ Explicit dependency on target 'dns' in project 'NozeIO'
        ➜ Explicit dependency on target 'net' in project 'NozeIO'
        ➜ Explicit dependency on target 'process' in project 'NozeIO'
        ➜ Explicit dependency on target 'console' in project 'NozeIO'
    Target 'redis' in project 'NozeIO'
        ➜ Explicit dependency on target 'xsys' in project 'NozeIO'
        ➜ Explicit dependency on target 'core' in project 'NozeIO'
        ➜ Explicit dependency on target 'events' in project 'NozeIO'
        ➜ Explicit dependency on target 'streams' in project 'NozeIO'
        ➜ Explicit dependency on target 'fs' in project 'NozeIO'
        ➜ Explicit dependency on target 'dns' in project 'NozeIO'
        ➜ Explicit dependency on target 'net' in project 'NozeIO'
        ➜ Explicit dependency on target 'process' in project 'NozeIO'
        ➜ Explicit dependency on target 'console' in project 'NozeIO'
    Target 'process' in project 'NozeIO'
        ➜ Explicit dependency on target 'process' in project 'NozeIO'
        ➜ Explicit dependency on target 'xsys' in project 'NozeIO'
        ➜ Explicit dependency on target 'core' in project 'NozeIO'
        ➜ Explicit dependency on target 'events' in project 'NozeIO'
        ➜ Explicit dependency on target 'streams' in project 'NozeIO'
        ➜ Explicit dependency on target 'fs' in project 'NozeIO'
    Target 'net' in project 'NozeIO'
        ➜ Explicit dependency on target 'net' in project 'NozeIO'
        ➜ Explicit dependency on target 'xsys' in project 'NozeIO'
        ➜ Explicit dependency on target 'core' in project 'NozeIO'
        ➜ Explicit dependency on target 'events' in project 'NozeIO'
        ➜ Explicit dependency on target 'streams' in project 'NozeIO'
        ➜ Explicit dependency on target 'fs' in project 'NozeIO'
        ➜ Explicit dependency on target 'dns' in project 'NozeIO'
    Target 'mustache' in project 'NozeIO'
        ➜ Explicit dependency on target 'mustache' in project 'NozeIO'
    Target 'leftpad' in project 'NozeIO'
        ➜ Explicit dependency on target 'leftpad' in project 'NozeIO'
        ➜ Explicit dependency on target 'xsys' in project 'NozeIO'
        ➜ Explicit dependency on target 'core' in project 'NozeIO'
    Target 'json' in project 'NozeIO'
        ➜ Explicit dependency on target 'json' in project 'NozeIO'
        ➜ Explicit dependency on target 'xsys' in project 'NozeIO'
        ➜ Explicit dependency on target 'core' in project 'NozeIO'
        ➜ Explicit dependency on target 'events' in project 'NozeIO'
        ➜ Explicit dependency on target 'streams' in project 'NozeIO'
        ➜ Explicit dependency on target 'Freddy' in project 'NozeIO'
        ➜ Explicit dependency on target 'fs' in project 'NozeIO'
    Target 'http_parser' in project 'NozeIO'
        ➜ Explicit dependency on target 'http_parser' in project 'NozeIO'
    Target 'http' in project 'NozeIO'
        ➜ Explicit dependency on target 'http' in project 'NozeIO'
        ➜ Explicit dependency on target 'http_parser' in project 'NozeIO'
        ➜ Explicit dependency on target 'xsys' in project 'NozeIO'
        ➜ Explicit dependency on target 'core' in project 'NozeIO'
        ➜ Explicit dependency on target 'events' in project 'NozeIO'
        ➜ Explicit dependency on target 'streams' in project 'NozeIO'
        ➜ Explicit dependency on target 'fs' in project 'NozeIO'
        ➜ Explicit dependency on target 'dns' in project 'NozeIO'
        ➜ Explicit dependency on target 'net' in project 'NozeIO'
        ➜ Explicit dependency on target 'process' in project 'NozeIO'
        ➜ Explicit dependency on target 'console' in project 'NozeIO'
        ➜ Explicit dependency on target 'base64' in project 'NozeIO'
    Target 'fs' in project 'NozeIO'
        ➜ Explicit dependency on target 'fs' in project 'NozeIO'
        ➜ Explicit dependency on target 'xsys' in project 'NozeIO'
        ➜ Explicit dependency on target 'core' in project 'NozeIO'
        ➜ Explicit dependency on target 'events' in project 'NozeIO'
        ➜ Explicit dependency on target 'streams' in project 'NozeIO'
    Target 'express' in project 'NozeIO'
        ➜ Explicit dependency on target 'express' in project 'NozeIO'
        ➜ Explicit dependency on target 'xsys' in project 'NozeIO'
        ➜ Explicit dependency on target 'core' in project 'NozeIO'
        ➜ Explicit dependency on target 'events' in project 'NozeIO'
        ➜ Explicit dependency on target 'streams' in project 'NozeIO'
        ➜ Explicit dependency on target 'http_parser' in project 'NozeIO'
        ➜ Explicit dependency on target 'fs' in project 'NozeIO'
        ➜ Explicit dependency on target 'dns' in project 'NozeIO'
        ➜ Explicit dependency on target 'net' in project 'NozeIO'
        ➜ Explicit dependency on target 'process' in project 'NozeIO'
        ➜ Explicit dependency on target 'console' in project 'NozeIO'
        ➜ Explicit dependency on target 'base64' in project 'NozeIO'
        ➜ Explicit dependency on target 'http' in project 'NozeIO'
        ➜ Explicit dependency on target 'Freddy' in project 'NozeIO'
        ➜ Explicit dependency on target 'json' in project 'NozeIO'
        ➜ Explicit dependency on target 'leftpad' in project 'NozeIO'
        ➜ Explicit dependency on target 'connect' in project 'NozeIO'
        ➜ Explicit dependency on target 'mustache' in project 'NozeIO'
    Target 'express' in project 'NozeIO'
        ➜ Explicit dependency on target 'xsys' in project 'NozeIO'
        ➜ Explicit dependency on target 'core' in project 'NozeIO'
        ➜ Explicit dependency on target 'events' in project 'NozeIO'
        ➜ Explicit dependency on target 'streams' in project 'NozeIO'
        ➜ Explicit dependency on target 'http_parser' in project 'NozeIO'
        ➜ Explicit dependency on target 'fs' in project 'NozeIO'
        ➜ Explicit dependency on target 'dns' in project 'NozeIO'
        ➜ Explicit dependency on target 'net' in project 'NozeIO'
        ➜ Explicit dependency on target 'process' in project 'NozeIO'
        ➜ Explicit dependency on target 'console' in project 'NozeIO'
        ➜ Explicit dependency on target 'base64' in project 'NozeIO'
        ➜ Explicit dependency on target 'http' in project 'NozeIO'
        ➜ Explicit dependency on target 'Freddy' in project 'NozeIO'
        ➜ Explicit dependency on target 'json' in project 'NozeIO'
        ➜ Explicit dependency on target 'leftpad' in project 'NozeIO'
        ➜ Explicit dependency on target 'connect' in project 'NozeIO'
        ➜ Explicit dependency on target 'mustache' in project 'NozeIO'
    Target 'mustache' in project 'NozeIO' (no dependencies)
    Target 'events' in project 'NozeIO'
        ➜ Explicit dependency on target 'events' in project 'NozeIO'
        ➜ Explicit dependency on target 'xsys' in project 'NozeIO'
        ➜ Explicit dependency on target 'core' in project 'NozeIO'
    Target 'dns' in project 'NozeIO'
        ➜ Explicit dependency on target 'dns' in project 'NozeIO'
        ➜ Explicit dependency on target 'xsys' in project 'NozeIO'
        ➜ Explicit dependency on target 'core' in project 'NozeIO'
    Target 'dgram' in project 'NozeIO'
        ➜ Explicit dependency on target 'dgram' in project 'NozeIO'
        ➜ Explicit dependency on target 'xsys' in project 'NozeIO'
        ➜ Explicit dependency on target 'core' in project 'NozeIO'
        ➜ Explicit dependency on target 'events' in project 'NozeIO'
        ➜ Explicit dependency on target 'streams' in project 'NozeIO'
        ➜ Explicit dependency on target 'fs' in project 'NozeIO'
        ➜ Explicit dependency on target 'dns' in project 'NozeIO'
        ➜ Explicit dependency on target 'net' in project 'NozeIO'
    Target 'dgram' in project 'NozeIO'
        ➜ Explicit dependency on target 'xsys' in project 'NozeIO'
        ➜ Explicit dependency on target 'core' in project 'NozeIO'
        ➜ Explicit dependency on target 'events' in project 'NozeIO'
        ➜ Explicit dependency on target 'streams' in project 'NozeIO'
        ➜ Explicit dependency on target 'fs' in project 'NozeIO'
        ➜ Explicit dependency on target 'dns' in project 'NozeIO'
        ➜ Explicit dependency on target 'net' in project 'NozeIO'
    Target 'crypto' in project 'NozeIO'
        ➜ Explicit dependency on target 'crypto' in project 'NozeIO'
        ➜ Explicit dependency on target 'xsys' in project 'NozeIO'
        ➜ Explicit dependency on target 'core' in project 'NozeIO'
        ➜ Explicit dependency on target 'events' in project 'NozeIO'
        ➜ Explicit dependency on target 'streams' in project 'NozeIO'
        ➜ Explicit dependency on target 'CryptoSwift' in project 'NozeIO'
    Target 'crypto' in project 'NozeIO'
        ➜ Explicit dependency on target 'xsys' in project 'NozeIO'
        ➜ Explicit dependency on target 'core' in project 'NozeIO'
        ➜ Explicit dependency on target 'events' in project 'NozeIO'
        ➜ Explicit dependency on target 'streams' in project 'NozeIO'
        ➜ Explicit dependency on target 'CryptoSwift' in project 'NozeIO'
    Target 'cows' in project 'NozeIO'
        ➜ Explicit dependency on target 'cows' in project 'NozeIO'
        ➜ Explicit dependency on target 'xsys' in project 'NozeIO'
        ➜ Explicit dependency on target 'core' in project 'NozeIO'
    Target 'cows' in project 'NozeIO'
        ➜ Explicit dependency on target 'xsys' in project 'NozeIO'
        ➜ Explicit dependency on target 'core' in project 'NozeIO'
    Target 'core' in project 'NozeIO'
        ➜ Explicit dependency on target 'core' in project 'NozeIO'
        ➜ Explicit dependency on target 'xsys' in project 'NozeIO'
    Target 'console' in project 'NozeIO'
        ➜ Explicit dependency on target 'console' in project 'NozeIO'
        ➜ Explicit dependency on target 'xsys' in project 'NozeIO'
        ➜ Explicit dependency on target 'core' in project 'NozeIO'
        ➜ Explicit dependency on target 'events' in project 'NozeIO'
        ➜ Explicit dependency on target 'streams' in project 'NozeIO'
        ➜ Explicit dependency on target 'fs' in project 'NozeIO'
        ➜ Explicit dependency on target 'process' in project 'NozeIO'
    Target 'connect' in project 'NozeIO'
        ➜ Explicit dependency on target 'connect' in project 'NozeIO'
        ➜ Explicit dependency on target 'xsys' in project 'NozeIO'
        ➜ Explicit dependency on target 'core' in project 'NozeIO'
        ➜ Explicit dependency on target 'events' in project 'NozeIO'
        ➜ Explicit dependency on target 'streams' in project 'NozeIO'
        ➜ Explicit dependency on target 'http_parser' in project 'NozeIO'
        ➜ Explicit dependency on target 'fs' in project 'NozeIO'
        ➜ Explicit dependency on target 'dns' in project 'NozeIO'
        ➜ Explicit dependency on target 'net' in project 'NozeIO'
        ➜ Explicit dependency on target 'process' in project 'NozeIO'
        ➜ Explicit dependency on target 'console' in project 'NozeIO'
        ➜ Explicit dependency on target 'base64' in project 'NozeIO'
        ➜ Explicit dependency on target 'http' in project 'NozeIO'
        ➜ Explicit dependency on target 'Freddy' in project 'NozeIO'
        ➜ Explicit dependency on target 'json' in project 'NozeIO'
        ➜ Explicit dependency on target 'leftpad' in project 'NozeIO'
    Target 'connect' in project 'NozeIO'
        ➜ Explicit dependency on target 'xsys' in project 'NozeIO'
        ➜ Explicit dependency on target 'core' in project 'NozeIO'
        ➜ Explicit dependency on target 'events' in project 'NozeIO'
        ➜ Explicit dependency on target 'streams' in project 'NozeIO'
        ➜ Explicit dependency on target 'http_parser' in project 'NozeIO'
        ➜ Explicit dependency on target 'fs' in project 'NozeIO'
        ➜ Explicit dependency on target 'dns' in project 'NozeIO'
        ➜ Explicit dependency on target 'net' in project 'NozeIO'
        ➜ Explicit dependency on target 'process' in project 'NozeIO'
        ➜ Explicit dependency on target 'console' in project 'NozeIO'
        ➜ Explicit dependency on target 'base64' in project 'NozeIO'
        ➜ Explicit dependency on target 'http' in project 'NozeIO'
        ➜ Explicit dependency on target 'Freddy' in project 'NozeIO'
        ➜ Explicit dependency on target 'json' in project 'NozeIO'
        ➜ Explicit dependency on target 'leftpad' in project 'NozeIO'
    Target 'leftpad' in project 'NozeIO'
        ➜ Explicit dependency on target 'xsys' in project 'NozeIO'
        ➜ Explicit dependency on target 'core' in project 'NozeIO'
    Target 'json' in project 'NozeIO'
        ➜ Explicit dependency on target 'xsys' in project 'NozeIO'
        ➜ Explicit dependency on target 'core' in project 'NozeIO'
        ➜ Explicit dependency on target 'events' in project 'NozeIO'
        ➜ Explicit dependency on target 'streams' in project 'NozeIO'
        ➜ Explicit dependency on target 'Freddy' in project 'NozeIO'
        ➜ Explicit dependency on target 'fs' in project 'NozeIO'
    Target 'http' in project 'NozeIO'
        ➜ Explicit dependency on target 'http_parser' in project 'NozeIO'
        ➜ Explicit dependency on target 'xsys' in project 'NozeIO'
        ➜ Explicit dependency on target 'core' in project 'NozeIO'
        ➜ Explicit dependency on target 'events' in project 'NozeIO'
        ➜ Explicit dependency on target 'streams' in project 'NozeIO'
        ➜ Explicit dependency on target 'fs' in project 'NozeIO'
        ➜ Explicit dependency on target 'dns' in project 'NozeIO'
        ➜ Explicit dependency on target 'net' in project 'NozeIO'
        ➜ Explicit dependency on target 'process' in project 'NozeIO'
        ➜ Explicit dependency on target 'console' in project 'NozeIO'
        ➜ Explicit dependency on target 'base64' in project 'NozeIO'
    Target 'console' in project 'NozeIO'
        ➜ Explicit dependency on target 'xsys' in project 'NozeIO'
        ➜ Explicit dependency on target 'core' in project 'NozeIO'
        ➜ Explicit dependency on target 'events' in project 'NozeIO'
        ➜ Explicit dependency on target 'streams' in project 'NozeIO'
        ➜ Explicit dependency on target 'fs' in project 'NozeIO'
        ➜ Explicit dependency on target 'process' in project 'NozeIO'
    Target 'net' in project 'NozeIO'
        ➜ Explicit dependency on target 'xsys' in project 'NozeIO'
        ➜ Explicit dependency on target 'core' in project 'NozeIO'
        ➜ Explicit dependency on target 'events' in project 'NozeIO'
        ➜ Explicit dependency on target 'streams' in project 'NozeIO'
        ➜ Explicit dependency on target 'fs' in project 'NozeIO'
        ➜ Explicit dependency on target 'dns' in project 'NozeIO'
    Target 'dns' in project 'NozeIO'
        ➜ Explicit dependency on target 'xsys' in project 'NozeIO'
        ➜ Explicit dependency on target 'core' in project 'NozeIO'
    Target 'http_parser' in project 'NozeIO' (no dependencies)
    Target 'child_process' in project 'NozeIO'
        ➜ Explicit dependency on target 'child_process' in project 'NozeIO'
        ➜ Explicit dependency on target 'xsys' in project 'NozeIO'
        ➜ Explicit dependency on target 'core' in project 'NozeIO'
        ➜ Explicit dependency on target 'events' in project 'NozeIO'
        ➜ Explicit dependency on target 'streams' in project 'NozeIO'
        ➜ Explicit dependency on target 'fs' in project 'NozeIO'
        ➜ Explicit dependency on target 'process' in project 'NozeIO'
    Target 'child_process' in project 'NozeIO'
        ➜ Explicit dependency on target 'xsys' in project 'NozeIO'
        ➜ Explicit dependency on target 'core' in project 'NozeIO'
        ➜ Explicit dependency on target 'events' in project 'NozeIO'
        ➜ Explicit dependency on target 'streams' in project 'NozeIO'
        ➜ Explicit dependency on target 'fs' in project 'NozeIO'
        ➜ Explicit dependency on target 'process' in project 'NozeIO'
    Target 'process' in project 'NozeIO'
        ➜ Explicit dependency on target 'xsys' in project 'NozeIO'
        ➜ Explicit dependency on target 'core' in project 'NozeIO'
        ➜ Explicit dependency on target 'events' in project 'NozeIO'
        ➜ Explicit dependency on target 'streams' in project 'NozeIO'
        ➜ Explicit dependency on target 'fs' in project 'NozeIO'
    Target 'fs' in project 'NozeIO'
        ➜ Explicit dependency on target 'xsys' in project 'NozeIO'
        ➜ Explicit dependency on target 'core' in project 'NozeIO'
        ➜ Explicit dependency on target 'events' in project 'NozeIO'
        ➜ Explicit dependency on target 'streams' in project 'NozeIO'
    Target 'streams' in project 'NozeIO'
        ➜ Explicit dependency on target 'xsys' in project 'NozeIO'
        ➜ Explicit dependency on target 'core' in project 'NozeIO'
        ➜ Explicit dependency on target 'events' in project 'NozeIO'
    Target 'events' in project 'NozeIO'
        ➜ Explicit dependency on target 'xsys' in project 'NozeIO'
        ➜ Explicit dependency on target 'core' in project 'NozeIO'
    Target 'core' in project 'NozeIO'
        ➜ Explicit dependency on target 'xsys' in project 'NozeIO'
    Target 'xsys' in project 'NozeIO' (no dependencies)
    Target 'base64' in project 'NozeIO'
        ➜ Explicit dependency on target 'base64' in project 'NozeIO'
    Target 'base64' in project 'NozeIO' (no dependencies)
    Target 'Freddy' in project 'NozeIO'
        ➜ Explicit dependency on target 'Freddy' in project 'NozeIO'
    Target 'Freddy' in project 'NozeIO' (no dependencies)
    Target 'CryptoSwift' in project 'NozeIO'
        ➜ Explicit dependency on target 'CryptoSwift' in project 'NozeIO'
    Target 'CryptoSwift' in project 'NozeIO' (no dependencies)
GatherProvisioningInputs
CreateBuildDescription
ClangStatCache /Applications/Xcode-15.3.0-Beta.2.app/Contents/Developer/Toolchains/XcodeDefault.xctoolchain/usr/bin/clang-stat-cache /Applications/Xcode-15.3.0-Beta.2.app/Contents/Developer/Platforms/WatchOS.platform/Developer/SDKs/WatchOS10.4.sdk /Users/builder/builds/TDmZkXJm/0/finestructure/swiftpackageindex-builder/spi-builder-workspace/.derivedData/SDKStatCaches.noindex/watchos10.4-21T5196c-188b4c5c5639cdba02b95625249bd203.sdkstatcache
    cd /Users/builder/builds/TDmZkXJm/0/finestructure/swiftpackageindex-builder/spi-builder-workspace/.swiftpm/xcode
    /Applications/Xcode-15.3.0-Beta.2.app/Contents/Developer/Toolchains/XcodeDefault.xctoolchain/usr/bin/clang-stat-cache /Applications/Xcode-15.3.0-Beta.2.app/Contents/Developer/Platforms/WatchOS.platform/Developer/SDKs/WatchOS10.4.sdk -o /Users/builder/builds/TDmZkXJm/0/finestructure/swiftpackageindex-builder/spi-builder-workspace/.derivedData/SDKStatCaches.noindex/watchos10.4-21T5196c-188b4c5c5639cdba02b95625249bd203.sdkstatcache
SwiftDriver mustache normal arm64 com.apple.xcode.tools.swift.compiler (in target 'mustache' from project 'NozeIO')
    cd /Users/builder/builds/TDmZkXJm/0/finestructure/swiftpackageindex-builder/spi-builder-workspace
    builtin-SwiftDriver -- /Applications/Xcode-15.3.0-Beta.2.app/Contents/Developer/Toolchains/XcodeDefault.xctoolchain/usr/bin/swiftc -module-name mustache -Onone -enforce-exclusivity\=checked @/Users/builder/builds/TDmZkXJm/0/finestructure/swiftpackageindex-builder/spi-builder-workspace/.derivedData/Build/Intermediates.noindex/NozeIO.build/Debug-watchos/mustache.build/Objects-normal/arm64/mustache.SwiftFileList -DSWIFT_PACKAGE -DDEBUG -DXcode -sdk /Applications/Xcode-15.3.0-Beta.2.app/Contents/Developer/Platforms/WatchOS.platform/Developer/SDKs/WatchOS10.4.sdk -target arm64-apple-watchos5.0 -g -module-cache-path /Users/builder/builds/TDmZkXJm/0/finestructure/swiftpackageindex-builder/spi-builder-workspace/.derivedData/ModuleCache.noindex -Xfrontend -serialize-debugging-options -enable-testing -index-store-path /Users/builder/builds/TDmZkXJm/0/finestructure/swiftpackageindex-builder/spi-builder-workspace/.derivedData/Index.noindex/DataStore -swift-version 5 -I /Users/builder/builds/TDmZkXJm/0/finestructure/swiftpackageindex-builder/spi-builder-workspace/.derivedData/Build/Products/Debug-watchos -I /Applications/Xcode-15.3.0-Beta.2.app/Contents/Developer/Platforms/WatchOS.platform/Developer/usr/lib -F /Users/builder/builds/TDmZkXJm/0/finestructure/swiftpackageindex-builder/spi-builder-workspace/.derivedData/Build/Products/Debug-watchos -F /Applications/Xcode-15.3.0-Beta.2.app/Contents/Developer/Platforms/WatchOS.platform/Developer/Library/Frameworks -F /Applications/Xcode-15.3.0-Beta.2.app/Contents/Developer/Platforms/WatchOS.platform/Developer/SDKs/WatchOS10.4.sdk/Developer/Library/Frameworks -c -j8 -enable-batch-mode -incremental -Xcc -ivfsstatcache -Xcc /Users/builder/builds/TDmZkXJm/0/finestructure/swiftpackageindex-builder/spi-builder-workspace/.derivedData/SDKStatCaches.noindex/watchos10.4-21T5196c-188b4c5c5639cdba02b95625249bd203.sdkstatcache -output-file-map /Users/builder/builds/TDmZkXJm/0/finestructure/swiftpackageindex-builder/spi-builder-workspace/.derivedData/Build/Intermediates.noindex/NozeIO.build/Debug-watchos/mustache.build/Objects-normal/arm64/mustache-OutputFileMap.json -use-frontend-parseable-output -save-temps -no-color-diagnostics -serialize-diagnostics -emit-dependencies -emit-module -emit-module-path /Users/builder/builds/TDmZkXJm/0/finestructure/swiftpackageindex-builder/spi-builder-workspace/.derivedData/Build/Intermediates.noindex/NozeIO.build/Debug-watchos/mustache.build/Objects-normal/arm64/mustache.swiftmodule -validate-clang-modules-once -clang-build-session-file /Users/builder/builds/TDmZkXJm/0/finestructure/swiftpackageindex-builder/spi-builder-workspace/.derivedData/ModuleCache.noindex/Session.modulevalidation -Xcc -I/Users/builder/builds/TDmZkXJm/0/finestructure/swiftpackageindex-builder/spi-builder-workspace/.derivedData/Build/Intermediates.noindex/NozeIO.build/Debug-watchos/mustache.build/swift-overrides.hmap -emit-const-values -Xfrontend -const-gather-protocols-file -Xfrontend /Users/builder/builds/TDmZkXJm/0/finestructure/swiftpackageindex-builder/spi-builder-workspace/.derivedData/Build/Intermediates.noindex/NozeIO.build/Debug-watchos/mustache.build/Objects-normal/arm64/mustache_const_extract_protocols.json -Xcc -I/Users/builder/builds/TDmZkXJm/0/finestructure/swiftpackageindex-builder/spi-builder-workspace/.derivedData/Build/Products/Debug-watchos/include -Xcc -I/Users/builder/builds/TDmZkXJm/0/finestructure/swiftpackageindex-builder/spi-builder-workspace/.derivedData/Build/Intermediates.noindex/NozeIO.build/Debug-watchos/mustache.build/DerivedSources-normal/arm64 -Xcc -I/Users/builder/builds/TDmZkXJm/0/finestructure/swiftpackageindex-builder/spi-builder-workspace/.derivedData/Build/Intermediates.noindex/NozeIO.build/Debug-watchos/mustache.build/DerivedSources/arm64 -Xcc -I/Users/builder/builds/TDmZkXJm/0/finestructure/swiftpackageindex-builder/spi-builder-workspace/.derivedData/Build/Intermediates.noindex/NozeIO.build/Debug-watchos/mustache.build/DerivedSources -Xcc -DSWIFT_PACKAGE -Xcc -DDEBUG\=1 -emit-objc-header -emit-objc-header-path /Users/builder/builds/TDmZkXJm/0/finestructure/swiftpackageindex-builder/spi-builder-workspace/.derivedData/Build/Intermediates.noindex/NozeIO.build/Debug-watchos/mustache.build/Objects-normal/arm64/mustache-Swift.h -working-directory /Users/builder/builds/TDmZkXJm/0/finestructure/swiftpackageindex-builder/spi-builder-workspace -experimental-emit-module-separately -disable-cmo
SwiftDriver mustache normal armv7k com.apple.xcode.tools.swift.compiler (in target 'mustache' from project 'NozeIO')
    cd /Users/builder/builds/TDmZkXJm/0/finestructure/swiftpackageindex-builder/spi-builder-workspace
    builtin-SwiftDriver -- /Applications/Xcode-15.3.0-Beta.2.app/Contents/Developer/Toolchains/XcodeDefault.xctoolchain/usr/bin/swiftc -module-name mustache -Onone -enforce-exclusivity\=checked @/Users/builder/builds/TDmZkXJm/0/finestructure/swiftpackageindex-builder/spi-builder-workspace/.derivedData/Build/Intermediates.noindex/NozeIO.build/Debug-watchos/mustache.build/Objects-normal/armv7k/mustache.SwiftFileList -DSWIFT_PACKAGE -DDEBUG -DXcode -sdk /Applications/Xcode-15.3.0-Beta.2.app/Contents/Developer/Platforms/WatchOS.platform/Developer/SDKs/WatchOS10.4.sdk -target armv7k-apple-watchos5.0 -g -module-cache-path /Users/builder/builds/TDmZkXJm/0/finestructure/swiftpackageindex-builder/spi-builder-workspace/.derivedData/ModuleCache.noindex -Xfrontend -serialize-debugging-options -enable-testing -index-store-path /Users/builder/builds/TDmZkXJm/0/finestructure/swiftpackageindex-builder/spi-builder-workspace/.derivedData/Index.noindex/DataStore -swift-version 5 -I /Users/builder/builds/TDmZkXJm/0/finestructure/swiftpackageindex-builder/spi-builder-workspace/.derivedData/Build/Products/Debug-watchos -I /Applications/Xcode-15.3.0-Beta.2.app/Contents/Developer/Platforms/WatchOS.platform/Developer/usr/lib -F /Users/builder/builds/TDmZkXJm/0/finestructure/swiftpackageindex-builder/spi-builder-workspace/.derivedData/Build/Products/Debug-watchos -F /Applications/Xcode-15.3.0-Beta.2.app/Contents/Developer/Platforms/WatchOS.platform/Developer/Library/Frameworks -F /Applications/Xcode-15.3.0-Beta.2.app/Contents/Developer/Platforms/WatchOS.platform/Developer/SDKs/WatchOS10.4.sdk/Developer/Library/Frameworks -c -j8 -enable-batch-mode -incremental -Xcc -ivfsstatcache -Xcc /Users/builder/builds/TDmZkXJm/0/finestructure/swiftpackageindex-builder/spi-builder-workspace/.derivedData/SDKStatCaches.noindex/watchos10.4-21T5196c-188b4c5c5639cdba02b95625249bd203.sdkstatcache -output-file-map /Users/builder/builds/TDmZkXJm/0/finestructure/swiftpackageindex-builder/spi-builder-workspace/.derivedData/Build/Intermediates.noindex/NozeIO.build/Debug-watchos/mustache.build/Objects-normal/armv7k/mustache-OutputFileMap.json -use-frontend-parseable-output -save-temps -no-color-diagnostics -serialize-diagnostics -emit-dependencies -emit-module -emit-module-path /Users/builder/builds/TDmZkXJm/0/finestructure/swiftpackageindex-builder/spi-builder-workspace/.derivedData/Build/Intermediates.noindex/NozeIO.build/Debug-watchos/mustache.build/Objects-normal/armv7k/mustache.swiftmodule -validate-clang-modules-once -clang-build-session-file /Users/builder/builds/TDmZkXJm/0/finestructure/swiftpackageindex-builder/spi-builder-workspace/.derivedData/ModuleCache.noindex/Session.modulevalidation -Xcc -I/Users/builder/builds/TDmZkXJm/0/finestructure/swiftpackageindex-builder/spi-builder-workspace/.derivedData/Build/Intermediates.noindex/NozeIO.build/Debug-watchos/mustache.build/swift-overrides.hmap -emit-const-values -Xfrontend -const-gather-protocols-file -Xfrontend /Users/builder/builds/TDmZkXJm/0/finestructure/swiftpackageindex-builder/spi-builder-workspace/.derivedData/Build/Intermediates.noindex/NozeIO.build/Debug-watchos/mustache.build/Objects-normal/armv7k/mustache_const_extract_protocols.json -Xcc -I/Users/builder/builds/TDmZkXJm/0/finestructure/swiftpackageindex-builder/spi-builder-workspace/.derivedData/Build/Products/Debug-watchos/include -Xcc -I/Users/builder/builds/TDmZkXJm/0/finestructure/swiftpackageindex-builder/spi-builder-workspace/.derivedData/Build/Intermediates.noindex/NozeIO.build/Debug-watchos/mustache.build/DerivedSources-normal/armv7k -Xcc -I/Users/builder/builds/TDmZkXJm/0/finestructure/swiftpackageindex-builder/spi-builder-workspace/.derivedData/Build/Intermediates.noindex/NozeIO.build/Debug-watchos/mustache.build/DerivedSources/armv7k -Xcc -I/Users/builder/builds/TDmZkXJm/0/finestructure/swiftpackageindex-builder/spi-builder-workspace/.derivedData/Build/Intermediates.noindex/NozeIO.build/Debug-watchos/mustache.build/DerivedSources -Xcc -DSWIFT_PACKAGE -Xcc -DDEBUG\=1 -emit-objc-header -emit-objc-header-path /Users/builder/builds/TDmZkXJm/0/finestructure/swiftpackageindex-builder/spi-builder-workspace/.derivedData/Build/Intermediates.noindex/NozeIO.build/Debug-watchos/mustache.build/Objects-normal/armv7k/mustache-Swift.h -working-directory /Users/builder/builds/TDmZkXJm/0/finestructure/swiftpackageindex-builder/spi-builder-workspace -experimental-emit-module-separately -disable-cmo
SwiftDriver http_parser normal arm64_32 com.apple.xcode.tools.swift.compiler (in target 'http_parser' from project 'NozeIO')
    cd /Users/builder/builds/TDmZkXJm/0/finestructure/swiftpackageindex-builder/spi-builder-workspace
    builtin-SwiftDriver -- /Applications/Xcode-15.3.0-Beta.2.app/Contents/Developer/Toolchains/XcodeDefault.xctoolchain/usr/bin/swiftc -module-name http_parser -Onone -enforce-exclusivity\=checked @/Users/builder/builds/TDmZkXJm/0/finestructure/swiftpackageindex-builder/spi-builder-workspace/.derivedData/Build/Intermediates.noindex/NozeIO.build/Debug-watchos/http_parser.build/Objects-normal/arm64_32/http_parser.SwiftFileList -DSWIFT_PACKAGE -DDEBUG -DXcode -sdk /Applications/Xcode-15.3.0-Beta.2.app/Contents/Developer/Platforms/WatchOS.platform/Developer/SDKs/WatchOS10.4.sdk -target arm64_32-apple-watchos5.0 -g -module-cache-path /Users/builder/builds/TDmZkXJm/0/finestructure/swiftpackageindex-builder/spi-builder-workspace/.derivedData/ModuleCache.noindex -Xfrontend -serialize-debugging-options -enable-testing -index-store-path /Users/builder/builds/TDmZkXJm/0/finestructure/swiftpackageindex-builder/spi-builder-workspace/.derivedData/Index.noindex/DataStore -swift-version 5 -I /Users/builder/builds/TDmZkXJm/0/finestructure/swiftpackageindex-builder/spi-builder-workspace/.derivedData/Build/Products/Debug-watchos -I /Applications/Xcode-15.3.0-Beta.2.app/Contents/Developer/Platforms/WatchOS.platform/Developer/usr/lib -F /Users/builder/builds/TDmZkXJm/0/finestructure/swiftpackageindex-builder/spi-builder-workspace/.derivedData/Build/Products/Debug-watchos -F /Applications/Xcode-15.3.0-Beta.2.app/Contents/Developer/Platforms/WatchOS.platform/Developer/Library/Frameworks -F /Applications/Xcode-15.3.0-Beta.2.app/Contents/Developer/Platforms/WatchOS.platform/Developer/SDKs/WatchOS10.4.sdk/Developer/Library/Frameworks -c -j8 -enable-batch-mode -incremental -Xcc -ivfsstatcache -Xcc /Users/builder/builds/TDmZkXJm/0/finestructure/swiftpackageindex-builder/spi-builder-workspace/.derivedData/SDKStatCaches.noindex/watchos10.4-21T5196c-188b4c5c5639cdba02b95625249bd203.sdkstatcache -output-file-map /Users/builder/builds/TDmZkXJm/0/finestructure/swiftpackageindex-builder/spi-builder-workspace/.derivedData/Build/Intermediates.noindex/NozeIO.build/Debug-watchos/http_parser.build/Objects-normal/arm64_32/http_parser-OutputFileMap.json -use-frontend-parseable-output -save-temps -no-color-diagnostics -serialize-diagnostics -emit-dependencies -emit-module -emit-module-path /Users/builder/builds/TDmZkXJm/0/finestructure/swiftpackageindex-builder/spi-builder-workspace/.derivedData/Build/Intermediates.noindex/NozeIO.build/Debug-watchos/http_parser.build/Objects-normal/arm64_32/http_parser.swiftmodule -validate-clang-modules-once -clang-build-session-file /Users/builder/builds/TDmZkXJm/0/finestructure/swiftpackageindex-builder/spi-builder-workspace/.derivedData/ModuleCache.noindex/Session.modulevalidation -Xcc -I/Users/builder/builds/TDmZkXJm/0/finestructure/swiftpackageindex-builder/spi-builder-workspace/.derivedData/Build/Intermediates.noindex/NozeIO.build/Debug-watchos/http_parser.build/swift-overrides.hmap -emit-const-values -Xfrontend -const-gather-protocols-file -Xfrontend /Users/builder/builds/TDmZkXJm/0/finestructure/swiftpackageindex-builder/spi-builder-workspace/.derivedData/Build/Intermediates.noindex/NozeIO.build/Debug-watchos/http_parser.build/Objects-normal/arm64_32/http_parser_const_extract_protocols.json -Xcc -I/Users/builder/builds/TDmZkXJm/0/finestructure/swiftpackageindex-builder/spi-builder-workspace/.derivedData/Build/Products/Debug-watchos/include -Xcc -I/Users/builder/builds/TDmZkXJm/0/finestructure/swiftpackageindex-builder/spi-builder-workspace/.derivedData/Build/Intermediates.noindex/NozeIO.build/Debug-watchos/http_parser.build/DerivedSources-normal/arm64_32 -Xcc -I/Users/builder/builds/TDmZkXJm/0/finestructure/swiftpackageindex-builder/spi-builder-workspace/.derivedData/Build/Intermediates.noindex/NozeIO.build/Debug-watchos/http_parser.build/DerivedSources/arm64_32 -Xcc -I/Users/builder/builds/TDmZkXJm/0/finestructure/swiftpackageindex-builder/spi-builder-workspace/.derivedData/Build/Intermediates.noindex/NozeIO.build/Debug-watchos/http_parser.build/DerivedSources -Xcc -DSWIFT_PACKAGE -Xcc -DDEBUG\=1 -emit-objc-header -emit-objc-header-path /Users/builder/builds/TDmZkXJm/0/finestructure/swiftpackageindex-builder/spi-builder-workspace/.derivedData/Build/Intermediates.noindex/NozeIO.build/Debug-watchos/http_parser.build/Objects-normal/arm64_32/http_parser-Swift.h -working-directory /Users/builder/builds/TDmZkXJm/0/finestructure/swiftpackageindex-builder/spi-builder-workspace -experimental-emit-module-separately -disable-cmo
SwiftDriver mustache normal arm64_32 com.apple.xcode.tools.swift.compiler (in target 'mustache' from project 'NozeIO')
    cd /Users/builder/builds/TDmZkXJm/0/finestructure/swiftpackageindex-builder/spi-builder-workspace
    builtin-SwiftDriver -- /Applications/Xcode-15.3.0-Beta.2.app/Contents/Developer/Toolchains/XcodeDefault.xctoolchain/usr/bin/swiftc -module-name mustache -Onone -enforce-exclusivity\=checked @/Users/builder/builds/TDmZkXJm/0/finestructure/swiftpackageindex-builder/spi-builder-workspace/.derivedData/Build/Intermediates.noindex/NozeIO.build/Debug-watchos/mustache.build/Objects-normal/arm64_32/mustache.SwiftFileList -DSWIFT_PACKAGE -DDEBUG -DXcode -sdk /Applications/Xcode-15.3.0-Beta.2.app/Contents/Developer/Platforms/WatchOS.platform/Developer/SDKs/WatchOS10.4.sdk -target arm64_32-apple-watchos5.0 -g -module-cache-path /Users/builder/builds/TDmZkXJm/0/finestructure/swiftpackageindex-builder/spi-builder-workspace/.derivedData/ModuleCache.noindex -Xfrontend -serialize-debugging-options -enable-testing -index-store-path /Users/builder/builds/TDmZkXJm/0/finestructure/swiftpackageindex-builder/spi-builder-workspace/.derivedData/Index.noindex/DataStore -swift-version 5 -I /Users/builder/builds/TDmZkXJm/0/finestructure/swiftpackageindex-builder/spi-builder-workspace/.derivedData/Build/Products/Debug-watchos -I /Applications/Xcode-15.3.0-Beta.2.app/Contents/Developer/Platforms/WatchOS.platform/Developer/usr/lib -F /Users/builder/builds/TDmZkXJm/0/finestructure/swiftpackageindex-builder/spi-builder-workspace/.derivedData/Build/Products/Debug-watchos -F /Applications/Xcode-15.3.0-Beta.2.app/Contents/Developer/Platforms/WatchOS.platform/Developer/Library/Frameworks -F /Applications/Xcode-15.3.0-Beta.2.app/Contents/Developer/Platforms/WatchOS.platform/Developer/SDKs/WatchOS10.4.sdk/Developer/Library/Frameworks -c -j8 -enable-batch-mode -incremental -Xcc -ivfsstatcache -Xcc /Users/builder/builds/TDmZkXJm/0/finestructure/swiftpackageindex-builder/spi-builder-workspace/.derivedData/SDKStatCaches.noindex/watchos10.4-21T5196c-188b4c5c5639cdba02b95625249bd203.sdkstatcache -output-file-map /Users/builder/builds/TDmZkXJm/0/finestructure/swiftpackageindex-builder/spi-builder-workspace/.derivedData/Build/Intermediates.noindex/NozeIO.build/Debug-watchos/mustache.build/Objects-normal/arm64_32/mustache-OutputFileMap.json -use-frontend-parseable-output -save-temps -no-color-diagnostics -serialize-diagnostics -emit-dependencies -emit-module -emit-module-path /Users/builder/builds/TDmZkXJm/0/finestructure/swiftpackageindex-builder/spi-builder-workspace/.derivedData/Build/Intermediates.noindex/NozeIO.build/Debug-watchos/mustache.build/Objects-normal/arm64_32/mustache.swiftmodule -validate-clang-modules-once -clang-build-session-file /Users/builder/builds/TDmZkXJm/0/finestructure/swiftpackageindex-builder/spi-builder-workspace/.derivedData/ModuleCache.noindex/Session.modulevalidation -Xcc -I/Users/builder/builds/TDmZkXJm/0/finestructure/swiftpackageindex-builder/spi-builder-workspace/.derivedData/Build/Intermediates.noindex/NozeIO.build/Debug-watchos/mustache.build/swift-overrides.hmap -emit-const-values -Xfrontend -const-gather-protocols-file -Xfrontend /Users/builder/builds/TDmZkXJm/0/finestructure/swiftpackageindex-builder/spi-builder-workspace/.derivedData/Build/Intermediates.noindex/NozeIO.build/Debug-watchos/mustache.build/Objects-normal/arm64_32/mustache_const_extract_protocols.json -Xcc -I/Users/builder/builds/TDmZkXJm/0/finestructure/swiftpackageindex-builder/spi-builder-workspace/.derivedData/Build/Products/Debug-watchos/include -Xcc -I/Users/builder/builds/TDmZkXJm/0/finestructure/swiftpackageindex-builder/spi-builder-workspace/.derivedData/Build/Intermediates.noindex/NozeIO.build/Debug-watchos/mustache.build/DerivedSources-normal/arm64_32 -Xcc -I/Users/builder/builds/TDmZkXJm/0/finestructure/swiftpackageindex-builder/spi-builder-workspace/.derivedData/Build/Intermediates.noindex/NozeIO.build/Debug-watchos/mustache.build/DerivedSources/arm64_32 -Xcc -I/Users/builder/builds/TDmZkXJm/0/finestructure/swiftpackageindex-builder/spi-builder-workspace/.derivedData/Build/Intermediates.noindex/NozeIO.build/Debug-watchos/mustache.build/DerivedSources -Xcc -DSWIFT_PACKAGE -Xcc -DDEBUG\=1 -emit-objc-header -emit-objc-header-path /Users/builder/builds/TDmZkXJm/0/finestructure/swiftpackageindex-builder/spi-builder-workspace/.derivedData/Build/Intermediates.noindex/NozeIO.build/Debug-watchos/mustache.build/Objects-normal/arm64_32/mustache-Swift.h -working-directory /Users/builder/builds/TDmZkXJm/0/finestructure/swiftpackageindex-builder/spi-builder-workspace -experimental-emit-module-separately -disable-cmo
SwiftDriver http_parser normal armv7k com.apple.xcode.tools.swift.compiler (in target 'http_parser' from project 'NozeIO')
    cd /Users/builder/builds/TDmZkXJm/0/finestructure/swiftpackageindex-builder/spi-builder-workspace
    builtin-SwiftDriver -- /Applications/Xcode-15.3.0-Beta.2.app/Contents/Developer/Toolchains/XcodeDefault.xctoolchain/usr/bin/swiftc -module-name http_parser -Onone -enforce-exclusivity\=checked @/Users/builder/builds/TDmZkXJm/0/finestructure/swiftpackageindex-builder/spi-builder-workspace/.derivedData/Build/Intermediates.noindex/NozeIO.build/Debug-watchos/http_parser.build/Objects-normal/armv7k/http_parser.SwiftFileList -DSWIFT_PACKAGE -DDEBUG -DXcode -sdk /Applications/Xcode-15.3.0-Beta.2.app/Contents/Developer/Platforms/WatchOS.platform/Developer/SDKs/WatchOS10.4.sdk -target armv7k-apple-watchos5.0 -g -module-cache-path /Users/builder/builds/TDmZkXJm/0/finestructure/swiftpackageindex-builder/spi-builder-workspace/.derivedData/ModuleCache.noindex -Xfrontend -serialize-debugging-options -enable-testing -index-store-path /Users/builder/builds/TDmZkXJm/0/finestructure/swiftpackageindex-builder/spi-builder-workspace/.derivedData/Index.noindex/DataStore -swift-version 5 -I /Users/builder/builds/TDmZkXJm/0/finestructure/swiftpackageindex-builder/spi-builder-workspace/.derivedData/Build/Products/Debug-watchos -I /Applications/Xcode-15.3.0-Beta.2.app/Contents/Developer/Platforms/WatchOS.platform/Developer/usr/lib -F /Users/builder/builds/TDmZkXJm/0/finestructure/swiftpackageindex-builder/spi-builder-workspace/.derivedData/Build/Products/Debug-watchos -F /Applications/Xcode-15.3.0-Beta.2.app/Contents/Developer/Platforms/WatchOS.platform/Developer/Library/Frameworks -F /Applications/Xcode-15.3.0-Beta.2.app/Contents/Developer/Platforms/WatchOS.platform/Developer/SDKs/WatchOS10.4.sdk/Developer/Library/Frameworks -c -j8 -enable-batch-mode -incremental -Xcc -ivfsstatcache -Xcc /Users/builder/builds/TDmZkXJm/0/finestructure/swiftpackageindex-builder/spi-builder-workspace/.derivedData/SDKStatCaches.noindex/watchos10.4-21T5196c-188b4c5c5639cdba02b95625249bd203.sdkstatcache -output-file-map /Users/builder/builds/TDmZkXJm/0/finestructure/swiftpackageindex-builder/spi-builder-workspace/.derivedData/Build/Intermediates.noindex/NozeIO.build/Debug-watchos/http_parser.build/Objects-normal/armv7k/http_parser-OutputFileMap.json -use-frontend-parseable-output -save-temps -no-color-diagnostics -serialize-diagnostics -emit-dependencies -emit-module -emit-module-path /Users/builder/builds/TDmZkXJm/0/finestructure/swiftpackageindex-builder/spi-builder-workspace/.derivedData/Build/Intermediates.noindex/NozeIO.build/Debug-watchos/http_parser.build/Objects-normal/armv7k/http_parser.swiftmodule -validate-clang-modules-once -clang-build-session-file /Users/builder/builds/TDmZkXJm/0/finestructure/swiftpackageindex-builder/spi-builder-workspace/.derivedData/ModuleCache.noindex/Session.modulevalidation -Xcc -I/Users/builder/builds/TDmZkXJm/0/finestructure/swiftpackageindex-builder/spi-builder-workspace/.derivedData/Build/Intermediates.noindex/NozeIO.build/Debug-watchos/http_parser.build/swift-overrides.hmap -emit-const-values -Xfrontend -const-gather-protocols-file -Xfrontend /Users/builder/builds/TDmZkXJm/0/finestructure/swiftpackageindex-builder/spi-builder-workspace/.derivedData/Build/Intermediates.noindex/NozeIO.build/Debug-watchos/http_parser.build/Objects-normal/armv7k/http_parser_const_extract_protocols.json -Xcc -I/Users/builder/builds/TDmZkXJm/0/finestructure/swiftpackageindex-builder/spi-builder-workspace/.derivedData/Build/Products/Debug-watchos/include -Xcc -I/Users/builder/builds/TDmZkXJm/0/finestructure/swiftpackageindex-builder/spi-builder-workspace/.derivedData/Build/Intermediates.noindex/NozeIO.build/Debug-watchos/http_parser.build/DerivedSources-normal/armv7k -Xcc -I/Users/builder/builds/TDmZkXJm/0/finestructure/swiftpackageindex-builder/spi-builder-workspace/.derivedData/Build/Intermediates.noindex/NozeIO.build/Debug-watchos/http_parser.build/DerivedSources/armv7k -Xcc -I/Users/builder/builds/TDmZkXJm/0/finestructure/swiftpackageindex-builder/spi-builder-workspace/.derivedData/Build/Intermediates.noindex/NozeIO.build/Debug-watchos/http_parser.build/DerivedSources -Xcc -DSWIFT_PACKAGE -Xcc -DDEBUG\=1 -emit-objc-header -emit-objc-header-path /Users/builder/builds/TDmZkXJm/0/finestructure/swiftpackageindex-builder/spi-builder-workspace/.derivedData/Build/Intermediates.noindex/NozeIO.build/Debug-watchos/http_parser.build/Objects-normal/armv7k/http_parser-Swift.h -working-directory /Users/builder/builds/TDmZkXJm/0/finestructure/swiftpackageindex-builder/spi-builder-workspace -experimental-emit-module-separately -disable-cmo
SwiftDriver xsys normal arm64 com.apple.xcode.tools.swift.compiler (in target 'xsys' from project 'NozeIO')
    cd /Users/builder/builds/TDmZkXJm/0/finestructure/swiftpackageindex-builder/spi-builder-workspace
    builtin-SwiftDriver -- /Applications/Xcode-15.3.0-Beta.2.app/Contents/Developer/Toolchains/XcodeDefault.xctoolchain/usr/bin/swiftc -module-name xsys -Onone -enforce-exclusivity\=checked @/Users/builder/builds/TDmZkXJm/0/finestructure/swiftpackageindex-builder/spi-builder-workspace/.derivedData/Build/Intermediates.noindex/NozeIO.build/Debug-watchos/xsys.build/Objects-normal/arm64/xsys.SwiftFileList -DSWIFT_PACKAGE -DDEBUG -DXcode -sdk /Applications/Xcode-15.3.0-Beta.2.app/Contents/Developer/Platforms/WatchOS.platform/Developer/SDKs/WatchOS10.4.sdk -target arm64-apple-watchos5.0 -g -module-cache-path /Users/builder/builds/TDmZkXJm/0/finestructure/swiftpackageindex-builder/spi-builder-workspace/.derivedData/ModuleCache.noindex -Xfrontend -serialize-debugging-options -enable-testing -index-store-path /Users/builder/builds/TDmZkXJm/0/finestructure/swiftpackageindex-builder/spi-builder-workspace/.derivedData/Index.noindex/DataStore -swift-version 5 -I /Users/builder/builds/TDmZkXJm/0/finestructure/swiftpackageindex-builder/spi-builder-workspace/.derivedData/Build/Products/Debug-watchos -I /Applications/Xcode-15.3.0-Beta.2.app/Contents/Developer/Platforms/WatchOS.platform/Developer/usr/lib -F /Users/builder/builds/TDmZkXJm/0/finestructure/swiftpackageindex-builder/spi-builder-workspace/.derivedData/Build/Products/Debug-watchos -F /Applications/Xcode-15.3.0-Beta.2.app/Contents/Developer/Platforms/WatchOS.platform/Developer/Library/Frameworks -F /Applications/Xcode-15.3.0-Beta.2.app/Contents/Developer/Platforms/WatchOS.platform/Developer/SDKs/WatchOS10.4.sdk/Developer/Library/Frameworks -c -j8 -enable-batch-mode -incremental -Xcc -ivfsstatcache -Xcc /Users/builder/builds/TDmZkXJm/0/finestructure/swiftpackageindex-builder/spi-builder-workspace/.derivedData/SDKStatCaches.noindex/watchos10.4-21T5196c-188b4c5c5639cdba02b95625249bd203.sdkstatcache -output-file-map /Users/builder/builds/TDmZkXJm/0/finestructure/swiftpackageindex-builder/spi-builder-workspace/.derivedData/Build/Intermediates.noindex/NozeIO.build/Debug-watchos/xsys.build/Objects-normal/arm64/xsys-OutputFileMap.json -use-frontend-parseable-output -save-temps -no-color-diagnostics -serialize-diagnostics -emit-dependencies -emit-module -emit-module-path /Users/builder/builds/TDmZkXJm/0/finestructure/swiftpackageindex-builder/spi-builder-workspace/.derivedData/Build/Intermediates.noindex/NozeIO.build/Debug-watchos/xsys.build/Objects-normal/arm64/xsys.swiftmodule -validate-clang-modules-once -clang-build-session-file /Users/builder/builds/TDmZkXJm/0/finestructure/swiftpackageindex-builder/spi-builder-workspace/.derivedData/ModuleCache.noindex/Session.modulevalidation -Xcc -I/Users/builder/builds/TDmZkXJm/0/finestructure/swiftpackageindex-builder/spi-builder-workspace/.derivedData/Build/Intermediates.noindex/NozeIO.build/Debug-watchos/xsys.build/swift-overrides.hmap -emit-const-values -Xfrontend -const-gather-protocols-file -Xfrontend /Users/builder/builds/TDmZkXJm/0/finestructure/swiftpackageindex-builder/spi-builder-workspace/.derivedData/Build/Intermediates.noindex/NozeIO.build/Debug-watchos/xsys.build/Objects-normal/arm64/xsys_const_extract_protocols.json -Xcc -I/Users/builder/builds/TDmZkXJm/0/finestructure/swiftpackageindex-builder/spi-builder-workspace/.derivedData/Build/Products/Debug-watchos/include -Xcc -I/Users/builder/builds/TDmZkXJm/0/finestructure/swiftpackageindex-builder/spi-builder-workspace/.derivedData/Build/Intermediates.noindex/NozeIO.build/Debug-watchos/xsys.build/DerivedSources-normal/arm64 -Xcc -I/Users/builder/builds/TDmZkXJm/0/finestructure/swiftpackageindex-builder/spi-builder-workspace/.derivedData/Build/Intermediates.noindex/NozeIO.build/Debug-watchos/xsys.build/DerivedSources/arm64 -Xcc -I/Users/builder/builds/TDmZkXJm/0/finestructure/swiftpackageindex-builder/spi-builder-workspace/.derivedData/Build/Intermediates.noindex/NozeIO.build/Debug-watchos/xsys.build/DerivedSources -Xcc -DSWIFT_PACKAGE -Xcc -DDEBUG\=1 -emit-objc-header -emit-objc-header-path /Users/builder/builds/TDmZkXJm/0/finestructure/swiftpackageindex-builder/spi-builder-workspace/.derivedData/Build/Intermediates.noindex/NozeIO.build/Debug-watchos/xsys.build/Objects-normal/arm64/xsys-Swift.h -working-directory /Users/builder/builds/TDmZkXJm/0/finestructure/swiftpackageindex-builder/spi-builder-workspace -experimental-emit-module-separately -disable-cmo
SwiftDriver xsys normal arm64_32 com.apple.xcode.tools.swift.compiler (in target 'xsys' from project 'NozeIO')
    cd /Users/builder/builds/TDmZkXJm/0/finestructure/swiftpackageindex-builder/spi-builder-workspace
    builtin-SwiftDriver -- /Applications/Xcode-15.3.0-Beta.2.app/Contents/Developer/Toolchains/XcodeDefault.xctoolchain/usr/bin/swiftc -module-name xsys -Onone -enforce-exclusivity\=checked @/Users/builder/builds/TDmZkXJm/0/finestructure/swiftpackageindex-builder/spi-builder-workspace/.derivedData/Build/Intermediates.noindex/NozeIO.build/Debug-watchos/xsys.build/Objects-normal/arm64_32/xsys.SwiftFileList -DSWIFT_PACKAGE -DDEBUG -DXcode -sdk /Applications/Xcode-15.3.0-Beta.2.app/Contents/Developer/Platforms/WatchOS.platform/Developer/SDKs/WatchOS10.4.sdk -target arm64_32-apple-watchos5.0 -g -module-cache-path /Users/builder/builds/TDmZkXJm/0/finestructure/swiftpackageindex-builder/spi-builder-workspace/.derivedData/ModuleCache.noindex -Xfrontend -serialize-debugging-options -enable-testing -index-store-path /Users/builder/builds/TDmZkXJm/0/finestructure/swiftpackageindex-builder/spi-builder-workspace/.derivedData/Index.noindex/DataStore -swift-version 5 -I /Users/builder/builds/TDmZkXJm/0/finestructure/swiftpackageindex-builder/spi-builder-workspace/.derivedData/Build/Products/Debug-watchos -I /Applications/Xcode-15.3.0-Beta.2.app/Contents/Developer/Platforms/WatchOS.platform/Developer/usr/lib -F /Users/builder/builds/TDmZkXJm/0/finestructure/swiftpackageindex-builder/spi-builder-workspace/.derivedData/Build/Products/Debug-watchos -F /Applications/Xcode-15.3.0-Beta.2.app/Contents/Developer/Platforms/WatchOS.platform/Developer/Library/Frameworks -F /Applications/Xcode-15.3.0-Beta.2.app/Contents/Developer/Platforms/WatchOS.platform/Developer/SDKs/WatchOS10.4.sdk/Developer/Library/Frameworks -c -j8 -enable-batch-mode -incremental -Xcc -ivfsstatcache -Xcc /Users/builder/builds/TDmZkXJm/0/finestructure/swiftpackageindex-builder/spi-builder-workspace/.derivedData/SDKStatCaches.noindex/watchos10.4-21T5196c-188b4c5c5639cdba02b95625249bd203.sdkstatcache -output-file-map /Users/builder/builds/TDmZkXJm/0/finestructure/swiftpackageindex-builder/spi-builder-workspace/.derivedData/Build/Intermediates.noindex/NozeIO.build/Debug-watchos/xsys.build/Objects-normal/arm64_32/xsys-OutputFileMap.json -use-frontend-parseable-output -save-temps -no-color-diagnostics -serialize-diagnostics -emit-dependencies -emit-module -emit-module-path /Users/builder/builds/TDmZkXJm/0/finestructure/swiftpackageindex-builder/spi-builder-workspace/.derivedData/Build/Intermediates.noindex/NozeIO.build/Debug-watchos/xsys.build/Objects-normal/arm64_32/xsys.swiftmodule -validate-clang-modules-once -clang-build-session-file /Users/builder/builds/TDmZkXJm/0/finestructure/swiftpackageindex-builder/spi-builder-workspace/.derivedData/ModuleCache.noindex/Session.modulevalidation -Xcc -I/Users/builder/builds/TDmZkXJm/0/finestructure/swiftpackageindex-builder/spi-builder-workspace/.derivedData/Build/Intermediates.noindex/NozeIO.build/Debug-watchos/xsys.build/swift-overrides.hmap -emit-const-values -Xfrontend -const-gather-protocols-file -Xfrontend /Users/builder/builds/TDmZkXJm/0/finestructure/swiftpackageindex-builder/spi-builder-workspace/.derivedData/Build/Intermediates.noindex/NozeIO.build/Debug-watchos/xsys.build/Objects-normal/arm64_32/xsys_const_extract_protocols.json -Xcc -I/Users/builder/builds/TDmZkXJm/0/finestructure/swiftpackageindex-builder/spi-builder-workspace/.derivedData/Build/Products/Debug-watchos/include -Xcc -I/Users/builder/builds/TDmZkXJm/0/finestructure/swiftpackageindex-builder/spi-builder-workspace/.derivedData/Build/Intermediates.noindex/NozeIO.build/Debug-watchos/xsys.build/DerivedSources-normal/arm64_32 -Xcc -I/Users/builder/builds/TDmZkXJm/0/finestructure/swiftpackageindex-builder/spi-builder-workspace/.derivedData/Build/Intermediates.noindex/NozeIO.build/Debug-watchos/xsys.build/DerivedSources/arm64_32 -Xcc -I/Users/builder/builds/TDmZkXJm/0/finestructure/swiftpackageindex-builder/spi-builder-workspace/.derivedData/Build/Intermediates.noindex/NozeIO.build/Debug-watchos/xsys.build/DerivedSources -Xcc -DSWIFT_PACKAGE -Xcc -DDEBUG\=1 -emit-objc-header -emit-objc-header-path /Users/builder/builds/TDmZkXJm/0/finestructure/swiftpackageindex-builder/spi-builder-workspace/.derivedData/Build/Intermediates.noindex/NozeIO.build/Debug-watchos/xsys.build/Objects-normal/arm64_32/xsys-Swift.h -working-directory /Users/builder/builds/TDmZkXJm/0/finestructure/swiftpackageindex-builder/spi-builder-workspace -experimental-emit-module-separately -disable-cmo
SwiftDriver xsys normal armv7k com.apple.xcode.tools.swift.compiler (in target 'xsys' from project 'NozeIO')
    cd /Users/builder/builds/TDmZkXJm/0/finestructure/swiftpackageindex-builder/spi-builder-workspace
    builtin-SwiftDriver -- /Applications/Xcode-15.3.0-Beta.2.app/Contents/Developer/Toolchains/XcodeDefault.xctoolchain/usr/bin/swiftc -module-name xsys -Onone -enforce-exclusivity\=checked @/Users/builder/builds/TDmZkXJm/0/finestructure/swiftpackageindex-builder/spi-builder-workspace/.derivedData/Build/Intermediates.noindex/NozeIO.build/Debug-watchos/xsys.build/Objects-normal/armv7k/xsys.SwiftFileList -DSWIFT_PACKAGE -DDEBUG -DXcode -sdk /Applications/Xcode-15.3.0-Beta.2.app/Contents/Developer/Platforms/WatchOS.platform/Developer/SDKs/WatchOS10.4.sdk -target armv7k-apple-watchos5.0 -g -module-cache-path /Users/builder/builds/TDmZkXJm/0/finestructure/swiftpackageindex-builder/spi-builder-workspace/.derivedData/ModuleCache.noindex -Xfrontend -serialize-debugging-options -enable-testing -index-store-path /Users/builder/builds/TDmZkXJm/0/finestructure/swiftpackageindex-builder/spi-builder-workspace/.derivedData/Index.noindex/DataStore -swift-version 5 -I /Users/builder/builds/TDmZkXJm/0/finestructure/swiftpackageindex-builder/spi-builder-workspace/.derivedData/Build/Products/Debug-watchos -I /Applications/Xcode-15.3.0-Beta.2.app/Contents/Developer/Platforms/WatchOS.platform/Developer/usr/lib -F /Users/builder/builds/TDmZkXJm/0/finestructure/swiftpackageindex-builder/spi-builder-workspace/.derivedData/Build/Products/Debug-watchos -F /Applications/Xcode-15.3.0-Beta.2.app/Contents/Developer/Platforms/WatchOS.platform/Developer/Library/Frameworks -F /Applications/Xcode-15.3.0-Beta.2.app/Contents/Developer/Platforms/WatchOS.platform/Developer/SDKs/WatchOS10.4.sdk/Developer/Library/Frameworks -c -j8 -enable-batch-mode -incremental -Xcc -ivfsstatcache -Xcc /Users/builder/builds/TDmZkXJm/0/finestructure/swiftpackageindex-builder/spi-builder-workspace/.derivedData/SDKStatCaches.noindex/watchos10.4-21T5196c-188b4c5c5639cdba02b95625249bd203.sdkstatcache -output-file-map /Users/builder/builds/TDmZkXJm/0/finestructure/swiftpackageindex-builder/spi-builder-workspace/.derivedData/Build/Intermediates.noindex/NozeIO.build/Debug-watchos/xsys.build/Objects-normal/armv7k/xsys-OutputFileMap.json -use-frontend-parseable-output -save-temps -no-color-diagnostics -serialize-diagnostics -emit-dependencies -emit-module -emit-module-path /Users/builder/builds/TDmZkXJm/0/finestructure/swiftpackageindex-builder/spi-builder-workspace/.derivedData/Build/Intermediates.noindex/NozeIO.build/Debug-watchos/xsys.build/Objects-normal/armv7k/xsys.swiftmodule -validate-clang-modules-once -clang-build-session-file /Users/builder/builds/TDmZkXJm/0/finestructure/swiftpackageindex-builder/spi-builder-workspace/.derivedData/ModuleCache.noindex/Session.modulevalidation -Xcc -I/Users/builder/builds/TDmZkXJm/0/finestructure/swiftpackageindex-builder/spi-builder-workspace/.derivedData/Build/Intermediates.noindex/NozeIO.build/Debug-watchos/xsys.build/swift-overrides.hmap -emit-const-values -Xfrontend -const-gather-protocols-file -Xfrontend /Users/builder/builds/TDmZkXJm/0/finestructure/swiftpackageindex-builder/spi-builder-workspace/.derivedData/Build/Intermediates.noindex/NozeIO.build/Debug-watchos/xsys.build/Objects-normal/armv7k/xsys_const_extract_protocols.json -Xcc -I/Users/builder/builds/TDmZkXJm/0/finestructure/swiftpackageindex-builder/spi-builder-workspace/.derivedData/Build/Products/Debug-watchos/include -Xcc -I/Users/builder/builds/TDmZkXJm/0/finestructure/swiftpackageindex-builder/spi-builder-workspace/.derivedData/Build/Intermediates.noindex/NozeIO.build/Debug-watchos/xsys.build/DerivedSources-normal/armv7k -Xcc -I/Users/builder/builds/TDmZkXJm/0/finestructure/swiftpackageindex-builder/spi-builder-workspace/.derivedData/Build/Intermediates.noindex/NozeIO.build/Debug-watchos/xsys.build/DerivedSources/armv7k -Xcc -I/Users/builder/builds/TDmZkXJm/0/finestructure/swiftpackageindex-builder/spi-builder-workspace/.derivedData/Build/Intermediates.noindex/NozeIO.build/Debug-watchos/xsys.build/DerivedSources -Xcc -DSWIFT_PACKAGE -Xcc -DDEBUG\=1 -emit-objc-header -emit-objc-header-path /Users/builder/builds/TDmZkXJm/0/finestructure/swiftpackageindex-builder/spi-builder-workspace/.derivedData/Build/Intermediates.noindex/NozeIO.build/Debug-watchos/xsys.build/Objects-normal/armv7k/xsys-Swift.h -working-directory /Users/builder/builds/TDmZkXJm/0/finestructure/swiftpackageindex-builder/spi-builder-workspace -experimental-emit-module-separately -disable-cmo
SwiftDriver http_parser normal arm64 com.apple.xcode.tools.swift.compiler (in target 'http_parser' from project 'NozeIO')
    cd /Users/builder/builds/TDmZkXJm/0/finestructure/swiftpackageindex-builder/spi-builder-workspace
    builtin-SwiftDriver -- /Applications/Xcode-15.3.0-Beta.2.app/Contents/Developer/Toolchains/XcodeDefault.xctoolchain/usr/bin/swiftc -module-name http_parser -Onone -enforce-exclusivity\=checked @/Users/builder/builds/TDmZkXJm/0/finestructure/swiftpackageindex-builder/spi-builder-workspace/.derivedData/Build/Intermediates.noindex/NozeIO.build/Debug-watchos/http_parser.build/Objects-normal/arm64/http_parser.SwiftFileList -DSWIFT_PACKAGE -DDEBUG -DXcode -sdk /Applications/Xcode-15.3.0-Beta.2.app/Contents/Developer/Platforms/WatchOS.platform/Developer/SDKs/WatchOS10.4.sdk -target arm64-apple-watchos5.0 -g -module-cache-path /Users/builder/builds/TDmZkXJm/0/finestructure/swiftpackageindex-builder/spi-builder-workspace/.derivedData/ModuleCache.noindex -Xfrontend -serialize-debugging-options -enable-testing -index-store-path /Users/builder/builds/TDmZkXJm/0/finestructure/swiftpackageindex-builder/spi-builder-workspace/.derivedData/Index.noindex/DataStore -swift-version 5 -I /Users/builder/builds/TDmZkXJm/0/finestructure/swiftpackageindex-builder/spi-builder-workspace/.derivedData/Build/Products/Debug-watchos -I /Applications/Xcode-15.3.0-Beta.2.app/Contents/Developer/Platforms/WatchOS.platform/Developer/usr/lib -F /Users/builder/builds/TDmZkXJm/0/finestructure/swiftpackageindex-builder/spi-builder-workspace/.derivedData/Build/Products/Debug-watchos -F /Applications/Xcode-15.3.0-Beta.2.app/Contents/Developer/Platforms/WatchOS.platform/Developer/Library/Frameworks -F /Applications/Xcode-15.3.0-Beta.2.app/Contents/Developer/Platforms/WatchOS.platform/Developer/SDKs/WatchOS10.4.sdk/Developer/Library/Frameworks -c -j8 -enable-batch-mode -incremental -Xcc -ivfsstatcache -Xcc /Users/builder/builds/TDmZkXJm/0/finestructure/swiftpackageindex-builder/spi-builder-workspace/.derivedData/SDKStatCaches.noindex/watchos10.4-21T5196c-188b4c5c5639cdba02b95625249bd203.sdkstatcache -output-file-map /Users/builder/builds/TDmZkXJm/0/finestructure/swiftpackageindex-builder/spi-builder-workspace/.derivedData/Build/Intermediates.noindex/NozeIO.build/Debug-watchos/http_parser.build/Objects-normal/arm64/http_parser-OutputFileMap.json -use-frontend-parseable-output -save-temps -no-color-diagnostics -serialize-diagnostics -emit-dependencies -emit-module -emit-module-path /Users/builder/builds/TDmZkXJm/0/finestructure/swiftpackageindex-builder/spi-builder-workspace/.derivedData/Build/Intermediates.noindex/NozeIO.build/Debug-watchos/http_parser.build/Objects-normal/arm64/http_parser.swiftmodule -validate-clang-modules-once -clang-build-session-file /Users/builder/builds/TDmZkXJm/0/finestructure/swiftpackageindex-builder/spi-builder-workspace/.derivedData/ModuleCache.noindex/Session.modulevalidation -Xcc -I/Users/builder/builds/TDmZkXJm/0/finestructure/swiftpackageindex-builder/spi-builder-workspace/.derivedData/Build/Intermediates.noindex/NozeIO.build/Debug-watchos/http_parser.build/swift-overrides.hmap -emit-const-values -Xfrontend -const-gather-protocols-file -Xfrontend /Users/builder/builds/TDmZkXJm/0/finestructure/swiftpackageindex-builder/spi-builder-workspace/.derivedData/Build/Intermediates.noindex/NozeIO.build/Debug-watchos/http_parser.build/Objects-normal/arm64/http_parser_const_extract_protocols.json -Xcc -I/Users/builder/builds/TDmZkXJm/0/finestructure/swiftpackageindex-builder/spi-builder-workspace/.derivedData/Build/Products/Debug-watchos/include -Xcc -I/Users/builder/builds/TDmZkXJm/0/finestructure/swiftpackageindex-builder/spi-builder-workspace/.derivedData/Build/Intermediates.noindex/NozeIO.build/Debug-watchos/http_parser.build/DerivedSources-normal/arm64 -Xcc -I/Users/builder/builds/TDmZkXJm/0/finestructure/swiftpackageindex-builder/spi-builder-workspace/.derivedData/Build/Intermediates.noindex/NozeIO.build/Debug-watchos/http_parser.build/DerivedSources/arm64 -Xcc -I/Users/builder/builds/TDmZkXJm/0/finestructure/swiftpackageindex-builder/spi-builder-workspace/.derivedData/Build/Intermediates.noindex/NozeIO.build/Debug-watchos/http_parser.build/DerivedSources -Xcc -DSWIFT_PACKAGE -Xcc -DDEBUG\=1 -emit-objc-header -emit-objc-header-path /Users/builder/builds/TDmZkXJm/0/finestructure/swiftpackageindex-builder/spi-builder-workspace/.derivedData/Build/Intermediates.noindex/NozeIO.build/Debug-watchos/http_parser.build/Objects-normal/arm64/http_parser-Swift.h -working-directory /Users/builder/builds/TDmZkXJm/0/finestructure/swiftpackageindex-builder/spi-builder-workspace -experimental-emit-module-separately -disable-cmo
SwiftDriver base64 normal arm64 com.apple.xcode.tools.swift.compiler (in target 'base64' from project 'NozeIO')
    cd /Users/builder/builds/TDmZkXJm/0/finestructure/swiftpackageindex-builder/spi-builder-workspace
    builtin-SwiftDriver -- /Applications/Xcode-15.3.0-Beta.2.app/Contents/Developer/Toolchains/XcodeDefault.xctoolchain/usr/bin/swiftc -module-name base64 -Onone -enforce-exclusivity\=checked @/Users/builder/builds/TDmZkXJm/0/finestructure/swiftpackageindex-builder/spi-builder-workspace/.derivedData/Build/Intermediates.noindex/NozeIO.build/Debug-watchos/base64.build/Objects-normal/arm64/base64.SwiftFileList -DSWIFT_PACKAGE -DDEBUG -DXcode -sdk /Applications/Xcode-15.3.0-Beta.2.app/Contents/Developer/Platforms/WatchOS.platform/Developer/SDKs/WatchOS10.4.sdk -target arm64-apple-watchos5.0 -g -module-cache-path /Users/builder/builds/TDmZkXJm/0/finestructure/swiftpackageindex-builder/spi-builder-workspace/.derivedData/ModuleCache.noindex -Xfrontend -serialize-debugging-options -enable-testing -index-store-path /Users/builder/builds/TDmZkXJm/0/finestructure/swiftpackageindex-builder/spi-builder-workspace/.derivedData/Index.noindex/DataStore -swift-version 5 -I /Users/builder/builds/TDmZkXJm/0/finestructure/swiftpackageindex-builder/spi-builder-workspace/.derivedData/Build/Products/Debug-watchos -I /Applications/Xcode-15.3.0-Beta.2.app/Contents/Developer/Platforms/WatchOS.platform/Developer/usr/lib -F /Users/builder/builds/TDmZkXJm/0/finestructure/swiftpackageindex-builder/spi-builder-workspace/.derivedData/Build/Products/Debug-watchos -F /Applications/Xcode-15.3.0-Beta.2.app/Contents/Developer/Platforms/WatchOS.platform/Developer/Library/Frameworks -F /Applications/Xcode-15.3.0-Beta.2.app/Contents/Developer/Platforms/WatchOS.platform/Developer/SDKs/WatchOS10.4.sdk/Developer/Library/Frameworks -parse-as-library -c -j8 -enable-batch-mode -incremental -Xcc -ivfsstatcache -Xcc /Users/builder/builds/TDmZkXJm/0/finestructure/swiftpackageindex-builder/spi-builder-workspace/.derivedData/SDKStatCaches.noindex/watchos10.4-21T5196c-188b4c5c5639cdba02b95625249bd203.sdkstatcache -output-file-map /Users/builder/builds/TDmZkXJm/0/finestructure/swiftpackageindex-builder/spi-builder-workspace/.derivedData/Build/Intermediates.noindex/NozeIO.build/Debug-watchos/base64.build/Objects-normal/arm64/base64-OutputFileMap.json -use-frontend-parseable-output -save-temps -no-color-diagnostics -serialize-diagnostics -emit-dependencies -emit-module -emit-module-path /Users/builder/builds/TDmZkXJm/0/finestructure/swiftpackageindex-builder/spi-builder-workspace/.derivedData/Build/Intermediates.noindex/NozeIO.build/Debug-watchos/base64.build/Objects-normal/arm64/base64.swiftmodule -validate-clang-modules-once -clang-build-session-file /Users/builder/builds/TDmZkXJm/0/finestructure/swiftpackageindex-builder/spi-builder-workspace/.derivedData/ModuleCache.noindex/Session.modulevalidation -Xcc -I/Users/builder/builds/TDmZkXJm/0/finestructure/swiftpackageindex-builder/spi-builder-workspace/.derivedData/Build/Intermediates.noindex/NozeIO.build/Debug-watchos/base64.build/swift-overrides.hmap -emit-const-values -Xfrontend -const-gather-protocols-file -Xfrontend /Users/builder/builds/TDmZkXJm/0/finestructure/swiftpackageindex-builder/spi-builder-workspace/.derivedData/Build/Intermediates.noindex/NozeIO.build/Debug-watchos/base64.build/Objects-normal/arm64/base64_const_extract_protocols.json -Xcc -I/Users/builder/builds/TDmZkXJm/0/finestructure/swiftpackageindex-builder/spi-builder-workspace/.derivedData/Build/Products/Debug-watchos/include -Xcc -I/Users/builder/builds/TDmZkXJm/0/finestructure/swiftpackageindex-builder/spi-builder-workspace/.derivedData/Build/Intermediates.noindex/NozeIO.build/Debug-watchos/base64.build/DerivedSources-normal/arm64 -Xcc -I/Users/builder/builds/TDmZkXJm/0/finestructure/swiftpackageindex-builder/spi-builder-workspace/.derivedData/Build/Intermediates.noindex/NozeIO.build/Debug-watchos/base64.build/DerivedSources/arm64 -Xcc -I/Users/builder/builds/TDmZkXJm/0/finestructure/swiftpackageindex-builder/spi-builder-workspace/.derivedData/Build/Intermediates.noindex/NozeIO.build/Debug-watchos/base64.build/DerivedSources -Xcc -DSWIFT_PACKAGE -Xcc -DDEBUG\=1 -emit-objc-header -emit-objc-header-path /Users/builder/builds/TDmZkXJm/0/finestructure/swiftpackageindex-builder/spi-builder-workspace/.derivedData/Build/Intermediates.noindex/NozeIO.build/Debug-watchos/base64.build/Objects-normal/arm64/base64-Swift.h -working-directory /Users/builder/builds/TDmZkXJm/0/finestructure/swiftpackageindex-builder/spi-builder-workspace -experimental-emit-module-separately -disable-cmo
SwiftDriver base64 normal armv7k com.apple.xcode.tools.swift.compiler (in target 'base64' from project 'NozeIO')
    cd /Users/builder/builds/TDmZkXJm/0/finestructure/swiftpackageindex-builder/spi-builder-workspace
    builtin-SwiftDriver -- /Applications/Xcode-15.3.0-Beta.2.app/Contents/Developer/Toolchains/XcodeDefault.xctoolchain/usr/bin/swiftc -module-name base64 -Onone -enforce-exclusivity\=checked @/Users/builder/builds/TDmZkXJm/0/finestructure/swiftpackageindex-builder/spi-builder-workspace/.derivedData/Build/Intermediates.noindex/NozeIO.build/Debug-watchos/base64.build/Objects-normal/armv7k/base64.SwiftFileList -DSWIFT_PACKAGE -DDEBUG -DXcode -sdk /Applications/Xcode-15.3.0-Beta.2.app/Contents/Developer/Platforms/WatchOS.platform/Developer/SDKs/WatchOS10.4.sdk -target armv7k-apple-watchos5.0 -g -module-cache-path /Users/builder/builds/TDmZkXJm/0/finestructure/swiftpackageindex-builder/spi-builder-workspace/.derivedData/ModuleCache.noindex -Xfrontend -serialize-debugging-options -enable-testing -index-store-path /Users/builder/builds/TDmZkXJm/0/finestructure/swiftpackageindex-builder/spi-builder-workspace/.derivedData/Index.noindex/DataStore -swift-version 5 -I /Users/builder/builds/TDmZkXJm/0/finestructure/swiftpackageindex-builder/spi-builder-workspace/.derivedData/Build/Products/Debug-watchos -I /Applications/Xcode-15.3.0-Beta.2.app/Contents/Developer/Platforms/WatchOS.platform/Developer/usr/lib -F /Users/builder/builds/TDmZkXJm/0/finestructure/swiftpackageindex-builder/spi-builder-workspace/.derivedData/Build/Products/Debug-watchos -F /Applications/Xcode-15.3.0-Beta.2.app/Contents/Developer/Platforms/WatchOS.platform/Developer/Library/Frameworks -F /Applications/Xcode-15.3.0-Beta.2.app/Contents/Developer/Platforms/WatchOS.platform/Developer/SDKs/WatchOS10.4.sdk/Developer/Library/Frameworks -parse-as-library -c -j8 -enable-batch-mode -incremental -Xcc -ivfsstatcache -Xcc /Users/builder/builds/TDmZkXJm/0/finestructure/swiftpackageindex-builder/spi-builder-workspace/.derivedData/SDKStatCaches.noindex/watchos10.4-21T5196c-188b4c5c5639cdba02b95625249bd203.sdkstatcache -output-file-map /Users/builder/builds/TDmZkXJm/0/finestructure/swiftpackageindex-builder/spi-builder-workspace/.derivedData/Build/Intermediates.noindex/NozeIO.build/Debug-watchos/base64.build/Objects-normal/armv7k/base64-OutputFileMap.json -use-frontend-parseable-output -save-temps -no-color-diagnostics -serialize-diagnostics -emit-dependencies -emit-module -emit-module-path /Users/builder/builds/TDmZkXJm/0/finestructure/swiftpackageindex-builder/spi-builder-workspace/.derivedData/Build/Intermediates.noindex/NozeIO.build/Debug-watchos/base64.build/Objects-normal/armv7k/base64.swiftmodule -validate-clang-modules-once -clang-build-session-file /Users/builder/builds/TDmZkXJm/0/finestructure/swiftpackageindex-builder/spi-builder-workspace/.derivedData/ModuleCache.noindex/Session.modulevalidation -Xcc -I/Users/builder/builds/TDmZkXJm/0/finestructure/swiftpackageindex-builder/spi-builder-workspace/.derivedData/Build/Intermediates.noindex/NozeIO.build/Debug-watchos/base64.build/swift-overrides.hmap -emit-const-values -Xfrontend -const-gather-protocols-file -Xfrontend /Users/builder/builds/TDmZkXJm/0/finestructure/swiftpackageindex-builder/spi-builder-workspace/.derivedData/Build/Intermediates.noindex/NozeIO.build/Debug-watchos/base64.build/Objects-normal/armv7k/base64_const_extract_protocols.json -Xcc -I/Users/builder/builds/TDmZkXJm/0/finestructure/swiftpackageindex-builder/spi-builder-workspace/.derivedData/Build/Products/Debug-watchos/include -Xcc -I/Users/builder/builds/TDmZkXJm/0/finestructure/swiftpackageindex-builder/spi-builder-workspace/.derivedData/Build/Intermediates.noindex/NozeIO.build/Debug-watchos/base64.build/DerivedSources-normal/armv7k -Xcc -I/Users/builder/builds/TDmZkXJm/0/finestructure/swiftpackageindex-builder/spi-builder-workspace/.derivedData/Build/Intermediates.noindex/NozeIO.build/Debug-watchos/base64.build/DerivedSources/armv7k -Xcc -I/Users/builder/builds/TDmZkXJm/0/finestructure/swiftpackageindex-builder/spi-builder-workspace/.derivedData/Build/Intermediates.noindex/NozeIO.build/Debug-watchos/base64.build/DerivedSources -Xcc -DSWIFT_PACKAGE -Xcc -DDEBUG\=1 -emit-objc-header -emit-objc-header-path /Users/builder/builds/TDmZkXJm/0/finestructure/swiftpackageindex-builder/spi-builder-workspace/.derivedData/Build/Intermediates.noindex/NozeIO.build/Debug-watchos/base64.build/Objects-normal/armv7k/base64-Swift.h -working-directory /Users/builder/builds/TDmZkXJm/0/finestructure/swiftpackageindex-builder/spi-builder-workspace -experimental-emit-module-separately -disable-cmo
SwiftEmitModule normal arm64_32 Emitting\ module\ for\ mustache (in target 'mustache' from project 'NozeIO')
    cd /Users/builder/builds/TDmZkXJm/0/finestructure/swiftpackageindex-builder/spi-builder-workspace
    builtin-swiftTaskExecution -- /Applications/Xcode-15.3.0-Beta.2.app/Contents/Developer/Toolchains/XcodeDefault.xctoolchain/usr/bin/swift-frontend -frontend -emit-module -experimental-skip-non-inlinable-function-bodies-without-types /Users/builder/builds/TDmZkXJm/0/finestructure/swiftpackageindex-builder/spi-builder-workspace/Sources/mustache/HTMLEscape.swift /Users/builder/builds/TDmZkXJm/0/finestructure/swiftpackageindex-builder/spi-builder-workspace/Sources/mustache/Helpers.swift /Users/builder/builds/TDmZkXJm/0/finestructure/swiftpackageindex-builder/spi-builder-workspace/Sources/mustache/MustacheNode.swift /Users/builder/builds/TDmZkXJm/0/finestructure/swiftpackageindex-builder/spi-builder-workspace/Sources/mustache/MustacheParser.swift /Users/builder/builds/TDmZkXJm/0/finestructure/swiftpackageindex-builder/spi-builder-workspace/Sources/mustache/MustacheRenderingContext.swift /Users/builder/builds/TDmZkXJm/0/finestructure/swiftpackageindex-builder/spi-builder-workspace/Sources/mustache/SimpleKVC.swift -target arm64_32-apple-watchos5.0 -enable-objc-interop -sdk /Applications/Xcode-15.3.0-Beta.2.app/Contents/Developer/Platforms/WatchOS.platform/Developer/SDKs/WatchOS10.4.sdk -I /Users/builder/builds/TDmZkXJm/0/finestructure/swiftpackageindex-builder/spi-builder-workspace/.derivedData/Build/Products/Debug-watchos -I /Applications/Xcode-15.3.0-Beta.2.app/Contents/Developer/Platforms/WatchOS.platform/Developer/usr/lib -F /Users/builder/builds/TDmZkXJm/0/finestructure/swiftpackageindex-builder/spi-builder-workspace/.derivedData/Build/Products/Debug-watchos -F /Applications/Xcode-15.3.0-Beta.2.app/Contents/Developer/Platforms/WatchOS.platform/Developer/Library/Frameworks -F /Applications/Xcode-15.3.0-Beta.2.app/Contents/Developer/Platforms/WatchOS.platform/Developer/SDKs/WatchOS10.4.sdk/Developer/Library/Frameworks -no-color-diagnostics -enable-testing -g -module-cache-path /Users/builder/builds/TDmZkXJm/0/finestructure/swiftpackageindex-builder/spi-builder-workspace/.derivedData/ModuleCache.noindex -swift-version 5 -enforce-exclusivity\=checked -Onone -D SWIFT_PACKAGE -D DEBUG -D Xcode -serialize-debugging-options -const-gather-protocols-file /Users/builder/builds/TDmZkXJm/0/finestructure/swiftpackageindex-builder/spi-builder-workspace/.derivedData/Build/Intermediates.noindex/NozeIO.build/Debug-watchos/mustache.build/Objects-normal/arm64_32/mustache_const_extract_protocols.json -empty-abi-descriptor -validate-clang-modules-once -clang-build-session-file /Users/builder/builds/TDmZkXJm/0/finestructure/swiftpackageindex-builder/spi-builder-workspace/.derivedData/ModuleCache.noindex/Session.modulevalidation -Xcc -working-directory -Xcc /Users/builder/builds/TDmZkXJm/0/finestructure/swiftpackageindex-builder/spi-builder-workspace -resource-dir /Applications/Xcode-15.3.0-Beta.2.app/Contents/Developer/Toolchains/XcodeDefault.xctoolchain/usr/lib/swift -enable-anonymous-context-mangled-names -Xcc -ivfsstatcache -Xcc /Users/builder/builds/TDmZkXJm/0/finestructure/swiftpackageindex-builder/spi-builder-workspace/.derivedData/SDKStatCaches.noindex/watchos10.4-21T5196c-188b4c5c5639cdba02b95625249bd203.sdkstatcache -Xcc -I/Users/builder/builds/TDmZkXJm/0/finestructure/swiftpackageindex-builder/spi-builder-workspace/.derivedData/Build/Intermediates.noindex/NozeIO.build/Debug-watchos/mustache.build/swift-overrides.hmap -Xcc -I/Users/builder/builds/TDmZkXJm/0/finestructure/swiftpackageindex-builder/spi-builder-workspace/.derivedData/Build/Products/Debug-watchos/include -Xcc -I/Users/builder/builds/TDmZkXJm/0/finestructure/swiftpackageindex-builder/spi-builder-workspace/.derivedData/Build/Intermediates.noindex/NozeIO.build/Debug-watchos/mustache.build/DerivedSources-normal/arm64_32 -Xcc -I/Users/builder/builds/TDmZkXJm/0/finestructure/swiftpackageindex-builder/spi-builder-workspace/.derivedData/Build/Intermediates.noindex/NozeIO.build/Debug-watchos/mustache.build/DerivedSources/arm64_32 -Xcc -I/Users/builder/builds/TDmZkXJm/0/finestructure/swiftpackageindex-builder/spi-builder-workspace/.derivedData/Build/Intermediates.noindex/NozeIO.build/Debug-watchos/mustache.build/DerivedSources -Xcc -DSWIFT_PACKAGE -Xcc -DDEBUG\=1 -module-name mustache -disable-clang-spi -target-sdk-version 10.4 -target-sdk-name watchos10.4 -external-plugin-path /Applications/Xcode-15.3.0-Beta.2.app/Contents/Developer/Platforms/WatchOS.platform/Developer/SDKs/WatchOS10.4.sdk/usr/lib/swift/host/plugins\#/Applications/Xcode-15.3.0-Beta.2.app/Contents/Developer/Platforms/WatchOS.platform/Developer/SDKs/WatchOS10.4.sdk/usr/bin/swift-plugin-server -external-plugin-path /Applications/Xcode-15.3.0-Beta.2.app/Contents/Developer/Platforms/WatchOS.platform/Developer/SDKs/WatchOS10.4.sdk/usr/local/lib/swift/host/plugins\#/Applications/Xcode-15.3.0-Beta.2.app/Contents/Developer/Platforms/WatchOS.platform/Developer/SDKs/WatchOS10.4.sdk/usr/bin/swift-plugin-server -external-plugin-path /Applications/Xcode-15.3.0-Beta.2.app/Contents/Developer/Platforms/WatchOS.platform/Developer/usr/lib/swift/host/plugins\#/Applications/Xcode-15.3.0-Beta.2.app/Contents/Developer/Platforms/WatchOS.platform/Developer/usr/bin/swift-plugin-server -external-plugin-path /Applications/Xcode-15.3.0-Beta.2.app/Contents/Developer/Platforms/WatchOS.platform/Developer/usr/local/lib/swift/host/plugins\#/Applications/Xcode-15.3.0-Beta.2.app/Contents/Developer/Platforms/WatchOS.platform/Developer/usr/bin/swift-plugin-server -plugin-path /Applications/Xcode-15.3.0-Beta.2.app/Contents/Developer/Toolchains/XcodeDefault.xctoolchain/usr/lib/swift/host/plugins -plugin-path /Applications/Xcode-15.3.0-Beta.2.app/Contents/Developer/Toolchains/XcodeDefault.xctoolchain/usr/local/lib/swift/host/plugins -emit-module-doc-path /Users/builder/builds/TDmZkXJm/0/finestructure/swiftpackageindex-builder/spi-builder-workspace/.derivedData/Build/Intermediates.noindex/NozeIO.build/Debug-watchos/mustache.build/Objects-normal/arm64_32/mustache.swiftdoc -emit-module-source-info-path /Users/builder/builds/TDmZkXJm/0/finestructure/swiftpackageindex-builder/spi-builder-workspace/.derivedData/Build/Intermediates.noindex/NozeIO.build/Debug-watchos/mustache.build/Objects-normal/arm64_32/mustache.swiftsourceinfo -emit-objc-header-path /Users/builder/builds/TDmZkXJm/0/finestructure/swiftpackageindex-builder/spi-builder-workspace/.derivedData/Build/Intermediates.noindex/NozeIO.build/Debug-watchos/mustache.build/Objects-normal/arm64_32/mustache-Swift.h -serialize-diagnostics-path /Users/builder/builds/TDmZkXJm/0/finestructure/swiftpackageindex-builder/spi-builder-workspace/.derivedData/Build/Intermediates.noindex/NozeIO.build/Debug-watchos/mustache.build/Objects-normal/arm64_32/mustache-master-emit-module.dia -emit-dependencies-path /Users/builder/builds/TDmZkXJm/0/finestructure/swiftpackageindex-builder/spi-builder-workspace/.derivedData/Build/Intermediates.noindex/NozeIO.build/Debug-watchos/mustache.build/Objects-normal/arm64_32/mustache-master-emit-module.d -o /Users/builder/builds/TDmZkXJm/0/finestructure/swiftpackageindex-builder/spi-builder-workspace/.derivedData/Build/Intermediates.noindex/NozeIO.build/Debug-watchos/mustache.build/Objects-normal/arm64_32/mustache.swiftmodule -emit-abi-descriptor-path /Users/builder/builds/TDmZkXJm/0/finestructure/swiftpackageindex-builder/spi-builder-workspace/.derivedData/Build/Intermediates.noindex/NozeIO.build/Debug-watchos/mustache.build/Objects-normal/arm64_32/mustache.abi.json
SwiftEmitModule normal arm64 Emitting\ module\ for\ mustache (in target 'mustache' from project 'NozeIO')
    cd /Users/builder/builds/TDmZkXJm/0/finestructure/swiftpackageindex-builder/spi-builder-workspace
    builtin-swiftTaskExecution -- /Applications/Xcode-15.3.0-Beta.2.app/Contents/Developer/Toolchains/XcodeDefault.xctoolchain/usr/bin/swift-frontend -frontend -emit-module -experimental-skip-non-inlinable-function-bodies-without-types /Users/builder/builds/TDmZkXJm/0/finestructure/swiftpackageindex-builder/spi-builder-workspace/Sources/mustache/HTMLEscape.swift /Users/builder/builds/TDmZkXJm/0/finestructure/swiftpackageindex-builder/spi-builder-workspace/Sources/mustache/Helpers.swift /Users/builder/builds/TDmZkXJm/0/finestructure/swiftpackageindex-builder/spi-builder-workspace/Sources/mustache/MustacheNode.swift /Users/builder/builds/TDmZkXJm/0/finestructure/swiftpackageindex-builder/spi-builder-workspace/Sources/mustache/MustacheParser.swift /Users/builder/builds/TDmZkXJm/0/finestructure/swiftpackageindex-builder/spi-builder-workspace/Sources/mustache/MustacheRenderingContext.swift /Users/builder/builds/TDmZkXJm/0/finestructure/swiftpackageindex-builder/spi-builder-workspace/Sources/mustache/SimpleKVC.swift -target arm64-apple-watchos5.0 -Xllvm -aarch64-use-tbi -enable-objc-interop -sdk /Applications/Xcode-15.3.0-Beta.2.app/Contents/Developer/Platforms/WatchOS.platform/Developer/SDKs/WatchOS10.4.sdk -I /Users/builder/builds/TDmZkXJm/0/finestructure/swiftpackageindex-builder/spi-builder-workspace/.derivedData/Build/Products/Debug-watchos -I /Applications/Xcode-15.3.0-Beta.2.app/Contents/Developer/Platforms/WatchOS.platform/Developer/usr/lib -F /Users/builder/builds/TDmZkXJm/0/finestructure/swiftpackageindex-builder/spi-builder-workspace/.derivedData/Build/Products/Debug-watchos -F /Applications/Xcode-15.3.0-Beta.2.app/Contents/Developer/Platforms/WatchOS.platform/Developer/Library/Frameworks -F /Applications/Xcode-15.3.0-Beta.2.app/Contents/Developer/Platforms/WatchOS.platform/Developer/SDKs/WatchOS10.4.sdk/Developer/Library/Frameworks -no-color-diagnostics -enable-testing -g -module-cache-path /Users/builder/builds/TDmZkXJm/0/finestructure/swiftpackageindex-builder/spi-builder-workspace/.derivedData/ModuleCache.noindex -swift-version 5 -enforce-exclusivity\=checked -Onone -D SWIFT_PACKAGE -D DEBUG -D Xcode -serialize-debugging-options -const-gather-protocols-file /Users/builder/builds/TDmZkXJm/0/finestructure/swiftpackageindex-builder/spi-builder-workspace/.derivedData/Build/Intermediates.noindex/NozeIO.build/Debug-watchos/mustache.build/Objects-normal/arm64/mustache_const_extract_protocols.json -empty-abi-descriptor -validate-clang-modules-once -clang-build-session-file /Users/builder/builds/TDmZkXJm/0/finestructure/swiftpackageindex-builder/spi-builder-workspace/.derivedData/ModuleCache.noindex/Session.modulevalidation -Xcc -working-directory -Xcc /Users/builder/builds/TDmZkXJm/0/finestructure/swiftpackageindex-builder/spi-builder-workspace -resource-dir /Applications/Xcode-15.3.0-Beta.2.app/Contents/Developer/Toolchains/XcodeDefault.xctoolchain/usr/lib/swift -enable-anonymous-context-mangled-names -Xcc -ivfsstatcache -Xcc /Users/builder/builds/TDmZkXJm/0/finestructure/swiftpackageindex-builder/spi-builder-workspace/.derivedData/SDKStatCaches.noindex/watchos10.4-21T5196c-188b4c5c5639cdba02b95625249bd203.sdkstatcache -Xcc -I/Users/builder/builds/TDmZkXJm/0/finestructure/swiftpackageindex-builder/spi-builder-workspace/.derivedData/Build/Intermediates.noindex/NozeIO.build/Debug-watchos/mustache.build/swift-overrides.hmap -Xcc -I/Users/builder/builds/TDmZkXJm/0/finestructure/swiftpackageindex-builder/spi-builder-workspace/.derivedData/Build/Products/Debug-watchos/include -Xcc -I/Users/builder/builds/TDmZkXJm/0/finestructure/swiftpackageindex-builder/spi-builder-workspace/.derivedData/Build/Intermediates.noindex/NozeIO.build/Debug-watchos/mustache.build/DerivedSources-normal/arm64 -Xcc -I/Users/builder/builds/TDmZkXJm/0/finestructure/swiftpackageindex-builder/spi-builder-workspace/.derivedData/Build/Intermediates.noindex/NozeIO.build/Debug-watchos/mustache.build/DerivedSources/arm64 -Xcc -I/Users/builder/builds/TDmZkXJm/0/finestructure/swiftpackageindex-builder/spi-builder-workspace/.derivedData/Build/Intermediates.noindex/NozeIO.build/Debug-watchos/mustache.build/DerivedSources -Xcc -DSWIFT_PACKAGE -Xcc -DDEBUG\=1 -module-name mustache -disable-clang-spi -target-sdk-version 10.4 -target-sdk-name watchos10.4 -external-plugin-path /Applications/Xcode-15.3.0-Beta.2.app/Contents/Developer/Platforms/WatchOS.platform/Developer/SDKs/WatchOS10.4.sdk/usr/lib/swift/host/plugins\#/Applications/Xcode-15.3.0-Beta.2.app/Contents/Developer/Platforms/WatchOS.platform/Developer/SDKs/WatchOS10.4.sdk/usr/bin/swift-plugin-server -external-plugin-path /Applications/Xcode-15.3.0-Beta.2.app/Contents/Developer/Platforms/WatchOS.platform/Developer/SDKs/WatchOS10.4.sdk/usr/local/lib/swift/host/plugins\#/Applications/Xcode-15.3.0-Beta.2.app/Contents/Developer/Platforms/WatchOS.platform/Developer/SDKs/WatchOS10.4.sdk/usr/bin/swift-plugin-server -external-plugin-path /Applications/Xcode-15.3.0-Beta.2.app/Contents/Developer/Platforms/WatchOS.platform/Developer/usr/lib/swift/host/plugins\#/Applications/Xcode-15.3.0-Beta.2.app/Contents/Developer/Platforms/WatchOS.platform/Developer/usr/bin/swift-plugin-server -external-plugin-path /Applications/Xcode-15.3.0-Beta.2.app/Contents/Developer/Platforms/WatchOS.platform/Developer/usr/local/lib/swift/host/plugins\#/Applications/Xcode-15.3.0-Beta.2.app/Contents/Developer/Platforms/WatchOS.platform/Developer/usr/bin/swift-plugin-server -plugin-path /Applications/Xcode-15.3.0-Beta.2.app/Contents/Developer/Toolchains/XcodeDefault.xctoolchain/usr/lib/swift/host/plugins -plugin-path /Applications/Xcode-15.3.0-Beta.2.app/Contents/Developer/Toolchains/XcodeDefault.xctoolchain/usr/local/lib/swift/host/plugins -emit-module-doc-path /Users/builder/builds/TDmZkXJm/0/finestructure/swiftpackageindex-builder/spi-builder-workspace/.derivedData/Build/Intermediates.noindex/NozeIO.build/Debug-watchos/mustache.build/Objects-normal/arm64/mustache.swiftdoc -emit-module-source-info-path /Users/builder/builds/TDmZkXJm/0/finestructure/swiftpackageindex-builder/spi-builder-workspace/.derivedData/Build/Intermediates.noindex/NozeIO.build/Debug-watchos/mustache.build/Objects-normal/arm64/mustache.swiftsourceinfo -emit-objc-header-path /Users/builder/builds/TDmZkXJm/0/finestructure/swiftpackageindex-builder/spi-builder-workspace/.derivedData/Build/Intermediates.noindex/NozeIO.build/Debug-watchos/mustache.build/Objects-normal/arm64/mustache-Swift.h -serialize-diagnostics-path /Users/builder/builds/TDmZkXJm/0/finestructure/swiftpackageindex-builder/spi-builder-workspace/.derivedData/Build/Intermediates.noindex/NozeIO.build/Debug-watchos/mustache.build/Objects-normal/arm64/mustache-master-emit-module.dia -emit-dependencies-path /Users/builder/builds/TDmZkXJm/0/finestructure/swiftpackageindex-builder/spi-builder-workspace/.derivedData/Build/Intermediates.noindex/NozeIO.build/Debug-watchos/mustache.build/Objects-normal/arm64/mustache-master-emit-module.d -o /Users/builder/builds/TDmZkXJm/0/finestructure/swiftpackageindex-builder/spi-builder-workspace/.derivedData/Build/Intermediates.noindex/NozeIO.build/Debug-watchos/mustache.build/Objects-normal/arm64/mustache.swiftmodule -emit-abi-descriptor-path /Users/builder/builds/TDmZkXJm/0/finestructure/swiftpackageindex-builder/spi-builder-workspace/.derivedData/Build/Intermediates.noindex/NozeIO.build/Debug-watchos/mustache.build/Objects-normal/arm64/mustache.abi.json
SwiftEmitModule normal armv7k Emitting\ module\ for\ mustache (in target 'mustache' from project 'NozeIO')
    cd /Users/builder/builds/TDmZkXJm/0/finestructure/swiftpackageindex-builder/spi-builder-workspace
    builtin-swiftTaskExecution -- /Applications/Xcode-15.3.0-Beta.2.app/Contents/Developer/Toolchains/XcodeDefault.xctoolchain/usr/bin/swift-frontend -frontend -emit-module -experimental-skip-non-inlinable-function-bodies-without-types /Users/builder/builds/TDmZkXJm/0/finestructure/swiftpackageindex-builder/spi-builder-workspace/Sources/mustache/HTMLEscape.swift /Users/builder/builds/TDmZkXJm/0/finestructure/swiftpackageindex-builder/spi-builder-workspace/Sources/mustache/Helpers.swift /Users/builder/builds/TDmZkXJm/0/finestructure/swiftpackageindex-builder/spi-builder-workspace/Sources/mustache/MustacheNode.swift /Users/builder/builds/TDmZkXJm/0/finestructure/swiftpackageindex-builder/spi-builder-workspace/Sources/mustache/MustacheParser.swift /Users/builder/builds/TDmZkXJm/0/finestructure/swiftpackageindex-builder/spi-builder-workspace/Sources/mustache/MustacheRenderingContext.swift /Users/builder/builds/TDmZkXJm/0/finestructure/swiftpackageindex-builder/spi-builder-workspace/Sources/mustache/SimpleKVC.swift -target armv7k-apple-watchos5.0 -enable-objc-interop -sdk /Applications/Xcode-15.3.0-Beta.2.app/Contents/Developer/Platforms/WatchOS.platform/Developer/SDKs/WatchOS10.4.sdk -I /Users/builder/builds/TDmZkXJm/0/finestructure/swiftpackageindex-builder/spi-builder-workspace/.derivedData/Build/Products/Debug-watchos -I /Applications/Xcode-15.3.0-Beta.2.app/Contents/Developer/Platforms/WatchOS.platform/Developer/usr/lib -F /Users/builder/builds/TDmZkXJm/0/finestructure/swiftpackageindex-builder/spi-builder-workspace/.derivedData/Build/Products/Debug-watchos -F /Applications/Xcode-15.3.0-Beta.2.app/Contents/Developer/Platforms/WatchOS.platform/Developer/Library/Frameworks -F /Applications/Xcode-15.3.0-Beta.2.app/Contents/Developer/Platforms/WatchOS.platform/Developer/SDKs/WatchOS10.4.sdk/Developer/Library/Frameworks -no-color-diagnostics -enable-testing -g -module-cache-path /Users/builder/builds/TDmZkXJm/0/finestructure/swiftpackageindex-builder/spi-builder-workspace/.derivedData/ModuleCache.noindex -swift-version 5 -enforce-exclusivity\=checked -Onone -D SWIFT_PACKAGE -D DEBUG -D Xcode -serialize-debugging-options -const-gather-protocols-file /Users/builder/builds/TDmZkXJm/0/finestructure/swiftpackageindex-builder/spi-builder-workspace/.derivedData/Build/Intermediates.noindex/NozeIO.build/Debug-watchos/mustache.build/Objects-normal/armv7k/mustache_const_extract_protocols.json -empty-abi-descriptor -validate-clang-modules-once -clang-build-session-file /Users/builder/builds/TDmZkXJm/0/finestructure/swiftpackageindex-builder/spi-builder-workspace/.derivedData/ModuleCache.noindex/Session.modulevalidation -Xcc -working-directory -Xcc /Users/builder/builds/TDmZkXJm/0/finestructure/swiftpackageindex-builder/spi-builder-workspace -resource-dir /Applications/Xcode-15.3.0-Beta.2.app/Contents/Developer/Toolchains/XcodeDefault.xctoolchain/usr/lib/swift -enable-anonymous-context-mangled-names -Xcc -ivfsstatcache -Xcc /Users/builder/builds/TDmZkXJm/0/finestructure/swiftpackageindex-builder/spi-builder-workspace/.derivedData/SDKStatCaches.noindex/watchos10.4-21T5196c-188b4c5c5639cdba02b95625249bd203.sdkstatcache -Xcc -I/Users/builder/builds/TDmZkXJm/0/finestructure/swiftpackageindex-builder/spi-builder-workspace/.derivedData/Build/Intermediates.noindex/NozeIO.build/Debug-watchos/mustache.build/swift-overrides.hmap -Xcc -I/Users/builder/builds/TDmZkXJm/0/finestructure/swiftpackageindex-builder/spi-builder-workspace/.derivedData/Build/Products/Debug-watchos/include -Xcc -I/Users/builder/builds/TDmZkXJm/0/finestructure/swiftpackageindex-builder/spi-builder-workspace/.derivedData/Build/Intermediates.noindex/NozeIO.build/Debug-watchos/mustache.build/DerivedSources-normal/armv7k -Xcc -I/Users/builder/builds/TDmZkXJm/0/finestructure/swiftpackageindex-builder/spi-builder-workspace/.derivedData/Build/Intermediates.noindex/NozeIO.build/Debug-watchos/mustache.build/DerivedSources/armv7k -Xcc -I/Users/builder/builds/TDmZkXJm/0/finestructure/swiftpackageindex-builder/spi-builder-workspace/.derivedData/Build/Intermediates.noindex/NozeIO.build/Debug-watchos/mustache.build/DerivedSources -Xcc -DSWIFT_PACKAGE -Xcc -DDEBUG\=1 -module-name mustache -disable-clang-spi -target-sdk-version 10.4 -target-sdk-name watchos10.4 -external-plugin-path /Applications/Xcode-15.3.0-Beta.2.app/Contents/Developer/Platforms/WatchOS.platform/Developer/SDKs/WatchOS10.4.sdk/usr/lib/swift/host/plugins\#/Applications/Xcode-15.3.0-Beta.2.app/Contents/Developer/Platforms/WatchOS.platform/Developer/SDKs/WatchOS10.4.sdk/usr/bin/swift-plugin-server -external-plugin-path /Applications/Xcode-15.3.0-Beta.2.app/Contents/Developer/Platforms/WatchOS.platform/Developer/SDKs/WatchOS10.4.sdk/usr/local/lib/swift/host/plugins\#/Applications/Xcode-15.3.0-Beta.2.app/Contents/Developer/Platforms/WatchOS.platform/Developer/SDKs/WatchOS10.4.sdk/usr/bin/swift-plugin-server -external-plugin-path /Applications/Xcode-15.3.0-Beta.2.app/Contents/Developer/Platforms/WatchOS.platform/Developer/usr/lib/swift/host/plugins\#/Applications/Xcode-15.3.0-Beta.2.app/Contents/Developer/Platforms/WatchOS.platform/Developer/usr/bin/swift-plugin-server -external-plugin-path /Applications/Xcode-15.3.0-Beta.2.app/Contents/Developer/Platforms/WatchOS.platform/Developer/usr/local/lib/swift/host/plugins\#/Applications/Xcode-15.3.0-Beta.2.app/Contents/Developer/Platforms/WatchOS.platform/Developer/usr/bin/swift-plugin-server -plugin-path /Applications/Xcode-15.3.0-Beta.2.app/Contents/Developer/Toolchains/XcodeDefault.xctoolchain/usr/lib/swift/host/plugins -plugin-path /Applications/Xcode-15.3.0-Beta.2.app/Contents/Developer/Toolchains/XcodeDefault.xctoolchain/usr/local/lib/swift/host/plugins -emit-module-doc-path /Users/builder/builds/TDmZkXJm/0/finestructure/swiftpackageindex-builder/spi-builder-workspace/.derivedData/Build/Intermediates.noindex/NozeIO.build/Debug-watchos/mustache.build/Objects-normal/armv7k/mustache.swiftdoc -emit-module-source-info-path /Users/builder/builds/TDmZkXJm/0/finestructure/swiftpackageindex-builder/spi-builder-workspace/.derivedData/Build/Intermediates.noindex/NozeIO.build/Debug-watchos/mustache.build/Objects-normal/armv7k/mustache.swiftsourceinfo -emit-objc-header-path /Users/builder/builds/TDmZkXJm/0/finestructure/swiftpackageindex-builder/spi-builder-workspace/.derivedData/Build/Intermediates.noindex/NozeIO.build/Debug-watchos/mustache.build/Objects-normal/armv7k/mustache-Swift.h -serialize-diagnostics-path /Users/builder/builds/TDmZkXJm/0/finestructure/swiftpackageindex-builder/spi-builder-workspace/.derivedData/Build/Intermediates.noindex/NozeIO.build/Debug-watchos/mustache.build/Objects-normal/armv7k/mustache-master-emit-module.dia -emit-dependencies-path /Users/builder/builds/TDmZkXJm/0/finestructure/swiftpackageindex-builder/spi-builder-workspace/.derivedData/Build/Intermediates.noindex/NozeIO.build/Debug-watchos/mustache.build/Objects-normal/armv7k/mustache-master-emit-module.d -o /Users/builder/builds/TDmZkXJm/0/finestructure/swiftpackageindex-builder/spi-builder-workspace/.derivedData/Build/Intermediates.noindex/NozeIO.build/Debug-watchos/mustache.build/Objects-normal/armv7k/mustache.swiftmodule -emit-abi-descriptor-path /Users/builder/builds/TDmZkXJm/0/finestructure/swiftpackageindex-builder/spi-builder-workspace/.derivedData/Build/Intermediates.noindex/NozeIO.build/Debug-watchos/mustache.build/Objects-normal/armv7k/mustache.abi.json
SwiftEmitModule normal armv7k Emitting\ module\ for\ http_parser (in target 'http_parser' from project 'NozeIO')
    cd /Users/builder/builds/TDmZkXJm/0/finestructure/swiftpackageindex-builder/spi-builder-workspace
    builtin-swiftTaskExecution -- /Applications/Xcode-15.3.0-Beta.2.app/Contents/Developer/Toolchains/XcodeDefault.xctoolchain/usr/bin/swift-frontend -frontend -emit-module -experimental-skip-non-inlinable-function-bodies-without-types /Users/builder/builds/TDmZkXJm/0/finestructure/swiftpackageindex-builder/spi-builder-workspace/Sources/http_parser/CString.swift /Users/builder/builds/TDmZkXJm/0/finestructure/swiftpackageindex-builder/spi-builder-workspace/Sources/http_parser/HTTPError.swift /Users/builder/builds/TDmZkXJm/0/finestructure/swiftpackageindex-builder/spi-builder-workspace/Sources/http_parser/HTTPMethod.swift /Users/builder/builds/TDmZkXJm/0/finestructure/swiftpackageindex-builder/spi-builder-workspace/Sources/http_parser/HTTPParserState.swift /Users/builder/builds/TDmZkXJm/0/finestructure/swiftpackageindex-builder/spi-builder-workspace/Sources/http_parser/URLParser.swift /Users/builder/builds/TDmZkXJm/0/finestructure/swiftpackageindex-builder/spi-builder-workspace/Sources/http_parser/ascii.swift /Users/builder/builds/TDmZkXJm/0/finestructure/swiftpackageindex-builder/spi-builder-workspace/Sources/http_parser/http_parser.swift /Users/builder/builds/TDmZkXJm/0/finestructure/swiftpackageindex-builder/spi-builder-workspace/Sources/http_parser/http_parser_settings.swift -target armv7k-apple-watchos5.0 -enable-objc-interop -sdk /Applications/Xcode-15.3.0-Beta.2.app/Contents/Developer/Platforms/WatchOS.platform/Developer/SDKs/WatchOS10.4.sdk -I /Users/builder/builds/TDmZkXJm/0/finestructure/swiftpackageindex-builder/spi-builder-workspace/.derivedData/Build/Products/Debug-watchos -I /Applications/Xcode-15.3.0-Beta.2.app/Contents/Developer/Platforms/WatchOS.platform/Developer/usr/lib -F /Users/builder/builds/TDmZkXJm/0/finestructure/swiftpackageindex-builder/spi-builder-workspace/.derivedData/Build/Products/Debug-watchos -F /Applications/Xcode-15.3.0-Beta.2.app/Contents/Developer/Platforms/WatchOS.platform/Developer/Library/Frameworks -F /Applications/Xcode-15.3.0-Beta.2.app/Contents/Developer/Platforms/WatchOS.platform/Developer/SDKs/WatchOS10.4.sdk/Developer/Library/Frameworks -no-color-diagnostics -enable-testing -g -module-cache-path /Users/builder/builds/TDmZkXJm/0/finestructure/swiftpackageindex-builder/spi-builder-workspace/.derivedData/ModuleCache.noindex -swift-version 5 -enforce-exclusivity\=checked -Onone -D SWIFT_PACKAGE -D DEBUG -D Xcode -serialize-debugging-options -const-gather-protocols-file /Users/builder/builds/TDmZkXJm/0/finestructure/swiftpackageindex-builder/spi-builder-workspace/.derivedData/Build/Intermediates.noindex/NozeIO.build/Debug-watchos/http_parser.build/Objects-normal/armv7k/http_parser_const_extract_protocols.json -empty-abi-descriptor -validate-clang-modules-once -clang-build-session-file /Users/builder/builds/TDmZkXJm/0/finestructure/swiftpackageindex-builder/spi-builder-workspace/.derivedData/ModuleCache.noindex/Session.modulevalidation -Xcc -working-directory -Xcc /Users/builder/builds/TDmZkXJm/0/finestructure/swiftpackageindex-builder/spi-builder-workspace -resource-dir /Applications/Xcode-15.3.0-Beta.2.app/Contents/Developer/Toolchains/XcodeDefault.xctoolchain/usr/lib/swift -enable-anonymous-context-mangled-names -Xcc -ivfsstatcache -Xcc /Users/builder/builds/TDmZkXJm/0/finestructure/swiftpackageindex-builder/spi-builder-workspace/.derivedData/SDKStatCaches.noindex/watchos10.4-21T5196c-188b4c5c5639cdba02b95625249bd203.sdkstatcache -Xcc -I/Users/builder/builds/TDmZkXJm/0/finestructure/swiftpackageindex-builder/spi-builder-workspace/.derivedData/Build/Intermediates.noindex/NozeIO.build/Debug-watchos/http_parser.build/swift-overrides.hmap -Xcc -I/Users/builder/builds/TDmZkXJm/0/finestructure/swiftpackageindex-builder/spi-builder-workspace/.derivedData/Build/Products/Debug-watchos/include -Xcc -I/Users/builder/builds/TDmZkXJm/0/finestructure/swiftpackageindex-builder/spi-builder-workspace/.derivedData/Build/Intermediates.noindex/NozeIO.build/Debug-watchos/http_parser.build/DerivedSources-normal/armv7k -Xcc -I/Users/builder/builds/TDmZkXJm/0/finestructure/swiftpackageindex-builder/spi-builder-workspace/.derivedData/Build/Intermediates.noindex/NozeIO.build/Debug-watchos/http_parser.build/DerivedSources/armv7k -Xcc -I/Users/builder/builds/TDmZkXJm/0/finestructure/swiftpackageindex-builder/spi-builder-workspace/.derivedData/Build/Intermediates.noindex/NozeIO.build/Debug-watchos/http_parser.build/DerivedSources -Xcc -DSWIFT_PACKAGE -Xcc -DDEBUG\=1 -module-name http_parser -disable-clang-spi -target-sdk-version 10.4 -target-sdk-name watchos10.4 -external-plugin-path /Applications/Xcode-15.3.0-Beta.2.app/Contents/Developer/Platforms/WatchOS.platform/Developer/SDKs/WatchOS10.4.sdk/usr/lib/swift/host/plugins\#/Applications/Xcode-15.3.0-Beta.2.app/Contents/Developer/Platforms/WatchOS.platform/Developer/SDKs/WatchOS10.4.sdk/usr/bin/swift-plugin-server -external-plugin-path /Applications/Xcode-15.3.0-Beta.2.app/Contents/Developer/Platforms/WatchOS.platform/Developer/SDKs/WatchOS10.4.sdk/usr/local/lib/swift/host/plugins\#/Applications/Xcode-15.3.0-Beta.2.app/Contents/Developer/Platforms/WatchOS.platform/Developer/SDKs/WatchOS10.4.sdk/usr/bin/swift-plugin-server -external-plugin-path /Applications/Xcode-15.3.0-Beta.2.app/Contents/Developer/Platforms/WatchOS.platform/Developer/usr/lib/swift/host/plugins\#/Applications/Xcode-15.3.0-Beta.2.app/Contents/Developer/Platforms/WatchOS.platform/Developer/usr/bin/swift-plugin-server -external-plugin-path /Applications/Xcode-15.3.0-Beta.2.app/Contents/Developer/Platforms/WatchOS.platform/Developer/usr/local/lib/swift/host/plugins\#/Applications/Xcode-15.3.0-Beta.2.app/Contents/Developer/Platforms/WatchOS.platform/Developer/usr/bin/swift-plugin-server -plugin-path /Applications/Xcode-15.3.0-Beta.2.app/Contents/Developer/Toolchains/XcodeDefault.xctoolchain/usr/lib/swift/host/plugins -plugin-path /Applications/Xcode-15.3.0-Beta.2.app/Contents/Developer/Toolchains/XcodeDefault.xctoolchain/usr/local/lib/swift/host/plugins -emit-module-doc-path /Users/builder/builds/TDmZkXJm/0/finestructure/swiftpackageindex-builder/spi-builder-workspace/.derivedData/Build/Intermediates.noindex/NozeIO.build/Debug-watchos/http_parser.build/Objects-normal/armv7k/http_parser.swiftdoc -emit-module-source-info-path /Users/builder/builds/TDmZkXJm/0/finestructure/swiftpackageindex-builder/spi-builder-workspace/.derivedData/Build/Intermediates.noindex/NozeIO.build/Debug-watchos/http_parser.build/Objects-normal/armv7k/http_parser.swiftsourceinfo -emit-objc-header-path /Users/builder/builds/TDmZkXJm/0/finestructure/swiftpackageindex-builder/spi-builder-workspace/.derivedData/Build/Intermediates.noindex/NozeIO.build/Debug-watchos/http_parser.build/Objects-normal/armv7k/http_parser-Swift.h -serialize-diagnostics-path /Users/builder/builds/TDmZkXJm/0/finestructure/swiftpackageindex-builder/spi-builder-workspace/.derivedData/Build/Intermediates.noindex/NozeIO.build/Debug-watchos/http_parser.build/Objects-normal/armv7k/http_parser-master-emit-module.dia -emit-dependencies-path /Users/builder/builds/TDmZkXJm/0/finestructure/swiftpackageindex-builder/spi-builder-workspace/.derivedData/Build/Intermediates.noindex/NozeIO.build/Debug-watchos/http_parser.build/Objects-normal/armv7k/http_parser-master-emit-module.d -o /Users/builder/builds/TDmZkXJm/0/finestructure/swiftpackageindex-builder/spi-builder-workspace/.derivedData/Build/Intermediates.noindex/NozeIO.build/Debug-watchos/http_parser.build/Objects-normal/armv7k/http_parser.swiftmodule -emit-abi-descriptor-path /Users/builder/builds/TDmZkXJm/0/finestructure/swiftpackageindex-builder/spi-builder-workspace/.derivedData/Build/Intermediates.noindex/NozeIO.build/Debug-watchos/http_parser.build/Objects-normal/armv7k/http_parser.abi.json
SwiftEmitModule normal arm64_32 Emitting\ module\ for\ http_parser (in target 'http_parser' from project 'NozeIO')
    cd /Users/builder/builds/TDmZkXJm/0/finestructure/swiftpackageindex-builder/spi-builder-workspace
    builtin-swiftTaskExecution -- /Applications/Xcode-15.3.0-Beta.2.app/Contents/Developer/Toolchains/XcodeDefault.xctoolchain/usr/bin/swift-frontend -frontend -emit-module -experimental-skip-non-inlinable-function-bodies-without-types /Users/builder/builds/TDmZkXJm/0/finestructure/swiftpackageindex-builder/spi-builder-workspace/Sources/http_parser/CString.swift /Users/builder/builds/TDmZkXJm/0/finestructure/swiftpackageindex-builder/spi-builder-workspace/Sources/http_parser/HTTPError.swift /Users/builder/builds/TDmZkXJm/0/finestructure/swiftpackageindex-builder/spi-builder-workspace/Sources/http_parser/HTTPMethod.swift /Users/builder/builds/TDmZkXJm/0/finestructure/swiftpackageindex-builder/spi-builder-workspace/Sources/http_parser/HTTPParserState.swift /Users/builder/builds/TDmZkXJm/0/finestructure/swiftpackageindex-builder/spi-builder-workspace/Sources/http_parser/URLParser.swift /Users/builder/builds/TDmZkXJm/0/finestructure/swiftpackageindex-builder/spi-builder-workspace/Sources/http_parser/ascii.swift /Users/builder/builds/TDmZkXJm/0/finestructure/swiftpackageindex-builder/spi-builder-workspace/Sources/http_parser/http_parser.swift /Users/builder/builds/TDmZkXJm/0/finestructure/swiftpackageindex-builder/spi-builder-workspace/Sources/http_parser/http_parser_settings.swift -target arm64_32-apple-watchos5.0 -enable-objc-interop -sdk /Applications/Xcode-15.3.0-Beta.2.app/Contents/Developer/Platforms/WatchOS.platform/Developer/SDKs/WatchOS10.4.sdk -I /Users/builder/builds/TDmZkXJm/0/finestructure/swiftpackageindex-builder/spi-builder-workspace/.derivedData/Build/Products/Debug-watchos -I /Applications/Xcode-15.3.0-Beta.2.app/Contents/Developer/Platforms/WatchOS.platform/Developer/usr/lib -F /Users/builder/builds/TDmZkXJm/0/finestructure/swiftpackageindex-builder/spi-builder-workspace/.derivedData/Build/Products/Debug-watchos -F /Applications/Xcode-15.3.0-Beta.2.app/Contents/Developer/Platforms/WatchOS.platform/Developer/Library/Frameworks -F /Applications/Xcode-15.3.0-Beta.2.app/Contents/Developer/Platforms/WatchOS.platform/Developer/SDKs/WatchOS10.4.sdk/Developer/Library/Frameworks -no-color-diagnostics -enable-testing -g -module-cache-path /Users/builder/builds/TDmZkXJm/0/finestructure/swiftpackageindex-builder/spi-builder-workspace/.derivedData/ModuleCache.noindex -swift-version 5 -enforce-exclusivity\=checked -Onone -D SWIFT_PACKAGE -D DEBUG -D Xcode -serialize-debugging-options -const-gather-protocols-file /Users/builder/builds/TDmZkXJm/0/finestructure/swiftpackageindex-builder/spi-builder-workspace/.derivedData/Build/Intermediates.noindex/NozeIO.build/Debug-watchos/http_parser.build/Objects-normal/arm64_32/http_parser_const_extract_protocols.json -empty-abi-descriptor -validate-clang-modules-once -clang-build-session-file /Users/builder/builds/TDmZkXJm/0/finestructure/swiftpackageindex-builder/spi-builder-workspace/.derivedData/ModuleCache.noindex/Session.modulevalidation -Xcc -working-directory -Xcc /Users/builder/builds/TDmZkXJm/0/finestructure/swiftpackageindex-builder/spi-builder-workspace -resource-dir /Applications/Xcode-15.3.0-Beta.2.app/Contents/Developer/Toolchains/XcodeDefault.xctoolchain/usr/lib/swift -enable-anonymous-context-mangled-names -Xcc -ivfsstatcache -Xcc /Users/builder/builds/TDmZkXJm/0/finestructure/swiftpackageindex-builder/spi-builder-workspace/.derivedData/SDKStatCaches.noindex/watchos10.4-21T5196c-188b4c5c5639cdba02b95625249bd203.sdkstatcache -Xcc -I/Users/builder/builds/TDmZkXJm/0/finestructure/swiftpackageindex-builder/spi-builder-workspace/.derivedData/Build/Intermediates.noindex/NozeIO.build/Debug-watchos/http_parser.build/swift-overrides.hmap -Xcc -I/Users/builder/builds/TDmZkXJm/0/finestructure/swiftpackageindex-builder/spi-builder-workspace/.derivedData/Build/Products/Debug-watchos/include -Xcc -I/Users/builder/builds/TDmZkXJm/0/finestructure/swiftpackageindex-builder/spi-builder-workspace/.derivedData/Build/Intermediates.noindex/NozeIO.build/Debug-watchos/http_parser.build/DerivedSources-normal/arm64_32 -Xcc -I/Users/builder/builds/TDmZkXJm/0/finestructure/swiftpackageindex-builder/spi-builder-workspace/.derivedData/Build/Intermediates.noindex/NozeIO.build/Debug-watchos/http_parser.build/DerivedSources/arm64_32 -Xcc -I/Users/builder/builds/TDmZkXJm/0/finestructure/swiftpackageindex-builder/spi-builder-workspace/.derivedData/Build/Intermediates.noindex/NozeIO.build/Debug-watchos/http_parser.build/DerivedSources -Xcc -DSWIFT_PACKAGE -Xcc -DDEBUG\=1 -module-name http_parser -disable-clang-spi -target-sdk-version 10.4 -target-sdk-name watchos10.4 -external-plugin-path /Applications/Xcode-15.3.0-Beta.2.app/Contents/Developer/Platforms/WatchOS.platform/Developer/SDKs/WatchOS10.4.sdk/usr/lib/swift/host/plugins\#/Applications/Xcode-15.3.0-Beta.2.app/Contents/Developer/Platforms/WatchOS.platform/Developer/SDKs/WatchOS10.4.sdk/usr/bin/swift-plugin-server -external-plugin-path /Applications/Xcode-15.3.0-Beta.2.app/Contents/Developer/Platforms/WatchOS.platform/Developer/SDKs/WatchOS10.4.sdk/usr/local/lib/swift/host/plugins\#/Applications/Xcode-15.3.0-Beta.2.app/Contents/Developer/Platforms/WatchOS.platform/Developer/SDKs/WatchOS10.4.sdk/usr/bin/swift-plugin-server -external-plugin-path /Applications/Xcode-15.3.0-Beta.2.app/Contents/Developer/Platforms/WatchOS.platform/Developer/usr/lib/swift/host/plugins\#/Applications/Xcode-15.3.0-Beta.2.app/Contents/Developer/Platforms/WatchOS.platform/Developer/usr/bin/swift-plugin-server -external-plugin-path /Applications/Xcode-15.3.0-Beta.2.app/Contents/Developer/Platforms/WatchOS.platform/Developer/usr/local/lib/swift/host/plugins\#/Applications/Xcode-15.3.0-Beta.2.app/Contents/Developer/Platforms/WatchOS.platform/Developer/usr/bin/swift-plugin-server -plugin-path /Applications/Xcode-15.3.0-Beta.2.app/Contents/Developer/Toolchains/XcodeDefault.xctoolchain/usr/lib/swift/host/plugins -plugin-path /Applications/Xcode-15.3.0-Beta.2.app/Contents/Developer/Toolchains/XcodeDefault.xctoolchain/usr/local/lib/swift/host/plugins -emit-module-doc-path /Users/builder/builds/TDmZkXJm/0/finestructure/swiftpackageindex-builder/spi-builder-workspace/.derivedData/Build/Intermediates.noindex/NozeIO.build/Debug-watchos/http_parser.build/Objects-normal/arm64_32/http_parser.swiftdoc -emit-module-source-info-path /Users/builder/builds/TDmZkXJm/0/finestructure/swiftpackageindex-builder/spi-builder-workspace/.derivedData/Build/Intermediates.noindex/NozeIO.build/Debug-watchos/http_parser.build/Objects-normal/arm64_32/http_parser.swiftsourceinfo -emit-objc-header-path /Users/builder/builds/TDmZkXJm/0/finestructure/swiftpackageindex-builder/spi-builder-workspace/.derivedData/Build/Intermediates.noindex/NozeIO.build/Debug-watchos/http_parser.build/Objects-normal/arm64_32/http_parser-Swift.h -serialize-diagnostics-path /Users/builder/builds/TDmZkXJm/0/finestructure/swiftpackageindex-builder/spi-builder-workspace/.derivedData/Build/Intermediates.noindex/NozeIO.build/Debug-watchos/http_parser.build/Objects-normal/arm64_32/http_parser-master-emit-module.dia -emit-dependencies-path /Users/builder/builds/TDmZkXJm/0/finestructure/swiftpackageindex-builder/spi-builder-workspace/.derivedData/Build/Intermediates.noindex/NozeIO.build/Debug-watchos/http_parser.build/Objects-normal/arm64_32/http_parser-master-emit-module.d -o /Users/builder/builds/TDmZkXJm/0/finestructure/swiftpackageindex-builder/spi-builder-workspace/.derivedData/Build/Intermediates.noindex/NozeIO.build/Debug-watchos/http_parser.build/Objects-normal/arm64_32/http_parser.swiftmodule -emit-abi-descriptor-path /Users/builder/builds/TDmZkXJm/0/finestructure/swiftpackageindex-builder/spi-builder-workspace/.derivedData/Build/Intermediates.noindex/NozeIO.build/Debug-watchos/http_parser.build/Objects-normal/arm64_32/http_parser.abi.json
SwiftEmitModule normal armv7k Emitting\ module\ for\ base64 (in target 'base64' from project 'NozeIO')
    cd /Users/builder/builds/TDmZkXJm/0/finestructure/swiftpackageindex-builder/spi-builder-workspace
    builtin-swiftTaskExecution -- /Applications/Xcode-15.3.0-Beta.2.app/Contents/Developer/Toolchains/XcodeDefault.xctoolchain/usr/bin/swift-frontend -frontend -emit-module -experimental-skip-non-inlinable-function-bodies-without-types /Users/builder/builds/TDmZkXJm/0/finestructure/swiftpackageindex-builder/spi-builder-workspace/Sources/base64/Base64.swift -target armv7k-apple-watchos5.0 -enable-objc-interop -sdk /Applications/Xcode-15.3.0-Beta.2.app/Contents/Developer/Platforms/WatchOS.platform/Developer/SDKs/WatchOS10.4.sdk -I /Users/builder/builds/TDmZkXJm/0/finestructure/swiftpackageindex-builder/spi-builder-workspace/.derivedData/Build/Products/Debug-watchos -I /Applications/Xcode-15.3.0-Beta.2.app/Contents/Developer/Platforms/WatchOS.platform/Developer/usr/lib -F /Users/builder/builds/TDmZkXJm/0/finestructure/swiftpackageindex-builder/spi-builder-workspace/.derivedData/Build/Products/Debug-watchos -F /Applications/Xcode-15.3.0-Beta.2.app/Contents/Developer/Platforms/WatchOS.platform/Developer/Library/Frameworks -F /Applications/Xcode-15.3.0-Beta.2.app/Contents/Developer/Platforms/WatchOS.platform/Developer/SDKs/WatchOS10.4.sdk/Developer/Library/Frameworks -no-color-diagnostics -enable-testing -g -module-cache-path /Users/builder/builds/TDmZkXJm/0/finestructure/swiftpackageindex-builder/spi-builder-workspace/.derivedData/ModuleCache.noindex -swift-version 5 -enforce-exclusivity\=checked -Onone -D SWIFT_PACKAGE -D DEBUG -D Xcode -serialize-debugging-options -const-gather-protocols-file /Users/builder/builds/TDmZkXJm/0/finestructure/swiftpackageindex-builder/spi-builder-workspace/.derivedData/Build/Intermediates.noindex/NozeIO.build/Debug-watchos/base64.build/Objects-normal/armv7k/base64_const_extract_protocols.json -empty-abi-descriptor -validate-clang-modules-once -clang-build-session-file /Users/builder/builds/TDmZkXJm/0/finestructure/swiftpackageindex-builder/spi-builder-workspace/.derivedData/ModuleCache.noindex/Session.modulevalidation -Xcc -working-directory -Xcc /Users/builder/builds/TDmZkXJm/0/finestructure/swiftpackageindex-builder/spi-builder-workspace -resource-dir /Applications/Xcode-15.3.0-Beta.2.app/Contents/Developer/Toolchains/XcodeDefault.xctoolchain/usr/lib/swift -enable-anonymous-context-mangled-names -Xcc -ivfsstatcache -Xcc /Users/builder/builds/TDmZkXJm/0/finestructure/swiftpackageindex-builder/spi-builder-workspace/.derivedData/SDKStatCaches.noindex/watchos10.4-21T5196c-188b4c5c5639cdba02b95625249bd203.sdkstatcache -Xcc -I/Users/builder/builds/TDmZkXJm/0/finestructure/swiftpackageindex-builder/spi-builder-workspace/.derivedData/Build/Intermediates.noindex/NozeIO.build/Debug-watchos/base64.build/swift-overrides.hmap -Xcc -I/Users/builder/builds/TDmZkXJm/0/finestructure/swiftpackageindex-builder/spi-builder-workspace/.derivedData/Build/Products/Debug-watchos/include -Xcc -I/Users/builder/builds/TDmZkXJm/0/finestructure/swiftpackageindex-builder/spi-builder-workspace/.derivedData/Build/Intermediates.noindex/NozeIO.build/Debug-watchos/base64.build/DerivedSources-normal/armv7k -Xcc -I/Users/builder/builds/TDmZkXJm/0/finestructure/swiftpackageindex-builder/spi-builder-workspace/.derivedData/Build/Intermediates.noindex/NozeIO.build/Debug-watchos/base64.build/DerivedSources/armv7k -Xcc -I/Users/builder/builds/TDmZkXJm/0/finestructure/swiftpackageindex-builder/spi-builder-workspace/.derivedData/Build/Intermediates.noindex/NozeIO.build/Debug-watchos/base64.build/DerivedSources -Xcc -DSWIFT_PACKAGE -Xcc -DDEBUG\=1 -module-name base64 -disable-clang-spi -target-sdk-version 10.4 -target-sdk-name watchos10.4 -external-plugin-path /Applications/Xcode-15.3.0-Beta.2.app/Contents/Developer/Platforms/WatchOS.platform/Developer/SDKs/WatchOS10.4.sdk/usr/lib/swift/host/plugins\#/Applications/Xcode-15.3.0-Beta.2.app/Contents/Developer/Platforms/WatchOS.platform/Developer/SDKs/WatchOS10.4.sdk/usr/bin/swift-plugin-server -external-plugin-path /Applications/Xcode-15.3.0-Beta.2.app/Contents/Developer/Platforms/WatchOS.platform/Developer/SDKs/WatchOS10.4.sdk/usr/local/lib/swift/host/plugins\#/Applications/Xcode-15.3.0-Beta.2.app/Contents/Developer/Platforms/WatchOS.platform/Developer/SDKs/WatchOS10.4.sdk/usr/bin/swift-plugin-server -external-plugin-path /Applications/Xcode-15.3.0-Beta.2.app/Contents/Developer/Platforms/WatchOS.platform/Developer/usr/lib/swift/host/plugins\#/Applications/Xcode-15.3.0-Beta.2.app/Contents/Developer/Platforms/WatchOS.platform/Developer/usr/bin/swift-plugin-server -external-plugin-path /Applications/Xcode-15.3.0-Beta.2.app/Contents/Developer/Platforms/WatchOS.platform/Developer/usr/local/lib/swift/host/plugins\#/Applications/Xcode-15.3.0-Beta.2.app/Contents/Developer/Platforms/WatchOS.platform/Developer/usr/bin/swift-plugin-server -plugin-path /Applications/Xcode-15.3.0-Beta.2.app/Contents/Developer/Toolchains/XcodeDefault.xctoolchain/usr/lib/swift/host/plugins -plugin-path /Applications/Xcode-15.3.0-Beta.2.app/Contents/Developer/Toolchains/XcodeDefault.xctoolchain/usr/local/lib/swift/host/plugins -emit-module-doc-path /Users/builder/builds/TDmZkXJm/0/finestructure/swiftpackageindex-builder/spi-builder-workspace/.derivedData/Build/Intermediates.noindex/NozeIO.build/Debug-watchos/base64.build/Objects-normal/armv7k/base64.swiftdoc -emit-module-source-info-path /Users/builder/builds/TDmZkXJm/0/finestructure/swiftpackageindex-builder/spi-builder-workspace/.derivedData/Build/Intermediates.noindex/NozeIO.build/Debug-watchos/base64.build/Objects-normal/armv7k/base64.swiftsourceinfo -emit-objc-header-path /Users/builder/builds/TDmZkXJm/0/finestructure/swiftpackageindex-builder/spi-builder-workspace/.derivedData/Build/Intermediates.noindex/NozeIO.build/Debug-watchos/base64.build/Objects-normal/armv7k/base64-Swift.h -serialize-diagnostics-path /Users/builder/builds/TDmZkXJm/0/finestructure/swiftpackageindex-builder/spi-builder-workspace/.derivedData/Build/Intermediates.noindex/NozeIO.build/Debug-watchos/base64.build/Objects-normal/armv7k/base64-master-emit-module.dia -emit-dependencies-path /Users/builder/builds/TDmZkXJm/0/finestructure/swiftpackageindex-builder/spi-builder-workspace/.derivedData/Build/Intermediates.noindex/NozeIO.build/Debug-watchos/base64.build/Objects-normal/armv7k/base64-master-emit-module.d -parse-as-library -o /Users/builder/builds/TDmZkXJm/0/finestructure/swiftpackageindex-builder/spi-builder-workspace/.derivedData/Build/Intermediates.noindex/NozeIO.build/Debug-watchos/base64.build/Objects-normal/armv7k/base64.swiftmodule -emit-abi-descriptor-path /Users/builder/builds/TDmZkXJm/0/finestructure/swiftpackageindex-builder/spi-builder-workspace/.derivedData/Build/Intermediates.noindex/NozeIO.build/Debug-watchos/base64.build/Objects-normal/armv7k/base64.abi.json
SwiftDriver base64 normal arm64_32 com.apple.xcode.tools.swift.compiler (in target 'base64' from project 'NozeIO')
    cd /Users/builder/builds/TDmZkXJm/0/finestructure/swiftpackageindex-builder/spi-builder-workspace
    builtin-SwiftDriver -- /Applications/Xcode-15.3.0-Beta.2.app/Contents/Developer/Toolchains/XcodeDefault.xctoolchain/usr/bin/swiftc -module-name base64 -Onone -enforce-exclusivity\=checked @/Users/builder/builds/TDmZkXJm/0/finestructure/swiftpackageindex-builder/spi-builder-workspace/.derivedData/Build/Intermediates.noindex/NozeIO.build/Debug-watchos/base64.build/Objects-normal/arm64_32/base64.SwiftFileList -DSWIFT_PACKAGE -DDEBUG -DXcode -sdk /Applications/Xcode-15.3.0-Beta.2.app/Contents/Developer/Platforms/WatchOS.platform/Developer/SDKs/WatchOS10.4.sdk -target arm64_32-apple-watchos5.0 -g -module-cache-path /Users/builder/builds/TDmZkXJm/0/finestructure/swiftpackageindex-builder/spi-builder-workspace/.derivedData/ModuleCache.noindex -Xfrontend -serialize-debugging-options -enable-testing -index-store-path /Users/builder/builds/TDmZkXJm/0/finestructure/swiftpackageindex-builder/spi-builder-workspace/.derivedData/Index.noindex/DataStore -swift-version 5 -I /Users/builder/builds/TDmZkXJm/0/finestructure/swiftpackageindex-builder/spi-builder-workspace/.derivedData/Build/Products/Debug-watchos -I /Applications/Xcode-15.3.0-Beta.2.app/Contents/Developer/Platforms/WatchOS.platform/Developer/usr/lib -F /Users/builder/builds/TDmZkXJm/0/finestructure/swiftpackageindex-builder/spi-builder-workspace/.derivedData/Build/Products/Debug-watchos -F /Applications/Xcode-15.3.0-Beta.2.app/Contents/Developer/Platforms/WatchOS.platform/Developer/Library/Frameworks -F /Applications/Xcode-15.3.0-Beta.2.app/Contents/Developer/Platforms/WatchOS.platform/Developer/SDKs/WatchOS10.4.sdk/Developer/Library/Frameworks -parse-as-library -c -j8 -enable-batch-mode -incremental -Xcc -ivfsstatcache -Xcc /Users/builder/builds/TDmZkXJm/0/finestructure/swiftpackageindex-builder/spi-builder-workspace/.derivedData/SDKStatCaches.noindex/watchos10.4-21T5196c-188b4c5c5639cdba02b95625249bd203.sdkstatcache -output-file-map /Users/builder/builds/TDmZkXJm/0/finestructure/swiftpackageindex-builder/spi-builder-workspace/.derivedData/Build/Intermediates.noindex/NozeIO.build/Debug-watchos/base64.build/Objects-normal/arm64_32/base64-OutputFileMap.json -use-frontend-parseable-output -save-temps -no-color-diagnostics -serialize-diagnostics -emit-dependencies -emit-module -emit-module-path /Users/builder/builds/TDmZkXJm/0/finestructure/swiftpackageindex-builder/spi-builder-workspace/.derivedData/Build/Intermediates.noindex/NozeIO.build/Debug-watchos/base64.build/Objects-normal/arm64_32/base64.swiftmodule -validate-clang-modules-once -clang-build-session-file /Users/builder/builds/TDmZkXJm/0/finestructure/swiftpackageindex-builder/spi-builder-workspace/.derivedData/ModuleCache.noindex/Session.modulevalidation -Xcc -I/Users/builder/builds/TDmZkXJm/0/finestructure/swiftpackageindex-builder/spi-builder-workspace/.derivedData/Build/Intermediates.noindex/NozeIO.build/Debug-watchos/base64.build/swift-overrides.hmap -emit-const-values -Xfrontend -const-gather-protocols-file -Xfrontend /Users/builder/builds/TDmZkXJm/0/finestructure/swiftpackageindex-builder/spi-builder-workspace/.derivedData/Build/Intermediates.noindex/NozeIO.build/Debug-watchos/base64.build/Objects-normal/arm64_32/base64_const_extract_protocols.json -Xcc -I/Users/builder/builds/TDmZkXJm/0/finestructure/swiftpackageindex-builder/spi-builder-workspace/.derivedData/Build/Products/Debug-watchos/include -Xcc -I/Users/builder/builds/TDmZkXJm/0/finestructure/swiftpackageindex-builder/spi-builder-workspace/.derivedData/Build/Intermediates.noindex/NozeIO.build/Debug-watchos/base64.build/DerivedSources-normal/arm64_32 -Xcc -I/Users/builder/builds/TDmZkXJm/0/finestructure/swiftpackageindex-builder/spi-builder-workspace/.derivedData/Build/Intermediates.noindex/NozeIO.build/Debug-watchos/base64.build/DerivedSources/arm64_32 -Xcc -I/Users/builder/builds/TDmZkXJm/0/finestructure/swiftpackageindex-builder/spi-builder-workspace/.derivedData/Build/Intermediates.noindex/NozeIO.build/Debug-watchos/base64.build/DerivedSources -Xcc -DSWIFT_PACKAGE -Xcc -DDEBUG\=1 -emit-objc-header -emit-objc-header-path /Users/builder/builds/TDmZkXJm/0/finestructure/swiftpackageindex-builder/spi-builder-workspace/.derivedData/Build/Intermediates.noindex/NozeIO.build/Debug-watchos/base64.build/Objects-normal/arm64_32/base64-Swift.h -working-directory /Users/builder/builds/TDmZkXJm/0/finestructure/swiftpackageindex-builder/spi-builder-workspace -experimental-emit-module-separately -disable-cmo
SwiftEmitModule normal arm64 Emitting\ module\ for\ base64 (in target 'base64' from project 'NozeIO')
    cd /Users/builder/builds/TDmZkXJm/0/finestructure/swiftpackageindex-builder/spi-builder-workspace
    builtin-swiftTaskExecution -- /Applications/Xcode-15.3.0-Beta.2.app/Contents/Developer/Toolchains/XcodeDefault.xctoolchain/usr/bin/swift-frontend -frontend -emit-module -experimental-skip-non-inlinable-function-bodies-without-types /Users/builder/builds/TDmZkXJm/0/finestructure/swiftpackageindex-builder/spi-builder-workspace/Sources/base64/Base64.swift -target arm64-apple-watchos5.0 -Xllvm -aarch64-use-tbi -enable-objc-interop -sdk /Applications/Xcode-15.3.0-Beta.2.app/Contents/Developer/Platforms/WatchOS.platform/Developer/SDKs/WatchOS10.4.sdk -I /Users/builder/builds/TDmZkXJm/0/finestructure/swiftpackageindex-builder/spi-builder-workspace/.derivedData/Build/Products/Debug-watchos -I /Applications/Xcode-15.3.0-Beta.2.app/Contents/Developer/Platforms/WatchOS.platform/Developer/usr/lib -F /Users/builder/builds/TDmZkXJm/0/finestructure/swiftpackageindex-builder/spi-builder-workspace/.derivedData/Build/Products/Debug-watchos -F /Applications/Xcode-15.3.0-Beta.2.app/Contents/Developer/Platforms/WatchOS.platform/Developer/Library/Frameworks -F /Applications/Xcode-15.3.0-Beta.2.app/Contents/Developer/Platforms/WatchOS.platform/Developer/SDKs/WatchOS10.4.sdk/Developer/Library/Frameworks -no-color-diagnostics -enable-testing -g -module-cache-path /Users/builder/builds/TDmZkXJm/0/finestructure/swiftpackageindex-builder/spi-builder-workspace/.derivedData/ModuleCache.noindex -swift-version 5 -enforce-exclusivity\=checked -Onone -D SWIFT_PACKAGE -D DEBUG -D Xcode -serialize-debugging-options -const-gather-protocols-file /Users/builder/builds/TDmZkXJm/0/finestructure/swiftpackageindex-builder/spi-builder-workspace/.derivedData/Build/Intermediates.noindex/NozeIO.build/Debug-watchos/base64.build/Objects-normal/arm64/base64_const_extract_protocols.json -empty-abi-descriptor -validate-clang-modules-once -clang-build-session-file /Users/builder/builds/TDmZkXJm/0/finestructure/swiftpackageindex-builder/spi-builder-workspace/.derivedData/ModuleCache.noindex/Session.modulevalidation -Xcc -working-directory -Xcc /Users/builder/builds/TDmZkXJm/0/finestructure/swiftpackageindex-builder/spi-builder-workspace -resource-dir /Applications/Xcode-15.3.0-Beta.2.app/Contents/Developer/Toolchains/XcodeDefault.xctoolchain/usr/lib/swift -enable-anonymous-context-mangled-names -Xcc -ivfsstatcache -Xcc /Users/builder/builds/TDmZkXJm/0/finestructure/swiftpackageindex-builder/spi-builder-workspace/.derivedData/SDKStatCaches.noindex/watchos10.4-21T5196c-188b4c5c5639cdba02b95625249bd203.sdkstatcache -Xcc -I/Users/builder/builds/TDmZkXJm/0/finestructure/swiftpackageindex-builder/spi-builder-workspace/.derivedData/Build/Intermediates.noindex/NozeIO.build/Debug-watchos/base64.build/swift-overrides.hmap -Xcc -I/Users/builder/builds/TDmZkXJm/0/finestructure/swiftpackageindex-builder/spi-builder-workspace/.derivedData/Build/Products/Debug-watchos/include -Xcc -I/Users/builder/builds/TDmZkXJm/0/finestructure/swiftpackageindex-builder/spi-builder-workspace/.derivedData/Build/Intermediates.noindex/NozeIO.build/Debug-watchos/base64.build/DerivedSources-normal/arm64 -Xcc -I/Users/builder/builds/TDmZkXJm/0/finestructure/swiftpackageindex-builder/spi-builder-workspace/.derivedData/Build/Intermediates.noindex/NozeIO.build/Debug-watchos/base64.build/DerivedSources/arm64 -Xcc -I/Users/builder/builds/TDmZkXJm/0/finestructure/swiftpackageindex-builder/spi-builder-workspace/.derivedData/Build/Intermediates.noindex/NozeIO.build/Debug-watchos/base64.build/DerivedSources -Xcc -DSWIFT_PACKAGE -Xcc -DDEBUG\=1 -module-name base64 -disable-clang-spi -target-sdk-version 10.4 -target-sdk-name watchos10.4 -external-plugin-path /Applications/Xcode-15.3.0-Beta.2.app/Contents/Developer/Platforms/WatchOS.platform/Developer/SDKs/WatchOS10.4.sdk/usr/lib/swift/host/plugins\#/Applications/Xcode-15.3.0-Beta.2.app/Contents/Developer/Platforms/WatchOS.platform/Developer/SDKs/WatchOS10.4.sdk/usr/bin/swift-plugin-server -external-plugin-path /Applications/Xcode-15.3.0-Beta.2.app/Contents/Developer/Platforms/WatchOS.platform/Developer/SDKs/WatchOS10.4.sdk/usr/local/lib/swift/host/plugins\#/Applications/Xcode-15.3.0-Beta.2.app/Contents/Developer/Platforms/WatchOS.platform/Developer/SDKs/WatchOS10.4.sdk/usr/bin/swift-plugin-server -external-plugin-path /Applications/Xcode-15.3.0-Beta.2.app/Contents/Developer/Platforms/WatchOS.platform/Developer/usr/lib/swift/host/plugins\#/Applications/Xcode-15.3.0-Beta.2.app/Contents/Developer/Platforms/WatchOS.platform/Developer/usr/bin/swift-plugin-server -external-plugin-path /Applications/Xcode-15.3.0-Beta.2.app/Contents/Developer/Platforms/WatchOS.platform/Developer/usr/local/lib/swift/host/plugins\#/Applications/Xcode-15.3.0-Beta.2.app/Contents/Developer/Platforms/WatchOS.platform/Developer/usr/bin/swift-plugin-server -plugin-path /Applications/Xcode-15.3.0-Beta.2.app/Contents/Developer/Toolchains/XcodeDefault.xctoolchain/usr/lib/swift/host/plugins -plugin-path /Applications/Xcode-15.3.0-Beta.2.app/Contents/Developer/Toolchains/XcodeDefault.xctoolchain/usr/local/lib/swift/host/plugins -emit-module-doc-path /Users/builder/builds/TDmZkXJm/0/finestructure/swiftpackageindex-builder/spi-builder-workspace/.derivedData/Build/Intermediates.noindex/NozeIO.build/Debug-watchos/base64.build/Objects-normal/arm64/base64.swiftdoc -emit-module-source-info-path /Users/builder/builds/TDmZkXJm/0/finestructure/swiftpackageindex-builder/spi-builder-workspace/.derivedData/Build/Intermediates.noindex/NozeIO.build/Debug-watchos/base64.build/Objects-normal/arm64/base64.swiftsourceinfo -emit-objc-header-path /Users/builder/builds/TDmZkXJm/0/finestructure/swiftpackageindex-builder/spi-builder-workspace/.derivedData/Build/Intermediates.noindex/NozeIO.build/Debug-watchos/base64.build/Objects-normal/arm64/base64-Swift.h -serialize-diagnostics-path /Users/builder/builds/TDmZkXJm/0/finestructure/swiftpackageindex-builder/spi-builder-workspace/.derivedData/Build/Intermediates.noindex/NozeIO.build/Debug-watchos/base64.build/Objects-normal/arm64/base64-master-emit-module.dia -emit-dependencies-path /Users/builder/builds/TDmZkXJm/0/finestructure/swiftpackageindex-builder/spi-builder-workspace/.derivedData/Build/Intermediates.noindex/NozeIO.build/Debug-watchos/base64.build/Objects-normal/arm64/base64-master-emit-module.d -parse-as-library -o /Users/builder/builds/TDmZkXJm/0/finestructure/swiftpackageindex-builder/spi-builder-workspace/.derivedData/Build/Intermediates.noindex/NozeIO.build/Debug-watchos/base64.build/Objects-normal/arm64/base64.swiftmodule -emit-abi-descriptor-path /Users/builder/builds/TDmZkXJm/0/finestructure/swiftpackageindex-builder/spi-builder-workspace/.derivedData/Build/Intermediates.noindex/NozeIO.build/Debug-watchos/base64.build/Objects-normal/arm64/base64.abi.json
SwiftDriver Freddy normal arm64_32 com.apple.xcode.tools.swift.compiler (in target 'Freddy' from project 'NozeIO')
    cd /Users/builder/builds/TDmZkXJm/0/finestructure/swiftpackageindex-builder/spi-builder-workspace
    builtin-SwiftDriver -- /Applications/Xcode-15.3.0-Beta.2.app/Contents/Developer/Toolchains/XcodeDefault.xctoolchain/usr/bin/swiftc -module-name Freddy -Onone -enforce-exclusivity\=checked @/Users/builder/builds/TDmZkXJm/0/finestructure/swiftpackageindex-builder/spi-builder-workspace/.derivedData/Build/Intermediates.noindex/NozeIO.build/Debug-watchos/Freddy.build/Objects-normal/arm64_32/Freddy.SwiftFileList -DSWIFT_PACKAGE -DDEBUG -DXcode -sdk /Applications/Xcode-15.3.0-Beta.2.app/Contents/Developer/Platforms/WatchOS.platform/Developer/SDKs/WatchOS10.4.sdk -target arm64_32-apple-watchos5.0 -g -module-cache-path /Users/builder/builds/TDmZkXJm/0/finestructure/swiftpackageindex-builder/spi-builder-workspace/.derivedData/ModuleCache.noindex -Xfrontend -serialize-debugging-options -enable-testing -index-store-path /Users/builder/builds/TDmZkXJm/0/finestructure/swiftpackageindex-builder/spi-builder-workspace/.derivedData/Index.noindex/DataStore -swift-version 5 -I /Users/builder/builds/TDmZkXJm/0/finestructure/swiftpackageindex-builder/spi-builder-workspace/.derivedData/Build/Products/Debug-watchos -I /Applications/Xcode-15.3.0-Beta.2.app/Contents/Developer/Platforms/WatchOS.platform/Developer/usr/lib -F /Users/builder/builds/TDmZkXJm/0/finestructure/swiftpackageindex-builder/spi-builder-workspace/.derivedData/Build/Products/Debug-watchos -F /Applications/Xcode-15.3.0-Beta.2.app/Contents/Developer/Platforms/WatchOS.platform/Developer/Library/Frameworks -F /Applications/Xcode-15.3.0-Beta.2.app/Contents/Developer/Platforms/WatchOS.platform/Developer/SDKs/WatchOS10.4.sdk/Developer/Library/Frameworks -c -j8 -enable-batch-mode -incremental -Xcc -ivfsstatcache -Xcc /Users/builder/builds/TDmZkXJm/0/finestructure/swiftpackageindex-builder/spi-builder-workspace/.derivedData/SDKStatCaches.noindex/watchos10.4-21T5196c-188b4c5c5639cdba02b95625249bd203.sdkstatcache -output-file-map /Users/builder/builds/TDmZkXJm/0/finestructure/swiftpackageindex-builder/spi-builder-workspace/.derivedData/Build/Intermediates.noindex/NozeIO.build/Debug-watchos/Freddy.build/Objects-normal/arm64_32/Freddy-OutputFileMap.json -use-frontend-parseable-output -save-temps -no-color-diagnostics -serialize-diagnostics -emit-dependencies -emit-module -emit-module-path /Users/builder/builds/TDmZkXJm/0/finestructure/swiftpackageindex-builder/spi-builder-workspace/.derivedData/Build/Intermediates.noindex/NozeIO.build/Debug-watchos/Freddy.build/Objects-normal/arm64_32/Freddy.swiftmodule -validate-clang-modules-once -clang-build-session-file /Users/builder/builds/TDmZkXJm/0/finestructure/swiftpackageindex-builder/spi-builder-workspace/.derivedData/ModuleCache.noindex/Session.modulevalidation -Xcc -I/Users/builder/builds/TDmZkXJm/0/finestructure/swiftpackageindex-builder/spi-builder-workspace/.derivedData/Build/Intermediates.noindex/NozeIO.build/Debug-watchos/Freddy.build/swift-overrides.hmap -emit-const-values -Xfrontend -const-gather-protocols-file -Xfrontend /Users/builder/builds/TDmZkXJm/0/finestructure/swiftpackageindex-builder/spi-builder-workspace/.derivedData/Build/Intermediates.noindex/NozeIO.build/Debug-watchos/Freddy.build/Objects-normal/arm64_32/Freddy_const_extract_protocols.json -Xcc -I/Users/builder/builds/TDmZkXJm/0/finestructure/swiftpackageindex-builder/spi-builder-workspace/.derivedData/Build/Products/Debug-watchos/include -Xcc -I/Users/builder/builds/TDmZkXJm/0/finestructure/swiftpackageindex-builder/spi-builder-workspace/.derivedData/Build/Intermediates.noindex/NozeIO.build/Debug-watchos/Freddy.build/DerivedSources-normal/arm64_32 -Xcc -I/Users/builder/builds/TDmZkXJm/0/finestructure/swiftpackageindex-builder/spi-builder-workspace/.derivedData/Build/Intermediates.noindex/NozeIO.build/Debug-watchos/Freddy.build/DerivedSources/arm64_32 -Xcc -I/Users/builder/builds/TDmZkXJm/0/finestructure/swiftpackageindex-builder/spi-builder-workspace/.derivedData/Build/Intermediates.noindex/NozeIO.build/Debug-watchos/Freddy.build/DerivedSources -Xcc -DSWIFT_PACKAGE -Xcc -DDEBUG\=1 -emit-objc-header -emit-objc-header-path /Users/builder/builds/TDmZkXJm/0/finestructure/swiftpackageindex-builder/spi-builder-workspace/.derivedData/Build/Intermediates.noindex/NozeIO.build/Debug-watchos/Freddy.build/Objects-normal/arm64_32/Freddy-Swift.h -working-directory /Users/builder/builds/TDmZkXJm/0/finestructure/swiftpackageindex-builder/spi-builder-workspace -experimental-emit-module-separately -disable-cmo
SwiftEmitModule normal arm64_32 Emitting\ module\ for\ xsys (in target 'xsys' from project 'NozeIO')
    cd /Users/builder/builds/TDmZkXJm/0/finestructure/swiftpackageindex-builder/spi-builder-workspace
    builtin-swiftTaskExecution -- /Applications/Xcode-15.3.0-Beta.2.app/Contents/Developer/Toolchains/XcodeDefault.xctoolchain/usr/bin/swift-frontend -frontend -emit-module -experimental-skip-non-inlinable-function-bodies-without-types /Users/builder/builds/TDmZkXJm/0/finestructure/swiftpackageindex-builder/spi-builder-workspace/Sources/xsys/Module.swift /Users/builder/builds/TDmZkXJm/0/finestructure/swiftpackageindex-builder/spi-builder-workspace/Sources/xsys/POSIXError.swift /Users/builder/builds/TDmZkXJm/0/finestructure/swiftpackageindex-builder/spi-builder-workspace/Sources/xsys/SocketAddress.swift /Users/builder/builds/TDmZkXJm/0/finestructure/swiftpackageindex-builder/spi-builder-workspace/Sources/xsys/UUID.swift /Users/builder/builds/TDmZkXJm/0/finestructure/swiftpackageindex-builder/spi-builder-workspace/Sources/xsys/dylib.swift /Users/builder/builds/TDmZkXJm/0/finestructure/swiftpackageindex-builder/spi-builder-workspace/Sources/xsys/fd.swift /Users/builder/builds/TDmZkXJm/0/finestructure/swiftpackageindex-builder/spi-builder-workspace/Sources/xsys/ioctl.swift /Users/builder/builds/TDmZkXJm/0/finestructure/swiftpackageindex-builder/spi-builder-workspace/Sources/xsys/misc.swift /Users/builder/builds/TDmZkXJm/0/finestructure/swiftpackageindex-builder/spi-builder-workspace/Sources/xsys/ntohs.swift /Users/builder/builds/TDmZkXJm/0/finestructure/swiftpackageindex-builder/spi-builder-workspace/Sources/xsys/sockaddr_any.swift /Users/builder/builds/TDmZkXJm/0/finestructure/swiftpackageindex-builder/spi-builder-workspace/Sources/xsys/socket.swift /Users/builder/builds/TDmZkXJm/0/finestructure/swiftpackageindex-builder/spi-builder-workspace/Sources/xsys/time.swift /Users/builder/builds/TDmZkXJm/0/finestructure/swiftpackageindex-builder/spi-builder-workspace/Sources/xsys/timespec.swift /Users/builder/builds/TDmZkXJm/0/finestructure/swiftpackageindex-builder/spi-builder-workspace/Sources/xsys/timeval_any.swift -target arm64_32-apple-watchos5.0 -enable-objc-interop -sdk /Applications/Xcode-15.3.0-Beta.2.app/Contents/Developer/Platforms/WatchOS.platform/Developer/SDKs/WatchOS10.4.sdk -I /Users/builder/builds/TDmZkXJm/0/finestructure/swiftpackageindex-builder/spi-builder-workspace/.derivedData/Build/Products/Debug-watchos -I /Applications/Xcode-15.3.0-Beta.2.app/Contents/Developer/Platforms/WatchOS.platform/Developer/usr/lib -F /Users/builder/builds/TDmZkXJm/0/finestructure/swiftpackageindex-builder/spi-builder-workspace/.derivedData/Build/Products/Debug-watchos -F /Applications/Xcode-15.3.0-Beta.2.app/Contents/Developer/Platforms/WatchOS.platform/Developer/Library/Frameworks -F /Applications/Xcode-15.3.0-Beta.2.app/Contents/Developer/Platforms/WatchOS.platform/Developer/SDKs/WatchOS10.4.sdk/Developer/Library/Frameworks -no-color-diagnostics -enable-testing -g -module-cache-path /Users/builder/builds/TDmZkXJm/0/finestructure/swiftpackageindex-builder/spi-builder-workspace/.derivedData/ModuleCache.noindex -swift-version 5 -enforce-exclusivity\=checked -Onone -D SWIFT_PACKAGE -D DEBUG -D Xcode -serialize-debugging-options -const-gather-protocols-file /Users/builder/builds/TDmZkXJm/0/finestructure/swiftpackageindex-builder/spi-builder-workspace/.derivedData/Build/Intermediates.noindex/NozeIO.build/Debug-watchos/xsys.build/Objects-normal/arm64_32/xsys_const_extract_protocols.json -empty-abi-descriptor -validate-clang-modules-once -clang-build-session-file /Users/builder/builds/TDmZkXJm/0/finestructure/swiftpackageindex-builder/spi-builder-workspace/.derivedData/ModuleCache.noindex/Session.modulevalidation -Xcc -working-directory -Xcc /Users/builder/builds/TDmZkXJm/0/finestructure/swiftpackageindex-builder/spi-builder-workspace -resource-dir /Applications/Xcode-15.3.0-Beta.2.app/Contents/Developer/Toolchains/XcodeDefault.xctoolchain/usr/lib/swift -enable-anonymous-context-mangled-names -Xcc -ivfsstatcache -Xcc /Users/builder/builds/TDmZkXJm/0/finestructure/swiftpackageindex-builder/spi-builder-workspace/.derivedData/SDKStatCaches.noindex/watchos10.4-21T5196c-188b4c5c5639cdba02b95625249bd203.sdkstatcache -Xcc -I/Users/builder/builds/TDmZkXJm/0/finestructure/swiftpackageindex-builder/spi-builder-workspace/.derivedData/Build/Intermediates.noindex/NozeIO.build/Debug-watchos/xsys.build/swift-overrides.hmap -Xcc -I/Users/builder/builds/TDmZkXJm/0/finestructure/swiftpackageindex-builder/spi-builder-workspace/.derivedData/Build/Products/Debug-watchos/include -Xcc -I/Users/builder/builds/TDmZkXJm/0/finestructure/swiftpackageindex-builder/spi-builder-workspace/.derivedData/Build/Intermediates.noindex/NozeIO.build/Debug-watchos/xsys.build/DerivedSources-normal/arm64_32 -Xcc -I/Users/builder/builds/TDmZkXJm/0/finestructure/swiftpackageindex-builder/spi-builder-workspace/.derivedData/Build/Intermediates.noindex/NozeIO.build/Debug-watchos/xsys.build/DerivedSources/arm64_32 -Xcc -I/Users/builder/builds/TDmZkXJm/0/finestructure/swiftpackageindex-builder/spi-builder-workspace/.derivedData/Build/Intermediates.noindex/NozeIO.build/Debug-watchos/xsys.build/DerivedSources -Xcc -DSWIFT_PACKAGE -Xcc -DDEBUG\=1 -module-name xsys -disable-clang-spi -target-sdk-version 10.4 -target-sdk-name watchos10.4 -external-plugin-path /Applications/Xcode-15.3.0-Beta.2.app/Contents/Developer/Platforms/WatchOS.platform/Developer/SDKs/WatchOS10.4.sdk/usr/lib/swift/host/plugins\#/Applications/Xcode-15.3.0-Beta.2.app/Contents/Developer/Platforms/WatchOS.platform/Developer/SDKs/WatchOS10.4.sdk/usr/bin/swift-plugin-server -external-plugin-path /Applications/Xcode-15.3.0-Beta.2.app/Contents/Developer/Platforms/WatchOS.platform/Developer/SDKs/WatchOS10.4.sdk/usr/local/lib/swift/host/plugins\#/Applications/Xcode-15.3.0-Beta.2.app/Contents/Developer/Platforms/WatchOS.platform/Developer/SDKs/WatchOS10.4.sdk/usr/bin/swift-plugin-server -external-plugin-path /Applications/Xcode-15.3.0-Beta.2.app/Contents/Developer/Platforms/WatchOS.platform/Developer/usr/lib/swift/host/plugins\#/Applications/Xcode-15.3.0-Beta.2.app/Contents/Developer/Platforms/WatchOS.platform/Developer/usr/bin/swift-plugin-server -external-plugin-path /Applications/Xcode-15.3.0-Beta.2.app/Contents/Developer/Platforms/WatchOS.platform/Developer/usr/local/lib/swift/host/plugins\#/Applications/Xcode-15.3.0-Beta.2.app/Contents/Developer/Platforms/WatchOS.platform/Developer/usr/bin/swift-plugin-server -plugin-path /Applications/Xcode-15.3.0-Beta.2.app/Contents/Developer/Toolchains/XcodeDefault.xctoolchain/usr/lib/swift/host/plugins -plugin-path /Applications/Xcode-15.3.0-Beta.2.app/Contents/Developer/Toolchains/XcodeDefault.xctoolchain/usr/local/lib/swift/host/plugins -emit-module-doc-path /Users/builder/builds/TDmZkXJm/0/finestructure/swiftpackageindex-builder/spi-builder-workspace/.derivedData/Build/Intermediates.noindex/NozeIO.build/Debug-watchos/xsys.build/Objects-normal/arm64_32/xsys.swiftdoc -emit-module-source-info-path /Users/builder/builds/TDmZkXJm/0/finestructure/swiftpackageindex-builder/spi-builder-workspace/.derivedData/Build/Intermediates.noindex/NozeIO.build/Debug-watchos/xsys.build/Objects-normal/arm64_32/xsys.swiftsourceinfo -emit-objc-header-path /Users/builder/builds/TDmZkXJm/0/finestructure/swiftpackageindex-builder/spi-builder-workspace/.derivedData/Build/Intermediates.noindex/NozeIO.build/Debug-watchos/xsys.build/Objects-normal/arm64_32/xsys-Swift.h -serialize-diagnostics-path /Users/builder/builds/TDmZkXJm/0/finestructure/swiftpackageindex-builder/spi-builder-workspace/.derivedData/Build/Intermediates.noindex/NozeIO.build/Debug-watchos/xsys.build/Objects-normal/arm64_32/xsys-master-emit-module.dia -emit-dependencies-path /Users/builder/builds/TDmZkXJm/0/finestructure/swiftpackageindex-builder/spi-builder-workspace/.derivedData/Build/Intermediates.noindex/NozeIO.build/Debug-watchos/xsys.build/Objects-normal/arm64_32/xsys-master-emit-module.d -o /Users/builder/builds/TDmZkXJm/0/finestructure/swiftpackageindex-builder/spi-builder-workspace/.derivedData/Build/Intermediates.noindex/NozeIO.build/Debug-watchos/xsys.build/Objects-normal/arm64_32/xsys.swiftmodule -emit-abi-descriptor-path /Users/builder/builds/TDmZkXJm/0/finestructure/swiftpackageindex-builder/spi-builder-workspace/.derivedData/Build/Intermediates.noindex/NozeIO.build/Debug-watchos/xsys.build/Objects-normal/arm64_32/xsys.abi.json
/Users/builder/builds/TDmZkXJm/0/finestructure/swiftpackageindex-builder/spi-builder-workspace/Sources/xsys/misc.swift:80:37: error: 'posix_spawn' is unavailable in watchOS
  public let posix_spawn   = Darwin.posix_spawn
                                    ^~~~~~~~~~~
Darwin.posix_spawn:2:13: note: 'posix_spawn' has been explicitly marked unavailable here
public func posix_spawn(_: UnsafeMutablePointer<pid_t>!, _: UnsafePointer<CChar>!, _: UnsafePointer<posix_spawn_file_actions_t?>!, _: UnsafePointer<posix_spawnattr_t?>!, _ __argv: UnsafePointer<UnsafeMutablePointer<CChar>?>!, _ __envp: UnsafePointer<UnsafeMutablePointer<CChar>?>!) -> Int32
            ^
SwiftEmitModule normal armv7k Emitting\ module\ for\ xsys (in target 'xsys' from project 'NozeIO')
    cd /Users/builder/builds/TDmZkXJm/0/finestructure/swiftpackageindex-builder/spi-builder-workspace
    builtin-swiftTaskExecution -- /Applications/Xcode-15.3.0-Beta.2.app/Contents/Developer/Toolchains/XcodeDefault.xctoolchain/usr/bin/swift-frontend -frontend -emit-module -experimental-skip-non-inlinable-function-bodies-without-types /Users/builder/builds/TDmZkXJm/0/finestructure/swiftpackageindex-builder/spi-builder-workspace/Sources/xsys/Module.swift /Users/builder/builds/TDmZkXJm/0/finestructure/swiftpackageindex-builder/spi-builder-workspace/Sources/xsys/POSIXError.swift /Users/builder/builds/TDmZkXJm/0/finestructure/swiftpackageindex-builder/spi-builder-workspace/Sources/xsys/SocketAddress.swift /Users/builder/builds/TDmZkXJm/0/finestructure/swiftpackageindex-builder/spi-builder-workspace/Sources/xsys/UUID.swift /Users/builder/builds/TDmZkXJm/0/finestructure/swiftpackageindex-builder/spi-builder-workspace/Sources/xsys/dylib.swift /Users/builder/builds/TDmZkXJm/0/finestructure/swiftpackageindex-builder/spi-builder-workspace/Sources/xsys/fd.swift /Users/builder/builds/TDmZkXJm/0/finestructure/swiftpackageindex-builder/spi-builder-workspace/Sources/xsys/ioctl.swift /Users/builder/builds/TDmZkXJm/0/finestructure/swiftpackageindex-builder/spi-builder-workspace/Sources/xsys/misc.swift /Users/builder/builds/TDmZkXJm/0/finestructure/swiftpackageindex-builder/spi-builder-workspace/Sources/xsys/ntohs.swift /Users/builder/builds/TDmZkXJm/0/finestructure/swiftpackageindex-builder/spi-builder-workspace/Sources/xsys/sockaddr_any.swift /Users/builder/builds/TDmZkXJm/0/finestructure/swiftpackageindex-builder/spi-builder-workspace/Sources/xsys/socket.swift /Users/builder/builds/TDmZkXJm/0/finestructure/swiftpackageindex-builder/spi-builder-workspace/Sources/xsys/time.swift /Users/builder/builds/TDmZkXJm/0/finestructure/swiftpackageindex-builder/spi-builder-workspace/Sources/xsys/timespec.swift /Users/builder/builds/TDmZkXJm/0/finestructure/swiftpackageindex-builder/spi-builder-workspace/Sources/xsys/timeval_any.swift -target armv7k-apple-watchos5.0 -enable-objc-interop -sdk /Applications/Xcode-15.3.0-Beta.2.app/Contents/Developer/Platforms/WatchOS.platform/Developer/SDKs/WatchOS10.4.sdk -I /Users/builder/builds/TDmZkXJm/0/finestructure/swiftpackageindex-builder/spi-builder-workspace/.derivedData/Build/Products/Debug-watchos -I /Applications/Xcode-15.3.0-Beta.2.app/Contents/Developer/Platforms/WatchOS.platform/Developer/usr/lib -F /Users/builder/builds/TDmZkXJm/0/finestructure/swiftpackageindex-builder/spi-builder-workspace/.derivedData/Build/Products/Debug-watchos -F /Applications/Xcode-15.3.0-Beta.2.app/Contents/Developer/Platforms/WatchOS.platform/Developer/Library/Frameworks -F /Applications/Xcode-15.3.0-Beta.2.app/Contents/Developer/Platforms/WatchOS.platform/Developer/SDKs/WatchOS10.4.sdk/Developer/Library/Frameworks -no-color-diagnostics -enable-testing -g -module-cache-path /Users/builder/builds/TDmZkXJm/0/finestructure/swiftpackageindex-builder/spi-builder-workspace/.derivedData/ModuleCache.noindex -swift-version 5 -enforce-exclusivity\=checked -Onone -D SWIFT_PACKAGE -D DEBUG -D Xcode -serialize-debugging-options -const-gather-protocols-file /Users/builder/builds/TDmZkXJm/0/finestructure/swiftpackageindex-builder/spi-builder-workspace/.derivedData/Build/Intermediates.noindex/NozeIO.build/Debug-watchos/xsys.build/Objects-normal/armv7k/xsys_const_extract_protocols.json -empty-abi-descriptor -validate-clang-modules-once -clang-build-session-file /Users/builder/builds/TDmZkXJm/0/finestructure/swiftpackageindex-builder/spi-builder-workspace/.derivedData/ModuleCache.noindex/Session.modulevalidation -Xcc -working-directory -Xcc /Users/builder/builds/TDmZkXJm/0/finestructure/swiftpackageindex-builder/spi-builder-workspace -resource-dir /Applications/Xcode-15.3.0-Beta.2.app/Contents/Developer/Toolchains/XcodeDefault.xctoolchain/usr/lib/swift -enable-anonymous-context-mangled-names -Xcc -ivfsstatcache -Xcc /Users/builder/builds/TDmZkXJm/0/finestructure/swiftpackageindex-builder/spi-builder-workspace/.derivedData/SDKStatCaches.noindex/watchos10.4-21T5196c-188b4c5c5639cdba02b95625249bd203.sdkstatcache -Xcc -I/Users/builder/builds/TDmZkXJm/0/finestructure/swiftpackageindex-builder/spi-builder-workspace/.derivedData/Build/Intermediates.noindex/NozeIO.build/Debug-watchos/xsys.build/swift-overrides.hmap -Xcc -I/Users/builder/builds/TDmZkXJm/0/finestructure/swiftpackageindex-builder/spi-builder-workspace/.derivedData/Build/Products/Debug-watchos/include -Xcc -I/Users/builder/builds/TDmZkXJm/0/finestructure/swiftpackageindex-builder/spi-builder-workspace/.derivedData/Build/Intermediates.noindex/NozeIO.build/Debug-watchos/xsys.build/DerivedSources-normal/armv7k -Xcc -I/Users/builder/builds/TDmZkXJm/0/finestructure/swiftpackageindex-builder/spi-builder-workspace/.derivedData/Build/Intermediates.noindex/NozeIO.build/Debug-watchos/xsys.build/DerivedSources/armv7k -Xcc -I/Users/builder/builds/TDmZkXJm/0/finestructure/swiftpackageindex-builder/spi-builder-workspace/.derivedData/Build/Intermediates.noindex/NozeIO.build/Debug-watchos/xsys.build/DerivedSources -Xcc -DSWIFT_PACKAGE -Xcc -DDEBUG\=1 -module-name xsys -disable-clang-spi -target-sdk-version 10.4 -target-sdk-name watchos10.4 -external-plugin-path /Applications/Xcode-15.3.0-Beta.2.app/Contents/Developer/Platforms/WatchOS.platform/Developer/SDKs/WatchOS10.4.sdk/usr/lib/swift/host/plugins\#/Applications/Xcode-15.3.0-Beta.2.app/Contents/Developer/Platforms/WatchOS.platform/Developer/SDKs/WatchOS10.4.sdk/usr/bin/swift-plugin-server -external-plugin-path /Applications/Xcode-15.3.0-Beta.2.app/Contents/Developer/Platforms/WatchOS.platform/Developer/SDKs/WatchOS10.4.sdk/usr/local/lib/swift/host/plugins\#/Applications/Xcode-15.3.0-Beta.2.app/Contents/Developer/Platforms/WatchOS.platform/Developer/SDKs/WatchOS10.4.sdk/usr/bin/swift-plugin-server -external-plugin-path /Applications/Xcode-15.3.0-Beta.2.app/Contents/Developer/Platforms/WatchOS.platform/Developer/usr/lib/swift/host/plugins\#/Applications/Xcode-15.3.0-Beta.2.app/Contents/Developer/Platforms/WatchOS.platform/Developer/usr/bin/swift-plugin-server -external-plugin-path /Applications/Xcode-15.3.0-Beta.2.app/Contents/Developer/Platforms/WatchOS.platform/Developer/usr/local/lib/swift/host/plugins\#/Applications/Xcode-15.3.0-Beta.2.app/Contents/Developer/Platforms/WatchOS.platform/Developer/usr/bin/swift-plugin-server -plugin-path /Applications/Xcode-15.3.0-Beta.2.app/Contents/Developer/Toolchains/XcodeDefault.xctoolchain/usr/lib/swift/host/plugins -plugin-path /Applications/Xcode-15.3.0-Beta.2.app/Contents/Developer/Toolchains/XcodeDefault.xctoolchain/usr/local/lib/swift/host/plugins -emit-module-doc-path /Users/builder/builds/TDmZkXJm/0/finestructure/swiftpackageindex-builder/spi-builder-workspace/.derivedData/Build/Intermediates.noindex/NozeIO.build/Debug-watchos/xsys.build/Objects-normal/armv7k/xsys.swiftdoc -emit-module-source-info-path /Users/builder/builds/TDmZkXJm/0/finestructure/swiftpackageindex-builder/spi-builder-workspace/.derivedData/Build/Intermediates.noindex/NozeIO.build/Debug-watchos/xsys.build/Objects-normal/armv7k/xsys.swiftsourceinfo -emit-objc-header-path /Users/builder/builds/TDmZkXJm/0/finestructure/swiftpackageindex-builder/spi-builder-workspace/.derivedData/Build/Intermediates.noindex/NozeIO.build/Debug-watchos/xsys.build/Objects-normal/armv7k/xsys-Swift.h -serialize-diagnostics-path /Users/builder/builds/TDmZkXJm/0/finestructure/swiftpackageindex-builder/spi-builder-workspace/.derivedData/Build/Intermediates.noindex/NozeIO.build/Debug-watchos/xsys.build/Objects-normal/armv7k/xsys-master-emit-module.dia -emit-dependencies-path /Users/builder/builds/TDmZkXJm/0/finestructure/swiftpackageindex-builder/spi-builder-workspace/.derivedData/Build/Intermediates.noindex/NozeIO.build/Debug-watchos/xsys.build/Objects-normal/armv7k/xsys-master-emit-module.d -o /Users/builder/builds/TDmZkXJm/0/finestructure/swiftpackageindex-builder/spi-builder-workspace/.derivedData/Build/Intermediates.noindex/NozeIO.build/Debug-watchos/xsys.build/Objects-normal/armv7k/xsys.swiftmodule -emit-abi-descriptor-path /Users/builder/builds/TDmZkXJm/0/finestructure/swiftpackageindex-builder/spi-builder-workspace/.derivedData/Build/Intermediates.noindex/NozeIO.build/Debug-watchos/xsys.build/Objects-normal/armv7k/xsys.abi.json
SwiftEmitModule normal arm64 Emitting\ module\ for\ xsys (in target 'xsys' from project 'NozeIO')
    cd /Users/builder/builds/TDmZkXJm/0/finestructure/swiftpackageindex-builder/spi-builder-workspace
    builtin-swiftTaskExecution -- /Applications/Xcode-15.3.0-Beta.2.app/Contents/Developer/Toolchains/XcodeDefault.xctoolchain/usr/bin/swift-frontend -frontend -emit-module -experimental-skip-non-inlinable-function-bodies-without-types /Users/builder/builds/TDmZkXJm/0/finestructure/swiftpackageindex-builder/spi-builder-workspace/Sources/xsys/Module.swift /Users/builder/builds/TDmZkXJm/0/finestructure/swiftpackageindex-builder/spi-builder-workspace/Sources/xsys/POSIXError.swift /Users/builder/builds/TDmZkXJm/0/finestructure/swiftpackageindex-builder/spi-builder-workspace/Sources/xsys/SocketAddress.swift /Users/builder/builds/TDmZkXJm/0/finestructure/swiftpackageindex-builder/spi-builder-workspace/Sources/xsys/UUID.swift /Users/builder/builds/TDmZkXJm/0/finestructure/swiftpackageindex-builder/spi-builder-workspace/Sources/xsys/dylib.swift /Users/builder/builds/TDmZkXJm/0/finestructure/swiftpackageindex-builder/spi-builder-workspace/Sources/xsys/fd.swift /Users/builder/builds/TDmZkXJm/0/finestructure/swiftpackageindex-builder/spi-builder-workspace/Sources/xsys/ioctl.swift /Users/builder/builds/TDmZkXJm/0/finestructure/swiftpackageindex-builder/spi-builder-workspace/Sources/xsys/misc.swift /Users/builder/builds/TDmZkXJm/0/finestructure/swiftpackageindex-builder/spi-builder-workspace/Sources/xsys/ntohs.swift /Users/builder/builds/TDmZkXJm/0/finestructure/swiftpackageindex-builder/spi-builder-workspace/Sources/xsys/sockaddr_any.swift /Users/builder/builds/TDmZkXJm/0/finestructure/swiftpackageindex-builder/spi-builder-workspace/Sources/xsys/socket.swift /Users/builder/builds/TDmZkXJm/0/finestructure/swiftpackageindex-builder/spi-builder-workspace/Sources/xsys/time.swift /Users/builder/builds/TDmZkXJm/0/finestructure/swiftpackageindex-builder/spi-builder-workspace/Sources/xsys/timespec.swift /Users/builder/builds/TDmZkXJm/0/finestructure/swiftpackageindex-builder/spi-builder-workspace/Sources/xsys/timeval_any.swift -target arm64-apple-watchos5.0 -Xllvm -aarch64-use-tbi -enable-objc-interop -sdk /Applications/Xcode-15.3.0-Beta.2.app/Contents/Developer/Platforms/WatchOS.platform/Developer/SDKs/WatchOS10.4.sdk -I /Users/builder/builds/TDmZkXJm/0/finestructure/swiftpackageindex-builder/spi-builder-workspace/.derivedData/Build/Products/Debug-watchos -I /Applications/Xcode-15.3.0-Beta.2.app/Contents/Developer/Platforms/WatchOS.platform/Developer/usr/lib -F /Users/builder/builds/TDmZkXJm/0/finestructure/swiftpackageindex-builder/spi-builder-workspace/.derivedData/Build/Products/Debug-watchos -F /Applications/Xcode-15.3.0-Beta.2.app/Contents/Developer/Platforms/WatchOS.platform/Developer/Library/Frameworks -F /Applications/Xcode-15.3.0-Beta.2.app/Contents/Developer/Platforms/WatchOS.platform/Developer/SDKs/WatchOS10.4.sdk/Developer/Library/Frameworks -no-color-diagnostics -enable-testing -g -module-cache-path /Users/builder/builds/TDmZkXJm/0/finestructure/swiftpackageindex-builder/spi-builder-workspace/.derivedData/ModuleCache.noindex -swift-version 5 -enforce-exclusivity\=checked -Onone -D SWIFT_PACKAGE -D DEBUG -D Xcode -serialize-debugging-options -const-gather-protocols-file /Users/builder/builds/TDmZkXJm/0/finestructure/swiftpackageindex-builder/spi-builder-workspace/.derivedData/Build/Intermediates.noindex/NozeIO.build/Debug-watchos/xsys.build/Objects-normal/arm64/xsys_const_extract_protocols.json -empty-abi-descriptor -validate-clang-modules-once -clang-build-session-file /Users/builder/builds/TDmZkXJm/0/finestructure/swiftpackageindex-builder/spi-builder-workspace/.derivedData/ModuleCache.noindex/Session.modulevalidation -Xcc -working-directory -Xcc /Users/builder/builds/TDmZkXJm/0/finestructure/swiftpackageindex-builder/spi-builder-workspace -resource-dir /Applications/Xcode-15.3.0-Beta.2.app/Contents/Developer/Toolchains/XcodeDefault.xctoolchain/usr/lib/swift -enable-anonymous-context-mangled-names -Xcc -ivfsstatcache -Xcc /Users/builder/builds/TDmZkXJm/0/finestructure/swiftpackageindex-builder/spi-builder-workspace/.derivedData/SDKStatCaches.noindex/watchos10.4-21T5196c-188b4c5c5639cdba02b95625249bd203.sdkstatcache -Xcc -I/Users/builder/builds/TDmZkXJm/0/finestructure/swiftpackageindex-builder/spi-builder-workspace/.derivedData/Build/Intermediates.noindex/NozeIO.build/Debug-watchos/xsys.build/swift-overrides.hmap -Xcc -I/Users/builder/builds/TDmZkXJm/0/finestructure/swiftpackageindex-builder/spi-builder-workspace/.derivedData/Build/Products/Debug-watchos/include -Xcc -I/Users/builder/builds/TDmZkXJm/0/finestructure/swiftpackageindex-builder/spi-builder-workspace/.derivedData/Build/Intermediates.noindex/NozeIO.build/Debug-watchos/xsys.build/DerivedSources-normal/arm64 -Xcc -I/Users/builder/builds/TDmZkXJm/0/finestructure/swiftpackageindex-builder/spi-builder-workspace/.derivedData/Build/Intermediates.noindex/NozeIO.build/Debug-watchos/xsys.build/DerivedSources/arm64 -Xcc -I/Users/builder/builds/TDmZkXJm/0/finestructure/swiftpackageindex-builder/spi-builder-workspace/.derivedData/Build/Intermediates.noindex/NozeIO.build/Debug-watchos/xsys.build/DerivedSources -Xcc -DSWIFT_PACKAGE -Xcc -DDEBUG\=1 -module-name xsys -disable-clang-spi -target-sdk-version 10.4 -target-sdk-name watchos10.4 -external-plugin-path /Applications/Xcode-15.3.0-Beta.2.app/Contents/Developer/Platforms/WatchOS.platform/Developer/SDKs/WatchOS10.4.sdk/usr/lib/swift/host/plugins\#/Applications/Xcode-15.3.0-Beta.2.app/Contents/Developer/Platforms/WatchOS.platform/Developer/SDKs/WatchOS10.4.sdk/usr/bin/swift-plugin-server -external-plugin-path /Applications/Xcode-15.3.0-Beta.2.app/Contents/Developer/Platforms/WatchOS.platform/Developer/SDKs/WatchOS10.4.sdk/usr/local/lib/swift/host/plugins\#/Applications/Xcode-15.3.0-Beta.2.app/Contents/Developer/Platforms/WatchOS.platform/Developer/SDKs/WatchOS10.4.sdk/usr/bin/swift-plugin-server -external-plugin-path /Applications/Xcode-15.3.0-Beta.2.app/Contents/Developer/Platforms/WatchOS.platform/Developer/usr/lib/swift/host/plugins\#/Applications/Xcode-15.3.0-Beta.2.app/Contents/Developer/Platforms/WatchOS.platform/Developer/usr/bin/swift-plugin-server -external-plugin-path /Applications/Xcode-15.3.0-Beta.2.app/Contents/Developer/Platforms/WatchOS.platform/Developer/usr/local/lib/swift/host/plugins\#/Applications/Xcode-15.3.0-Beta.2.app/Contents/Developer/Platforms/WatchOS.platform/Developer/usr/bin/swift-plugin-server -plugin-path /Applications/Xcode-15.3.0-Beta.2.app/Contents/Developer/Toolchains/XcodeDefault.xctoolchain/usr/lib/swift/host/plugins -plugin-path /Applications/Xcode-15.3.0-Beta.2.app/Contents/Developer/Toolchains/XcodeDefault.xctoolchain/usr/local/lib/swift/host/plugins -emit-module-doc-path /Users/builder/builds/TDmZkXJm/0/finestructure/swiftpackageindex-builder/spi-builder-workspace/.derivedData/Build/Intermediates.noindex/NozeIO.build/Debug-watchos/xsys.build/Objects-normal/arm64/xsys.swiftdoc -emit-module-source-info-path /Users/builder/builds/TDmZkXJm/0/finestructure/swiftpackageindex-builder/spi-builder-workspace/.derivedData/Build/Intermediates.noindex/NozeIO.build/Debug-watchos/xsys.build/Objects-normal/arm64/xsys.swiftsourceinfo -emit-objc-header-path /Users/builder/builds/TDmZkXJm/0/finestructure/swiftpackageindex-builder/spi-builder-workspace/.derivedData/Build/Intermediates.noindex/NozeIO.build/Debug-watchos/xsys.build/Objects-normal/arm64/xsys-Swift.h -serialize-diagnostics-path /Users/builder/builds/TDmZkXJm/0/finestructure/swiftpackageindex-builder/spi-builder-workspace/.derivedData/Build/Intermediates.noindex/NozeIO.build/Debug-watchos/xsys.build/Objects-normal/arm64/xsys-master-emit-module.dia -emit-dependencies-path /Users/builder/builds/TDmZkXJm/0/finestructure/swiftpackageindex-builder/spi-builder-workspace/.derivedData/Build/Intermediates.noindex/NozeIO.build/Debug-watchos/xsys.build/Objects-normal/arm64/xsys-master-emit-module.d -o /Users/builder/builds/TDmZkXJm/0/finestructure/swiftpackageindex-builder/spi-builder-workspace/.derivedData/Build/Intermediates.noindex/NozeIO.build/Debug-watchos/xsys.build/Objects-normal/arm64/xsys.swiftmodule -emit-abi-descriptor-path /Users/builder/builds/TDmZkXJm/0/finestructure/swiftpackageindex-builder/spi-builder-workspace/.derivedData/Build/Intermediates.noindex/NozeIO.build/Debug-watchos/xsys.build/Objects-normal/arm64/xsys.abi.json
SwiftEmitModule normal arm64 Emitting\ module\ for\ http_parser (in target 'http_parser' from project 'NozeIO')
    cd /Users/builder/builds/TDmZkXJm/0/finestructure/swiftpackageindex-builder/spi-builder-workspace
    builtin-swiftTaskExecution -- /Applications/Xcode-15.3.0-Beta.2.app/Contents/Developer/Toolchains/XcodeDefault.xctoolchain/usr/bin/swift-frontend -frontend -emit-module -experimental-skip-non-inlinable-function-bodies-without-types /Users/builder/builds/TDmZkXJm/0/finestructure/swiftpackageindex-builder/spi-builder-workspace/Sources/http_parser/CString.swift /Users/builder/builds/TDmZkXJm/0/finestructure/swiftpackageindex-builder/spi-builder-workspace/Sources/http_parser/HTTPError.swift /Users/builder/builds/TDmZkXJm/0/finestructure/swiftpackageindex-builder/spi-builder-workspace/Sources/http_parser/HTTPMethod.swift /Users/builder/builds/TDmZkXJm/0/finestructure/swiftpackageindex-builder/spi-builder-workspace/Sources/http_parser/HTTPParserState.swift /Users/builder/builds/TDmZkXJm/0/finestructure/swiftpackageindex-builder/spi-builder-workspace/Sources/http_parser/URLParser.swift /Users/builder/builds/TDmZkXJm/0/finestructure/swiftpackageindex-builder/spi-builder-workspace/Sources/http_parser/ascii.swift /Users/builder/builds/TDmZkXJm/0/finestructure/swiftpackageindex-builder/spi-builder-workspace/Sources/http_parser/http_parser.swift /Users/builder/builds/TDmZkXJm/0/finestructure/swiftpackageindex-builder/spi-builder-workspace/Sources/http_parser/http_parser_settings.swift -target arm64-apple-watchos5.0 -Xllvm -aarch64-use-tbi -enable-objc-interop -sdk /Applications/Xcode-15.3.0-Beta.2.app/Contents/Developer/Platforms/WatchOS.platform/Developer/SDKs/WatchOS10.4.sdk -I /Users/builder/builds/TDmZkXJm/0/finestructure/swiftpackageindex-builder/spi-builder-workspace/.derivedData/Build/Products/Debug-watchos -I /Applications/Xcode-15.3.0-Beta.2.app/Contents/Developer/Platforms/WatchOS.platform/Developer/usr/lib -F /Users/builder/builds/TDmZkXJm/0/finestructure/swiftpackageindex-builder/spi-builder-workspace/.derivedData/Build/Products/Debug-watchos -F /Applications/Xcode-15.3.0-Beta.2.app/Contents/Developer/Platforms/WatchOS.platform/Developer/Library/Frameworks -F /Applications/Xcode-15.3.0-Beta.2.app/Contents/Developer/Platforms/WatchOS.platform/Developer/SDKs/WatchOS10.4.sdk/Developer/Library/Frameworks -no-color-diagnostics -enable-testing -g -module-cache-path /Users/builder/builds/TDmZkXJm/0/finestructure/swiftpackageindex-builder/spi-builder-workspace/.derivedData/ModuleCache.noindex -swift-version 5 -enforce-exclusivity\=checked -Onone -D SWIFT_PACKAGE -D DEBUG -D Xcode -serialize-debugging-options -const-gather-protocols-file /Users/builder/builds/TDmZkXJm/0/finestructure/swiftpackageindex-builder/spi-builder-workspace/.derivedData/Build/Intermediates.noindex/NozeIO.build/Debug-watchos/http_parser.build/Objects-normal/arm64/http_parser_const_extract_protocols.json -empty-abi-descriptor -validate-clang-modules-once -clang-build-session-file /Users/builder/builds/TDmZkXJm/0/finestructure/swiftpackageindex-builder/spi-builder-workspace/.derivedData/ModuleCache.noindex/Session.modulevalidation -Xcc -working-directory -Xcc /Users/builder/builds/TDmZkXJm/0/finestructure/swiftpackageindex-builder/spi-builder-workspace -resource-dir /Applications/Xcode-15.3.0-Beta.2.app/Contents/Developer/Toolchains/XcodeDefault.xctoolchain/usr/lib/swift -enable-anonymous-context-mangled-names -Xcc -ivfsstatcache -Xcc /Users/builder/builds/TDmZkXJm/0/finestructure/swiftpackageindex-builder/spi-builder-workspace/.derivedData/SDKStatCaches.noindex/watchos10.4-21T5196c-188b4c5c5639cdba02b95625249bd203.sdkstatcache -Xcc -I/Users/builder/builds/TDmZkXJm/0/finestructure/swiftpackageindex-builder/spi-builder-workspace/.derivedData/Build/Intermediates.noindex/NozeIO.build/Debug-watchos/http_parser.build/swift-overrides.hmap -Xcc -I/Users/builder/builds/TDmZkXJm/0/finestructure/swiftpackageindex-builder/spi-builder-workspace/.derivedData/Build/Products/Debug-watchos/include -Xcc -I/Users/builder/builds/TDmZkXJm/0/finestructure/swiftpackageindex-builder/spi-builder-workspace/.derivedData/Build/Intermediates.noindex/NozeIO.build/Debug-watchos/http_parser.build/DerivedSources-normal/arm64 -Xcc -I/Users/builder/builds/TDmZkXJm/0/finestructure/swiftpackageindex-builder/spi-builder-workspace/.derivedData/Build/Intermediates.noindex/NozeIO.build/Debug-watchos/http_parser.build/DerivedSources/arm64 -Xcc -I/Users/builder/builds/TDmZkXJm/0/finestructure/swiftpackageindex-builder/spi-builder-workspace/.derivedData/Build/Intermediates.noindex/NozeIO.build/Debug-watchos/http_parser.build/DerivedSources -Xcc -DSWIFT_PACKAGE -Xcc -DDEBUG\=1 -module-name http_parser -disable-clang-spi -target-sdk-version 10.4 -target-sdk-name watchos10.4 -external-plugin-path /Applications/Xcode-15.3.0-Beta.2.app/Contents/Developer/Platforms/WatchOS.platform/Developer/SDKs/WatchOS10.4.sdk/usr/lib/swift/host/plugins\#/Applications/Xcode-15.3.0-Beta.2.app/Contents/Developer/Platforms/WatchOS.platform/Developer/SDKs/WatchOS10.4.sdk/usr/bin/swift-plugin-server -external-plugin-path /Applications/Xcode-15.3.0-Beta.2.app/Contents/Developer/Platforms/WatchOS.platform/Developer/SDKs/WatchOS10.4.sdk/usr/local/lib/swift/host/plugins\#/Applications/Xcode-15.3.0-Beta.2.app/Contents/Developer/Platforms/WatchOS.platform/Developer/SDKs/WatchOS10.4.sdk/usr/bin/swift-plugin-server -external-plugin-path /Applications/Xcode-15.3.0-Beta.2.app/Contents/Developer/Platforms/WatchOS.platform/Developer/usr/lib/swift/host/plugins\#/Applications/Xcode-15.3.0-Beta.2.app/Contents/Developer/Platforms/WatchOS.platform/Developer/usr/bin/swift-plugin-server -external-plugin-path /Applications/Xcode-15.3.0-Beta.2.app/Contents/Developer/Platforms/WatchOS.platform/Developer/usr/local/lib/swift/host/plugins\#/Applications/Xcode-15.3.0-Beta.2.app/Contents/Developer/Platforms/WatchOS.platform/Developer/usr/bin/swift-plugin-server -plugin-path /Applications/Xcode-15.3.0-Beta.2.app/Contents/Developer/Toolchains/XcodeDefault.xctoolchain/usr/lib/swift/host/plugins -plugin-path /Applications/Xcode-15.3.0-Beta.2.app/Contents/Developer/Toolchains/XcodeDefault.xctoolchain/usr/local/lib/swift/host/plugins -emit-module-doc-path /Users/builder/builds/TDmZkXJm/0/finestructure/swiftpackageindex-builder/spi-builder-workspace/.derivedData/Build/Intermediates.noindex/NozeIO.build/Debug-watchos/http_parser.build/Objects-normal/arm64/http_parser.swiftdoc -emit-module-source-info-path /Users/builder/builds/TDmZkXJm/0/finestructure/swiftpackageindex-builder/spi-builder-workspace/.derivedData/Build/Intermediates.noindex/NozeIO.build/Debug-watchos/http_parser.build/Objects-normal/arm64/http_parser.swiftsourceinfo -emit-objc-header-path /Users/builder/builds/TDmZkXJm/0/finestructure/swiftpackageindex-builder/spi-builder-workspace/.derivedData/Build/Intermediates.noindex/NozeIO.build/Debug-watchos/http_parser.build/Objects-normal/arm64/http_parser-Swift.h -serialize-diagnostics-path /Users/builder/builds/TDmZkXJm/0/finestructure/swiftpackageindex-builder/spi-builder-workspace/.derivedData/Build/Intermediates.noindex/NozeIO.build/Debug-watchos/http_parser.build/Objects-normal/arm64/http_parser-master-emit-module.dia -emit-dependencies-path /Users/builder/builds/TDmZkXJm/0/finestructure/swiftpackageindex-builder/spi-builder-workspace/.derivedData/Build/Intermediates.noindex/NozeIO.build/Debug-watchos/http_parser.build/Objects-normal/arm64/http_parser-master-emit-module.d -o /Users/builder/builds/TDmZkXJm/0/finestructure/swiftpackageindex-builder/spi-builder-workspace/.derivedData/Build/Intermediates.noindex/NozeIO.build/Debug-watchos/http_parser.build/Objects-normal/arm64/http_parser.swiftmodule -emit-abi-descriptor-path /Users/builder/builds/TDmZkXJm/0/finestructure/swiftpackageindex-builder/spi-builder-workspace/.derivedData/Build/Intermediates.noindex/NozeIO.build/Debug-watchos/http_parser.build/Objects-normal/arm64/http_parser.abi.json
SwiftEmitModule normal arm64_32 Emitting\ module\ for\ base64 (in target 'base64' from project 'NozeIO')
    cd /Users/builder/builds/TDmZkXJm/0/finestructure/swiftpackageindex-builder/spi-builder-workspace
    builtin-swiftTaskExecution -- /Applications/Xcode-15.3.0-Beta.2.app/Contents/Developer/Toolchains/XcodeDefault.xctoolchain/usr/bin/swift-frontend -frontend -emit-module -experimental-skip-non-inlinable-function-bodies-without-types /Users/builder/builds/TDmZkXJm/0/finestructure/swiftpackageindex-builder/spi-builder-workspace/Sources/base64/Base64.swift -target arm64_32-apple-watchos5.0 -enable-objc-interop -sdk /Applications/Xcode-15.3.0-Beta.2.app/Contents/Developer/Platforms/WatchOS.platform/Developer/SDKs/WatchOS10.4.sdk -I /Users/builder/builds/TDmZkXJm/0/finestructure/swiftpackageindex-builder/spi-builder-workspace/.derivedData/Build/Products/Debug-watchos -I /Applications/Xcode-15.3.0-Beta.2.app/Contents/Developer/Platforms/WatchOS.platform/Developer/usr/lib -F /Users/builder/builds/TDmZkXJm/0/finestructure/swiftpackageindex-builder/spi-builder-workspace/.derivedData/Build/Products/Debug-watchos -F /Applications/Xcode-15.3.0-Beta.2.app/Contents/Developer/Platforms/WatchOS.platform/Developer/Library/Frameworks -F /Applications/Xcode-15.3.0-Beta.2.app/Contents/Developer/Platforms/WatchOS.platform/Developer/SDKs/WatchOS10.4.sdk/Developer/Library/Frameworks -no-color-diagnostics -enable-testing -g -module-cache-path /Users/builder/builds/TDmZkXJm/0/finestructure/swiftpackageindex-builder/spi-builder-workspace/.derivedData/ModuleCache.noindex -swift-version 5 -enforce-exclusivity\=checked -Onone -D SWIFT_PACKAGE -D DEBUG -D Xcode -serialize-debugging-options -const-gather-protocols-file /Users/builder/builds/TDmZkXJm/0/finestructure/swiftpackageindex-builder/spi-builder-workspace/.derivedData/Build/Intermediates.noindex/NozeIO.build/Debug-watchos/base64.build/Objects-normal/arm64_32/base64_const_extract_protocols.json -empty-abi-descriptor -validate-clang-modules-once -clang-build-session-file /Users/builder/builds/TDmZkXJm/0/finestructure/swiftpackageindex-builder/spi-builder-workspace/.derivedData/ModuleCache.noindex/Session.modulevalidation -Xcc -working-directory -Xcc /Users/builder/builds/TDmZkXJm/0/finestructure/swiftpackageindex-builder/spi-builder-workspace -resource-dir /Applications/Xcode-15.3.0-Beta.2.app/Contents/Developer/Toolchains/XcodeDefault.xctoolchain/usr/lib/swift -enable-anonymous-context-mangled-names -Xcc -ivfsstatcache -Xcc /Users/builder/builds/TDmZkXJm/0/finestructure/swiftpackageindex-builder/spi-builder-workspace/.derivedData/SDKStatCaches.noindex/watchos10.4-21T5196c-188b4c5c5639cdba02b95625249bd203.sdkstatcache -Xcc -I/Users/builder/builds/TDmZkXJm/0/finestructure/swiftpackageindex-builder/spi-builder-workspace/.derivedData/Build/Intermediates.noindex/NozeIO.build/Debug-watchos/base64.build/swift-overrides.hmap -Xcc -I/Users/builder/builds/TDmZkXJm/0/finestructure/swiftpackageindex-builder/spi-builder-workspace/.derivedData/Build/Products/Debug-watchos/include -Xcc -I/Users/builder/builds/TDmZkXJm/0/finestructure/swiftpackageindex-builder/spi-builder-workspace/.derivedData/Build/Intermediates.noindex/NozeIO.build/Debug-watchos/base64.build/DerivedSources-normal/arm64_32 -Xcc -I/Users/builder/builds/TDmZkXJm/0/finestructure/swiftpackageindex-builder/spi-builder-workspace/.derivedData/Build/Intermediates.noindex/NozeIO.build/Debug-watchos/base64.build/DerivedSources/arm64_32 -Xcc -I/Users/builder/builds/TDmZkXJm/0/finestructure/swiftpackageindex-builder/spi-builder-workspace/.derivedData/Build/Intermediates.noindex/NozeIO.build/Debug-watchos/base64.build/DerivedSources -Xcc -DSWIFT_PACKAGE -Xcc -DDEBUG\=1 -module-name base64 -disable-clang-spi -target-sdk-version 10.4 -target-sdk-name watchos10.4 -external-plugin-path /Applications/Xcode-15.3.0-Beta.2.app/Contents/Developer/Platforms/WatchOS.platform/Developer/SDKs/WatchOS10.4.sdk/usr/lib/swift/host/plugins\#/Applications/Xcode-15.3.0-Beta.2.app/Contents/Developer/Platforms/WatchOS.platform/Developer/SDKs/WatchOS10.4.sdk/usr/bin/swift-plugin-server -external-plugin-path /Applications/Xcode-15.3.0-Beta.2.app/Contents/Developer/Platforms/WatchOS.platform/Developer/SDKs/WatchOS10.4.sdk/usr/local/lib/swift/host/plugins\#/Applications/Xcode-15.3.0-Beta.2.app/Contents/Developer/Platforms/WatchOS.platform/Developer/SDKs/WatchOS10.4.sdk/usr/bin/swift-plugin-server -external-plugin-path /Applications/Xcode-15.3.0-Beta.2.app/Contents/Developer/Platforms/WatchOS.platform/Developer/usr/lib/swift/host/plugins\#/Applications/Xcode-15.3.0-Beta.2.app/Contents/Developer/Platforms/WatchOS.platform/Developer/usr/bin/swift-plugin-server -external-plugin-path /Applications/Xcode-15.3.0-Beta.2.app/Contents/Developer/Platforms/WatchOS.platform/Developer/usr/local/lib/swift/host/plugins\#/Applications/Xcode-15.3.0-Beta.2.app/Contents/Developer/Platforms/WatchOS.platform/Developer/usr/bin/swift-plugin-server -plugin-path /Applications/Xcode-15.3.0-Beta.2.app/Contents/Developer/Toolchains/XcodeDefault.xctoolchain/usr/lib/swift/host/plugins -plugin-path /Applications/Xcode-15.3.0-Beta.2.app/Contents/Developer/Toolchains/XcodeDefault.xctoolchain/usr/local/lib/swift/host/plugins -emit-module-doc-path /Users/builder/builds/TDmZkXJm/0/finestructure/swiftpackageindex-builder/spi-builder-workspace/.derivedData/Build/Intermediates.noindex/NozeIO.build/Debug-watchos/base64.build/Objects-normal/arm64_32/base64.swiftdoc -emit-module-source-info-path /Users/builder/builds/TDmZkXJm/0/finestructure/swiftpackageindex-builder/spi-builder-workspace/.derivedData/Build/Intermediates.noindex/NozeIO.build/Debug-watchos/base64.build/Objects-normal/arm64_32/base64.swiftsourceinfo -emit-objc-header-path /Users/builder/builds/TDmZkXJm/0/finestructure/swiftpackageindex-builder/spi-builder-workspace/.derivedData/Build/Intermediates.noindex/NozeIO.build/Debug-watchos/base64.build/Objects-normal/arm64_32/base64-Swift.h -serialize-diagnostics-path /Users/builder/builds/TDmZkXJm/0/finestructure/swiftpackageindex-builder/spi-builder-workspace/.derivedData/Build/Intermediates.noindex/NozeIO.build/Debug-watchos/base64.build/Objects-normal/arm64_32/base64-master-emit-module.dia -emit-dependencies-path /Users/builder/builds/TDmZkXJm/0/finestructure/swiftpackageindex-builder/spi-builder-workspace/.derivedData/Build/Intermediates.noindex/NozeIO.build/Debug-watchos/base64.build/Objects-normal/arm64_32/base64-master-emit-module.d -parse-as-library -o /Users/builder/builds/TDmZkXJm/0/finestructure/swiftpackageindex-builder/spi-builder-workspace/.derivedData/Build/Intermediates.noindex/NozeIO.build/Debug-watchos/base64.build/Objects-normal/arm64_32/base64.swiftmodule -emit-abi-descriptor-path /Users/builder/builds/TDmZkXJm/0/finestructure/swiftpackageindex-builder/spi-builder-workspace/.derivedData/Build/Intermediates.noindex/NozeIO.build/Debug-watchos/base64.build/Objects-normal/arm64_32/base64.abi.json
SwiftDriver Freddy normal armv7k com.apple.xcode.tools.swift.compiler (in target 'Freddy' from project 'NozeIO')
    cd /Users/builder/builds/TDmZkXJm/0/finestructure/swiftpackageindex-builder/spi-builder-workspace
    builtin-SwiftDriver -- /Applications/Xcode-15.3.0-Beta.2.app/Contents/Developer/Toolchains/XcodeDefault.xctoolchain/usr/bin/swiftc -module-name Freddy -Onone -enforce-exclusivity\=checked @/Users/builder/builds/TDmZkXJm/0/finestructure/swiftpackageindex-builder/spi-builder-workspace/.derivedData/Build/Intermediates.noindex/NozeIO.build/Debug-watchos/Freddy.build/Objects-normal/armv7k/Freddy.SwiftFileList -DSWIFT_PACKAGE -DDEBUG -DXcode -sdk /Applications/Xcode-15.3.0-Beta.2.app/Contents/Developer/Platforms/WatchOS.platform/Developer/SDKs/WatchOS10.4.sdk -target armv7k-apple-watchos5.0 -g -module-cache-path /Users/builder/builds/TDmZkXJm/0/finestructure/swiftpackageindex-builder/spi-builder-workspace/.derivedData/ModuleCache.noindex -Xfrontend -serialize-debugging-options -enable-testing -index-store-path /Users/builder/builds/TDmZkXJm/0/finestructure/swiftpackageindex-builder/spi-builder-workspace/.derivedData/Index.noindex/DataStore -swift-version 5 -I /Users/builder/builds/TDmZkXJm/0/finestructure/swiftpackageindex-builder/spi-builder-workspace/.derivedData/Build/Products/Debug-watchos -I /Applications/Xcode-15.3.0-Beta.2.app/Contents/Developer/Platforms/WatchOS.platform/Developer/usr/lib -F /Users/builder/builds/TDmZkXJm/0/finestructure/swiftpackageindex-builder/spi-builder-workspace/.derivedData/Build/Products/Debug-watchos -F /Applications/Xcode-15.3.0-Beta.2.app/Contents/Developer/Platforms/WatchOS.platform/Developer/Library/Frameworks -F /Applications/Xcode-15.3.0-Beta.2.app/Contents/Developer/Platforms/WatchOS.platform/Developer/SDKs/WatchOS10.4.sdk/Developer/Library/Frameworks -c -j8 -enable-batch-mode -incremental -Xcc -ivfsstatcache -Xcc /Users/builder/builds/TDmZkXJm/0/finestructure/swiftpackageindex-builder/spi-builder-workspace/.derivedData/SDKStatCaches.noindex/watchos10.4-21T5196c-188b4c5c5639cdba02b95625249bd203.sdkstatcache -output-file-map /Users/builder/builds/TDmZkXJm/0/finestructure/swiftpackageindex-builder/spi-builder-workspace/.derivedData/Build/Intermediates.noindex/NozeIO.build/Debug-watchos/Freddy.build/Objects-normal/armv7k/Freddy-OutputFileMap.json -use-frontend-parseable-output -save-temps -no-color-diagnostics -serialize-diagnostics -emit-dependencies -emit-module -emit-module-path /Users/builder/builds/TDmZkXJm/0/finestructure/swiftpackageindex-builder/spi-builder-workspace/.derivedData/Build/Intermediates.noindex/NozeIO.build/Debug-watchos/Freddy.build/Objects-normal/armv7k/Freddy.swiftmodule -validate-clang-modules-once -clang-build-session-file /Users/builder/builds/TDmZkXJm/0/finestructure/swiftpackageindex-builder/spi-builder-workspace/.derivedData/ModuleCache.noindex/Session.modulevalidation -Xcc -I/Users/builder/builds/TDmZkXJm/0/finestructure/swiftpackageindex-builder/spi-builder-workspace/.derivedData/Build/Intermediates.noindex/NozeIO.build/Debug-watchos/Freddy.build/swift-overrides.hmap -emit-const-values -Xfrontend -const-gather-protocols-file -Xfrontend /Users/builder/builds/TDmZkXJm/0/finestructure/swiftpackageindex-builder/spi-builder-workspace/.derivedData/Build/Intermediates.noindex/NozeIO.build/Debug-watchos/Freddy.build/Objects-normal/armv7k/Freddy_const_extract_protocols.json -Xcc -I/Users/builder/builds/TDmZkXJm/0/finestructure/swiftpackageindex-builder/spi-builder-workspace/.derivedData/Build/Products/Debug-watchos/include -Xcc -I/Users/builder/builds/TDmZkXJm/0/finestructure/swiftpackageindex-builder/spi-builder-workspace/.derivedData/Build/Intermediates.noindex/NozeIO.build/Debug-watchos/Freddy.build/DerivedSources-normal/armv7k -Xcc -I/Users/builder/builds/TDmZkXJm/0/finestructure/swiftpackageindex-builder/spi-builder-workspace/.derivedData/Build/Intermediates.noindex/NozeIO.build/Debug-watchos/Freddy.build/DerivedSources/armv7k -Xcc -I/Users/builder/builds/TDmZkXJm/0/finestructure/swiftpackageindex-builder/spi-builder-workspace/.derivedData/Build/Intermediates.noindex/NozeIO.build/Debug-watchos/Freddy.build/DerivedSources -Xcc -DSWIFT_PACKAGE -Xcc -DDEBUG\=1 -emit-objc-header -emit-objc-header-path /Users/builder/builds/TDmZkXJm/0/finestructure/swiftpackageindex-builder/spi-builder-workspace/.derivedData/Build/Intermediates.noindex/NozeIO.build/Debug-watchos/Freddy.build/Objects-normal/armv7k/Freddy-Swift.h -working-directory /Users/builder/builds/TDmZkXJm/0/finestructure/swiftpackageindex-builder/spi-builder-workspace -experimental-emit-module-separately -disable-cmo
SwiftEmitModule normal arm64_32 Emitting\ module\ for\ Freddy (in target 'Freddy' from project 'NozeIO')
    cd /Users/builder/builds/TDmZkXJm/0/finestructure/swiftpackageindex-builder/spi-builder-workspace
    builtin-swiftTaskExecution -- /Applications/Xcode-15.3.0-Beta.2.app/Contents/Developer/Toolchains/XcodeDefault.xctoolchain/usr/bin/swift-frontend -frontend -emit-module -experimental-skip-non-inlinable-function-bodies-without-types /Users/builder/builds/TDmZkXJm/0/finestructure/swiftpackageindex-builder/spi-builder-workspace/Sources/Freddy/JSON.swift /Users/builder/builds/TDmZkXJm/0/finestructure/swiftpackageindex-builder/spi-builder-workspace/Sources/Freddy/JSONDecodable.swift /Users/builder/builds/TDmZkXJm/0/finestructure/swiftpackageindex-builder/spi-builder-workspace/Sources/Freddy/JSONEncodable.swift /Users/builder/builds/TDmZkXJm/0/finestructure/swiftpackageindex-builder/spi-builder-workspace/Sources/Freddy/JSONEncodingDetector.swift /Users/builder/builds/TDmZkXJm/0/finestructure/swiftpackageindex-builder/spi-builder-workspace/Sources/Freddy/JSONLiteralConvertible.swift /Users/builder/builds/TDmZkXJm/0/finestructure/swiftpackageindex-builder/spi-builder-workspace/Sources/Freddy/JSONParser.swift /Users/builder/builds/TDmZkXJm/0/finestructure/swiftpackageindex-builder/spi-builder-workspace/Sources/Freddy/JSONSubscripting.swift /Users/builder/builds/TDmZkXJm/0/finestructure/swiftpackageindex-builder/spi-builder-workspace/Sources/Freddy/Swift3.swift -target arm64_32-apple-watchos5.0 -enable-objc-interop -sdk /Applications/Xcode-15.3.0-Beta.2.app/Contents/Developer/Platforms/WatchOS.platform/Developer/SDKs/WatchOS10.4.sdk -I /Users/builder/builds/TDmZkXJm/0/finestructure/swiftpackageindex-builder/spi-builder-workspace/.derivedData/Build/Products/Debug-watchos -I /Applications/Xcode-15.3.0-Beta.2.app/Contents/Developer/Platforms/WatchOS.platform/Developer/usr/lib -F /Users/builder/builds/TDmZkXJm/0/finestructure/swiftpackageindex-builder/spi-builder-workspace/.derivedData/Build/Products/Debug-watchos -F /Applications/Xcode-15.3.0-Beta.2.app/Contents/Developer/Platforms/WatchOS.platform/Developer/Library/Frameworks -F /Applications/Xcode-15.3.0-Beta.2.app/Contents/Developer/Platforms/WatchOS.platform/Developer/SDKs/WatchOS10.4.sdk/Developer/Library/Frameworks -no-color-diagnostics -enable-testing -g -module-cache-path /Users/builder/builds/TDmZkXJm/0/finestructure/swiftpackageindex-builder/spi-builder-workspace/.derivedData/ModuleCache.noindex -swift-version 5 -enforce-exclusivity\=checked -Onone -D SWIFT_PACKAGE -D DEBUG -D Xcode -serialize-debugging-options -const-gather-protocols-file /Users/builder/builds/TDmZkXJm/0/finestructure/swiftpackageindex-builder/spi-builder-workspace/.derivedData/Build/Intermediates.noindex/NozeIO.build/Debug-watchos/Freddy.build/Objects-normal/arm64_32/Freddy_const_extract_protocols.json -empty-abi-descriptor -validate-clang-modules-once -clang-build-session-file /Users/builder/builds/TDmZkXJm/0/finestructure/swiftpackageindex-builder/spi-builder-workspace/.derivedData/ModuleCache.noindex/Session.modulevalidation -Xcc -working-directory -Xcc /Users/builder/builds/TDmZkXJm/0/finestructure/swiftpackageindex-builder/spi-builder-workspace -resource-dir /Applications/Xcode-15.3.0-Beta.2.app/Contents/Developer/Toolchains/XcodeDefault.xctoolchain/usr/lib/swift -enable-anonymous-context-mangled-names -Xcc -ivfsstatcache -Xcc /Users/builder/builds/TDmZkXJm/0/finestructure/swiftpackageindex-builder/spi-builder-workspace/.derivedData/SDKStatCaches.noindex/watchos10.4-21T5196c-188b4c5c5639cdba02b95625249bd203.sdkstatcache -Xcc -I/Users/builder/builds/TDmZkXJm/0/finestructure/swiftpackageindex-builder/spi-builder-workspace/.derivedData/Build/Intermediates.noindex/NozeIO.build/Debug-watchos/Freddy.build/swift-overrides.hmap -Xcc -I/Users/builder/builds/TDmZkXJm/0/finestructure/swiftpackageindex-builder/spi-builder-workspace/.derivedData/Build/Products/Debug-watchos/include -Xcc -I/Users/builder/builds/TDmZkXJm/0/finestructure/swiftpackageindex-builder/spi-builder-workspace/.derivedData/Build/Intermediates.noindex/NozeIO.build/Debug-watchos/Freddy.build/DerivedSources-normal/arm64_32 -Xcc -I/Users/builder/builds/TDmZkXJm/0/finestructure/swiftpackageindex-builder/spi-builder-workspace/.derivedData/Build/Intermediates.noindex/NozeIO.build/Debug-watchos/Freddy.build/DerivedSources/arm64_32 -Xcc -I/Users/builder/builds/TDmZkXJm/0/finestructure/swiftpackageindex-builder/spi-builder-workspace/.derivedData/Build/Intermediates.noindex/NozeIO.build/Debug-watchos/Freddy.build/DerivedSources -Xcc -DSWIFT_PACKAGE -Xcc -DDEBUG\=1 -module-name Freddy -disable-clang-spi -target-sdk-version 10.4 -target-sdk-name watchos10.4 -external-plugin-path /Applications/Xcode-15.3.0-Beta.2.app/Contents/Developer/Platforms/WatchOS.platform/Developer/SDKs/WatchOS10.4.sdk/usr/lib/swift/host/plugins\#/Applications/Xcode-15.3.0-Beta.2.app/Contents/Developer/Platforms/WatchOS.platform/Developer/SDKs/WatchOS10.4.sdk/usr/bin/swift-plugin-server -external-plugin-path /Applications/Xcode-15.3.0-Beta.2.app/Contents/Developer/Platforms/WatchOS.platform/Developer/SDKs/WatchOS10.4.sdk/usr/local/lib/swift/host/plugins\#/Applications/Xcode-15.3.0-Beta.2.app/Contents/Developer/Platforms/WatchOS.platform/Developer/SDKs/WatchOS10.4.sdk/usr/bin/swift-plugin-server -external-plugin-path /Applications/Xcode-15.3.0-Beta.2.app/Contents/Developer/Platforms/WatchOS.platform/Developer/usr/lib/swift/host/plugins\#/Applications/Xcode-15.3.0-Beta.2.app/Contents/Developer/Platforms/WatchOS.platform/Developer/usr/bin/swift-plugin-server -external-plugin-path /Applications/Xcode-15.3.0-Beta.2.app/Contents/Developer/Platforms/WatchOS.platform/Developer/usr/local/lib/swift/host/plugins\#/Applications/Xcode-15.3.0-Beta.2.app/Contents/Developer/Platforms/WatchOS.platform/Developer/usr/bin/swift-plugin-server -plugin-path /Applications/Xcode-15.3.0-Beta.2.app/Contents/Developer/Toolchains/XcodeDefault.xctoolchain/usr/lib/swift/host/plugins -plugin-path /Applications/Xcode-15.3.0-Beta.2.app/Contents/Developer/Toolchains/XcodeDefault.xctoolchain/usr/local/lib/swift/host/plugins -emit-module-doc-path /Users/builder/builds/TDmZkXJm/0/finestructure/swiftpackageindex-builder/spi-builder-workspace/.derivedData/Build/Intermediates.noindex/NozeIO.build/Debug-watchos/Freddy.build/Objects-normal/arm64_32/Freddy.swiftdoc -emit-module-source-info-path /Users/builder/builds/TDmZkXJm/0/finestructure/swiftpackageindex-builder/spi-builder-workspace/.derivedData/Build/Intermediates.noindex/NozeIO.build/Debug-watchos/Freddy.build/Objects-normal/arm64_32/Freddy.swiftsourceinfo -emit-objc-header-path /Users/builder/builds/TDmZkXJm/0/finestructure/swiftpackageindex-builder/spi-builder-workspace/.derivedData/Build/Intermediates.noindex/NozeIO.build/Debug-watchos/Freddy.build/Objects-normal/arm64_32/Freddy-Swift.h -serialize-diagnostics-path /Users/builder/builds/TDmZkXJm/0/finestructure/swiftpackageindex-builder/spi-builder-workspace/.derivedData/Build/Intermediates.noindex/NozeIO.build/Debug-watchos/Freddy.build/Objects-normal/arm64_32/Freddy-master-emit-module.dia -emit-dependencies-path /Users/builder/builds/TDmZkXJm/0/finestructure/swiftpackageindex-builder/spi-builder-workspace/.derivedData/Build/Intermediates.noindex/NozeIO.build/Debug-watchos/Freddy.build/Objects-normal/arm64_32/Freddy-master-emit-module.d -o /Users/builder/builds/TDmZkXJm/0/finestructure/swiftpackageindex-builder/spi-builder-workspace/.derivedData/Build/Intermediates.noindex/NozeIO.build/Debug-watchos/Freddy.build/Objects-normal/arm64_32/Freddy.swiftmodule -emit-abi-descriptor-path /Users/builder/builds/TDmZkXJm/0/finestructure/swiftpackageindex-builder/spi-builder-workspace/.derivedData/Build/Intermediates.noindex/NozeIO.build/Debug-watchos/Freddy.build/Objects-normal/arm64_32/Freddy.abi.json
Command SwiftEmitModule failed with a nonzero exit code
SwiftEmitModule normal armv7k Emitting\ module\ for\ Freddy (in target 'Freddy' from project 'NozeIO')
    cd /Users/builder/builds/TDmZkXJm/0/finestructure/swiftpackageindex-builder/spi-builder-workspace
    builtin-swiftTaskExecution -- /Applications/Xcode-15.3.0-Beta.2.app/Contents/Developer/Toolchains/XcodeDefault.xctoolchain/usr/bin/swift-frontend -frontend -emit-module -experimental-skip-non-inlinable-function-bodies-without-types /Users/builder/builds/TDmZkXJm/0/finestructure/swiftpackageindex-builder/spi-builder-workspace/Sources/Freddy/JSON.swift /Users/builder/builds/TDmZkXJm/0/finestructure/swiftpackageindex-builder/spi-builder-workspace/Sources/Freddy/JSONDecodable.swift /Users/builder/builds/TDmZkXJm/0/finestructure/swiftpackageindex-builder/spi-builder-workspace/Sources/Freddy/JSONEncodable.swift /Users/builder/builds/TDmZkXJm/0/finestructure/swiftpackageindex-builder/spi-builder-workspace/Sources/Freddy/JSONEncodingDetector.swift /Users/builder/builds/TDmZkXJm/0/finestructure/swiftpackageindex-builder/spi-builder-workspace/Sources/Freddy/JSONLiteralConvertible.swift /Users/builder/builds/TDmZkXJm/0/finestructure/swiftpackageindex-builder/spi-builder-workspace/Sources/Freddy/JSONParser.swift /Users/builder/builds/TDmZkXJm/0/finestructure/swiftpackageindex-builder/spi-builder-workspace/Sources/Freddy/JSONSubscripting.swift /Users/builder/builds/TDmZkXJm/0/finestructure/swiftpackageindex-builder/spi-builder-workspace/Sources/Freddy/Swift3.swift -target armv7k-apple-watchos5.0 -enable-objc-interop -sdk /Applications/Xcode-15.3.0-Beta.2.app/Contents/Developer/Platforms/WatchOS.platform/Developer/SDKs/WatchOS10.4.sdk -I /Users/builder/builds/TDmZkXJm/0/finestructure/swiftpackageindex-builder/spi-builder-workspace/.derivedData/Build/Products/Debug-watchos -I /Applications/Xcode-15.3.0-Beta.2.app/Contents/Developer/Platforms/WatchOS.platform/Developer/usr/lib -F /Users/builder/builds/TDmZkXJm/0/finestructure/swiftpackageindex-builder/spi-builder-workspace/.derivedData/Build/Products/Debug-watchos -F /Applications/Xcode-15.3.0-Beta.2.app/Contents/Developer/Platforms/WatchOS.platform/Developer/Library/Frameworks -F /Applications/Xcode-15.3.0-Beta.2.app/Contents/Developer/Platforms/WatchOS.platform/Developer/SDKs/WatchOS10.4.sdk/Developer/Library/Frameworks -no-color-diagnostics -enable-testing -g -module-cache-path /Users/builder/builds/TDmZkXJm/0/finestructure/swiftpackageindex-builder/spi-builder-workspace/.derivedData/ModuleCache.noindex -swift-version 5 -enforce-exclusivity\=checked -Onone -D SWIFT_PACKAGE -D DEBUG -D Xcode -serialize-debugging-options -const-gather-protocols-file /Users/builder/builds/TDmZkXJm/0/finestructure/swiftpackageindex-builder/spi-builder-workspace/.derivedData/Build/Intermediates.noindex/NozeIO.build/Debug-watchos/Freddy.build/Objects-normal/armv7k/Freddy_const_extract_protocols.json -empty-abi-descriptor -validate-clang-modules-once -clang-build-session-file /Users/builder/builds/TDmZkXJm/0/finestructure/swiftpackageindex-builder/spi-builder-workspace/.derivedData/ModuleCache.noindex/Session.modulevalidation -Xcc -working-directory -Xcc /Users/builder/builds/TDmZkXJm/0/finestructure/swiftpackageindex-builder/spi-builder-workspace -resource-dir /Applications/Xcode-15.3.0-Beta.2.app/Contents/Developer/Toolchains/XcodeDefault.xctoolchain/usr/lib/swift -enable-anonymous-context-mangled-names -Xcc -ivfsstatcache -Xcc /Users/builder/builds/TDmZkXJm/0/finestructure/swiftpackageindex-builder/spi-builder-workspace/.derivedData/SDKStatCaches.noindex/watchos10.4-21T5196c-188b4c5c5639cdba02b95625249bd203.sdkstatcache -Xcc -I/Users/builder/builds/TDmZkXJm/0/finestructure/swiftpackageindex-builder/spi-builder-workspace/.derivedData/Build/Intermediates.noindex/NozeIO.build/Debug-watchos/Freddy.build/swift-overrides.hmap -Xcc -I/Users/builder/builds/TDmZkXJm/0/finestructure/swiftpackageindex-builder/spi-builder-workspace/.derivedData/Build/Products/Debug-watchos/include -Xcc -I/Users/builder/builds/TDmZkXJm/0/finestructure/swiftpackageindex-builder/spi-builder-workspace/.derivedData/Build/Intermediates.noindex/NozeIO.build/Debug-watchos/Freddy.build/DerivedSources-normal/armv7k -Xcc -I/Users/builder/builds/TDmZkXJm/0/finestructure/swiftpackageindex-builder/spi-builder-workspace/.derivedData/Build/Intermediates.noindex/NozeIO.build/Debug-watchos/Freddy.build/DerivedSources/armv7k -Xcc -I/Users/builder/builds/TDmZkXJm/0/finestructure/swiftpackageindex-builder/spi-builder-workspace/.derivedData/Build/Intermediates.noindex/NozeIO.build/Debug-watchos/Freddy.build/DerivedSources -Xcc -DSWIFT_PACKAGE -Xcc -DDEBUG\=1 -module-name Freddy -disable-clang-spi -target-sdk-version 10.4 -target-sdk-name watchos10.4 -external-plugin-path /Applications/Xcode-15.3.0-Beta.2.app/Contents/Developer/Platforms/WatchOS.platform/Developer/SDKs/WatchOS10.4.sdk/usr/lib/swift/host/plugins\#/Applications/Xcode-15.3.0-Beta.2.app/Contents/Developer/Platforms/WatchOS.platform/Developer/SDKs/WatchOS10.4.sdk/usr/bin/swift-plugin-server -external-plugin-path /Applications/Xcode-15.3.0-Beta.2.app/Contents/Developer/Platforms/WatchOS.platform/Developer/SDKs/WatchOS10.4.sdk/usr/local/lib/swift/host/plugins\#/Applications/Xcode-15.3.0-Beta.2.app/Contents/Developer/Platforms/WatchOS.platform/Developer/SDKs/WatchOS10.4.sdk/usr/bin/swift-plugin-server -external-plugin-path /Applications/Xcode-15.3.0-Beta.2.app/Contents/Developer/Platforms/WatchOS.platform/Developer/usr/lib/swift/host/plugins\#/Applications/Xcode-15.3.0-Beta.2.app/Contents/Developer/Platforms/WatchOS.platform/Developer/usr/bin/swift-plugin-server -external-plugin-path /Applications/Xcode-15.3.0-Beta.2.app/Contents/Developer/Platforms/WatchOS.platform/Developer/usr/local/lib/swift/host/plugins\#/Applications/Xcode-15.3.0-Beta.2.app/Contents/Developer/Platforms/WatchOS.platform/Developer/usr/bin/swift-plugin-server -plugin-path /Applications/Xcode-15.3.0-Beta.2.app/Contents/Developer/Toolchains/XcodeDefault.xctoolchain/usr/lib/swift/host/plugins -plugin-path /Applications/Xcode-15.3.0-Beta.2.app/Contents/Developer/Toolchains/XcodeDefault.xctoolchain/usr/local/lib/swift/host/plugins -emit-module-doc-path /Users/builder/builds/TDmZkXJm/0/finestructure/swiftpackageindex-builder/spi-builder-workspace/.derivedData/Build/Intermediates.noindex/NozeIO.build/Debug-watchos/Freddy.build/Objects-normal/armv7k/Freddy.swiftdoc -emit-module-source-info-path /Users/builder/builds/TDmZkXJm/0/finestructure/swiftpackageindex-builder/spi-builder-workspace/.derivedData/Build/Intermediates.noindex/NozeIO.build/Debug-watchos/Freddy.build/Objects-normal/armv7k/Freddy.swiftsourceinfo -emit-objc-header-path /Users/builder/builds/TDmZkXJm/0/finestructure/swiftpackageindex-builder/spi-builder-workspace/.derivedData/Build/Intermediates.noindex/NozeIO.build/Debug-watchos/Freddy.build/Objects-normal/armv7k/Freddy-Swift.h -serialize-diagnostics-path /Users/builder/builds/TDmZkXJm/0/finestructure/swiftpackageindex-builder/spi-builder-workspace/.derivedData/Build/Intermediates.noindex/NozeIO.build/Debug-watchos/Freddy.build/Objects-normal/armv7k/Freddy-master-emit-module.dia -emit-dependencies-path /Users/builder/builds/TDmZkXJm/0/finestructure/swiftpackageindex-builder/spi-builder-workspace/.derivedData/Build/Intermediates.noindex/NozeIO.build/Debug-watchos/Freddy.build/Objects-normal/armv7k/Freddy-master-emit-module.d -o /Users/builder/builds/TDmZkXJm/0/finestructure/swiftpackageindex-builder/spi-builder-workspace/.derivedData/Build/Intermediates.noindex/NozeIO.build/Debug-watchos/Freddy.build/Objects-normal/armv7k/Freddy.swiftmodule -emit-abi-descriptor-path /Users/builder/builds/TDmZkXJm/0/finestructure/swiftpackageindex-builder/spi-builder-workspace/.derivedData/Build/Intermediates.noindex/NozeIO.build/Debug-watchos/Freddy.build/Objects-normal/armv7k/Freddy.abi.json
Command SwiftEmitModule failed with a nonzero exit code
2024-02-15 04:42:09.652 xcodebuild[42710:8383031] Requested but did not find extension point with identifier Xcode.DVTDeviceFoundation.Aspect for extension Xcode.IDEiOSSupportCore.Aspect.NBDD of plug-in com.apple.dt.IDE.IDEiOSSupportCore
2024-02-15 04:42:10.123 xcodebuild[42710:8383031] [MT] DVTPlugInQuery: Requested but did not find extension point with identifier 'Xcode.DVTDeviceFoundation.CompatibleDeviceFamilyPair'. This is programmer error; code should only request extension points that are defined by itself or its dependencies.
** BUILD FAILED **
The following build commands failed:
	SwiftEmitModule normal arm64_32 Emitting\ module\ for\ xsys (in target 'xsys' from project 'NozeIO')
	SwiftEmitModule normal arm64_32 Emitting\ module\ for\ Freddy (in target 'Freddy' from project 'NozeIO')
	SwiftEmitModule normal armv7k Emitting\ module\ for\ Freddy (in target 'Freddy' from project 'NozeIO')
(3 failures)
BUILD FAILURE 5.10 watchOS