The Swift Package Index logo.Swift Package Index

Build Information

Failed to build PushNotifications, reference 2.0.0 (c7af0f), with Swift 6.4 for visionOS using Xcode 27.0 on 17 Sep 2026 16:55:30 UTC.

Build Command

env DEVELOPER_DIR=/Applications/Xcode-27.0.0-Release.Candidate.app xcrun xcodebuild -IDEClonedSourcePackagesDirPathOverride=$PWD/.dependencies -skipMacroValidation -skipPackagePluginValidation -derivedDataPath $PWD/.derivedData build -scheme PushNotifications -destination generic/platform=xrOS

Build Log

WriteAuxiliaryFile /Users/admin/builder/spi-builder-workspace/.derivedData/Build/Intermediates.noindex/SwiftJWT.build/Debug-xros/SwiftJWT-t.build/SwiftJWT.DependencyMetadataFileList (in target 'SwiftJWT' from project 'SwiftJWT')
    cd /Users/admin/builder/spi-builder-workspace/.dependencies/checkouts/Swift-JWT
    write-file /Users/admin/builder/spi-builder-workspace/.derivedData/Build/Intermediates.noindex/SwiftJWT.build/Debug-xros/SwiftJWT-t.build/SwiftJWT.DependencyMetadataFileList
WriteAuxiliaryFile /Users/admin/builder/spi-builder-workspace/.derivedData/Build/Intermediates.noindex/SwiftJWT.build/Debug-xros/SwiftJWT-t.build/SwiftJWT.modulemap (in target 'SwiftJWT' from project 'SwiftJWT')
    cd /Users/admin/builder/spi-builder-workspace/.dependencies/checkouts/Swift-JWT
    write-file /Users/admin/builder/spi-builder-workspace/.derivedData/Build/Intermediates.noindex/SwiftJWT.build/Debug-xros/SwiftJWT-t.build/SwiftJWT.modulemap
WriteAuxiliaryFile /Users/admin/builder/spi-builder-workspace/.derivedData/Build/Intermediates.noindex/SwiftJWT.build/Debug-xros/SwiftJWT-t.build/SwiftJWT.DependencyStaticMetadataFileList (in target 'SwiftJWT' from project 'SwiftJWT')
    cd /Users/admin/builder/spi-builder-workspace/.dependencies/checkouts/Swift-JWT
    write-file /Users/admin/builder/spi-builder-workspace/.derivedData/Build/Intermediates.noindex/SwiftJWT.build/Debug-xros/SwiftJWT-t.build/SwiftJWT.DependencyStaticMetadataFileList
WriteAuxiliaryFile /Users/admin/builder/spi-builder-workspace/.derivedData/Build/Intermediates.noindex/SwiftJWT.build/Debug-xros/SwiftJWT-t.build/Objects-normal/arm64/SwiftJWT.LinkFileList (in target 'SwiftJWT' from project 'SwiftJWT')
    cd /Users/admin/builder/spi-builder-workspace/.dependencies/checkouts/Swift-JWT
    write-file /Users/admin/builder/spi-builder-workspace/.derivedData/Build/Intermediates.noindex/SwiftJWT.build/Debug-xros/SwiftJWT-t.build/Objects-normal/arm64/SwiftJWT.LinkFileList
WriteAuxiliaryFile /Users/admin/builder/spi-builder-workspace/.derivedData/Build/Intermediates.noindex/SwiftJWT.build/Debug-xros/SwiftJWT-t.build/Objects-normal/arm64/SwiftJWT.SwiftFileList (in target 'SwiftJWT' from project 'SwiftJWT')
    cd /Users/admin/builder/spi-builder-workspace/.dependencies/checkouts/Swift-JWT
    write-file /Users/admin/builder/spi-builder-workspace/.derivedData/Build/Intermediates.noindex/SwiftJWT.build/Debug-xros/SwiftJWT-t.build/Objects-normal/arm64/SwiftJWT.SwiftFileList
WriteAuxiliaryFile /Users/admin/builder/spi-builder-workspace/.derivedData/Build/Intermediates.noindex/SwiftJWT.build/Debug-xros/SwiftJWT-t.build/Objects-normal/arm64/SwiftJWT-OutputFileMap.json (in target 'SwiftJWT' from project 'SwiftJWT')
    cd /Users/admin/builder/spi-builder-workspace/.dependencies/checkouts/Swift-JWT
    write-file /Users/admin/builder/spi-builder-workspace/.derivedData/Build/Intermediates.noindex/SwiftJWT.build/Debug-xros/SwiftJWT-t.build/Objects-normal/arm64/SwiftJWT-OutputFileMap.json
WriteAuxiliaryFile /Users/admin/builder/spi-builder-workspace/.derivedData/Build/Intermediates.noindex/SwiftJWT.build/Debug-xros/SwiftJWT-t.build/Objects-normal/arm64/SwiftJWT_const_extract_protocols.json (in target 'SwiftJWT' from project 'SwiftJWT')
    cd /Users/admin/builder/spi-builder-workspace/.dependencies/checkouts/Swift-JWT
    write-file /Users/admin/builder/spi-builder-workspace/.derivedData/Build/Intermediates.noindex/SwiftJWT.build/Debug-xros/SwiftJWT-t.build/Objects-normal/arm64/SwiftJWT_const_extract_protocols.json
WriteAuxiliaryFile /Users/admin/builder/spi-builder-workspace/.derivedData/Build/Intermediates.noindex/SwiftJWT.build/Debug-xros/SwiftJWT-t.build/Objects-normal/arm64/SwiftJWT.SwiftConstValuesFileList (in target 'SwiftJWT' from project 'SwiftJWT')
    cd /Users/admin/builder/spi-builder-workspace/.dependencies/checkouts/Swift-JWT
    write-file /Users/admin/builder/spi-builder-workspace/.derivedData/Build/Intermediates.noindex/SwiftJWT.build/Debug-xros/SwiftJWT-t.build/Objects-normal/arm64/SwiftJWT.SwiftConstValuesFileList
WriteAuxiliaryFile /Users/admin/builder/spi-builder-workspace/.derivedData/Build/Intermediates.noindex/PushNotifications.build/Debug-xros/PushNotifications-t.build/PushNotifications.DependencyStaticMetadataFileList (in target 'PushNotifications' from project 'PushNotifications')
    cd /Users/admin/builder/spi-builder-workspace
    write-file /Users/admin/builder/spi-builder-workspace/.derivedData/Build/Intermediates.noindex/PushNotifications.build/Debug-xros/PushNotifications-t.build/PushNotifications.DependencyStaticMetadataFileList
WriteAuxiliaryFile /Users/admin/builder/spi-builder-workspace/.derivedData/Build/Intermediates.noindex/PushNotifications.build/Debug-xros/PushNotifications-t.build/PushNotifications.DependencyMetadataFileList (in target 'PushNotifications' from project 'PushNotifications')
    cd /Users/admin/builder/spi-builder-workspace
    write-file /Users/admin/builder/spi-builder-workspace/.derivedData/Build/Intermediates.noindex/PushNotifications.build/Debug-xros/PushNotifications-t.build/PushNotifications.DependencyMetadataFileList
WriteAuxiliaryFile /Users/admin/builder/spi-builder-workspace/.derivedData/Build/Intermediates.noindex/PushNotifications.build/Debug-xros/PushNotifications-t.build/Objects-normal/arm64/PushNotifications_const_extract_protocols.json (in target 'PushNotifications' from project 'PushNotifications')
    cd /Users/admin/builder/spi-builder-workspace
    write-file /Users/admin/builder/spi-builder-workspace/.derivedData/Build/Intermediates.noindex/PushNotifications.build/Debug-xros/PushNotifications-t.build/Objects-normal/arm64/PushNotifications_const_extract_protocols.json
WriteAuxiliaryFile /Users/admin/builder/spi-builder-workspace/.derivedData/Build/Intermediates.noindex/PushNotifications.build/Debug-xros/PushNotifications-t.build/Objects-normal/arm64/PushNotifications.SwiftFileList (in target 'PushNotifications' from project 'PushNotifications')
    cd /Users/admin/builder/spi-builder-workspace
    write-file /Users/admin/builder/spi-builder-workspace/.derivedData/Build/Intermediates.noindex/PushNotifications.build/Debug-xros/PushNotifications-t.build/Objects-normal/arm64/PushNotifications.SwiftFileList
Copy /Users/admin/builder/spi-builder-workspace/.derivedData/Build/Intermediates.noindex/GeneratedModuleMaps-xros/SwiftJWT.modulemap /Users/admin/builder/spi-builder-workspace/.derivedData/Build/Intermediates.noindex/SwiftJWT.build/Debug-xros/SwiftJWT-t.build/SwiftJWT.modulemap (in target 'SwiftJWT' from project 'SwiftJWT')
    cd /Users/admin/builder/spi-builder-workspace/.dependencies/checkouts/Swift-JWT
    builtin-copy -exclude .DS_Store -exclude CVS -exclude .svn -exclude .git -exclude .hg -resolve-src-symlinks /Users/admin/builder/spi-builder-workspace/.derivedData/Build/Intermediates.noindex/SwiftJWT.build/Debug-xros/SwiftJWT-t.build/SwiftJWT.modulemap /Users/admin/builder/spi-builder-workspace/.derivedData/Build/Intermediates.noindex/GeneratedModuleMaps-xros
WriteAuxiliaryFile /Users/admin/builder/spi-builder-workspace/.derivedData/Build/Intermediates.noindex/PushNotifications.build/Debug-xros/PushNotifications-t.build/Objects-normal/arm64/PushNotifications.SwiftConstValuesFileList (in target 'PushNotifications' from project 'PushNotifications')
    cd /Users/admin/builder/spi-builder-workspace
    write-file /Users/admin/builder/spi-builder-workspace/.derivedData/Build/Intermediates.noindex/PushNotifications.build/Debug-xros/PushNotifications-t.build/Objects-normal/arm64/PushNotifications.SwiftConstValuesFileList
WriteAuxiliaryFile /Users/admin/builder/spi-builder-workspace/.derivedData/Build/Intermediates.noindex/PushNotifications.build/Debug-xros/PushNotifications-t.build/Objects-normal/arm64/PushNotifications.LinkFileList (in target 'PushNotifications' from project 'PushNotifications')
    cd /Users/admin/builder/spi-builder-workspace
    write-file /Users/admin/builder/spi-builder-workspace/.derivedData/Build/Intermediates.noindex/PushNotifications.build/Debug-xros/PushNotifications-t.build/Objects-normal/arm64/PushNotifications.LinkFileList
WriteAuxiliaryFile /Users/admin/builder/spi-builder-workspace/.derivedData/Build/Intermediates.noindex/PushNotifications.build/Debug-xros/PushNotifications-t.build/Objects-normal/arm64/PushNotifications-OutputFileMap.json (in target 'PushNotifications' from project 'PushNotifications')
    cd /Users/admin/builder/spi-builder-workspace
    write-file /Users/admin/builder/spi-builder-workspace/.derivedData/Build/Intermediates.noindex/PushNotifications.build/Debug-xros/PushNotifications-t.build/Objects-normal/arm64/PushNotifications-OutputFileMap.json
Copy /Users/admin/builder/spi-builder-workspace/.derivedData/Build/Intermediates.noindex/GeneratedModuleMaps-xros/PushNotifications.modulemap /Users/admin/builder/spi-builder-workspace/.derivedData/Build/Intermediates.noindex/PushNotifications.build/Debug-xros/PushNotifications-t.build/PushNotifications.modulemap (in target 'PushNotifications' from project 'PushNotifications')
    cd /Users/admin/builder/spi-builder-workspace
    builtin-copy -exclude .DS_Store -exclude CVS -exclude .svn -exclude .git -exclude .hg -resolve-src-symlinks /Users/admin/builder/spi-builder-workspace/.derivedData/Build/Intermediates.noindex/PushNotifications.build/Debug-xros/PushNotifications-t.build/PushNotifications.modulemap /Users/admin/builder/spi-builder-workspace/.derivedData/Build/Intermediates.noindex/GeneratedModuleMaps-xros
WriteAuxiliaryFile /Users/admin/builder/spi-builder-workspace/.derivedData/Build/Intermediates.noindex/swift-log.build/Debug-xros/Logging-t.build/Objects-normal/arm64/Logging_const_extract_protocols.json (in target 'Logging' from project 'swift-log')
    cd /Users/admin/builder/spi-builder-workspace/.dependencies/checkouts/swift-log
    write-file /Users/admin/builder/spi-builder-workspace/.derivedData/Build/Intermediates.noindex/swift-log.build/Debug-xros/Logging-t.build/Objects-normal/arm64/Logging_const_extract_protocols.json
WriteAuxiliaryFile /Users/admin/builder/spi-builder-workspace/.derivedData/Build/Intermediates.noindex/swift-log.build/Debug-xros/Logging-t.build/Objects-normal/arm64/Logging.SwiftFileList (in target 'Logging' from project 'swift-log')
    cd /Users/admin/builder/spi-builder-workspace/.dependencies/checkouts/swift-log
    write-file /Users/admin/builder/spi-builder-workspace/.derivedData/Build/Intermediates.noindex/swift-log.build/Debug-xros/Logging-t.build/Objects-normal/arm64/Logging.SwiftFileList
WriteAuxiliaryFile /Users/admin/builder/spi-builder-workspace/.derivedData/Build/Intermediates.noindex/swift-log.build/Debug-xros/Logging-t.build/Objects-normal/arm64/Logging.SwiftConstValuesFileList (in target 'Logging' from project 'swift-log')
    cd /Users/admin/builder/spi-builder-workspace/.dependencies/checkouts/swift-log
    write-file /Users/admin/builder/spi-builder-workspace/.derivedData/Build/Intermediates.noindex/swift-log.build/Debug-xros/Logging-t.build/Objects-normal/arm64/Logging.SwiftConstValuesFileList
WriteAuxiliaryFile /Users/admin/builder/spi-builder-workspace/.derivedData/Build/Intermediates.noindex/swift-log.build/Debug-xros/Logging-t.build/Objects-normal/arm64/Logging.LinkFileList (in target 'Logging' from project 'swift-log')
    cd /Users/admin/builder/spi-builder-workspace/.dependencies/checkouts/swift-log
    write-file /Users/admin/builder/spi-builder-workspace/.derivedData/Build/Intermediates.noindex/swift-log.build/Debug-xros/Logging-t.build/Objects-normal/arm64/Logging.LinkFileList
WriteAuxiliaryFile /Users/admin/builder/spi-builder-workspace/.derivedData/Build/Intermediates.noindex/swift-log.build/Debug-xros/Logging-t.build/Objects-normal/arm64/Logging-OutputFileMap.json (in target 'Logging' from project 'swift-log')
    cd /Users/admin/builder/spi-builder-workspace/.dependencies/checkouts/swift-log
    write-file /Users/admin/builder/spi-builder-workspace/.derivedData/Build/Intermediates.noindex/swift-log.build/Debug-xros/Logging-t.build/Objects-normal/arm64/Logging-OutputFileMap.json
WriteAuxiliaryFile /Users/admin/builder/spi-builder-workspace/.derivedData/Build/Intermediates.noindex/swift-log.build/Debug-xros/Logging-t.build/Logging.modulemap (in target 'Logging' from project 'swift-log')
    cd /Users/admin/builder/spi-builder-workspace/.dependencies/checkouts/swift-log
    write-file /Users/admin/builder/spi-builder-workspace/.derivedData/Build/Intermediates.noindex/swift-log.build/Debug-xros/Logging-t.build/Logging.modulemap
WriteAuxiliaryFile /Users/admin/builder/spi-builder-workspace/.derivedData/Build/Intermediates.noindex/swift-log.build/Debug-xros/Logging-t.build/Logging.DependencyStaticMetadataFileList (in target 'Logging' from project 'swift-log')
    cd /Users/admin/builder/spi-builder-workspace/.dependencies/checkouts/swift-log
    write-file /Users/admin/builder/spi-builder-workspace/.derivedData/Build/Intermediates.noindex/swift-log.build/Debug-xros/Logging-t.build/Logging.DependencyStaticMetadataFileList
WriteAuxiliaryFile /Users/admin/builder/spi-builder-workspace/.derivedData/Build/Intermediates.noindex/swift-log.build/Debug-xros/Logging-t.build/Logging.DependencyMetadataFileList (in target 'Logging' from project 'swift-log')
    cd /Users/admin/builder/spi-builder-workspace/.dependencies/checkouts/swift-log
    write-file /Users/admin/builder/spi-builder-workspace/.derivedData/Build/Intermediates.noindex/swift-log.build/Debug-xros/Logging-t.build/Logging.DependencyMetadataFileList
WriteAuxiliaryFile /Users/admin/builder/spi-builder-workspace/.derivedData/Build/Intermediates.noindex/LoggerAPI.build/Debug-xros/LoggerAPI-t.build/LoggerAPI.modulemap (in target 'LoggerAPI' from project 'LoggerAPI')
    cd /Users/admin/builder/spi-builder-workspace/.dependencies/checkouts/LoggerAPI
    write-file /Users/admin/builder/spi-builder-workspace/.derivedData/Build/Intermediates.noindex/LoggerAPI.build/Debug-xros/LoggerAPI-t.build/LoggerAPI.modulemap
WriteAuxiliaryFile /Users/admin/builder/spi-builder-workspace/.derivedData/Build/Intermediates.noindex/LoggerAPI.build/Debug-xros/LoggerAPI-t.build/Objects-normal/arm64/LoggerAPI-OutputFileMap.json (in target 'LoggerAPI' from project 'LoggerAPI')
    cd /Users/admin/builder/spi-builder-workspace/.dependencies/checkouts/LoggerAPI
    write-file /Users/admin/builder/spi-builder-workspace/.derivedData/Build/Intermediates.noindex/LoggerAPI.build/Debug-xros/LoggerAPI-t.build/Objects-normal/arm64/LoggerAPI-OutputFileMap.json
WriteAuxiliaryFile /Users/admin/builder/spi-builder-workspace/.derivedData/Build/Intermediates.noindex/LoggerAPI.build/Debug-xros/LoggerAPI-t.build/Objects-normal/arm64/LoggerAPI.SwiftFileList (in target 'LoggerAPI' from project 'LoggerAPI')
    cd /Users/admin/builder/spi-builder-workspace/.dependencies/checkouts/LoggerAPI
    write-file /Users/admin/builder/spi-builder-workspace/.derivedData/Build/Intermediates.noindex/LoggerAPI.build/Debug-xros/LoggerAPI-t.build/Objects-normal/arm64/LoggerAPI.SwiftFileList
WriteAuxiliaryFile /Users/admin/builder/spi-builder-workspace/.derivedData/Build/Intermediates.noindex/LoggerAPI.build/Debug-xros/LoggerAPI-t.build/Objects-normal/arm64/LoggerAPI.LinkFileList (in target 'LoggerAPI' from project 'LoggerAPI')
    cd /Users/admin/builder/spi-builder-workspace/.dependencies/checkouts/LoggerAPI
    write-file /Users/admin/builder/spi-builder-workspace/.derivedData/Build/Intermediates.noindex/LoggerAPI.build/Debug-xros/LoggerAPI-t.build/Objects-normal/arm64/LoggerAPI.LinkFileList
WriteAuxiliaryFile /Users/admin/builder/spi-builder-workspace/.derivedData/Build/Intermediates.noindex/LoggerAPI.build/Debug-xros/LoggerAPI-t.build/Objects-normal/arm64/LoggerAPI_const_extract_protocols.json (in target 'LoggerAPI' from project 'LoggerAPI')
    cd /Users/admin/builder/spi-builder-workspace/.dependencies/checkouts/LoggerAPI
    write-file /Users/admin/builder/spi-builder-workspace/.derivedData/Build/Intermediates.noindex/LoggerAPI.build/Debug-xros/LoggerAPI-t.build/Objects-normal/arm64/LoggerAPI_const_extract_protocols.json
WriteAuxiliaryFile /Users/admin/builder/spi-builder-workspace/.derivedData/Build/Intermediates.noindex/LoggerAPI.build/Debug-xros/LoggerAPI-t.build/Objects-normal/arm64/LoggerAPI.SwiftConstValuesFileList (in target 'LoggerAPI' from project 'LoggerAPI')
    cd /Users/admin/builder/spi-builder-workspace/.dependencies/checkouts/LoggerAPI
    write-file /Users/admin/builder/spi-builder-workspace/.derivedData/Build/Intermediates.noindex/LoggerAPI.build/Debug-xros/LoggerAPI-t.build/Objects-normal/arm64/LoggerAPI.SwiftConstValuesFileList
WriteAuxiliaryFile /Users/admin/builder/spi-builder-workspace/.derivedData/Build/Intermediates.noindex/LoggerAPI.build/Debug-xros/LoggerAPI-t.build/LoggerAPI.DependencyStaticMetadataFileList (in target 'LoggerAPI' from project 'LoggerAPI')
    cd /Users/admin/builder/spi-builder-workspace/.dependencies/checkouts/LoggerAPI
    write-file /Users/admin/builder/spi-builder-workspace/.derivedData/Build/Intermediates.noindex/LoggerAPI.build/Debug-xros/LoggerAPI-t.build/LoggerAPI.DependencyStaticMetadataFileList
WriteAuxiliaryFile /Users/admin/builder/spi-builder-workspace/.derivedData/Build/Intermediates.noindex/LoggerAPI.build/Debug-xros/LoggerAPI-t.build/LoggerAPI.DependencyMetadataFileList (in target 'LoggerAPI' from project 'LoggerAPI')
    cd /Users/admin/builder/spi-builder-workspace/.dependencies/checkouts/LoggerAPI
    write-file /Users/admin/builder/spi-builder-workspace/.derivedData/Build/Intermediates.noindex/LoggerAPI.build/Debug-xros/LoggerAPI-t.build/LoggerAPI.DependencyMetadataFileList
Copy /Users/admin/builder/spi-builder-workspace/.derivedData/Build/Intermediates.noindex/GeneratedModuleMaps-xros/Logging.modulemap /Users/admin/builder/spi-builder-workspace/.derivedData/Build/Intermediates.noindex/swift-log.build/Debug-xros/Logging-t.build/Logging.modulemap (in target 'Logging' from project 'swift-log')
    cd /Users/admin/builder/spi-builder-workspace/.dependencies/checkouts/swift-log
    builtin-copy -exclude .DS_Store -exclude CVS -exclude .svn -exclude .git -exclude .hg -resolve-src-symlinks /Users/admin/builder/spi-builder-workspace/.derivedData/Build/Intermediates.noindex/swift-log.build/Debug-xros/Logging-t.build/Logging.modulemap /Users/admin/builder/spi-builder-workspace/.derivedData/Build/Intermediates.noindex/GeneratedModuleMaps-xros
WriteAuxiliaryFile /Users/admin/builder/spi-builder-workspace/.derivedData/Build/Intermediates.noindex/KituraContracts.build/Debug-xros/KituraContracts-t.build/Objects-normal/arm64/KituraContracts_const_extract_protocols.json (in target 'KituraContracts' from project 'KituraContracts')
    cd /Users/admin/builder/spi-builder-workspace/.dependencies/checkouts/KituraContracts
    write-file /Users/admin/builder/spi-builder-workspace/.derivedData/Build/Intermediates.noindex/KituraContracts.build/Debug-xros/KituraContracts-t.build/Objects-normal/arm64/KituraContracts_const_extract_protocols.json
Copy /Users/admin/builder/spi-builder-workspace/.derivedData/Build/Intermediates.noindex/GeneratedModuleMaps-xros/LoggerAPI.modulemap /Users/admin/builder/spi-builder-workspace/.derivedData/Build/Intermediates.noindex/LoggerAPI.build/Debug-xros/LoggerAPI-t.build/LoggerAPI.modulemap (in target 'LoggerAPI' from project 'LoggerAPI')
    cd /Users/admin/builder/spi-builder-workspace/.dependencies/checkouts/LoggerAPI
    builtin-copy -exclude .DS_Store -exclude CVS -exclude .svn -exclude .git -exclude .hg -resolve-src-symlinks /Users/admin/builder/spi-builder-workspace/.derivedData/Build/Intermediates.noindex/LoggerAPI.build/Debug-xros/LoggerAPI-t.build/LoggerAPI.modulemap /Users/admin/builder/spi-builder-workspace/.derivedData/Build/Intermediates.noindex/GeneratedModuleMaps-xros
WriteAuxiliaryFile /Users/admin/builder/spi-builder-workspace/.derivedData/Build/Intermediates.noindex/KituraContracts.build/Debug-xros/KituraContracts-t.build/Objects-normal/arm64/KituraContracts.SwiftFileList (in target 'KituraContracts' from project 'KituraContracts')
    cd /Users/admin/builder/spi-builder-workspace/.dependencies/checkouts/KituraContracts
    write-file /Users/admin/builder/spi-builder-workspace/.derivedData/Build/Intermediates.noindex/KituraContracts.build/Debug-xros/KituraContracts-t.build/Objects-normal/arm64/KituraContracts.SwiftFileList
WriteAuxiliaryFile /Users/admin/builder/spi-builder-workspace/.derivedData/Build/Intermediates.noindex/KituraContracts.build/Debug-xros/KituraContracts-t.build/Objects-normal/arm64/KituraContracts.SwiftConstValuesFileList (in target 'KituraContracts' from project 'KituraContracts')
    cd /Users/admin/builder/spi-builder-workspace/.dependencies/checkouts/KituraContracts
    write-file /Users/admin/builder/spi-builder-workspace/.derivedData/Build/Intermediates.noindex/KituraContracts.build/Debug-xros/KituraContracts-t.build/Objects-normal/arm64/KituraContracts.SwiftConstValuesFileList
WriteAuxiliaryFile /Users/admin/builder/spi-builder-workspace/.derivedData/Build/Intermediates.noindex/KituraContracts.build/Debug-xros/KituraContracts-t.build/Objects-normal/arm64/KituraContracts.LinkFileList (in target 'KituraContracts' from project 'KituraContracts')
    cd /Users/admin/builder/spi-builder-workspace/.dependencies/checkouts/KituraContracts
    write-file /Users/admin/builder/spi-builder-workspace/.derivedData/Build/Intermediates.noindex/KituraContracts.build/Debug-xros/KituraContracts-t.build/Objects-normal/arm64/KituraContracts.LinkFileList
WriteAuxiliaryFile /Users/admin/builder/spi-builder-workspace/.derivedData/Build/Intermediates.noindex/KituraContracts.build/Debug-xros/KituraContracts-t.build/Objects-normal/arm64/KituraContracts-OutputFileMap.json (in target 'KituraContracts' from project 'KituraContracts')
    cd /Users/admin/builder/spi-builder-workspace/.dependencies/checkouts/KituraContracts
    write-file /Users/admin/builder/spi-builder-workspace/.derivedData/Build/Intermediates.noindex/KituraContracts.build/Debug-xros/KituraContracts-t.build/Objects-normal/arm64/KituraContracts-OutputFileMap.json
WriteAuxiliaryFile /Users/admin/builder/spi-builder-workspace/.derivedData/Build/Intermediates.noindex/KituraContracts.build/Debug-xros/KituraContracts-t.build/KituraContracts.modulemap (in target 'KituraContracts' from project 'KituraContracts')
    cd /Users/admin/builder/spi-builder-workspace/.dependencies/checkouts/KituraContracts
    write-file /Users/admin/builder/spi-builder-workspace/.derivedData/Build/Intermediates.noindex/KituraContracts.build/Debug-xros/KituraContracts-t.build/KituraContracts.modulemap
WriteAuxiliaryFile /Users/admin/builder/spi-builder-workspace/.derivedData/Build/Intermediates.noindex/KituraContracts.build/Debug-xros/KituraContracts-t.build/KituraContracts.DependencyStaticMetadataFileList (in target 'KituraContracts' from project 'KituraContracts')
    cd /Users/admin/builder/spi-builder-workspace/.dependencies/checkouts/KituraContracts
    write-file /Users/admin/builder/spi-builder-workspace/.derivedData/Build/Intermediates.noindex/KituraContracts.build/Debug-xros/KituraContracts-t.build/KituraContracts.DependencyStaticMetadataFileList
WriteAuxiliaryFile /Users/admin/builder/spi-builder-workspace/.derivedData/Build/Intermediates.noindex/KituraContracts.build/Debug-xros/KituraContracts-t.build/KituraContracts.DependencyMetadataFileList (in target 'KituraContracts' from project 'KituraContracts')
    cd /Users/admin/builder/spi-builder-workspace/.dependencies/checkouts/KituraContracts
    write-file /Users/admin/builder/spi-builder-workspace/.derivedData/Build/Intermediates.noindex/KituraContracts.build/Debug-xros/KituraContracts-t.build/KituraContracts.DependencyMetadataFileList
WriteAuxiliaryFile /Users/admin/builder/spi-builder-workspace/.derivedData/Build/Intermediates.noindex/CryptorRSA.build/Debug-xros/CryptorRSA-t.build/CryptorRSA.modulemap (in target 'CryptorRSA' from project 'CryptorRSA')
    cd /Users/admin/builder/spi-builder-workspace/.dependencies/checkouts/BlueRSA
    write-file /Users/admin/builder/spi-builder-workspace/.derivedData/Build/Intermediates.noindex/CryptorRSA.build/Debug-xros/CryptorRSA-t.build/CryptorRSA.modulemap
WriteAuxiliaryFile /Users/admin/builder/spi-builder-workspace/.derivedData/Build/Intermediates.noindex/CryptorRSA.build/Debug-xros/CryptorRSA-t.build/Objects-normal/arm64/CryptorRSA.SwiftConstValuesFileList (in target 'CryptorRSA' from project 'CryptorRSA')
    cd /Users/admin/builder/spi-builder-workspace/.dependencies/checkouts/BlueRSA
    write-file /Users/admin/builder/spi-builder-workspace/.derivedData/Build/Intermediates.noindex/CryptorRSA.build/Debug-xros/CryptorRSA-t.build/Objects-normal/arm64/CryptorRSA.SwiftConstValuesFileList
WriteAuxiliaryFile /Users/admin/builder/spi-builder-workspace/.derivedData/Build/Intermediates.noindex/CryptorRSA.build/Debug-xros/CryptorRSA-t.build/Objects-normal/arm64/CryptorRSA.LinkFileList (in target 'CryptorRSA' from project 'CryptorRSA')
    cd /Users/admin/builder/spi-builder-workspace/.dependencies/checkouts/BlueRSA
    write-file /Users/admin/builder/spi-builder-workspace/.derivedData/Build/Intermediates.noindex/CryptorRSA.build/Debug-xros/CryptorRSA-t.build/Objects-normal/arm64/CryptorRSA.LinkFileList
WriteAuxiliaryFile /Users/admin/builder/spi-builder-workspace/.derivedData/Build/Intermediates.noindex/CryptorRSA.build/Debug-xros/CryptorRSA-t.build/Objects-normal/arm64/CryptorRSA.SwiftFileList (in target 'CryptorRSA' from project 'CryptorRSA')
    cd /Users/admin/builder/spi-builder-workspace/.dependencies/checkouts/BlueRSA
    write-file /Users/admin/builder/spi-builder-workspace/.derivedData/Build/Intermediates.noindex/CryptorRSA.build/Debug-xros/CryptorRSA-t.build/Objects-normal/arm64/CryptorRSA.SwiftFileList
WriteAuxiliaryFile /Users/admin/builder/spi-builder-workspace/.derivedData/Build/Intermediates.noindex/CryptorRSA.build/Debug-xros/CryptorRSA-t.build/Objects-normal/arm64/CryptorRSA_const_extract_protocols.json (in target 'CryptorRSA' from project 'CryptorRSA')
    cd /Users/admin/builder/spi-builder-workspace/.dependencies/checkouts/BlueRSA
    write-file /Users/admin/builder/spi-builder-workspace/.derivedData/Build/Intermediates.noindex/CryptorRSA.build/Debug-xros/CryptorRSA-t.build/Objects-normal/arm64/CryptorRSA_const_extract_protocols.json
WriteAuxiliaryFile /Users/admin/builder/spi-builder-workspace/.derivedData/Build/Intermediates.noindex/CryptorRSA.build/Debug-xros/CryptorRSA-t.build/Objects-normal/arm64/CryptorRSA-OutputFileMap.json (in target 'CryptorRSA' from project 'CryptorRSA')
    cd /Users/admin/builder/spi-builder-workspace/.dependencies/checkouts/BlueRSA
    write-file /Users/admin/builder/spi-builder-workspace/.derivedData/Build/Intermediates.noindex/CryptorRSA.build/Debug-xros/CryptorRSA-t.build/Objects-normal/arm64/CryptorRSA-OutputFileMap.json
Copy /Users/admin/builder/spi-builder-workspace/.derivedData/Build/Intermediates.noindex/GeneratedModuleMaps-xros/KituraContracts.modulemap /Users/admin/builder/spi-builder-workspace/.derivedData/Build/Intermediates.noindex/KituraContracts.build/Debug-xros/KituraContracts-t.build/KituraContracts.modulemap (in target 'KituraContracts' from project 'KituraContracts')
    cd /Users/admin/builder/spi-builder-workspace/.dependencies/checkouts/KituraContracts
    builtin-copy -exclude .DS_Store -exclude CVS -exclude .svn -exclude .git -exclude .hg -resolve-src-symlinks /Users/admin/builder/spi-builder-workspace/.derivedData/Build/Intermediates.noindex/KituraContracts.build/Debug-xros/KituraContracts-t.build/KituraContracts.modulemap /Users/admin/builder/spi-builder-workspace/.derivedData/Build/Intermediates.noindex/GeneratedModuleMaps-xros
WriteAuxiliaryFile /Users/admin/builder/spi-builder-workspace/.derivedData/Build/Intermediates.noindex/CryptorRSA.build/Debug-xros/CryptorRSA-t.build/CryptorRSA.DependencyStaticMetadataFileList (in target 'CryptorRSA' from project 'CryptorRSA')
    cd /Users/admin/builder/spi-builder-workspace/.dependencies/checkouts/BlueRSA
    write-file /Users/admin/builder/spi-builder-workspace/.derivedData/Build/Intermediates.noindex/CryptorRSA.build/Debug-xros/CryptorRSA-t.build/CryptorRSA.DependencyStaticMetadataFileList
WriteAuxiliaryFile /Users/admin/builder/spi-builder-workspace/.derivedData/Build/Intermediates.noindex/CryptorRSA.build/Debug-xros/CryptorRSA-t.build/CryptorRSA.DependencyMetadataFileList (in target 'CryptorRSA' from project 'CryptorRSA')
    cd /Users/admin/builder/spi-builder-workspace/.dependencies/checkouts/BlueRSA
    write-file /Users/admin/builder/spi-builder-workspace/.derivedData/Build/Intermediates.noindex/CryptorRSA.build/Debug-xros/CryptorRSA-t.build/CryptorRSA.DependencyMetadataFileList
WriteAuxiliaryFile /Users/admin/builder/spi-builder-workspace/.derivedData/Build/Intermediates.noindex/CryptorECC.build/Debug-xros/CryptorECC-t.build/Objects-normal/arm64/CryptorECC_const_extract_protocols.json (in target 'CryptorECC' from project 'CryptorECC')
    cd /Users/admin/builder/spi-builder-workspace/.dependencies/checkouts/BlueECC
    write-file /Users/admin/builder/spi-builder-workspace/.derivedData/Build/Intermediates.noindex/CryptorECC.build/Debug-xros/CryptorECC-t.build/Objects-normal/arm64/CryptorECC_const_extract_protocols.json
Copy /Users/admin/builder/spi-builder-workspace/.derivedData/Build/Intermediates.noindex/GeneratedModuleMaps-xros/CryptorRSA.modulemap /Users/admin/builder/spi-builder-workspace/.derivedData/Build/Intermediates.noindex/CryptorRSA.build/Debug-xros/CryptorRSA-t.build/CryptorRSA.modulemap (in target 'CryptorRSA' from project 'CryptorRSA')
    cd /Users/admin/builder/spi-builder-workspace/.dependencies/checkouts/BlueRSA
    builtin-copy -exclude .DS_Store -exclude CVS -exclude .svn -exclude .git -exclude .hg -resolve-src-symlinks /Users/admin/builder/spi-builder-workspace/.derivedData/Build/Intermediates.noindex/CryptorRSA.build/Debug-xros/CryptorRSA-t.build/CryptorRSA.modulemap /Users/admin/builder/spi-builder-workspace/.derivedData/Build/Intermediates.noindex/GeneratedModuleMaps-xros
WriteAuxiliaryFile /Users/admin/builder/spi-builder-workspace/.derivedData/Build/Intermediates.noindex/CryptorECC.build/Debug-xros/CryptorECC-t.build/Objects-normal/arm64/CryptorECC.SwiftFileList (in target 'CryptorECC' from project 'CryptorECC')
    cd /Users/admin/builder/spi-builder-workspace/.dependencies/checkouts/BlueECC
    write-file /Users/admin/builder/spi-builder-workspace/.derivedData/Build/Intermediates.noindex/CryptorECC.build/Debug-xros/CryptorECC-t.build/Objects-normal/arm64/CryptorECC.SwiftFileList
WriteAuxiliaryFile /Users/admin/builder/spi-builder-workspace/.derivedData/Build/Intermediates.noindex/CryptorECC.build/Debug-xros/CryptorECC-t.build/Objects-normal/arm64/CryptorECC.SwiftConstValuesFileList (in target 'CryptorECC' from project 'CryptorECC')
    cd /Users/admin/builder/spi-builder-workspace/.dependencies/checkouts/BlueECC
    write-file /Users/admin/builder/spi-builder-workspace/.derivedData/Build/Intermediates.noindex/CryptorECC.build/Debug-xros/CryptorECC-t.build/Objects-normal/arm64/CryptorECC.SwiftConstValuesFileList
WriteAuxiliaryFile /Users/admin/builder/spi-builder-workspace/.derivedData/Build/Intermediates.noindex/CryptorECC.build/Debug-xros/CryptorECC-t.build/Objects-normal/arm64/CryptorECC.LinkFileList (in target 'CryptorECC' from project 'CryptorECC')
    cd /Users/admin/builder/spi-builder-workspace/.dependencies/checkouts/BlueECC
    write-file /Users/admin/builder/spi-builder-workspace/.derivedData/Build/Intermediates.noindex/CryptorECC.build/Debug-xros/CryptorECC-t.build/Objects-normal/arm64/CryptorECC.LinkFileList
WriteAuxiliaryFile /Users/admin/builder/spi-builder-workspace/.derivedData/Build/Intermediates.noindex/CryptorECC.build/Debug-xros/CryptorECC-t.build/Objects-normal/arm64/CryptorECC-OutputFileMap.json (in target 'CryptorECC' from project 'CryptorECC')
    cd /Users/admin/builder/spi-builder-workspace/.dependencies/checkouts/BlueECC
    write-file /Users/admin/builder/spi-builder-workspace/.derivedData/Build/Intermediates.noindex/CryptorECC.build/Debug-xros/CryptorECC-t.build/Objects-normal/arm64/CryptorECC-OutputFileMap.json
WriteAuxiliaryFile /Users/admin/builder/spi-builder-workspace/.derivedData/Build/Intermediates.noindex/CryptorECC.build/Debug-xros/CryptorECC-t.build/CryptorECC.modulemap (in target 'CryptorECC' from project 'CryptorECC')
    cd /Users/admin/builder/spi-builder-workspace/.dependencies/checkouts/BlueECC
    write-file /Users/admin/builder/spi-builder-workspace/.derivedData/Build/Intermediates.noindex/CryptorECC.build/Debug-xros/CryptorECC-t.build/CryptorECC.modulemap
WriteAuxiliaryFile /Users/admin/builder/spi-builder-workspace/.derivedData/Build/Intermediates.noindex/CryptorECC.build/Debug-xros/CryptorECC-t.build/CryptorECC.DependencyStaticMetadataFileList (in target 'CryptorECC' from project 'CryptorECC')
    cd /Users/admin/builder/spi-builder-workspace/.dependencies/checkouts/BlueECC
    write-file /Users/admin/builder/spi-builder-workspace/.derivedData/Build/Intermediates.noindex/CryptorECC.build/Debug-xros/CryptorECC-t.build/CryptorECC.DependencyStaticMetadataFileList
WriteAuxiliaryFile /Users/admin/builder/spi-builder-workspace/.derivedData/Build/Intermediates.noindex/CryptorECC.build/Debug-xros/CryptorECC-t.build/CryptorECC.DependencyMetadataFileList (in target 'CryptorECC' from project 'CryptorECC')
    cd /Users/admin/builder/spi-builder-workspace/.dependencies/checkouts/BlueECC
    write-file /Users/admin/builder/spi-builder-workspace/.derivedData/Build/Intermediates.noindex/CryptorECC.build/Debug-xros/CryptorECC-t.build/CryptorECC.DependencyMetadataFileList
Copy /Users/admin/builder/spi-builder-workspace/.derivedData/Build/Intermediates.noindex/GeneratedModuleMaps-xros/CryptorECC.modulemap /Users/admin/builder/spi-builder-workspace/.derivedData/Build/Intermediates.noindex/CryptorECC.build/Debug-xros/CryptorECC-t.build/CryptorECC.modulemap (in target 'CryptorECC' from project 'CryptorECC')
    cd /Users/admin/builder/spi-builder-workspace/.dependencies/checkouts/BlueECC
    builtin-copy -exclude .DS_Store -exclude CVS -exclude .svn -exclude .git -exclude .hg -resolve-src-symlinks /Users/admin/builder/spi-builder-workspace/.derivedData/Build/Intermediates.noindex/CryptorECC.build/Debug-xros/CryptorECC-t.build/CryptorECC.modulemap /Users/admin/builder/spi-builder-workspace/.derivedData/Build/Intermediates.noindex/GeneratedModuleMaps-xros
WriteAuxiliaryFile /Users/admin/builder/spi-builder-workspace/.derivedData/Build/Intermediates.noindex/Cryptor.build/Debug-xros/Cryptor-t.build/Objects-normal/arm64/Cryptor_const_extract_protocols.json (in target 'Cryptor' from project 'Cryptor')
    cd /Users/admin/builder/spi-builder-workspace/.dependencies/checkouts/BlueCryptor
    write-file /Users/admin/builder/spi-builder-workspace/.derivedData/Build/Intermediates.noindex/Cryptor.build/Debug-xros/Cryptor-t.build/Objects-normal/arm64/Cryptor_const_extract_protocols.json
WriteAuxiliaryFile /Users/admin/builder/spi-builder-workspace/.derivedData/Build/Intermediates.noindex/Cryptor.build/Debug-xros/Cryptor-t.build/Objects-normal/arm64/Cryptor.SwiftFileList (in target 'Cryptor' from project 'Cryptor')
    cd /Users/admin/builder/spi-builder-workspace/.dependencies/checkouts/BlueCryptor
    write-file /Users/admin/builder/spi-builder-workspace/.derivedData/Build/Intermediates.noindex/Cryptor.build/Debug-xros/Cryptor-t.build/Objects-normal/arm64/Cryptor.SwiftFileList
WriteAuxiliaryFile /Users/admin/builder/spi-builder-workspace/.derivedData/Build/Intermediates.noindex/Cryptor.build/Debug-xros/Cryptor-t.build/Objects-normal/arm64/Cryptor.SwiftConstValuesFileList (in target 'Cryptor' from project 'Cryptor')
    cd /Users/admin/builder/spi-builder-workspace/.dependencies/checkouts/BlueCryptor
    write-file /Users/admin/builder/spi-builder-workspace/.derivedData/Build/Intermediates.noindex/Cryptor.build/Debug-xros/Cryptor-t.build/Objects-normal/arm64/Cryptor.SwiftConstValuesFileList
WriteAuxiliaryFile /Users/admin/builder/spi-builder-workspace/.derivedData/Build/Intermediates.noindex/Cryptor.build/Debug-xros/Cryptor-t.build/Objects-normal/arm64/Cryptor.LinkFileList (in target 'Cryptor' from project 'Cryptor')
    cd /Users/admin/builder/spi-builder-workspace/.dependencies/checkouts/BlueCryptor
    write-file /Users/admin/builder/spi-builder-workspace/.derivedData/Build/Intermediates.noindex/Cryptor.build/Debug-xros/Cryptor-t.build/Objects-normal/arm64/Cryptor.LinkFileList
WriteAuxiliaryFile /Users/admin/builder/spi-builder-workspace/.derivedData/Build/Intermediates.noindex/Cryptor.build/Debug-xros/Cryptor-t.build/Objects-normal/arm64/Cryptor-OutputFileMap.json (in target 'Cryptor' from project 'Cryptor')
    cd /Users/admin/builder/spi-builder-workspace/.dependencies/checkouts/BlueCryptor
    write-file /Users/admin/builder/spi-builder-workspace/.derivedData/Build/Intermediates.noindex/Cryptor.build/Debug-xros/Cryptor-t.build/Objects-normal/arm64/Cryptor-OutputFileMap.json
WriteAuxiliaryFile /Users/admin/builder/spi-builder-workspace/.derivedData/Build/Intermediates.noindex/Cryptor.build/Debug-xros/Cryptor-t.build/Cryptor.modulemap (in target 'Cryptor' from project 'Cryptor')
    cd /Users/admin/builder/spi-builder-workspace/.dependencies/checkouts/BlueCryptor
    write-file /Users/admin/builder/spi-builder-workspace/.derivedData/Build/Intermediates.noindex/Cryptor.build/Debug-xros/Cryptor-t.build/Cryptor.modulemap
WriteAuxiliaryFile /Users/admin/builder/spi-builder-workspace/.derivedData/Build/Intermediates.noindex/Cryptor.build/Debug-xros/Cryptor-t.build/Cryptor.DependencyStaticMetadataFileList (in target 'Cryptor' from project 'Cryptor')
    cd /Users/admin/builder/spi-builder-workspace/.dependencies/checkouts/BlueCryptor
    write-file /Users/admin/builder/spi-builder-workspace/.derivedData/Build/Intermediates.noindex/Cryptor.build/Debug-xros/Cryptor-t.build/Cryptor.DependencyStaticMetadataFileList
WriteAuxiliaryFile /Users/admin/builder/spi-builder-workspace/.derivedData/Build/Intermediates.noindex/Cryptor.build/Debug-xros/Cryptor-t.build/Cryptor.DependencyMetadataFileList (in target 'Cryptor' from project 'Cryptor')
    cd /Users/admin/builder/spi-builder-workspace/.dependencies/checkouts/BlueCryptor
    write-file /Users/admin/builder/spi-builder-workspace/.derivedData/Build/Intermediates.noindex/Cryptor.build/Debug-xros/Cryptor-t.build/Cryptor.DependencyMetadataFileList
Copy /Users/admin/builder/spi-builder-workspace/.derivedData/Build/Intermediates.noindex/GeneratedModuleMaps-xros/Cryptor.modulemap /Users/admin/builder/spi-builder-workspace/.derivedData/Build/Intermediates.noindex/Cryptor.build/Debug-xros/Cryptor-t.build/Cryptor.modulemap (in target 'Cryptor' from project 'Cryptor')
    cd /Users/admin/builder/spi-builder-workspace/.dependencies/checkouts/BlueCryptor
    builtin-copy -exclude .DS_Store -exclude CVS -exclude .svn -exclude .git -exclude .hg -resolve-src-symlinks /Users/admin/builder/spi-builder-workspace/.derivedData/Build/Intermediates.noindex/Cryptor.build/Debug-xros/Cryptor-t.build/Cryptor.modulemap /Users/admin/builder/spi-builder-workspace/.derivedData/Build/Intermediates.noindex/GeneratedModuleMaps-xros
SwiftDriver CryptorECC normal arm64 com.apple.xcode.tools.swift.compiler (in target 'CryptorECC' from project 'CryptorECC')
    cd /Users/admin/builder/spi-builder-workspace/.swiftpm/xcode
    builtin-SwiftDriver -- /Applications/Xcode-27.0.0-Release.Candidate.app/Contents/Developer/Toolchains/XcodeDefault.xctoolchain/usr/bin/swiftc -parse-as-library -module-name CryptorECC -Onone @/Users/admin/builder/spi-builder-workspace/.derivedData/Build/Intermediates.noindex/CryptorECC.build/Debug-xros/CryptorECC-t.build/Objects-normal/arm64/CryptorECC.SwiftFileList -DSWIFT_PACKAGE -DDEBUG -DSWIFT_MODULE_RESOURCE_BUNDLE_UNAVAILABLE -DXcode -plugin-path /Applications/Xcode-27.0.0-Release.Candidate.app/Contents/Developer/Toolchains/XcodeDefault.xctoolchain/usr/lib/swift/host/plugins/testing -enable-experimental-feature DebugDescriptionMacro -sdk /Applications/Xcode-27.0.0-Release.Candidate.app/Contents/Developer/Platforms/XROS.platform/Developer/SDKs/XROS27.0.sdk -target arm64-apple-xros1.0 -g -module-cache-path /Users/admin/builder/spi-builder-workspace/.derivedData/ModuleCache.noindex -Xfrontend -serialize-debugging-options -profile-coverage-mapping -profile-generate -enable-testing -suppress-warnings -index-store-path /Users/admin/builder/spi-builder-workspace/.derivedData/Index.noindex/DataStore -Xcc -D_LIBCPP_HARDENING_MODE\=_LIBCPP_HARDENING_MODE_DEBUG -swift-version 5 -I /Users/admin/builder/spi-builder-workspace/.derivedData/Build/Products/Debug-xros -Isystem /Applications/Xcode-27.0.0-Release.Candidate.app/Contents/Developer/Platforms/XROS.platform/Developer/usr/lib -F /Users/admin/builder/spi-builder-workspace/.derivedData/Build/Products/Debug-xros -F /Applications/Xcode-27.0.0-Release.Candidate.app/Contents/Developer/Platforms/XROS.platform/Developer/Library/Frameworks -F /Applications/Xcode-27.0.0-Release.Candidate.app/Contents/Developer/Platforms/XROS.platform/Developer/SDKs/XROS27.0.sdk/Developer/Library/Frameworks -c -j10 -enable-batch-mode -incremental -Xcc -ivfsstatcache -Xcc /Users/admin/builder/spi-builder-workspace/.derivedData/SDKStatCaches.noindex/xros27.0-24M361-e829b21a6f8c9b70876ba0858053c044735bd543db762f57723cac368afd1ce4.sdkstatcache -output-file-map /Users/admin/builder/spi-builder-workspace/.derivedData/Build/Intermediates.noindex/CryptorECC.build/Debug-xros/CryptorECC-t.build/Objects-normal/arm64/CryptorECC-OutputFileMap.json -save-temps -no-color-diagnostics -explicit-module-build -module-cache-path /Users/admin/builder/spi-builder-workspace/.derivedData/Build/Intermediates.noindex/SwiftExplicitPrecompiledModules -clang-scanner-module-cache-path /Users/admin/builder/spi-builder-workspace/.derivedData/ModuleCache.noindex -sdk-module-cache-path /Users/admin/builder/spi-builder-workspace/.derivedData/SDKExplicitPrecompiledModules -emit-dependencies -emit-module -emit-module-path /Users/admin/builder/spi-builder-workspace/.derivedData/Build/Intermediates.noindex/CryptorECC.build/Debug-xros/CryptorECC-t.build/Objects-normal/arm64/CryptorECC.swiftmodule -serialize-diagnostics -dependency-scan-serialize-diagnostics-path /Users/admin/builder/spi-builder-workspace/.derivedData/Build/Intermediates.noindex/CryptorECC.build/Debug-xros/CryptorECC-t.build/Objects-normal/arm64/CryptorECC-dependency-scan.dia -validate-clang-modules-once -clang-build-session-file /Users/admin/builder/spi-builder-workspace/.derivedData/ModuleCache.noindex/Session.modulevalidation -Xcc -fmodules-prune-interval\=86400 -Xcc -fmodules-prune-after\=345600 -emit-const-values -const-gather-protocols-list /Users/admin/builder/spi-builder-workspace/.derivedData/Build/Intermediates.noindex/CryptorECC.build/Debug-xros/CryptorECC-t.build/Objects-normal/arm64/CryptorECC_const_extract_protocols.json -Xcc -I/Users/admin/builder/spi-builder-workspace/.derivedData/Build/Products/Debug-xros/include -Xcc -I/Users/admin/builder/spi-builder-workspace/.derivedData/Build/Intermediates.noindex/CryptorECC.build/Debug-xros/CryptorECC-t.build/DerivedSources-normal/arm64 -Xcc -I/Users/admin/builder/spi-builder-workspace/.derivedData/Build/Intermediates.noindex/CryptorECC.build/Debug-xros/CryptorECC-t.build/DerivedSources/arm64 -Xcc -I/Users/admin/builder/spi-builder-workspace/.derivedData/Build/Intermediates.noindex/CryptorECC.build/Debug-xros/CryptorECC-t.build/DerivedSources -Xcc -DSWIFT_PACKAGE -Xcc -DDEBUG\=1 -emit-objc-header -emit-objc-header-path /Users/admin/builder/spi-builder-workspace/.derivedData/Build/Intermediates.noindex/CryptorECC.build/Debug-xros/CryptorECC-t.build/Objects-normal/arm64/CryptorECC-Swift.h -working-directory /Users/admin/builder/spi-builder-workspace/.swiftpm/xcode -experimental-emit-module-separately -disable-cmo
SwiftDriver Logging normal arm64 com.apple.xcode.tools.swift.compiler (in target 'Logging' from project 'swift-log')
    cd /Users/admin/builder/spi-builder-workspace/.swiftpm/xcode
    builtin-SwiftDriver -- /Applications/Xcode-27.0.0-Release.Candidate.app/Contents/Developer/Toolchains/XcodeDefault.xctoolchain/usr/bin/swiftc -parse-as-library -module-name Logging -Onone @/Users/admin/builder/spi-builder-workspace/.derivedData/Build/Intermediates.noindex/swift-log.build/Debug-xros/Logging-t.build/Objects-normal/arm64/Logging.SwiftFileList -DSWIFT_PACKAGE -DDEBUG -DSWIFT_MODULE_RESOURCE_BUNDLE_UNAVAILABLE -DXcode -enable-upcoming-feature ExistentialAny -enable-upcoming-feature MemberImportVisibility -enable-upcoming-feature InternalImportsByDefault -enable-upcoming-feature NonisolatedNonsendingByDefault -Xfrontend -require-explicit-sendable -plugin-path /Applications/Xcode-27.0.0-Release.Candidate.app/Contents/Developer/Toolchains/XcodeDefault.xctoolchain/usr/lib/swift/host/plugins/testing -enable-experimental-feature DebugDescriptionMacro -sdk /Applications/Xcode-27.0.0-Release.Candidate.app/Contents/Developer/Platforms/XROS.platform/Developer/SDKs/XROS27.0.sdk -target arm64-apple-xros1.0 -g -module-cache-path /Users/admin/builder/spi-builder-workspace/.derivedData/ModuleCache.noindex -Xfrontend -serialize-debugging-options -profile-coverage-mapping -profile-generate -enable-testing -suppress-warnings -index-store-path /Users/admin/builder/spi-builder-workspace/.derivedData/Index.noindex/DataStore -Xcc -D_LIBCPP_HARDENING_MODE\=_LIBCPP_HARDENING_MODE_DEBUG -swift-version 6 -I /Users/admin/builder/spi-builder-workspace/.derivedData/Build/Products/Debug-xros -Isystem /Applications/Xcode-27.0.0-Release.Candidate.app/Contents/Developer/Platforms/XROS.platform/Developer/usr/lib -F /Users/admin/builder/spi-builder-workspace/.derivedData/Build/Products/Debug-xros -F /Applications/Xcode-27.0.0-Release.Candidate.app/Contents/Developer/Platforms/XROS.platform/Developer/Library/Frameworks -F /Applications/Xcode-27.0.0-Release.Candidate.app/Contents/Developer/Platforms/XROS.platform/Developer/SDKs/XROS27.0.sdk/Developer/Library/Frameworks -c -j10 -enable-batch-mode -incremental -Xcc -ivfsstatcache -Xcc /Users/admin/builder/spi-builder-workspace/.derivedData/SDKStatCaches.noindex/xros27.0-24M361-e829b21a6f8c9b70876ba0858053c044735bd543db762f57723cac368afd1ce4.sdkstatcache -output-file-map /Users/admin/builder/spi-builder-workspace/.derivedData/Build/Intermediates.noindex/swift-log.build/Debug-xros/Logging-t.build/Objects-normal/arm64/Logging-OutputFileMap.json -save-temps -no-color-diagnostics -explicit-module-build -module-cache-path /Users/admin/builder/spi-builder-workspace/.derivedData/Build/Intermediates.noindex/SwiftExplicitPrecompiledModules -clang-scanner-module-cache-path /Users/admin/builder/spi-builder-workspace/.derivedData/ModuleCache.noindex -sdk-module-cache-path /Users/admin/builder/spi-builder-workspace/.derivedData/SDKExplicitPrecompiledModules -emit-dependencies -emit-module -emit-module-path /Users/admin/builder/spi-builder-workspace/.derivedData/Build/Intermediates.noindex/swift-log.build/Debug-xros/Logging-t.build/Objects-normal/arm64/Logging.swiftmodule -serialize-diagnostics -dependency-scan-serialize-diagnostics-path /Users/admin/builder/spi-builder-workspace/.derivedData/Build/Intermediates.noindex/swift-log.build/Debug-xros/Logging-t.build/Objects-normal/arm64/Logging-dependency-scan.dia -user-module-version 1.15.1 -validate-clang-modules-once -clang-build-session-file /Users/admin/builder/spi-builder-workspace/.derivedData/ModuleCache.noindex/Session.modulevalidation -Xcc -fmodules-prune-interval\=86400 -Xcc -fmodules-prune-after\=345600 -package-name swift_log -emit-const-values -const-gather-protocols-list /Users/admin/builder/spi-builder-workspace/.derivedData/Build/Intermediates.noindex/swift-log.build/Debug-xros/Logging-t.build/Objects-normal/arm64/Logging_const_extract_protocols.json -Xcc -I/Users/admin/builder/spi-builder-workspace/.derivedData/Build/Products/Debug-xros/include -Xcc -I/Users/admin/builder/spi-builder-workspace/.derivedData/Build/Intermediates.noindex/swift-log.build/Debug-xros/Logging-t.build/DerivedSources-normal/arm64 -Xcc -I/Users/admin/builder/spi-builder-workspace/.derivedData/Build/Intermediates.noindex/swift-log.build/Debug-xros/Logging-t.build/DerivedSources/arm64 -Xcc -I/Users/admin/builder/spi-builder-workspace/.derivedData/Build/Intermediates.noindex/swift-log.build/Debug-xros/Logging-t.build/DerivedSources -Xcc -DSWIFT_PACKAGE -Xcc -DDEBUG\=1 -emit-objc-header -emit-objc-header-path /Users/admin/builder/spi-builder-workspace/.derivedData/Build/Intermediates.noindex/swift-log.build/Debug-xros/Logging-t.build/Objects-normal/arm64/Logging-Swift.h -working-directory /Users/admin/builder/spi-builder-workspace/.swiftpm/xcode -experimental-emit-module-separately -disable-cmo
SwiftDriver CryptorRSA normal arm64 com.apple.xcode.tools.swift.compiler (in target 'CryptorRSA' from project 'CryptorRSA')
    cd /Users/admin/builder/spi-builder-workspace/.swiftpm/xcode
    builtin-SwiftDriver -- /Applications/Xcode-27.0.0-Release.Candidate.app/Contents/Developer/Toolchains/XcodeDefault.xctoolchain/usr/bin/swiftc -parse-as-library -module-name CryptorRSA -Onone @/Users/admin/builder/spi-builder-workspace/.derivedData/Build/Intermediates.noindex/CryptorRSA.build/Debug-xros/CryptorRSA-t.build/Objects-normal/arm64/CryptorRSA.SwiftFileList -DSWIFT_PACKAGE -DDEBUG -DSWIFT_MODULE_RESOURCE_BUNDLE_UNAVAILABLE -DXcode -plugin-path /Applications/Xcode-27.0.0-Release.Candidate.app/Contents/Developer/Toolchains/XcodeDefault.xctoolchain/usr/lib/swift/host/plugins/testing -enable-experimental-feature DebugDescriptionMacro -sdk /Applications/Xcode-27.0.0-Release.Candidate.app/Contents/Developer/Platforms/XROS.platform/Developer/SDKs/XROS27.0.sdk -target arm64-apple-xros1.0 -g -module-cache-path /Users/admin/builder/spi-builder-workspace/.derivedData/ModuleCache.noindex -Xfrontend -serialize-debugging-options -profile-coverage-mapping -profile-generate -enable-testing -suppress-warnings -index-store-path /Users/admin/builder/spi-builder-workspace/.derivedData/Index.noindex/DataStore -Xcc -D_LIBCPP_HARDENING_MODE\=_LIBCPP_HARDENING_MODE_DEBUG -swift-version 5 -I /Users/admin/builder/spi-builder-workspace/.derivedData/Build/Products/Debug-xros -Isystem /Applications/Xcode-27.0.0-Release.Candidate.app/Contents/Developer/Platforms/XROS.platform/Developer/usr/lib -F /Users/admin/builder/spi-builder-workspace/.derivedData/Build/Products/Debug-xros -F /Applications/Xcode-27.0.0-Release.Candidate.app/Contents/Developer/Platforms/XROS.platform/Developer/Library/Frameworks -F /Applications/Xcode-27.0.0-Release.Candidate.app/Contents/Developer/Platforms/XROS.platform/Developer/SDKs/XROS27.0.sdk/Developer/Library/Frameworks -c -j10 -enable-batch-mode -incremental -Xcc -ivfsstatcache -Xcc /Users/admin/builder/spi-builder-workspace/.derivedData/SDKStatCaches.noindex/xros27.0-24M361-e829b21a6f8c9b70876ba0858053c044735bd543db762f57723cac368afd1ce4.sdkstatcache -output-file-map /Users/admin/builder/spi-builder-workspace/.derivedData/Build/Intermediates.noindex/CryptorRSA.build/Debug-xros/CryptorRSA-t.build/Objects-normal/arm64/CryptorRSA-OutputFileMap.json -save-temps -no-color-diagnostics -explicit-module-build -module-cache-path /Users/admin/builder/spi-builder-workspace/.derivedData/Build/Intermediates.noindex/SwiftExplicitPrecompiledModules -clang-scanner-module-cache-path /Users/admin/builder/spi-builder-workspace/.derivedData/ModuleCache.noindex -sdk-module-cache-path /Users/admin/builder/spi-builder-workspace/.derivedData/SDKExplicitPrecompiledModules -emit-dependencies -emit-module -emit-module-path /Users/admin/builder/spi-builder-workspace/.derivedData/Build/Intermediates.noindex/CryptorRSA.build/Debug-xros/CryptorRSA-t.build/Objects-normal/arm64/CryptorRSA.swiftmodule -serialize-diagnostics -dependency-scan-serialize-diagnostics-path /Users/admin/builder/spi-builder-workspace/.derivedData/Build/Intermediates.noindex/CryptorRSA.build/Debug-xros/CryptorRSA-t.build/Objects-normal/arm64/CryptorRSA-dependency-scan.dia -validate-clang-modules-once -clang-build-session-file /Users/admin/builder/spi-builder-workspace/.derivedData/ModuleCache.noindex/Session.modulevalidation -Xcc -fmodules-prune-interval\=86400 -Xcc -fmodules-prune-after\=345600 -emit-const-values -const-gather-protocols-list /Users/admin/builder/spi-builder-workspace/.derivedData/Build/Intermediates.noindex/CryptorRSA.build/Debug-xros/CryptorRSA-t.build/Objects-normal/arm64/CryptorRSA_const_extract_protocols.json -Xcc -I/Users/admin/builder/spi-builder-workspace/.derivedData/Build/Products/Debug-xros/include -Xcc -I/Users/admin/builder/spi-builder-workspace/.derivedData/Build/Intermediates.noindex/CryptorRSA.build/Debug-xros/CryptorRSA-t.build/DerivedSources-normal/arm64 -Xcc -I/Users/admin/builder/spi-builder-workspace/.derivedData/Build/Intermediates.noindex/CryptorRSA.build/Debug-xros/CryptorRSA-t.build/DerivedSources/arm64 -Xcc -I/Users/admin/builder/spi-builder-workspace/.derivedData/Build/Intermediates.noindex/CryptorRSA.build/Debug-xros/CryptorRSA-t.build/DerivedSources -Xcc -DSWIFT_PACKAGE -Xcc -DDEBUG\=1 -emit-objc-header -emit-objc-header-path /Users/admin/builder/spi-builder-workspace/.derivedData/Build/Intermediates.noindex/CryptorRSA.build/Debug-xros/CryptorRSA-t.build/Objects-normal/arm64/CryptorRSA-Swift.h -working-directory /Users/admin/builder/spi-builder-workspace/.swiftpm/xcode -experimental-emit-module-separately -disable-cmo
SwiftDriver Cryptor normal arm64 com.apple.xcode.tools.swift.compiler (in target 'Cryptor' from project 'Cryptor')
    cd /Users/admin/builder/spi-builder-workspace/.swiftpm/xcode
    builtin-SwiftDriver -- /Applications/Xcode-27.0.0-Release.Candidate.app/Contents/Developer/Toolchains/XcodeDefault.xctoolchain/usr/bin/swiftc -parse-as-library -module-name Cryptor -Onone @/Users/admin/builder/spi-builder-workspace/.derivedData/Build/Intermediates.noindex/Cryptor.build/Debug-xros/Cryptor-t.build/Objects-normal/arm64/Cryptor.SwiftFileList -DSWIFT_PACKAGE -DDEBUG -DSWIFT_MODULE_RESOURCE_BUNDLE_UNAVAILABLE -DXcode -plugin-path /Applications/Xcode-27.0.0-Release.Candidate.app/Contents/Developer/Toolchains/XcodeDefault.xctoolchain/usr/lib/swift/host/plugins/testing -enable-experimental-feature DebugDescriptionMacro -sdk /Applications/Xcode-27.0.0-Release.Candidate.app/Contents/Developer/Platforms/XROS.platform/Developer/SDKs/XROS27.0.sdk -target arm64-apple-xros1.0 -g -module-cache-path /Users/admin/builder/spi-builder-workspace/.derivedData/ModuleCache.noindex -Xfrontend -serialize-debugging-options -profile-coverage-mapping -profile-generate -enable-testing -suppress-warnings -index-store-path /Users/admin/builder/spi-builder-workspace/.derivedData/Index.noindex/DataStore -Xcc -D_LIBCPP_HARDENING_MODE\=_LIBCPP_HARDENING_MODE_DEBUG -swift-version 5 -I /Users/admin/builder/spi-builder-workspace/.derivedData/Build/Products/Debug-xros -Isystem /Applications/Xcode-27.0.0-Release.Candidate.app/Contents/Developer/Platforms/XROS.platform/Developer/usr/lib -F /Users/admin/builder/spi-builder-workspace/.derivedData/Build/Products/Debug-xros -F /Applications/Xcode-27.0.0-Release.Candidate.app/Contents/Developer/Platforms/XROS.platform/Developer/Library/Frameworks -F /Applications/Xcode-27.0.0-Release.Candidate.app/Contents/Developer/Platforms/XROS.platform/Developer/SDKs/XROS27.0.sdk/Developer/Library/Frameworks -c -j10 -enable-batch-mode -incremental -Xcc -ivfsstatcache -Xcc /Users/admin/builder/spi-builder-workspace/.derivedData/SDKStatCaches.noindex/xros27.0-24M361-e829b21a6f8c9b70876ba0858053c044735bd543db762f57723cac368afd1ce4.sdkstatcache -output-file-map /Users/admin/builder/spi-builder-workspace/.derivedData/Build/Intermediates.noindex/Cryptor.build/Debug-xros/Cryptor-t.build/Objects-normal/arm64/Cryptor-OutputFileMap.json -save-temps -no-color-diagnostics -explicit-module-build -module-cache-path /Users/admin/builder/spi-builder-workspace/.derivedData/Build/Intermediates.noindex/SwiftExplicitPrecompiledModules -clang-scanner-module-cache-path /Users/admin/builder/spi-builder-workspace/.derivedData/ModuleCache.noindex -sdk-module-cache-path /Users/admin/builder/spi-builder-workspace/.derivedData/SDKExplicitPrecompiledModules -emit-dependencies -emit-module -emit-module-path /Users/admin/builder/spi-builder-workspace/.derivedData/Build/Intermediates.noindex/Cryptor.build/Debug-xros/Cryptor-t.build/Objects-normal/arm64/Cryptor.swiftmodule -serialize-diagnostics -dependency-scan-serialize-diagnostics-path /Users/admin/builder/spi-builder-workspace/.derivedData/Build/Intermediates.noindex/Cryptor.build/Debug-xros/Cryptor-t.build/Objects-normal/arm64/Cryptor-dependency-scan.dia -validate-clang-modules-once -clang-build-session-file /Users/admin/builder/spi-builder-workspace/.derivedData/ModuleCache.noindex/Session.modulevalidation -Xcc -fmodules-prune-interval\=86400 -Xcc -fmodules-prune-after\=345600 -emit-const-values -const-gather-protocols-list /Users/admin/builder/spi-builder-workspace/.derivedData/Build/Intermediates.noindex/Cryptor.build/Debug-xros/Cryptor-t.build/Objects-normal/arm64/Cryptor_const_extract_protocols.json -Xcc -I/Users/admin/builder/spi-builder-workspace/.derivedData/Build/Products/Debug-xros/include -Xcc -I/Users/admin/builder/spi-builder-workspace/.derivedData/Build/Intermediates.noindex/Cryptor.build/Debug-xros/Cryptor-t.build/DerivedSources-normal/arm64 -Xcc -I/Users/admin/builder/spi-builder-workspace/.derivedData/Build/Intermediates.noindex/Cryptor.build/Debug-xros/Cryptor-t.build/DerivedSources/arm64 -Xcc -I/Users/admin/builder/spi-builder-workspace/.derivedData/Build/Intermediates.noindex/Cryptor.build/Debug-xros/Cryptor-t.build/DerivedSources -Xcc -DSWIFT_PACKAGE -Xcc -DDEBUG\=1 -emit-objc-header -emit-objc-header-path /Users/admin/builder/spi-builder-workspace/.derivedData/Build/Intermediates.noindex/Cryptor.build/Debug-xros/Cryptor-t.build/Objects-normal/arm64/Cryptor-Swift.h -working-directory /Users/admin/builder/spi-builder-workspace/.swiftpm/xcode -experimental-emit-module-separately -disable-cmo
SwiftExplicitDependencyGeneratePcm arm64 /Users/admin/builder/spi-builder-workspace/.derivedData/SDKExplicitPrecompiledModules/_Builtin_stddef-2IE0R9M96I5XG0WY72N2UIQ8V.pcm
SwiftExplicitDependencyGeneratePcm arm64 /Users/admin/builder/spi-builder-workspace/.derivedData/SDKExplicitPrecompiledModules/_AvailabilityInternal-6BH9T8OE123ARKKFOJFR111NS.pcm
SwiftExplicitDependencyGeneratePcm arm64 /Users/admin/builder/spi-builder-workspace/.derivedData/SDKExplicitPrecompiledModules/_Builtin_float-1J8SO31WACP82RKV0LOTRKG39.pcm
SwiftExplicitDependencyGeneratePcm arm64 /Users/admin/builder/spi-builder-workspace/.derivedData/SDKExplicitPrecompiledModules/_Builtin_stdarg-62NPPE4D8O3BNLU35D74TGLVQ.pcm
SwiftExplicitDependencyGeneratePcm arm64 /Users/admin/builder/spi-builder-workspace/.derivedData/SDKExplicitPrecompiledModules/SwiftShims-2HAZ94YF1BA79JLFTAIV7APMW.pcm
SwiftExplicitDependencyGeneratePcm arm64 /Users/admin/builder/spi-builder-workspace/.derivedData/SDKExplicitPrecompiledModules/_Builtin_stdbool-1Q6BTYNEVHC9M74WL5O5GJ1ZM.pcm
SwiftExplicitDependencyGeneratePcm arm64 /Users/admin/builder/spi-builder-workspace/.derivedData/SDKExplicitPrecompiledModules/_SwiftConcurrencyShims-9H7TQT237JM0VTD7TXCR6CNM9.pcm
SwiftExplicitDependencyGeneratePcm arm64 /Users/admin/builder/spi-builder-workspace/.derivedData/SDKExplicitPrecompiledModules/ptrcheck-98Y8DWD0HPCMRMDFKAEZCA81O.pcm
SwiftExplicitDependencyGeneratePcm arm64 /Users/admin/builder/spi-builder-workspace/.derivedData/SDKExplicitPrecompiledModules/_DarwinFoundation1-AVZIQZ8HOAUXTT5CXVE5TNG7E.pcm
SwiftExplicitDependencyGeneratePcm arm64 /Users/admin/builder/spi-builder-workspace/.derivedData/SDKExplicitPrecompiledModules/_Builtin_stddef-5NQ9Z1GV07GBSRQGAQCGXGVRI.pcm
SwiftExplicitDependencyGeneratePcm arm64 /Users/admin/builder/spi-builder-workspace/.derivedData/SDKExplicitPrecompiledModules/_Builtin_stdbool-5BU2ADS7JXQMYENKQHW9X8XOU.pcm
SwiftExplicitDependencyGeneratePcm arm64 /Users/admin/builder/spi-builder-workspace/.derivedData/SDKExplicitPrecompiledModules/ptrcheck-BXA97MNLI4BB0HF5I8MJE403D.pcm
SwiftExplicitDependencyGeneratePcm arm64 /Users/admin/builder/spi-builder-workspace/.derivedData/SDKExplicitPrecompiledModules/_Builtin_float-6WKHNW5S40U2QGHXXGETUDIRA.pcm
SwiftExplicitDependencyGeneratePcm arm64 /Users/admin/builder/spi-builder-workspace/.derivedData/SDKExplicitPrecompiledModules/_Builtin_stdarg-CDA349K2K4US766844K8E0PVA.pcm
SwiftExplicitDependencyGeneratePcm arm64 /Users/admin/builder/spi-builder-workspace/.derivedData/SDKExplicitPrecompiledModules/SwiftShims-CI4H5RO9IYFFWQ2COB512Q2S9.pcm
SwiftExplicitDependencyGeneratePcm arm64 /Users/admin/builder/spi-builder-workspace/.derivedData/SDKExplicitPrecompiledModules/ptrauth-1WBA714DZSVUL5JQDJ08CLKZ.pcm
SwiftExplicitDependencyGeneratePcm arm64 /Users/admin/builder/spi-builder-workspace/.derivedData/SDKExplicitPrecompiledModules/_AvailabilityInternal-1Q8IQP6M38UWSGZ95UCEY2M44.pcm
SwiftExplicitDependencyGeneratePcm arm64 /Users/admin/builder/spi-builder-workspace/.derivedData/SDKExplicitPrecompiledModules/_SwiftConcurrencyShims-C8XHKSHX96D5YYALNM4W70Z0O.pcm
SwiftExplicitDependencyGeneratePcm arm64 /Users/admin/builder/spi-builder-workspace/.derivedData/SDKExplicitPrecompiledModules/_DarwinFoundation2-E0NXA4K8N3W3XTJG0EDH15WR2.pcm
SwiftExplicitDependencyGeneratePcm arm64 /Users/admin/builder/spi-builder-workspace/.derivedData/SDKExplicitPrecompiledModules/_Builtin_limits-599EXAY0E7DPK78D1JASUXYCQ.pcm
SwiftExplicitDependencyGeneratePcm arm64 /Users/admin/builder/spi-builder-workspace/.derivedData/SDKExplicitPrecompiledModules/_DarwinFoundation1-5RGRVV2TZ6WC4WZW5IXF8NQ04.pcm
SwiftExplicitDependencyGeneratePcm arm64 /Users/admin/builder/spi-builder-workspace/.derivedData/SDKExplicitPrecompiledModules/_Builtin_limits-425JDMN5HPM3D0UEI8LEHP6NM.pcm
SwiftExplicitDependencyGeneratePcm arm64 /Users/admin/builder/spi-builder-workspace/.derivedData/SDKExplicitPrecompiledModules/_DarwinFoundation2-ENTECK156YEWITZRRBTOCE4KR.pcm
SwiftExplicitDependencyGeneratePcm arm64 /Users/admin/builder/spi-builder-workspace/.derivedData/SDKExplicitPrecompiledModules/sys_types-A3BBS6FJZK4C974FRQ5ZCTND7.pcm
SwiftExplicitDependencyGeneratePcm arm64 /Users/admin/builder/spi-builder-workspace/.derivedData/SDKExplicitPrecompiledModules/_Builtin_stdint-F1DLW8WMMSOC414RWOQWK8OS8.pcm
SwiftExplicitDependencyGeneratePcm arm64 /Users/admin/builder/spi-builder-workspace/.derivedData/SDKExplicitPrecompiledModules/_DarwinFoundation3-C1P0SZMW1CBYZ1956G2WPAGVQ.pcm
SwiftExplicitDependencyGeneratePcm arm64 /Users/admin/builder/spi-builder-workspace/.derivedData/SDKExplicitPrecompiledModules/sys_types-AYM0BHR77VKMWZCO2T0XGV2HF.pcm
SwiftExplicitDependencyGeneratePcm arm64 /Users/admin/builder/spi-builder-workspace/.derivedData/SDKExplicitPrecompiledModules/_Builtin_stdint-8OR6T47OOYJA90ZBO3N1USDE.pcm
SwiftExplicitDependencyGeneratePcm arm64 /Users/admin/builder/spi-builder-workspace/.derivedData/SDKExplicitPrecompiledModules/string_h-2GT67HHHHK5CF1V1S31LH0PU2.pcm
SwiftExplicitDependencyGeneratePcm arm64 /Users/admin/builder/spi-builder-workspace/.derivedData/SDKExplicitPrecompiledModules/_Builtin_inttypes-9DU9NJC5HKVLIXJ97CZROETBU.pcm
SwiftExplicitDependencyGeneratePcm arm64 /Users/admin/builder/spi-builder-workspace/.derivedData/SDKExplicitPrecompiledModules/_DarwinFoundation3-9ZHN6JKBS40BBA81RQMV8H0IC.pcm
SwiftExplicitDependencyGeneratePcm arm64 /Users/admin/builder/spi-builder-workspace/.derivedData/SDKExplicitPrecompiledModules/Darwin-ET1KOXI5QIB2QZ81K0LJ5SCNP.pcm
SwiftExplicitDependencyGeneratePcm arm64 /Users/admin/builder/spi-builder-workspace/.derivedData/SDKExplicitPrecompiledModules/CommonCrypto-CEABJG1QSITOB7OGO12QH3KS.pcm
SwiftExplicitDependencyGeneratePcm arm64 /Users/admin/builder/spi-builder-workspace/.derivedData/SDKExplicitPrecompiledModules/_Builtin_inttypes-11B64KJD36B3YOHBR1BBXBJY8.pcm
SwiftExplicitDependencyGeneratePcm arm64 /Users/admin/builder/spi-builder-workspace/.derivedData/SDKExplicitPrecompiledModules/Darwin-60P5LVNQO3ESRRM5DCJ05PFNK.pcm
SwiftCompile normal arm64 Compiling\ Logger.swift /Users/admin/builder/spi-builder-workspace/.dependencies/checkouts/swift-log/Sources/Logging/Logger.swift (in target 'Logging' from project 'swift-log')
SwiftCompile normal arm64 /Users/admin/builder/spi-builder-workspace/.dependencies/checkouts/swift-log/Sources/Logging/Logger.swift (in target 'Logging' from project 'swift-log')
    cd /Users/admin/builder/spi-builder-workspace/.swiftpm/xcode
    builtin-SwiftPerFileCompile Logger.swift
SwiftEmitModule normal arm64 Emitting\ module\ for\ Logging (in target 'Logging' from project 'swift-log')
SwiftCompile normal arm64 (in target 'Logging' from project 'swift-log')
    cd /Users/admin/builder/spi-builder-workspace/.swiftpm/xcode

SwiftCompile normal arm64 Compiling\ MetadataProvider.swift /Users/admin/builder/spi-builder-workspace/.dependencies/checkouts/swift-log/Sources/Logging/MetadataProvider.swift (in target 'Logging' from project 'swift-log')
SwiftCompile normal arm64 /Users/admin/builder/spi-builder-workspace/.dependencies/checkouts/swift-log/Sources/Logging/MetadataProvider.swift (in target 'Logging' from project 'swift-log')
    cd /Users/admin/builder/spi-builder-workspace/.swiftpm/xcode
    builtin-SwiftPerFileCompile MetadataProvider.swift
SwiftCompile normal arm64 Compiling\ LoggingSystem.swift /Users/admin/builder/spi-builder-workspace/.dependencies/checkouts/swift-log/Sources/Logging/LoggingSystem.swift (in target 'Logging' from project 'swift-log')
SwiftCompile normal arm64 /Users/admin/builder/spi-builder-workspace/.dependencies/checkouts/swift-log/Sources/Logging/LoggingSystem.swift (in target 'Logging' from project 'swift-log')
    cd /Users/admin/builder/spi-builder-workspace/.swiftpm/xcode
    builtin-SwiftPerFileCompile LoggingSystem.swift
SwiftCompile normal arm64 Compiling\ Logger+Attributes.swift /Users/admin/builder/spi-builder-workspace/.dependencies/checkouts/swift-log/Sources/Logging/Logger+Attributes.swift (in target 'Logging' from project 'swift-log')
SwiftCompile normal arm64 /Users/admin/builder/spi-builder-workspace/.dependencies/checkouts/swift-log/Sources/Logging/Logger+Attributes.swift (in target 'Logging' from project 'swift-log')
    cd /Users/admin/builder/spi-builder-workspace/.swiftpm/xcode
    builtin-SwiftPerFileCompile Logger+Attributes.swift
SwiftCompile normal arm64 Compiling\ LogHandler.swift /Users/admin/builder/spi-builder-workspace/.dependencies/checkouts/swift-log/Sources/Logging/LogHandler.swift (in target 'Logging' from project 'swift-log')
SwiftCompile normal arm64 /Users/admin/builder/spi-builder-workspace/.dependencies/checkouts/swift-log/Sources/Logging/LogHandler.swift (in target 'Logging' from project 'swift-log')
    cd /Users/admin/builder/spi-builder-workspace/.swiftpm/xcode
    builtin-SwiftPerFileCompile LogHandler.swift
SwiftCompile normal arm64 Compiling\ Logger+With.swift /Users/admin/builder/spi-builder-workspace/.dependencies/checkouts/swift-log/Sources/Logging/Logger+With.swift (in target 'Logging' from project 'swift-log')
SwiftCompile normal arm64 /Users/admin/builder/spi-builder-workspace/.dependencies/checkouts/swift-log/Sources/Logging/Logger+With.swift (in target 'Logging' from project 'swift-log')
    cd /Users/admin/builder/spi-builder-workspace/.swiftpm/xcode
    builtin-SwiftPerFileCompile Logger+With.swift
SwiftCompile normal arm64 Compiling\ MultiplexLogHandler.swift,\ StreamLogHandler.swift /Users/admin/builder/spi-builder-workspace/.dependencies/checkouts/swift-log/Sources/Logging/Handlers/MultiplexLogHandler.swift /Users/admin/builder/spi-builder-workspace/.dependencies/checkouts/swift-log/Sources/Logging/Handlers/StreamLogHandler.swift (in target 'Logging' from project 'swift-log')
SwiftCompile normal arm64 /Users/admin/builder/spi-builder-workspace/.dependencies/checkouts/swift-log/Sources/Logging/Handlers/MultiplexLogHandler.swift (in target 'Logging' from project 'swift-log')
    cd /Users/admin/builder/spi-builder-workspace/.swiftpm/xcode
    builtin-SwiftPerFileCompile MultiplexLogHandler.swift
SwiftCompile normal arm64 /Users/admin/builder/spi-builder-workspace/.dependencies/checkouts/swift-log/Sources/Logging/Handlers/StreamLogHandler.swift (in target 'Logging' from project 'swift-log')
    cd /Users/admin/builder/spi-builder-workspace/.swiftpm/xcode
    builtin-SwiftPerFileCompile StreamLogHandler.swift
SwiftCompile normal arm64 Compiling\ LogEvent.swift /Users/admin/builder/spi-builder-workspace/.dependencies/checkouts/swift-log/Sources/Logging/LogEvent.swift (in target 'Logging' from project 'swift-log')
SwiftCompile normal arm64 /Users/admin/builder/spi-builder-workspace/.dependencies/checkouts/swift-log/Sources/Logging/LogEvent.swift (in target 'Logging' from project 'swift-log')
    cd /Users/admin/builder/spi-builder-workspace/.swiftpm/xcode
    builtin-SwiftPerFileCompile LogEvent.swift
SwiftCompile normal arm64 Compiling\ Locks.swift /Users/admin/builder/spi-builder-workspace/.dependencies/checkouts/swift-log/Sources/Logging/Locks.swift (in target 'Logging' from project 'swift-log')
SwiftCompile normal arm64 /Users/admin/builder/spi-builder-workspace/.dependencies/checkouts/swift-log/Sources/Logging/Locks.swift (in target 'Logging' from project 'swift-log')
    cd /Users/admin/builder/spi-builder-workspace/.swiftpm/xcode
    builtin-SwiftPerFileCompile Locks.swift
SwiftExplicitDependencyGeneratePcm arm64 /Users/admin/builder/spi-builder-workspace/.derivedData/SDKExplicitPrecompiledModules/ObjectiveC-26TIBFYCEJZVP216ZZAU1X8KN.pcm
SwiftDriverJobDiscovery normal arm64 Emitting module for Logging (in target 'Logging' from project 'swift-log')
SwiftDriver\ Compilation\ Requirements Logging normal arm64 com.apple.xcode.tools.swift.compiler (in target 'Logging' from project 'swift-log')
    cd /Users/admin/builder/spi-builder-workspace/.swiftpm/xcode
    builtin-Swift-Compilation-Requirements -- /Applications/Xcode-27.0.0-Release.Candidate.app/Contents/Developer/Toolchains/XcodeDefault.xctoolchain/usr/bin/swiftc -parse-as-library -module-name Logging -Onone @/Users/admin/builder/spi-builder-workspace/.derivedData/Build/Intermediates.noindex/swift-log.build/Debug-xros/Logging-t.build/Objects-normal/arm64/Logging.SwiftFileList -DSWIFT_PACKAGE -DDEBUG -DSWIFT_MODULE_RESOURCE_BUNDLE_UNAVAILABLE -DXcode -enable-upcoming-feature ExistentialAny -enable-upcoming-feature MemberImportVisibility -enable-upcoming-feature InternalImportsByDefault -enable-upcoming-feature NonisolatedNonsendingByDefault -Xfrontend -require-explicit-sendable -plugin-path /Applications/Xcode-27.0.0-Release.Candidate.app/Contents/Developer/Toolchains/XcodeDefault.xctoolchain/usr/lib/swift/host/plugins/testing -enable-experimental-feature DebugDescriptionMacro -sdk /Applications/Xcode-27.0.0-Release.Candidate.app/Contents/Developer/Platforms/XROS.platform/Developer/SDKs/XROS27.0.sdk -target arm64-apple-xros1.0 -g -module-cache-path /Users/admin/builder/spi-builder-workspace/.derivedData/ModuleCache.noindex -Xfrontend -serialize-debugging-options -profile-coverage-mapping -profile-generate -enable-testing -suppress-warnings -index-store-path /Users/admin/builder/spi-builder-workspace/.derivedData/Index.noindex/DataStore -Xcc -D_LIBCPP_HARDENING_MODE\=_LIBCPP_HARDENING_MODE_DEBUG -swift-version 6 -I /Users/admin/builder/spi-builder-workspace/.derivedData/Build/Products/Debug-xros -Isystem /Applications/Xcode-27.0.0-Release.Candidate.app/Contents/Developer/Platforms/XROS.platform/Developer/usr/lib -F /Users/admin/builder/spi-builder-workspace/.derivedData/Build/Products/Debug-xros -F /Applications/Xcode-27.0.0-Release.Candidate.app/Contents/Developer/Platforms/XROS.platform/Developer/Library/Frameworks -F /Applications/Xcode-27.0.0-Release.Candidate.app/Contents/Developer/Platforms/XROS.platform/Developer/SDKs/XROS27.0.sdk/Developer/Library/Frameworks -c -j10 -enable-batch-mode -incremental -Xcc -ivfsstatcache -Xcc /Users/admin/builder/spi-builder-workspace/.derivedData/SDKStatCaches.noindex/xros27.0-24M361-e829b21a6f8c9b70876ba0858053c044735bd543db762f57723cac368afd1ce4.sdkstatcache -output-file-map /Users/admin/builder/spi-builder-workspace/.derivedData/Build/Intermediates.noindex/swift-log.build/Debug-xros/Logging-t.build/Objects-normal/arm64/Logging-OutputFileMap.json -save-temps -no-color-diagnostics -explicit-module-build -module-cache-path /Users/admin/builder/spi-builder-workspace/.derivedData/Build/Intermediates.noindex/SwiftExplicitPrecompiledModules -clang-scanner-module-cache-path /Users/admin/builder/spi-builder-workspace/.derivedData/ModuleCache.noindex -sdk-module-cache-path /Users/admin/builder/spi-builder-workspace/.derivedData/SDKExplicitPrecompiledModules -emit-dependencies -emit-module -emit-module-path /Users/admin/builder/spi-builder-workspace/.derivedData/Build/Intermediates.noindex/swift-log.build/Debug-xros/Logging-t.build/Objects-normal/arm64/Logging.swiftmodule -serialize-diagnostics -dependency-scan-serialize-diagnostics-path /Users/admin/builder/spi-builder-workspace/.derivedData/Build/Intermediates.noindex/swift-log.build/Debug-xros/Logging-t.build/Objects-normal/arm64/Logging-dependency-scan.dia -user-module-version 1.15.1 -validate-clang-modules-once -clang-build-session-file /Users/admin/builder/spi-builder-workspace/.derivedData/ModuleCache.noindex/Session.modulevalidation -Xcc -fmodules-prune-interval\=86400 -Xcc -fmodules-prune-after\=345600 -package-name swift_log -emit-const-values -const-gather-protocols-list /Users/admin/builder/spi-builder-workspace/.derivedData/Build/Intermediates.noindex/swift-log.build/Debug-xros/Logging-t.build/Objects-normal/arm64/Logging_const_extract_protocols.json -Xcc -I/Users/admin/builder/spi-builder-workspace/.derivedData/Build/Products/Debug-xros/include -Xcc -I/Users/admin/builder/spi-builder-workspace/.derivedData/Build/Intermediates.noindex/swift-log.build/Debug-xros/Logging-t.build/DerivedSources-normal/arm64 -Xcc -I/Users/admin/builder/spi-builder-workspace/.derivedData/Build/Intermediates.noindex/swift-log.build/Debug-xros/Logging-t.build/DerivedSources/arm64 -Xcc -I/Users/admin/builder/spi-builder-workspace/.derivedData/Build/Intermediates.noindex/swift-log.build/Debug-xros/Logging-t.build/DerivedSources -Xcc -DSWIFT_PACKAGE -Xcc -DDEBUG\=1 -emit-objc-header -emit-objc-header-path /Users/admin/builder/spi-builder-workspace/.derivedData/Build/Intermediates.noindex/swift-log.build/Debug-xros/Logging-t.build/Objects-normal/arm64/Logging-Swift.h -working-directory /Users/admin/builder/spi-builder-workspace/.swiftpm/xcode -experimental-emit-module-separately -disable-cmo
SwiftExplicitDependencyGeneratePcm arm64 /Users/admin/builder/spi-builder-workspace/.derivedData/SDKExplicitPrecompiledModules/os_object-692CJ8BG6RE5H04487EJJOVXW.pcm
SwiftMergeGeneratedHeaders /Users/admin/builder/spi-builder-workspace/.derivedData/Build/Intermediates.noindex/GeneratedModuleMaps-xros/Logging-Swift.h /Users/admin/builder/spi-builder-workspace/.derivedData/Build/Intermediates.noindex/swift-log.build/Debug-xros/Logging-t.build/Objects-normal/arm64/Logging-Swift.h (in target 'Logging' from project 'swift-log')
    cd /Users/admin/builder/spi-builder-workspace/.dependencies/checkouts/swift-log
    builtin-swiftHeaderTool -arch arm64 /Users/admin/builder/spi-builder-workspace/.derivedData/Build/Intermediates.noindex/swift-log.build/Debug-xros/Logging-t.build/Objects-normal/arm64/Logging-Swift.h -o /Users/admin/builder/spi-builder-workspace/.derivedData/Build/Intermediates.noindex/GeneratedModuleMaps-xros/Logging-Swift.h
Copy /Users/admin/builder/spi-builder-workspace/.derivedData/Build/Products/Debug-xros/Logging.swiftmodule/arm64-apple-xros.swiftmodule /Users/admin/builder/spi-builder-workspace/.derivedData/Build/Intermediates.noindex/swift-log.build/Debug-xros/Logging-t.build/Objects-normal/arm64/Logging.swiftmodule (in target 'Logging' from project 'swift-log')
    cd /Users/admin/builder/spi-builder-workspace/.dependencies/checkouts/swift-log
    builtin-copy -exclude .DS_Store -exclude CVS -exclude .svn -exclude .git -exclude .hg -resolve-src-symlinks -rename /Users/admin/builder/spi-builder-workspace/.derivedData/Build/Intermediates.noindex/swift-log.build/Debug-xros/Logging-t.build/Objects-normal/arm64/Logging.swiftmodule /Users/admin/builder/spi-builder-workspace/.derivedData/Build/Products/Debug-xros/Logging.swiftmodule/arm64-apple-xros.swiftmodule
Copy /Users/admin/builder/spi-builder-workspace/.derivedData/Build/Products/Debug-xros/Logging.swiftmodule/arm64-apple-xros.swiftdoc /Users/admin/builder/spi-builder-workspace/.derivedData/Build/Intermediates.noindex/swift-log.build/Debug-xros/Logging-t.build/Objects-normal/arm64/Logging.swiftdoc (in target 'Logging' from project 'swift-log')
    cd /Users/admin/builder/spi-builder-workspace/.dependencies/checkouts/swift-log
    builtin-copy -exclude .DS_Store -exclude CVS -exclude .svn -exclude .git -exclude .hg -resolve-src-symlinks -rename /Users/admin/builder/spi-builder-workspace/.derivedData/Build/Intermediates.noindex/swift-log.build/Debug-xros/Logging-t.build/Objects-normal/arm64/Logging.swiftdoc /Users/admin/builder/spi-builder-workspace/.derivedData/Build/Products/Debug-xros/Logging.swiftmodule/arm64-apple-xros.swiftdoc
Copy /Users/admin/builder/spi-builder-workspace/.derivedData/Build/Products/Debug-xros/Logging.swiftmodule/arm64-apple-xros.abi.json /Users/admin/builder/spi-builder-workspace/.derivedData/Build/Intermediates.noindex/swift-log.build/Debug-xros/Logging-t.build/Objects-normal/arm64/Logging.abi.json (in target 'Logging' from project 'swift-log')
    cd /Users/admin/builder/spi-builder-workspace/.dependencies/checkouts/swift-log
    builtin-copy -exclude .DS_Store -exclude CVS -exclude .svn -exclude .git -exclude .hg -resolve-src-symlinks -rename /Users/admin/builder/spi-builder-workspace/.derivedData/Build/Intermediates.noindex/swift-log.build/Debug-xros/Logging-t.build/Objects-normal/arm64/Logging.abi.json /Users/admin/builder/spi-builder-workspace/.derivedData/Build/Products/Debug-xros/Logging.swiftmodule/arm64-apple-xros.abi.json
Copy /Users/admin/builder/spi-builder-workspace/.derivedData/Build/Products/Debug-xros/Logging.swiftmodule/Project/arm64-apple-xros.swiftsourceinfo /Users/admin/builder/spi-builder-workspace/.derivedData/Build/Intermediates.noindex/swift-log.build/Debug-xros/Logging-t.build/Objects-normal/arm64/Logging.swiftsourceinfo (in target 'Logging' from project 'swift-log')
    cd /Users/admin/builder/spi-builder-workspace/.dependencies/checkouts/swift-log
    builtin-copy -exclude .DS_Store -exclude CVS -exclude .svn -exclude .git -exclude .hg -resolve-src-symlinks -rename /Users/admin/builder/spi-builder-workspace/.derivedData/Build/Intermediates.noindex/swift-log.build/Debug-xros/Logging-t.build/Objects-normal/arm64/Logging.swiftsourceinfo /Users/admin/builder/spi-builder-workspace/.derivedData/Build/Products/Debug-xros/Logging.swiftmodule/Project/arm64-apple-xros.swiftsourceinfo
SwiftExplicitDependencyGeneratePcm arm64 /Users/admin/builder/spi-builder-workspace/.derivedData/SDKExplicitPrecompiledModules/os_workgroup-4U1VXMWIZD80E7PRUQF2G7P9X.pcm
SwiftDriverJobDiscovery normal arm64 Compiling LogHandler.swift (in target 'Logging' from project 'swift-log')
SwiftCompile normal arm64 Compiling\ SwiftLogNoOpLogHandler.swift /Users/admin/builder/spi-builder-workspace/.dependencies/checkouts/swift-log/Sources/Logging/Handlers/SwiftLogNoOpLogHandler.swift (in target 'Logging' from project 'swift-log')
SwiftCompile normal arm64 /Users/admin/builder/spi-builder-workspace/.dependencies/checkouts/swift-log/Sources/Logging/Handlers/SwiftLogNoOpLogHandler.swift (in target 'Logging' from project 'swift-log')
    cd /Users/admin/builder/spi-builder-workspace/.swiftpm/xcode
    builtin-SwiftPerFileCompile SwiftLogNoOpLogHandler.swift
SwiftDriverJobDiscovery normal arm64 Compiling LogEvent.swift (in target 'Logging' from project 'swift-log')
SwiftDriver LoggerAPI normal arm64 com.apple.xcode.tools.swift.compiler (in target 'LoggerAPI' from project 'LoggerAPI')
    cd /Users/admin/builder/spi-builder-workspace/.swiftpm/xcode
    builtin-SwiftDriver -- /Applications/Xcode-27.0.0-Release.Candidate.app/Contents/Developer/Toolchains/XcodeDefault.xctoolchain/usr/bin/swiftc -parse-as-library -module-name LoggerAPI -Onone @/Users/admin/builder/spi-builder-workspace/.derivedData/Build/Intermediates.noindex/LoggerAPI.build/Debug-xros/LoggerAPI-t.build/Objects-normal/arm64/LoggerAPI.SwiftFileList -DSWIFT_PACKAGE -DDEBUG -DSWIFT_MODULE_RESOURCE_BUNDLE_UNAVAILABLE -DXcode -plugin-path /Applications/Xcode-27.0.0-Release.Candidate.app/Contents/Developer/Toolchains/XcodeDefault.xctoolchain/usr/lib/swift/host/plugins/testing -enable-experimental-feature DebugDescriptionMacro -sdk /Applications/Xcode-27.0.0-Release.Candidate.app/Contents/Developer/Platforms/XROS.platform/Developer/SDKs/XROS27.0.sdk -target arm64-apple-xros1.0 -g -module-cache-path /Users/admin/builder/spi-builder-workspace/.derivedData/ModuleCache.noindex -Xfrontend -serialize-debugging-options -profile-coverage-mapping -profile-generate -enable-testing -suppress-warnings -index-store-path /Users/admin/builder/spi-builder-workspace/.derivedData/Index.noindex/DataStore -Xcc -D_LIBCPP_HARDENING_MODE\=_LIBCPP_HARDENING_MODE_DEBUG -swift-version 5 -I /Users/admin/builder/spi-builder-workspace/.derivedData/Build/Products/Debug-xros -Isystem /Applications/Xcode-27.0.0-Release.Candidate.app/Contents/Developer/Platforms/XROS.platform/Developer/usr/lib -F /Users/admin/builder/spi-builder-workspace/.derivedData/Build/Products/Debug-xros/PackageFrameworks -F /Users/admin/builder/spi-builder-workspace/.derivedData/Build/Products/Debug-xros -F /Applications/Xcode-27.0.0-Release.Candidate.app/Contents/Developer/Platforms/XROS.platform/Developer/Library/Frameworks -F /Applications/Xcode-27.0.0-Release.Candidate.app/Contents/Developer/Platforms/XROS.platform/Developer/SDKs/XROS27.0.sdk/Developer/Library/Frameworks -c -j10 -enable-batch-mode -incremental -Xcc -ivfsstatcache -Xcc /Users/admin/builder/spi-builder-workspace/.derivedData/SDKStatCaches.noindex/xros27.0-24M361-e829b21a6f8c9b70876ba0858053c044735bd543db762f57723cac368afd1ce4.sdkstatcache -output-file-map /Users/admin/builder/spi-builder-workspace/.derivedData/Build/Intermediates.noindex/LoggerAPI.build/Debug-xros/LoggerAPI-t.build/Objects-normal/arm64/LoggerAPI-OutputFileMap.json -save-temps -no-color-diagnostics -explicit-module-build -module-cache-path /Users/admin/builder/spi-builder-workspace/.derivedData/Build/Intermediates.noindex/SwiftExplicitPrecompiledModules -clang-scanner-module-cache-path /Users/admin/builder/spi-builder-workspace/.derivedData/ModuleCache.noindex -sdk-module-cache-path /Users/admin/builder/spi-builder-workspace/.derivedData/SDKExplicitPrecompiledModules -emit-dependencies -emit-module -emit-module-path /Users/admin/builder/spi-builder-workspace/.derivedData/Build/Intermediates.noindex/LoggerAPI.build/Debug-xros/LoggerAPI-t.build/Objects-normal/arm64/LoggerAPI.swiftmodule -serialize-diagnostics -dependency-scan-serialize-diagnostics-path /Users/admin/builder/spi-builder-workspace/.derivedData/Build/Intermediates.noindex/LoggerAPI.build/Debug-xros/LoggerAPI-t.build/Objects-normal/arm64/LoggerAPI-dependency-scan.dia -validate-clang-modules-once -clang-build-session-file /Users/admin/builder/spi-builder-workspace/.derivedData/ModuleCache.noindex/Session.modulevalidation -Xcc -fmodules-prune-interval\=86400 -Xcc -fmodules-prune-after\=345600 -emit-const-values -const-gather-protocols-list /Users/admin/builder/spi-builder-workspace/.derivedData/Build/Intermediates.noindex/LoggerAPI.build/Debug-xros/LoggerAPI-t.build/Objects-normal/arm64/LoggerAPI_const_extract_protocols.json -Xcc -I/Users/admin/builder/spi-builder-workspace/.derivedData/Build/Products/Debug-xros/include -Xcc -I/Users/admin/builder/spi-builder-workspace/.derivedData/Build/Intermediates.noindex/LoggerAPI.build/Debug-xros/LoggerAPI-t.build/DerivedSources-normal/arm64 -Xcc -I/Users/admin/builder/spi-builder-workspace/.derivedData/Build/Intermediates.noindex/LoggerAPI.build/Debug-xros/LoggerAPI-t.build/DerivedSources/arm64 -Xcc -I/Users/admin/builder/spi-builder-workspace/.derivedData/Build/Intermediates.noindex/LoggerAPI.build/Debug-xros/LoggerAPI-t.build/DerivedSources -Xcc -DSWIFT_PACKAGE -Xcc -DDEBUG\=1 -emit-objc-header -emit-objc-header-path /Users/admin/builder/spi-builder-workspace/.derivedData/Build/Intermediates.noindex/LoggerAPI.build/Debug-xros/LoggerAPI-t.build/Objects-normal/arm64/LoggerAPI-Swift.h -working-directory /Users/admin/builder/spi-builder-workspace/.swiftpm/xcode -experimental-emit-module-separately -disable-cmo
SwiftDriverJobDiscovery normal arm64 Compiling Logger+With.swift (in target 'Logging' from project 'swift-log')
SwiftDriverJobDiscovery normal arm64 Compiling LoggingSystem.swift (in target 'Logging' from project 'swift-log')
SwiftExplicitDependencyGeneratePcm arm64 /Users/admin/builder/spi-builder-workspace/.derivedData/SDKExplicitPrecompiledModules/Dispatch-CLT3466HKC22GCKAWSCNG0H7T.pcm
SwiftDriverJobDiscovery normal arm64 Compiling Logger+Attributes.swift (in target 'Logging' from project 'swift-log')
SwiftDriverJobDiscovery normal arm64 Compiling SwiftLogNoOpLogHandler.swift (in target 'Logging' from project 'swift-log')
SwiftDriverJobDiscovery normal arm64 Compiling Logger.swift (in target 'Logging' from project 'swift-log')
SwiftExplicitDependencyGeneratePcm arm64 /Users/admin/builder/spi-builder-workspace/.derivedData/SDKExplicitPrecompiledModules/CoreFoundation-AVLTZVCXBU2TO75JCN4AGU8XJ.pcm
SwiftExplicitDependencyGeneratePcm arm64 /Users/admin/builder/spi-builder-workspace/.derivedData/SDKExplicitPrecompiledModules/XPC-EP5EU7FNGP4VOA3EDM18P1KHO.pcm
SwiftExplicitDependencyGeneratePcm arm64 /Users/admin/builder/spi-builder-workspace/.derivedData/SDKExplicitPrecompiledModules/Security-8TH2M8WJIQMET4SADWX0N8372.pcm
SwiftExplicitDependencyGeneratePcm arm64 /Users/admin/builder/spi-builder-workspace/.derivedData/SDKExplicitPrecompiledModules/CFNetwork-5MI70N1VLDQSWTX4COWLMSIRO.pcm
SwiftDriverJobDiscovery normal arm64 Compiling MultiplexLogHandler.swift, StreamLogHandler.swift (in target 'Logging' from project 'swift-log')
SwiftDriverJobDiscovery normal arm64 Compiling MetadataProvider.swift (in target 'Logging' from project 'swift-log')
SwiftDriverJobDiscovery normal arm64 Compiling Locks.swift (in target 'Logging' from project 'swift-log')
SwiftDriver\ Compilation Logging normal arm64 com.apple.xcode.tools.swift.compiler (in target 'Logging' from project 'swift-log')
    cd /Users/admin/builder/spi-builder-workspace/.swiftpm/xcode
    builtin-Swift-Compilation -- /Applications/Xcode-27.0.0-Release.Candidate.app/Contents/Developer/Toolchains/XcodeDefault.xctoolchain/usr/bin/swiftc -parse-as-library -module-name Logging -Onone @/Users/admin/builder/spi-builder-workspace/.derivedData/Build/Intermediates.noindex/swift-log.build/Debug-xros/Logging-t.build/Objects-normal/arm64/Logging.SwiftFileList -DSWIFT_PACKAGE -DDEBUG -DSWIFT_MODULE_RESOURCE_BUNDLE_UNAVAILABLE -DXcode -enable-upcoming-feature ExistentialAny -enable-upcoming-feature MemberImportVisibility -enable-upcoming-feature InternalImportsByDefault -enable-upcoming-feature NonisolatedNonsendingByDefault -Xfrontend -require-explicit-sendable -plugin-path /Applications/Xcode-27.0.0-Release.Candidate.app/Contents/Developer/Toolchains/XcodeDefault.xctoolchain/usr/lib/swift/host/plugins/testing -enable-experimental-feature DebugDescriptionMacro -sdk /Applications/Xcode-27.0.0-Release.Candidate.app/Contents/Developer/Platforms/XROS.platform/Developer/SDKs/XROS27.0.sdk -target arm64-apple-xros1.0 -g -module-cache-path /Users/admin/builder/spi-builder-workspace/.derivedData/ModuleCache.noindex -Xfrontend -serialize-debugging-options -profile-coverage-mapping -profile-generate -enable-testing -suppress-warnings -index-store-path /Users/admin/builder/spi-builder-workspace/.derivedData/Index.noindex/DataStore -Xcc -D_LIBCPP_HARDENING_MODE\=_LIBCPP_HARDENING_MODE_DEBUG -swift-version 6 -I /Users/admin/builder/spi-builder-workspace/.derivedData/Build/Products/Debug-xros -Isystem /Applications/Xcode-27.0.0-Release.Candidate.app/Contents/Developer/Platforms/XROS.platform/Developer/usr/lib -F /Users/admin/builder/spi-builder-workspace/.derivedData/Build/Products/Debug-xros -F /Applications/Xcode-27.0.0-Release.Candidate.app/Contents/Developer/Platforms/XROS.platform/Developer/Library/Frameworks -F /Applications/Xcode-27.0.0-Release.Candidate.app/Contents/Developer/Platforms/XROS.platform/Developer/SDKs/XROS27.0.sdk/Developer/Library/Frameworks -c -j10 -enable-batch-mode -incremental -Xcc -ivfsstatcache -Xcc /Users/admin/builder/spi-builder-workspace/.derivedData/SDKStatCaches.noindex/xros27.0-24M361-e829b21a6f8c9b70876ba0858053c044735bd543db762f57723cac368afd1ce4.sdkstatcache -output-file-map /Users/admin/builder/spi-builder-workspace/.derivedData/Build/Intermediates.noindex/swift-log.build/Debug-xros/Logging-t.build/Objects-normal/arm64/Logging-OutputFileMap.json -save-temps -no-color-diagnostics -explicit-module-build -module-cache-path /Users/admin/builder/spi-builder-workspace/.derivedData/Build/Intermediates.noindex/SwiftExplicitPrecompiledModules -clang-scanner-module-cache-path /Users/admin/builder/spi-builder-workspace/.derivedData/ModuleCache.noindex -sdk-module-cache-path /Users/admin/builder/spi-builder-workspace/.derivedData/SDKExplicitPrecompiledModules -emit-dependencies -emit-module -emit-module-path /Users/admin/builder/spi-builder-workspace/.derivedData/Build/Intermediates.noindex/swift-log.build/Debug-xros/Logging-t.build/Objects-normal/arm64/Logging.swiftmodule -serialize-diagnostics -dependency-scan-serialize-diagnostics-path /Users/admin/builder/spi-builder-workspace/.derivedData/Build/Intermediates.noindex/swift-log.build/Debug-xros/Logging-t.build/Objects-normal/arm64/Logging-dependency-scan.dia -user-module-version 1.15.1 -validate-clang-modules-once -clang-build-session-file /Users/admin/builder/spi-builder-workspace/.derivedData/ModuleCache.noindex/Session.modulevalidation -Xcc -fmodules-prune-interval\=86400 -Xcc -fmodules-prune-after\=345600 -package-name swift_log -emit-const-values -const-gather-protocols-list /Users/admin/builder/spi-builder-workspace/.derivedData/Build/Intermediates.noindex/swift-log.build/Debug-xros/Logging-t.build/Objects-normal/arm64/Logging_const_extract_protocols.json -Xcc -I/Users/admin/builder/spi-builder-workspace/.derivedData/Build/Products/Debug-xros/include -Xcc -I/Users/admin/builder/spi-builder-workspace/.derivedData/Build/Intermediates.noindex/swift-log.build/Debug-xros/Logging-t.build/DerivedSources-normal/arm64 -Xcc -I/Users/admin/builder/spi-builder-workspace/.derivedData/Build/Intermediates.noindex/swift-log.build/Debug-xros/Logging-t.build/DerivedSources/arm64 -Xcc -I/Users/admin/builder/spi-builder-workspace/.derivedData/Build/Intermediates.noindex/swift-log.build/Debug-xros/Logging-t.build/DerivedSources -Xcc -DSWIFT_PACKAGE -Xcc -DDEBUG\=1 -emit-objc-header -emit-objc-header-path /Users/admin/builder/spi-builder-workspace/.derivedData/Build/Intermediates.noindex/swift-log.build/Debug-xros/Logging-t.build/Objects-normal/arm64/Logging-Swift.h -working-directory /Users/admin/builder/spi-builder-workspace/.swiftpm/xcode -experimental-emit-module-separately -disable-cmo
Ld /Users/admin/builder/spi-builder-workspace/.derivedData/Build/Products/Debug-xros/Logging.o normal (in target 'Logging' from project 'swift-log')
    cd /Users/admin/builder/spi-builder-workspace/.dependencies/checkouts/swift-log
    /Applications/Xcode-27.0.0-Release.Candidate.app/Contents/Developer/Toolchains/XcodeDefault.xctoolchain/usr/bin/clang -Xlinker -reproducible -target arm64-apple-xros1.0 -r -isysroot /Applications/Xcode-27.0.0-Release.Candidate.app/Contents/Developer/Platforms/XROS.platform/Developer/SDKs/XROS27.0.sdk -O0 -w -Xlinker -no_warn_duplicate_libraries -F/Users/admin/builder/spi-builder-workspace/.derivedData/Build/Intermediates.noindex/EagerLinkingTBDs/Debug-xros -F/Users/admin/builder/spi-builder-workspace/.derivedData/Build/Products/Debug-xros -iframework /Applications/Xcode-27.0.0-Release.Candidate.app/Contents/Developer/Platforms/XROS.platform/Developer/Library/Frameworks -iframework /Applications/Xcode-27.0.0-Release.Candidate.app/Contents/Developer/Platforms/XROS.platform/Developer/SDKs/XROS27.0.sdk/Developer/Library/Frameworks -filelist /Users/admin/builder/spi-builder-workspace/.derivedData/Build/Intermediates.noindex/swift-log.build/Debug-xros/Logging-t.build/Objects-normal/arm64/Logging.LinkFileList -nostdlib -Xlinker -object_path_lto -Xlinker /Users/admin/builder/spi-builder-workspace/.derivedData/Build/Intermediates.noindex/swift-log.build/Debug-xros/Logging-t.build/Objects-normal/arm64/Logging_lto.o -Xlinker -no_deduplicate -Xlinker -debug_variant -Xlinker -dependency_info -Xlinker /Users/admin/builder/spi-builder-workspace/.derivedData/Build/Intermediates.noindex/swift-log.build/Debug-xros/Logging-t.build/Objects-normal/arm64/Logging_dependency_info.dat -fobjc-link-runtime -L/Applications/Xcode-27.0.0-Release.Candidate.app/Contents/Developer/Toolchains/XcodeDefault.xctoolchain/usr/lib/swift/xros -L/usr/lib/swift -Xlinker -add_ast_path -Xlinker /Users/admin/builder/spi-builder-workspace/.derivedData/Build/Intermediates.noindex/swift-log.build/Debug-xros/Logging-t.build/Objects-normal/arm64/Logging.swiftmodule -o /Users/admin/builder/spi-builder-workspace/.derivedData/Build/Products/Debug-xros/Logging.o
ExtractAppIntentsMetadata (in target 'Logging' from project 'swift-log')
    cd /Users/admin/builder/spi-builder-workspace/.dependencies/checkouts/swift-log
    /Applications/Xcode-27.0.0-Release.Candidate.app/Contents/Developer/Toolchains/XcodeDefault.xctoolchain/usr/bin/appintentsmetadataprocessor --toolchain-dir /var/run/com.apple.security.cryptexd/mnt/com.apple.MobileAsset.MetalToolchain-v27.1.266.1.UyyuVM/Metal.xctoolchain --module-name Logging --sdk-root /Applications/Xcode-27.0.0-Release.Candidate.app/Contents/Developer/Platforms/XROS.platform/Developer/SDKs/XROS27.0.sdk --xcode-version 27A266a --platform-family xrOS --deployment-target 1.0 --bundle-identifier swift-log.Logging --output /Users/admin/builder/spi-builder-workspace/.derivedData/Build/Products/Debug-xros/Logging.appintents --target-triple arm64-apple-xros1.0 --binary-file /Users/admin/builder/spi-builder-workspace/.derivedData/Build/Products/Debug-xros/Logging.o --dependency-file /Users/admin/builder/spi-builder-workspace/.derivedData/Build/Intermediates.noindex/swift-log.build/Debug-xros/Logging-t.build/Objects-normal/arm64/Logging_dependency_info.dat --stringsdata-file /Users/admin/builder/spi-builder-workspace/.derivedData/Build/Intermediates.noindex/swift-log.build/Debug-xros/Logging-t.build/Objects-normal/arm64/ExtractedAppShortcutsMetadata.stringsdata --source-file-list /Users/admin/builder/spi-builder-workspace/.derivedData/Build/Intermediates.noindex/swift-log.build/Debug-xros/Logging-t.build/Objects-normal/arm64/Logging.SwiftFileList --metadata-file-list /Users/admin/builder/spi-builder-workspace/.derivedData/Build/Intermediates.noindex/swift-log.build/Debug-xros/Logging-t.build/Logging.DependencyMetadataFileList --static-metadata-file-list /Users/admin/builder/spi-builder-workspace/.derivedData/Build/Intermediates.noindex/swift-log.build/Debug-xros/Logging-t.build/Logging.DependencyStaticMetadataFileList --swift-const-vals-list /Users/admin/builder/spi-builder-workspace/.derivedData/Build/Intermediates.noindex/swift-log.build/Debug-xros/Logging-t.build/Objects-normal/arm64/Logging.SwiftConstValuesFileList --force --compile-time-extraction --deployment-aware-processing --no-app-shortcuts-localization
2026-09-17 12:55:17.213 appintentsmetadataprocessor[1693:9432] Starting appintentsmetadataprocessor export
2026-09-17 12:55:17.310 appintentsmetadataprocessor[1693:9432] Extracted no relevant App Intents symbols, skipping writing output
SwiftExplicitDependencyGeneratePcm arm64 /Users/admin/builder/spi-builder-workspace/.derivedData/SDKExplicitPrecompiledModules/Foundation-8GON1KVEKRN3NOQI8RETBRWJP.pcm
SwiftEmitModule normal arm64 Emitting\ module\ for\ LoggerAPI (in target 'LoggerAPI' from project 'LoggerAPI')
SwiftCompile normal arm64 (in target 'LoggerAPI' from project 'LoggerAPI')
    cd /Users/admin/builder/spi-builder-workspace/.swiftpm/xcode

SwiftCompile normal arm64 Compiling\ ECPublicKey.swift /Users/admin/builder/spi-builder-workspace/.dependencies/checkouts/BlueECC/Sources/CryptorECC/ECPublicKey.swift (in target 'CryptorECC' from project 'CryptorECC')
SwiftCompile normal arm64 /Users/admin/builder/spi-builder-workspace/.dependencies/checkouts/BlueECC/Sources/CryptorECC/ECPublicKey.swift (in target 'CryptorECC' from project 'CryptorECC')
    cd /Users/admin/builder/spi-builder-workspace/.swiftpm/xcode
    builtin-SwiftPerFileCompile ECPublicKey.swift
SwiftEmitModule normal arm64 Emitting\ module\ for\ CryptorECC (in target 'CryptorECC' from project 'CryptorECC')
/Users/admin/builder/spi-builder-workspace/.dependencies/checkouts/BlueECC/Sources/CryptorECC/EllipticCurve.swift:63:56: error: cannot find type 'CC_LONG' in scope
 61 |     let signingAlgorithm: SecKeyAlgorithm
 62 |     let encryptionAlgorithm = SecKeyAlgorithm.eciesEncryptionStandardVariableIVX963SHA256AESGCM
 63 |     let hashEngine: (_ data: UnsafeRawPointer?, _ len: CC_LONG, _ md: UnsafeMutablePointer<UInt8>?) -> UnsafeMutablePointer<UInt8>?
    |                                                        `- error: cannot find type 'CC_LONG' in scope
 64 |     let hashLength: CC_LONG
 65 |     #endif
/Users/admin/builder/spi-builder-workspace/.dependencies/checkouts/BlueECC/Sources/CryptorECC/EllipticCurve.swift:64:21: error: cannot find type 'CC_LONG' in scope
 62 |     let encryptionAlgorithm = SecKeyAlgorithm.eciesEncryptionStandardVariableIVX963SHA256AESGCM
 63 |     let hashEngine: (_ data: UnsafeRawPointer?, _ len: CC_LONG, _ md: UnsafeMutablePointer<UInt8>?) -> UnsafeMutablePointer<UInt8>?
 64 |     let hashLength: CC_LONG
    |                     `- error: cannot find type 'CC_LONG' in scope
 65 |     #endif
 66 |     let keySize: Int
/Users/admin/builder/spi-builder-workspace/.dependencies/checkouts/BlueECC/Sources/CryptorECC/EllipticCurve.swift:90:49: error: cannot find 'CC_SHA256' in scope
 88 |     static let p256 = EllipticCurve(internalRepresentation: .prime256v1,
 89 |                                     signingAlgorithm: .ecdsaSignatureDigestX962SHA256,
 90 |                                     hashEngine: CC_SHA256,
    |                                                 `- error: cannot find 'CC_SHA256' in scope
 91 |                                     hashLength: CC_LONG(CC_SHA256_DIGEST_LENGTH),
 92 |                                     keySize: 65)
/Users/admin/builder/spi-builder-workspace/.dependencies/checkouts/BlueECC/Sources/CryptorECC/EllipticCurve.swift:91:49: error: cannot find 'CC_LONG' in scope
 89 |                                     signingAlgorithm: .ecdsaSignatureDigestX962SHA256,
 90 |                                     hashEngine: CC_SHA256,
 91 |                                     hashLength: CC_LONG(CC_SHA256_DIGEST_LENGTH),
    |                                                 `- error: cannot find 'CC_LONG' in scope
 92 |                                     keySize: 65)
 93 |
/Users/admin/builder/spi-builder-workspace/.dependencies/checkouts/BlueECC/Sources/CryptorECC/EllipticCurve.swift:91:57: error: cannot find 'CC_SHA256_DIGEST_LENGTH' in scope
 89 |                                     signingAlgorithm: .ecdsaSignatureDigestX962SHA256,
 90 |                                     hashEngine: CC_SHA256,
 91 |                                     hashLength: CC_LONG(CC_SHA256_DIGEST_LENGTH),
    |                                                         `- error: cannot find 'CC_SHA256_DIGEST_LENGTH' in scope
 92 |                                     keySize: 65)
 93 |
/Users/admin/builder/spi-builder-workspace/.dependencies/checkouts/BlueECC/Sources/CryptorECC/EllipticCurve.swift:97:49: error: cannot find 'CC_SHA384' in scope
 95 |     static let p384 = EllipticCurve(internalRepresentation: .secp384r1,
 96 |                                     signingAlgorithm: .ecdsaSignatureDigestX962SHA384,
 97 |                                     hashEngine: CC_SHA384,
    |                                                 `- error: cannot find 'CC_SHA384' in scope
 98 |                                     hashLength: CC_LONG(CC_SHA384_DIGEST_LENGTH),
 99 |                                     keySize: 97)
/Users/admin/builder/spi-builder-workspace/.dependencies/checkouts/BlueECC/Sources/CryptorECC/EllipticCurve.swift:98:49: error: cannot find 'CC_LONG' in scope
 96 |                                     signingAlgorithm: .ecdsaSignatureDigestX962SHA384,
 97 |                                     hashEngine: CC_SHA384,
 98 |                                     hashLength: CC_LONG(CC_SHA384_DIGEST_LENGTH),
    |                                                 `- error: cannot find 'CC_LONG' in scope
 99 |                                     keySize: 97)
100 |
/Users/admin/builder/spi-builder-workspace/.dependencies/checkouts/BlueECC/Sources/CryptorECC/EllipticCurve.swift:98:57: error: cannot find 'CC_SHA384_DIGEST_LENGTH' in scope
 96 |                                     signingAlgorithm: .ecdsaSignatureDigestX962SHA384,
 97 |                                     hashEngine: CC_SHA384,
 98 |                                     hashLength: CC_LONG(CC_SHA384_DIGEST_LENGTH),
    |                                                         `- error: cannot find 'CC_SHA384_DIGEST_LENGTH' in scope
 99 |                                     keySize: 97)
100 |
/Users/admin/builder/spi-builder-workspace/.dependencies/checkouts/BlueECC/Sources/CryptorECC/EllipticCurve.swift:104:49: error: cannot find 'CC_SHA512' in scope
102 |     static let p521 = EllipticCurve(internalRepresentation: .secp521r1,
103 |                                     signingAlgorithm: .ecdsaSignatureDigestX962SHA512,
104 |                                     hashEngine: CC_SHA512,
    |                                                 `- error: cannot find 'CC_SHA512' in scope
105 |                                     hashLength: CC_LONG(CC_SHA512_DIGEST_LENGTH),
106 |                                     keySize: 133)
/Users/admin/builder/spi-builder-workspace/.dependencies/checkouts/BlueECC/Sources/CryptorECC/EllipticCurve.swift:105:49: error: cannot find 'CC_LONG' in scope
103 |                                     signingAlgorithm: .ecdsaSignatureDigestX962SHA512,
104 |                                     hashEngine: CC_SHA512,
105 |                                     hashLength: CC_LONG(CC_SHA512_DIGEST_LENGTH),
    |                                                 `- error: cannot find 'CC_LONG' in scope
106 |                                     keySize: 133)
107 |     #endif
/Users/admin/builder/spi-builder-workspace/.dependencies/checkouts/BlueECC/Sources/CryptorECC/EllipticCurve.swift:105:57: error: cannot find 'CC_SHA512_DIGEST_LENGTH' in scope
103 |                                     signingAlgorithm: .ecdsaSignatureDigestX962SHA512,
104 |                                     hashEngine: CC_SHA512,
105 |                                     hashLength: CC_LONG(CC_SHA512_DIGEST_LENGTH),
    |                                                         `- error: cannot find 'CC_SHA512_DIGEST_LENGTH' in scope
106 |                                     keySize: 133)
107 |     #endif
Failed frontend command:
/Applications/Xcode-27.0.0-Release.Candidate.app/Contents/Developer/Toolchains/XcodeDefault.xctoolchain/usr/bin/swift-frontend -frontend -emit-module -experimental-skip-non-inlinable-function-bodies-without-types /Users/admin/builder/spi-builder-workspace/.dependencies/checkouts/BlueECC/Sources/CryptorECC/ASN1.swift /Users/admin/builder/spi-builder-workspace/.dependencies/checkouts/BlueECC/Sources/CryptorECC/Data+Extensions.swift /Users/admin/builder/spi-builder-workspace/.dependencies/checkouts/BlueECC/Sources/CryptorECC/ECDecryptable.swift /Users/admin/builder/spi-builder-workspace/.dependencies/checkouts/BlueECC/Sources/CryptorECC/ECEncryptable.swift /Users/admin/builder/spi-builder-workspace/.dependencies/checkouts/BlueECC/Sources/CryptorECC/ECError.swift /Users/admin/builder/spi-builder-workspace/.dependencies/checkouts/BlueECC/Sources/CryptorECC/ECPrivateKey.swift /Users/admin/builder/spi-builder-workspace/.dependencies/checkouts/BlueECC/Sources/CryptorECC/ECPublicKey.swift /Users/admin/builder/spi-builder-workspace/.dependencies/checkouts/BlueECC/Sources/CryptorECC/ECSignable.swift /Users/admin/builder/spi-builder-workspace/.dependencies/checkouts/BlueECC/Sources/CryptorECC/ECSignature.swift /Users/admin/builder/spi-builder-workspace/.dependencies/checkouts/BlueECC/Sources/CryptorECC/EllipticCurve.swift /Users/admin/builder/spi-builder-workspace/.dependencies/checkouts/BlueECC/Sources/CryptorECC/SSLPointerTricks.swift -target arm64-apple-xros1.0 -disable-cross-import-overlay-search -load-resolved-plugin /Applications/Xcode-27.0.0-Release.Candidate.app/Contents/Developer/Platforms/XROS.platform/Developer/usr/lib/swift/host/plugins/libFoundationMacros.dylib\#/Applications/Xcode-27.0.0-Release.Candidate.app/Contents/Developer/Platforms/XROS.platform/Developer/usr/bin/swift-plugin-server\#FoundationMacros -load-resolved-plugin /Applications/Xcode-27.0.0-Release.Candidate.app/Contents/Developer/Platforms/XROS.platform/Developer/usr/lib/swift/host/plugins/libObservationMacros.dylib\#/Applications/Xcode-27.0.0-Release.Candidate.app/Contents/Developer/Platforms/XROS.platform/Developer/usr/bin/swift-plugin-server\#ObservationMacros -load-resolved-plugin /Applications/Xcode-27.0.0-Release.Candidate.app/Contents/Developer/Platforms/XROS.platform/Developer/usr/lib/swift/host/plugins/libSwiftMacros.dylib\#/Applications/Xcode-27.0.0-Release.Candidate.app/Contents/Developer/Platforms/XROS.platform/Developer/usr/bin/swift-plugin-server\#SwiftMacros -disable-implicit-swift-modules -Xcc -fno-implicit-modules -Xcc -fno-implicit-module-maps -explicit-swift-module-map-file /Users/admin/builder/spi-builder-workspace/.derivedData/Build/Intermediates.noindex/CryptorECC.build/Debug-xros/CryptorECC-t.build/Objects-normal/arm64/CryptorECC-dependencies-1.json -Xllvm -aarch64-use-tbi -enable-objc-interop -stack-check -sdk /Applications/Xcode-27.0.0-Release.Candidate.app/Contents/Developer/Platforms/XROS.platform/Developer/SDKs/XROS27.0.sdk -I /Users/admin/builder/spi-builder-workspace/.derivedData/Build/Products/Debug-xros -Isystem /Applications/Xcode-27.0.0-Release.Candidate.app/Contents/Developer/Platforms/XROS.platform/Developer/usr/lib -F /Users/admin/builder/spi-builder-workspace/.derivedData/Build/Products/Debug-xros -F /Applications/Xcode-27.0.0-Release.Candidate.app/Contents/Developer/Platforms/XROS.platform/Developer/Library/Frameworks -F /Applications/Xcode-27.0.0-Release.Candidate.app/Contents/Developer/Platforms/XROS.platform/Developer/SDKs/XROS27.0.sdk/Developer/Library/Frameworks -module-cache-path /Users/admin/builder/spi-builder-workspace/.derivedData/Build/Intermediates.noindex/SwiftExplicitPrecompiledModules -no-color-diagnostics -Xcc -fno-color-diagnostics -enable-testing -g -debug-info-format\=dwarf -dwarf-version\=4 -suppress-warnings -profile-generate -profile-coverage-mapping -swift-version 5 -Onone -D SWIFT_PACKAGE -D DEBUG -D SWIFT_MODULE_RESOURCE_BUNDLE_UNAVAILABLE -D Xcode -serialize-debugging-options -enable-experimental-feature DebugDescriptionMacro -empty-abi-descriptor -validate-clang-modules-once -clang-build-session-file /Users/admin/builder/spi-builder-workspace/.derivedData/ModuleCache.noindex/Session.modulevalidation -Xcc -working-directory -Xcc /Users/admin/builder/spi-builder-workspace/.swiftpm/xcode -enable-anonymous-context-mangled-names -file-compilation-dir /Users/admin/builder/spi-builder-workspace/.swiftpm/xcode -Xcc -D_LIBCPP_HARDENING_MODE\=_LIBCPP_HARDENING_MODE_DEBUG -Xcc -ivfsstatcache -Xcc /Users/admin/builder/spi-builder-workspace/.derivedData/SDKStatCaches.noindex/xros27.0-24M361-e829b21a6f8c9b70876ba0858053c044735bd543db762f57723cac368afd1ce4.sdkstatcache -Xcc -fmodules-prune-interval\=86400 -Xcc -fmodules-prune-after\=345600 -Xcc -I/Users/admin/builder/spi-builder-workspace/.derivedData/Build/Products/Debug-xros/include -Xcc -I/Users/admin/builder/spi-builder-workspace/.derivedData/Build/Intermediates.noindex/CryptorECC.build/Debug-xros/CryptorECC-t.build/DerivedSources-normal/arm64 -Xcc -I/Users/admin/builder/spi-builder-workspace/.derivedData/Build/Intermediates.noindex/CryptorECC.build/Debug-xros/CryptorECC-t.build/DerivedSources/arm64 -Xcc -I/Users/admin/builder/spi-builder-workspace/.derivedData/Build/Intermediates.noindex/CryptorECC.build/Debug-xros/CryptorECC-t.build/DerivedSources -Xcc -DSWIFT_PACKAGE -Xcc -DDEBUG\=1 -no-auto-bridging-header-chaining -module-name CryptorECC -const-gather-protocols-file /Users/admin/builder/spi-builder-workspace/.derivedData/Build/Intermediates.noindex/CryptorECC.build/Debug-xros/CryptorECC-t.build/Objects-normal/arm64/CryptorECC_const_extract_protocols.json -disable-clang-spi -clang-target arm64-apple-xros27.0 -target-sdk-version 27.0 -target-sdk-name xros27.0 -in-process-plugin-server-path /Applications/Xcode-27.0.0-Release.Candidate.app/Contents/Developer/Toolchains/XcodeDefault.xctoolchain/usr/lib/swift/host/libSwiftInProcPluginServer.dylib -emit-module-doc-path /Users/admin/builder/spi-builder-workspace/.derivedData/Build/Intermediates.noindex/CryptorECC.build/Debug-xros/CryptorECC-t.build/Objects-normal/arm64/CryptorECC.swiftdoc -emit-module-source-info-path /Users/admin/builder/spi-builder-workspace/.derivedData/Build/Intermediates.noindex/CryptorECC.build/Debug-xros/CryptorECC-t.build/Objects-normal/arm64/CryptorECC.swiftsourceinfo -emit-objc-header-path /Users/admin/builder/spi-builder-workspace/.derivedData/Build/Intermediates.noindex/CryptorECC.build/Debug-xros/CryptorECC-t.build/Objects-normal/arm64/CryptorECC-Swift.h -serialize-diagnostics-path /Users/admin/builder/spi-builder-workspace/.derivedData/Build/Intermediates.noindex/CryptorECC.build/Debug-xros/CryptorECC-t.build/Objects-normal/arm64/CryptorECC-primary-emit-module.dia -emit-dependencies-path /Users/admin/builder/spi-builder-workspace/.derivedData/Build/Intermediates.noindex/CryptorECC.build/Debug-xros/CryptorECC-t.build/Objects-normal/arm64/CryptorECC-primary-emit-module.d -parse-as-library -o /Users/admin/builder/spi-builder-workspace/.derivedData/Build/Intermediates.noindex/CryptorECC.build/Debug-xros/CryptorECC-t.build/Objects-normal/arm64/CryptorECC.swiftmodule -emit-abi-descriptor-path /Users/admin/builder/spi-builder-workspace/.derivedData/Build/Intermediates.noindex/CryptorECC.build/Debug-xros/CryptorECC-t.build/Objects-normal/arm64/CryptorECC.abi.json
SwiftCompile normal arm64 (in target 'CryptorECC' from project 'CryptorECC')
    cd /Users/admin/builder/spi-builder-workspace/.swiftpm/xcode

SwiftCompile normal arm64 Compiling\ ECDecryptable.swift /Users/admin/builder/spi-builder-workspace/.dependencies/checkouts/BlueECC/Sources/CryptorECC/ECDecryptable.swift (in target 'CryptorECC' from project 'CryptorECC')
SwiftCompile normal arm64 /Users/admin/builder/spi-builder-workspace/.dependencies/checkouts/BlueECC/Sources/CryptorECC/ECDecryptable.swift (in target 'CryptorECC' from project 'CryptorECC')
    cd /Users/admin/builder/spi-builder-workspace/.swiftpm/xcode
    builtin-SwiftPerFileCompile ECDecryptable.swift
/Users/admin/builder/spi-builder-workspace/.dependencies/checkouts/BlueECC/Sources/CryptorECC/EllipticCurve.swift:63:56: error: cannot find type 'CC_LONG' in scope
 61 |     let signingAlgorithm: SecKeyAlgorithm
 62 |     let encryptionAlgorithm = SecKeyAlgorithm.eciesEncryptionStandardVariableIVX963SHA256AESGCM
 63 |     let hashEngine: (_ data: UnsafeRawPointer?, _ len: CC_LONG, _ md: UnsafeMutablePointer<UInt8>?) -> UnsafeMutablePointer<UInt8>?
    |                                                        `- error: cannot find type 'CC_LONG' in scope
 64 |     let hashLength: CC_LONG
 65 |     #endif
SwiftCompile normal arm64 Compiling\ Logger.swift /Users/admin/builder/spi-builder-workspace/.dependencies/checkouts/LoggerAPI/Sources/LoggerAPI/Logger.swift (in target 'LoggerAPI' from project 'LoggerAPI')
SwiftCompile normal arm64 /Users/admin/builder/spi-builder-workspace/.dependencies/checkouts/LoggerAPI/Sources/LoggerAPI/Logger.swift (in target 'LoggerAPI' from project 'LoggerAPI')
    cd /Users/admin/builder/spi-builder-workspace/.swiftpm/xcode
    builtin-SwiftPerFileCompile Logger.swift
SwiftCompile normal arm64 Compiling\ EllipticCurve.swift /Users/admin/builder/spi-builder-workspace/.dependencies/checkouts/BlueECC/Sources/CryptorECC/EllipticCurve.swift (in target 'CryptorECC' from project 'CryptorECC')
/Users/admin/builder/spi-builder-workspace/.dependencies/checkouts/BlueECC/Sources/CryptorECC/EllipticCurve.swift:63:56: error: cannot find type 'CC_LONG' in scope
 61 |     let signingAlgorithm: SecKeyAlgorithm
 62 |     let encryptionAlgorithm = SecKeyAlgorithm.eciesEncryptionStandardVariableIVX963SHA256AESGCM
 63 |     let hashEngine: (_ data: UnsafeRawPointer?, _ len: CC_LONG, _ md: UnsafeMutablePointer<UInt8>?) -> UnsafeMutablePointer<UInt8>?
    |                                                        `- error: cannot find type 'CC_LONG' in scope
 64 |     let hashLength: CC_LONG
 65 |     #endif
/Users/admin/builder/spi-builder-workspace/.dependencies/checkouts/BlueECC/Sources/CryptorECC/EllipticCurve.swift:64:21: error: cannot find type 'CC_LONG' in scope
 62 |     let encryptionAlgorithm = SecKeyAlgorithm.eciesEncryptionStandardVariableIVX963SHA256AESGCM
 63 |     let hashEngine: (_ data: UnsafeRawPointer?, _ len: CC_LONG, _ md: UnsafeMutablePointer<UInt8>?) -> UnsafeMutablePointer<UInt8>?
 64 |     let hashLength: CC_LONG
    |                     `- error: cannot find type 'CC_LONG' in scope
 65 |     #endif
 66 |     let keySize: Int
/Users/admin/builder/spi-builder-workspace/.dependencies/checkouts/BlueECC/Sources/CryptorECC/EllipticCurve.swift:90:49: error: cannot find 'CC_SHA256' in scope
 88 |     static let p256 = EllipticCurve(internalRepresentation: .prime256v1,
 89 |                                     signingAlgorithm: .ecdsaSignatureDigestX962SHA256,
 90 |                                     hashEngine: CC_SHA256,
    |                                                 `- error: cannot find 'CC_SHA256' in scope
 91 |                                     hashLength: CC_LONG(CC_SHA256_DIGEST_LENGTH),
 92 |                                     keySize: 65)
/Users/admin/builder/spi-builder-workspace/.dependencies/checkouts/BlueECC/Sources/CryptorECC/EllipticCurve.swift:91:49: error: cannot find 'CC_LONG' in scope
 89 |                                     signingAlgorithm: .ecdsaSignatureDigestX962SHA256,
 90 |                                     hashEngine: CC_SHA256,
 91 |                                     hashLength: CC_LONG(CC_SHA256_DIGEST_LENGTH),
    |                                                 `- error: cannot find 'CC_LONG' in scope
 92 |                                     keySize: 65)
 93 |
/Users/admin/builder/spi-builder-workspace/.dependencies/checkouts/BlueECC/Sources/CryptorECC/EllipticCurve.swift:91:57: error: cannot find 'CC_SHA256_DIGEST_LENGTH' in scope
 89 |                                     signingAlgorithm: .ecdsaSignatureDigestX962SHA256,
 90 |                                     hashEngine: CC_SHA256,
 91 |                                     hashLength: CC_LONG(CC_SHA256_DIGEST_LENGTH),
    |                                                         `- error: cannot find 'CC_SHA256_DIGEST_LENGTH' in scope
 92 |                                     keySize: 65)
 93 |
/Users/admin/builder/spi-builder-workspace/.dependencies/checkouts/BlueECC/Sources/CryptorECC/EllipticCurve.swift:97:49: error: cannot find 'CC_SHA384' in scope
 95 |     static let p384 = EllipticCurve(internalRepresentation: .secp384r1,
 96 |                                     signingAlgorithm: .ecdsaSignatureDigestX962SHA384,
 97 |                                     hashEngine: CC_SHA384,
    |                                                 `- error: cannot find 'CC_SHA384' in scope
 98 |                                     hashLength: CC_LONG(CC_SHA384_DIGEST_LENGTH),
 99 |                                     keySize: 97)
/Users/admin/builder/spi-builder-workspace/.dependencies/checkouts/BlueECC/Sources/CryptorECC/EllipticCurve.swift:98:49: error: cannot find 'CC_LONG' in scope
 96 |                                     signingAlgorithm: .ecdsaSignatureDigestX962SHA384,
 97 |                                     hashEngine: CC_SHA384,
 98 |                                     hashLength: CC_LONG(CC_SHA384_DIGEST_LENGTH),
    |                                                 `- error: cannot find 'CC_LONG' in scope
 99 |                                     keySize: 97)
100 |
/Users/admin/builder/spi-builder-workspace/.dependencies/checkouts/BlueECC/Sources/CryptorECC/EllipticCurve.swift:98:57: error: cannot find 'CC_SHA384_DIGEST_LENGTH' in scope
 96 |                                     signingAlgorithm: .ecdsaSignatureDigestX962SHA384,
 97 |                                     hashEngine: CC_SHA384,
 98 |                                     hashLength: CC_LONG(CC_SHA384_DIGEST_LENGTH),
    |                                                         `- error: cannot find 'CC_SHA384_DIGEST_LENGTH' in scope
 99 |                                     keySize: 97)
100 |
/Users/admin/builder/spi-builder-workspace/.dependencies/checkouts/BlueECC/Sources/CryptorECC/EllipticCurve.swift:104:49: error: cannot find 'CC_SHA512' in scope
102 |     static let p521 = EllipticCurve(internalRepresentation: .secp521r1,
103 |                                     signingAlgorithm: .ecdsaSignatureDigestX962SHA512,
104 |                                     hashEngine: CC_SHA512,
    |                                                 `- error: cannot find 'CC_SHA512' in scope
105 |                                     hashLength: CC_LONG(CC_SHA512_DIGEST_LENGTH),
106 |                                     keySize: 133)
/Users/admin/builder/spi-builder-workspace/.dependencies/checkouts/BlueECC/Sources/CryptorECC/EllipticCurve.swift:105:49: error: cannot find 'CC_LONG' in scope
103 |                                     signingAlgorithm: .ecdsaSignatureDigestX962SHA512,
104 |                                     hashEngine: CC_SHA512,
105 |                                     hashLength: CC_LONG(CC_SHA512_DIGEST_LENGTH),
    |                                                 `- error: cannot find 'CC_LONG' in scope
106 |                                     keySize: 133)
107 |     #endif
/Users/admin/builder/spi-builder-workspace/.dependencies/checkouts/BlueECC/Sources/CryptorECC/EllipticCurve.swift:105:57: error: cannot find 'CC_SHA512_DIGEST_LENGTH' in scope
103 |                                     signingAlgorithm: .ecdsaSignatureDigestX962SHA512,
104 |                                     hashEngine: CC_SHA512,
105 |                                     hashLength: CC_LONG(CC_SHA512_DIGEST_LENGTH),
    |                                                         `- error: cannot find 'CC_SHA512_DIGEST_LENGTH' in scope
106 |                                     keySize: 133)
107 |     #endif
SwiftCompile normal arm64 /Users/admin/builder/spi-builder-workspace/.dependencies/checkouts/BlueECC/Sources/CryptorECC/EllipticCurve.swift (in target 'CryptorECC' from project 'CryptorECC')
    cd /Users/admin/builder/spi-builder-workspace/.swiftpm/xcode
    builtin-SwiftPerFileCompile EllipticCurve.swift
SwiftCompile normal arm64 Compiling\ ECError.swift /Users/admin/builder/spi-builder-workspace/.dependencies/checkouts/BlueECC/Sources/CryptorECC/ECError.swift (in target 'CryptorECC' from project 'CryptorECC')
SwiftCompile normal arm64 /Users/admin/builder/spi-builder-workspace/.dependencies/checkouts/BlueECC/Sources/CryptorECC/ECError.swift (in target 'CryptorECC' from project 'CryptorECC')
    cd /Users/admin/builder/spi-builder-workspace/.swiftpm/xcode
    builtin-SwiftPerFileCompile ECError.swift
SwiftEmitModule normal arm64 Emitting\ module\ for\ Cryptor (in target 'Cryptor' from project 'Cryptor')
/Users/admin/builder/spi-builder-workspace/.dependencies/checkouts/BlueCryptor/Sources/Cryptor/Updatable.swift:26:17: error: cannot find type 'Status' in scope
 24 |
 25 |     /// Status of the calculation.
 26 |     var status: Status { get }
    |                 `- error: cannot find type 'Status' in scope
 27 |
 28 | 	///
/Users/admin/builder/spi-builder-workspace/.dependencies/checkouts/BlueCryptor/Sources/Cryptor/Digest.swift:46:25: error: cannot find 'Status' in scope
 44 |     /// It is here to provide for engines which can fail.
 45 |     ///
 46 |     public var status = Status.success
    |                         `- error: cannot find 'Status' in scope
 47 |
 48 |     ///
/Users/admin/builder/spi-builder-workspace/.dependencies/checkouts/BlueCryptor/Sources/Cryptor/Digest.swift:189:54: error: cannot find type 'CC_LONG' in scope
187 | 	///		- byteCount:	The length of the buffer.
188 | 	///
189 |     func update(buffer: UnsafeRawPointer, byteCount: CC_LONG)
    |                                                      `- error: cannot find type 'CC_LONG' in scope
190 |
191 | 	///
/Users/admin/builder/spi-builder-workspace/.dependencies/checkouts/BlueCryptor/Sources/Cryptor/Digest.swift:211:43: error: cannot find type 'CC_LONG' in scope
209 |     typealias Digest = UnsafeMutablePointer<UInt8>
210 |     typealias Initializer = (Context) -> (Int32)
211 |     typealias Updater = (Context, Buffer, CC_LONG) -> (Int32)
    |                                           `- error: cannot find type 'CC_LONG' in scope
212 |     typealias Finalizer = (Digest, Context) -> (Int32)
213 |
/Users/admin/builder/spi-builder-workspace/.dependencies/checkouts/BlueCryptor/Sources/Cryptor/Digest.swift:229:52: error: '@escaping' only applies to function types
227 | 	/// 	- length:		The digest length.
228 | 	///
229 | 	init(initializer: @escaping Initializer, updater: @escaping Updater, finalizer: @escaping Finalizer, length: Int32) {
    |                                                    `- error: '@escaping' only applies to function types
230 |
231 |         self.initializer = initializer
/Users/admin/builder/spi-builder-workspace/.dependencies/checkouts/BlueCryptor/Sources/Cryptor/Digest.swift:257:41: error: cannot find type 'CC_LONG' in scope
255 | 	///		- byteCount:	The length of the buffer.
256 | 	///
257 | 	func update(buffer: Buffer, byteCount: CC_LONG) {
    |                                         `- error: cannot find type 'CC_LONG' in scope
258 |
259 |         _ = updater(context, buffer, byteCount)
/Users/admin/builder/spi-builder-workspace/.dependencies/checkouts/BlueCryptor/Sources/Cryptor/HMAC.swift:170:38: error: cannot find type 'Status' in scope
168 |
169 |     /// Status of the calculation
170 |     public internal(set) var status: Status = .success
    |                                      `- error: cannot find type 'Status' in scope
171 |
172 | 	#if os(Linux)
/Users/admin/builder/spi-builder-workspace/.dependencies/checkouts/BlueCryptor/Sources/Cryptor/HMAC.swift:175:25: error: cannot find 'Context' in scope
173 | 		private let context = HMAC_CTX_new_wrapper()
174 | 	#else
175 | 		private let context = Context.allocate(capacity: 1)
    |                         `- error: cannot find 'Context' in scope
176 | 	#endif
177 |     private var algorithm: Algorithm
SwiftCompile normal arm64 (in target 'Cryptor' from project 'Cryptor')
    cd /Users/admin/builder/spi-builder-workspace/.swiftpm/xcode

SwiftCompile normal arm64 Compiling\ ECSignature.swift /Users/admin/builder/spi-builder-workspace/.dependencies/checkouts/BlueECC/Sources/CryptorECC/ECSignature.swift (in target 'CryptorECC' from project 'CryptorECC')
SwiftCompile normal arm64 /Users/admin/builder/spi-builder-workspace/.dependencies/checkouts/BlueECC/Sources/CryptorECC/ECSignature.swift (in target 'CryptorECC' from project 'CryptorECC')
    cd /Users/admin/builder/spi-builder-workspace/.swiftpm/xcode
    builtin-SwiftPerFileCompile ECSignature.swift
SwiftCompile normal arm64 Compiling\ ASN1.swift,\ Data+Extensions.swift /Users/admin/builder/spi-builder-workspace/.dependencies/checkouts/BlueECC/Sources/CryptorECC/ASN1.swift /Users/admin/builder/spi-builder-workspace/.dependencies/checkouts/BlueECC/Sources/CryptorECC/Data+Extensions.swift (in target 'CryptorECC' from project 'CryptorECC')
SwiftCompile normal arm64 /Users/admin/builder/spi-builder-workspace/.dependencies/checkouts/BlueECC/Sources/CryptorECC/ASN1.swift (in target 'CryptorECC' from project 'CryptorECC')
    cd /Users/admin/builder/spi-builder-workspace/.swiftpm/xcode
    builtin-SwiftPerFileCompile ASN1.swift
SwiftCompile normal arm64 /Users/admin/builder/spi-builder-workspace/.dependencies/checkouts/BlueECC/Sources/CryptorECC/Data+Extensions.swift (in target 'CryptorECC' from project 'CryptorECC')
    cd /Users/admin/builder/spi-builder-workspace/.swiftpm/xcode
    builtin-SwiftPerFileCompile Data+Extensions.swift
SwiftEmitModule normal arm64 Emitting\ module\ for\ CryptorRSA (in target 'CryptorRSA' from project 'CryptorRSA')
SwiftCompile normal arm64 (in target 'CryptorRSA' from project 'CryptorRSA')
    cd /Users/admin/builder/spi-builder-workspace/.swiftpm/xcode

PruneExplicitPrecompiledModules /Users/admin/builder/spi-builder-workspace/.derivedData/SDKExplicitPrecompiledModules
PruneExplicitPrecompiledModules /Users/admin/builder/spi-builder-workspace/.derivedData/Build/Intermediates.noindex/ExplicitPrecompiledModules
PruneExplicitPrecompiledModules /Users/admin/builder/spi-builder-workspace/.derivedData/Build/Intermediates.noindex/SwiftExplicitPrecompiledModules
2026-09-17 12:55:08.902 xcodebuild[1408:7974] [MT] IDERunDestination: Supported platforms for the buildables in the current scheme is empty.
** BUILD FAILED **
The following build commands failed:
	SwiftEmitModule normal arm64 Emitting\ module\ for\ CryptorECC (in target 'CryptorECC' from project 'CryptorECC')
	SwiftCompile normal arm64 (in target 'CryptorECC' from project 'CryptorECC')
	Building workspace PushNotifications with scheme PushNotifications
(3 failures)
Command line invocation:
    /Applications/Xcode-27.0.0-Release.Candidate.app/Contents/Developer/usr/bin/xcodebuild -IDEClonedSourcePackagesDirPathOverride=/Users/admin/builder/spi-builder-workspace/.dependencies -resolvePackageDependencies
Resolve Package Graph
Resolved source packages:
  Yams: https://github.com/jpsim/Yams.git @ 6.2.2
  swift-log: https://github.com/apple/swift-log.git @ 1.15.1
  swift-filename-matcher: https://github.com/ileitch/swift-filename-matcher @ 2.0.1
  swift-argument-parser: https://github.com/apple/swift-argument-parser.git @ 1.8.2
  SourceKitten: https://github.com/jpsim/SourceKitten.git @ 0.38.0
  CryptorRSA: https://github.com/Kitura/BlueRSA.git @ 1.0.203
  SwiftyTextTable: https://github.com/scottrhoyt/SwiftyTextTable.git @ 0.9.0
  Cryptor: https://github.com/Kitura/BlueCryptor.git @ 2.0.2
  SwiftJWT: https://github.com/IBM-Swift/Swift-JWT.git @ 3.6.201
  CryptorECC: https://github.com/Kitura/BlueECC.git @ 1.2.201
  CollectionConcurrencyKit: https://github.com/JohnSundell/CollectionConcurrencyKit.git @ 0.2.0
  SwiftLint: https://github.com/realm/SwiftLint @ 0.65.1
  SWXMLHash: https://github.com/drmohundro/SWXMLHash.git @ 7.0.2
  PushNotifications: /Users/admin/builder/spi-builder-workspace
  CryptoSwift: https://github.com/krzyzanowskim/CryptoSwift.git @ 1.10.0
  KituraContracts: https://github.com/Kitura/KituraContracts.git @ 1.2.201
  LoggerAPI: https://github.com/Kitura/LoggerAPI.git @ 1.9.200
  swift-syntax: https://github.com/swiftlang/swift-syntax.git @ 605.0.0-prerelease-2026-06-26
resolved source packages: Yams, swift-log, swift-filename-matcher, swift-argument-parser, SourceKitten, CryptorRSA, SwiftyTextTable, Cryptor, SwiftJWT, CryptorECC, CollectionConcurrencyKit, SwiftLint, SWXMLHash, PushNotifications, CryptoSwift, KituraContracts, LoggerAPI, swift-syntax
2026-09-17 12:55:21.070 xcodebuild[1705:9486] [MT] IDERunDestination: Supported platforms for the buildables in the current scheme is empty.
{
  "dependencies" : [
    {
      "identity" : "swift-jwt",
      "requirement" : {
        "range" : [
          {
            "lower_bound" : "3.1.1",
            "upper_bound" : "4.0.0"
          }
        ]
      },
      "type" : "sourceControl",
      "url" : "https://github.com/IBM-Swift/Swift-JWT.git"
    },
    {
      "identity" : "swiftlint",
      "requirement" : {
        "range" : [
          {
            "lower_bound" : "0.43.1",
            "upper_bound" : "1.0.0"
          }
        ]
      },
      "type" : "sourceControl",
      "url" : "https://github.com/realm/SwiftLint"
    }
  ],
  "manifest_display_name" : "PushNotifications",
  "name" : "PushNotifications",
  "path" : "/Users/admin/builder/spi-builder-workspace",
  "platforms" : [
  ],
  "products" : [
    {
      "name" : "PushNotifications",
      "targets" : [
        "PushNotifications"
      ],
      "type" : {
        "library" : [
          "automatic"
        ]
      }
    }
  ],
  "targets" : [
    {
      "c99name" : "PushNotificationsTests",
      "module_type" : "SwiftTarget",
      "name" : "PushNotificationsTests",
      "path" : "Tests/PushNotificationsTests",
      "sources" : [
        "Extensions/XCTest+Pusher.swift",
        "InstanceConfigurationTests.swift",
        "InterestsTests.swift",
        "Models/TestObjects.swift",
        "TokenTests.swift",
        "UsersTests.swift",
        "XCTestManifests.swift"
      ],
      "target_dependencies" : [
        "PushNotifications"
      ],
      "type" : "test"
    },
    {
      "c99name" : "PushNotifications",
      "module_type" : "SwiftTarget",
      "name" : "PushNotifications",
      "path" : "Sources/PushNotifications",
      "product_dependencies" : [
        "SwiftJWT"
      ],
      "product_memberships" : [
        "PushNotifications"
      ],
      "sources" : [
        "JWTTokenGenerable.swift",
        "Models/JWT.swift",
        "Models/PublishResponse.swift",
        "Models/PushNotificationsError.swift",
        "Models/SDKVersion.swift",
        "PushNotifications.swift",
        "Services/NetworkService.swift"
      ],
      "type" : "library"
    }
  ],
  "tools_version" : "5.0"
}
{
  "workspace" : {
    "name" : "PushNotifications",
    "schemes" : [
      "PushNotifications"
    ]
  }
}
2026-09-17 12:55:24.906 xcodebuild[1727:9643] [MT] IDERunDestination: Supported platforms for the buildables in the current scheme is empty.
Running build ...
env DEVELOPER_DIR=/Applications/Xcode-27.0.0-Release.Candidate.app xcrun xcodebuild -IDEClonedSourcePackagesDirPathOverride=$PWD/.dependencies -skipMacroValidation -skipPackagePluginValidation -derivedDataPath $PWD/.derivedData build -scheme PushNotifications -destination generic/platform=xrOS
Command line invocation:
    /Applications/Xcode-27.0.0-Release.Candidate.app/Contents/Developer/usr/bin/xcodebuild -IDEClonedSourcePackagesDirPathOverride=/Users/admin/builder/spi-builder-workspace/.dependencies -skipMacroValidation -skipPackagePluginValidation -derivedDataPath /Users/admin/builder/spi-builder-workspace/.derivedData build -scheme PushNotifications -destination generic/platform=xrOS
Resolve Package Graph
Resolved source packages:
  SourceKitten: https://github.com/jpsim/SourceKitten.git @ 0.38.0
  CryptorRSA: https://github.com/Kitura/BlueRSA.git @ 1.0.203
  SWXMLHash: https://github.com/drmohundro/SWXMLHash.git @ 7.0.2
  PushNotifications: /Users/admin/builder/spi-builder-workspace
  CryptoSwift: https://github.com/krzyzanowskim/CryptoSwift.git @ 1.10.0
  CryptorECC: https://github.com/Kitura/BlueECC.git @ 1.2.201
  swift-argument-parser: https://github.com/apple/swift-argument-parser.git @ 1.8.2
  swift-log: https://github.com/apple/swift-log.git @ 1.15.1
  LoggerAPI: https://github.com/Kitura/LoggerAPI.git @ 1.9.200
  Yams: https://github.com/jpsim/Yams.git @ 6.2.2
  SwiftyTextTable: https://github.com/scottrhoyt/SwiftyTextTable.git @ 0.9.0
  swift-syntax: https://github.com/swiftlang/swift-syntax.git @ 605.0.0-prerelease-2026-06-26
  CollectionConcurrencyKit: https://github.com/JohnSundell/CollectionConcurrencyKit.git @ 0.2.0
  Cryptor: https://github.com/Kitura/BlueCryptor.git @ 2.0.2
  KituraContracts: https://github.com/Kitura/KituraContracts.git @ 1.2.201
  SwiftJWT: https://github.com/IBM-Swift/Swift-JWT.git @ 3.6.201
  SwiftLint: https://github.com/realm/SwiftLint @ 0.65.1
  swift-filename-matcher: https://github.com/ileitch/swift-filename-matcher @ 2.0.1
ComputePackagePrebuildTargetDependencyGraph
Prepare packages
CreateBuildRequest
SendProjectDescription
CreateBuildOperation
ComputeTargetDependencyGraph
note: Building targets in dependency order
note: Target dependency graph (16 targets)
    Target 'PushNotifications-product' in project 'PushNotifications'
        ➜ Explicit dependency on target 'PushNotifications' in project 'PushNotifications'
        ➜ Explicit dependency on target 'SwiftJWT-product' in project 'SwiftJWT'
    Target 'PushNotifications' in project 'PushNotifications'
        ➜ Explicit dependency on target 'SwiftJWT-product' in project 'SwiftJWT'
    Target 'SwiftJWT-product' in project 'SwiftJWT'
        ➜ Explicit dependency on target 'SwiftJWT' in project 'SwiftJWT'
        ➜ Explicit dependency on target 'CryptorRSA-product' in project 'CryptorRSA'
        ➜ Explicit dependency on target 'LoggerAPI-product' in project 'LoggerAPI'
        ➜ Explicit dependency on target 'KituraContracts-product' in project 'KituraContracts'
        ➜ Explicit dependency on target 'Cryptor-product' in project 'Cryptor'
        ➜ Explicit dependency on target 'CryptorECC-product' in project 'CryptorECC'
    Target 'SwiftJWT' in project 'SwiftJWT'
        ➜ Explicit dependency on target 'CryptorRSA-product' in project 'CryptorRSA'
        ➜ Explicit dependency on target 'LoggerAPI-product' in project 'LoggerAPI'
        ➜ Explicit dependency on target 'KituraContracts-product' in project 'KituraContracts'
        ➜ Explicit dependency on target 'Cryptor-product' in project 'Cryptor'
        ➜ Explicit dependency on target 'CryptorECC-product' in project 'CryptorECC'
    Target 'CryptorECC-product' in project 'CryptorECC'
        ➜ Explicit dependency on target 'CryptorECC' in project 'CryptorECC'
    Target 'CryptorECC' in project 'CryptorECC' (no dependencies)
    Target 'Cryptor-product' in project 'Cryptor'
        ➜ Explicit dependency on target 'Cryptor' in project 'Cryptor'
    Target 'Cryptor' in project 'Cryptor' (no dependencies)
    Target 'KituraContracts-product' in project 'KituraContracts'
        ➜ Explicit dependency on target 'KituraContracts' in project 'KituraContracts'
        ➜ Explicit dependency on target 'LoggerAPI-product' in project 'LoggerAPI'
    Target 'KituraContracts' in project 'KituraContracts'
        ➜ Explicit dependency on target 'LoggerAPI-product' in project 'LoggerAPI'
    Target 'LoggerAPI-product' in project 'LoggerAPI'
        ➜ Explicit dependency on target 'LoggerAPI' in project 'LoggerAPI'
        ➜ Explicit dependency on target 'Logging-product' in project 'swift-log'
    Target 'LoggerAPI' in project 'LoggerAPI'
        ➜ Explicit dependency on target 'Logging-product' in project 'swift-log'
    Target 'Logging-product' in project 'swift-log'
        ➜ Explicit dependency on target 'Logging' in project 'swift-log'
    Target 'Logging' in project 'swift-log' (no dependencies)
    Target 'CryptorRSA-product' in project 'CryptorRSA'
        ➜ Explicit dependency on target 'CryptorRSA' in project 'CryptorRSA'
    Target 'CryptorRSA' in project 'CryptorRSA' (no dependencies)
GatherProvisioningInputs
CreateBuildDescription
ClangStatCache /Applications/Xcode-27.0.0-Release.Candidate.app/Contents/Developer/Toolchains/XcodeDefault.xctoolchain/usr/bin/clang-stat-cache /Applications/Xcode-27.0.0-Release.Candidate.app/Contents/Developer/Platforms/XROS.platform/Developer/SDKs/XROS27.0.sdk /Users/admin/builder/spi-builder-workspace/.derivedData/SDKStatCaches.noindex/xros27.0-24M361-e829b21a6f8c9b70876ba0858053c044735bd543db762f57723cac368afd1ce4.sdkstatcache
    cd /Users/admin/builder/spi-builder-workspace/.swiftpm/xcode
    /Applications/Xcode-27.0.0-Release.Candidate.app/Contents/Developer/Toolchains/XcodeDefault.xctoolchain/usr/bin/clang-stat-cache /Applications/Xcode-27.0.0-Release.Candidate.app/Contents/Developer/Platforms/XROS.platform/Developer/SDKs/XROS27.0.sdk -o /Users/admin/builder/spi-builder-workspace/.derivedData/SDKStatCaches.noindex/xros27.0-24M361-e829b21a6f8c9b70876ba0858053c044735bd543db762f57723cac368afd1ce4.sdkstatcache
SwiftDriver CryptorRSA normal arm64 com.apple.xcode.tools.swift.compiler (in target 'CryptorRSA' from project 'CryptorRSA')
    cd /Users/admin/builder/spi-builder-workspace/.swiftpm/xcode
    builtin-SwiftDriver -- /Applications/Xcode-27.0.0-Release.Candidate.app/Contents/Developer/Toolchains/XcodeDefault.xctoolchain/usr/bin/swiftc -parse-as-library -module-name CryptorRSA -Onone @/Users/admin/builder/spi-builder-workspace/.derivedData/Build/Intermediates.noindex/CryptorRSA.build/Debug-xros/CryptorRSA-t.build/Objects-normal/arm64/CryptorRSA.SwiftFileList -DSWIFT_PACKAGE -DDEBUG -DSWIFT_MODULE_RESOURCE_BUNDLE_UNAVAILABLE -DXcode -plugin-path /Applications/Xcode-27.0.0-Release.Candidate.app/Contents/Developer/Toolchains/XcodeDefault.xctoolchain/usr/lib/swift/host/plugins/testing -enable-experimental-feature DebugDescriptionMacro -sdk /Applications/Xcode-27.0.0-Release.Candidate.app/Contents/Developer/Platforms/XROS.platform/Developer/SDKs/XROS27.0.sdk -target arm64-apple-xros1.0 -g -module-cache-path /Users/admin/builder/spi-builder-workspace/.derivedData/ModuleCache.noindex -Xfrontend -serialize-debugging-options -profile-coverage-mapping -profile-generate -enable-testing -suppress-warnings -index-store-path /Users/admin/builder/spi-builder-workspace/.derivedData/Index.noindex/DataStore -Xcc -D_LIBCPP_HARDENING_MODE\=_LIBCPP_HARDENING_MODE_DEBUG -swift-version 5 -I /Users/admin/builder/spi-builder-workspace/.derivedData/Build/Products/Debug-xros -Isystem /Applications/Xcode-27.0.0-Release.Candidate.app/Contents/Developer/Platforms/XROS.platform/Developer/usr/lib -F /Users/admin/builder/spi-builder-workspace/.derivedData/Build/Products/Debug-xros -F /Applications/Xcode-27.0.0-Release.Candidate.app/Contents/Developer/Platforms/XROS.platform/Developer/Library/Frameworks -F /Applications/Xcode-27.0.0-Release.Candidate.app/Contents/Developer/Platforms/XROS.platform/Developer/SDKs/XROS27.0.sdk/Developer/Library/Frameworks -c -j10 -enable-batch-mode -incremental -Xcc -ivfsstatcache -Xcc /Users/admin/builder/spi-builder-workspace/.derivedData/SDKStatCaches.noindex/xros27.0-24M361-e829b21a6f8c9b70876ba0858053c044735bd543db762f57723cac368afd1ce4.sdkstatcache -output-file-map /Users/admin/builder/spi-builder-workspace/.derivedData/Build/Intermediates.noindex/CryptorRSA.build/Debug-xros/CryptorRSA-t.build/Objects-normal/arm64/CryptorRSA-OutputFileMap.json -save-temps -no-color-diagnostics -explicit-module-build -module-cache-path /Users/admin/builder/spi-builder-workspace/.derivedData/Build/Intermediates.noindex/SwiftExplicitPrecompiledModules -clang-scanner-module-cache-path /Users/admin/builder/spi-builder-workspace/.derivedData/ModuleCache.noindex -sdk-module-cache-path /Users/admin/builder/spi-builder-workspace/.derivedData/SDKExplicitPrecompiledModules -emit-dependencies -emit-module -emit-module-path /Users/admin/builder/spi-builder-workspace/.derivedData/Build/Intermediates.noindex/CryptorRSA.build/Debug-xros/CryptorRSA-t.build/Objects-normal/arm64/CryptorRSA.swiftmodule -serialize-diagnostics -dependency-scan-serialize-diagnostics-path /Users/admin/builder/spi-builder-workspace/.derivedData/Build/Intermediates.noindex/CryptorRSA.build/Debug-xros/CryptorRSA-t.build/Objects-normal/arm64/CryptorRSA-dependency-scan.dia -validate-clang-modules-once -clang-build-session-file /Users/admin/builder/spi-builder-workspace/.derivedData/ModuleCache.noindex/Session.modulevalidation -Xcc -fmodules-prune-interval\=86400 -Xcc -fmodules-prune-after\=345600 -emit-const-values -const-gather-protocols-list /Users/admin/builder/spi-builder-workspace/.derivedData/Build/Intermediates.noindex/CryptorRSA.build/Debug-xros/CryptorRSA-t.build/Objects-normal/arm64/CryptorRSA_const_extract_protocols.json -Xcc -I/Users/admin/builder/spi-builder-workspace/.derivedData/Build/Products/Debug-xros/include -Xcc -I/Users/admin/builder/spi-builder-workspace/.derivedData/Build/Intermediates.noindex/CryptorRSA.build/Debug-xros/CryptorRSA-t.build/DerivedSources-normal/arm64 -Xcc -I/Users/admin/builder/spi-builder-workspace/.derivedData/Build/Intermediates.noindex/CryptorRSA.build/Debug-xros/CryptorRSA-t.build/DerivedSources/arm64 -Xcc -I/Users/admin/builder/spi-builder-workspace/.derivedData/Build/Intermediates.noindex/CryptorRSA.build/Debug-xros/CryptorRSA-t.build/DerivedSources -Xcc -DSWIFT_PACKAGE -Xcc -DDEBUG\=1 -emit-objc-header -emit-objc-header-path /Users/admin/builder/spi-builder-workspace/.derivedData/Build/Intermediates.noindex/CryptorRSA.build/Debug-xros/CryptorRSA-t.build/Objects-normal/arm64/CryptorRSA-Swift.h -working-directory /Users/admin/builder/spi-builder-workspace/.swiftpm/xcode -experimental-emit-module-separately -disable-cmo
SwiftDriver CryptorECC normal arm64 com.apple.xcode.tools.swift.compiler (in target 'CryptorECC' from project 'CryptorECC')
    cd /Users/admin/builder/spi-builder-workspace/.swiftpm/xcode
    builtin-SwiftDriver -- /Applications/Xcode-27.0.0-Release.Candidate.app/Contents/Developer/Toolchains/XcodeDefault.xctoolchain/usr/bin/swiftc -parse-as-library -module-name CryptorECC -Onone @/Users/admin/builder/spi-builder-workspace/.derivedData/Build/Intermediates.noindex/CryptorECC.build/Debug-xros/CryptorECC-t.build/Objects-normal/arm64/CryptorECC.SwiftFileList -DSWIFT_PACKAGE -DDEBUG -DSWIFT_MODULE_RESOURCE_BUNDLE_UNAVAILABLE -DXcode -plugin-path /Applications/Xcode-27.0.0-Release.Candidate.app/Contents/Developer/Toolchains/XcodeDefault.xctoolchain/usr/lib/swift/host/plugins/testing -enable-experimental-feature DebugDescriptionMacro -sdk /Applications/Xcode-27.0.0-Release.Candidate.app/Contents/Developer/Platforms/XROS.platform/Developer/SDKs/XROS27.0.sdk -target arm64-apple-xros1.0 -g -module-cache-path /Users/admin/builder/spi-builder-workspace/.derivedData/ModuleCache.noindex -Xfrontend -serialize-debugging-options -profile-coverage-mapping -profile-generate -enable-testing -suppress-warnings -index-store-path /Users/admin/builder/spi-builder-workspace/.derivedData/Index.noindex/DataStore -Xcc -D_LIBCPP_HARDENING_MODE\=_LIBCPP_HARDENING_MODE_DEBUG -swift-version 5 -I /Users/admin/builder/spi-builder-workspace/.derivedData/Build/Products/Debug-xros -Isystem /Applications/Xcode-27.0.0-Release.Candidate.app/Contents/Developer/Platforms/XROS.platform/Developer/usr/lib -F /Users/admin/builder/spi-builder-workspace/.derivedData/Build/Products/Debug-xros -F /Applications/Xcode-27.0.0-Release.Candidate.app/Contents/Developer/Platforms/XROS.platform/Developer/Library/Frameworks -F /Applications/Xcode-27.0.0-Release.Candidate.app/Contents/Developer/Platforms/XROS.platform/Developer/SDKs/XROS27.0.sdk/Developer/Library/Frameworks -c -j10 -enable-batch-mode -incremental -Xcc -ivfsstatcache -Xcc /Users/admin/builder/spi-builder-workspace/.derivedData/SDKStatCaches.noindex/xros27.0-24M361-e829b21a6f8c9b70876ba0858053c044735bd543db762f57723cac368afd1ce4.sdkstatcache -output-file-map /Users/admin/builder/spi-builder-workspace/.derivedData/Build/Intermediates.noindex/CryptorECC.build/Debug-xros/CryptorECC-t.build/Objects-normal/arm64/CryptorECC-OutputFileMap.json -save-temps -no-color-diagnostics -explicit-module-build -module-cache-path /Users/admin/builder/spi-builder-workspace/.derivedData/Build/Intermediates.noindex/SwiftExplicitPrecompiledModules -clang-scanner-module-cache-path /Users/admin/builder/spi-builder-workspace/.derivedData/ModuleCache.noindex -sdk-module-cache-path /Users/admin/builder/spi-builder-workspace/.derivedData/SDKExplicitPrecompiledModules -emit-dependencies -emit-module -emit-module-path /Users/admin/builder/spi-builder-workspace/.derivedData/Build/Intermediates.noindex/CryptorECC.build/Debug-xros/CryptorECC-t.build/Objects-normal/arm64/CryptorECC.swiftmodule -serialize-diagnostics -dependency-scan-serialize-diagnostics-path /Users/admin/builder/spi-builder-workspace/.derivedData/Build/Intermediates.noindex/CryptorECC.build/Debug-xros/CryptorECC-t.build/Objects-normal/arm64/CryptorECC-dependency-scan.dia -validate-clang-modules-once -clang-build-session-file /Users/admin/builder/spi-builder-workspace/.derivedData/ModuleCache.noindex/Session.modulevalidation -Xcc -fmodules-prune-interval\=86400 -Xcc -fmodules-prune-after\=345600 -emit-const-values -const-gather-protocols-list /Users/admin/builder/spi-builder-workspace/.derivedData/Build/Intermediates.noindex/CryptorECC.build/Debug-xros/CryptorECC-t.build/Objects-normal/arm64/CryptorECC_const_extract_protocols.json -Xcc -I/Users/admin/builder/spi-builder-workspace/.derivedData/Build/Products/Debug-xros/include -Xcc -I/Users/admin/builder/spi-builder-workspace/.derivedData/Build/Intermediates.noindex/CryptorECC.build/Debug-xros/CryptorECC-t.build/DerivedSources-normal/arm64 -Xcc -I/Users/admin/builder/spi-builder-workspace/.derivedData/Build/Intermediates.noindex/CryptorECC.build/Debug-xros/CryptorECC-t.build/DerivedSources/arm64 -Xcc -I/Users/admin/builder/spi-builder-workspace/.derivedData/Build/Intermediates.noindex/CryptorECC.build/Debug-xros/CryptorECC-t.build/DerivedSources -Xcc -DSWIFT_PACKAGE -Xcc -DDEBUG\=1 -emit-objc-header -emit-objc-header-path /Users/admin/builder/spi-builder-workspace/.derivedData/Build/Intermediates.noindex/CryptorECC.build/Debug-xros/CryptorECC-t.build/Objects-normal/arm64/CryptorECC-Swift.h -working-directory /Users/admin/builder/spi-builder-workspace/.swiftpm/xcode -experimental-emit-module-separately -disable-cmo
SwiftDriver LoggerAPI normal arm64 com.apple.xcode.tools.swift.compiler (in target 'LoggerAPI' from project 'LoggerAPI')
    cd /Users/admin/builder/spi-builder-workspace/.swiftpm/xcode
    builtin-SwiftDriver -- /Applications/Xcode-27.0.0-Release.Candidate.app/Contents/Developer/Toolchains/XcodeDefault.xctoolchain/usr/bin/swiftc -parse-as-library -module-name LoggerAPI -Onone @/Users/admin/builder/spi-builder-workspace/.derivedData/Build/Intermediates.noindex/LoggerAPI.build/Debug-xros/LoggerAPI-t.build/Objects-normal/arm64/LoggerAPI.SwiftFileList -DSWIFT_PACKAGE -DDEBUG -DSWIFT_MODULE_RESOURCE_BUNDLE_UNAVAILABLE -DXcode -plugin-path /Applications/Xcode-27.0.0-Release.Candidate.app/Contents/Developer/Toolchains/XcodeDefault.xctoolchain/usr/lib/swift/host/plugins/testing -enable-experimental-feature DebugDescriptionMacro -sdk /Applications/Xcode-27.0.0-Release.Candidate.app/Contents/Developer/Platforms/XROS.platform/Developer/SDKs/XROS27.0.sdk -target arm64-apple-xros1.0 -g -module-cache-path /Users/admin/builder/spi-builder-workspace/.derivedData/ModuleCache.noindex -Xfrontend -serialize-debugging-options -profile-coverage-mapping -profile-generate -enable-testing -suppress-warnings -index-store-path /Users/admin/builder/spi-builder-workspace/.derivedData/Index.noindex/DataStore -Xcc -D_LIBCPP_HARDENING_MODE\=_LIBCPP_HARDENING_MODE_DEBUG -swift-version 5 -I /Users/admin/builder/spi-builder-workspace/.derivedData/Build/Products/Debug-xros -Isystem /Applications/Xcode-27.0.0-Release.Candidate.app/Contents/Developer/Platforms/XROS.platform/Developer/usr/lib -F /Users/admin/builder/spi-builder-workspace/.derivedData/Build/Products/Debug-xros/PackageFrameworks -F /Users/admin/builder/spi-builder-workspace/.derivedData/Build/Products/Debug-xros -F /Applications/Xcode-27.0.0-Release.Candidate.app/Contents/Developer/Platforms/XROS.platform/Developer/Library/Frameworks -F /Applications/Xcode-27.0.0-Release.Candidate.app/Contents/Developer/Platforms/XROS.platform/Developer/SDKs/XROS27.0.sdk/Developer/Library/Frameworks -c -j10 -enable-batch-mode -incremental -Xcc -ivfsstatcache -Xcc /Users/admin/builder/spi-builder-workspace/.derivedData/SDKStatCaches.noindex/xros27.0-24M361-e829b21a6f8c9b70876ba0858053c044735bd543db762f57723cac368afd1ce4.sdkstatcache -output-file-map /Users/admin/builder/spi-builder-workspace/.derivedData/Build/Intermediates.noindex/LoggerAPI.build/Debug-xros/LoggerAPI-t.build/Objects-normal/arm64/LoggerAPI-OutputFileMap.json -save-temps -no-color-diagnostics -explicit-module-build -module-cache-path /Users/admin/builder/spi-builder-workspace/.derivedData/Build/Intermediates.noindex/SwiftExplicitPrecompiledModules -clang-scanner-module-cache-path /Users/admin/builder/spi-builder-workspace/.derivedData/ModuleCache.noindex -sdk-module-cache-path /Users/admin/builder/spi-builder-workspace/.derivedData/SDKExplicitPrecompiledModules -emit-dependencies -emit-module -emit-module-path /Users/admin/builder/spi-builder-workspace/.derivedData/Build/Intermediates.noindex/LoggerAPI.build/Debug-xros/LoggerAPI-t.build/Objects-normal/arm64/LoggerAPI.swiftmodule -serialize-diagnostics -dependency-scan-serialize-diagnostics-path /Users/admin/builder/spi-builder-workspace/.derivedData/Build/Intermediates.noindex/LoggerAPI.build/Debug-xros/LoggerAPI-t.build/Objects-normal/arm64/LoggerAPI-dependency-scan.dia -validate-clang-modules-once -clang-build-session-file /Users/admin/builder/spi-builder-workspace/.derivedData/ModuleCache.noindex/Session.modulevalidation -Xcc -fmodules-prune-interval\=86400 -Xcc -fmodules-prune-after\=345600 -emit-const-values -const-gather-protocols-list /Users/admin/builder/spi-builder-workspace/.derivedData/Build/Intermediates.noindex/LoggerAPI.build/Debug-xros/LoggerAPI-t.build/Objects-normal/arm64/LoggerAPI_const_extract_protocols.json -Xcc -I/Users/admin/builder/spi-builder-workspace/.derivedData/Build/Products/Debug-xros/include -Xcc -I/Users/admin/builder/spi-builder-workspace/.derivedData/Build/Intermediates.noindex/LoggerAPI.build/Debug-xros/LoggerAPI-t.build/DerivedSources-normal/arm64 -Xcc -I/Users/admin/builder/spi-builder-workspace/.derivedData/Build/Intermediates.noindex/LoggerAPI.build/Debug-xros/LoggerAPI-t.build/DerivedSources/arm64 -Xcc -I/Users/admin/builder/spi-builder-workspace/.derivedData/Build/Intermediates.noindex/LoggerAPI.build/Debug-xros/LoggerAPI-t.build/DerivedSources -Xcc -DSWIFT_PACKAGE -Xcc -DDEBUG\=1 -emit-objc-header -emit-objc-header-path /Users/admin/builder/spi-builder-workspace/.derivedData/Build/Intermediates.noindex/LoggerAPI.build/Debug-xros/LoggerAPI-t.build/Objects-normal/arm64/LoggerAPI-Swift.h -working-directory /Users/admin/builder/spi-builder-workspace/.swiftpm/xcode -experimental-emit-module-separately -disable-cmo
SwiftDriver Cryptor normal arm64 com.apple.xcode.tools.swift.compiler (in target 'Cryptor' from project 'Cryptor')
    cd /Users/admin/builder/spi-builder-workspace/.swiftpm/xcode
    builtin-SwiftDriver -- /Applications/Xcode-27.0.0-Release.Candidate.app/Contents/Developer/Toolchains/XcodeDefault.xctoolchain/usr/bin/swiftc -parse-as-library -module-name Cryptor -Onone @/Users/admin/builder/spi-builder-workspace/.derivedData/Build/Intermediates.noindex/Cryptor.build/Debug-xros/Cryptor-t.build/Objects-normal/arm64/Cryptor.SwiftFileList -DSWIFT_PACKAGE -DDEBUG -DSWIFT_MODULE_RESOURCE_BUNDLE_UNAVAILABLE -DXcode -plugin-path /Applications/Xcode-27.0.0-Release.Candidate.app/Contents/Developer/Toolchains/XcodeDefault.xctoolchain/usr/lib/swift/host/plugins/testing -enable-experimental-feature DebugDescriptionMacro -sdk /Applications/Xcode-27.0.0-Release.Candidate.app/Contents/Developer/Platforms/XROS.platform/Developer/SDKs/XROS27.0.sdk -target arm64-apple-xros1.0 -g -module-cache-path /Users/admin/builder/spi-builder-workspace/.derivedData/ModuleCache.noindex -Xfrontend -serialize-debugging-options -profile-coverage-mapping -profile-generate -enable-testing -suppress-warnings -index-store-path /Users/admin/builder/spi-builder-workspace/.derivedData/Index.noindex/DataStore -Xcc -D_LIBCPP_HARDENING_MODE\=_LIBCPP_HARDENING_MODE_DEBUG -swift-version 5 -I /Users/admin/builder/spi-builder-workspace/.derivedData/Build/Products/Debug-xros -Isystem /Applications/Xcode-27.0.0-Release.Candidate.app/Contents/Developer/Platforms/XROS.platform/Developer/usr/lib -F /Users/admin/builder/spi-builder-workspace/.derivedData/Build/Products/Debug-xros -F /Applications/Xcode-27.0.0-Release.Candidate.app/Contents/Developer/Platforms/XROS.platform/Developer/Library/Frameworks -F /Applications/Xcode-27.0.0-Release.Candidate.app/Contents/Developer/Platforms/XROS.platform/Developer/SDKs/XROS27.0.sdk/Developer/Library/Frameworks -c -j10 -enable-batch-mode -incremental -Xcc -ivfsstatcache -Xcc /Users/admin/builder/spi-builder-workspace/.derivedData/SDKStatCaches.noindex/xros27.0-24M361-e829b21a6f8c9b70876ba0858053c044735bd543db762f57723cac368afd1ce4.sdkstatcache -output-file-map /Users/admin/builder/spi-builder-workspace/.derivedData/Build/Intermediates.noindex/Cryptor.build/Debug-xros/Cryptor-t.build/Objects-normal/arm64/Cryptor-OutputFileMap.json -save-temps -no-color-diagnostics -explicit-module-build -module-cache-path /Users/admin/builder/spi-builder-workspace/.derivedData/Build/Intermediates.noindex/SwiftExplicitPrecompiledModules -clang-scanner-module-cache-path /Users/admin/builder/spi-builder-workspace/.derivedData/ModuleCache.noindex -sdk-module-cache-path /Users/admin/builder/spi-builder-workspace/.derivedData/SDKExplicitPrecompiledModules -emit-dependencies -emit-module -emit-module-path /Users/admin/builder/spi-builder-workspace/.derivedData/Build/Intermediates.noindex/Cryptor.build/Debug-xros/Cryptor-t.build/Objects-normal/arm64/Cryptor.swiftmodule -serialize-diagnostics -dependency-scan-serialize-diagnostics-path /Users/admin/builder/spi-builder-workspace/.derivedData/Build/Intermediates.noindex/Cryptor.build/Debug-xros/Cryptor-t.build/Objects-normal/arm64/Cryptor-dependency-scan.dia -validate-clang-modules-once -clang-build-session-file /Users/admin/builder/spi-builder-workspace/.derivedData/ModuleCache.noindex/Session.modulevalidation -Xcc -fmodules-prune-interval\=86400 -Xcc -fmodules-prune-after\=345600 -emit-const-values -const-gather-protocols-list /Users/admin/builder/spi-builder-workspace/.derivedData/Build/Intermediates.noindex/Cryptor.build/Debug-xros/Cryptor-t.build/Objects-normal/arm64/Cryptor_const_extract_protocols.json -Xcc -I/Users/admin/builder/spi-builder-workspace/.derivedData/Build/Products/Debug-xros/include -Xcc -I/Users/admin/builder/spi-builder-workspace/.derivedData/Build/Intermediates.noindex/Cryptor.build/Debug-xros/Cryptor-t.build/DerivedSources-normal/arm64 -Xcc -I/Users/admin/builder/spi-builder-workspace/.derivedData/Build/Intermediates.noindex/Cryptor.build/Debug-xros/Cryptor-t.build/DerivedSources/arm64 -Xcc -I/Users/admin/builder/spi-builder-workspace/.derivedData/Build/Intermediates.noindex/Cryptor.build/Debug-xros/Cryptor-t.build/DerivedSources -Xcc -DSWIFT_PACKAGE -Xcc -DDEBUG\=1 -emit-objc-header -emit-objc-header-path /Users/admin/builder/spi-builder-workspace/.derivedData/Build/Intermediates.noindex/Cryptor.build/Debug-xros/Cryptor-t.build/Objects-normal/arm64/Cryptor-Swift.h -working-directory /Users/admin/builder/spi-builder-workspace/.swiftpm/xcode -experimental-emit-module-separately -disable-cmo
SwiftCompile normal arm64 Compiling\ Crypto.swift,\ Cryptor.swift /Users/admin/builder/spi-builder-workspace/.dependencies/checkouts/BlueCryptor/Sources/Cryptor/Crypto.swift /Users/admin/builder/spi-builder-workspace/.dependencies/checkouts/BlueCryptor/Sources/Cryptor/Cryptor.swift (in target 'Cryptor' from project 'Cryptor')
SwiftCompile normal arm64 /Users/admin/builder/spi-builder-workspace/.dependencies/checkouts/BlueCryptor/Sources/Cryptor/Crypto.swift (in target 'Cryptor' from project 'Cryptor')
    cd /Users/admin/builder/spi-builder-workspace/.swiftpm/xcode
    builtin-SwiftPerFileCompile Crypto.swift
SwiftCompile normal arm64 /Users/admin/builder/spi-builder-workspace/.dependencies/checkouts/BlueCryptor/Sources/Cryptor/Cryptor.swift (in target 'Cryptor' from project 'Cryptor')
    cd /Users/admin/builder/spi-builder-workspace/.swiftpm/xcode
    builtin-SwiftPerFileCompile Cryptor.swift
/Users/admin/builder/spi-builder-workspace/.dependencies/checkouts/BlueCryptor/Sources/Cryptor/Updatable.swift:26:17: error: cannot find type 'Status' in scope
 24 |
 25 |     /// Status of the calculation.
 26 |     var status: Status { get }
    |                 `- error: cannot find type 'Status' in scope
 27 |
 28 | 	///
/Users/admin/builder/spi-builder-workspace/.dependencies/checkouts/BlueCryptor/Sources/Cryptor/StreamCryptor.swift:474:38: error: cannot find type 'Status' in scope
472 |     ///    Used to get additional information when optional chaining collapes.
473 | 	///
474 |     public internal(set) var status: Status = .success
    |                                      `- error: cannot find type 'Status' in scope
475 |
476 | 	///
/Users/admin/builder/spi-builder-workspace/.dependencies/checkouts/BlueCryptor/Sources/Cryptor/StreamCryptor.swift:775:58: error: cannot find type 'Status' in scope
773 | 	/// - Returns: a tuple containing the number of output bytes produced and the status (see Status)
774 |     ///
775 | 	public func final(byteArrayOut: inout [UInt8]) -> (Int, Status) {
    |                                                          `- error: cannot find type 'Status' in scope
776 |
777 |         let dataOutAvailable = byteArrayOut.count
/Users/admin/builder/spi-builder-workspace/.dependencies/checkouts/BlueCryptor/Sources/Cryptor/StreamCryptor.swift:863:110: error: cannot find type 'Status' in scope
861 | 	/// - Returns: Status of the update
862 | 	///
863 | 	public func final(bufferOut: UnsafeMutablePointer<UInt8>, byteCapacityOut: Int, byteCountOut: inout Int) -> Status {
    |                                                                                                              `- error: cannot find type 'Status' in scope
864 |
865 | 		if self.status == Status.success {
/Users/admin/builder/spi-builder-workspace/.dependencies/checkouts/BlueCryptor/Sources/Cryptor/Cryptor.swift:42:39: error: cannot assign value of type '[UInt8]?' to type '(Int, _)'
40 | 		var dataOut = Array<UInt8>(repeating: 0, count:byteCount)
41 |         var dataOutMoved = 0
42 |         (dataOutMoved, self.status) = final(byteArrayOut: &dataOut)
   |                                       `- error: cannot assign value of type '[UInt8]?' to type '(Int, _)'
43 |         if self.status != .success {
44 |    	        return nil
/Users/admin/builder/spi-builder-workspace/.dependencies/checkouts/BlueCryptor/Sources/Cryptor/Cryptor.swift:42:59: error: argument passed to call that takes no arguments
40 | 		var dataOut = Array<UInt8>(repeating: 0, count:byteCount)
41 |         var dataOutMoved = 0
42 |         (dataOutMoved, self.status) = final(byteArrayOut: &dataOut)
   |                                                           `- error: argument passed to call that takes no arguments
43 |         if self.status != .success {
44 |    	        return nil
/Users/admin/builder/spi-builder-workspace/.dependencies/checkouts/BlueCryptor/Sources/Cryptor/Cryptor.swift:43:28: error: reference to member 'success' cannot be resolved without a contextual type
41 |         var dataOutMoved = 0
42 |         (dataOutMoved, self.status) = final(byteArrayOut: &dataOut)
43 |         if self.status != .success {
   |                            `- error: reference to member 'success' cannot be resolved without a contextual type
44 |    	        return nil
45 |        	}
/Users/admin/builder/spi-builder-workspace/.dependencies/checkouts/BlueCryptor/Sources/Cryptor/StreamCryptor.swift:694:73: error: cannot find type 'Status' in scope
692 | 	/// - Returns: A tuple containing the number of output bytes produced and the status (see Status)
693 | 	///
694 | 	public func update(dataIn: Data, byteArrayOut: inout [UInt8]) -> (Int, Status) {
    |                                                                         `- error: cannot find type 'Status' in scope
695 |
696 | 		let dataOutAvailable = byteArrayOut.count
/Users/admin/builder/spi-builder-workspace/.dependencies/checkouts/BlueCryptor/Sources/Cryptor/StreamCryptor.swift:719:75: error: cannot find type 'Status' in scope
717 | 	/// - Returns: A tuple containing the number of output bytes produced and the status (see Status)
718 |     ///
719 | 	public func update(dataIn: NSData, byteArrayOut: inout [UInt8]) -> (Int, Status) {
    |                                                                           `- error: cannot find type 'Status' in scope
720 |
721 |         let dataOutAvailable = byteArrayOut.count
/Users/admin/builder/spi-builder-workspace/.dependencies/checkouts/BlueCryptor/Sources/Cryptor/StreamCryptor.swift:737:81: error: cannot find type 'Status' in scope
735 | 	/// - Returns: A tuple containing the number of output bytes produced and the status (see Status)
736 |     ///
737 | 	public func update(byteArrayIn: [UInt8], byteArrayOut: inout [UInt8]) -> (Int, Status) {
    |                                                                                 `- error: cannot find type 'Status' in scope
738 |
739 |         let dataOutAvailable = byteArrayOut.count
/Users/admin/builder/spi-builder-workspace/.dependencies/checkouts/BlueCryptor/Sources/Cryptor/StreamCryptor.swift:754:77: error: cannot find type 'Status' in scope
752 | 	/// - Returns: A tuple containing the number of output bytes produced and the status (see Status)
753 |     ///
754 | 	public func update(stringIn: String, byteArrayOut: inout [UInt8]) -> (Int, Status) {
    |                                                                             `- error: cannot find type 'Status' in scope
755 |
756 |         let dataOutAvailable = byteArrayOut.count
/Users/admin/builder/spi-builder-workspace/.dependencies/checkouts/BlueCryptor/Sources/Cryptor/StreamCryptor.swift:797:157: error: cannot find type 'Status' in scope
795 | 	/// - Returns: Status of the update
796 | 	///
797 | 	public func update(bufferIn: UnsafeRawPointer, byteCountIn: Int, bufferOut: UnsafeMutablePointer<UInt8>, byteCapacityOut: Int, byteCountOut: inout Int) -> Status {
    |                                                                                                                                                             `- error: cannot find type 'Status' in scope
798 |
799 |         if self.status == .success {
/Users/admin/builder/spi-builder-workspace/.dependencies/checkouts/BlueCryptor/Sources/Cryptor/Cryptor.swift:63:19: error: extra arguments at positions #1, #3, #4, #5 in call
56 | 	/// - Returns: this Cryptor object or nil if an error occurs (for optional chaining)
57 |     ///
58 | 	public func update(from buffer: UnsafeRawPointer, byteCount: Int) -> Self? {
   |              `- note: 'update(from:byteCount:)' declared here
59 |
60 |         let outputLength = Int(self.getOutputLength(inputByteCount: byteCount, isFinal: false))
61 | 		var dataOut = Array<UInt8>(repeating: 0, count:outputLength)
62 |         var dataOutMoved = 0
63 |         _ = update(bufferIn: buffer, byteCountIn: byteCount, bufferOut: &dataOut, byteCapacityOut: dataOut.count, byteCountOut: &dataOutMoved)
   |                   `- error: extra arguments at positions #1, #3, #4, #5 in call
64 | 		if self.status != .success {
65 | 			return nil
/Users/admin/builder/spi-builder-workspace/.dependencies/checkouts/BlueCryptor/Sources/Cryptor/Cryptor.swift:63:20: error: missing argument for parameter 'from' in call
56 | 	/// - Returns: this Cryptor object or nil if an error occurs (for optional chaining)
57 |     ///
58 | 	public func update(from buffer: UnsafeRawPointer, byteCount: Int) -> Self? {
   |              `- note: 'update(from:byteCount:)' declared here
59 |
60 |         let outputLength = Int(self.getOutputLength(inputByteCount: byteCount, isFinal: false))
61 | 		var dataOut = Array<UInt8>(repeating: 0, count:outputLength)
62 |         var dataOutMoved = 0
63 |         _ = update(bufferIn: buffer, byteCountIn: byteCount, bufferOut: &dataOut, byteCapacityOut: dataOut.count, byteCountOut: &dataOutMoved)
   |                    `- error: missing argument for parameter 'from' in call
64 | 		if self.status != .success {
65 | 			return nil
SwiftCompile normal arm64 Compiling\ HMAC.swift /Users/admin/builder/spi-builder-workspace/.dependencies/checkouts/BlueCryptor/Sources/Cryptor/HMAC.swift (in target 'Cryptor' from project 'Cryptor')
SwiftCompile normal arm64 /Users/admin/builder/spi-builder-workspace/.dependencies/checkouts/BlueCryptor/Sources/Cryptor/HMAC.swift (in target 'Cryptor' from project 'Cryptor')
    cd /Users/admin/builder/spi-builder-workspace/.swiftpm/xcode
    builtin-SwiftPerFileCompile HMAC.swift
/Users/admin/builder/spi-builder-workspace/.dependencies/checkouts/BlueCryptor/Sources/Cryptor/HMAC.swift:170:38: error: cannot find type 'Status' in scope
168 |
169 |     /// Status of the calculation
170 |     public internal(set) var status: Status = .success
    |                                      `- error: cannot find type 'Status' in scope
171 |
172 | 	#if os(Linux)
/Users/admin/builder/spi-builder-workspace/.dependencies/checkouts/BlueCryptor/Sources/Cryptor/HMAC.swift:175:25: error: cannot find 'Context' in scope
173 | 		private let context = HMAC_CTX_new_wrapper()
174 | 	#else
175 | 		private let context = Context.allocate(capacity: 1)
    |                         `- error: cannot find 'Context' in scope
176 | 	#endif
177 |     private var algorithm: Algorithm
SwiftCompile normal arm64 Compiling\ Random.swift /Users/admin/builder/spi-builder-workspace/.dependencies/checkouts/BlueCryptor/Sources/Cryptor/Random.swift (in target 'Cryptor' from project 'Cryptor')
/Users/admin/builder/spi-builder-workspace/.dependencies/checkouts/BlueCryptor/Sources/Cryptor/Random.swift:26:30: error: cannot find type 'Status' in scope
 24 | #endif
 25 |
 26 | public typealias RNGStatus = Status
    |                              `- error: cannot find type 'Status' in scope
 27 |
 28 | ///
/Users/admin/builder/spi-builder-workspace/.dependencies/checkouts/BlueCryptor/Sources/Cryptor/Random.swift:77:38: error: extra argument 'bytes' in call
 75 |
 76 | 		var bytes = Array(repeating: UInt8(0), count:byteCount)
 77 |         let status = generate(bytes: &bytes, byteCount: byteCount)
    |                                      `- error: extra argument 'bytes' in call
 78 |
 79 | 		if status != .success {
/Users/admin/builder/spi-builder-workspace/.dependencies/checkouts/BlueCryptor/Sources/Cryptor/Random.swift:79:17: error: cannot infer contextual base in reference to member 'success'
 77 |         let status = generate(bytes: &bytes, byteCount: byteCount)
 78 |
 79 | 		if status != .success {
    |                 `- error: cannot infer contextual base in reference to member 'success'
 80 | 			throw status
 81 | 		}
SwiftCompile normal arm64 /Users/admin/builder/spi-builder-workspace/.dependencies/checkouts/BlueCryptor/Sources/Cryptor/Random.swift (in target 'Cryptor' from project 'Cryptor')
    cd /Users/admin/builder/spi-builder-workspace/.swiftpm/xcode
    builtin-SwiftPerFileCompile Random.swift
SwiftCompile normal arm64 Compiling\ Status.swift /Users/admin/builder/spi-builder-workspace/.dependencies/checkouts/BlueCryptor/Sources/Cryptor/Status.swift (in target 'Cryptor' from project 'Cryptor')
SwiftCompile normal arm64 /Users/admin/builder/spi-builder-workspace/.dependencies/checkouts/BlueCryptor/Sources/Cryptor/Status.swift (in target 'Cryptor' from project 'Cryptor')
    cd /Users/admin/builder/spi-builder-workspace/.swiftpm/xcode
    builtin-SwiftPerFileCompile Status.swift
SwiftCompile normal arm64 Compiling\ SSLPointerTricks.swift /Users/admin/builder/spi-builder-workspace/.dependencies/checkouts/BlueCryptor/Sources/Cryptor/SSLPointerTricks.swift (in target 'Cryptor' from project 'Cryptor')
SwiftCompile normal arm64 /Users/admin/builder/spi-builder-workspace/.dependencies/checkouts/BlueCryptor/Sources/Cryptor/SSLPointerTricks.swift (in target 'Cryptor' from project 'Cryptor')
    cd /Users/admin/builder/spi-builder-workspace/.swiftpm/xcode
    builtin-SwiftPerFileCompile SSLPointerTricks.swift
SwiftCompile normal arm64 Compiling\ KeyDerivation.swift /Users/admin/builder/spi-builder-workspace/.dependencies/checkouts/BlueCryptor/Sources/Cryptor/KeyDerivation.swift (in target 'Cryptor' from project 'Cryptor')
SwiftCompile normal arm64 /Users/admin/builder/spi-builder-workspace/.dependencies/checkouts/BlueCryptor/Sources/Cryptor/KeyDerivation.swift (in target 'Cryptor' from project 'Cryptor')
    cd /Users/admin/builder/spi-builder-workspace/.swiftpm/xcode
    builtin-SwiftPerFileCompile KeyDerivation.swift
SwiftCompile normal arm64 Compiling\ Digest.swift /Users/admin/builder/spi-builder-workspace/.dependencies/checkouts/BlueCryptor/Sources/Cryptor/Digest.swift (in target 'Cryptor' from project 'Cryptor')
/Users/admin/builder/spi-builder-workspace/.dependencies/checkouts/BlueCryptor/Sources/Cryptor/Digest.swift:46:25: error: cannot find 'Status' in scope
 44 |     /// It is here to provide for engines which can fail.
 45 |     ///
 46 |     public var status = Status.success
    |                         `- error: cannot find 'Status' in scope
 47 |
 48 |     ///
/Users/admin/builder/spi-builder-workspace/.dependencies/checkouts/BlueCryptor/Sources/Cryptor/Digest.swift:189:54: error: cannot find type 'CC_LONG' in scope
187 | 	///		- byteCount:	The length of the buffer.
188 | 	///
189 |     func update(buffer: UnsafeRawPointer, byteCount: CC_LONG)
    |                                                      `- error: cannot find type 'CC_LONG' in scope
190 |
191 | 	///
/Users/admin/builder/spi-builder-workspace/.dependencies/checkouts/BlueCryptor/Sources/Cryptor/Updatable.swift:26:17: error: cannot find type 'Status' in scope
 24 |
 25 |     /// Status of the calculation.
 26 |     var status: Status { get }
    |                 `- error: cannot find type 'Status' in scope
 27 |
 28 | 	///
/Users/admin/builder/spi-builder-workspace/.dependencies/checkouts/BlueCryptor/Sources/Cryptor/Digest.swift:211:43: error: cannot find type 'CC_LONG' in scope
209 |     typealias Digest = UnsafeMutablePointer<UInt8>
210 |     typealias Initializer = (Context) -> (Int32)
211 |     typealias Updater = (Context, Buffer, CC_LONG) -> (Int32)
    |                                           `- error: cannot find type 'CC_LONG' in scope
212 |     typealias Finalizer = (Digest, Context) -> (Int32)
213 |
/Users/admin/builder/spi-builder-workspace/.dependencies/checkouts/BlueCryptor/Sources/Cryptor/Digest.swift:229:52: error: '@escaping' only applies to function types
227 | 	/// 	- length:		The digest length.
228 | 	///
229 | 	init(initializer: @escaping Initializer, updater: @escaping Updater, finalizer: @escaping Finalizer, length: Int32) {
    |                                                    `- error: '@escaping' only applies to function types
230 |
231 |         self.initializer = initializer
/Users/admin/builder/spi-builder-workspace/.dependencies/checkouts/BlueCryptor/Sources/Cryptor/Digest.swift:257:41: error: cannot find type 'CC_LONG' in scope
255 | 	///		- byteCount:	The length of the buffer.
256 | 	///
257 | 	func update(buffer: Buffer, byteCount: CC_LONG) {
    |                                         `- error: cannot find type 'CC_LONG' in scope
258 |
259 |         _ = updater(context, buffer, byteCount)
SwiftCompile normal arm64 /Users/admin/builder/spi-builder-workspace/.dependencies/checkouts/BlueCryptor/Sources/Cryptor/Digest.swift (in target 'Cryptor' from project 'Cryptor')
    cd /Users/admin/builder/spi-builder-workspace/.swiftpm/xcode
    builtin-SwiftPerFileCompile Digest.swift
SwiftCompile normal arm64 Compiling\ StreamCryptor.swift /Users/admin/builder/spi-builder-workspace/.dependencies/checkouts/BlueCryptor/Sources/Cryptor/StreamCryptor.swift (in target 'Cryptor' from project 'Cryptor')
/Users/admin/builder/spi-builder-workspace/.dependencies/checkouts/BlueCryptor/Sources/Cryptor/StreamCryptor.swift:474:38: error: cannot find type 'Status' in scope
472 |     ///    Used to get additional information when optional chaining collapes.
473 | 	///
474 |     public internal(set) var status: Status = .success
    |                                      `- error: cannot find type 'Status' in scope
475 |
476 | 	///
/Users/admin/builder/spi-builder-workspace/.dependencies/checkouts/BlueCryptor/Sources/Cryptor/StreamCryptor.swift:694:73: error: cannot find type 'Status' in scope
692 | 	/// - Returns: A tuple containing the number of output bytes produced and the status (see Status)
693 | 	///
694 | 	public func update(dataIn: Data, byteArrayOut: inout [UInt8]) -> (Int, Status) {
    |                                                                         `- error: cannot find type 'Status' in scope
695 |
696 | 		let dataOutAvailable = byteArrayOut.count
/Users/admin/builder/spi-builder-workspace/.dependencies/checkouts/BlueCryptor/Sources/Cryptor/StreamCryptor.swift:719:75: error: cannot find type 'Status' in scope
717 | 	/// - Returns: A tuple containing the number of output bytes produced and the status (see Status)
718 |     ///
719 | 	public func update(dataIn: NSData, byteArrayOut: inout [UInt8]) -> (Int, Status) {
    |                                                                           `- error: cannot find type 'Status' in scope
720 |
721 |         let dataOutAvailable = byteArrayOut.count
/Users/admin/builder/spi-builder-workspace/.dependencies/checkouts/BlueCryptor/Sources/Cryptor/StreamCryptor.swift:737:81: error: cannot find type 'Status' in scope
735 | 	/// - Returns: A tuple containing the number of output bytes produced and the status (see Status)
736 |     ///
737 | 	public func update(byteArrayIn: [UInt8], byteArrayOut: inout [UInt8]) -> (Int, Status) {
    |                                                                                 `- error: cannot find type 'Status' in scope
738 |
739 |         let dataOutAvailable = byteArrayOut.count
/Users/admin/builder/spi-builder-workspace/.dependencies/checkouts/BlueCryptor/Sources/Cryptor/StreamCryptor.swift:754:77: error: cannot find type 'Status' in scope
752 | 	/// - Returns: A tuple containing the number of output bytes produced and the status (see Status)
753 |     ///
754 | 	public func update(stringIn: String, byteArrayOut: inout [UInt8]) -> (Int, Status) {
    |                                                                             `- error: cannot find type 'Status' in scope
755 |
756 |         let dataOutAvailable = byteArrayOut.count
/Users/admin/builder/spi-builder-workspace/.dependencies/checkouts/BlueCryptor/Sources/Cryptor/StreamCryptor.swift:775:58: error: cannot find type 'Status' in scope
773 | 	/// - Returns: a tuple containing the number of output bytes produced and the status (see Status)
774 |     ///
775 | 	public func final(byteArrayOut: inout [UInt8]) -> (Int, Status) {
    |                                                          `- error: cannot find type 'Status' in scope
776 |
777 |         let dataOutAvailable = byteArrayOut.count
/Users/admin/builder/spi-builder-workspace/.dependencies/checkouts/BlueCryptor/Sources/Cryptor/StreamCryptor.swift:797:157: error: cannot find type 'Status' in scope
795 | 	/// - Returns: Status of the update
796 | 	///
797 | 	public func update(bufferIn: UnsafeRawPointer, byteCountIn: Int, bufferOut: UnsafeMutablePointer<UInt8>, byteCapacityOut: Int, byteCountOut: inout Int) -> Status {
    |                                                                                                                                                             `- error: cannot find type 'Status' in scope
798 |
799 |         if self.status == .success {
/Users/admin/builder/spi-builder-workspace/.dependencies/checkouts/BlueCryptor/Sources/Cryptor/StreamCryptor.swift:863:110: error: cannot find type 'Status' in scope
861 | 	/// - Returns: Status of the update
862 | 	///
863 | 	public func final(bufferOut: UnsafeMutablePointer<UInt8>, byteCapacityOut: Int, byteCountOut: inout Int) -> Status {
    |                                                                                                              `- error: cannot find type 'Status' in scope
864 |
865 | 		if self.status == Status.success {
/Users/admin/builder/spi-builder-workspace/.dependencies/checkouts/BlueCryptor/Sources/Cryptor/StreamCryptor.swift:239:12: error: cannot find 'kCCBlockSizeAES128' in scope
237 |
238 |             case .aes, .aes128, .aes192, .aes256:
239 | 				return kCCBlockSizeAES128
    |            `- error: cannot find 'kCCBlockSizeAES128' in scope
240 |
241 |             case .des:
/Users/admin/builder/spi-builder-workspace/.dependencies/checkouts/BlueCryptor/Sources/Cryptor/StreamCryptor.swift:242:12: error: cannot find 'kCCBlockSizeDES' in scope
240 |
241 |             case .des:
242 | 				return kCCBlockSizeDES
    |            `- error: cannot find 'kCCBlockSizeDES' in scope
243 |
244 |             case .tripleDes:
/Users/admin/builder/spi-builder-workspace/.dependencies/checkouts/BlueCryptor/Sources/Cryptor/StreamCryptor.swift:245:12: error: cannot find 'kCCBlockSize3DES' in scope
243 |
244 |             case .tripleDes:
245 | 				return kCCBlockSize3DES
    |            `- error: cannot find 'kCCBlockSize3DES' in scope
246 |
247 |             case .cast:
/Users/admin/builder/spi-builder-workspace/.dependencies/checkouts/BlueCryptor/Sources/Cryptor/StreamCryptor.swift:248:12: error: cannot find 'kCCBlockSizeCAST' in scope
246 |
247 |             case .cast:
248 | 				return kCCBlockSizeCAST
    |            `- error: cannot find 'kCCBlockSizeCAST' in scope
249 |
250 |             case .rc2:
/Users/admin/builder/spi-builder-workspace/.dependencies/checkouts/BlueCryptor/Sources/Cryptor/StreamCryptor.swift:251:12: error: cannot find 'kCCBlockSizeRC2' in scope
249 |
250 |             case .rc2:
251 | 				return kCCBlockSizeRC2
    |            `- error: cannot find 'kCCBlockSizeRC2' in scope
252 |
253 |             case .blowfish:
/Users/admin/builder/spi-builder-workspace/.dependencies/checkouts/BlueCryptor/Sources/Cryptor/StreamCryptor.swift:254:12: error: cannot find 'kCCBlockSizeBlowfish' in scope
252 |
253 |             case .blowfish:
254 | 				return kCCBlockSizeBlowfish
    |            `- error: cannot find 'kCCBlockSizeBlowfish' in scope
255 |             }
256 |         }
/Users/admin/builder/spi-builder-workspace/.dependencies/checkouts/BlueCryptor/Sources/Cryptor/StreamCryptor.swift:263:12: error: cannot find 'kCCKeySizeAES128' in scope
261 |
262 | 			case .aes, .aes128:
263 | 				return kCCKeySizeAES128
    |            `- error: cannot find 'kCCKeySizeAES128' in scope
264 |
265 | 			case .aes192:
/Users/admin/builder/spi-builder-workspace/.dependencies/checkouts/BlueCryptor/Sources/Cryptor/StreamCryptor.swift:266:12: error: cannot find 'kCCKeySizeAES192' in scope
264 |
265 | 			case .aes192:
266 | 				return kCCKeySizeAES192
    |            `- error: cannot find 'kCCKeySizeAES192' in scope
267 |
268 | 			case .aes256:
/Users/admin/builder/spi-builder-workspace/.dependencies/checkouts/BlueCryptor/Sources/Cryptor/StreamCryptor.swift:269:12: error: cannot find 'kCCKeySizeAES256' in scope
267 |
268 | 			case .aes256:
269 | 				return kCCKeySizeAES256
    |            `- error: cannot find 'kCCKeySizeAES256' in scope
270 |
271 | 			case .des:
/Users/admin/builder/spi-builder-workspace/.dependencies/checkouts/BlueCryptor/Sources/Cryptor/StreamCryptor.swift:272:12: error: cannot find 'kCCKeySizeDES' in scope
270 |
271 | 			case .des:
272 | 				return kCCKeySizeDES
    |            `- error: cannot find 'kCCKeySizeDES' in scope
273 |
274 | 			case .tripleDes:
/Users/admin/builder/spi-builder-workspace/.dependencies/checkouts/BlueCryptor/Sources/Cryptor/StreamCryptor.swift:275:12: error: cannot find 'kCCKeySize3DES' in scope
273 |
274 | 			case .tripleDes:
275 | 				return kCCKeySize3DES
    |            `- error: cannot find 'kCCKeySize3DES' in scope
276 |
277 | 			case .cast:
/Users/admin/builder/spi-builder-workspace/.dependencies/checkouts/BlueCryptor/Sources/Cryptor/StreamCryptor.swift:278:12: error: cannot find 'kCCKeySizeMinCAST' in scope
276 |
277 | 			case .cast:
278 | 				return kCCKeySizeMinCAST
    |            `- error: cannot find 'kCCKeySizeMinCAST' in scope
279 |
280 | 			case .rc2:
/Users/admin/builder/spi-builder-workspace/.dependencies/checkouts/BlueCryptor/Sources/Cryptor/StreamCryptor.swift:281:12: error: cannot find 'kCCKeySizeMinRC2' in scope
279 |
280 | 			case .rc2:
281 | 				return kCCKeySizeMinRC2
    |            `- error: cannot find 'kCCKeySizeMinRC2' in scope
282 |
283 | 			case .blowfish:
/Users/admin/builder/spi-builder-workspace/.dependencies/checkouts/BlueCryptor/Sources/Cryptor/StreamCryptor.swift:284:12: error: cannot find 'kCCKeySizeMinBlowfish' in scope
282 |
283 | 			case .blowfish:
284 | 				return kCCKeySizeMinBlowfish
    |            `- error: cannot find 'kCCKeySizeMinBlowfish' in scope
285 | 			}
286 | 		}
SwiftCompile normal arm64 /Users/admin/builder/spi-builder-workspace/.dependencies/checkouts/BlueCryptor/Sources/Cryptor/StreamCryptor.swift (in target 'Cryptor' from project 'Cryptor')
    cd /Users/admin/builder/spi-builder-workspace/.swiftpm/xcode
    builtin-SwiftPerFileCompile StreamCryptor.swift
SwiftEmitModule normal arm64 Emitting\ module\ for\ Cryptor (in target 'Cryptor' from project 'Cryptor')
/Users/admin/builder/spi-builder-workspace/.dependencies/checkouts/BlueCryptor/Sources/Cryptor/Updatable.swift:26:17: error: cannot find type 'Status' in scope
 24 |
 25 |     /// Status of the calculation.
 26 |     var status: Status { get }
    |                 `- error: cannot find type 'Status' in scope
 27 |
 28 | 	///
/Users/admin/builder/spi-builder-workspace/.dependencies/checkouts/BlueCryptor/Sources/Cryptor/Digest.swift:46:25: error: cannot find 'Status' in scope
 44 |     /// It is here to provide for engines which can fail.
 45 |     ///
 46 |     public var status = Status.success
    |                         `- error: cannot find 'Status' in scope
 47 |
 48 |     ///
/Users/admin/builder/spi-builder-workspace/.dependencies/checkouts/BlueCryptor/Sources/Cryptor/Digest.swift:189:54: error: cannot find type 'CC_LONG' in scope
187 | 	///		- byteCount:	The length of the buffer.
188 | 	///
189 |     func update(buffer: UnsafeRawPointer, byteCount: CC_LONG)
    |                                                      `- error: cannot find type 'CC_LONG' in scope
190 |
191 | 	///
/Users/admin/builder/spi-builder-workspace/.dependencies/checkouts/BlueCryptor/Sources/Cryptor/Digest.swift:211:43: error: cannot find type 'CC_LONG' in scope
209 |     typealias Digest = UnsafeMutablePointer<UInt8>
210 |     typealias Initializer = (Context) -> (Int32)
211 |     typealias Updater = (Context, Buffer, CC_LONG) -> (Int32)
    |                                           `- error: cannot find type 'CC_LONG' in scope
212 |     typealias Finalizer = (Digest, Context) -> (Int32)
213 |
/Users/admin/builder/spi-builder-workspace/.dependencies/checkouts/BlueCryptor/Sources/Cryptor/Digest.swift:229:52: error: '@escaping' only applies to function types
227 | 	/// 	- length:		The digest length.
228 | 	///
229 | 	init(initializer: @escaping Initializer, updater: @escaping Updater, finalizer: @escaping Finalizer, length: Int32) {
    |                                                    `- error: '@escaping' only applies to function types
230 |
231 |         self.initializer = initializer
/Users/admin/builder/spi-builder-workspace/.dependencies/checkouts/BlueCryptor/Sources/Cryptor/Digest.swift:257:41: error: cannot find type 'CC_LONG' in scope
255 | 	///		- byteCount:	The length of the buffer.
256 | 	///
257 | 	func update(buffer: Buffer, byteCount: CC_LONG) {
    |                                         `- error: cannot find type 'CC_LONG' in scope
258 |
259 |         _ = updater(context, buffer, byteCount)
/Users/admin/builder/spi-builder-workspace/.dependencies/checkouts/BlueCryptor/Sources/Cryptor/HMAC.swift:170:38: error: cannot find type 'Status' in scope
168 |
169 |     /// Status of the calculation
170 |     public internal(set) var status: Status = .success
    |                                      `- error: cannot find type 'Status' in scope
171 |
172 | 	#if os(Linux)
/Users/admin/builder/spi-builder-workspace/.dependencies/checkouts/BlueCryptor/Sources/Cryptor/HMAC.swift:175:25: error: cannot find 'Context' in scope
173 | 		private let context = HMAC_CTX_new_wrapper()
174 | 	#else
175 | 		private let context = Context.allocate(capacity: 1)
    |                         `- error: cannot find 'Context' in scope
176 | 	#endif
177 |     private var algorithm: Algorithm
/Users/admin/builder/spi-builder-workspace/.dependencies/checkouts/BlueCryptor/Sources/Cryptor/Random.swift:26:30: error: cannot find type 'Status' in scope
 24 | #endif
 25 |
 26 | public typealias RNGStatus = Status
    |                              `- error: cannot find type 'Status' in scope
 27 |
 28 | ///
/Users/admin/builder/spi-builder-workspace/.dependencies/checkouts/BlueCryptor/Sources/Cryptor/StreamCryptor.swift:474:38: error: cannot find type 'Status' in scope
472 |     ///    Used to get additional information when optional chaining collapes.
473 | 	///
474 |     public internal(set) var status: Status = .success
    |                                      `- error: cannot find type 'Status' in scope
475 |
476 | 	///
/Users/admin/builder/spi-builder-workspace/.dependencies/checkouts/BlueCryptor/Sources/Cryptor/StreamCryptor.swift:694:73: error: cannot find type 'Status' in scope
692 | 	/// - Returns: A tuple containing the number of output bytes produced and the status (see Status)
693 | 	///
694 | 	public func update(dataIn: Data, byteArrayOut: inout [UInt8]) -> (Int, Status) {
    |                                                                         `- error: cannot find type 'Status' in scope
695 |
696 | 		let dataOutAvailable = byteArrayOut.count
/Users/admin/builder/spi-builder-workspace/.dependencies/checkouts/BlueCryptor/Sources/Cryptor/StreamCryptor.swift:719:75: error: cannot find type 'Status' in scope
717 | 	/// - Returns: A tuple containing the number of output bytes produced and the status (see Status)
718 |     ///
719 | 	public func update(dataIn: NSData, byteArrayOut: inout [UInt8]) -> (Int, Status) {
    |                                                                           `- error: cannot find type 'Status' in scope
720 |
721 |         let dataOutAvailable = byteArrayOut.count
/Users/admin/builder/spi-builder-workspace/.dependencies/checkouts/BlueCryptor/Sources/Cryptor/StreamCryptor.swift:737:81: error: cannot find type 'Status' in scope
735 | 	/// - Returns: A tuple containing the number of output bytes produced and the status (see Status)
736 |     ///
737 | 	public func update(byteArrayIn: [UInt8], byteArrayOut: inout [UInt8]) -> (Int, Status) {
    |                                                                                 `- error: cannot find type 'Status' in scope
738 |
739 |         let dataOutAvailable = byteArrayOut.count
/Users/admin/builder/spi-builder-workspace/.dependencies/checkouts/BlueCryptor/Sources/Cryptor/StreamCryptor.swift:754:77: error: cannot find type 'Status' in scope
752 | 	/// - Returns: A tuple containing the number of output bytes produced and the status (see Status)
753 |     ///
754 | 	public func update(stringIn: String, byteArrayOut: inout [UInt8]) -> (Int, Status) {
    |                                                                             `- error: cannot find type 'Status' in scope
755 |
756 |         let dataOutAvailable = byteArrayOut.count
/Users/admin/builder/spi-builder-workspace/.dependencies/checkouts/BlueCryptor/Sources/Cryptor/StreamCryptor.swift:775:58: error: cannot find type 'Status' in scope
773 | 	/// - Returns: a tuple containing the number of output bytes produced and the status (see Status)
774 |     ///
775 | 	public func final(byteArrayOut: inout [UInt8]) -> (Int, Status) {
    |                                                          `- error: cannot find type 'Status' in scope
776 |
777 |         let dataOutAvailable = byteArrayOut.count
/Users/admin/builder/spi-builder-workspace/.dependencies/checkouts/BlueCryptor/Sources/Cryptor/StreamCryptor.swift:797:157: error: cannot find type 'Status' in scope
795 | 	/// - Returns: Status of the update
796 | 	///
797 | 	public func update(bufferIn: UnsafeRawPointer, byteCountIn: Int, bufferOut: UnsafeMutablePointer<UInt8>, byteCapacityOut: Int, byteCountOut: inout Int) -> Status {
    |                                                                                                                                                             `- error: cannot find type 'Status' in scope
798 |
799 |         if self.status == .success {
/Users/admin/builder/spi-builder-workspace/.dependencies/checkouts/BlueCryptor/Sources/Cryptor/StreamCryptor.swift:863:110: error: cannot find type 'Status' in scope
861 | 	/// - Returns: Status of the update
862 | 	///
863 | 	public func final(bufferOut: UnsafeMutablePointer<UInt8>, byteCapacityOut: Int, byteCountOut: inout Int) -> Status {
    |                                                                                                              `- error: cannot find type 'Status' in scope
864 |
865 | 		if self.status == Status.success {
Failed frontend command:
/Applications/Xcode-27.0.0-Release.Candidate.app/Contents/Developer/Toolchains/XcodeDefault.xctoolchain/usr/bin/swift-frontend -frontend -emit-module -experimental-skip-non-inlinable-function-bodies-without-types /Users/admin/builder/spi-builder-workspace/.dependencies/checkouts/BlueCryptor/Sources/Cryptor/Crypto.swift /Users/admin/builder/spi-builder-workspace/.dependencies/checkouts/BlueCryptor/Sources/Cryptor/Cryptor.swift /Users/admin/builder/spi-builder-workspace/.dependencies/checkouts/BlueCryptor/Sources/Cryptor/Digest.swift /Users/admin/builder/spi-builder-workspace/.dependencies/checkouts/BlueCryptor/Sources/Cryptor/HMAC.swift /Users/admin/builder/spi-builder-workspace/.dependencies/checkouts/BlueCryptor/Sources/Cryptor/KeyDerivation.swift /Users/admin/builder/spi-builder-workspace/.dependencies/checkouts/BlueCryptor/Sources/Cryptor/Random.swift /Users/admin/builder/spi-builder-workspace/.dependencies/checkouts/BlueCryptor/Sources/Cryptor/SSLPointerTricks.swift /Users/admin/builder/spi-builder-workspace/.dependencies/checkouts/BlueCryptor/Sources/Cryptor/Status.swift /Users/admin/builder/spi-builder-workspace/.dependencies/checkouts/BlueCryptor/Sources/Cryptor/StreamCryptor.swift /Users/admin/builder/spi-builder-workspace/.dependencies/checkouts/BlueCryptor/Sources/Cryptor/Updatable.swift /Users/admin/builder/spi-builder-workspace/.dependencies/checkouts/BlueCryptor/Sources/Cryptor/Utilities.swift -target arm64-apple-xros1.0 -disable-cross-import-overlay-search -load-resolved-plugin /Applications/Xcode-27.0.0-Release.Candidate.app/Contents/Developer/Platforms/XROS.platform/Developer/usr/lib/swift/host/plugins/libFoundationMacros.dylib\#/Applications/Xcode-27.0.0-Release.Candidate.app/Contents/Developer/Platforms/XROS.platform/Developer/usr/bin/swift-plugin-server\#FoundationMacros -load-resolved-plugin /Applications/Xcode-27.0.0-Release.Candidate.app/Contents/Developer/Platforms/XROS.platform/Developer/usr/lib/swift/host/plugins/libObservationMacros.dylib\#/Applications/Xcode-27.0.0-Release.Candidate.app/Contents/Developer/Platforms/XROS.platform/Developer/usr/bin/swift-plugin-server\#ObservationMacros -load-resolved-plugin /Applications/Xcode-27.0.0-Release.Candidate.app/Contents/Developer/Platforms/XROS.platform/Developer/usr/lib/swift/host/plugins/libSwiftMacros.dylib\#/Applications/Xcode-27.0.0-Release.Candidate.app/Contents/Developer/Platforms/XROS.platform/Developer/usr/bin/swift-plugin-server\#SwiftMacros -disable-implicit-swift-modules -Xcc -fno-implicit-modules -Xcc -fno-implicit-module-maps -explicit-swift-module-map-file /Users/admin/builder/spi-builder-workspace/.derivedData/Build/Intermediates.noindex/Cryptor.build/Debug-xros/Cryptor-t.build/Objects-normal/arm64/Cryptor-dependencies-1.json -Xllvm -aarch64-use-tbi -enable-objc-interop -stack-check -sdk /Applications/Xcode-27.0.0-Release.Candidate.app/Contents/Developer/Platforms/XROS.platform/Developer/SDKs/XROS27.0.sdk -I /Users/admin/builder/spi-builder-workspace/.derivedData/Build/Products/Debug-xros -Isystem /Applications/Xcode-27.0.0-Release.Candidate.app/Contents/Developer/Platforms/XROS.platform/Developer/usr/lib -F /Users/admin/builder/spi-builder-workspace/.derivedData/Build/Products/Debug-xros -F /Applications/Xcode-27.0.0-Release.Candidate.app/Contents/Developer/Platforms/XROS.platform/Developer/Library/Frameworks -F /Applications/Xcode-27.0.0-Release.Candidate.app/Contents/Developer/Platforms/XROS.platform/Developer/SDKs/XROS27.0.sdk/Developer/Library/Frameworks -module-cache-path /Users/admin/builder/spi-builder-workspace/.derivedData/Build/Intermediates.noindex/SwiftExplicitPrecompiledModules -no-color-diagnostics -Xcc -fno-color-diagnostics -enable-testing -g -debug-info-format\=dwarf -dwarf-version\=4 -suppress-warnings -profile-generate -profile-coverage-mapping -swift-version 5 -Onone -D SWIFT_PACKAGE -D DEBUG -D SWIFT_MODULE_RESOURCE_BUNDLE_UNAVAILABLE -D Xcode -serialize-debugging-options -enable-experimental-feature DebugDescriptionMacro -empty-abi-descriptor -validate-clang-modules-once -clang-build-session-file /Users/admin/builder/spi-builder-workspace/.derivedData/ModuleCache.noindex/Session.modulevalidation -Xcc -working-directory -Xcc /Users/admin/builder/spi-builder-workspace/.swiftpm/xcode -enable-anonymous-context-mangled-names -file-compilation-dir /Users/admin/builder/spi-builder-workspace/.swiftpm/xcode -Xcc -D_LIBCPP_HARDENING_MODE\=_LIBCPP_HARDENING_MODE_DEBUG -Xcc -ivfsstatcache -Xcc /Users/admin/builder/spi-builder-workspace/.derivedData/SDKStatCaches.noindex/xros27.0-24M361-e829b21a6f8c9b70876ba0858053c044735bd543db762f57723cac368afd1ce4.sdkstatcache -Xcc -fmodules-prune-interval\=86400 -Xcc -fmodules-prune-after\=345600 -Xcc -I/Users/admin/builder/spi-builder-workspace/.derivedData/Build/Products/Debug-xros/include -Xcc -I/Users/admin/builder/spi-builder-workspace/.derivedData/Build/Intermediates.noindex/Cryptor.build/Debug-xros/Cryptor-t.build/DerivedSources-normal/arm64 -Xcc -I/Users/admin/builder/spi-builder-workspace/.derivedData/Build/Intermediates.noindex/Cryptor.build/Debug-xros/Cryptor-t.build/DerivedSources/arm64 -Xcc -I/Users/admin/builder/spi-builder-workspace/.derivedData/Build/Intermediates.noindex/Cryptor.build/Debug-xros/Cryptor-t.build/DerivedSources -Xcc -DSWIFT_PACKAGE -Xcc -DDEBUG\=1 -no-auto-bridging-header-chaining -module-name Cryptor -const-gather-protocols-file /Users/admin/builder/spi-builder-workspace/.derivedData/Build/Intermediates.noindex/Cryptor.build/Debug-xros/Cryptor-t.build/Objects-normal/arm64/Cryptor_const_extract_protocols.json -disable-clang-spi -clang-target arm64-apple-xros27.0 -target-sdk-version 27.0 -target-sdk-name xros27.0 -in-process-plugin-server-path /Applications/Xcode-27.0.0-Release.Candidate.app/Contents/Developer/Toolchains/XcodeDefault.xctoolchain/usr/lib/swift/host/libSwiftInProcPluginServer.dylib -emit-module-doc-path /Users/admin/builder/spi-builder-workspace/.derivedData/Build/Intermediates.noindex/Cryptor.build/Debug-xros/Cryptor-t.build/Objects-normal/arm64/Cryptor.swiftdoc -emit-module-source-info-path /Users/admin/builder/spi-builder-workspace/.derivedData/Build/Intermediates.noindex/Cryptor.build/Debug-xros/Cryptor-t.build/Objects-normal/arm64/Cryptor.swiftsourceinfo -emit-objc-header-path /Users/admin/builder/spi-builder-workspace/.derivedData/Build/Intermediates.noindex/Cryptor.build/Debug-xros/Cryptor-t.build/Objects-normal/arm64/Cryptor-Swift.h -serialize-diagnostics-path /Users/admin/builder/spi-builder-workspace/.derivedData/Build/Intermediates.noindex/Cryptor.build/Debug-xros/Cryptor-t.build/Objects-normal/arm64/Cryptor-primary-emit-module.dia -emit-dependencies-path /Users/admin/builder/spi-builder-workspace/.derivedData/Build/Intermediates.noindex/Cryptor.build/Debug-xros/Cryptor-t.build/Objects-normal/arm64/Cryptor-primary-emit-module.d -parse-as-library -o /Users/admin/builder/spi-builder-workspace/.derivedData/Build/Intermediates.noindex/Cryptor.build/Debug-xros/Cryptor-t.build/Objects-normal/arm64/Cryptor.swiftmodule -emit-abi-descriptor-path /Users/admin/builder/spi-builder-workspace/.derivedData/Build/Intermediates.noindex/Cryptor.build/Debug-xros/Cryptor-t.build/Objects-normal/arm64/Cryptor.abi.json
SwiftCompile normal arm64 (in target 'Cryptor' from project 'Cryptor')
    cd /Users/admin/builder/spi-builder-workspace/.swiftpm/xcode

SwiftCompile normal arm64 Compiling\ Utilities.swift /Users/admin/builder/spi-builder-workspace/.dependencies/checkouts/BlueCryptor/Sources/Cryptor/Utilities.swift (in target 'Cryptor' from project 'Cryptor')
SwiftCompile normal arm64 /Users/admin/builder/spi-builder-workspace/.dependencies/checkouts/BlueCryptor/Sources/Cryptor/Utilities.swift (in target 'Cryptor' from project 'Cryptor')
    cd /Users/admin/builder/spi-builder-workspace/.swiftpm/xcode
    builtin-SwiftPerFileCompile Utilities.swift
SwiftEmitModule normal arm64 Emitting\ module\ for\ LoggerAPI (in target 'LoggerAPI' from project 'LoggerAPI')
SwiftCompile normal arm64 (in target 'LoggerAPI' from project 'LoggerAPI')
    cd /Users/admin/builder/spi-builder-workspace/.swiftpm/xcode

SwiftDriverJobDiscovery normal arm64 Compiling SSLPointerTricks.swift (in target 'Cryptor' from project 'Cryptor')
SwiftEmitModule normal arm64 Emitting\ module\ for\ CryptorRSA (in target 'CryptorRSA' from project 'CryptorRSA')
SwiftCompile normal arm64 (in target 'CryptorRSA' from project 'CryptorRSA')
    cd /Users/admin/builder/spi-builder-workspace/.swiftpm/xcode

PruneExplicitPrecompiledModules /Users/admin/builder/spi-builder-workspace/.derivedData/Build/Intermediates.noindex/ExplicitPrecompiledModules
PruneExplicitPrecompiledModules /Users/admin/builder/spi-builder-workspace/.derivedData/Build/Intermediates.noindex/SwiftExplicitPrecompiledModules
PruneExplicitPrecompiledModules /Users/admin/builder/spi-builder-workspace/.derivedData/SDKExplicitPrecompiledModules
2026-09-17 12:55:28.370 xcodebuild[1746:9815] [MT] IDERunDestination: Supported platforms for the buildables in the current scheme is empty.
** BUILD FAILED **
The following build commands failed:
	SwiftEmitModule normal arm64 Emitting\ module\ for\ Cryptor (in target 'Cryptor' from project 'Cryptor')
	SwiftCompile normal arm64 (in target 'Cryptor' from project 'Cryptor')
	Building workspace PushNotifications with scheme PushNotifications
(3 failures)
BUILD FAILURE 6.4 visionOS