Build Information
Failed to build VDKit, reference master (479b07), with Swift 6.4 for watchOS using Xcode 27.0 on 18 Sep 2026 17:31:35 UTC.
Build Command
env DEVELOPER_DIR=/Applications/Xcode-27.0.0-Release.Candidate.app xcrun xcodebuild -IDEClonedSourcePackagesDirPathOverride=$PWD/.dependencies -skipMacroValidation -skipPackagePluginValidation -derivedDataPath $PWD/.derivedData build -scheme VDKit-Package -destination generic/platform=watchOSBuild Log
33 | CATransform3DIdentity.translated(xy)
34 | }
/Applications/Xcode-27.0.0-Release.Candidate.app/Contents/Developer/Platforms/WatchOS.platform/Developer/SDKs/WatchOS27.0.sdk/System/Library/Frameworks/QuartzCore.framework/Headers/CATransform3D.h:17:8: note: 'CATransform3D' has been explicitly marked unavailable here
15 | /* Homogeneous three-dimensional transforms. */
16 |
17 | struct CATransform3D
| `- note: 'CATransform3D' has been explicitly marked unavailable here
18 | {
19 | CGFloat m11, m12, m13, m14;
/Users/admin/builder/spi-builder-workspace/Sources/VDCoreGraphics/CA++.swift:36:97: error: 'CATransform3D' is unavailable in watchOS
34 | }
35 |
36 | public static func rotate(_ angle: CGFloat, x: CGFloat = 0, y: CGFloat = 0, z: CGFloat = 1) -> CATransform3D {
| `- error: 'CATransform3D' is unavailable in watchOS
37 | CATransform3DIdentity.rotated(angle, x: x, y: y, z: z)
38 | }
/Applications/Xcode-27.0.0-Release.Candidate.app/Contents/Developer/Platforms/WatchOS.platform/Developer/SDKs/WatchOS27.0.sdk/System/Library/Frameworks/QuartzCore.framework/Headers/CATransform3D.h:17:8: note: 'CATransform3D' has been explicitly marked unavailable here
15 | /* Homogeneous three-dimensional transforms. */
16 |
17 | struct CATransform3D
| `- note: 'CATransform3D' has been explicitly marked unavailable here
18 | {
19 | CGFloat m11, m12, m13, m14;
/Users/admin/builder/spi-builder-workspace/Sources/VDCoreGraphics/CA++.swift:40:64: error: 'CATransform3D' is unavailable in watchOS
38 | }
39 |
40 | public func scaled(x: CGFloat, y: CGFloat, z: CGFloat = 1) -> CATransform3D {
| `- error: 'CATransform3D' is unavailable in watchOS
41 | CATransform3DScale(self, x, y, z)
42 | }
/Applications/Xcode-27.0.0-Release.Candidate.app/Contents/Developer/Platforms/WatchOS.platform/Developer/SDKs/WatchOS27.0.sdk/System/Library/Frameworks/QuartzCore.framework/Headers/CATransform3D.h:17:8: note: 'CATransform3D' has been explicitly marked unavailable here
15 | /* Homogeneous three-dimensional transforms. */
16 |
17 | struct CATransform3D
| `- note: 'CATransform3D' has been explicitly marked unavailable here
18 | {
19 | CGFloat m11, m12, m13, m14;
/Users/admin/builder/spi-builder-workspace/Sources/VDCoreGraphics/CA++.swift:44:39: error: 'CATransform3D' is unavailable in watchOS
42 | }
43 |
44 | public func scaled(_ xy: CGFloat) -> CATransform3D {
| `- error: 'CATransform3D' is unavailable in watchOS
45 | CATransform3DScale(self, xy, xy, 1)
46 | }
/Applications/Xcode-27.0.0-Release.Candidate.app/Contents/Developer/Platforms/WatchOS.platform/Developer/SDKs/WatchOS27.0.sdk/System/Library/Frameworks/QuartzCore.framework/Headers/CATransform3D.h:17:8: note: 'CATransform3D' has been explicitly marked unavailable here
15 | /* Homogeneous three-dimensional transforms. */
16 |
17 | struct CATransform3D
| `- note: 'CATransform3D' has been explicitly marked unavailable here
18 | {
19 | CGFloat m11, m12, m13, m14;
/Users/admin/builder/spi-builder-workspace/Sources/VDCoreGraphics/CA++.swift:48:68: error: 'CATransform3D' is unavailable in watchOS
46 | }
47 |
48 | public func translated(x: CGFloat, y: CGFloat, z: CGFloat = 0) -> CATransform3D {
| `- error: 'CATransform3D' is unavailable in watchOS
49 | CATransform3DTranslate(self, x, y, z)
50 | }
/Applications/Xcode-27.0.0-Release.Candidate.app/Contents/Developer/Platforms/WatchOS.platform/Developer/SDKs/WatchOS27.0.sdk/System/Library/Frameworks/QuartzCore.framework/Headers/CATransform3D.h:17:8: note: 'CATransform3D' has been explicitly marked unavailable here
15 | /* Homogeneous three-dimensional transforms. */
16 |
17 | struct CATransform3D
| `- note: 'CATransform3D' has been explicitly marked unavailable here
18 | {
19 | CGFloat m11, m12, m13, m14;
/Users/admin/builder/spi-builder-workspace/Sources/VDCoreGraphics/CA++.swift:52:43: error: 'CATransform3D' is unavailable in watchOS
50 | }
51 |
52 | public func translated(_ xy: CGPoint) -> CATransform3D {
| `- error: 'CATransform3D' is unavailable in watchOS
53 | CATransform3DTranslate(self, xy.x, xy.y, 0)
54 | }
/Applications/Xcode-27.0.0-Release.Candidate.app/Contents/Developer/Platforms/WatchOS.platform/Developer/SDKs/WatchOS27.0.sdk/System/Library/Frameworks/QuartzCore.framework/Headers/CATransform3D.h:17:8: note: 'CATransform3D' has been explicitly marked unavailable here
15 | /* Homogeneous three-dimensional transforms. */
16 |
17 | struct CATransform3D
| `- note: 'CATransform3D' has been explicitly marked unavailable here
18 | {
19 | CGFloat m11, m12, m13, m14;
/Users/admin/builder/spi-builder-workspace/Sources/VDCoreGraphics/CA++.swift:56:91: error: 'CATransform3D' is unavailable in watchOS
54 | }
55 |
56 | public func rotated(_ angle: CGFloat, x: CGFloat = 0, y: CGFloat = 0, z: CGFloat = 1) -> CATransform3D {
| `- error: 'CATransform3D' is unavailable in watchOS
57 | CATransform3DRotate(self, angle, x, y, z)
58 | }
/Applications/Xcode-27.0.0-Release.Candidate.app/Contents/Developer/Platforms/WatchOS.platform/Developer/SDKs/WatchOS27.0.sdk/System/Library/Frameworks/QuartzCore.framework/Headers/CATransform3D.h:17:8: note: 'CATransform3D' has been explicitly marked unavailable here
15 | /* Homogeneous three-dimensional transforms. */
16 |
17 | struct CATransform3D
| `- note: 'CATransform3D' has been explicitly marked unavailable here
18 | {
19 | CGFloat m11, m12, m13, m14;
/Users/admin/builder/spi-builder-workspace/Sources/VDCoreGraphics/CA++.swift:60:23: error: 'CATransform3D' is unavailable in watchOS
58 | }
59 |
60 | public var inverted: CATransform3D {
| `- error: 'CATransform3D' is unavailable in watchOS
61 | CATransform3DInvert(self)
62 | }
/Applications/Xcode-27.0.0-Release.Candidate.app/Contents/Developer/Platforms/WatchOS.platform/Developer/SDKs/WatchOS27.0.sdk/System/Library/Frameworks/QuartzCore.framework/Headers/CATransform3D.h:17:8: note: 'CATransform3D' has been explicitly marked unavailable here
15 | /* Homogeneous three-dimensional transforms. */
16 |
17 | struct CATransform3D
| `- note: 'CATransform3D' has been explicitly marked unavailable here
18 | {
19 | CGFloat m11, m12, m13, m14;
/Users/admin/builder/spi-builder-workspace/Sources/VDCoreGraphics/CA++.swift:64:37: error: 'CATransform3D' is unavailable in watchOS
62 | }
63 |
64 | public func concatenating(_ other: CATransform3D) -> CATransform3D {
| `- error: 'CATransform3D' is unavailable in watchOS
65 | CATransform3DConcat(self, other)
66 | }
/Applications/Xcode-27.0.0-Release.Candidate.app/Contents/Developer/Platforms/WatchOS.platform/Developer/SDKs/WatchOS27.0.sdk/System/Library/Frameworks/QuartzCore.framework/Headers/CATransform3D.h:17:8: note: 'CATransform3D' has been explicitly marked unavailable here
15 | /* Homogeneous three-dimensional transforms. */
16 |
17 | struct CATransform3D
| `- note: 'CATransform3D' has been explicitly marked unavailable here
18 | {
19 | CGFloat m11, m12, m13, m14;
/Users/admin/builder/spi-builder-workspace/Sources/VDCoreGraphics/CA++.swift:64:55: error: 'CATransform3D' is unavailable in watchOS
62 | }
63 |
64 | public func concatenating(_ other: CATransform3D) -> CATransform3D {
| `- error: 'CATransform3D' is unavailable in watchOS
65 | CATransform3DConcat(self, other)
66 | }
/Applications/Xcode-27.0.0-Release.Candidate.app/Contents/Developer/Platforms/WatchOS.platform/Developer/SDKs/WatchOS27.0.sdk/System/Library/Frameworks/QuartzCore.framework/Headers/CATransform3D.h:17:8: note: 'CATransform3D' has been explicitly marked unavailable here
15 | /* Homogeneous three-dimensional transforms. */
16 |
17 | struct CATransform3D
| `- note: 'CATransform3D' has been explicitly marked unavailable here
18 | {
19 | CGFloat m11, m12, m13, m14;
/Users/admin/builder/spi-builder-workspace/Sources/VDCoreGraphics/CA++.swift:68:29: error: 'CATransform3D' is unavailable in watchOS
66 | }
67 |
68 | public func added(_ other: CATransform3D) -> CATransform3D {
| `- error: 'CATransform3D' is unavailable in watchOS
69 | let new = CATransform3DConcat(self, other)
70 | return CATransform3D(
/Applications/Xcode-27.0.0-Release.Candidate.app/Contents/Developer/Platforms/WatchOS.platform/Developer/SDKs/WatchOS27.0.sdk/System/Library/Frameworks/QuartzCore.framework/Headers/CATransform3D.h:17:8: note: 'CATransform3D' has been explicitly marked unavailable here
15 | /* Homogeneous three-dimensional transforms. */
16 |
17 | struct CATransform3D
| `- note: 'CATransform3D' has been explicitly marked unavailable here
18 | {
19 | CGFloat m11, m12, m13, m14;
/Users/admin/builder/spi-builder-workspace/Sources/VDCoreGraphics/CA++.swift:68:47: error: 'CATransform3D' is unavailable in watchOS
66 | }
67 |
68 | public func added(_ other: CATransform3D) -> CATransform3D {
| `- error: 'CATransform3D' is unavailable in watchOS
69 | let new = CATransform3DConcat(self, other)
70 | return CATransform3D(
/Applications/Xcode-27.0.0-Release.Candidate.app/Contents/Developer/Platforms/WatchOS.platform/Developer/SDKs/WatchOS27.0.sdk/System/Library/Frameworks/QuartzCore.framework/Headers/CATransform3D.h:17:8: note: 'CATransform3D' has been explicitly marked unavailable here
15 | /* Homogeneous three-dimensional transforms. */
16 |
17 | struct CATransform3D
| `- note: 'CATransform3D' has been explicitly marked unavailable here
18 | {
19 | CGFloat m11, m12, m13, m14;
/Users/admin/builder/spi-builder-workspace/Sources/VDCoreGraphics/CA++.swift:12:11: error: 'CATransform3D' is unavailable in watchOS
10 | import QuartzCore
11 |
12 | extension CATransform3D {
| `- error: 'CATransform3D' is unavailable in watchOS
13 |
14 | public static var identity: CATransform3D { CATransform3DIdentity }
/Applications/Xcode-27.0.0-Release.Candidate.app/Contents/Developer/Platforms/WatchOS.platform/Developer/SDKs/WatchOS27.0.sdk/System/Library/Frameworks/QuartzCore.framework/Headers/CATransform3D.h:17:8: note: 'CATransform3D' has been explicitly marked unavailable here
15 | /* Homogeneous three-dimensional transforms. */
16 |
17 | struct CATransform3D
| `- note: 'CATransform3D' has been explicitly marked unavailable here
18 | {
19 | CGFloat m11, m12, m13, m14;
/Users/admin/builder/spi-builder-workspace/Sources/VDCoreGraphics/CA++.swift:81:26: error: 'CATransform3D' is unavailable in watchOS
79 | extension CGAffineTransform {
80 |
81 | public var transform3d: CATransform3D {
| `- error: 'CATransform3D' is unavailable in watchOS
82 | CATransform3DMakeAffineTransform(self)
83 | }
/Applications/Xcode-27.0.0-Release.Candidate.app/Contents/Developer/Platforms/WatchOS.platform/Developer/SDKs/WatchOS27.0.sdk/System/Library/Frameworks/QuartzCore.framework/Headers/CATransform3D.h:17:8: note: 'CATransform3D' has been explicitly marked unavailable here
15 | /* Homogeneous three-dimensional transforms. */
16 |
17 | struct CATransform3D
| `- note: 'CATransform3D' has been explicitly marked unavailable here
18 | {
19 | CGFloat m11, m12, m13, m14;
/Users/admin/builder/spi-builder-workspace/Sources/VDCoreGraphics/CA++.swift:116:1: warning: extension declares a conformance of imported type 'CATransform3D' to imported protocol 'Equatable'; this will not behave correctly if the owners of 'QuartzCore' introduce this conformance in the future
114 | }
115 |
116 | extension CATransform3D: Equatable {
| |- warning: extension declares a conformance of imported type 'CATransform3D' to imported protocol 'Equatable'; this will not behave correctly if the owners of 'QuartzCore' introduce this conformance in the future
| `- note: add '@retroactive' to silence this warning
117 |
118 | private var ms: [CGFloat] { [m11, m12, m13, m14, m21, m22, m23, m24, m31, m32, m33, m34, m41, m42, m43, m44] }
/Users/admin/builder/spi-builder-workspace/Sources/VDCoreGraphics/CA++.swift:120:31: error: 'CATransform3D' is unavailable in watchOS
118 | private var ms: [CGFloat] { [m11, m12, m13, m14, m21, m22, m23, m24, m31, m32, m33, m34, m41, m42, m43, m44] }
119 |
120 | public static func ==(_ lhs: CATransform3D, _ rhs: CATransform3D) -> Bool {
| `- error: 'CATransform3D' is unavailable in watchOS
121 | lhs.ms == rhs.ms
122 | }
/Applications/Xcode-27.0.0-Release.Candidate.app/Contents/Developer/Platforms/WatchOS.platform/Developer/SDKs/WatchOS27.0.sdk/System/Library/Frameworks/QuartzCore.framework/Headers/CATransform3D.h:17:8: note: 'CATransform3D' has been explicitly marked unavailable here
15 | /* Homogeneous three-dimensional transforms. */
16 |
17 | struct CATransform3D
| `- note: 'CATransform3D' has been explicitly marked unavailable here
18 | {
19 | CGFloat m11, m12, m13, m14;
/Users/admin/builder/spi-builder-workspace/Sources/VDCoreGraphics/CA++.swift:120:53: error: 'CATransform3D' is unavailable in watchOS
118 | private var ms: [CGFloat] { [m11, m12, m13, m14, m21, m22, m23, m24, m31, m32, m33, m34, m41, m42, m43, m44] }
119 |
120 | public static func ==(_ lhs: CATransform3D, _ rhs: CATransform3D) -> Bool {
| `- error: 'CATransform3D' is unavailable in watchOS
121 | lhs.ms == rhs.ms
122 | }
/Applications/Xcode-27.0.0-Release.Candidate.app/Contents/Developer/Platforms/WatchOS.platform/Developer/SDKs/WatchOS27.0.sdk/System/Library/Frameworks/QuartzCore.framework/Headers/CATransform3D.h:17:8: note: 'CATransform3D' has been explicitly marked unavailable here
15 | /* Homogeneous three-dimensional transforms. */
16 |
17 | struct CATransform3D
| `- note: 'CATransform3D' has been explicitly marked unavailable here
18 | {
19 | CGFloat m11, m12, m13, m14;
SwiftCompile normal arm64 (in target 'VDCoreGraphics' from project 'VDKit')
cd /Users/admin/builder/spi-builder-workspace/.swiftpm/xcode
SwiftDriverJobDiscovery normal arm64 Compiling ComposeBuilder.swift (in target 'VDBuilders' from project 'VDKit')
SwiftEmitModule normal arm64 Emitting\ module\ for\ EnvironmentStateObject (in target 'EnvironmentStateObject' from project 'VDKit')
SwiftCompile normal arm64 (in target 'EnvironmentStateObject' from project 'VDKit')
cd /Users/admin/builder/spi-builder-workspace/.swiftpm/xcode
SwiftDriverJobDiscovery normal arm64_32 Compiling SingleBuilder.swift (in target 'VDBuilders' from project 'VDKit')
SwiftEmitModule normal arm64_32 Emitting\ module\ for\ BindGeometry (in target 'BindGeometry' from project 'VDKit')
SwiftCompile normal arm64_32 (in target 'BindGeometry' from project 'VDKit')
cd /Users/admin/builder/spi-builder-workspace/.swiftpm/xcode
SwiftDriverJobDiscovery normal arm64 Compiling SingleBuilder.swift (in target 'VDBuilders' from project 'VDKit')
SwiftEmitModule normal arm64 Emitting\ module\ for\ BindGeometry (in target 'BindGeometry' from project 'VDKit')
SwiftCompile normal arm64 (in target 'BindGeometry' from project 'VDKit')
cd /Users/admin/builder/spi-builder-workspace/.swiftpm/xcode
SwiftDriverJobDiscovery normal arm64_32 Compiling ArrayBuilder.swift (in target 'VDBuilders' from project 'VDKit')
SwiftDriverJobDiscovery normal arm64 Compiling CalendarComponent++.swift (in target 'VDDates' from project 'VDKit')
SwiftCompile normal arm64_32 Compiling\ CG++.swift /Users/admin/builder/spi-builder-workspace/Sources/VDCoreGraphics/CG++.swift (in target 'VDCoreGraphics' from project 'VDKit')
SwiftCompile normal arm64_32 /Users/admin/builder/spi-builder-workspace/Sources/VDCoreGraphics/CG++.swift (in target 'VDCoreGraphics' from project 'VDKit')
cd /Users/admin/builder/spi-builder-workspace/.swiftpm/xcode
builtin-SwiftPerFileCompile CG++.swift
SwiftCompile normal arm64 Compiling\ CA++.swift /Users/admin/builder/spi-builder-workspace/Sources/VDCoreGraphics/CA++.swift (in target 'VDCoreGraphics' from project 'VDKit')
SwiftCompile normal arm64 /Users/admin/builder/spi-builder-workspace/Sources/VDCoreGraphics/CA++.swift (in target 'VDCoreGraphics' from project 'VDKit')
cd /Users/admin/builder/spi-builder-workspace/.swiftpm/xcode
builtin-SwiftPerFileCompile CA++.swift
PruneExplicitPrecompiledModules /Users/admin/builder/spi-builder-workspace/.derivedData/Build/Intermediates.noindex/SwiftExplicitPrecompiledModules
PruneExplicitPrecompiledModules /Users/admin/builder/spi-builder-workspace/.derivedData/Build/Intermediates.noindex/ExplicitPrecompiledModules
PruneExplicitPrecompiledModules /Users/admin/builder/spi-builder-workspace/.derivedData/SDKExplicitPrecompiledModules
2026-09-18 13:31:19.505 xcodebuild[648:4189] [MT] IDERunDestination: Supported platforms for the buildables in the current scheme is empty.
** BUILD FAILED **
The following build commands failed:
SwiftEmitModule normal arm64_32 Emitting\ module\ for\ VDCoreGraphics (in target 'VDCoreGraphics' from project 'VDKit')
SwiftCompile normal arm64_32 (in target 'VDCoreGraphics' from project 'VDKit')
Building workspace VDKit with scheme VDKit-Package
(3 failures)
Command line invocation:
/Applications/Xcode-27.0.0-Release.Candidate.app/Contents/Developer/usr/bin/xcodebuild -IDEClonedSourcePackagesDirPathOverride=/Users/admin/builder/spi-builder-workspace/.dependencies -resolvePackageDependencies
Resolve Package Graph
Resolved source packages:
VDKit: /Users/admin/builder/spi-builder-workspace
resolved source packages: VDKit
2026-09-18 13:31:29.308 xcodebuild[887:5647] [MT] IDERunDestination: Supported platforms for the buildables in the current scheme is empty.
{
"dependencies" : [
],
"manifest_display_name" : "VDKit",
"name" : "VDKit",
"path" : "/Users/admin/builder/spi-builder-workspace",
"platforms" : [
{
"name" : "ios",
"version" : "11.0"
},
{
"name" : "macos",
"version" : "10.11"
}
],
"products" : [
{
"name" : "VDKit",
"targets" : [
"VDKit"
],
"type" : {
"library" : [
"automatic"
]
}
},
{
"name" : "VDSwiftUI",
"targets" : [
"VDSwiftUI"
],
"type" : {
"library" : [
"automatic"
]
}
},
{
"name" : "VDBuilders",
"targets" : [
"VDBuilders"
],
"type" : {
"library" : [
"automatic"
]
}
},
{
"name" : "UIKitEnvironment",
"targets" : [
"UIKitEnvironment"
],
"type" : {
"library" : [
"automatic"
]
}
},
{
"name" : "VDCommon",
"targets" : [
"VDCommon"
],
"type" : {
"library" : [
"automatic"
]
}
},
{
"name" : "VDDates",
"targets" : [
"VDDates"
],
"type" : {
"library" : [
"automatic"
]
}
},
{
"name" : "WrappedDefaults",
"targets" : [
"WrappedDefaults"
],
"type" : {
"library" : [
"automatic"
]
}
},
{
"name" : "VDSwiftUICommon",
"targets" : [
"VDSwiftUICommon"
],
"type" : {
"library" : [
"automatic"
]
}
},
{
"name" : "BindGeometry",
"targets" : [
"BindGeometry"
],
"type" : {
"library" : [
"automatic"
]
}
},
{
"name" : "DragNDrop",
"targets" : [
"DragNDrop"
],
"type" : {
"library" : [
"automatic"
]
}
},
{
"name" : "EnvironmentStateObject",
"targets" : [
"EnvironmentStateObject"
],
"type" : {
"library" : [
"automatic"
]
}
},
{
"name" : "Field",
"targets" : [
"Field"
],
"type" : {
"library" : [
"automatic"
]
}
},
{
"name" : "DateField",
"targets" : [
"DateField"
],
"type" : {
"library" : [
"automatic"
]
}
},
{
"name" : "Pages",
"targets" : [
"Pages"
],
"type" : {
"library" : [
"automatic"
]
}
},
{
"name" : "Scroll",
"targets" : [
"Scroll"
],
"type" : {
"library" : [
"automatic"
]
}
},
{
"name" : "VDUIKit",
"targets" : [
"VDUIKit"
],
"type" : {
"library" : [
"automatic"
]
}
},
{
"name" : "VDOptional",
"targets" : [
"VDOptional"
],
"type" : {
"library" : [
"automatic"
]
}
},
{
"name" : "VDMirror",
"targets" : [
"VDMirror"
],
"type" : {
"library" : [
"automatic"
]
}
},
{
"name" : "LinesStack",
"targets" : [
"LinesStack"
],
"type" : {
"library" : [
"automatic"
]
}
},
{
"name" : "LoadingPlaceholder",
"targets" : [
"LoadingPlaceholder"
],
"type" : {
"library" : [
"automatic"
]
}
},
{
"name" : "VDCoreGraphics",
"targets" : [
"VDCoreGraphics"
],
"type" : {
"library" : [
"automatic"
]
}
},
{
"name" : "VDKitRuntime",
"targets" : [
"VDKitRuntime"
],
"type" : {
"library" : [
"automatic"
]
}
}
],
"targets" : [
{
"c99name" : "WrappedDefaults",
"module_type" : "SwiftTarget",
"name" : "WrappedDefaults",
"path" : "Sources/WrappedDefaults",
"product_memberships" : [
"VDKit",
"WrappedDefaults"
],
"sources" : [
"UserDefaults+Extensions.swift",
"UserDefaultsSerializable.swift",
"WrappedDefault.swift"
],
"target_dependencies" : [
"VDOptional"
],
"type" : "library"
},
{
"c99name" : "VDUIKit",
"module_type" : "SwiftTarget",
"name" : "VDUIKit",
"path" : "Sources/VDUIKit",
"product_memberships" : [
"VDKit",
"DateField",
"VDUIKit"
],
"sources" : [
"Alerts.swift",
"Animation++.swift",
"BlurView.swift",
"Bundle++.swift",
"CALayer++.swift",
"Edges.swift",
"Reusable.swift",
"ShadowInView.swift",
"UIBackdropView.swift",
"UIButton++.swift",
"UIButton+Ext.swift",
"UIColor++.swift",
"UIControl+Ext.swift",
"UIFont++.swift",
"UILabel++.swift",
"UIRectCorner++.swift",
"UIScreen++.swift",
"UIScrollView++.swift",
"UIStackView++.swift",
"UISwitch++.swift",
"UITextField++.swift",
"UIView++.swift",
"UIView+LayoutPriority.swift",
"UIWindow++.swift",
"XibView.swift"
],
"target_dependencies" : [
"VDBuilders",
"VDCoreGraphics"
],
"type" : "library"
},
{
"c99name" : "VDSwiftUICommon",
"module_type" : "SwiftTarget",
"name" : "VDSwiftUICommon",
"path" : "Sources/SwiftUI/VDSwiftUICommon",
"product_memberships" : [
"VDKit",
"VDSwiftUI",
"VDSwiftUICommon",
"DragNDrop",
"Field",
"DateField",
"Pages",
"Scroll"
],
"sources" : [
"AdditionalSafeArea.swift",
"Backdrop.swift",
"Binding++.swift",
"Blur.swift",
"Color++.swift",
"EdgeInsets++.swift",
"Envionment++.swift",
"EnvironmentViewBuilder.swift",
"Font++.swift",
"Hosting++.swift",
"Image++.swift",
"Menu.swift",
"OnFirstAppear.swift",
"Popover.swift",
"PullToRefresh.swift",
"Rounded.swift",
"StateOrBinding.swift",
"StateSubject.swift",
"TextAlignment++.swift",
"UIGestures.swift",
"View++.swift",
"ViewBuilder++.swift",
"ViewTag.swift"
],
"target_dependencies" : [
"VDMirror",
"VDOptional",
"VDBuilders"
],
"type" : "library"
},
{
"c99name" : "VDSwiftUI",
"module_type" : "SwiftTarget",
"name" : "VDSwiftUI",
"path" : "Sources/VDSwiftUI",
"product_memberships" : [
"VDSwiftUI"
],
"sources" : [
"Imports.swift"
],
"target_dependencies" : [
"VDSwiftUICommon",
"BindGeometry",
"DragNDrop",
"EnvironmentStateObject",
"Field",
"Pages",
"Scroll",
"LinesStack",
"VDCoreGraphics",
"LoadingPlaceholder"
],
"type" : "library"
},
{
"c99name" : "VDOptional",
"module_type" : "SwiftTarget",
"name" : "VDOptional",
"path" : "Sources/VDOptional",
"product_memberships" : [
"VDKit",
"VDSwiftUI",
"WrappedDefaults",
"VDSwiftUICommon",
"DragNDrop",
"Field",
"DateField",
"Pages",
"Scroll",
"VDOptional"
],
"sources" : [
"UnwrapOperator.swift"
],
"type" : "library"
},
{
"c99name" : "VDMirror",
"module_type" : "SwiftTarget",
"name" : "VDMirror",
"path" : "Sources/VDMirror",
"product_memberships" : [
"VDKit",
"VDSwiftUI",
"VDSwiftUICommon",
"DragNDrop",
"Field",
"DateField",
"Pages",
"Scroll",
"VDMirror"
],
"sources" : [
"Mirror++.swift"
],
"type" : "library"
},
{
"c99name" : "VDKitRuntimeObjc",
"module_type" : "ClangTarget",
"name" : "VDKitRuntimeObjc",
"path" : "Sources/VDKitRuntimeObjc",
"product_memberships" : [
"VDKit",
"UIKitEnvironment",
"VDKitRuntime"
],
"sources" : [
"_VD.m",
"_VDDelegateProxy.m",
"_VDKVOObserver.m",
"_VDObjCRuntime.m"
],
"type" : "library"
},
{
"c99name" : "VDKitRuntime",
"module_type" : "SwiftTarget",
"name" : "VDKitRuntime",
"path" : "Sources/VDKitRuntime",
"product_memberships" : [
"VDKit",
"UIKitEnvironment",
"VDKitRuntime"
],
"sources" : [
"Runtime++.swift"
],
"target_dependencies" : [
"VDKitRuntimeObjc"
],
"type" : "library"
},
{
"c99name" : "VDKit",
"module_type" : "SwiftTarget",
"name" : "VDKit",
"path" : "Sources/VDKit",
"product_memberships" : [
"VDKit"
],
"sources" : [
"Imports.swift"
],
"target_dependencies" : [
"VDKitRuntime",
"VDBuilders",
"UIKitEnvironment",
"VDCommon",
"VDDates",
"WrappedDefaults",
"VDSwiftUICommon",
"BindGeometry",
"DragNDrop",
"EnvironmentStateObject",
"Field",
"Pages",
"Scroll",
"VDUIKit",
"VDOptional",
"VDMirror",
"LinesStack",
"VDCoreGraphics",
"LoadingPlaceholder",
"DateField"
],
"type" : "library"
},
{
"c99name" : "VDDates",
"module_type" : "SwiftTarget",
"name" : "VDDates",
"path" : "Sources/VDDates",
"product_memberships" : [
"VDKit",
"VDDates",
"DateField"
],
"sources" : [
"CalendarComponent++.swift",
"Date++.swift",
"DateFormat.swift"
],
"type" : "library"
},
{
"c99name" : "VDCoreGraphics",
"module_type" : "SwiftTarget",
"name" : "VDCoreGraphics",
"path" : "Sources/VDCoreGraphics",
"product_memberships" : [
"VDKit",
"VDSwiftUI",
"DateField",
"Scroll",
"VDUIKit",
"VDCoreGraphics"
],
"sources" : [
"CA++.swift",
"CG++.swift",
"CGAffineTransform++.swift"
],
"type" : "library"
},
{
"c99name" : "VDCommon",
"module_type" : "SwiftTarget",
"name" : "VDCommon",
"path" : "Sources/VDCommon",
"product_memberships" : [
"VDKit",
"VDSwiftUI",
"VDCommon",
"DateField",
"Scroll"
],
"sources" : [
"AttributedString++.swift",
"Bool++.swift",
"Clojures.swift",
"Collection++.swift",
"CollectionDifference++.swift",
"CopyOnWrite.swift",
"Decimal++.swift",
"GetterSetter.swift",
"Lazy.swift",
"Locale++.swift",
"Lock++.swift",
"OffsetBounds.swift",
"Pair.swift",
"Pattern.swift",
"Proxy.swift",
"Range++.swift",
"Result++.swift",
"String++.swift",
"Union.swift"
],
"target_dependencies" : [
"VDBuilders"
],
"type" : "library"
},
{
"c99name" : "VDBuilders",
"module_type" : "SwiftTarget",
"name" : "VDBuilders",
"path" : "Sources/VDBuilders",
"product_memberships" : [
"VDKit",
"VDSwiftUI",
"VDBuilders",
"VDCommon",
"VDSwiftUICommon",
"DragNDrop",
"Field",
"DateField",
"Pages",
"Scroll",
"VDUIKit"
],
"sources" : [
"ArrayBuilder.swift",
"ComposeBuilder.swift",
"SingleBuilder.swift"
],
"type" : "library"
},
{
"c99name" : "UIKitEnvironment",
"module_type" : "SwiftTarget",
"name" : "UIKitEnvironment",
"path" : "Sources/UIKitEnvironment",
"product_memberships" : [
"VDKit",
"UIKitEnvironment"
],
"sources" : [
"UIViewEnvironment.swift"
],
"target_dependencies" : [
"VDKitRuntime"
],
"type" : "library"
},
{
"c99name" : "Scroll",
"module_type" : "SwiftTarget",
"name" : "Scroll",
"path" : "Sources/SwiftUI/Scroll",
"product_memberships" : [
"VDKit",
"VDSwiftUI",
"Scroll"
],
"sources" : [
"ContentFrame.swift",
"ContentOffset.swift",
"ContentOffsetRange.swift",
"Scroll.swift",
"ScrollEnvironments.swift",
"ScrollOffset.swift",
"ScrollPaging.swift"
],
"target_dependencies" : [
"VDCommon",
"VDSwiftUICommon",
"VDCoreGraphics"
],
"type" : "library"
},
{
"c99name" : "Pages",
"module_type" : "SwiftTarget",
"name" : "Pages",
"path" : "Sources/SwiftUI/Pages",
"product_memberships" : [
"VDKit",
"VDSwiftUI",
"Pages"
],
"sources" : [
"Pages.swift"
],
"target_dependencies" : [
"VDSwiftUICommon"
],
"type" : "library"
},
{
"c99name" : "LoadingPlaceholder",
"module_type" : "SwiftTarget",
"name" : "LoadingPlaceholder",
"path" : "Sources/SwiftUI/LoadingPlaceholder",
"product_memberships" : [
"VDKit",
"VDSwiftUI",
"LoadingPlaceholder"
],
"sources" : [
"PlaceholderModifier.swift",
"Shimmering.swift"
],
"target_dependencies" : [
"BindGeometry"
],
"type" : "library"
},
{
"c99name" : "LinesStack",
"module_type" : "SwiftTarget",
"name" : "LinesStack",
"path" : "Sources/SwiftUI/LinesStack",
"product_memberships" : [
"VDKit",
"VDSwiftUI",
"LinesStack"
],
"sources" : [
"LinesStack.swift"
],
"target_dependencies" : [
"BindGeometry"
],
"type" : "library"
},
{
"c99name" : "Field",
"module_type" : "SwiftTarget",
"name" : "Field",
"path" : "Sources/SwiftUI/Field",
"product_memberships" : [
"VDKit",
"VDSwiftUI",
"Field"
],
"sources" : [
"Field.swift",
"FieldEnvironments.swift",
"UIField.swift"
],
"target_dependencies" : [
"VDSwiftUICommon"
],
"type" : "library"
},
{
"c99name" : "EnvironmentStateObject",
"module_type" : "SwiftTarget",
"name" : "EnvironmentStateObject",
"path" : "Sources/SwiftUI/EnvironmentStateObject",
"product_memberships" : [
"VDKit",
"VDSwiftUI",
"DragNDrop",
"EnvironmentStateObject"
],
"sources" : [
"EnvironmentStateObject.swift"
],
"type" : "library"
},
{
"c99name" : "DragNDrop",
"module_type" : "SwiftTarget",
"name" : "DragNDrop",
"path" : "Sources/SwiftUI/DragNDrop",
"product_memberships" : [
"VDKit",
"VDSwiftUI",
"DragNDrop"
],
"sources" : [
"DragAndDrop.swift"
],
"target_dependencies" : [
"EnvironmentStateObject",
"VDSwiftUICommon",
"BindGeometry"
],
"type" : "library"
},
{
"c99name" : "DateField",
"module_type" : "SwiftTarget",
"name" : "DateField",
"path" : "Sources/DateField",
"product_memberships" : [
"VDKit",
"DateField"
],
"sources" : [
"CalendarComponent++.swift",
"CustomPicker.swift",
"DateField.swift",
"DateFormat++.swift",
"Textable.swift",
"UIColor++.swift",
"UIDateField.swift"
],
"target_dependencies" : [
"VDSwiftUICommon",
"VDDates",
"VDCommon",
"VDUIKit"
],
"type" : "library"
},
{
"c99name" : "BindGeometry",
"module_type" : "SwiftTarget",
"name" : "BindGeometry",
"path" : "Sources/SwiftUI/BindGeometry",
"product_memberships" : [
"VDKit",
"VDSwiftUI",
"BindGeometry",
"DragNDrop",
"LinesStack",
"LoadingPlaceholder"
],
"sources" : [
"Geometry++.swift"
],
"type" : "library"
}
],
"tools_version" : "5.6"
}
{
"workspace" : {
"name" : "VDKit",
"schemes" : [
"BindGeometry",
"DateField",
"DragNDrop",
"EnvironmentStateObject",
"Field",
"LinesStack",
"LoadingPlaceholder",
"Pages",
"Scroll",
"UIKitEnvironment",
"VDBuilders",
"VDCommon",
"VDCoreGraphics",
"VDDates",
"VDKit",
"VDKit-Package",
"VDKitRuntime",
"VDMirror",
"VDOptional",
"VDSwiftUI",
"VDSwiftUICommon",
"VDUIKit",
"WrappedDefaults"
]
}
}
2026-09-18 13:31:30.570 xcodebuild[895:5716] [MT] IDERunDestination: Supported platforms for the buildables in the current scheme is empty.
Running build ...
env DEVELOPER_DIR=/Applications/Xcode-27.0.0-Release.Candidate.app xcrun xcodebuild -IDEClonedSourcePackagesDirPathOverride=$PWD/.dependencies -skipMacroValidation -skipPackagePluginValidation -derivedDataPath $PWD/.derivedData build -scheme VDKit-Package -destination generic/platform=watchOS
Command line invocation:
/Applications/Xcode-27.0.0-Release.Candidate.app/Contents/Developer/usr/bin/xcodebuild -IDEClonedSourcePackagesDirPathOverride=/Users/admin/builder/spi-builder-workspace/.dependencies -skipMacroValidation -skipPackagePluginValidation -derivedDataPath /Users/admin/builder/spi-builder-workspace/.derivedData build -scheme VDKit-Package -destination generic/platform=watchOS
Resolve Package Graph
Resolved source packages:
VDKit: /Users/admin/builder/spi-builder-workspace
ComputePackagePrebuildTargetDependencyGraph
Prepare packages
CreateBuildRequest
SendProjectDescription
CreateBuildOperation
ComputeTargetDependencyGraph
note: Building targets in dependency order
note: Target dependency graph (45 targets)
Target 'VDKitRuntime-product' in project 'VDKit'
➜ Explicit dependency on target 'VDKitRuntime' in project 'VDKit'
➜ Explicit dependency on target 'VDKitRuntimeObjc' in project 'VDKit'
Target 'VDCoreGraphics-product' in project 'VDKit'
➜ Explicit dependency on target 'VDCoreGraphics' in project 'VDKit'
Target 'LoadingPlaceholder-product' in project 'VDKit'
➜ Explicit dependency on target 'LoadingPlaceholder' in project 'VDKit'
➜ Explicit dependency on target 'BindGeometry' in project 'VDKit'
Target 'LinesStack-product' in project 'VDKit'
➜ Explicit dependency on target 'LinesStack' in project 'VDKit'
➜ Explicit dependency on target 'BindGeometry' in project 'VDKit'
Target 'VDMirror-product' in project 'VDKit'
➜ Explicit dependency on target 'VDMirror' in project 'VDKit'
Target 'VDOptional-product' in project 'VDKit'
➜ Explicit dependency on target 'VDOptional' in project 'VDKit'
Target 'VDUIKit-product' in project 'VDKit'
➜ Explicit dependency on target 'VDUIKit' in project 'VDKit'
➜ Explicit dependency on target 'VDBuilders' in project 'VDKit'
➜ Explicit dependency on target 'VDCoreGraphics' in project 'VDKit'
Target 'Scroll-product' in project 'VDKit'
➜ Explicit dependency on target 'Scroll' in project 'VDKit'
➜ Explicit dependency on target 'VDBuilders' in project 'VDKit'
➜ Explicit dependency on target 'VDCommon' in project 'VDKit'
➜ Explicit dependency on target 'VDMirror' in project 'VDKit'
➜ Explicit dependency on target 'VDOptional' in project 'VDKit'
➜ Explicit dependency on target 'VDSwiftUICommon' in project 'VDKit'
➜ Explicit dependency on target 'VDCoreGraphics' in project 'VDKit'
Target 'Pages-product' in project 'VDKit'
➜ Explicit dependency on target 'Pages' in project 'VDKit'
➜ Explicit dependency on target 'VDMirror' in project 'VDKit'
➜ Explicit dependency on target 'VDOptional' in project 'VDKit'
➜ Explicit dependency on target 'VDBuilders' in project 'VDKit'
➜ Explicit dependency on target 'VDSwiftUICommon' in project 'VDKit'
Target 'DateField-product' in project 'VDKit'
➜ Explicit dependency on target 'DateField' in project 'VDKit'
➜ Explicit dependency on target 'VDMirror' in project 'VDKit'
➜ Explicit dependency on target 'VDOptional' in project 'VDKit'
➜ Explicit dependency on target 'VDBuilders' in project 'VDKit'
➜ Explicit dependency on target 'VDSwiftUICommon' in project 'VDKit'
➜ Explicit dependency on target 'VDDates' in project 'VDKit'
➜ Explicit dependency on target 'VDCommon' in project 'VDKit'
➜ Explicit dependency on target 'VDCoreGraphics' in project 'VDKit'
➜ Explicit dependency on target 'VDUIKit' in project 'VDKit'
Target 'Field-product' in project 'VDKit'
➜ Explicit dependency on target 'Field' in project 'VDKit'
➜ Explicit dependency on target 'VDMirror' in project 'VDKit'
➜ Explicit dependency on target 'VDOptional' in project 'VDKit'
➜ Explicit dependency on target 'VDBuilders' in project 'VDKit'
➜ Explicit dependency on target 'VDSwiftUICommon' in project 'VDKit'
Target 'EnvironmentStateObject-product' in project 'VDKit'
➜ Explicit dependency on target 'EnvironmentStateObject' in project 'VDKit'
Target 'DragNDrop-product' in project 'VDKit'
➜ Explicit dependency on target 'DragNDrop' in project 'VDKit'
➜ Explicit dependency on target 'EnvironmentStateObject' in project 'VDKit'
➜ Explicit dependency on target 'VDMirror' in project 'VDKit'
➜ Explicit dependency on target 'VDOptional' in project 'VDKit'
➜ Explicit dependency on target 'VDBuilders' in project 'VDKit'
➜ Explicit dependency on target 'VDSwiftUICommon' in project 'VDKit'
➜ Explicit dependency on target 'BindGeometry' in project 'VDKit'
Target 'BindGeometry-product' in project 'VDKit'
➜ Explicit dependency on target 'BindGeometry' in project 'VDKit'
Target 'VDSwiftUICommon-product' in project 'VDKit'
➜ Explicit dependency on target 'VDSwiftUICommon' in project 'VDKit'
➜ Explicit dependency on target 'VDMirror' in project 'VDKit'
➜ Explicit dependency on target 'VDOptional' in project 'VDKit'
➜ Explicit dependency on target 'VDBuilders' in project 'VDKit'
Target 'WrappedDefaults-product' in project 'VDKit'
➜ Explicit dependency on target 'WrappedDefaults' in project 'VDKit'
➜ Explicit dependency on target 'VDOptional' in project 'VDKit'
Target 'VDDates-product' in project 'VDKit'
➜ Explicit dependency on target 'VDDates' in project 'VDKit'
Target 'VDCommon-product' in project 'VDKit'
➜ Explicit dependency on target 'VDCommon' in project 'VDKit'
➜ Explicit dependency on target 'VDBuilders' in project 'VDKit'
Target 'UIKitEnvironment-product' in project 'VDKit'
➜ Explicit dependency on target 'UIKitEnvironment' in project 'VDKit'
➜ Explicit dependency on target 'VDKitRuntimeObjc' in project 'VDKit'
➜ Explicit dependency on target 'VDKitRuntime' in project 'VDKit'
Target 'VDBuilders-product' in project 'VDKit'
➜ Explicit dependency on target 'VDBuilders' in project 'VDKit'
Target 'VDSwiftUI-product' in project 'VDKit'
➜ Explicit dependency on target 'VDSwiftUI' in project 'VDKit'
➜ Explicit dependency on target 'VDMirror' in project 'VDKit'
➜ Explicit dependency on target 'VDOptional' in project 'VDKit'
➜ Explicit dependency on target 'VDBuilders' in project 'VDKit'
➜ Explicit dependency on target 'VDSwiftUICommon' in project 'VDKit'
➜ Explicit dependency on target 'BindGeometry' in project 'VDKit'
➜ Explicit dependency on target 'EnvironmentStateObject' in project 'VDKit'
➜ Explicit dependency on target 'DragNDrop' in project 'VDKit'
➜ Explicit dependency on target 'Field' in project 'VDKit'
➜ Explicit dependency on target 'Pages' in project 'VDKit'
➜ Explicit dependency on target 'VDCommon' in project 'VDKit'
➜ Explicit dependency on target 'VDCoreGraphics' in project 'VDKit'
➜ Explicit dependency on target 'Scroll' in project 'VDKit'
➜ Explicit dependency on target 'LinesStack' in project 'VDKit'
➜ Explicit dependency on target 'LoadingPlaceholder' in project 'VDKit'
Target 'VDSwiftUI' in project 'VDKit'
➜ Explicit dependency on target 'VDMirror' in project 'VDKit'
➜ Explicit dependency on target 'VDOptional' in project 'VDKit'
➜ Explicit dependency on target 'VDBuilders' in project 'VDKit'
➜ Explicit dependency on target 'VDSwiftUICommon' in project 'VDKit'
➜ Explicit dependency on target 'BindGeometry' in project 'VDKit'
➜ Explicit dependency on target 'EnvironmentStateObject' in project 'VDKit'
➜ Explicit dependency on target 'DragNDrop' in project 'VDKit'
➜ Explicit dependency on target 'Field' in project 'VDKit'
➜ Explicit dependency on target 'Pages' in project 'VDKit'
➜ Explicit dependency on target 'VDCommon' in project 'VDKit'
➜ Explicit dependency on target 'VDCoreGraphics' in project 'VDKit'
➜ Explicit dependency on target 'Scroll' in project 'VDKit'
➜ Explicit dependency on target 'LinesStack' in project 'VDKit'
➜ Explicit dependency on target 'LoadingPlaceholder' in project 'VDKit'
Target 'VDKit-product' in project 'VDKit'
➜ Explicit dependency on target 'VDKit' in project 'VDKit'
➜ Explicit dependency on target 'VDKitRuntimeObjc' in project 'VDKit'
➜ Explicit dependency on target 'VDKitRuntime' in project 'VDKit'
➜ Explicit dependency on target 'VDBuilders' in project 'VDKit'
➜ Explicit dependency on target 'UIKitEnvironment' in project 'VDKit'
➜ Explicit dependency on target 'VDCommon' in project 'VDKit'
➜ Explicit dependency on target 'VDDates' in project 'VDKit'
➜ Explicit dependency on target 'VDOptional' in project 'VDKit'
➜ Explicit dependency on target 'WrappedDefaults' in project 'VDKit'
➜ Explicit dependency on target 'VDMirror' in project 'VDKit'
➜ Explicit dependency on target 'VDSwiftUICommon' in project 'VDKit'
➜ Explicit dependency on target 'BindGeometry' in project 'VDKit'
➜ Explicit dependency on target 'EnvironmentStateObject' in project 'VDKit'
➜ Explicit dependency on target 'DragNDrop' in project 'VDKit'
➜ Explicit dependency on target 'Field' in project 'VDKit'
➜ Explicit dependency on target 'Pages' in project 'VDKit'
➜ Explicit dependency on target 'VDCoreGraphics' in project 'VDKit'
➜ Explicit dependency on target 'Scroll' in project 'VDKit'
➜ Explicit dependency on target 'VDUIKit' in project 'VDKit'
➜ Explicit dependency on target 'LinesStack' in project 'VDKit'
➜ Explicit dependency on target 'LoadingPlaceholder' in project 'VDKit'
➜ Explicit dependency on target 'DateField' in project 'VDKit'
Target 'VDKit' in project 'VDKit'
➜ Explicit dependency on target 'VDKitRuntimeObjc' in project 'VDKit'
➜ Explicit dependency on target 'VDKitRuntime' in project 'VDKit'
➜ Explicit dependency on target 'VDBuilders' in project 'VDKit'
➜ Explicit dependency on target 'UIKitEnvironment' in project 'VDKit'
➜ Explicit dependency on target 'VDCommon' in project 'VDKit'
➜ Explicit dependency on target 'VDDates' in project 'VDKit'
➜ Explicit dependency on target 'VDOptional' in project 'VDKit'
➜ Explicit dependency on target 'WrappedDefaults' in project 'VDKit'
➜ Explicit dependency on target 'VDMirror' in project 'VDKit'
➜ Explicit dependency on target 'VDSwiftUICommon' in project 'VDKit'
➜ Explicit dependency on target 'BindGeometry' in project 'VDKit'
➜ Explicit dependency on target 'EnvironmentStateObject' in project 'VDKit'
➜ Explicit dependency on target 'DragNDrop' in project 'VDKit'
➜ Explicit dependency on target 'Field' in project 'VDKit'
➜ Explicit dependency on target 'Pages' in project 'VDKit'
➜ Explicit dependency on target 'VDCoreGraphics' in project 'VDKit'
➜ Explicit dependency on target 'Scroll' in project 'VDKit'
➜ Explicit dependency on target 'VDUIKit' in project 'VDKit'
➜ Explicit dependency on target 'LinesStack' in project 'VDKit'
➜ Explicit dependency on target 'LoadingPlaceholder' in project 'VDKit'
➜ Explicit dependency on target 'DateField' in project 'VDKit'
Target 'DateField' in project 'VDKit'
➜ Explicit dependency on target 'VDMirror' in project 'VDKit'
➜ Explicit dependency on target 'VDOptional' in project 'VDKit'
➜ Explicit dependency on target 'VDBuilders' in project 'VDKit'
➜ Explicit dependency on target 'VDSwiftUICommon' in project 'VDKit'
➜ Explicit dependency on target 'VDDates' in project 'VDKit'
➜ Explicit dependency on target 'VDCommon' in project 'VDKit'
➜ Explicit dependency on target 'VDCoreGraphics' in project 'VDKit'
➜ Explicit dependency on target 'VDUIKit' in project 'VDKit'
Target 'LoadingPlaceholder' in project 'VDKit'
➜ Explicit dependency on target 'BindGeometry' in project 'VDKit'
Target 'LinesStack' in project 'VDKit'
➜ Explicit dependency on target 'BindGeometry' in project 'VDKit'
Target 'VDUIKit' in project 'VDKit'
➜ Explicit dependency on target 'VDBuilders' in project 'VDKit'
➜ Explicit dependency on target 'VDCoreGraphics' in project 'VDKit'
Target 'Scroll' in project 'VDKit'
➜ Explicit dependency on target 'VDBuilders' in project 'VDKit'
➜ Explicit dependency on target 'VDCommon' in project 'VDKit'
➜ Explicit dependency on target 'VDMirror' in project 'VDKit'
➜ Explicit dependency on target 'VDOptional' in project 'VDKit'
➜ Explicit dependency on target 'VDSwiftUICommon' in project 'VDKit'
➜ Explicit dependency on target 'VDCoreGraphics' in project 'VDKit'
Target 'VDCoreGraphics' in project 'VDKit' (no dependencies)
Target 'Pages' in project 'VDKit'
➜ Explicit dependency on target 'VDMirror' in project 'VDKit'
➜ Explicit dependency on target 'VDOptional' in project 'VDKit'
➜ Explicit dependency on target 'VDBuilders' in project 'VDKit'
➜ Explicit dependency on target 'VDSwiftUICommon' in project 'VDKit'
Target 'Field' in project 'VDKit'
➜ Explicit dependency on target 'VDMirror' in project 'VDKit'
➜ Explicit dependency on target 'VDOptional' in project 'VDKit'
➜ Explicit dependency on target 'VDBuilders' in project 'VDKit'
➜ Explicit dependency on target 'VDSwiftUICommon' in project 'VDKit'
Target 'DragNDrop' in project 'VDKit'
➜ Explicit dependency on target 'EnvironmentStateObject' in project 'VDKit'
➜ Explicit dependency on target 'VDMirror' in project 'VDKit'
➜ Explicit dependency on target 'VDOptional' in project 'VDKit'
➜ Explicit dependency on target 'VDBuilders' in project 'VDKit'
➜ Explicit dependency on target 'VDSwiftUICommon' in project 'VDKit'
➜ Explicit dependency on target 'BindGeometry' in project 'VDKit'
Target 'EnvironmentStateObject' in project 'VDKit' (no dependencies)
Target 'BindGeometry' in project 'VDKit' (no dependencies)
Target 'VDSwiftUICommon' in project 'VDKit'
➜ Explicit dependency on target 'VDMirror' in project 'VDKit'
➜ Explicit dependency on target 'VDOptional' in project 'VDKit'
➜ Explicit dependency on target 'VDBuilders' in project 'VDKit'
Target 'VDMirror' in project 'VDKit' (no dependencies)
Target 'WrappedDefaults' in project 'VDKit'
➜ Explicit dependency on target 'VDOptional' in project 'VDKit'
Target 'VDOptional' in project 'VDKit' (no dependencies)
Target 'VDDates' in project 'VDKit' (no dependencies)
Target 'VDCommon' in project 'VDKit'
➜ Explicit dependency on target 'VDBuilders' in project 'VDKit'
Target 'UIKitEnvironment' in project 'VDKit'
➜ Explicit dependency on target 'VDKitRuntimeObjc' in project 'VDKit'
➜ Explicit dependency on target 'VDKitRuntime' in project 'VDKit'
Target 'VDBuilders' in project 'VDKit' (no dependencies)
Target 'VDKitRuntime' in project 'VDKit'
➜ Explicit dependency on target 'VDKitRuntimeObjc' in project 'VDKit'
Target 'VDKitRuntimeObjc' in project 'VDKit' (no dependencies)
GatherProvisioningInputs
CreateBuildDescription
ClangStatCache /Applications/Xcode-27.0.0-Release.Candidate.app/Contents/Developer/Toolchains/XcodeDefault.xctoolchain/usr/bin/clang-stat-cache /Applications/Xcode-27.0.0-Release.Candidate.app/Contents/Developer/Platforms/WatchOS.platform/Developer/SDKs/WatchOS27.0.sdk /Users/admin/builder/spi-builder-workspace/.derivedData/SDKStatCaches.noindex/watchos27.0-24R360-e829b21a6f8c9b70876ba0858053c04477534ef55a1706bf4c1112bbb242f0a2.sdkstatcache
cd /Users/admin/builder/spi-builder-workspace/.swiftpm/xcode
/Applications/Xcode-27.0.0-Release.Candidate.app/Contents/Developer/Toolchains/XcodeDefault.xctoolchain/usr/bin/clang-stat-cache /Applications/Xcode-27.0.0-Release.Candidate.app/Contents/Developer/Platforms/WatchOS.platform/Developer/SDKs/WatchOS27.0.sdk -o /Users/admin/builder/spi-builder-workspace/.derivedData/SDKStatCaches.noindex/watchos27.0-24R360-e829b21a6f8c9b70876ba0858053c04477534ef55a1706bf4c1112bbb242f0a2.sdkstatcache
SwiftDriver VDDates normal arm64 com.apple.xcode.tools.swift.compiler (in target 'VDDates' from project 'VDKit')
cd /Users/admin/builder/spi-builder-workspace/.swiftpm/xcode
builtin-SwiftDriver -- /Applications/Xcode-27.0.0-Release.Candidate.app/Contents/Developer/Toolchains/XcodeDefault.xctoolchain/usr/bin/swiftc -parse-as-library -module-name VDDates -Onone @/Users/admin/builder/spi-builder-workspace/.derivedData/Build/Intermediates.noindex/VDKit.build/Debug-watchos/VDDates-t.build/Objects-normal/arm64/VDDates.SwiftFileList -DSWIFT_PACKAGE -DDEBUG -DSWIFT_MODULE_RESOURCE_BUNDLE_UNAVAILABLE -DXcode -plugin-path /Applications/Xcode-27.0.0-Release.Candidate.app/Contents/Developer/Toolchains/XcodeDefault.xctoolchain/usr/lib/swift/host/plugins/testing -enable-experimental-feature DebugDescriptionMacro -sdk /Applications/Xcode-27.0.0-Release.Candidate.app/Contents/Developer/Platforms/WatchOS.platform/Developer/SDKs/WatchOS27.0.sdk -target arm64-apple-watchos9.0 -g -module-cache-path /Users/admin/builder/spi-builder-workspace/.derivedData/ModuleCache.noindex -Xfrontend -serialize-debugging-options -enable-testing -index-store-path /Users/admin/builder/spi-builder-workspace/.derivedData/Index.noindex/DataStore -Xcc -D_LIBCPP_HARDENING_MODE\=_LIBCPP_HARDENING_MODE_DEBUG -swift-version 5 -I /Users/admin/builder/spi-builder-workspace/.derivedData/Build/Products/Debug-watchos -Isystem /Applications/Xcode-27.0.0-Release.Candidate.app/Contents/Developer/Platforms/WatchOS.platform/Developer/usr/lib -F /Users/admin/builder/spi-builder-workspace/.derivedData/Build/Products/Debug-watchos -F /Applications/Xcode-27.0.0-Release.Candidate.app/Contents/Developer/Platforms/WatchOS.platform/Developer/Library/Frameworks -F /Applications/Xcode-27.0.0-Release.Candidate.app/Contents/Developer/Platforms/WatchOS.platform/Developer/SDKs/WatchOS27.0.sdk/Developer/Library/Frameworks -c -j10 -enable-batch-mode -incremental -Xcc -ivfsstatcache -Xcc /Users/admin/builder/spi-builder-workspace/.derivedData/SDKStatCaches.noindex/watchos27.0-24R360-e829b21a6f8c9b70876ba0858053c04477534ef55a1706bf4c1112bbb242f0a2.sdkstatcache -output-file-map /Users/admin/builder/spi-builder-workspace/.derivedData/Build/Intermediates.noindex/VDKit.build/Debug-watchos/VDDates-t.build/Objects-normal/arm64/VDDates-OutputFileMap.json -save-temps -no-color-diagnostics -explicit-module-build -module-cache-path /Users/admin/builder/spi-builder-workspace/.derivedData/Build/Intermediates.noindex/SwiftExplicitPrecompiledModules -clang-scanner-module-cache-path /Users/admin/builder/spi-builder-workspace/.derivedData/ModuleCache.noindex -sdk-module-cache-path /Users/admin/builder/spi-builder-workspace/.derivedData/SDKExplicitPrecompiledModules -emit-dependencies -emit-module -emit-module-path /Users/admin/builder/spi-builder-workspace/.derivedData/Build/Intermediates.noindex/VDKit.build/Debug-watchos/VDDates-t.build/Objects-normal/arm64/VDDates.swiftmodule -serialize-diagnostics -dependency-scan-serialize-diagnostics-path /Users/admin/builder/spi-builder-workspace/.derivedData/Build/Intermediates.noindex/VDKit.build/Debug-watchos/VDDates-t.build/Objects-normal/arm64/VDDates-dependency-scan.dia -validate-clang-modules-once -clang-build-session-file /Users/admin/builder/spi-builder-workspace/.derivedData/ModuleCache.noindex/Session.modulevalidation -Xcc -fmodules-prune-interval\=86400 -Xcc -fmodules-prune-after\=345600 -emit-const-values -const-gather-protocols-list /Users/admin/builder/spi-builder-workspace/.derivedData/Build/Intermediates.noindex/VDKit.build/Debug-watchos/VDDates-t.build/Objects-normal/arm64/VDDates_const_extract_protocols.json -Xcc -I/Users/admin/builder/spi-builder-workspace/.derivedData/Build/Products/Debug-watchos/include -Xcc -I/Users/admin/builder/spi-builder-workspace/.derivedData/Build/Intermediates.noindex/VDKit.build/Debug-watchos/VDDates-t.build/DerivedSources-normal/arm64 -Xcc -I/Users/admin/builder/spi-builder-workspace/.derivedData/Build/Intermediates.noindex/VDKit.build/Debug-watchos/VDDates-t.build/DerivedSources/arm64 -Xcc -I/Users/admin/builder/spi-builder-workspace/.derivedData/Build/Intermediates.noindex/VDKit.build/Debug-watchos/VDDates-t.build/DerivedSources -Xcc -DSWIFT_PACKAGE -Xcc -DDEBUG\=1 -emit-objc-header -emit-objc-header-path /Users/admin/builder/spi-builder-workspace/.derivedData/Build/Intermediates.noindex/VDKit.build/Debug-watchos/VDDates-t.build/Objects-normal/arm64/VDDates-Swift.h -working-directory /Users/admin/builder/spi-builder-workspace/.swiftpm/xcode -experimental-emit-module-separately -disable-cmo
SwiftDriver VDDates normal arm64_32 com.apple.xcode.tools.swift.compiler (in target 'VDDates' from project 'VDKit')
cd /Users/admin/builder/spi-builder-workspace/.swiftpm/xcode
builtin-SwiftDriver -- /Applications/Xcode-27.0.0-Release.Candidate.app/Contents/Developer/Toolchains/XcodeDefault.xctoolchain/usr/bin/swiftc -parse-as-library -module-name VDDates -Onone @/Users/admin/builder/spi-builder-workspace/.derivedData/Build/Intermediates.noindex/VDKit.build/Debug-watchos/VDDates-t.build/Objects-normal/arm64_32/VDDates.SwiftFileList -DSWIFT_PACKAGE -DDEBUG -DSWIFT_MODULE_RESOURCE_BUNDLE_UNAVAILABLE -DXcode -plugin-path /Applications/Xcode-27.0.0-Release.Candidate.app/Contents/Developer/Toolchains/XcodeDefault.xctoolchain/usr/lib/swift/host/plugins/testing -enable-experimental-feature DebugDescriptionMacro -sdk /Applications/Xcode-27.0.0-Release.Candidate.app/Contents/Developer/Platforms/WatchOS.platform/Developer/SDKs/WatchOS27.0.sdk -target arm64_32-apple-watchos9.0 -g -module-cache-path /Users/admin/builder/spi-builder-workspace/.derivedData/ModuleCache.noindex -Xfrontend -serialize-debugging-options -enable-testing -index-store-path /Users/admin/builder/spi-builder-workspace/.derivedData/Index.noindex/DataStore -Xcc -D_LIBCPP_HARDENING_MODE\=_LIBCPP_HARDENING_MODE_DEBUG -swift-version 5 -I /Users/admin/builder/spi-builder-workspace/.derivedData/Build/Products/Debug-watchos -Isystem /Applications/Xcode-27.0.0-Release.Candidate.app/Contents/Developer/Platforms/WatchOS.platform/Developer/usr/lib -F /Users/admin/builder/spi-builder-workspace/.derivedData/Build/Products/Debug-watchos -F /Applications/Xcode-27.0.0-Release.Candidate.app/Contents/Developer/Platforms/WatchOS.platform/Developer/Library/Frameworks -F /Applications/Xcode-27.0.0-Release.Candidate.app/Contents/Developer/Platforms/WatchOS.platform/Developer/SDKs/WatchOS27.0.sdk/Developer/Library/Frameworks -c -j10 -enable-batch-mode -incremental -Xcc -ivfsstatcache -Xcc /Users/admin/builder/spi-builder-workspace/.derivedData/SDKStatCaches.noindex/watchos27.0-24R360-e829b21a6f8c9b70876ba0858053c04477534ef55a1706bf4c1112bbb242f0a2.sdkstatcache -output-file-map /Users/admin/builder/spi-builder-workspace/.derivedData/Build/Intermediates.noindex/VDKit.build/Debug-watchos/VDDates-t.build/Objects-normal/arm64_32/VDDates-OutputFileMap.json -save-temps -no-color-diagnostics -explicit-module-build -module-cache-path /Users/admin/builder/spi-builder-workspace/.derivedData/Build/Intermediates.noindex/SwiftExplicitPrecompiledModules -clang-scanner-module-cache-path /Users/admin/builder/spi-builder-workspace/.derivedData/ModuleCache.noindex -sdk-module-cache-path /Users/admin/builder/spi-builder-workspace/.derivedData/SDKExplicitPrecompiledModules -emit-dependencies -emit-module -emit-module-path /Users/admin/builder/spi-builder-workspace/.derivedData/Build/Intermediates.noindex/VDKit.build/Debug-watchos/VDDates-t.build/Objects-normal/arm64_32/VDDates.swiftmodule -serialize-diagnostics -dependency-scan-serialize-diagnostics-path /Users/admin/builder/spi-builder-workspace/.derivedData/Build/Intermediates.noindex/VDKit.build/Debug-watchos/VDDates-t.build/Objects-normal/arm64_32/VDDates-dependency-scan.dia -validate-clang-modules-once -clang-build-session-file /Users/admin/builder/spi-builder-workspace/.derivedData/ModuleCache.noindex/Session.modulevalidation -Xcc -fmodules-prune-interval\=86400 -Xcc -fmodules-prune-after\=345600 -emit-const-values -const-gather-protocols-list /Users/admin/builder/spi-builder-workspace/.derivedData/Build/Intermediates.noindex/VDKit.build/Debug-watchos/VDDates-t.build/Objects-normal/arm64_32/VDDates_const_extract_protocols.json -Xcc -I/Users/admin/builder/spi-builder-workspace/.derivedData/Build/Products/Debug-watchos/include -Xcc -I/Users/admin/builder/spi-builder-workspace/.derivedData/Build/Intermediates.noindex/VDKit.build/Debug-watchos/VDDates-t.build/DerivedSources-normal/arm64_32 -Xcc -I/Users/admin/builder/spi-builder-workspace/.derivedData/Build/Intermediates.noindex/VDKit.build/Debug-watchos/VDDates-t.build/DerivedSources/arm64_32 -Xcc -I/Users/admin/builder/spi-builder-workspace/.derivedData/Build/Intermediates.noindex/VDKit.build/Debug-watchos/VDDates-t.build/DerivedSources -Xcc -DSWIFT_PACKAGE -Xcc -DDEBUG\=1 -emit-objc-header -emit-objc-header-path /Users/admin/builder/spi-builder-workspace/.derivedData/Build/Intermediates.noindex/VDKit.build/Debug-watchos/VDDates-t.build/Objects-normal/arm64_32/VDDates-Swift.h -working-directory /Users/admin/builder/spi-builder-workspace/.swiftpm/xcode -experimental-emit-module-separately -disable-cmo
SwiftDriver VDCoreGraphics normal arm64 com.apple.xcode.tools.swift.compiler (in target 'VDCoreGraphics' from project 'VDKit')
cd /Users/admin/builder/spi-builder-workspace/.swiftpm/xcode
builtin-SwiftDriver -- /Applications/Xcode-27.0.0-Release.Candidate.app/Contents/Developer/Toolchains/XcodeDefault.xctoolchain/usr/bin/swiftc -parse-as-library -module-name VDCoreGraphics -Onone @/Users/admin/builder/spi-builder-workspace/.derivedData/Build/Intermediates.noindex/VDKit.build/Debug-watchos/VDCoreGraphics-t.build/Objects-normal/arm64/VDCoreGraphics.SwiftFileList -DSWIFT_PACKAGE -DDEBUG -DSWIFT_MODULE_RESOURCE_BUNDLE_UNAVAILABLE -DXcode -plugin-path /Applications/Xcode-27.0.0-Release.Candidate.app/Contents/Developer/Toolchains/XcodeDefault.xctoolchain/usr/lib/swift/host/plugins/testing -enable-experimental-feature DebugDescriptionMacro -sdk /Applications/Xcode-27.0.0-Release.Candidate.app/Contents/Developer/Platforms/WatchOS.platform/Developer/SDKs/WatchOS27.0.sdk -target arm64-apple-watchos9.0 -g -module-cache-path /Users/admin/builder/spi-builder-workspace/.derivedData/ModuleCache.noindex -Xfrontend -serialize-debugging-options -enable-testing -index-store-path /Users/admin/builder/spi-builder-workspace/.derivedData/Index.noindex/DataStore -Xcc -D_LIBCPP_HARDENING_MODE\=_LIBCPP_HARDENING_MODE_DEBUG -swift-version 5 -I /Users/admin/builder/spi-builder-workspace/.derivedData/Build/Products/Debug-watchos -Isystem /Applications/Xcode-27.0.0-Release.Candidate.app/Contents/Developer/Platforms/WatchOS.platform/Developer/usr/lib -F /Users/admin/builder/spi-builder-workspace/.derivedData/Build/Products/Debug-watchos -F /Applications/Xcode-27.0.0-Release.Candidate.app/Contents/Developer/Platforms/WatchOS.platform/Developer/Library/Frameworks -F /Applications/Xcode-27.0.0-Release.Candidate.app/Contents/Developer/Platforms/WatchOS.platform/Developer/SDKs/WatchOS27.0.sdk/Developer/Library/Frameworks -c -j10 -enable-batch-mode -incremental -Xcc -ivfsstatcache -Xcc /Users/admin/builder/spi-builder-workspace/.derivedData/SDKStatCaches.noindex/watchos27.0-24R360-e829b21a6f8c9b70876ba0858053c04477534ef55a1706bf4c1112bbb242f0a2.sdkstatcache -output-file-map /Users/admin/builder/spi-builder-workspace/.derivedData/Build/Intermediates.noindex/VDKit.build/Debug-watchos/VDCoreGraphics-t.build/Objects-normal/arm64/VDCoreGraphics-OutputFileMap.json -save-temps -no-color-diagnostics -explicit-module-build -module-cache-path /Users/admin/builder/spi-builder-workspace/.derivedData/Build/Intermediates.noindex/SwiftExplicitPrecompiledModules -clang-scanner-module-cache-path /Users/admin/builder/spi-builder-workspace/.derivedData/ModuleCache.noindex -sdk-module-cache-path /Users/admin/builder/spi-builder-workspace/.derivedData/SDKExplicitPrecompiledModules -emit-dependencies -emit-module -emit-module-path /Users/admin/builder/spi-builder-workspace/.derivedData/Build/Intermediates.noindex/VDKit.build/Debug-watchos/VDCoreGraphics-t.build/Objects-normal/arm64/VDCoreGraphics.swiftmodule -serialize-diagnostics -dependency-scan-serialize-diagnostics-path /Users/admin/builder/spi-builder-workspace/.derivedData/Build/Intermediates.noindex/VDKit.build/Debug-watchos/VDCoreGraphics-t.build/Objects-normal/arm64/VDCoreGraphics-dependency-scan.dia -validate-clang-modules-once -clang-build-session-file /Users/admin/builder/spi-builder-workspace/.derivedData/ModuleCache.noindex/Session.modulevalidation -Xcc -fmodules-prune-interval\=86400 -Xcc -fmodules-prune-after\=345600 -emit-const-values -const-gather-protocols-list /Users/admin/builder/spi-builder-workspace/.derivedData/Build/Intermediates.noindex/VDKit.build/Debug-watchos/VDCoreGraphics-t.build/Objects-normal/arm64/VDCoreGraphics_const_extract_protocols.json -Xcc -I/Users/admin/builder/spi-builder-workspace/.derivedData/Build/Products/Debug-watchos/include -Xcc -I/Users/admin/builder/spi-builder-workspace/.derivedData/Build/Intermediates.noindex/VDKit.build/Debug-watchos/VDCoreGraphics-t.build/DerivedSources-normal/arm64 -Xcc -I/Users/admin/builder/spi-builder-workspace/.derivedData/Build/Intermediates.noindex/VDKit.build/Debug-watchos/VDCoreGraphics-t.build/DerivedSources/arm64 -Xcc -I/Users/admin/builder/spi-builder-workspace/.derivedData/Build/Intermediates.noindex/VDKit.build/Debug-watchos/VDCoreGraphics-t.build/DerivedSources -Xcc -DSWIFT_PACKAGE -Xcc -DDEBUG\=1 -emit-objc-header -emit-objc-header-path /Users/admin/builder/spi-builder-workspace/.derivedData/Build/Intermediates.noindex/VDKit.build/Debug-watchos/VDCoreGraphics-t.build/Objects-normal/arm64/VDCoreGraphics-Swift.h -working-directory /Users/admin/builder/spi-builder-workspace/.swiftpm/xcode -experimental-emit-module-separately -disable-cmo
SwiftDriver VDCoreGraphics normal arm64_32 com.apple.xcode.tools.swift.compiler (in target 'VDCoreGraphics' from project 'VDKit')
cd /Users/admin/builder/spi-builder-workspace/.swiftpm/xcode
builtin-SwiftDriver -- /Applications/Xcode-27.0.0-Release.Candidate.app/Contents/Developer/Toolchains/XcodeDefault.xctoolchain/usr/bin/swiftc -parse-as-library -module-name VDCoreGraphics -Onone @/Users/admin/builder/spi-builder-workspace/.derivedData/Build/Intermediates.noindex/VDKit.build/Debug-watchos/VDCoreGraphics-t.build/Objects-normal/arm64_32/VDCoreGraphics.SwiftFileList -DSWIFT_PACKAGE -DDEBUG -DSWIFT_MODULE_RESOURCE_BUNDLE_UNAVAILABLE -DXcode -plugin-path /Applications/Xcode-27.0.0-Release.Candidate.app/Contents/Developer/Toolchains/XcodeDefault.xctoolchain/usr/lib/swift/host/plugins/testing -enable-experimental-feature DebugDescriptionMacro -sdk /Applications/Xcode-27.0.0-Release.Candidate.app/Contents/Developer/Platforms/WatchOS.platform/Developer/SDKs/WatchOS27.0.sdk -target arm64_32-apple-watchos9.0 -g -module-cache-path /Users/admin/builder/spi-builder-workspace/.derivedData/ModuleCache.noindex -Xfrontend -serialize-debugging-options -enable-testing -index-store-path /Users/admin/builder/spi-builder-workspace/.derivedData/Index.noindex/DataStore -Xcc -D_LIBCPP_HARDENING_MODE\=_LIBCPP_HARDENING_MODE_DEBUG -swift-version 5 -I /Users/admin/builder/spi-builder-workspace/.derivedData/Build/Products/Debug-watchos -Isystem /Applications/Xcode-27.0.0-Release.Candidate.app/Contents/Developer/Platforms/WatchOS.platform/Developer/usr/lib -F /Users/admin/builder/spi-builder-workspace/.derivedData/Build/Products/Debug-watchos -F /Applications/Xcode-27.0.0-Release.Candidate.app/Contents/Developer/Platforms/WatchOS.platform/Developer/Library/Frameworks -F /Applications/Xcode-27.0.0-Release.Candidate.app/Contents/Developer/Platforms/WatchOS.platform/Developer/SDKs/WatchOS27.0.sdk/Developer/Library/Frameworks -c -j10 -enable-batch-mode -incremental -Xcc -ivfsstatcache -Xcc /Users/admin/builder/spi-builder-workspace/.derivedData/SDKStatCaches.noindex/watchos27.0-24R360-e829b21a6f8c9b70876ba0858053c04477534ef55a1706bf4c1112bbb242f0a2.sdkstatcache -output-file-map /Users/admin/builder/spi-builder-workspace/.derivedData/Build/Intermediates.noindex/VDKit.build/Debug-watchos/VDCoreGraphics-t.build/Objects-normal/arm64_32/VDCoreGraphics-OutputFileMap.json -save-temps -no-color-diagnostics -explicit-module-build -module-cache-path /Users/admin/builder/spi-builder-workspace/.derivedData/Build/Intermediates.noindex/SwiftExplicitPrecompiledModules -clang-scanner-module-cache-path /Users/admin/builder/spi-builder-workspace/.derivedData/ModuleCache.noindex -sdk-module-cache-path /Users/admin/builder/spi-builder-workspace/.derivedData/SDKExplicitPrecompiledModules -emit-dependencies -emit-module -emit-module-path /Users/admin/builder/spi-builder-workspace/.derivedData/Build/Intermediates.noindex/VDKit.build/Debug-watchos/VDCoreGraphics-t.build/Objects-normal/arm64_32/VDCoreGraphics.swiftmodule -serialize-diagnostics -dependency-scan-serialize-diagnostics-path /Users/admin/builder/spi-builder-workspace/.derivedData/Build/Intermediates.noindex/VDKit.build/Debug-watchos/VDCoreGraphics-t.build/Objects-normal/arm64_32/VDCoreGraphics-dependency-scan.dia -validate-clang-modules-once -clang-build-session-file /Users/admin/builder/spi-builder-workspace/.derivedData/ModuleCache.noindex/Session.modulevalidation -Xcc -fmodules-prune-interval\=86400 -Xcc -fmodules-prune-after\=345600 -emit-const-values -const-gather-protocols-list /Users/admin/builder/spi-builder-workspace/.derivedData/Build/Intermediates.noindex/VDKit.build/Debug-watchos/VDCoreGraphics-t.build/Objects-normal/arm64_32/VDCoreGraphics_const_extract_protocols.json -Xcc -I/Users/admin/builder/spi-builder-workspace/.derivedData/Build/Products/Debug-watchos/include -Xcc -I/Users/admin/builder/spi-builder-workspace/.derivedData/Build/Intermediates.noindex/VDKit.build/Debug-watchos/VDCoreGraphics-t.build/DerivedSources-normal/arm64_32 -Xcc -I/Users/admin/builder/spi-builder-workspace/.derivedData/Build/Intermediates.noindex/VDKit.build/Debug-watchos/VDCoreGraphics-t.build/DerivedSources/arm64_32 -Xcc -I/Users/admin/builder/spi-builder-workspace/.derivedData/Build/Intermediates.noindex/VDKit.build/Debug-watchos/VDCoreGraphics-t.build/DerivedSources -Xcc -DSWIFT_PACKAGE -Xcc -DDEBUG\=1 -emit-objc-header -emit-objc-header-path /Users/admin/builder/spi-builder-workspace/.derivedData/Build/Intermediates.noindex/VDKit.build/Debug-watchos/VDCoreGraphics-t.build/Objects-normal/arm64_32/VDCoreGraphics-Swift.h -working-directory /Users/admin/builder/spi-builder-workspace/.swiftpm/xcode -experimental-emit-module-separately -disable-cmo
SwiftDriver VDBuilders normal arm64_32 com.apple.xcode.tools.swift.compiler (in target 'VDBuilders' from project 'VDKit')
cd /Users/admin/builder/spi-builder-workspace/.swiftpm/xcode
builtin-SwiftDriver -- /Applications/Xcode-27.0.0-Release.Candidate.app/Contents/Developer/Toolchains/XcodeDefault.xctoolchain/usr/bin/swiftc -parse-as-library -module-name VDBuilders -Onone @/Users/admin/builder/spi-builder-workspace/.derivedData/Build/Intermediates.noindex/VDKit.build/Debug-watchos/VDBuilders-t.build/Objects-normal/arm64_32/VDBuilders.SwiftFileList -DSWIFT_PACKAGE -DDEBUG -DSWIFT_MODULE_RESOURCE_BUNDLE_UNAVAILABLE -DXcode -plugin-path /Applications/Xcode-27.0.0-Release.Candidate.app/Contents/Developer/Toolchains/XcodeDefault.xctoolchain/usr/lib/swift/host/plugins/testing -enable-experimental-feature DebugDescriptionMacro -sdk /Applications/Xcode-27.0.0-Release.Candidate.app/Contents/Developer/Platforms/WatchOS.platform/Developer/SDKs/WatchOS27.0.sdk -target arm64_32-apple-watchos9.0 -g -module-cache-path /Users/admin/builder/spi-builder-workspace/.derivedData/ModuleCache.noindex -Xfrontend -serialize-debugging-options -enable-testing -index-store-path /Users/admin/builder/spi-builder-workspace/.derivedData/Index.noindex/DataStore -Xcc -D_LIBCPP_HARDENING_MODE\=_LIBCPP_HARDENING_MODE_DEBUG -swift-version 5 -I /Users/admin/builder/spi-builder-workspace/.derivedData/Build/Products/Debug-watchos -Isystem /Applications/Xcode-27.0.0-Release.Candidate.app/Contents/Developer/Platforms/WatchOS.platform/Developer/usr/lib -F /Users/admin/builder/spi-builder-workspace/.derivedData/Build/Products/Debug-watchos -F /Applications/Xcode-27.0.0-Release.Candidate.app/Contents/Developer/Platforms/WatchOS.platform/Developer/Library/Frameworks -F /Applications/Xcode-27.0.0-Release.Candidate.app/Contents/Developer/Platforms/WatchOS.platform/Developer/SDKs/WatchOS27.0.sdk/Developer/Library/Frameworks -c -j10 -enable-batch-mode -incremental -Xcc -ivfsstatcache -Xcc /Users/admin/builder/spi-builder-workspace/.derivedData/SDKStatCaches.noindex/watchos27.0-24R360-e829b21a6f8c9b70876ba0858053c04477534ef55a1706bf4c1112bbb242f0a2.sdkstatcache -output-file-map /Users/admin/builder/spi-builder-workspace/.derivedData/Build/Intermediates.noindex/VDKit.build/Debug-watchos/VDBuilders-t.build/Objects-normal/arm64_32/VDBuilders-OutputFileMap.json -save-temps -no-color-diagnostics -explicit-module-build -module-cache-path /Users/admin/builder/spi-builder-workspace/.derivedData/Build/Intermediates.noindex/SwiftExplicitPrecompiledModules -clang-scanner-module-cache-path /Users/admin/builder/spi-builder-workspace/.derivedData/ModuleCache.noindex -sdk-module-cache-path /Users/admin/builder/spi-builder-workspace/.derivedData/SDKExplicitPrecompiledModules -emit-dependencies -emit-module -emit-module-path /Users/admin/builder/spi-builder-workspace/.derivedData/Build/Intermediates.noindex/VDKit.build/Debug-watchos/VDBuilders-t.build/Objects-normal/arm64_32/VDBuilders.swiftmodule -serialize-diagnostics -dependency-scan-serialize-diagnostics-path /Users/admin/builder/spi-builder-workspace/.derivedData/Build/Intermediates.noindex/VDKit.build/Debug-watchos/VDBuilders-t.build/Objects-normal/arm64_32/VDBuilders-dependency-scan.dia -validate-clang-modules-once -clang-build-session-file /Users/admin/builder/spi-builder-workspace/.derivedData/ModuleCache.noindex/Session.modulevalidation -Xcc -fmodules-prune-interval\=86400 -Xcc -fmodules-prune-after\=345600 -emit-const-values -const-gather-protocols-list /Users/admin/builder/spi-builder-workspace/.derivedData/Build/Intermediates.noindex/VDKit.build/Debug-watchos/VDBuilders-t.build/Objects-normal/arm64_32/VDBuilders_const_extract_protocols.json -Xcc -I/Users/admin/builder/spi-builder-workspace/.derivedData/Build/Products/Debug-watchos/include -Xcc -I/Users/admin/builder/spi-builder-workspace/.derivedData/Build/Intermediates.noindex/VDKit.build/Debug-watchos/VDBuilders-t.build/DerivedSources-normal/arm64_32 -Xcc -I/Users/admin/builder/spi-builder-workspace/.derivedData/Build/Intermediates.noindex/VDKit.build/Debug-watchos/VDBuilders-t.build/DerivedSources/arm64_32 -Xcc -I/Users/admin/builder/spi-builder-workspace/.derivedData/Build/Intermediates.noindex/VDKit.build/Debug-watchos/VDBuilders-t.build/DerivedSources -Xcc -DSWIFT_PACKAGE -Xcc -DDEBUG\=1 -emit-objc-header -emit-objc-header-path /Users/admin/builder/spi-builder-workspace/.derivedData/Build/Intermediates.noindex/VDKit.build/Debug-watchos/VDBuilders-t.build/Objects-normal/arm64_32/VDBuilders-Swift.h -working-directory /Users/admin/builder/spi-builder-workspace/.swiftpm/xcode -experimental-emit-module-separately -disable-cmo
SwiftDriver VDBuilders normal arm64 com.apple.xcode.tools.swift.compiler (in target 'VDBuilders' from project 'VDKit')
cd /Users/admin/builder/spi-builder-workspace/.swiftpm/xcode
builtin-SwiftDriver -- /Applications/Xcode-27.0.0-Release.Candidate.app/Contents/Developer/Toolchains/XcodeDefault.xctoolchain/usr/bin/swiftc -parse-as-library -module-name VDBuilders -Onone @/Users/admin/builder/spi-builder-workspace/.derivedData/Build/Intermediates.noindex/VDKit.build/Debug-watchos/VDBuilders-t.build/Objects-normal/arm64/VDBuilders.SwiftFileList -DSWIFT_PACKAGE -DDEBUG -DSWIFT_MODULE_RESOURCE_BUNDLE_UNAVAILABLE -DXcode -plugin-path /Applications/Xcode-27.0.0-Release.Candidate.app/Contents/Developer/Toolchains/XcodeDefault.xctoolchain/usr/lib/swift/host/plugins/testing -enable-experimental-feature DebugDescriptionMacro -sdk /Applications/Xcode-27.0.0-Release.Candidate.app/Contents/Developer/Platforms/WatchOS.platform/Developer/SDKs/WatchOS27.0.sdk -target arm64-apple-watchos9.0 -g -module-cache-path /Users/admin/builder/spi-builder-workspace/.derivedData/ModuleCache.noindex -Xfrontend -serialize-debugging-options -enable-testing -index-store-path /Users/admin/builder/spi-builder-workspace/.derivedData/Index.noindex/DataStore -Xcc -D_LIBCPP_HARDENING_MODE\=_LIBCPP_HARDENING_MODE_DEBUG -swift-version 5 -I /Users/admin/builder/spi-builder-workspace/.derivedData/Build/Products/Debug-watchos -Isystem /Applications/Xcode-27.0.0-Release.Candidate.app/Contents/Developer/Platforms/WatchOS.platform/Developer/usr/lib -F /Users/admin/builder/spi-builder-workspace/.derivedData/Build/Products/Debug-watchos -F /Applications/Xcode-27.0.0-Release.Candidate.app/Contents/Developer/Platforms/WatchOS.platform/Developer/Library/Frameworks -F /Applications/Xcode-27.0.0-Release.Candidate.app/Contents/Developer/Platforms/WatchOS.platform/Developer/SDKs/WatchOS27.0.sdk/Developer/Library/Frameworks -c -j10 -enable-batch-mode -incremental -Xcc -ivfsstatcache -Xcc /Users/admin/builder/spi-builder-workspace/.derivedData/SDKStatCaches.noindex/watchos27.0-24R360-e829b21a6f8c9b70876ba0858053c04477534ef55a1706bf4c1112bbb242f0a2.sdkstatcache -output-file-map /Users/admin/builder/spi-builder-workspace/.derivedData/Build/Intermediates.noindex/VDKit.build/Debug-watchos/VDBuilders-t.build/Objects-normal/arm64/VDBuilders-OutputFileMap.json -save-temps -no-color-diagnostics -explicit-module-build -module-cache-path /Users/admin/builder/spi-builder-workspace/.derivedData/Build/Intermediates.noindex/SwiftExplicitPrecompiledModules -clang-scanner-module-cache-path /Users/admin/builder/spi-builder-workspace/.derivedData/ModuleCache.noindex -sdk-module-cache-path /Users/admin/builder/spi-builder-workspace/.derivedData/SDKExplicitPrecompiledModules -emit-dependencies -emit-module -emit-module-path /Users/admin/builder/spi-builder-workspace/.derivedData/Build/Intermediates.noindex/VDKit.build/Debug-watchos/VDBuilders-t.build/Objects-normal/arm64/VDBuilders.swiftmodule -serialize-diagnostics -dependency-scan-serialize-diagnostics-path /Users/admin/builder/spi-builder-workspace/.derivedData/Build/Intermediates.noindex/VDKit.build/Debug-watchos/VDBuilders-t.build/Objects-normal/arm64/VDBuilders-dependency-scan.dia -validate-clang-modules-once -clang-build-session-file /Users/admin/builder/spi-builder-workspace/.derivedData/ModuleCache.noindex/Session.modulevalidation -Xcc -fmodules-prune-interval\=86400 -Xcc -fmodules-prune-after\=345600 -emit-const-values -const-gather-protocols-list /Users/admin/builder/spi-builder-workspace/.derivedData/Build/Intermediates.noindex/VDKit.build/Debug-watchos/VDBuilders-t.build/Objects-normal/arm64/VDBuilders_const_extract_protocols.json -Xcc -I/Users/admin/builder/spi-builder-workspace/.derivedData/Build/Products/Debug-watchos/include -Xcc -I/Users/admin/builder/spi-builder-workspace/.derivedData/Build/Intermediates.noindex/VDKit.build/Debug-watchos/VDBuilders-t.build/DerivedSources-normal/arm64 -Xcc -I/Users/admin/builder/spi-builder-workspace/.derivedData/Build/Intermediates.noindex/VDKit.build/Debug-watchos/VDBuilders-t.build/DerivedSources/arm64 -Xcc -I/Users/admin/builder/spi-builder-workspace/.derivedData/Build/Intermediates.noindex/VDKit.build/Debug-watchos/VDBuilders-t.build/DerivedSources -Xcc -DSWIFT_PACKAGE -Xcc -DDEBUG\=1 -emit-objc-header -emit-objc-header-path /Users/admin/builder/spi-builder-workspace/.derivedData/Build/Intermediates.noindex/VDKit.build/Debug-watchos/VDBuilders-t.build/Objects-normal/arm64/VDBuilders-Swift.h -working-directory /Users/admin/builder/spi-builder-workspace/.swiftpm/xcode -experimental-emit-module-separately -disable-cmo
SwiftDriver EnvironmentStateObject normal arm64 com.apple.xcode.tools.swift.compiler (in target 'EnvironmentStateObject' from project 'VDKit')
cd /Users/admin/builder/spi-builder-workspace/.swiftpm/xcode
builtin-SwiftDriver -- /Applications/Xcode-27.0.0-Release.Candidate.app/Contents/Developer/Toolchains/XcodeDefault.xctoolchain/usr/bin/swiftc -parse-as-library -module-name EnvironmentStateObject -Onone @/Users/admin/builder/spi-builder-workspace/.derivedData/Build/Intermediates.noindex/VDKit.build/Debug-watchos/EnvironmentStateObject-t.build/Objects-normal/arm64/EnvironmentStateObject.SwiftFileList -DSWIFT_PACKAGE -DDEBUG -DSWIFT_MODULE_RESOURCE_BUNDLE_UNAVAILABLE -DXcode -plugin-path /Applications/Xcode-27.0.0-Release.Candidate.app/Contents/Developer/Toolchains/XcodeDefault.xctoolchain/usr/lib/swift/host/plugins/testing -enable-experimental-feature DebugDescriptionMacro -sdk /Applications/Xcode-27.0.0-Release.Candidate.app/Contents/Developer/Platforms/WatchOS.platform/Developer/SDKs/WatchOS27.0.sdk -target arm64-apple-watchos9.0 -g -module-cache-path /Users/admin/builder/spi-builder-workspace/.derivedData/ModuleCache.noindex -Xfrontend -serialize-debugging-options -enable-testing -index-store-path /Users/admin/builder/spi-builder-workspace/.derivedData/Index.noindex/DataStore -Xcc -D_LIBCPP_HARDENING_MODE\=_LIBCPP_HARDENING_MODE_DEBUG -swift-version 5 -I /Users/admin/builder/spi-builder-workspace/.derivedData/Build/Products/Debug-watchos -Isystem /Applications/Xcode-27.0.0-Release.Candidate.app/Contents/Developer/Platforms/WatchOS.platform/Developer/usr/lib -F /Users/admin/builder/spi-builder-workspace/.derivedData/Build/Products/Debug-watchos -F /Applications/Xcode-27.0.0-Release.Candidate.app/Contents/Developer/Platforms/WatchOS.platform/Developer/Library/Frameworks -F /Applications/Xcode-27.0.0-Release.Candidate.app/Contents/Developer/Platforms/WatchOS.platform/Developer/SDKs/WatchOS27.0.sdk/Developer/Library/Frameworks -c -j10 -enable-batch-mode -incremental -Xcc -ivfsstatcache -Xcc /Users/admin/builder/spi-builder-workspace/.derivedData/SDKStatCaches.noindex/watchos27.0-24R360-e829b21a6f8c9b70876ba0858053c04477534ef55a1706bf4c1112bbb242f0a2.sdkstatcache -output-file-map /Users/admin/builder/spi-builder-workspace/.derivedData/Build/Intermediates.noindex/VDKit.build/Debug-watchos/EnvironmentStateObject-t.build/Objects-normal/arm64/EnvironmentStateObject-OutputFileMap.json -save-temps -no-color-diagnostics -explicit-module-build -module-cache-path /Users/admin/builder/spi-builder-workspace/.derivedData/Build/Intermediates.noindex/SwiftExplicitPrecompiledModules -clang-scanner-module-cache-path /Users/admin/builder/spi-builder-workspace/.derivedData/ModuleCache.noindex -sdk-module-cache-path /Users/admin/builder/spi-builder-workspace/.derivedData/SDKExplicitPrecompiledModules -emit-dependencies -emit-module -emit-module-path /Users/admin/builder/spi-builder-workspace/.derivedData/Build/Intermediates.noindex/VDKit.build/Debug-watchos/EnvironmentStateObject-t.build/Objects-normal/arm64/EnvironmentStateObject.swiftmodule -serialize-diagnostics -dependency-scan-serialize-diagnostics-path /Users/admin/builder/spi-builder-workspace/.derivedData/Build/Intermediates.noindex/VDKit.build/Debug-watchos/EnvironmentStateObject-t.build/Objects-normal/arm64/EnvironmentStateObject-dependency-scan.dia -validate-clang-modules-once -clang-build-session-file /Users/admin/builder/spi-builder-workspace/.derivedData/ModuleCache.noindex/Session.modulevalidation -Xcc -fmodules-prune-interval\=86400 -Xcc -fmodules-prune-after\=345600 -emit-const-values -const-gather-protocols-list /Users/admin/builder/spi-builder-workspace/.derivedData/Build/Intermediates.noindex/VDKit.build/Debug-watchos/EnvironmentStateObject-t.build/Objects-normal/arm64/EnvironmentStateObject_const_extract_protocols.json -Xcc -I/Users/admin/builder/spi-builder-workspace/.derivedData/Build/Products/Debug-watchos/include -Xcc -I/Users/admin/builder/spi-builder-workspace/.derivedData/Build/Intermediates.noindex/VDKit.build/Debug-watchos/EnvironmentStateObject-t.build/DerivedSources-normal/arm64 -Xcc -I/Users/admin/builder/spi-builder-workspace/.derivedData/Build/Intermediates.noindex/VDKit.build/Debug-watchos/EnvironmentStateObject-t.build/DerivedSources/arm64 -Xcc -I/Users/admin/builder/spi-builder-workspace/.derivedData/Build/Intermediates.noindex/VDKit.build/Debug-watchos/EnvironmentStateObject-t.build/DerivedSources -Xcc -DSWIFT_PACKAGE -Xcc -DDEBUG\=1 -emit-objc-header -emit-objc-header-path /Users/admin/builder/spi-builder-workspace/.derivedData/Build/Intermediates.noindex/VDKit.build/Debug-watchos/EnvironmentStateObject-t.build/Objects-normal/arm64/EnvironmentStateObject-Swift.h -working-directory /Users/admin/builder/spi-builder-workspace/.swiftpm/xcode -experimental-emit-module-separately -disable-cmo
SwiftDriver EnvironmentStateObject normal arm64_32 com.apple.xcode.tools.swift.compiler (in target 'EnvironmentStateObject' from project 'VDKit')
cd /Users/admin/builder/spi-builder-workspace/.swiftpm/xcode
builtin-SwiftDriver -- /Applications/Xcode-27.0.0-Release.Candidate.app/Contents/Developer/Toolchains/XcodeDefault.xctoolchain/usr/bin/swiftc -parse-as-library -module-name EnvironmentStateObject -Onone @/Users/admin/builder/spi-builder-workspace/.derivedData/Build/Intermediates.noindex/VDKit.build/Debug-watchos/EnvironmentStateObject-t.build/Objects-normal/arm64_32/EnvironmentStateObject.SwiftFileList -DSWIFT_PACKAGE -DDEBUG -DSWIFT_MODULE_RESOURCE_BUNDLE_UNAVAILABLE -DXcode -plugin-path /Applications/Xcode-27.0.0-Release.Candidate.app/Contents/Developer/Toolchains/XcodeDefault.xctoolchain/usr/lib/swift/host/plugins/testing -enable-experimental-feature DebugDescriptionMacro -sdk /Applications/Xcode-27.0.0-Release.Candidate.app/Contents/Developer/Platforms/WatchOS.platform/Developer/SDKs/WatchOS27.0.sdk -target arm64_32-apple-watchos9.0 -g -module-cache-path /Users/admin/builder/spi-builder-workspace/.derivedData/ModuleCache.noindex -Xfrontend -serialize-debugging-options -enable-testing -index-store-path /Users/admin/builder/spi-builder-workspace/.derivedData/Index.noindex/DataStore -Xcc -D_LIBCPP_HARDENING_MODE\=_LIBCPP_HARDENING_MODE_DEBUG -swift-version 5 -I /Users/admin/builder/spi-builder-workspace/.derivedData/Build/Products/Debug-watchos -Isystem /Applications/Xcode-27.0.0-Release.Candidate.app/Contents/Developer/Platforms/WatchOS.platform/Developer/usr/lib -F /Users/admin/builder/spi-builder-workspace/.derivedData/Build/Products/Debug-watchos -F /Applications/Xcode-27.0.0-Release.Candidate.app/Contents/Developer/Platforms/WatchOS.platform/Developer/Library/Frameworks -F /Applications/Xcode-27.0.0-Release.Candidate.app/Contents/Developer/Platforms/WatchOS.platform/Developer/SDKs/WatchOS27.0.sdk/Developer/Library/Frameworks -c -j10 -enable-batch-mode -incremental -Xcc -ivfsstatcache -Xcc /Users/admin/builder/spi-builder-workspace/.derivedData/SDKStatCaches.noindex/watchos27.0-24R360-e829b21a6f8c9b70876ba0858053c04477534ef55a1706bf4c1112bbb242f0a2.sdkstatcache -output-file-map /Users/admin/builder/spi-builder-workspace/.derivedData/Build/Intermediates.noindex/VDKit.build/Debug-watchos/EnvironmentStateObject-t.build/Objects-normal/arm64_32/EnvironmentStateObject-OutputFileMap.json -save-temps -no-color-diagnostics -explicit-module-build -module-cache-path /Users/admin/builder/spi-builder-workspace/.derivedData/Build/Intermediates.noindex/SwiftExplicitPrecompiledModules -clang-scanner-module-cache-path /Users/admin/builder/spi-builder-workspace/.derivedData/ModuleCache.noindex -sdk-module-cache-path /Users/admin/builder/spi-builder-workspace/.derivedData/SDKExplicitPrecompiledModules -emit-dependencies -emit-module -emit-module-path /Users/admin/builder/spi-builder-workspace/.derivedData/Build/Intermediates.noindex/VDKit.build/Debug-watchos/EnvironmentStateObject-t.build/Objects-normal/arm64_32/EnvironmentStateObject.swiftmodule -serialize-diagnostics -dependency-scan-serialize-diagnostics-path /Users/admin/builder/spi-builder-workspace/.derivedData/Build/Intermediates.noindex/VDKit.build/Debug-watchos/EnvironmentStateObject-t.build/Objects-normal/arm64_32/EnvironmentStateObject-dependency-scan.dia -validate-clang-modules-once -clang-build-session-file /Users/admin/builder/spi-builder-workspace/.derivedData/ModuleCache.noindex/Session.modulevalidation -Xcc -fmodules-prune-interval\=86400 -Xcc -fmodules-prune-after\=345600 -emit-const-values -const-gather-protocols-list /Users/admin/builder/spi-builder-workspace/.derivedData/Build/Intermediates.noindex/VDKit.build/Debug-watchos/EnvironmentStateObject-t.build/Objects-normal/arm64_32/EnvironmentStateObject_const_extract_protocols.json -Xcc -I/Users/admin/builder/spi-builder-workspace/.derivedData/Build/Products/Debug-watchos/include -Xcc -I/Users/admin/builder/spi-builder-workspace/.derivedData/Build/Intermediates.noindex/VDKit.build/Debug-watchos/EnvironmentStateObject-t.build/DerivedSources-normal/arm64_32 -Xcc -I/Users/admin/builder/spi-builder-workspace/.derivedData/Build/Intermediates.noindex/VDKit.build/Debug-watchos/EnvironmentStateObject-t.build/DerivedSources/arm64_32 -Xcc -I/Users/admin/builder/spi-builder-workspace/.derivedData/Build/Intermediates.noindex/VDKit.build/Debug-watchos/EnvironmentStateObject-t.build/DerivedSources -Xcc -DSWIFT_PACKAGE -Xcc -DDEBUG\=1 -emit-objc-header -emit-objc-header-path /Users/admin/builder/spi-builder-workspace/.derivedData/Build/Intermediates.noindex/VDKit.build/Debug-watchos/EnvironmentStateObject-t.build/Objects-normal/arm64_32/EnvironmentStateObject-Swift.h -working-directory /Users/admin/builder/spi-builder-workspace/.swiftpm/xcode -experimental-emit-module-separately -disable-cmo
SwiftDriver BindGeometry normal arm64 com.apple.xcode.tools.swift.compiler (in target 'BindGeometry' from project 'VDKit')
cd /Users/admin/builder/spi-builder-workspace/.swiftpm/xcode
builtin-SwiftDriver -- /Applications/Xcode-27.0.0-Release.Candidate.app/Contents/Developer/Toolchains/XcodeDefault.xctoolchain/usr/bin/swiftc -parse-as-library -module-name BindGeometry -Onone @/Users/admin/builder/spi-builder-workspace/.derivedData/Build/Intermediates.noindex/VDKit.build/Debug-watchos/BindGeometry-t.build/Objects-normal/arm64/BindGeometry.SwiftFileList -DSWIFT_PACKAGE -DDEBUG -DSWIFT_MODULE_RESOURCE_BUNDLE_UNAVAILABLE -DXcode -plugin-path /Applications/Xcode-27.0.0-Release.Candidate.app/Contents/Developer/Toolchains/XcodeDefault.xctoolchain/usr/lib/swift/host/plugins/testing -enable-experimental-feature DebugDescriptionMacro -sdk /Applications/Xcode-27.0.0-Release.Candidate.app/Contents/Developer/Platforms/WatchOS.platform/Developer/SDKs/WatchOS27.0.sdk -target arm64-apple-watchos9.0 -g -module-cache-path /Users/admin/builder/spi-builder-workspace/.derivedData/ModuleCache.noindex -Xfrontend -serialize-debugging-options -enable-testing -index-store-path /Users/admin/builder/spi-builder-workspace/.derivedData/Index.noindex/DataStore -Xcc -D_LIBCPP_HARDENING_MODE\=_LIBCPP_HARDENING_MODE_DEBUG -swift-version 5 -I /Users/admin/builder/spi-builder-workspace/.derivedData/Build/Products/Debug-watchos -Isystem /Applications/Xcode-27.0.0-Release.Candidate.app/Contents/Developer/Platforms/WatchOS.platform/Developer/usr/lib -F /Users/admin/builder/spi-builder-workspace/.derivedData/Build/Products/Debug-watchos -F /Applications/Xcode-27.0.0-Release.Candidate.app/Contents/Developer/Platforms/WatchOS.platform/Developer/Library/Frameworks -F /Applications/Xcode-27.0.0-Release.Candidate.app/Contents/Developer/Platforms/WatchOS.platform/Developer/SDKs/WatchOS27.0.sdk/Developer/Library/Frameworks -c -j10 -enable-batch-mode -incremental -Xcc -ivfsstatcache -Xcc /Users/admin/builder/spi-builder-workspace/.derivedData/SDKStatCaches.noindex/watchos27.0-24R360-e829b21a6f8c9b70876ba0858053c04477534ef55a1706bf4c1112bbb242f0a2.sdkstatcache -output-file-map /Users/admin/builder/spi-builder-workspace/.derivedData/Build/Intermediates.noindex/VDKit.build/Debug-watchos/BindGeometry-t.build/Objects-normal/arm64/BindGeometry-OutputFileMap.json -save-temps -no-color-diagnostics -explicit-module-build -module-cache-path /Users/admin/builder/spi-builder-workspace/.derivedData/Build/Intermediates.noindex/SwiftExplicitPrecompiledModules -clang-scanner-module-cache-path /Users/admin/builder/spi-builder-workspace/.derivedData/ModuleCache.noindex -sdk-module-cache-path /Users/admin/builder/spi-builder-workspace/.derivedData/SDKExplicitPrecompiledModules -emit-dependencies -emit-module -emit-module-path /Users/admin/builder/spi-builder-workspace/.derivedData/Build/Intermediates.noindex/VDKit.build/Debug-watchos/BindGeometry-t.build/Objects-normal/arm64/BindGeometry.swiftmodule -serialize-diagnostics -dependency-scan-serialize-diagnostics-path /Users/admin/builder/spi-builder-workspace/.derivedData/Build/Intermediates.noindex/VDKit.build/Debug-watchos/BindGeometry-t.build/Objects-normal/arm64/BindGeometry-dependency-scan.dia -validate-clang-modules-once -clang-build-session-file /Users/admin/builder/spi-builder-workspace/.derivedData/ModuleCache.noindex/Session.modulevalidation -Xcc -fmodules-prune-interval\=86400 -Xcc -fmodules-prune-after\=345600 -emit-const-values -const-gather-protocols-list /Users/admin/builder/spi-builder-workspace/.derivedData/Build/Intermediates.noindex/VDKit.build/Debug-watchos/BindGeometry-t.build/Objects-normal/arm64/BindGeometry_const_extract_protocols.json -Xcc -I/Users/admin/builder/spi-builder-workspace/.derivedData/Build/Products/Debug-watchos/include -Xcc -I/Users/admin/builder/spi-builder-workspace/.derivedData/Build/Intermediates.noindex/VDKit.build/Debug-watchos/BindGeometry-t.build/DerivedSources-normal/arm64 -Xcc -I/Users/admin/builder/spi-builder-workspace/.derivedData/Build/Intermediates.noindex/VDKit.build/Debug-watchos/BindGeometry-t.build/DerivedSources/arm64 -Xcc -I/Users/admin/builder/spi-builder-workspace/.derivedData/Build/Intermediates.noindex/VDKit.build/Debug-watchos/BindGeometry-t.build/DerivedSources -Xcc -DSWIFT_PACKAGE -Xcc -DDEBUG\=1 -emit-objc-header -emit-objc-header-path /Users/admin/builder/spi-builder-workspace/.derivedData/Build/Intermediates.noindex/VDKit.build/Debug-watchos/BindGeometry-t.build/Objects-normal/arm64/BindGeometry-Swift.h -working-directory /Users/admin/builder/spi-builder-workspace/.swiftpm/xcode -experimental-emit-module-separately -disable-cmo
SwiftDriver BindGeometry normal arm64_32 com.apple.xcode.tools.swift.compiler (in target 'BindGeometry' from project 'VDKit')
cd /Users/admin/builder/spi-builder-workspace/.swiftpm/xcode
builtin-SwiftDriver -- /Applications/Xcode-27.0.0-Release.Candidate.app/Contents/Developer/Toolchains/XcodeDefault.xctoolchain/usr/bin/swiftc -parse-as-library -module-name BindGeometry -Onone @/Users/admin/builder/spi-builder-workspace/.derivedData/Build/Intermediates.noindex/VDKit.build/Debug-watchos/BindGeometry-t.build/Objects-normal/arm64_32/BindGeometry.SwiftFileList -DSWIFT_PACKAGE -DDEBUG -DSWIFT_MODULE_RESOURCE_BUNDLE_UNAVAILABLE -DXcode -plugin-path /Applications/Xcode-27.0.0-Release.Candidate.app/Contents/Developer/Toolchains/XcodeDefault.xctoolchain/usr/lib/swift/host/plugins/testing -enable-experimental-feature DebugDescriptionMacro -sdk /Applications/Xcode-27.0.0-Release.Candidate.app/Contents/Developer/Platforms/WatchOS.platform/Developer/SDKs/WatchOS27.0.sdk -target arm64_32-apple-watchos9.0 -g -module-cache-path /Users/admin/builder/spi-builder-workspace/.derivedData/ModuleCache.noindex -Xfrontend -serialize-debugging-options -enable-testing -index-store-path /Users/admin/builder/spi-builder-workspace/.derivedData/Index.noindex/DataStore -Xcc -D_LIBCPP_HARDENING_MODE\=_LIBCPP_HARDENING_MODE_DEBUG -swift-version 5 -I /Users/admin/builder/spi-builder-workspace/.derivedData/Build/Products/Debug-watchos -Isystem /Applications/Xcode-27.0.0-Release.Candidate.app/Contents/Developer/Platforms/WatchOS.platform/Developer/usr/lib -F /Users/admin/builder/spi-builder-workspace/.derivedData/Build/Products/Debug-watchos -F /Applications/Xcode-27.0.0-Release.Candidate.app/Contents/Developer/Platforms/WatchOS.platform/Developer/Library/Frameworks -F /Applications/Xcode-27.0.0-Release.Candidate.app/Contents/Developer/Platforms/WatchOS.platform/Developer/SDKs/WatchOS27.0.sdk/Developer/Library/Frameworks -c -j10 -enable-batch-mode -incremental -Xcc -ivfsstatcache -Xcc /Users/admin/builder/spi-builder-workspace/.derivedData/SDKStatCaches.noindex/watchos27.0-24R360-e829b21a6f8c9b70876ba0858053c04477534ef55a1706bf4c1112bbb242f0a2.sdkstatcache -output-file-map /Users/admin/builder/spi-builder-workspace/.derivedData/Build/Intermediates.noindex/VDKit.build/Debug-watchos/BindGeometry-t.build/Objects-normal/arm64_32/BindGeometry-OutputFileMap.json -save-temps -no-color-diagnostics -explicit-module-build -module-cache-path /Users/admin/builder/spi-builder-workspace/.derivedData/Build/Intermediates.noindex/SwiftExplicitPrecompiledModules -clang-scanner-module-cache-path /Users/admin/builder/spi-builder-workspace/.derivedData/ModuleCache.noindex -sdk-module-cache-path /Users/admin/builder/spi-builder-workspace/.derivedData/SDKExplicitPrecompiledModules -emit-dependencies -emit-module -emit-module-path /Users/admin/builder/spi-builder-workspace/.derivedData/Build/Intermediates.noindex/VDKit.build/Debug-watchos/BindGeometry-t.build/Objects-normal/arm64_32/BindGeometry.swiftmodule -serialize-diagnostics -dependency-scan-serialize-diagnostics-path /Users/admin/builder/spi-builder-workspace/.derivedData/Build/Intermediates.noindex/VDKit.build/Debug-watchos/BindGeometry-t.build/Objects-normal/arm64_32/BindGeometry-dependency-scan.dia -validate-clang-modules-once -clang-build-session-file /Users/admin/builder/spi-builder-workspace/.derivedData/ModuleCache.noindex/Session.modulevalidation -Xcc -fmodules-prune-interval\=86400 -Xcc -fmodules-prune-after\=345600 -emit-const-values -const-gather-protocols-list /Users/admin/builder/spi-builder-workspace/.derivedData/Build/Intermediates.noindex/VDKit.build/Debug-watchos/BindGeometry-t.build/Objects-normal/arm64_32/BindGeometry_const_extract_protocols.json -Xcc -I/Users/admin/builder/spi-builder-workspace/.derivedData/Build/Products/Debug-watchos/include -Xcc -I/Users/admin/builder/spi-builder-workspace/.derivedData/Build/Intermediates.noindex/VDKit.build/Debug-watchos/BindGeometry-t.build/DerivedSources-normal/arm64_32 -Xcc -I/Users/admin/builder/spi-builder-workspace/.derivedData/Build/Intermediates.noindex/VDKit.build/Debug-watchos/BindGeometry-t.build/DerivedSources/arm64_32 -Xcc -I/Users/admin/builder/spi-builder-workspace/.derivedData/Build/Intermediates.noindex/VDKit.build/Debug-watchos/BindGeometry-t.build/DerivedSources -Xcc -DSWIFT_PACKAGE -Xcc -DDEBUG\=1 -emit-objc-header -emit-objc-header-path /Users/admin/builder/spi-builder-workspace/.derivedData/Build/Intermediates.noindex/VDKit.build/Debug-watchos/BindGeometry-t.build/Objects-normal/arm64_32/BindGeometry-Swift.h -working-directory /Users/admin/builder/spi-builder-workspace/.swiftpm/xcode -experimental-emit-module-separately -disable-cmo
SwiftEmitModule normal arm64 Emitting\ module\ for\ VDDates (in target 'VDDates' from project 'VDKit')
/Users/admin/builder/spi-builder-workspace/Sources/VDDates/CalendarComponent++.swift:10:1: warning: extension declares a conformance of imported type 'Component' to imported protocols 'CaseIterable', 'Comparable'; this will not behave correctly if the owners of 'Foundation' introduce this conformance in the future
8 | import Foundation
9 |
10 | extension Calendar.Component: CaseIterable, Comparable {
| |- warning: extension declares a conformance of imported type 'Component' to imported protocols 'CaseIterable', 'Comparable'; this will not behave correctly if the owners of 'Foundation' introduce this conformance in the future
| `- note: add '@retroactive' to silence this warning
11 | public typealias AllCases = Set<Calendar.Component>
12 |
/Users/admin/builder/spi-builder-workspace/Sources/VDDates/CalendarComponent++.swift:116:1: warning: extension declares a conformance of imported type 'Component' to imported protocols 'Decodable', 'Encodable', 'RawRepresentable', 'CustomStringConvertible'; this will not behave correctly if the owners of 'Foundation' introduce this conformance in the future
114 | }
115 |
116 | extension Calendar.Component: Codable, RawRepresentable, CustomStringConvertible {
| |- warning: extension declares a conformance of imported type 'Component' to imported protocols 'Decodable', 'Encodable', 'RawRepresentable', 'CustomStringConvertible'; this will not behave correctly if the owners of 'Foundation' introduce this conformance in the future
| `- note: add '@retroactive' to silence this warning
117 |
118 | public var rawValue: String {
/Users/admin/builder/spi-builder-workspace/Sources/VDDates/Date++.swift:39:1: warning: extension declares a conformance of imported type 'DateComponents' to imported protocols 'RawRepresentable', 'ExpressibleByDictionaryLiteral'; this will not behave correctly if the owners of 'Foundation' introduce this conformance in the future
37 | }
38 |
39 | extension DateComponents: RawRepresentable, ExpressibleByDictionaryLiteral {
| |- warning: extension declares a conformance of imported type 'DateComponents' to imported protocols 'RawRepresentable', 'ExpressibleByDictionaryLiteral'; this will not behave correctly if the owners of 'Foundation' introduce this conformance in the future
| `- note: add '@retroactive' to silence this warning
40 | public static func era(_ value: Int) -> DateComponents { .current(era: value) }
41 | public static func year(_ value: Int) -> DateComponents { .current(year: value) }
/Users/admin/builder/spi-builder-workspace/Sources/VDDates/DateFormat.swift:241:1: warning: extension declares a conformance of imported type 'UnitsStyle' to imported protocol 'Decodable'; this will not behave correctly if the owners of 'Foundation' introduce this conformance in the future
239 | }
240 |
241 | extension DateComponentsFormatter.UnitsStyle: Decodable {}
| |- warning: extension declares a conformance of imported type 'UnitsStyle' to imported protocol 'Decodable'; this will not behave correctly if the owners of 'Foundation' introduce this conformance in the future
| `- note: add '@retroactive' to silence this warning
242 | extension DateComponentsFormatter.UnitsStyle: Encodable {}
243 |
/Users/admin/builder/spi-builder-workspace/Sources/VDDates/DateFormat.swift:242:1: warning: extension declares a conformance of imported type 'UnitsStyle' to imported protocol 'Encodable'; this will not behave correctly if the owners of 'Foundation' introduce this conformance in the future
240 |
241 | extension DateComponentsFormatter.UnitsStyle: Decodable {}
242 | extension DateComponentsFormatter.UnitsStyle: Encodable {}
| |- warning: extension declares a conformance of imported type 'UnitsStyle' to imported protocol 'Encodable'; this will not behave correctly if the owners of 'Foundation' introduce this conformance in the future
| `- note: add '@retroactive' to silence this warning
243 |
244 | extension DateFormat {
SwiftCompile normal arm64 (in target 'VDDates' from project 'VDKit')
cd /Users/admin/builder/spi-builder-workspace/.swiftpm/xcode
SwiftCompile normal arm64 Compiling\ DateFormat.swift /Users/admin/builder/spi-builder-workspace/Sources/VDDates/DateFormat.swift (in target 'VDDates' from project 'VDKit')
/Users/admin/builder/spi-builder-workspace/Sources/VDDates/DateFormat.swift:241:1: warning: extension declares a conformance of imported type 'UnitsStyle' to imported protocol 'Decodable'; this will not behave correctly if the owners of 'Foundation' introduce this conformance in the future
239 | }
240 |
241 | extension DateComponentsFormatter.UnitsStyle: Decodable {}
| |- warning: extension declares a conformance of imported type 'UnitsStyle' to imported protocol 'Decodable'; this will not behave correctly if the owners of 'Foundation' introduce this conformance in the future
| `- note: add '@retroactive' to silence this warning
242 | extension DateComponentsFormatter.UnitsStyle: Encodable {}
243 |
/Users/admin/builder/spi-builder-workspace/Sources/VDDates/DateFormat.swift:242:1: warning: extension declares a conformance of imported type 'UnitsStyle' to imported protocol 'Encodable'; this will not behave correctly if the owners of 'Foundation' introduce this conformance in the future
240 |
241 | extension DateComponentsFormatter.UnitsStyle: Decodable {}
242 | extension DateComponentsFormatter.UnitsStyle: Encodable {}
| |- warning: extension declares a conformance of imported type 'UnitsStyle' to imported protocol 'Encodable'; this will not behave correctly if the owners of 'Foundation' introduce this conformance in the future
| `- note: add '@retroactive' to silence this warning
243 |
244 | extension DateFormat {
/Users/admin/builder/spi-builder-workspace/Sources/VDDates/DateFormat.swift:98:5: warning: switch must be exhaustive
96 | return format
97 | case .component(let component, let style):
98 | switch component {
| |- warning: switch must be exhaustive
| |- note: add missing case: '.isLeapMonth'
| |- note: add missing case: '.isRepeatedDay'
| |- note: add missing case: '.dayOfYear'
| `- note: add missing cases
99 | case .era:
100 | switch style {
SwiftCompile normal arm64 /Users/admin/builder/spi-builder-workspace/Sources/VDDates/DateFormat.swift (in target 'VDDates' from project 'VDKit')
cd /Users/admin/builder/spi-builder-workspace/.swiftpm/xcode
builtin-SwiftPerFileCompile DateFormat.swift
SwiftEmitModule normal arm64_32 Emitting\ module\ for\ VDDates (in target 'VDDates' from project 'VDKit')
/Users/admin/builder/spi-builder-workspace/Sources/VDDates/CalendarComponent++.swift:10:1: warning: extension declares a conformance of imported type 'Component' to imported protocols 'CaseIterable', 'Comparable'; this will not behave correctly if the owners of 'Foundation' introduce this conformance in the future
8 | import Foundation
9 |
10 | extension Calendar.Component: CaseIterable, Comparable {
| |- warning: extension declares a conformance of imported type 'Component' to imported protocols 'CaseIterable', 'Comparable'; this will not behave correctly if the owners of 'Foundation' introduce this conformance in the future
| `- note: add '@retroactive' to silence this warning
11 | public typealias AllCases = Set<Calendar.Component>
12 |
/Users/admin/builder/spi-builder-workspace/Sources/VDDates/CalendarComponent++.swift:116:1: warning: extension declares a conformance of imported type 'Component' to imported protocols 'Decodable', 'Encodable', 'RawRepresentable', 'CustomStringConvertible'; this will not behave correctly if the owners of 'Foundation' introduce this conformance in the future
114 | }
115 |
116 | extension Calendar.Component: Codable, RawRepresentable, CustomStringConvertible {
| |- warning: extension declares a conformance of imported type 'Component' to imported protocols 'Decodable', 'Encodable', 'RawRepresentable', 'CustomStringConvertible'; this will not behave correctly if the owners of 'Foundation' introduce this conformance in the future
| `- note: add '@retroactive' to silence this warning
117 |
118 | public var rawValue: String {
/Users/admin/builder/spi-builder-workspace/Sources/VDDates/Date++.swift:39:1: warning: extension declares a conformance of imported type 'DateComponents' to imported protocols 'RawRepresentable', 'ExpressibleByDictionaryLiteral'; this will not behave correctly if the owners of 'Foundation' introduce this conformance in the future
37 | }
38 |
39 | extension DateComponents: RawRepresentable, ExpressibleByDictionaryLiteral {
| |- warning: extension declares a conformance of imported type 'DateComponents' to imported protocols 'RawRepresentable', 'ExpressibleByDictionaryLiteral'; this will not behave correctly if the owners of 'Foundation' introduce this conformance in the future
| `- note: add '@retroactive' to silence this warning
40 | public static func era(_ value: Int) -> DateComponents { .current(era: value) }
41 | public static func year(_ value: Int) -> DateComponents { .current(year: value) }
/Users/admin/builder/spi-builder-workspace/Sources/VDDates/DateFormat.swift:241:1: warning: extension declares a conformance of imported type 'UnitsStyle' to imported protocol 'Decodable'; this will not behave correctly if the owners of 'Foundation' introduce this conformance in the future
239 | }
240 |
241 | extension DateComponentsFormatter.UnitsStyle: Decodable {}
| |- warning: extension declares a conformance of imported type 'UnitsStyle' to imported protocol 'Decodable'; this will not behave correctly if the owners of 'Foundation' introduce this conformance in the future
| `- note: add '@retroactive' to silence this warning
242 | extension DateComponentsFormatter.UnitsStyle: Encodable {}
243 |
/Users/admin/builder/spi-builder-workspace/Sources/VDDates/DateFormat.swift:242:1: warning: extension declares a conformance of imported type 'UnitsStyle' to imported protocol 'Encodable'; this will not behave correctly if the owners of 'Foundation' introduce this conformance in the future
240 |
241 | extension DateComponentsFormatter.UnitsStyle: Decodable {}
242 | extension DateComponentsFormatter.UnitsStyle: Encodable {}
| |- warning: extension declares a conformance of imported type 'UnitsStyle' to imported protocol 'Encodable'; this will not behave correctly if the owners of 'Foundation' introduce this conformance in the future
| `- note: add '@retroactive' to silence this warning
243 |
244 | extension DateFormat {
SwiftCompile normal arm64_32 (in target 'VDDates' from project 'VDKit')
cd /Users/admin/builder/spi-builder-workspace/.swiftpm/xcode
SwiftEmitModule normal arm64 Emitting\ module\ for\ VDBuilders (in target 'VDBuilders' from project 'VDKit')
SwiftCompile normal arm64 (in target 'VDBuilders' from project 'VDKit')
cd /Users/admin/builder/spi-builder-workspace/.swiftpm/xcode
SwiftEmitModule normal arm64_32 Emitting\ module\ for\ VDBuilders (in target 'VDBuilders' from project 'VDKit')
SwiftCompile normal arm64_32 (in target 'VDBuilders' from project 'VDKit')
cd /Users/admin/builder/spi-builder-workspace/.swiftpm/xcode
SwiftCompile normal arm64 Compiling\ Date++.swift /Users/admin/builder/spi-builder-workspace/Sources/VDDates/Date++.swift (in target 'VDDates' from project 'VDKit')
SwiftCompile normal arm64 /Users/admin/builder/spi-builder-workspace/Sources/VDDates/Date++.swift (in target 'VDDates' from project 'VDKit')
cd /Users/admin/builder/spi-builder-workspace/.swiftpm/xcode
builtin-SwiftPerFileCompile Date++.swift
/Users/admin/builder/spi-builder-workspace/Sources/VDDates/Date++.swift:39:1: warning: extension declares a conformance of imported type 'DateComponents' to imported protocols 'RawRepresentable', 'ExpressibleByDictionaryLiteral'; this will not behave correctly if the owners of 'Foundation' introduce this conformance in the future
37 | }
38 |
39 | extension DateComponents: RawRepresentable, ExpressibleByDictionaryLiteral {
| |- warning: extension declares a conformance of imported type 'DateComponents' to imported protocols 'RawRepresentable', 'ExpressibleByDictionaryLiteral'; this will not behave correctly if the owners of 'Foundation' introduce this conformance in the future
| `- note: add '@retroactive' to silence this warning
40 | public static func era(_ value: Int) -> DateComponents { .current(era: value) }
41 | public static func year(_ value: Int) -> DateComponents { .current(year: value) }
/Users/admin/builder/spi-builder-workspace/Sources/VDDates/Date++.swift:401:3: warning: switch must be exhaustive
399 |
400 | public func name(of component: Calendar.Component, locale: Locale = .default, timeZone: TimeZone = .default) -> String {
401 | switch component {
| |- warning: switch must be exhaustive
| |- note: add missing case: '.isLeapMonth'
| |- note: add missing case: '.isRepeatedDay'
| |- note: add missing case: '.dayOfYear'
| `- note: add missing cases
402 | case .era: return string("GGGG", locale: locale, timeZone: timeZone)
403 | case .year: return string("yyyy", locale: locale, timeZone: timeZone)
SwiftEmitModule normal arm64 Emitting\ module\ for\ EnvironmentStateObject (in target 'EnvironmentStateObject' from project 'VDKit')
SwiftCompile normal arm64 (in target 'EnvironmentStateObject' from project 'VDKit')
cd /Users/admin/builder/spi-builder-workspace/.swiftpm/xcode
SwiftCompile normal arm64_32 Compiling\ Date++.swift /Users/admin/builder/spi-builder-workspace/Sources/VDDates/Date++.swift (in target 'VDDates' from project 'VDKit')
SwiftCompile normal arm64_32 /Users/admin/builder/spi-builder-workspace/Sources/VDDates/Date++.swift (in target 'VDDates' from project 'VDKit')
cd /Users/admin/builder/spi-builder-workspace/.swiftpm/xcode
builtin-SwiftPerFileCompile Date++.swift
/Users/admin/builder/spi-builder-workspace/Sources/VDDates/Date++.swift:39:1: warning: extension declares a conformance of imported type 'DateComponents' to imported protocols 'RawRepresentable', 'ExpressibleByDictionaryLiteral'; this will not behave correctly if the owners of 'Foundation' introduce this conformance in the future
37 | }
38 |
39 | extension DateComponents: RawRepresentable, ExpressibleByDictionaryLiteral {
| |- warning: extension declares a conformance of imported type 'DateComponents' to imported protocols 'RawRepresentable', 'ExpressibleByDictionaryLiteral'; this will not behave correctly if the owners of 'Foundation' introduce this conformance in the future
| `- note: add '@retroactive' to silence this warning
40 | public static func era(_ value: Int) -> DateComponents { .current(era: value) }
41 | public static func year(_ value: Int) -> DateComponents { .current(year: value) }
/Users/admin/builder/spi-builder-workspace/Sources/VDDates/Date++.swift:401:3: warning: switch must be exhaustive
399 |
400 | public func name(of component: Calendar.Component, locale: Locale = .default, timeZone: TimeZone = .default) -> String {
401 | switch component {
| |- warning: switch must be exhaustive
| |- note: add missing case: '.isLeapMonth'
| |- note: add missing case: '.isRepeatedDay'
| |- note: add missing case: '.dayOfYear'
| `- note: add missing cases
402 | case .era: return string("GGGG", locale: locale, timeZone: timeZone)
403 | case .year: return string("yyyy", locale: locale, timeZone: timeZone)
SwiftCompile normal arm64 Compiling\ ArrayBuilder.swift /Users/admin/builder/spi-builder-workspace/Sources/VDBuilders/ArrayBuilder.swift (in target 'VDBuilders' from project 'VDKit')
SwiftCompile normal arm64 /Users/admin/builder/spi-builder-workspace/Sources/VDBuilders/ArrayBuilder.swift (in target 'VDBuilders' from project 'VDKit')
cd /Users/admin/builder/spi-builder-workspace/.swiftpm/xcode
builtin-SwiftPerFileCompile ArrayBuilder.swift
SwiftCompile normal arm64_32 Compiling\ ComposeBuilder.swift /Users/admin/builder/spi-builder-workspace/Sources/VDBuilders/ComposeBuilder.swift (in target 'VDBuilders' from project 'VDKit')
SwiftCompile normal arm64_32 /Users/admin/builder/spi-builder-workspace/Sources/VDBuilders/ComposeBuilder.swift (in target 'VDBuilders' from project 'VDKit')
cd /Users/admin/builder/spi-builder-workspace/.swiftpm/xcode
builtin-SwiftPerFileCompile ComposeBuilder.swift
SwiftDriverJobDiscovery normal arm64 Compiling ArrayBuilder.swift (in target 'VDBuilders' from project 'VDKit')
SwiftDriver\ Compilation VDBuilders normal arm64 com.apple.xcode.tools.swift.compiler (in target 'VDBuilders' from project 'VDKit')
cd /Users/admin/builder/spi-builder-workspace/.swiftpm/xcode
builtin-Swift-Compilation -- /Applications/Xcode-27.0.0-Release.Candidate.app/Contents/Developer/Toolchains/XcodeDefault.xctoolchain/usr/bin/swiftc -parse-as-library -module-name VDBuilders -Onone @/Users/admin/builder/spi-builder-workspace/.derivedData/Build/Intermediates.noindex/VDKit.build/Debug-watchos/VDBuilders-t.build/Objects-normal/arm64/VDBuilders.SwiftFileList -DSWIFT_PACKAGE -DDEBUG -DSWIFT_MODULE_RESOURCE_BUNDLE_UNAVAILABLE -DXcode -plugin-path /Applications/Xcode-27.0.0-Release.Candidate.app/Contents/Developer/Toolchains/XcodeDefault.xctoolchain/usr/lib/swift/host/plugins/testing -enable-experimental-feature DebugDescriptionMacro -sdk /Applications/Xcode-27.0.0-Release.Candidate.app/Contents/Developer/Platforms/WatchOS.platform/Developer/SDKs/WatchOS27.0.sdk -target arm64-apple-watchos9.0 -g -module-cache-path /Users/admin/builder/spi-builder-workspace/.derivedData/ModuleCache.noindex -Xfrontend -serialize-debugging-options -enable-testing -index-store-path /Users/admin/builder/spi-builder-workspace/.derivedData/Index.noindex/DataStore -Xcc -D_LIBCPP_HARDENING_MODE\=_LIBCPP_HARDENING_MODE_DEBUG -swift-version 5 -I /Users/admin/builder/spi-builder-workspace/.derivedData/Build/Products/Debug-watchos -Isystem /Applications/Xcode-27.0.0-Release.Candidate.app/Contents/Developer/Platforms/WatchOS.platform/Developer/usr/lib -F /Users/admin/builder/spi-builder-workspace/.derivedData/Build/Products/Debug-watchos -F /Applications/Xcode-27.0.0-Release.Candidate.app/Contents/Developer/Platforms/WatchOS.platform/Developer/Library/Frameworks -F /Applications/Xcode-27.0.0-Release.Candidate.app/Contents/Developer/Platforms/WatchOS.platform/Developer/SDKs/WatchOS27.0.sdk/Developer/Library/Frameworks -c -j10 -enable-batch-mode -incremental -Xcc -ivfsstatcache -Xcc /Users/admin/builder/spi-builder-workspace/.derivedData/SDKStatCaches.noindex/watchos27.0-24R360-e829b21a6f8c9b70876ba0858053c04477534ef55a1706bf4c1112bbb242f0a2.sdkstatcache -output-file-map /Users/admin/builder/spi-builder-workspace/.derivedData/Build/Intermediates.noindex/VDKit.build/Debug-watchos/VDBuilders-t.build/Objects-normal/arm64/VDBuilders-OutputFileMap.json -save-temps -no-color-diagnostics -explicit-module-build -module-cache-path /Users/admin/builder/spi-builder-workspace/.derivedData/Build/Intermediates.noindex/SwiftExplicitPrecompiledModules -clang-scanner-module-cache-path /Users/admin/builder/spi-builder-workspace/.derivedData/ModuleCache.noindex -sdk-module-cache-path /Users/admin/builder/spi-builder-workspace/.derivedData/SDKExplicitPrecompiledModules -emit-dependencies -emit-module -emit-module-path /Users/admin/builder/spi-builder-workspace/.derivedData/Build/Intermediates.noindex/VDKit.build/Debug-watchos/VDBuilders-t.build/Objects-normal/arm64/VDBuilders.swiftmodule -serialize-diagnostics -dependency-scan-serialize-diagnostics-path /Users/admin/builder/spi-builder-workspace/.derivedData/Build/Intermediates.noindex/VDKit.build/Debug-watchos/VDBuilders-t.build/Objects-normal/arm64/VDBuilders-dependency-scan.dia -validate-clang-modules-once -clang-build-session-file /Users/admin/builder/spi-builder-workspace/.derivedData/ModuleCache.noindex/Session.modulevalidation -Xcc -fmodules-prune-interval\=86400 -Xcc -fmodules-prune-after\=345600 -emit-const-values -const-gather-protocols-list /Users/admin/builder/spi-builder-workspace/.derivedData/Build/Intermediates.noindex/VDKit.build/Debug-watchos/VDBuilders-t.build/Objects-normal/arm64/VDBuilders_const_extract_protocols.json -Xcc -I/Users/admin/builder/spi-builder-workspace/.derivedData/Build/Products/Debug-watchos/include -Xcc -I/Users/admin/builder/spi-builder-workspace/.derivedData/Build/Intermediates.noindex/VDKit.build/Debug-watchos/VDBuilders-t.build/DerivedSources-normal/arm64 -Xcc -I/Users/admin/builder/spi-builder-workspace/.derivedData/Build/Intermediates.noindex/VDKit.build/Debug-watchos/VDBuilders-t.build/DerivedSources/arm64 -Xcc -I/Users/admin/builder/spi-builder-workspace/.derivedData/Build/Intermediates.noindex/VDKit.build/Debug-watchos/VDBuilders-t.build/DerivedSources -Xcc -DSWIFT_PACKAGE -Xcc -DDEBUG\=1 -emit-objc-header -emit-objc-header-path /Users/admin/builder/spi-builder-workspace/.derivedData/Build/Intermediates.noindex/VDKit.build/Debug-watchos/VDBuilders-t.build/Objects-normal/arm64/VDBuilders-Swift.h -working-directory /Users/admin/builder/spi-builder-workspace/.swiftpm/xcode -experimental-emit-module-separately -disable-cmo
SwiftDriverJobDiscovery normal arm64 Compiling DateFormat.swift (in target 'VDDates' from project 'VDKit')
SwiftCompile normal arm64 Compiling\ EnvironmentStateObject.swift /Users/admin/builder/spi-builder-workspace/Sources/SwiftUI/EnvironmentStateObject/EnvironmentStateObject.swift (in target 'EnvironmentStateObject' from project 'VDKit')
SwiftCompile normal arm64 /Users/admin/builder/spi-builder-workspace/Sources/SwiftUI/EnvironmentStateObject/EnvironmentStateObject.swift (in target 'EnvironmentStateObject' from project 'VDKit')
cd /Users/admin/builder/spi-builder-workspace/.swiftpm/xcode
builtin-SwiftPerFileCompile EnvironmentStateObject.swift
SwiftCompile normal arm64 Compiling\ CalendarComponent++.swift /Users/admin/builder/spi-builder-workspace/Sources/VDDates/CalendarComponent++.swift (in target 'VDDates' from project 'VDKit')
/Users/admin/builder/spi-builder-workspace/Sources/VDDates/CalendarComponent++.swift:10:1: warning: extension declares a conformance of imported type 'Component' to imported protocols 'CaseIterable', 'Comparable'; this will not behave correctly if the owners of 'Foundation' introduce this conformance in the future
8 | import Foundation
9 |
10 | extension Calendar.Component: CaseIterable, Comparable {
| |- warning: extension declares a conformance of imported type 'Component' to imported protocols 'CaseIterable', 'Comparable'; this will not behave correctly if the owners of 'Foundation' introduce this conformance in the future
| `- note: add '@retroactive' to silence this warning
11 | public typealias AllCases = Set<Calendar.Component>
12 |
/Users/admin/builder/spi-builder-workspace/Sources/VDDates/CalendarComponent++.swift:116:1: warning: extension declares a conformance of imported type 'Component' to imported protocols 'Decodable', 'Encodable', 'RawRepresentable', 'CustomStringConvertible'; this will not behave correctly if the owners of 'Foundation' introduce this conformance in the future
114 | }
115 |
116 | extension Calendar.Component: Codable, RawRepresentable, CustomStringConvertible {
| |- warning: extension declares a conformance of imported type 'Component' to imported protocols 'Decodable', 'Encodable', 'RawRepresentable', 'CustomStringConvertible'; this will not behave correctly if the owners of 'Foundation' introduce this conformance in the future
| `- note: add '@retroactive' to silence this warning
117 |
118 | public var rawValue: String {
/Users/admin/builder/spi-builder-workspace/Sources/VDDates/CalendarComponent++.swift:29:3: warning: switch must be exhaustive
27 |
28 | public var smaller: Calendar.Component? {
29 | switch self {
| |- warning: switch must be exhaustive
| |- note: add missing case: '.isLeapMonth'
| |- note: add missing case: '.isRepeatedDay'
| |- note: add missing case: '.dayOfYear'
| `- note: add missing cases
30 | case .era: return .year
31 | case .year: return .month
/Users/admin/builder/spi-builder-workspace/Sources/VDDates/CalendarComponent++.swift:61:3: warning: switch must be exhaustive
59 |
60 | public var larger: Calendar.Component? {
61 | switch self {
| |- warning: switch must be exhaustive
| |- note: add missing case: '.isLeapMonth'
| |- note: add missing case: '.isRepeatedDay'
| |- note: add missing case: '.dayOfYear'
| `- note: add missing cases
62 | case .era: return nil
63 | case .year: return .era
/Users/admin/builder/spi-builder-workspace/Sources/VDDates/CalendarComponent++.swift:83:3: warning: switch must be exhaustive
81 |
82 | public var inSeconds: TimeInterval {
83 | switch self {
| |- warning: switch must be exhaustive
| |- note: add missing case: '.isLeapMonth'
| |- note: add missing case: '.isRepeatedDay'
| |- note: add missing case: '.dayOfYear'
| `- note: add missing cases
84 | case .era: return .infinity
85 | case .year: return 365.2425 * Calendar.Component.day.inSeconds
/Users/admin/builder/spi-builder-workspace/Sources/VDDates/CalendarComponent++.swift:119:3: warning: switch must be exhaustive
117 |
118 | public var rawValue: String {
119 | switch self {
| |- warning: switch must be exhaustive
| |- note: add missing case: '.isLeapMonth'
| |- note: add missing case: '.isRepeatedDay'
| |- note: add missing case: '.dayOfYear'
| `- note: add missing cases
120 | case .era: return "era"
121 | case .year: return "year"
SwiftCompile normal arm64 /Users/admin/builder/spi-builder-workspace/Sources/VDDates/CalendarComponent++.swift (in target 'VDDates' from project 'VDKit')
cd /Users/admin/builder/spi-builder-workspace/.swiftpm/xcode
builtin-SwiftPerFileCompile CalendarComponent++.swift
Ld /Users/admin/builder/spi-builder-workspace/.derivedData/Build/Intermediates.noindex/VDKit.build/Debug-watchos/VDOptional-t.build/Objects-normal/arm64_32/Binary/VDOptional.o normal arm64_32 (in target 'VDOptional' from project 'VDKit')
cd /Users/admin/builder/spi-builder-workspace
/Applications/Xcode-27.0.0-Release.Candidate.app/Contents/Developer/Toolchains/XcodeDefault.xctoolchain/usr/bin/clang -Xlinker -reproducible -target arm64_32-apple-watchos9.0 -r -isysroot /Applications/Xcode-27.0.0-Release.Candidate.app/Contents/Developer/Platforms/WatchOS.platform/Developer/SDKs/WatchOS27.0.sdk -O0 -Xlinker -no_warn_duplicate_libraries -F/Users/admin/builder/spi-builder-workspace/.derivedData/Build/Intermediates.noindex/EagerLinkingTBDs/Debug-watchos -F/Users/admin/builder/spi-builder-workspace/.derivedData/Build/Products/Debug-watchos -iframework /Applications/Xcode-27.0.0-Release.Candidate.app/Contents/Developer/Platforms/WatchOS.platform/Developer/Library/Frameworks -iframework /Applications/Xcode-27.0.0-Release.Candidate.app/Contents/Developer/Platforms/WatchOS.platform/Developer/SDKs/WatchOS27.0.sdk/Developer/Library/Frameworks -filelist /Users/admin/builder/spi-builder-workspace/.derivedData/Build/Intermediates.noindex/VDKit.build/Debug-watchos/VDOptional-t.build/Objects-normal/arm64_32/VDOptional.LinkFileList -nostdlib -Xlinker -object_path_lto -Xlinker /Users/admin/builder/spi-builder-workspace/.derivedData/Build/Intermediates.noindex/VDKit.build/Debug-watchos/VDOptional-t.build/Objects-normal/arm64_32/VDOptional_lto.o -Xlinker -no_deduplicate -Xlinker -dependency_info -Xlinker /Users/admin/builder/spi-builder-workspace/.derivedData/Build/Intermediates.noindex/VDKit.build/Debug-watchos/VDOptional-t.build/Objects-normal/arm64_32/VDOptional_dependency_info.dat -fobjc-link-runtime -L/Applications/Xcode-27.0.0-Release.Candidate.app/Contents/Developer/Toolchains/XcodeDefault.xctoolchain/usr/lib/swift/watchos -L/usr/lib/swift -Xlinker -add_ast_path -Xlinker /Users/admin/builder/spi-builder-workspace/.derivedData/Build/Intermediates.noindex/VDKit.build/Debug-watchos/VDOptional-t.build/Objects-normal/arm64_32/VDOptional.swiftmodule -o /Users/admin/builder/spi-builder-workspace/.derivedData/Build/Intermediates.noindex/VDKit.build/Debug-watchos/VDOptional-t.build/Objects-normal/arm64_32/Binary/VDOptional.o
Ld /Users/admin/builder/spi-builder-workspace/.derivedData/Build/Intermediates.noindex/VDKit.build/Debug-watchos/VDOptional-t.build/Objects-normal/arm64/Binary/VDOptional.o normal arm64 (in target 'VDOptional' from project 'VDKit')
cd /Users/admin/builder/spi-builder-workspace
/Applications/Xcode-27.0.0-Release.Candidate.app/Contents/Developer/Toolchains/XcodeDefault.xctoolchain/usr/bin/clang -Xlinker -reproducible -target arm64-apple-watchos9.0 -r -isysroot /Applications/Xcode-27.0.0-Release.Candidate.app/Contents/Developer/Platforms/WatchOS.platform/Developer/SDKs/WatchOS27.0.sdk -O0 -Xlinker -no_warn_duplicate_libraries -F/Users/admin/builder/spi-builder-workspace/.derivedData/Build/Intermediates.noindex/EagerLinkingTBDs/Debug-watchos -F/Users/admin/builder/spi-builder-workspace/.derivedData/Build/Products/Debug-watchos -iframework /Applications/Xcode-27.0.0-Release.Candidate.app/Contents/Developer/Platforms/WatchOS.platform/Developer/Library/Frameworks -iframework /Applications/Xcode-27.0.0-Release.Candidate.app/Contents/Developer/Platforms/WatchOS.platform/Developer/SDKs/WatchOS27.0.sdk/Developer/Library/Frameworks -filelist /Users/admin/builder/spi-builder-workspace/.derivedData/Build/Intermediates.noindex/VDKit.build/Debug-watchos/VDOptional-t.build/Objects-normal/arm64/VDOptional.LinkFileList -nostdlib -Xlinker -object_path_lto -Xlinker /Users/admin/builder/spi-builder-workspace/.derivedData/Build/Intermediates.noindex/VDKit.build/Debug-watchos/VDOptional-t.build/Objects-normal/arm64/VDOptional_lto.o -Xlinker -no_deduplicate -Xlinker -dependency_info -Xlinker /Users/admin/builder/spi-builder-workspace/.derivedData/Build/Intermediates.noindex/VDKit.build/Debug-watchos/VDOptional-t.build/Objects-normal/arm64/VDOptional_dependency_info.dat -fobjc-link-runtime -L/Applications/Xcode-27.0.0-Release.Candidate.app/Contents/Developer/Toolchains/XcodeDefault.xctoolchain/usr/lib/swift/watchos -L/usr/lib/swift -Xlinker -add_ast_path -Xlinker /Users/admin/builder/spi-builder-workspace/.derivedData/Build/Intermediates.noindex/VDKit.build/Debug-watchos/VDOptional-t.build/Objects-normal/arm64/VDOptional.swiftmodule -o /Users/admin/builder/spi-builder-workspace/.derivedData/Build/Intermediates.noindex/VDKit.build/Debug-watchos/VDOptional-t.build/Objects-normal/arm64/Binary/VDOptional.o
Ld /Users/admin/builder/spi-builder-workspace/.derivedData/Build/Intermediates.noindex/VDKit.build/Debug-watchos/VDMirror-t.build/Objects-normal/arm64_32/Binary/VDMirror.o normal arm64_32 (in target 'VDMirror' from project 'VDKit')
cd /Users/admin/builder/spi-builder-workspace
/Applications/Xcode-27.0.0-Release.Candidate.app/Contents/Developer/Toolchains/XcodeDefault.xctoolchain/usr/bin/clang -Xlinker -reproducible -target arm64_32-apple-watchos9.0 -r -isysroot /Applications/Xcode-27.0.0-Release.Candidate.app/Contents/Developer/Platforms/WatchOS.platform/Developer/SDKs/WatchOS27.0.sdk -O0 -Xlinker -no_warn_duplicate_libraries -F/Users/admin/builder/spi-builder-workspace/.derivedData/Build/Intermediates.noindex/EagerLinkingTBDs/Debug-watchos -F/Users/admin/builder/spi-builder-workspace/.derivedData/Build/Products/Debug-watchos -iframework /Applications/Xcode-27.0.0-Release.Candidate.app/Contents/Developer/Platforms/WatchOS.platform/Developer/Library/Frameworks -iframework /Applications/Xcode-27.0.0-Release.Candidate.app/Contents/Developer/Platforms/WatchOS.platform/Developer/SDKs/WatchOS27.0.sdk/Developer/Library/Frameworks -filelist /Users/admin/builder/spi-builder-workspace/.derivedData/Build/Intermediates.noindex/VDKit.build/Debug-watchos/VDMirror-t.build/Objects-normal/arm64_32/VDMirror.LinkFileList -nostdlib -Xlinker -object_path_lto -Xlinker /Users/admin/builder/spi-builder-workspace/.derivedData/Build/Intermediates.noindex/VDKit.build/Debug-watchos/VDMirror-t.build/Objects-normal/arm64_32/VDMirror_lto.o -Xlinker -no_deduplicate -Xlinker -dependency_info -Xlinker /Users/admin/builder/spi-builder-workspace/.derivedData/Build/Intermediates.noindex/VDKit.build/Debug-watchos/VDMirror-t.build/Objects-normal/arm64_32/VDMirror_dependency_info.dat -fobjc-link-runtime -L/Applications/Xcode-27.0.0-Release.Candidate.app/Contents/Developer/Toolchains/XcodeDefault.xctoolchain/usr/lib/swift/watchos -L/usr/lib/swift -Xlinker -add_ast_path -Xlinker /Users/admin/builder/spi-builder-workspace/.derivedData/Build/Intermediates.noindex/VDKit.build/Debug-watchos/VDMirror-t.build/Objects-normal/arm64_32/VDMirror.swiftmodule -o /Users/admin/builder/spi-builder-workspace/.derivedData/Build/Intermediates.noindex/VDKit.build/Debug-watchos/VDMirror-t.build/Objects-normal/arm64_32/Binary/VDMirror.o
Ld /Users/admin/builder/spi-builder-workspace/.derivedData/Build/Intermediates.noindex/VDKit.build/Debug-watchos/VDMirror-t.build/Objects-normal/arm64/Binary/VDMirror.o normal arm64 (in target 'VDMirror' from project 'VDKit')
cd /Users/admin/builder/spi-builder-workspace
/Applications/Xcode-27.0.0-Release.Candidate.app/Contents/Developer/Toolchains/XcodeDefault.xctoolchain/usr/bin/clang -Xlinker -reproducible -target arm64-apple-watchos9.0 -r -isysroot /Applications/Xcode-27.0.0-Release.Candidate.app/Contents/Developer/Platforms/WatchOS.platform/Developer/SDKs/WatchOS27.0.sdk -O0 -Xlinker -no_warn_duplicate_libraries -F/Users/admin/builder/spi-builder-workspace/.derivedData/Build/Intermediates.noindex/EagerLinkingTBDs/Debug-watchos -F/Users/admin/builder/spi-builder-workspace/.derivedData/Build/Products/Debug-watchos -iframework /Applications/Xcode-27.0.0-Release.Candidate.app/Contents/Developer/Platforms/WatchOS.platform/Developer/Library/Frameworks -iframework /Applications/Xcode-27.0.0-Release.Candidate.app/Contents/Developer/Platforms/WatchOS.platform/Developer/SDKs/WatchOS27.0.sdk/Developer/Library/Frameworks -filelist /Users/admin/builder/spi-builder-workspace/.derivedData/Build/Intermediates.noindex/VDKit.build/Debug-watchos/VDMirror-t.build/Objects-normal/arm64/VDMirror.LinkFileList -nostdlib -Xlinker -object_path_lto -Xlinker /Users/admin/builder/spi-builder-workspace/.derivedData/Build/Intermediates.noindex/VDKit.build/Debug-watchos/VDMirror-t.build/Objects-normal/arm64/VDMirror_lto.o -Xlinker -no_deduplicate -Xlinker -dependency_info -Xlinker /Users/admin/builder/spi-builder-workspace/.derivedData/Build/Intermediates.noindex/VDKit.build/Debug-watchos/VDMirror-t.build/Objects-normal/arm64/VDMirror_dependency_info.dat -fobjc-link-runtime -L/Applications/Xcode-27.0.0-Release.Candidate.app/Contents/Developer/Toolchains/XcodeDefault.xctoolchain/usr/lib/swift/watchos -L/usr/lib/swift -Xlinker -add_ast_path -Xlinker /Users/admin/builder/spi-builder-workspace/.derivedData/Build/Intermediates.noindex/VDKit.build/Debug-watchos/VDMirror-t.build/Objects-normal/arm64/VDMirror.swiftmodule -o /Users/admin/builder/spi-builder-workspace/.derivedData/Build/Intermediates.noindex/VDKit.build/Debug-watchos/VDMirror-t.build/Objects-normal/arm64/Binary/VDMirror.o
SwiftEmitModule normal arm64 Emitting\ module\ for\ VDCoreGraphics (in target 'VDCoreGraphics' from project 'VDKit')
/Users/admin/builder/spi-builder-workspace/Sources/VDCoreGraphics/CA++.swift:14:30: error: 'CATransform3D' is unavailable in watchOS
12 | extension CATransform3D {
13 |
14 | public static var identity: CATransform3D { CATransform3DIdentity }
| `- error: 'CATransform3D' is unavailable in watchOS
15 |
16 | public var affine: CGAffineTransform {
/Applications/Xcode-27.0.0-Release.Candidate.app/Contents/Developer/Platforms/WatchOS.platform/Developer/SDKs/WatchOS27.0.sdk/System/Library/Frameworks/QuartzCore.framework/Headers/CATransform3D.h:17:8: note: 'CATransform3D' has been explicitly marked unavailable here
15 | /* Homogeneous three-dimensional transforms. */
16 |
17 | struct CATransform3D
| `- note: 'CATransform3D' has been explicitly marked unavailable here
18 | {
19 | CGFloat m11, m12, m13, m14;
/Users/admin/builder/spi-builder-workspace/Sources/VDCoreGraphics/CA++.swift:20:70: error: 'CATransform3D' is unavailable in watchOS
18 | }
19 |
20 | public static func scale(x: CGFloat, y: CGFloat, z: CGFloat = 1) -> CATransform3D {
| `- error: 'CATransform3D' is unavailable in watchOS
21 | CATransform3DIdentity.scaled(x: x, y: y, z: z)
22 | }
/Applications/Xcode-27.0.0-Release.Candidate.app/Contents/Developer/Platforms/WatchOS.platform/Developer/SDKs/WatchOS27.0.sdk/System/Library/Frameworks/QuartzCore.framework/Headers/CATransform3D.h:17:8: note: 'CATransform3D' has been explicitly marked unavailable here
15 | /* Homogeneous three-dimensional transforms. */
16 |
17 | struct CATransform3D
| `- note: 'CATransform3D' has been explicitly marked unavailable here
18 | {
19 | CGFloat m11, m12, m13, m14;
/Users/admin/builder/spi-builder-workspace/Sources/VDCoreGraphics/CA++.swift:24:45: error: 'CATransform3D' is unavailable in watchOS
22 | }
23 |
24 | public static func scale(_ xy: CGFloat) -> CATransform3D {
| `- error: 'CATransform3D' is unavailable in watchOS
25 | CATransform3DIdentity.scaled(xy)
26 | }
/Applications/Xcode-27.0.0-Release.Candidate.app/Contents/Developer/Platforms/WatchOS.platform/Developer/SDKs/WatchOS27.0.sdk/System/Library/Frameworks/QuartzCore.framework/Headers/CATransform3D.h:17:8: note: 'CATransform3D' has been explicitly marked unavailable here
15 | /* Homogeneous three-dimensional transforms. */
16 |
17 | struct CATransform3D
| `- note: 'CATransform3D' has been explicitly marked unavailable here
18 | {
19 | CGFloat m11, m12, m13, m14;
/Users/admin/builder/spi-builder-workspace/Sources/VDCoreGraphics/CA++.swift:28:74: error: 'CATransform3D' is unavailable in watchOS
26 | }
27 |
28 | public static func translate(x: CGFloat, y: CGFloat, z: CGFloat = 0) -> CATransform3D {
| `- error: 'CATransform3D' is unavailable in watchOS
29 | CATransform3DIdentity.translated(x: x, y: y, z: z)
30 | }
/Applications/Xcode-27.0.0-Release.Candidate.app/Contents/Developer/Platforms/WatchOS.platform/Developer/SDKs/WatchOS27.0.sdk/System/Library/Frameworks/QuartzCore.framework/Headers/CATransform3D.h:17:8: note: 'CATransform3D' has been explicitly marked unavailable here
15 | /* Homogeneous three-dimensional transforms. */
16 |
17 | struct CATransform3D
| `- note: 'CATransform3D' has been explicitly marked unavailable here
18 | {
19 | CGFloat m11, m12, m13, m14;
/Users/admin/builder/spi-builder-workspace/Sources/VDCoreGraphics/CA++.swift:32:49: error: 'CATransform3D' is unavailable in watchOS
30 | }
31 |
32 | public static func translate(_ xy: CGPoint) -> CATransform3D {
| `- error: 'CATransform3D' is unavailable in watchOS
33 | CATransform3DIdentity.translated(xy)
34 | }
/Applications/Xcode-27.0.0-Release.Candidate.app/Contents/Developer/Platforms/WatchOS.platform/Developer/SDKs/WatchOS27.0.sdk/System/Library/Frameworks/QuartzCore.framework/Headers/CATransform3D.h:17:8: note: 'CATransform3D' has been explicitly marked unavailable here
15 | /* Homogeneous three-dimensional transforms. */
16 |
17 | struct CATransform3D
| `- note: 'CATransform3D' has been explicitly marked unavailable here
18 | {
19 | CGFloat m11, m12, m13, m14;
/Users/admin/builder/spi-builder-workspace/Sources/VDCoreGraphics/CA++.swift:36:97: error: 'CATransform3D' is unavailable in watchOS
34 | }
35 |
36 | public static func rotate(_ angle: CGFloat, x: CGFloat = 0, y: CGFloat = 0, z: CGFloat = 1) -> CATransform3D {
| `- error: 'CATransform3D' is unavailable in watchOS
37 | CATransform3DIdentity.rotated(angle, x: x, y: y, z: z)
38 | }
/Applications/Xcode-27.0.0-Release.Candidate.app/Contents/Developer/Platforms/WatchOS.platform/Developer/SDKs/WatchOS27.0.sdk/System/Library/Frameworks/QuartzCore.framework/Headers/CATransform3D.h:17:8: note: 'CATransform3D' has been explicitly marked unavailable here
15 | /* Homogeneous three-dimensional transforms. */
16 |
17 | struct CATransform3D
| `- note: 'CATransform3D' has been explicitly marked unavailable here
18 | {
19 | CGFloat m11, m12, m13, m14;
/Users/admin/builder/spi-builder-workspace/Sources/VDCoreGraphics/CA++.swift:40:64: error: 'CATransform3D' is unavailable in watchOS
38 | }
39 |
40 | public func scaled(x: CGFloat, y: CGFloat, z: CGFloat = 1) -> CATransform3D {
| `- error: 'CATransform3D' is unavailable in watchOS
41 | CATransform3DScale(self, x, y, z)
42 | }
/Applications/Xcode-27.0.0-Release.Candidate.app/Contents/Developer/Platforms/WatchOS.platform/Developer/SDKs/WatchOS27.0.sdk/System/Library/Frameworks/QuartzCore.framework/Headers/CATransform3D.h:17:8: note: 'CATransform3D' has been explicitly marked unavailable here
15 | /* Homogeneous three-dimensional transforms. */
16 |
17 | struct CATransform3D
| `- note: 'CATransform3D' has been explicitly marked unavailable here
18 | {
19 | CGFloat m11, m12, m13, m14;
/Users/admin/builder/spi-builder-workspace/Sources/VDCoreGraphics/CA++.swift:44:39: error: 'CATransform3D' is unavailable in watchOS
42 | }
43 |
44 | public func scaled(_ xy: CGFloat) -> CATransform3D {
| `- error: 'CATransform3D' is unavailable in watchOS
45 | CATransform3DScale(self, xy, xy, 1)
46 | }
/Applications/Xcode-27.0.0-Release.Candidate.app/Contents/Developer/Platforms/WatchOS.platform/Developer/SDKs/WatchOS27.0.sdk/System/Library/Frameworks/QuartzCore.framework/Headers/CATransform3D.h:17:8: note: 'CATransform3D' has been explicitly marked unavailable here
15 | /* Homogeneous three-dimensional transforms. */
16 |
17 | struct CATransform3D
| `- note: 'CATransform3D' has been explicitly marked unavailable here
18 | {
19 | CGFloat m11, m12, m13, m14;
/Users/admin/builder/spi-builder-workspace/Sources/VDCoreGraphics/CA++.swift:48:68: error: 'CATransform3D' is unavailable in watchOS
46 | }
47 |
48 | public func translated(x: CGFloat, y: CGFloat, z: CGFloat = 0) -> CATransform3D {
| `- error: 'CATransform3D' is unavailable in watchOS
49 | CATransform3DTranslate(self, x, y, z)
50 | }
/Applications/Xcode-27.0.0-Release.Candidate.app/Contents/Developer/Platforms/WatchOS.platform/Developer/SDKs/WatchOS27.0.sdk/System/Library/Frameworks/QuartzCore.framework/Headers/CATransform3D.h:17:8: note: 'CATransform3D' has been explicitly marked unavailable here
15 | /* Homogeneous three-dimensional transforms. */
16 |
17 | struct CATransform3D
| `- note: 'CATransform3D' has been explicitly marked unavailable here
18 | {
19 | CGFloat m11, m12, m13, m14;
/Users/admin/builder/spi-builder-workspace/Sources/VDCoreGraphics/CA++.swift:52:43: error: 'CATransform3D' is unavailable in watchOS
50 | }
51 |
52 | public func translated(_ xy: CGPoint) -> CATransform3D {
| `- error: 'CATransform3D' is unavailable in watchOS
53 | CATransform3DTranslate(self, xy.x, xy.y, 0)
54 | }
/Applications/Xcode-27.0.0-Release.Candidate.app/Contents/Developer/Platforms/WatchOS.platform/Developer/SDKs/WatchOS27.0.sdk/System/Library/Frameworks/QuartzCore.framework/Headers/CATransform3D.h:17:8: note: 'CATransform3D' has been explicitly marked unavailable here
15 | /* Homogeneous three-dimensional transforms. */
16 |
17 | struct CATransform3D
| `- note: 'CATransform3D' has been explicitly marked unavailable here
18 | {
19 | CGFloat m11, m12, m13, m14;
/Users/admin/builder/spi-builder-workspace/Sources/VDCoreGraphics/CA++.swift:56:91: error: 'CATransform3D' is unavailable in watchOS
54 | }
55 |
56 | public func rotated(_ angle: CGFloat, x: CGFloat = 0, y: CGFloat = 0, z: CGFloat = 1) -> CATransform3D {
| `- error: 'CATransform3D' is unavailable in watchOS
57 | CATransform3DRotate(self, angle, x, y, z)
58 | }
/Applications/Xcode-27.0.0-Release.Candidate.app/Contents/Developer/Platforms/WatchOS.platform/Developer/SDKs/WatchOS27.0.sdk/System/Library/Frameworks/QuartzCore.framework/Headers/CATransform3D.h:17:8: note: 'CATransform3D' has been explicitly marked unavailable here
15 | /* Homogeneous three-dimensional transforms. */
16 |
17 | struct CATransform3D
| `- note: 'CATransform3D' has been explicitly marked unavailable here
18 | {
19 | CGFloat m11, m12, m13, m14;
/Users/admin/builder/spi-builder-workspace/Sources/VDCoreGraphics/CA++.swift:60:23: error: 'CATransform3D' is unavailable in watchOS
58 | }
59 |
60 | public var inverted: CATransform3D {
| `- error: 'CATransform3D' is unavailable in watchOS
61 | CATransform3DInvert(self)
62 | }
/Applications/Xcode-27.0.0-Release.Candidate.app/Contents/Developer/Platforms/WatchOS.platform/Developer/SDKs/WatchOS27.0.sdk/System/Library/Frameworks/QuartzCore.framework/Headers/CATransform3D.h:17:8: note: 'CATransform3D' has been explicitly marked unavailable here
15 | /* Homogeneous three-dimensional transforms. */
16 |
17 | struct CATransform3D
| `- note: 'CATransform3D' has been explicitly marked unavailable here
18 | {
19 | CGFloat m11, m12, m13, m14;
/Users/admin/builder/spi-builder-workspace/Sources/VDCoreGraphics/CA++.swift:64:37: error: 'CATransform3D' is unavailable in watchOS
62 | }
63 |
64 | public func concatenating(_ other: CATransform3D) -> CATransform3D {
| `- error: 'CATransform3D' is unavailable in watchOS
65 | CATransform3DConcat(self, other)
66 | }
/Applications/Xcode-27.0.0-Release.Candidate.app/Contents/Developer/Platforms/WatchOS.platform/Developer/SDKs/WatchOS27.0.sdk/System/Library/Frameworks/QuartzCore.framework/Headers/CATransform3D.h:17:8: note: 'CATransform3D' has been explicitly marked unavailable here
15 | /* Homogeneous three-dimensional transforms. */
16 |
17 | struct CATransform3D
| `- note: 'CATransform3D' has been explicitly marked unavailable here
18 | {
19 | CGFloat m11, m12, m13, m14;
/Users/admin/builder/spi-builder-workspace/Sources/VDCoreGraphics/CA++.swift:64:55: error: 'CATransform3D' is unavailable in watchOS
62 | }
63 |
64 | public func concatenating(_ other: CATransform3D) -> CATransform3D {
| `- error: 'CATransform3D' is unavailable in watchOS
65 | CATransform3DConcat(self, other)
66 | }
/Applications/Xcode-27.0.0-Release.Candidate.app/Contents/Developer/Platforms/WatchOS.platform/Developer/SDKs/WatchOS27.0.sdk/System/Library/Frameworks/QuartzCore.framework/Headers/CATransform3D.h:17:8: note: 'CATransform3D' has been explicitly marked unavailable here
15 | /* Homogeneous three-dimensional transforms. */
16 |
17 | struct CATransform3D
| `- note: 'CATransform3D' has been explicitly marked unavailable here
18 | {
19 | CGFloat m11, m12, m13, m14;
/Users/admin/builder/spi-builder-workspace/Sources/VDCoreGraphics/CA++.swift:68:29: error: 'CATransform3D' is unavailable in watchOS
66 | }
67 |
68 | public func added(_ other: CATransform3D) -> CATransform3D {
| `- error: 'CATransform3D' is unavailable in watchOS
69 | let new = CATransform3DConcat(self, other)
70 | return CATransform3D(
/Applications/Xcode-27.0.0-Release.Candidate.app/Contents/Developer/Platforms/WatchOS.platform/Developer/SDKs/WatchOS27.0.sdk/System/Library/Frameworks/QuartzCore.framework/Headers/CATransform3D.h:17:8: note: 'CATransform3D' has been explicitly marked unavailable here
15 | /* Homogeneous three-dimensional transforms. */
16 |
17 | struct CATransform3D
| `- note: 'CATransform3D' has been explicitly marked unavailable here
18 | {
19 | CGFloat m11, m12, m13, m14;
/Users/admin/builder/spi-builder-workspace/Sources/VDCoreGraphics/CA++.swift:68:47: error: 'CATransform3D' is unavailable in watchOS
66 | }
67 |
68 | public func added(_ other: CATransform3D) -> CATransform3D {
| `- error: 'CATransform3D' is unavailable in watchOS
69 | let new = CATransform3DConcat(self, other)
70 | return CATransform3D(
/Applications/Xcode-27.0.0-Release.Candidate.app/Contents/Developer/Platforms/WatchOS.platform/Developer/SDKs/WatchOS27.0.sdk/System/Library/Frameworks/QuartzCore.framework/Headers/CATransform3D.h:17:8: note: 'CATransform3D' has been explicitly marked unavailable here
15 | /* Homogeneous three-dimensional transforms. */
16 |
17 | struct CATransform3D
| `- note: 'CATransform3D' has been explicitly marked unavailable here
18 | {
19 | CGFloat m11, m12, m13, m14;
/Users/admin/builder/spi-builder-workspace/Sources/VDCoreGraphics/CA++.swift:12:11: error: 'CATransform3D' is unavailable in watchOS
10 | import QuartzCore
11 |
12 | extension CATransform3D {
| `- error: 'CATransform3D' is unavailable in watchOS
13 |
14 | public static var identity: CATransform3D { CATransform3DIdentity }
/Applications/Xcode-27.0.0-Release.Candidate.app/Contents/Developer/Platforms/WatchOS.platform/Developer/SDKs/WatchOS27.0.sdk/System/Library/Frameworks/QuartzCore.framework/Headers/CATransform3D.h:17:8: note: 'CATransform3D' has been explicitly marked unavailable here
15 | /* Homogeneous three-dimensional transforms. */
16 |
17 | struct CATransform3D
| `- note: 'CATransform3D' has been explicitly marked unavailable here
18 | {
19 | CGFloat m11, m12, m13, m14;
/Users/admin/builder/spi-builder-workspace/Sources/VDCoreGraphics/CA++.swift:81:26: error: 'CATransform3D' is unavailable in watchOS
79 | extension CGAffineTransform {
80 |
81 | public var transform3d: CATransform3D {
| `- error: 'CATransform3D' is unavailable in watchOS
82 | CATransform3DMakeAffineTransform(self)
83 | }
/Applications/Xcode-27.0.0-Release.Candidate.app/Contents/Developer/Platforms/WatchOS.platform/Developer/SDKs/WatchOS27.0.sdk/System/Library/Frameworks/QuartzCore.framework/Headers/CATransform3D.h:17:8: note: 'CATransform3D' has been explicitly marked unavailable here
15 | /* Homogeneous three-dimensional transforms. */
16 |
17 | struct CATransform3D
| `- note: 'CATransform3D' has been explicitly marked unavailable here
18 | {
19 | CGFloat m11, m12, m13, m14;
/Users/admin/builder/spi-builder-workspace/Sources/VDCoreGraphics/CA++.swift:116:1: warning: extension declares a conformance of imported type 'CATransform3D' to imported protocol 'Equatable'; this will not behave correctly if the owners of 'QuartzCore' introduce this conformance in the future
114 | }
115 |
116 | extension CATransform3D: Equatable {
| |- warning: extension declares a conformance of imported type 'CATransform3D' to imported protocol 'Equatable'; this will not behave correctly if the owners of 'QuartzCore' introduce this conformance in the future
| `- note: add '@retroactive' to silence this warning
117 |
118 | private var ms: [CGFloat] { [m11, m12, m13, m14, m21, m22, m23, m24, m31, m32, m33, m34, m41, m42, m43, m44] }
/Users/admin/builder/spi-builder-workspace/Sources/VDCoreGraphics/CA++.swift:120:31: error: 'CATransform3D' is unavailable in watchOS
118 | private var ms: [CGFloat] { [m11, m12, m13, m14, m21, m22, m23, m24, m31, m32, m33, m34, m41, m42, m43, m44] }
119 |
120 | public static func ==(_ lhs: CATransform3D, _ rhs: CATransform3D) -> Bool {
| `- error: 'CATransform3D' is unavailable in watchOS
121 | lhs.ms == rhs.ms
122 | }
/Applications/Xcode-27.0.0-Release.Candidate.app/Contents/Developer/Platforms/WatchOS.platform/Developer/SDKs/WatchOS27.0.sdk/System/Library/Frameworks/QuartzCore.framework/Headers/CATransform3D.h:17:8: note: 'CATransform3D' has been explicitly marked unavailable here
15 | /* Homogeneous three-dimensional transforms. */
16 |
17 | struct CATransform3D
| `- note: 'CATransform3D' has been explicitly marked unavailable here
18 | {
19 | CGFloat m11, m12, m13, m14;
/Users/admin/builder/spi-builder-workspace/Sources/VDCoreGraphics/CA++.swift:120:53: error: 'CATransform3D' is unavailable in watchOS
118 | private var ms: [CGFloat] { [m11, m12, m13, m14, m21, m22, m23, m24, m31, m32, m33, m34, m41, m42, m43, m44] }
119 |
120 | public static func ==(_ lhs: CATransform3D, _ rhs: CATransform3D) -> Bool {
| `- error: 'CATransform3D' is unavailable in watchOS
121 | lhs.ms == rhs.ms
122 | }
/Applications/Xcode-27.0.0-Release.Candidate.app/Contents/Developer/Platforms/WatchOS.platform/Developer/SDKs/WatchOS27.0.sdk/System/Library/Frameworks/QuartzCore.framework/Headers/CATransform3D.h:17:8: note: 'CATransform3D' has been explicitly marked unavailable here
15 | /* Homogeneous three-dimensional transforms. */
16 |
17 | struct CATransform3D
| `- note: 'CATransform3D' has been explicitly marked unavailable here
18 | {
19 | CGFloat m11, m12, m13, m14;
/Users/admin/builder/spi-builder-workspace/Sources/VDCoreGraphics/CA++.swift:116:11: error: 'CATransform3D' is unavailable in watchOS
114 | }
115 |
116 | extension CATransform3D: Equatable {
| `- error: 'CATransform3D' is unavailable in watchOS
117 |
118 | private var ms: [CGFloat] { [m11, m12, m13, m14, m21, m22, m23, m24, m31, m32, m33, m34, m41, m42, m43, m44] }
/Applications/Xcode-27.0.0-Release.Candidate.app/Contents/Developer/Platforms/WatchOS.platform/Developer/SDKs/WatchOS27.0.sdk/System/Library/Frameworks/QuartzCore.framework/Headers/CATransform3D.h:17:8: note: 'CATransform3D' has been explicitly marked unavailable here
15 | /* Homogeneous three-dimensional transforms. */
16 |
17 | struct CATransform3D
| `- note: 'CATransform3D' has been explicitly marked unavailable here
18 | {
19 | CGFloat m11, m12, m13, m14;
/Users/admin/builder/spi-builder-workspace/Sources/VDCoreGraphics/CG++.swift:194:1: warning: extension declares a conformance of imported type 'CGPoint' to imported protocol 'Hashable'; this will not behave correctly if the owners of 'CoreFoundation' introduce this conformance in the future
192 | }
193 |
194 | extension CGPoint: Hashable {
| |- warning: extension declares a conformance of imported type 'CGPoint' to imported protocol 'Hashable'; this will not behave correctly if the owners of 'CoreFoundation' introduce this conformance in the future
| `- note: add '@retroactive' to silence this warning
195 |
196 | public func hash(into hasher: inout Hasher) {
/Users/admin/builder/spi-builder-workspace/Sources/VDCoreGraphics/CG++.swift:202:1: warning: extension declares a conformance of imported type 'CGSize' to imported protocol 'Hashable'; this will not behave correctly if the owners of 'CoreFoundation' introduce this conformance in the future
200 | }
201 |
202 | extension CGSize: Hashable {
| |- warning: extension declares a conformance of imported type 'CGSize' to imported protocol 'Hashable'; this will not behave correctly if the owners of 'CoreFoundation' introduce this conformance in the future
| `- note: add '@retroactive' to silence this warning
203 |
204 | public func hash(into hasher: inout Hasher) {
/Users/admin/builder/spi-builder-workspace/Sources/VDCoreGraphics/CGAffineTransform++.swift:33:97: error: 'CATransform3D' is unavailable in watchOS
31 | extension CATransform3D {
32 |
33 | public static func rotate<F: BinaryFloatingPoint>(_ angle: F, x: F = 0, y: F = 1, z: F = 0) -> CATransform3D {
| `- error: 'CATransform3D' is unavailable in watchOS
34 | CATransform3DRotate(CATransform3DIdentity, CGFloat(angle), CGFloat(x), CGFloat(y), CGFloat(z))
35 | }
/Applications/Xcode-27.0.0-Release.Candidate.app/Contents/Developer/Platforms/WatchOS.platform/Developer/SDKs/WatchOS27.0.sdk/System/Library/Frameworks/QuartzCore.framework/Headers/CATransform3D.h:17:8: note: 'CATransform3D' has been explicitly marked unavailable here
15 | /* Homogeneous three-dimensional transforms. */
16 |
17 | struct CATransform3D
| `- note: 'CATransform3D' has been explicitly marked unavailable here
18 | {
19 | CGFloat m11, m12, m13, m14;
/Users/admin/builder/spi-builder-workspace/Sources/VDCoreGraphics/CGAffineTransform++.swift:31:11: error: 'CATransform3D' is unavailable in watchOS
29 | }
30 |
31 | extension CATransform3D {
| `- error: 'CATransform3D' is unavailable in watchOS
32 |
33 | public static func rotate<F: BinaryFloatingPoint>(_ angle: F, x: F = 0, y: F = 1, z: F = 0) -> CATransform3D {
/Applications/Xcode-27.0.0-Release.Candidate.app/Contents/Developer/Platforms/WatchOS.platform/Developer/SDKs/WatchOS27.0.sdk/System/Library/Frameworks/QuartzCore.framework/Headers/CATransform3D.h:17:8: note: 'CATransform3D' has been explicitly marked unavailable here
15 | /* Homogeneous three-dimensional transforms. */
16 |
17 | struct CATransform3D
| `- note: 'CATransform3D' has been explicitly marked unavailable here
18 | {
19 | CGFloat m11, m12, m13, m14;
Failed frontend command:
/Applications/Xcode-27.0.0-Release.Candidate.app/Contents/Developer/Toolchains/XcodeDefault.xctoolchain/usr/bin/swift-frontend -frontend -emit-module -experimental-skip-non-inlinable-function-bodies-without-types /Users/admin/builder/spi-builder-workspace/Sources/VDCoreGraphics/CA++.swift /Users/admin/builder/spi-builder-workspace/Sources/VDCoreGraphics/CG++.swift /Users/admin/builder/spi-builder-workspace/Sources/VDCoreGraphics/CGAffineTransform++.swift -target arm64-apple-watchos9.0 -module-can-import-version SwiftUI 8.0.84.1 8.0.84 -disable-cross-import-overlay-search -load-resolved-plugin /Applications/Xcode-27.0.0-Release.Candidate.app/Contents/Developer/Platforms/WatchOS.platform/Developer/usr/lib/swift/host/plugins/libFoundationMacros.dylib\#/Applications/Xcode-27.0.0-Release.Candidate.app/Contents/Developer/Platforms/WatchOS.platform/Developer/usr/bin/swift-plugin-server\#FoundationMacros -load-resolved-plugin /Applications/Xcode-27.0.0-Release.Candidate.app/Contents/Developer/Platforms/WatchOS.platform/Developer/usr/lib/swift/host/plugins/libObservationMacros.dylib\#/Applications/Xcode-27.0.0-Release.Candidate.app/Contents/Developer/Platforms/WatchOS.platform/Developer/usr/bin/swift-plugin-server\#ObservationMacros -load-resolved-plugin /Applications/Xcode-27.0.0-Release.Candidate.app/Contents/Developer/Platforms/WatchOS.platform/Developer/usr/lib/swift/host/plugins/libPreviewsMacros.dylib\#/Applications/Xcode-27.0.0-Release.Candidate.app/Contents/Developer/Platforms/WatchOS.platform/Developer/usr/bin/swift-plugin-server\#PreviewsMacros -load-resolved-plugin /Applications/Xcode-27.0.0-Release.Candidate.app/Contents/Developer/Platforms/WatchOS.platform/Developer/usr/lib/swift/host/plugins/libSwiftMacros.dylib\#/Applications/Xcode-27.0.0-Release.Candidate.app/Contents/Developer/Platforms/WatchOS.platform/Developer/usr/bin/swift-plugin-server\#SwiftMacros -load-resolved-plugin /Applications/Xcode-27.0.0-Release.Candidate.app/Contents/Developer/Platforms/WatchOS.platform/Developer/usr/lib/swift/host/plugins/libSwiftUIMacros.dylib\#/Applications/Xcode-27.0.0-Release.Candidate.app/Contents/Developer/Platforms/WatchOS.platform/Developer/usr/bin/swift-plugin-server\#SwiftUIMacros -disable-implicit-swift-modules -Xcc -fno-implicit-modules -Xcc -fno-implicit-module-maps -explicit-swift-module-map-file /Users/admin/builder/spi-builder-workspace/.derivedData/Build/Intermediates.noindex/VDKit.build/Debug-watchos/VDCoreGraphics-t.build/Objects-normal/arm64/VDCoreGraphics-dependencies-2.json -Xllvm -aarch64-use-tbi -enable-objc-interop -stack-check -sdk /Applications/Xcode-27.0.0-Release.Candidate.app/Contents/Developer/Platforms/WatchOS.platform/Developer/SDKs/WatchOS27.0.sdk -I /Users/admin/builder/spi-builder-workspace/.derivedData/Build/Products/Debug-watchos -Isystem /Applications/Xcode-27.0.0-Release.Candidate.app/Contents/Developer/Platforms/WatchOS.platform/Developer/usr/lib -F /Users/admin/builder/spi-builder-workspace/.derivedData/Build/Products/Debug-watchos -F /Applications/Xcode-27.0.0-Release.Candidate.app/Contents/Developer/Platforms/WatchOS.platform/Developer/Library/Frameworks -F /Applications/Xcode-27.0.0-Release.Candidate.app/Contents/Developer/Platforms/WatchOS.platform/Developer/SDKs/WatchOS27.0.sdk/Developer/Library/Frameworks -module-cache-path /Users/admin/builder/spi-builder-workspace/.derivedData/Build/Intermediates.noindex/SwiftExplicitPrecompiledModules -no-color-diagnostics -Xcc -fno-color-diagnostics -enable-testing -g -debug-info-format\=dwarf -dwarf-version\=4 -swift-version 5 -Onone -D SWIFT_PACKAGE -D DEBUG -D SWIFT_MODULE_RESOURCE_BUNDLE_UNAVAILABLE -D Xcode -serialize-debugging-options -enable-experimental-feature DebugDescriptionMacro -empty-abi-descriptor -validate-clang-modules-once -clang-build-session-file /Users/admin/builder/spi-builder-workspace/.derivedData/ModuleCache.noindex/Session.modulevalidation -Xcc -working-directory -Xcc /Users/admin/builder/spi-builder-workspace/.swiftpm/xcode -enable-anonymous-context-mangled-names -file-compilation-dir /Users/admin/builder/spi-builder-workspace/.swiftpm/xcode -Xcc -D_LIBCPP_HARDENING_MODE\=_LIBCPP_HARDENING_MODE_DEBUG -Xcc -ivfsstatcache -Xcc /Users/admin/builder/spi-builder-workspace/.derivedData/SDKStatCaches.noindex/watchos27.0-24R360-e829b21a6f8c9b70876ba0858053c04477534ef55a1706bf4c1112bbb242f0a2.sdkstatcache -Xcc -fmodules-prune-interval\=86400 -Xcc -fmodules-prune-after\=345600 -Xcc -I/Users/admin/builder/spi-builder-workspace/.derivedData/Build/Products/Debug-watchos/include -Xcc -I/Users/admin/builder/spi-builder-workspace/.derivedData/Build/Intermediates.noindex/VDKit.build/Debug-watchos/VDCoreGraphics-t.build/DerivedSources-normal/arm64 -Xcc -I/Users/admin/builder/spi-builder-workspace/.derivedData/Build/Intermediates.noindex/VDKit.build/Debug-watchos/VDCoreGraphics-t.build/DerivedSources/arm64 -Xcc -I/Users/admin/builder/spi-builder-workspace/.derivedData/Build/Intermediates.noindex/VDKit.build/Debug-watchos/VDCoreGraphics-t.build/DerivedSources -Xcc -DSWIFT_PACKAGE -Xcc -DDEBUG\=1 -no-auto-bridging-header-chaining -module-name VDCoreGraphics -const-gather-protocols-file /Users/admin/builder/spi-builder-workspace/.derivedData/Build/Intermediates.noindex/VDKit.build/Debug-watchos/VDCoreGraphics-t.build/Objects-normal/arm64/VDCoreGraphics_const_extract_protocols.json -disable-clang-spi -clang-target arm64-apple-watchos27.0 -target-sdk-version 27.0 -target-sdk-name watchos27.0 -in-process-plugin-server-path /Applications/Xcode-27.0.0-Release.Candidate.app/Contents/Developer/Toolchains/XcodeDefault.xctoolchain/usr/lib/swift/host/libSwiftInProcPluginServer.dylib -emit-module-doc-path /Users/admin/builder/spi-builder-workspace/.derivedData/Build/Intermediates.noindex/VDKit.build/Debug-watchos/VDCoreGraphics-t.build/Objects-normal/arm64/VDCoreGraphics.swiftdoc -emit-module-source-info-path /Users/admin/builder/spi-builder-workspace/.derivedData/Build/Intermediates.noindex/VDKit.build/Debug-watchos/VDCoreGraphics-t.build/Objects-normal/arm64/VDCoreGraphics.swiftsourceinfo -emit-objc-header-path /Users/admin/builder/spi-builder-workspace/.derivedData/Build/Intermediates.noindex/VDKit.build/Debug-watchos/VDCoreGraphics-t.build/Objects-normal/arm64/VDCoreGraphics-Swift.h -serialize-diagnostics-path /Users/admin/builder/spi-builder-workspace/.derivedData/Build/Intermediates.noindex/VDKit.build/Debug-watchos/VDCoreGraphics-t.build/Objects-normal/arm64/VDCoreGraphics-primary-emit-module.dia -emit-dependencies-path /Users/admin/builder/spi-builder-workspace/.derivedData/Build/Intermediates.noindex/VDKit.build/Debug-watchos/VDCoreGraphics-t.build/Objects-normal/arm64/VDCoreGraphics-primary-emit-module.d -parse-as-library -o /Users/admin/builder/spi-builder-workspace/.derivedData/Build/Intermediates.noindex/VDKit.build/Debug-watchos/VDCoreGraphics-t.build/Objects-normal/arm64/VDCoreGraphics.swiftmodule -emit-abi-descriptor-path /Users/admin/builder/spi-builder-workspace/.derivedData/Build/Intermediates.noindex/VDKit.build/Debug-watchos/VDCoreGraphics-t.build/Objects-normal/arm64/VDCoreGraphics.abi.json
SwiftCompile normal arm64 (in target 'VDCoreGraphics' from project 'VDKit')
cd /Users/admin/builder/spi-builder-workspace/.swiftpm/xcode
SwiftEmitModule normal arm64_32 Emitting\ module\ for\ VDCoreGraphics (in target 'VDCoreGraphics' from project 'VDKit')
/Users/admin/builder/spi-builder-workspace/Sources/VDCoreGraphics/CA++.swift:14:30: error: 'CATransform3D' is unavailable in watchOS
12 | extension CATransform3D {
13 |
14 | public static var identity: CATransform3D { CATransform3DIdentity }
| `- error: 'CATransform3D' is unavailable in watchOS
15 |
16 | public var affine: CGAffineTransform {
/Applications/Xcode-27.0.0-Release.Candidate.app/Contents/Developer/Platforms/WatchOS.platform/Developer/SDKs/WatchOS27.0.sdk/System/Library/Frameworks/QuartzCore.framework/Headers/CATransform3D.h:17:8: note: 'CATransform3D' has been explicitly marked unavailable here
15 | /* Homogeneous three-dimensional transforms. */
16 |
17 | struct CATransform3D
| `- note: 'CATransform3D' has been explicitly marked unavailable here
18 | {
19 | CGFloat m11, m12, m13, m14;
/Users/admin/builder/spi-builder-workspace/Sources/VDCoreGraphics/CA++.swift:20:70: error: 'CATransform3D' is unavailable in watchOS
18 | }
19 |
20 | public static func scale(x: CGFloat, y: CGFloat, z: CGFloat = 1) -> CATransform3D {
| `- error: 'CATransform3D' is unavailable in watchOS
21 | CATransform3DIdentity.scaled(x: x, y: y, z: z)
22 | }
/Applications/Xcode-27.0.0-Release.Candidate.app/Contents/Developer/Platforms/WatchOS.platform/Developer/SDKs/WatchOS27.0.sdk/System/Library/Frameworks/QuartzCore.framework/Headers/CATransform3D.h:17:8: note: 'CATransform3D' has been explicitly marked unavailable here
15 | /* Homogeneous three-dimensional transforms. */
16 |
17 | struct CATransform3D
| `- note: 'CATransform3D' has been explicitly marked unavailable here
18 | {
19 | CGFloat m11, m12, m13, m14;
/Users/admin/builder/spi-builder-workspace/Sources/VDCoreGraphics/CA++.swift:24:45: error: 'CATransform3D' is unavailable in watchOS
22 | }
23 |
24 | public static func scale(_ xy: CGFloat) -> CATransform3D {
| `- error: 'CATransform3D' is unavailable in watchOS
25 | CATransform3DIdentity.scaled(xy)
26 | }
/Applications/Xcode-27.0.0-Release.Candidate.app/Contents/Developer/Platforms/WatchOS.platform/Developer/SDKs/WatchOS27.0.sdk/System/Library/Frameworks/QuartzCore.framework/Headers/CATransform3D.h:17:8: note: 'CATransform3D' has been explicitly marked unavailable here
15 | /* Homogeneous three-dimensional transforms. */
16 |
17 | struct CATransform3D
| `- note: 'CATransform3D' has been explicitly marked unavailable here
18 | {
19 | CGFloat m11, m12, m13, m14;
/Users/admin/builder/spi-builder-workspace/Sources/VDCoreGraphics/CA++.swift:28:74: error: 'CATransform3D' is unavailable in watchOS
26 | }
27 |
28 | public static func translate(x: CGFloat, y: CGFloat, z: CGFloat = 0) -> CATransform3D {
| `- error: 'CATransform3D' is unavailable in watchOS
29 | CATransform3DIdentity.translated(x: x, y: y, z: z)
30 | }
/Applications/Xcode-27.0.0-Release.Candidate.app/Contents/Developer/Platforms/WatchOS.platform/Developer/SDKs/WatchOS27.0.sdk/System/Library/Frameworks/QuartzCore.framework/Headers/CATransform3D.h:17:8: note: 'CATransform3D' has been explicitly marked unavailable here
15 | /* Homogeneous three-dimensional transforms. */
16 |
17 | struct CATransform3D
| `- note: 'CATransform3D' has been explicitly marked unavailable here
18 | {
19 | CGFloat m11, m12, m13, m14;
/Users/admin/builder/spi-builder-workspace/Sources/VDCoreGraphics/CA++.swift:32:49: error: 'CATransform3D' is unavailable in watchOS
30 | }
31 |
32 | public static func translate(_ xy: CGPoint) -> CATransform3D {
| `- error: 'CATransform3D' is unavailable in watchOS
33 | CATransform3DIdentity.translated(xy)
34 | }
/Applications/Xcode-27.0.0-Release.Candidate.app/Contents/Developer/Platforms/WatchOS.platform/Developer/SDKs/WatchOS27.0.sdk/System/Library/Frameworks/QuartzCore.framework/Headers/CATransform3D.h:17:8: note: 'CATransform3D' has been explicitly marked unavailable here
15 | /* Homogeneous three-dimensional transforms. */
16 |
17 | struct CATransform3D
| `- note: 'CATransform3D' has been explicitly marked unavailable here
18 | {
19 | CGFloat m11, m12, m13, m14;
/Users/admin/builder/spi-builder-workspace/Sources/VDCoreGraphics/CA++.swift:36:97: error: 'CATransform3D' is unavailable in watchOS
34 | }
35 |
36 | public static func rotate(_ angle: CGFloat, x: CGFloat = 0, y: CGFloat = 0, z: CGFloat = 1) -> CATransform3D {
| `- error: 'CATransform3D' is unavailable in watchOS
37 | CATransform3DIdentity.rotated(angle, x: x, y: y, z: z)
38 | }
/Applications/Xcode-27.0.0-Release.Candidate.app/Contents/Developer/Platforms/WatchOS.platform/Developer/SDKs/WatchOS27.0.sdk/System/Library/Frameworks/QuartzCore.framework/Headers/CATransform3D.h:17:8: note: 'CATransform3D' has been explicitly marked unavailable here
15 | /* Homogeneous three-dimensional transforms. */
16 |
17 | struct CATransform3D
| `- note: 'CATransform3D' has been explicitly marked unavailable here
18 | {
19 | CGFloat m11, m12, m13, m14;
/Users/admin/builder/spi-builder-workspace/Sources/VDCoreGraphics/CA++.swift:40:64: error: 'CATransform3D' is unavailable in watchOS
38 | }
39 |
40 | public func scaled(x: CGFloat, y: CGFloat, z: CGFloat = 1) -> CATransform3D {
| `- error: 'CATransform3D' is unavailable in watchOS
41 | CATransform3DScale(self, x, y, z)
42 | }
/Applications/Xcode-27.0.0-Release.Candidate.app/Contents/Developer/Platforms/WatchOS.platform/Developer/SDKs/WatchOS27.0.sdk/System/Library/Frameworks/QuartzCore.framework/Headers/CATransform3D.h:17:8: note: 'CATransform3D' has been explicitly marked unavailable here
15 | /* Homogeneous three-dimensional transforms. */
16 |
17 | struct CATransform3D
| `- note: 'CATransform3D' has been explicitly marked unavailable here
18 | {
19 | CGFloat m11, m12, m13, m14;
/Users/admin/builder/spi-builder-workspace/Sources/VDCoreGraphics/CA++.swift:44:39: error: 'CATransform3D' is unavailable in watchOS
42 | }
43 |
44 | public func scaled(_ xy: CGFloat) -> CATransform3D {
| `- error: 'CATransform3D' is unavailable in watchOS
45 | CATransform3DScale(self, xy, xy, 1)
46 | }
/Applications/Xcode-27.0.0-Release.Candidate.app/Contents/Developer/Platforms/WatchOS.platform/Developer/SDKs/WatchOS27.0.sdk/System/Library/Frameworks/QuartzCore.framework/Headers/CATransform3D.h:17:8: note: 'CATransform3D' has been explicitly marked unavailable here
15 | /* Homogeneous three-dimensional transforms. */
16 |
17 | struct CATransform3D
| `- note: 'CATransform3D' has been explicitly marked unavailable here
18 | {
19 | CGFloat m11, m12, m13, m14;
/Users/admin/builder/spi-builder-workspace/Sources/VDCoreGraphics/CA++.swift:48:68: error: 'CATransform3D' is unavailable in watchOS
46 | }
47 |
48 | public func translated(x: CGFloat, y: CGFloat, z: CGFloat = 0) -> CATransform3D {
| `- error: 'CATransform3D' is unavailable in watchOS
49 | CATransform3DTranslate(self, x, y, z)
50 | }
/Applications/Xcode-27.0.0-Release.Candidate.app/Contents/Developer/Platforms/WatchOS.platform/Developer/SDKs/WatchOS27.0.sdk/System/Library/Frameworks/QuartzCore.framework/Headers/CATransform3D.h:17:8: note: 'CATransform3D' has been explicitly marked unavailable here
15 | /* Homogeneous three-dimensional transforms. */
16 |
17 | struct CATransform3D
| `- note: 'CATransform3D' has been explicitly marked unavailable here
18 | {
19 | CGFloat m11, m12, m13, m14;
/Users/admin/builder/spi-builder-workspace/Sources/VDCoreGraphics/CA++.swift:52:43: error: 'CATransform3D' is unavailable in watchOS
50 | }
51 |
52 | public func translated(_ xy: CGPoint) -> CATransform3D {
| `- error: 'CATransform3D' is unavailable in watchOS
53 | CATransform3DTranslate(self, xy.x, xy.y, 0)
54 | }
/Applications/Xcode-27.0.0-Release.Candidate.app/Contents/Developer/Platforms/WatchOS.platform/Developer/SDKs/WatchOS27.0.sdk/System/Library/Frameworks/QuartzCore.framework/Headers/CATransform3D.h:17:8: note: 'CATransform3D' has been explicitly marked unavailable here
15 | /* Homogeneous three-dimensional transforms. */
16 |
17 | struct CATransform3D
| `- note: 'CATransform3D' has been explicitly marked unavailable here
18 | {
19 | CGFloat m11, m12, m13, m14;
/Users/admin/builder/spi-builder-workspace/Sources/VDCoreGraphics/CA++.swift:56:91: error: 'CATransform3D' is unavailable in watchOS
54 | }
55 |
56 | public func rotated(_ angle: CGFloat, x: CGFloat = 0, y: CGFloat = 0, z: CGFloat = 1) -> CATransform3D {
| `- error: 'CATransform3D' is unavailable in watchOS
57 | CATransform3DRotate(self, angle, x, y, z)
58 | }
/Applications/Xcode-27.0.0-Release.Candidate.app/Contents/Developer/Platforms/WatchOS.platform/Developer/SDKs/WatchOS27.0.sdk/System/Library/Frameworks/QuartzCore.framework/Headers/CATransform3D.h:17:8: note: 'CATransform3D' has been explicitly marked unavailable here
15 | /* Homogeneous three-dimensional transforms. */
16 |
17 | struct CATransform3D
| `- note: 'CATransform3D' has been explicitly marked unavailable here
18 | {
19 | CGFloat m11, m12, m13, m14;
/Users/admin/builder/spi-builder-workspace/Sources/VDCoreGraphics/CA++.swift:60:23: error: 'CATransform3D' is unavailable in watchOS
58 | }
59 |
60 | public var inverted: CATransform3D {
| `- error: 'CATransform3D' is unavailable in watchOS
61 | CATransform3DInvert(self)
62 | }
/Applications/Xcode-27.0.0-Release.Candidate.app/Contents/Developer/Platforms/WatchOS.platform/Developer/SDKs/WatchOS27.0.sdk/System/Library/Frameworks/QuartzCore.framework/Headers/CATransform3D.h:17:8: note: 'CATransform3D' has been explicitly marked unavailable here
15 | /* Homogeneous three-dimensional transforms. */
16 |
17 | struct CATransform3D
| `- note: 'CATransform3D' has been explicitly marked unavailable here
18 | {
19 | CGFloat m11, m12, m13, m14;
/Users/admin/builder/spi-builder-workspace/Sources/VDCoreGraphics/CA++.swift:64:37: error: 'CATransform3D' is unavailable in watchOS
62 | }
63 |
64 | public func concatenating(_ other: CATransform3D) -> CATransform3D {
| `- error: 'CATransform3D' is unavailable in watchOS
65 | CATransform3DConcat(self, other)
66 | }
/Applications/Xcode-27.0.0-Release.Candidate.app/Contents/Developer/Platforms/WatchOS.platform/Developer/SDKs/WatchOS27.0.sdk/System/Library/Frameworks/QuartzCore.framework/Headers/CATransform3D.h:17:8: note: 'CATransform3D' has been explicitly marked unavailable here
15 | /* Homogeneous three-dimensional transforms. */
16 |
17 | struct CATransform3D
| `- note: 'CATransform3D' has been explicitly marked unavailable here
18 | {
19 | CGFloat m11, m12, m13, m14;
/Users/admin/builder/spi-builder-workspace/Sources/VDCoreGraphics/CA++.swift:64:55: error: 'CATransform3D' is unavailable in watchOS
62 | }
63 |
64 | public func concatenating(_ other: CATransform3D) -> CATransform3D {
| `- error: 'CATransform3D' is unavailable in watchOS
65 | CATransform3DConcat(self, other)
66 | }
/Applications/Xcode-27.0.0-Release.Candidate.app/Contents/Developer/Platforms/WatchOS.platform/Developer/SDKs/WatchOS27.0.sdk/System/Library/Frameworks/QuartzCore.framework/Headers/CATransform3D.h:17:8: note: 'CATransform3D' has been explicitly marked unavailable here
15 | /* Homogeneous three-dimensional transforms. */
16 |
17 | struct CATransform3D
| `- note: 'CATransform3D' has been explicitly marked unavailable here
18 | {
19 | CGFloat m11, m12, m13, m14;
/Users/admin/builder/spi-builder-workspace/Sources/VDCoreGraphics/CA++.swift:68:29: error: 'CATransform3D' is unavailable in watchOS
66 | }
67 |
68 | public func added(_ other: CATransform3D) -> CATransform3D {
| `- error: 'CATransform3D' is unavailable in watchOS
69 | let new = CATransform3DConcat(self, other)
70 | return CATransform3D(
/Applications/Xcode-27.0.0-Release.Candidate.app/Contents/Developer/Platforms/WatchOS.platform/Developer/SDKs/WatchOS27.0.sdk/System/Library/Frameworks/QuartzCore.framework/Headers/CATransform3D.h:17:8: note: 'CATransform3D' has been explicitly marked unavailable here
15 | /* Homogeneous three-dimensional transforms. */
16 |
17 | struct CATransform3D
| `- note: 'CATransform3D' has been explicitly marked unavailable here
18 | {
19 | CGFloat m11, m12, m13, m14;
/Users/admin/builder/spi-builder-workspace/Sources/VDCoreGraphics/CA++.swift:68:47: error: 'CATransform3D' is unavailable in watchOS
66 | }
67 |
68 | public func added(_ other: CATransform3D) -> CATransform3D {
| `- error: 'CATransform3D' is unavailable in watchOS
69 | let new = CATransform3DConcat(self, other)
70 | return CATransform3D(
/Applications/Xcode-27.0.0-Release.Candidate.app/Contents/Developer/Platforms/WatchOS.platform/Developer/SDKs/WatchOS27.0.sdk/System/Library/Frameworks/QuartzCore.framework/Headers/CATransform3D.h:17:8: note: 'CATransform3D' has been explicitly marked unavailable here
15 | /* Homogeneous three-dimensional transforms. */
16 |
17 | struct CATransform3D
| `- note: 'CATransform3D' has been explicitly marked unavailable here
18 | {
19 | CGFloat m11, m12, m13, m14;
/Users/admin/builder/spi-builder-workspace/Sources/VDCoreGraphics/CA++.swift:12:11: error: 'CATransform3D' is unavailable in watchOS
10 | import QuartzCore
11 |
12 | extension CATransform3D {
| `- error: 'CATransform3D' is unavailable in watchOS
13 |
14 | public static var identity: CATransform3D { CATransform3DIdentity }
/Applications/Xcode-27.0.0-Release.Candidate.app/Contents/Developer/Platforms/WatchOS.platform/Developer/SDKs/WatchOS27.0.sdk/System/Library/Frameworks/QuartzCore.framework/Headers/CATransform3D.h:17:8: note: 'CATransform3D' has been explicitly marked unavailable here
15 | /* Homogeneous three-dimensional transforms. */
16 |
17 | struct CATransform3D
| `- note: 'CATransform3D' has been explicitly marked unavailable here
18 | {
19 | CGFloat m11, m12, m13, m14;
/Users/admin/builder/spi-builder-workspace/Sources/VDCoreGraphics/CA++.swift:81:26: error: 'CATransform3D' is unavailable in watchOS
79 | extension CGAffineTransform {
80 |
81 | public var transform3d: CATransform3D {
| `- error: 'CATransform3D' is unavailable in watchOS
82 | CATransform3DMakeAffineTransform(self)
83 | }
/Applications/Xcode-27.0.0-Release.Candidate.app/Contents/Developer/Platforms/WatchOS.platform/Developer/SDKs/WatchOS27.0.sdk/System/Library/Frameworks/QuartzCore.framework/Headers/CATransform3D.h:17:8: note: 'CATransform3D' has been explicitly marked unavailable here
15 | /* Homogeneous three-dimensional transforms. */
16 |
17 | struct CATransform3D
| `- note: 'CATransform3D' has been explicitly marked unavailable here
18 | {
19 | CGFloat m11, m12, m13, m14;
/Users/admin/builder/spi-builder-workspace/Sources/VDCoreGraphics/CA++.swift:116:1: warning: extension declares a conformance of imported type 'CATransform3D' to imported protocol 'Equatable'; this will not behave correctly if the owners of 'QuartzCore' introduce this conformance in the future
114 | }
115 |
116 | extension CATransform3D: Equatable {
| |- warning: extension declares a conformance of imported type 'CATransform3D' to imported protocol 'Equatable'; this will not behave correctly if the owners of 'QuartzCore' introduce this conformance in the future
| `- note: add '@retroactive' to silence this warning
117 |
118 | private var ms: [CGFloat] { [m11, m12, m13, m14, m21, m22, m23, m24, m31, m32, m33, m34, m41, m42, m43, m44] }
/Users/admin/builder/spi-builder-workspace/Sources/VDCoreGraphics/CA++.swift:120:31: error: 'CATransform3D' is unavailable in watchOS
118 | private var ms: [CGFloat] { [m11, m12, m13, m14, m21, m22, m23, m24, m31, m32, m33, m34, m41, m42, m43, m44] }
119 |
120 | public static func ==(_ lhs: CATransform3D, _ rhs: CATransform3D) -> Bool {
| `- error: 'CATransform3D' is unavailable in watchOS
121 | lhs.ms == rhs.ms
122 | }
/Applications/Xcode-27.0.0-Release.Candidate.app/Contents/Developer/Platforms/WatchOS.platform/Developer/SDKs/WatchOS27.0.sdk/System/Library/Frameworks/QuartzCore.framework/Headers/CATransform3D.h:17:8: note: 'CATransform3D' has been explicitly marked unavailable here
15 | /* Homogeneous three-dimensional transforms. */
16 |
17 | struct CATransform3D
| `- note: 'CATransform3D' has been explicitly marked unavailable here
18 | {
19 | CGFloat m11, m12, m13, m14;
/Users/admin/builder/spi-builder-workspace/Sources/VDCoreGraphics/CA++.swift:120:53: error: 'CATransform3D' is unavailable in watchOS
118 | private var ms: [CGFloat] { [m11, m12, m13, m14, m21, m22, m23, m24, m31, m32, m33, m34, m41, m42, m43, m44] }
119 |
120 | public static func ==(_ lhs: CATransform3D, _ rhs: CATransform3D) -> Bool {
| `- error: 'CATransform3D' is unavailable in watchOS
121 | lhs.ms == rhs.ms
122 | }
/Applications/Xcode-27.0.0-Release.Candidate.app/Contents/Developer/Platforms/WatchOS.platform/Developer/SDKs/WatchOS27.0.sdk/System/Library/Frameworks/QuartzCore.framework/Headers/CATransform3D.h:17:8: note: 'CATransform3D' has been explicitly marked unavailable here
15 | /* Homogeneous three-dimensional transforms. */
16 |
17 | struct CATransform3D
| `- note: 'CATransform3D' has been explicitly marked unavailable here
18 | {
19 | CGFloat m11, m12, m13, m14;
/Users/admin/builder/spi-builder-workspace/Sources/VDCoreGraphics/CA++.swift:116:11: error: 'CATransform3D' is unavailable in watchOS
114 | }
115 |
116 | extension CATransform3D: Equatable {
| `- error: 'CATransform3D' is unavailable in watchOS
117 |
118 | private var ms: [CGFloat] { [m11, m12, m13, m14, m21, m22, m23, m24, m31, m32, m33, m34, m41, m42, m43, m44] }
/Applications/Xcode-27.0.0-Release.Candidate.app/Contents/Developer/Platforms/WatchOS.platform/Developer/SDKs/WatchOS27.0.sdk/System/Library/Frameworks/QuartzCore.framework/Headers/CATransform3D.h:17:8: note: 'CATransform3D' has been explicitly marked unavailable here
15 | /* Homogeneous three-dimensional transforms. */
16 |
17 | struct CATransform3D
| `- note: 'CATransform3D' has been explicitly marked unavailable here
18 | {
19 | CGFloat m11, m12, m13, m14;
/Users/admin/builder/spi-builder-workspace/Sources/VDCoreGraphics/CG++.swift:194:1: warning: extension declares a conformance of imported type 'CGPoint' to imported protocol 'Hashable'; this will not behave correctly if the owners of 'CoreFoundation' introduce this conformance in the future
192 | }
193 |
194 | extension CGPoint: Hashable {
| |- warning: extension declares a conformance of imported type 'CGPoint' to imported protocol 'Hashable'; this will not behave correctly if the owners of 'CoreFoundation' introduce this conformance in the future
| `- note: add '@retroactive' to silence this warning
195 |
196 | public func hash(into hasher: inout Hasher) {
/Users/admin/builder/spi-builder-workspace/Sources/VDCoreGraphics/CG++.swift:202:1: warning: extension declares a conformance of imported type 'CGSize' to imported protocol 'Hashable'; this will not behave correctly if the owners of 'CoreFoundation' introduce this conformance in the future
200 | }
201 |
202 | extension CGSize: Hashable {
| |- warning: extension declares a conformance of imported type 'CGSize' to imported protocol 'Hashable'; this will not behave correctly if the owners of 'CoreFoundation' introduce this conformance in the future
| `- note: add '@retroactive' to silence this warning
203 |
204 | public func hash(into hasher: inout Hasher) {
/Users/admin/builder/spi-builder-workspace/Sources/VDCoreGraphics/CGAffineTransform++.swift:33:97: error: 'CATransform3D' is unavailable in watchOS
31 | extension CATransform3D {
32 |
33 | public static func rotate<F: BinaryFloatingPoint>(_ angle: F, x: F = 0, y: F = 1, z: F = 0) -> CATransform3D {
| `- error: 'CATransform3D' is unavailable in watchOS
34 | CATransform3DRotate(CATransform3DIdentity, CGFloat(angle), CGFloat(x), CGFloat(y), CGFloat(z))
35 | }
/Applications/Xcode-27.0.0-Release.Candidate.app/Contents/Developer/Platforms/WatchOS.platform/Developer/SDKs/WatchOS27.0.sdk/System/Library/Frameworks/QuartzCore.framework/Headers/CATransform3D.h:17:8: note: 'CATransform3D' has been explicitly marked unavailable here
15 | /* Homogeneous three-dimensional transforms. */
16 |
17 | struct CATransform3D
| `- note: 'CATransform3D' has been explicitly marked unavailable here
18 | {
19 | CGFloat m11, m12, m13, m14;
/Users/admin/builder/spi-builder-workspace/Sources/VDCoreGraphics/CGAffineTransform++.swift:31:11: error: 'CATransform3D' is unavailable in watchOS
29 | }
30 |
31 | extension CATransform3D {
| `- error: 'CATransform3D' is unavailable in watchOS
32 |
33 | public static func rotate<F: BinaryFloatingPoint>(_ angle: F, x: F = 0, y: F = 1, z: F = 0) -> CATransform3D {
/Applications/Xcode-27.0.0-Release.Candidate.app/Contents/Developer/Platforms/WatchOS.platform/Developer/SDKs/WatchOS27.0.sdk/System/Library/Frameworks/QuartzCore.framework/Headers/CATransform3D.h:17:8: note: 'CATransform3D' has been explicitly marked unavailable here
15 | /* Homogeneous three-dimensional transforms. */
16 |
17 | struct CATransform3D
| `- note: 'CATransform3D' has been explicitly marked unavailable here
18 | {
19 | CGFloat m11, m12, m13, m14;
SwiftCompile normal arm64_32 (in target 'VDCoreGraphics' from project 'VDKit')
cd /Users/admin/builder/spi-builder-workspace/.swiftpm/xcode
CreateUniversalBinary /Users/admin/builder/spi-builder-workspace/.derivedData/Build/Products/Debug-watchos/VDOptional.o normal arm64\ arm64_32 (in target 'VDOptional' from project 'VDKit')
cd /Users/admin/builder/spi-builder-workspace
/Applications/Xcode-27.0.0-Release.Candidate.app/Contents/Developer/Toolchains/XcodeDefault.xctoolchain/usr/bin/lipo -create /Users/admin/builder/spi-builder-workspace/.derivedData/Build/Intermediates.noindex/VDKit.build/Debug-watchos/VDOptional-t.build/Objects-normal/arm64/Binary/VDOptional.o /Users/admin/builder/spi-builder-workspace/.derivedData/Build/Intermediates.noindex/VDKit.build/Debug-watchos/VDOptional-t.build/Objects-normal/arm64_32/Binary/VDOptional.o -output /Users/admin/builder/spi-builder-workspace/.derivedData/Build/Products/Debug-watchos/VDOptional.o
Ld /Users/admin/builder/spi-builder-workspace/.derivedData/Build/Intermediates.noindex/VDKit.build/Debug-watchos/VDBuilders-t.build/Objects-normal/arm64/Binary/VDBuilders.o normal arm64 (in target 'VDBuilders' from project 'VDKit')
cd /Users/admin/builder/spi-builder-workspace
/Applications/Xcode-27.0.0-Release.Candidate.app/Contents/Developer/Toolchains/XcodeDefault.xctoolchain/usr/bin/clang -Xlinker -reproducible -target arm64-apple-watchos9.0 -r -isysroot /Applications/Xcode-27.0.0-Release.Candidate.app/Contents/Developer/Platforms/WatchOS.platform/Developer/SDKs/WatchOS27.0.sdk -O0 -Xlinker -no_warn_duplicate_libraries -F/Users/admin/builder/spi-builder-workspace/.derivedData/Build/Intermediates.noindex/EagerLinkingTBDs/Debug-watchos -F/Users/admin/builder/spi-builder-workspace/.derivedData/Build/Products/Debug-watchos -iframework /Applications/Xcode-27.0.0-Release.Candidate.app/Contents/Developer/Platforms/WatchOS.platform/Developer/Library/Frameworks -iframework /Applications/Xcode-27.0.0-Release.Candidate.app/Contents/Developer/Platforms/WatchOS.platform/Developer/SDKs/WatchOS27.0.sdk/Developer/Library/Frameworks -filelist /Users/admin/builder/spi-builder-workspace/.derivedData/Build/Intermediates.noindex/VDKit.build/Debug-watchos/VDBuilders-t.build/Objects-normal/arm64/VDBuilders.LinkFileList -nostdlib -Xlinker -object_path_lto -Xlinker /Users/admin/builder/spi-builder-workspace/.derivedData/Build/Intermediates.noindex/VDKit.build/Debug-watchos/VDBuilders-t.build/Objects-normal/arm64/VDBuilders_lto.o -Xlinker -no_deduplicate -Xlinker -dependency_info -Xlinker /Users/admin/builder/spi-builder-workspace/.derivedData/Build/Intermediates.noindex/VDKit.build/Debug-watchos/VDBuilders-t.build/Objects-normal/arm64/VDBuilders_dependency_info.dat -fobjc-link-runtime -L/Applications/Xcode-27.0.0-Release.Candidate.app/Contents/Developer/Toolchains/XcodeDefault.xctoolchain/usr/lib/swift/watchos -L/usr/lib/swift -Xlinker -add_ast_path -Xlinker /Users/admin/builder/spi-builder-workspace/.derivedData/Build/Intermediates.noindex/VDKit.build/Debug-watchos/VDBuilders-t.build/Objects-normal/arm64/VDBuilders.swiftmodule -o /Users/admin/builder/spi-builder-workspace/.derivedData/Build/Intermediates.noindex/VDKit.build/Debug-watchos/VDBuilders-t.build/Objects-normal/arm64/Binary/VDBuilders.o
CreateUniversalBinary /Users/admin/builder/spi-builder-workspace/.derivedData/Build/Products/Debug-watchos/VDMirror.o normal arm64\ arm64_32 (in target 'VDMirror' from project 'VDKit')
cd /Users/admin/builder/spi-builder-workspace
/Applications/Xcode-27.0.0-Release.Candidate.app/Contents/Developer/Toolchains/XcodeDefault.xctoolchain/usr/bin/lipo -create /Users/admin/builder/spi-builder-workspace/.derivedData/Build/Intermediates.noindex/VDKit.build/Debug-watchos/VDMirror-t.build/Objects-normal/arm64/Binary/VDMirror.o /Users/admin/builder/spi-builder-workspace/.derivedData/Build/Intermediates.noindex/VDKit.build/Debug-watchos/VDMirror-t.build/Objects-normal/arm64_32/Binary/VDMirror.o -output /Users/admin/builder/spi-builder-workspace/.derivedData/Build/Products/Debug-watchos/VDMirror.o
SwiftEmitModule normal arm64_32 Emitting\ module\ for\ EnvironmentStateObject (in target 'EnvironmentStateObject' from project 'VDKit')
SwiftCompile normal arm64_32 (in target 'EnvironmentStateObject' from project 'VDKit')
cd /Users/admin/builder/spi-builder-workspace/.swiftpm/xcode
SwiftEmitModule normal arm64 Emitting\ module\ for\ BindGeometry (in target 'BindGeometry' from project 'VDKit')
SwiftCompile normal arm64 (in target 'BindGeometry' from project 'VDKit')
cd /Users/admin/builder/spi-builder-workspace/.swiftpm/xcode
SwiftDriverJobDiscovery normal arm64_32 Compiling ComposeBuilder.swift (in target 'VDBuilders' from project 'VDKit')
SwiftEmitModule normal arm64_32 Emitting\ module\ for\ BindGeometry (in target 'BindGeometry' from project 'VDKit')
SwiftCompile normal arm64_32 (in target 'BindGeometry' from project 'VDKit')
cd /Users/admin/builder/spi-builder-workspace/.swiftpm/xcode
SwiftDriverJobDiscovery normal arm64 Emitting module for EnvironmentStateObject (in target 'EnvironmentStateObject' from project 'VDKit')
SwiftCompile normal arm64_32 Compiling\ CG++.swift /Users/admin/builder/spi-builder-workspace/Sources/VDCoreGraphics/CG++.swift (in target 'VDCoreGraphics' from project 'VDKit')
SwiftCompile normal arm64_32 /Users/admin/builder/spi-builder-workspace/Sources/VDCoreGraphics/CG++.swift (in target 'VDCoreGraphics' from project 'VDKit')
cd /Users/admin/builder/spi-builder-workspace/.swiftpm/xcode
builtin-SwiftPerFileCompile CG++.swift
SwiftDriver\ Compilation\ Requirements EnvironmentStateObject normal arm64 com.apple.xcode.tools.swift.compiler (in target 'EnvironmentStateObject' from project 'VDKit')
cd /Users/admin/builder/spi-builder-workspace/.swiftpm/xcode
builtin-Swift-Compilation-Requirements -- /Applications/Xcode-27.0.0-Release.Candidate.app/Contents/Developer/Toolchains/XcodeDefault.xctoolchain/usr/bin/swiftc -parse-as-library -module-name EnvironmentStateObject -Onone @/Users/admin/builder/spi-builder-workspace/.derivedData/Build/Intermediates.noindex/VDKit.build/Debug-watchos/EnvironmentStateObject-t.build/Objects-normal/arm64/EnvironmentStateObject.SwiftFileList -DSWIFT_PACKAGE -DDEBUG -DSWIFT_MODULE_RESOURCE_BUNDLE_UNAVAILABLE -DXcode -plugin-path /Applications/Xcode-27.0.0-Release.Candidate.app/Contents/Developer/Toolchains/XcodeDefault.xctoolchain/usr/lib/swift/host/plugins/testing -enable-experimental-feature DebugDescriptionMacro -sdk /Applications/Xcode-27.0.0-Release.Candidate.app/Contents/Developer/Platforms/WatchOS.platform/Developer/SDKs/WatchOS27.0.sdk -target arm64-apple-watchos9.0 -g -module-cache-path /Users/admin/builder/spi-builder-workspace/.derivedData/ModuleCache.noindex -Xfrontend -serialize-debugging-options -enable-testing -index-store-path /Users/admin/builder/spi-builder-workspace/.derivedData/Index.noindex/DataStore -Xcc -D_LIBCPP_HARDENING_MODE\=_LIBCPP_HARDENING_MODE_DEBUG -swift-version 5 -I /Users/admin/builder/spi-builder-workspace/.derivedData/Build/Products/Debug-watchos -Isystem /Applications/Xcode-27.0.0-Release.Candidate.app/Contents/Developer/Platforms/WatchOS.platform/Developer/usr/lib -F /Users/admin/builder/spi-builder-workspace/.derivedData/Build/Products/Debug-watchos -F /Applications/Xcode-27.0.0-Release.Candidate.app/Contents/Developer/Platforms/WatchOS.platform/Developer/Library/Frameworks -F /Applications/Xcode-27.0.0-Release.Candidate.app/Contents/Developer/Platforms/WatchOS.platform/Developer/SDKs/WatchOS27.0.sdk/Developer/Library/Frameworks -c -j10 -enable-batch-mode -incremental -Xcc -ivfsstatcache -Xcc /Users/admin/builder/spi-builder-workspace/.derivedData/SDKStatCaches.noindex/watchos27.0-24R360-e829b21a6f8c9b70876ba0858053c04477534ef55a1706bf4c1112bbb242f0a2.sdkstatcache -output-file-map /Users/admin/builder/spi-builder-workspace/.derivedData/Build/Intermediates.noindex/VDKit.build/Debug-watchos/EnvironmentStateObject-t.build/Objects-normal/arm64/EnvironmentStateObject-OutputFileMap.json -save-temps -no-color-diagnostics -explicit-module-build -module-cache-path /Users/admin/builder/spi-builder-workspace/.derivedData/Build/Intermediates.noindex/SwiftExplicitPrecompiledModules -clang-scanner-module-cache-path /Users/admin/builder/spi-builder-workspace/.derivedData/ModuleCache.noindex -sdk-module-cache-path /Users/admin/builder/spi-builder-workspace/.derivedData/SDKExplicitPrecompiledModules -emit-dependencies -emit-module -emit-module-path /Users/admin/builder/spi-builder-workspace/.derivedData/Build/Intermediates.noindex/VDKit.build/Debug-watchos/EnvironmentStateObject-t.build/Objects-normal/arm64/EnvironmentStateObject.swiftmodule -serialize-diagnostics -dependency-scan-serialize-diagnostics-path /Users/admin/builder/spi-builder-workspace/.derivedData/Build/Intermediates.noindex/VDKit.build/Debug-watchos/EnvironmentStateObject-t.build/Objects-normal/arm64/EnvironmentStateObject-dependency-scan.dia -validate-clang-modules-once -clang-build-session-file /Users/admin/builder/spi-builder-workspace/.derivedData/ModuleCache.noindex/Session.modulevalidation -Xcc -fmodules-prune-interval\=86400 -Xcc -fmodules-prune-after\=345600 -emit-const-values -const-gather-protocols-list /Users/admin/builder/spi-builder-workspace/.derivedData/Build/Intermediates.noindex/VDKit.build/Debug-watchos/EnvironmentStateObject-t.build/Objects-normal/arm64/EnvironmentStateObject_const_extract_protocols.json -Xcc -I/Users/admin/builder/spi-builder-workspace/.derivedData/Build/Products/Debug-watchos/include -Xcc -I/Users/admin/builder/spi-builder-workspace/.derivedData/Build/Intermediates.noindex/VDKit.build/Debug-watchos/EnvironmentStateObject-t.build/DerivedSources-normal/arm64 -Xcc -I/Users/admin/builder/spi-builder-workspace/.derivedData/Build/Intermediates.noindex/VDKit.build/Debug-watchos/EnvironmentStateObject-t.build/DerivedSources/arm64 -Xcc -I/Users/admin/builder/spi-builder-workspace/.derivedData/Build/Intermediates.noindex/VDKit.build/Debug-watchos/EnvironmentStateObject-t.build/DerivedSources -Xcc -DSWIFT_PACKAGE -Xcc -DDEBUG\=1 -emit-objc-header -emit-objc-header-path /Users/admin/builder/spi-builder-workspace/.derivedData/Build/Intermediates.noindex/VDKit.build/Debug-watchos/EnvironmentStateObject-t.build/Objects-normal/arm64/EnvironmentStateObject-Swift.h -working-directory /Users/admin/builder/spi-builder-workspace/.swiftpm/xcode -experimental-emit-module-separately -disable-cmo
SwiftDriverJobDiscovery normal arm64 Compiling CalendarComponent++.swift (in target 'VDDates' from project 'VDKit')
SwiftCompile normal arm64_32 Compiling\ CGAffineTransform++.swift /Users/admin/builder/spi-builder-workspace/Sources/VDCoreGraphics/CGAffineTransform++.swift (in target 'VDCoreGraphics' from project 'VDKit')
SwiftCompile normal arm64_32 /Users/admin/builder/spi-builder-workspace/Sources/VDCoreGraphics/CGAffineTransform++.swift (in target 'VDCoreGraphics' from project 'VDKit')
cd /Users/admin/builder/spi-builder-workspace/.swiftpm/xcode
builtin-SwiftPerFileCompile CGAffineTransform++.swift
PruneExplicitPrecompiledModules /Users/admin/builder/spi-builder-workspace/.derivedData/Build/Intermediates.noindex/SwiftExplicitPrecompiledModules
PruneExplicitPrecompiledModules /Users/admin/builder/spi-builder-workspace/.derivedData/Build/Intermediates.noindex/ExplicitPrecompiledModules
PruneExplicitPrecompiledModules /Users/admin/builder/spi-builder-workspace/.derivedData/SDKExplicitPrecompiledModules
2026-09-18 13:31:31.544 xcodebuild[896:5741] [MT] IDERunDestination: Supported platforms for the buildables in the current scheme is empty.
** BUILD FAILED **
The following build commands failed:
SwiftEmitModule normal arm64 Emitting\ module\ for\ VDCoreGraphics (in target 'VDCoreGraphics' from project 'VDKit')
SwiftCompile normal arm64 (in target 'VDCoreGraphics' from project 'VDKit')
Building workspace VDKit with scheme VDKit-Package
(3 failures)
BUILD FAILURE 6.4 watchOS