Build Information
Failed to build Network, reference master (056f55), with Swift 6.4 for tvOS using Xcode 27.0 on 22 Sep 2026 08:18:45 UTC.
Build Command
No build command. This typically means the build failed at an early stage where we determine the build command.Build Log
========================================
RunAll
========================================
Builder version: 5.1.0
Interrupt handler set up.
========================================
Checkout
========================================
Clone URL: https://github.com/song-react/Network.git
Reference: master
Initialized empty Git repository in /Users/admin/builder/spi-builder-workspace/.git/
From https://github.com/song-react/Network
* branch master -> FETCH_HEAD
* [new branch] master -> origin/master
HEAD is now at 056f558 chore: update version
Cloned https://github.com/song-react/Network.git
Revision (git rev-parse @):
056f5583bf520ebf3caf57525fc9698040c2d01b
SUCCESS checkout https://github.com/song-react/Network.git at master
========================================
Build
========================================
Selected platform: tvOS
Swift version: 6.4
Building package at path: $PWD
https://github.com/song-react/Network.git
Command line invocation:
/Applications/Xcode-27.0.0-Release.Candidate.app/Contents/Developer/usr/bin/xcodebuild -IDEClonedSourcePackagesDirPathOverride=/Users/admin/builder/spi-builder-workspace/.dependencies -resolvePackageDependencies
Resolve Package Graph
Fetching from https://github.com/DingSoung/Extension
could not find a branch named ‘master’ in https://github.com/DingSoung/Extension (did you mean ‘main’?)Resolve Package Graph
Updating from https://github.com/DingSoung/Extension
could not find a branch named ‘master’ in https://github.com/DingSoung/Extension (did you mean ‘main’?)
Resolved source packages:
spi-builder-workspace: (null)
2026-09-22 04:18:43.678 xcodebuild[529:3036] Writing error result bundle to /var/folders/xq/y_g06wb113726d38xsyx71_h0000gn/T/ResultBundle_2026-22-09_04-18-0043.xcresult
xcodebuild: error: Could not resolve package dependencies:
could not find a branch named ‘master’ in https://github.com/DingSoung/Extension (did you mean ‘main’?)
Command line invocation:
/Applications/Xcode-27.0.0-Release.Candidate.app/Contents/Developer/usr/bin/xcodebuild -IDEClonedSourcePackagesDirPathOverride=/Users/admin/builder/spi-builder-workspace/.dependencies -resolvePackageDependencies
Resolve Package Graph
Updating from https://github.com/DingSoung/Extension
could not find a branch named ‘master’ in https://github.com/DingSoung/Extension (did you mean ‘main’?)
Resolved source packages:
spi-builder-workspace: (null)
2026-09-22 04:18:45.296 xcodebuild[623:3774] Writing error result bundle to /var/folders/xq/y_g06wb113726d38xsyx71_h0000gn/T/ResultBundle_2026-22-09_04-18-0045.xcresult
xcodebuild: error: Could not resolve package dependencies:
could not find a branch named ‘master’ in https://github.com/DingSoung/Extension (did you mean ‘main’?)
BUILD FAILURE 6.4 tvOS