The Swift Package Index logo.Swift Package Index

Build Information

Failed to build swiftui-buymeacoffee, reference 1.0.0 (ecdb8f), with Swift 6.3 for Wasm on 30 Sep 2026 07:24:40 UTC.

Build Command

bash -c docker run --pull=always --rm -v "checkouts-54344845-0":/host -w "$PWD" -e JAVA_HOME="/root/.sdkman/candidates/java/current" -e SPI_BUILD="1" -e SPI_PROCESSING="1" registry.gitlab.com/saguaro1/spi-images:wasm-6.3-latest swift build --swift-sdk swift-6.3.2-RELEASE_wasm 2>&1

Build Log

========================================
RunAll
========================================
Builder version: 5.1.1
Interrupt handler set up.
========================================
Checkout
========================================
Clone URL: https://github.com/alexandrehsaad/swiftui-buymeacoffee.git
Reference: 1.0.0
Initialized empty Git repository in /host/spi-builder-workspace/.git/
hint: Using 'master' as the name for the initial branch. This default branch name
hint: is subject to change. To configure the initial branch name to use in all
hint: of your new repositories, which will suppress this warning, call:
hint:
hint: 	git config --global init.defaultBranch <name>
hint:
hint: Names commonly chosen instead of 'master' are 'main', 'trunk' and
hint: 'development'. The just-created branch can be renamed via this command:
hint:
hint: 	git branch -m <name>
From https://github.com/alexandrehsaad/swiftui-buymeacoffee
 * tag               1.0.0      -> FETCH_HEAD
HEAD is now at ecdb8fe ci: corrected scheme name in documentation workflow
Cloned https://github.com/alexandrehsaad/swiftui-buymeacoffee.git
Revision (git rev-parse @):
ecdb8fe3461ee042ca952e373c1a8ed3b60c747d
SUCCESS checkout https://github.com/alexandrehsaad/swiftui-buymeacoffee.git at 1.0.0
========================================
Build
========================================
Selected platform:         wasm
Swift version:             6.3
Building package at path:  $PWD
https://github.com/alexandrehsaad/swiftui-buymeacoffee.git
Running build ...
bash -c docker run --pull=always --rm -v "checkouts-54344845-0":/host -w "$PWD" -e JAVA_HOME="/root/.sdkman/candidates/java/current" -e SPI_BUILD="1" -e SPI_PROCESSING="1" registry.gitlab.com/saguaro1/spi-images:wasm-6.3-latest swift build --swift-sdk swift-6.3.2-RELEASE_wasm 2>&1
wasm-6.3-latest: Pulling from saguaro1/spi-images
Digest: sha256:253aad7f5b11d25cf9eaef34120b94cd8a325782929c57fb304a7711494a3f9a
Status: Image is up to date for registry.gitlab.com/saguaro1/spi-images:wasm-6.3-latest
Fetching https://github.com/pointfreeco/swift-snapshot-testing
Fetching https://github.com/swiftlang/swift-docc-plugin.git
[1/2345] Fetching swift-docc-plugin
Fetched https://github.com/swiftlang/swift-docc-plugin.git from cache (0.61s)
[1/16485] Fetching swift-snapshot-testing
Fetched https://github.com/pointfreeco/swift-snapshot-testing from cache (2.38s)
Computing version for https://github.com/swiftlang/swift-docc-plugin.git
Computed https://github.com/swiftlang/swift-docc-plugin.git at 1.5.0 (3.25s)
Fetching https://github.com/swiftlang/swift-docc-symbolkit
[1/3832] Fetching swift-docc-symbolkit
Fetched https://github.com/swiftlang/swift-docc-symbolkit from cache (0.72s)
Computing version for https://github.com/swiftlang/swift-docc-symbolkit
Computed https://github.com/swiftlang/swift-docc-symbolkit at 1.0.0 (0.92s)
Computing version for https://github.com/pointfreeco/swift-snapshot-testing
Computed https://github.com/pointfreeco/swift-snapshot-testing at 1.19.6 (0.14s)
Fetching https://github.com/swiftlang/swift-syntax
Fetching https://github.com/pointfreeco/swift-custom-dump
[1/5669] Fetching swift-custom-dump
Fetched https://github.com/pointfreeco/swift-custom-dump from cache (1.22s)
[1/80087] Fetching swift-syntax
Fetched https://github.com/swiftlang/swift-syntax from cache (3.10s)
Computing version for https://github.com/pointfreeco/swift-custom-dump
Computed https://github.com/pointfreeco/swift-custom-dump at 1.7.3 (3.26s)
Fetching https://github.com/pointfreeco/xctest-dynamic-overlay
[1/2727] Fetching xctest-dynamic-overlay
Fetched https://github.com/pointfreeco/xctest-dynamic-overlay from cache (0.75s)
Computing version for https://github.com/pointfreeco/xctest-dynamic-overlay
Computed https://github.com/pointfreeco/xctest-dynamic-overlay at 1.13.1 (1.66s)
Computing version for https://github.com/swiftlang/swift-syntax
Computed https://github.com/swiftlang/swift-syntax at 604.0.0 (0.25s)
Creating working copy for https://github.com/swiftlang/swift-docc-symbolkit
Working copy of https://github.com/swiftlang/swift-docc-symbolkit resolved at 1.0.0
Creating working copy for https://github.com/swiftlang/swift-syntax
Working copy of https://github.com/swiftlang/swift-syntax resolved at 604.0.0
Creating working copy for https://github.com/pointfreeco/swift-custom-dump
Working copy of https://github.com/pointfreeco/swift-custom-dump resolved at 1.7.3
Creating working copy for https://github.com/swiftlang/swift-docc-plugin.git
Working copy of https://github.com/swiftlang/swift-docc-plugin.git resolved at 1.5.0
Creating working copy for https://github.com/pointfreeco/swift-snapshot-testing
Working copy of https://github.com/pointfreeco/swift-snapshot-testing resolved at 1.19.6
Creating working copy for https://github.com/pointfreeco/xctest-dynamic-overlay
Working copy of https://github.com/pointfreeco/xctest-dynamic-overlay resolved at 1.13.1
[1/1] Compiling plugin BuyMeACoffeeSnapshotsPlugin
[2/2] Compiling plugin Swift-DocC Preview
[3/3] Compiling plugin Swift-DocC
Building for debugging...
[3/12] Copying Cookie-OFL.md
[3/12] Copying Localizable.xcstrings
[3/12] Copying Info.plist
[3/12] Copying Cookie.otf
[7/12] Copying Assets.xcassets
[8/12] Write sources
[11/12] Write swift-version-24593BA9C3E375BF.txt
error: emit-module command failed with exit code 1 (use -v to see invocation)
[13/68] Emitting module BuyMeACoffee
/host/spi-builder-workspace/Sources/BuyMeACoffee/BuyMeACoffeeButton/Models/BuyMeACoffeeBorder.swift:9:8: error: no such module 'SwiftUI'
 7 | // See CONTRIBUTORS.txt for the list of project authors
 8 |
 9 | import SwiftUI
   |        `- error: no such module 'SwiftUI'
10 |
11 | /// The border treatment applied by a `BuyMeACoffeeButtonStyle`.
[14/71] Compiling BuyMeACoffee BuyMeACoffeeBorder.swift
/host/spi-builder-workspace/Sources/BuyMeACoffee/BuyMeACoffeeButton/Models/BuyMeACoffeeBorder.swift:9:8: error: no such module 'SwiftUI'
 7 | // See CONTRIBUTORS.txt for the list of project authors
 8 |
 9 | import SwiftUI
   |        `- error: no such module 'SwiftUI'
10 |
11 | /// The border treatment applied by a `BuyMeACoffeeButtonStyle`.
[15/71] Compiling BuyMeACoffee BuyMeACoffeeFont.swift
/host/spi-builder-workspace/Sources/BuyMeACoffee/BuyMeACoffeeButton/Models/BuyMeACoffeeBorder.swift:9:8: error: no such module 'SwiftUI'
 7 | // See CONTRIBUTORS.txt for the list of project authors
 8 |
 9 | import SwiftUI
   |        `- error: no such module 'SwiftUI'
10 |
11 | /// The border treatment applied by a `BuyMeACoffeeButtonStyle`.
[16/71] Compiling BuyMeACoffee BuyMeACoffeeIcon.swift
/host/spi-builder-workspace/Sources/BuyMeACoffee/BuyMeACoffeeButton/Models/BuyMeACoffeeBorder.swift:9:8: error: no such module 'SwiftUI'
 7 | // See CONTRIBUTORS.txt for the list of project authors
 8 |
 9 | import SwiftUI
   |        `- error: no such module 'SwiftUI'
10 |
11 | /// The border treatment applied by a `BuyMeACoffeeButtonStyle`.
[17/71] Compiling BuyMeACoffee BuyMeACoffeeLabel.swift
/host/spi-builder-workspace/Sources/BuyMeACoffee/BuyMeACoffeeButton/Models/BuyMeACoffeeBorder.swift:9:8: error: no such module 'SwiftUI'
 7 | // See CONTRIBUTORS.txt for the list of project authors
 8 |
 9 | import SwiftUI
   |        `- error: no such module 'SwiftUI'
10 |
11 | /// The border treatment applied by a `BuyMeACoffeeButtonStyle`.
[18/71] Compiling BuyMeACoffee BuyMeACoffeeImage.swift
/host/spi-builder-workspace/Sources/BuyMeACoffee/BuyMeACoffeeButton/Models/BuyMeACoffeeBorder.swift:9:8: error: no such module 'SwiftUI'
 7 | // See CONTRIBUTORS.txt for the list of project authors
 8 |
 9 | import SwiftUI
   |        `- error: no such module 'SwiftUI'
10 |
11 | /// The border treatment applied by a `BuyMeACoffeeButtonStyle`.
[19/71] Compiling BuyMeACoffee BuyMeACoffeeTitle.swift
/host/spi-builder-workspace/Sources/BuyMeACoffee/BuyMeACoffeeButton/Models/BuyMeACoffeeBorder.swift:9:8: error: no such module 'SwiftUI'
 7 | // See CONTRIBUTORS.txt for the list of project authors
 8 |
 9 | import SwiftUI
   |        `- error: no such module 'SwiftUI'
10 |
11 | /// The border treatment applied by a `BuyMeACoffeeButtonStyle`.
[20/71] Compiling BuyMeACoffee EnvironmentValues+BuyMeACoffee.swift
/host/spi-builder-workspace/Sources/BuyMeACoffee/BuyMeACoffeeButton/Models/BuyMeACoffeeBorder.swift:9:8: error: no such module 'SwiftUI'
 7 | // See CONTRIBUTORS.txt for the list of project authors
 8 |
 9 | import SwiftUI
   |        `- error: no such module 'SwiftUI'
10 |
11 | /// The border treatment applied by a `BuyMeACoffeeButtonStyle`.
[21/71] Compiling SnapshotTesting SwiftUIView.swift
/host/spi-builder-workspace/Sources/BuyMeACoffee/BuyMeACoffeeButton/Models/BuyMeACoffeeBorder.swift:9:8: error: no such module 'SwiftUI'
 7 | // See CONTRIBUTORS.txt for the list of project authors
 8 |
 9 | import SwiftUI
   |        `- error: no such module 'SwiftUI'
10 |
11 | /// The border treatment applied by a `BuyMeACoffeeButtonStyle`.
[22/71] Compiling SnapshotTesting UIBezierPath.swift
/host/spi-builder-workspace/Sources/BuyMeACoffee/BuyMeACoffeeButton/Models/BuyMeACoffeeBorder.swift:9:8: error: no such module 'SwiftUI'
 7 | // See CONTRIBUTORS.txt for the list of project authors
 8 |
 9 | import SwiftUI
   |        `- error: no such module 'SwiftUI'
10 |
11 | /// The border treatment applied by a `BuyMeACoffeeButtonStyle`.
[23/71] Compiling SnapshotTesting Deprecations.swift
/host/spi-builder-workspace/Sources/BuyMeACoffee/BuyMeACoffeeButton/Models/BuyMeACoffeeBorder.swift:9:8: error: no such module 'SwiftUI'
 7 | // See CONTRIBUTORS.txt for the list of project authors
 8 |
 9 | import SwiftUI
   |        `- error: no such module 'SwiftUI'
10 |
11 | /// The border treatment applied by a `BuyMeACoffeeButtonStyle`.
[24/71] Compiling BuyMeACoffee ButtonSizingFrameMaxWidthInfinity.swift
/host/spi-builder-workspace/Sources/BuyMeACoffee/BuyMeACoffeeButton/Models/BuyMeACoffeeBorder.swift:9:8: error: no such module 'SwiftUI'
 7 | // See CONTRIBUTORS.txt for the list of project authors
 8 |
 9 | import SwiftUI
   |        `- error: no such module 'SwiftUI'
10 |
11 | /// The border treatment applied by a `BuyMeACoffeeButtonStyle`.
[25/71] Compiling BuyMeACoffee ColorScheme+CustomStringConvertible.swift
/host/spi-builder-workspace/Sources/BuyMeACoffee/BuyMeACoffeeButton/Models/BuyMeACoffeeBorder.swift:9:8: error: no such module 'SwiftUI'
 7 | // See CONTRIBUTORS.txt for the list of project authors
 8 |
 9 | import SwiftUI
   |        `- error: no such module 'SwiftUI'
10 |
11 | /// The border treatment applied by a `BuyMeACoffeeButtonStyle`.
[26/71] Compiling BuyMeACoffee Locale+Values.swift
/host/spi-builder-workspace/Sources/BuyMeACoffee/BuyMeACoffeeButton/Models/BuyMeACoffeeBorder.swift:9:8: error: no such module 'SwiftUI'
 7 | // See CONTRIBUTORS.txt for the list of project authors
 8 |
 9 | import SwiftUI
   |        `- error: no such module 'SwiftUI'
10 |
11 | /// The border treatment applied by a `BuyMeACoffeeButtonStyle`.
[27/71] Compiling BuyMeACoffee View+Helpers.swift
/host/spi-builder-workspace/.build/checkouts/swift-snapshot-testing/Sources/SnapshotTesting/AssertSnapshot.swift:577:10: error: no such module 'CoreServices'
575 |
576 | #if !os(Android) && !os(Linux) && !os(Windows)
577 |   import CoreServices
    |          `- error: no such module 'CoreServices'
578 |
579 |   func uniformTypeIdentifier(fromExtension pathExtension: String) -> String? {
[28/71] Compiling BuyMeACoffee resource_bundle_accessor.swift
/host/spi-builder-workspace/.build/checkouts/swift-snapshot-testing/Sources/SnapshotTesting/AssertSnapshot.swift:577:10: error: no such module 'CoreServices'
575 |
576 | #if !os(Android) && !os(Linux) && !os(Windows)
577 |   import CoreServices
    |          `- error: no such module 'CoreServices'
578 |
579 |   func uniformTypeIdentifier(fromExtension pathExtension: String) -> String? {
[29/71] Compiling SnapshotTesting Diff.swift
/host/spi-builder-workspace/.build/checkouts/swift-snapshot-testing/Sources/SnapshotTesting/AssertSnapshot.swift:577:10: error: no such module 'CoreServices'
575 |
576 | #if !os(Android) && !os(Linux) && !os(Windows)
577 |   import CoreServices
    |          `- error: no such module 'CoreServices'
578 |
579 |   func uniformTypeIdentifier(fromExtension pathExtension: String) -> String? {
[30/71] Compiling SnapshotTesting Diffing.swift
/host/spi-builder-workspace/.build/checkouts/swift-snapshot-testing/Sources/SnapshotTesting/AssertSnapshot.swift:577:10: error: no such module 'CoreServices'
575 |
576 | #if !os(Android) && !os(Linux) && !os(Windows)
577 |   import CoreServices
    |          `- error: no such module 'CoreServices'
578 |
579 |   func uniformTypeIdentifier(fromExtension pathExtension: String) -> String? {
[31/71] Compiling SnapshotTesting Wait.swift
/host/spi-builder-workspace/.build/checkouts/swift-snapshot-testing/Sources/SnapshotTesting/AssertSnapshot.swift:577:10: error: no such module 'CoreServices'
575 |
576 | #if !os(Android) && !os(Linux) && !os(Windows)
577 |   import CoreServices
    |          `- error: no such module 'CoreServices'
578 |
579 |   func uniformTypeIdentifier(fromExtension pathExtension: String) -> String? {
/host/spi-builder-workspace/.build/checkouts/swift-snapshot-testing/Sources/SnapshotTesting/AssertSnapshot.swift:577:10: error: no such module 'CoreServices'
575 |
576 | #if !os(Android) && !os(Linux) && !os(Windows)
577 |   import CoreServices
    |          `- error: no such module 'CoreServices'
578 |
579 |   func uniformTypeIdentifier(fromExtension pathExtension: String) -> String? {
/host/spi-builder-workspace/.build/checkouts/swift-snapshot-testing/Sources/SnapshotTesting/AssertSnapshot.swift:577:10: error: no such module 'CoreServices'
575 |
576 | #if !os(Android) && !os(Linux) && !os(Windows)
577 |   import CoreServices
    |          `- error: no such module 'CoreServices'
578 |
579 |   func uniformTypeIdentifier(fromExtension pathExtension: String) -> String? {
/host/spi-builder-workspace/.build/checkouts/swift-snapshot-testing/Sources/SnapshotTesting/AssertSnapshot.swift:577:10: error: no such module 'CoreServices'
575 |
576 | #if !os(Android) && !os(Linux) && !os(Windows)
577 |   import CoreServices
    |          `- error: no such module 'CoreServices'
578 |
579 |   func uniformTypeIdentifier(fromExtension pathExtension: String) -> String? {
[35/71] Compiling BuyMeACoffee View+Backports.swift
/host/spi-builder-workspace/.build/checkouts/swift-snapshot-testing/Sources/SnapshotTesting/AssertSnapshot.swift:577:10: error: no such module 'CoreServices'
575 |
576 | #if !os(Android) && !os(Linux) && !os(Windows)
577 |   import CoreServices
    |          `- error: no such module 'CoreServices'
578 |
579 |   func uniformTypeIdentifier(fromExtension pathExtension: String) -> String? {
/host/spi-builder-workspace/.build/checkouts/swift-snapshot-testing/Sources/SnapshotTesting/AssertSnapshot.swift:577:10: error: no such module 'CoreServices'
575 |
576 | #if !os(Android) && !os(Linux) && !os(Windows)
577 |   import CoreServices
    |          `- error: no such module 'CoreServices'
578 |
579 |   func uniformTypeIdentifier(fromExtension pathExtension: String) -> String? {
/host/spi-builder-workspace/.build/checkouts/swift-snapshot-testing/Sources/SnapshotTesting/AssertSnapshot.swift:577:10: error: no such module 'CoreServices'
575 |
576 | #if !os(Android) && !os(Linux) && !os(Windows)
577 |   import CoreServices
    |          `- error: no such module 'CoreServices'
578 |
579 |   func uniformTypeIdentifier(fromExtension pathExtension: String) -> String? {
/host/spi-builder-workspace/.build/checkouts/swift-snapshot-testing/Sources/SnapshotTesting/AssertSnapshot.swift:577:10: error: no such module 'CoreServices'
575 |
576 | #if !os(Android) && !os(Linux) && !os(Windows)
577 |   import CoreServices
    |          `- error: no such module 'CoreServices'
578 |
579 |   func uniformTypeIdentifier(fromExtension pathExtension: String) -> String? {
/host/spi-builder-workspace/.build/checkouts/swift-snapshot-testing/Sources/SnapshotTesting/AssertSnapshot.swift:577:10: error: no such module 'CoreServices'
575 |
576 | #if !os(Android) && !os(Linux) && !os(Windows)
577 |   import CoreServices
    |          `- error: no such module 'CoreServices'
578 |
579 |   func uniformTypeIdentifier(fromExtension pathExtension: String) -> String? {
/host/spi-builder-workspace/Sources/BuyMeACoffee/BuyMeACoffeeButton/Models/BuyMeACoffeeBorder.swift:9:8: error: no such module 'SwiftUI'
 7 | // See CONTRIBUTORS.txt for the list of project authors
 8 |
 9 | import SwiftUI
   |        `- error: no such module 'SwiftUI'
10 |
11 | /// The border treatment applied by a `BuyMeACoffeeButtonStyle`.
/host/spi-builder-workspace/Sources/BuyMeACoffee/BuyMeACoffeeButton/Models/BuyMeACoffeeBorder.swift:9:8: error: no such module 'SwiftUI'
 7 | // See CONTRIBUTORS.txt for the list of project authors
 8 |
 9 | import SwiftUI
   |        `- error: no such module 'SwiftUI'
10 |
11 | /// The border treatment applied by a `BuyMeACoffeeButtonStyle`.
/host/spi-builder-workspace/Sources/BuyMeACoffee/BuyMeACoffeeButton/Models/BuyMeACoffeeBorder.swift:9:8: error: no such module 'SwiftUI'
 7 | // See CONTRIBUTORS.txt for the list of project authors
 8 |
 9 | import SwiftUI
   |        `- error: no such module 'SwiftUI'
10 |
11 | /// The border treatment applied by a `BuyMeACoffeeButtonStyle`.
[43/75] Compiling BuyMeACoffee DynamicTypeSize+BuyMeACoffee.swift
/host/spi-builder-workspace/Sources/BuyMeACoffee/BuyMeACoffeeButton/Models/BuyMeACoffeeBorder.swift:9:8: error: no such module 'SwiftUI'
 7 | // See CONTRIBUTORS.txt for the list of project authors
 8 |
 9 | import SwiftUI
   |        `- error: no such module 'SwiftUI'
10 |
11 | /// The border treatment applied by a `BuyMeACoffeeButtonStyle`.
[44/75] Compiling SnapshotTesting CaseIterable.swift
/host/spi-builder-workspace/Sources/BuyMeACoffee/BuyMeACoffeeButton/Models/BuyMeACoffeeBorder.swift:9:8: error: no such module 'SwiftUI'
 7 | // See CONTRIBUTORS.txt for the list of project authors
 8 |
 9 | import SwiftUI
   |        `- error: no such module 'SwiftUI'
10 |
11 | /// The border treatment applied by a `BuyMeACoffeeButtonStyle`.
[45/75] Compiling SnapshotTesting Data.swift
/host/spi-builder-workspace/Sources/BuyMeACoffee/BuyMeACoffeeButton/Models/BuyMeACoffeeBorder.swift:9:8: error: no such module 'SwiftUI'
 7 | // See CONTRIBUTORS.txt for the list of project authors
 8 |
 9 | import SwiftUI
   |        `- error: no such module 'SwiftUI'
10 |
11 | /// The border treatment applied by a `BuyMeACoffeeButtonStyle`.
[46/75] Compiling SnapshotTesting Encodable.swift
/host/spi-builder-workspace/Sources/BuyMeACoffee/BuyMeACoffeeButton/Models/BuyMeACoffeeBorder.swift:9:8: error: no such module 'SwiftUI'
 7 | // See CONTRIBUTORS.txt for the list of project authors
 8 |
 9 | import SwiftUI
   |        `- error: no such module 'SwiftUI'
10 |
11 | /// The border treatment applied by a `BuyMeACoffeeButtonStyle`.
/host/spi-builder-workspace/.build/checkouts/swift-snapshot-testing/Sources/SnapshotTesting/AssertSnapshot.swift:577:10: error: no such module 'CoreServices'
575 |
576 | #if !os(Android) && !os(Linux) && !os(Windows)
577 |   import CoreServices
    |          `- error: no such module 'CoreServices'
578 |
579 |   func uniformTypeIdentifier(fromExtension pathExtension: String) -> String? {
/host/spi-builder-workspace/.build/checkouts/swift-snapshot-testing/Sources/SnapshotTesting/AssertSnapshot.swift:577:10: error: no such module 'CoreServices'
575 |
576 | #if !os(Android) && !os(Linux) && !os(Windows)
577 |   import CoreServices
    |          `- error: no such module 'CoreServices'
578 |
579 |   func uniformTypeIdentifier(fromExtension pathExtension: String) -> String? {
/host/spi-builder-workspace/.build/checkouts/swift-snapshot-testing/Sources/SnapshotTesting/AssertSnapshot.swift:577:10: error: no such module 'CoreServices'
575 |
576 | #if !os(Android) && !os(Linux) && !os(Windows)
577 |   import CoreServices
    |          `- error: no such module 'CoreServices'
578 |
579 |   func uniformTypeIdentifier(fromExtension pathExtension: String) -> String? {
[50/75] Compiling SnapshotTesting NSBezierPath.swift
/host/spi-builder-workspace/.build/checkouts/swift-snapshot-testing/Sources/SnapshotTesting/AssertSnapshot.swift:577:10: error: no such module 'CoreServices'
575 |
576 | #if !os(Android) && !os(Linux) && !os(Windows)
577 |   import CoreServices
    |          `- error: no such module 'CoreServices'
578 |
579 |   func uniformTypeIdentifier(fromExtension pathExtension: String) -> String? {
[51/75] Compiling SnapshotTesting SpriteKit.swift
/host/spi-builder-workspace/.build/checkouts/swift-snapshot-testing/Sources/SnapshotTesting/AssertSnapshot.swift:577:10: error: no such module 'CoreServices'
575 |
576 | #if !os(Android) && !os(Linux) && !os(Windows)
577 |   import CoreServices
    |          `- error: no such module 'CoreServices'
578 |
579 |   func uniformTypeIdentifier(fromExtension pathExtension: String) -> String? {
[52/75] Compiling SnapshotTesting String.swift
/host/spi-builder-workspace/.build/checkouts/swift-snapshot-testing/Sources/SnapshotTesting/AssertSnapshot.swift:577:10: error: no such module 'CoreServices'
575 |
576 | #if !os(Android) && !os(Linux) && !os(Windows)
577 |   import CoreServices
    |          `- error: no such module 'CoreServices'
578 |
579 |   func uniformTypeIdentifier(fromExtension pathExtension: String) -> String? {
/host/spi-builder-workspace/.build/checkouts/swift-snapshot-testing/Sources/SnapshotTesting/AssertSnapshot.swift:577:10: error: no such module 'CoreServices'
575 |
576 | #if !os(Android) && !os(Linux) && !os(Windows)
577 |   import CoreServices
    |          `- error: no such module 'CoreServices'
578 |
579 |   func uniformTypeIdentifier(fromExtension pathExtension: String) -> String? {
/host/spi-builder-workspace/.build/checkouts/swift-snapshot-testing/Sources/SnapshotTesting/AssertSnapshot.swift:577:10: error: no such module 'CoreServices'
575 |
576 | #if !os(Android) && !os(Linux) && !os(Windows)
577 |   import CoreServices
    |          `- error: no such module 'CoreServices'
578 |
579 |   func uniformTypeIdentifier(fromExtension pathExtension: String) -> String? {
[55/75] Compiling SnapshotTesting Snapshotting.swift
/host/spi-builder-workspace/.build/checkouts/swift-snapshot-testing/Sources/SnapshotTesting/AssertSnapshot.swift:577:10: error: no such module 'CoreServices'
575 |
576 | #if !os(Android) && !os(Linux) && !os(Windows)
577 |   import CoreServices
    |          `- error: no such module 'CoreServices'
578 |
579 |   func uniformTypeIdentifier(fromExtension pathExtension: String) -> String? {
[56/75] Compiling SnapshotTesting Any.swift
/host/spi-builder-workspace/.build/checkouts/swift-snapshot-testing/Sources/SnapshotTesting/AssertSnapshot.swift:577:10: error: no such module 'CoreServices'
575 |
576 | #if !os(Android) && !os(Linux) && !os(Windows)
577 |   import CoreServices
    |          `- error: no such module 'CoreServices'
578 |
579 |   func uniformTypeIdentifier(fromExtension pathExtension: String) -> String? {
[57/75] Compiling SnapshotTesting CALayer.swift
/host/spi-builder-workspace/.build/checkouts/swift-snapshot-testing/Sources/SnapshotTesting/AssertSnapshot.swift:577:10: error: no such module 'CoreServices'
575 |
576 | #if !os(Android) && !os(Linux) && !os(Windows)
577 |   import CoreServices
    |          `- error: no such module 'CoreServices'
578 |
579 |   func uniformTypeIdentifier(fromExtension pathExtension: String) -> String? {
[58/75] Compiling SnapshotTesting CGPath.swift
/host/spi-builder-workspace/.build/checkouts/swift-snapshot-testing/Sources/SnapshotTesting/AssertSnapshot.swift:577:10: error: no such module 'CoreServices'
575 |
576 | #if !os(Android) && !os(Linux) && !os(Windows)
577 |   import CoreServices
    |          `- error: no such module 'CoreServices'
578 |
579 |   func uniformTypeIdentifier(fromExtension pathExtension: String) -> String? {
error: emit-module command failed with exit code 1 (use -v to see invocation)
[59/75] Emitting module SnapshotTesting
/host/spi-builder-workspace/.build/checkouts/swift-snapshot-testing/Sources/SnapshotTesting/AssertSnapshot.swift:577:10: error: no such module 'CoreServices'
575 |
576 | #if !os(Android) && !os(Linux) && !os(Windows)
577 |   import CoreServices
    |          `- error: no such module 'CoreServices'
578 |
579 |   func uniformTypeIdentifier(fromExtension pathExtension: String) -> String? {
/host/spi-builder-workspace/.build/checkouts/swift-snapshot-testing/Sources/SnapshotTesting/AssertSnapshot.swift:577:10: error: no such module 'CoreServices'
575 |
576 | #if !os(Android) && !os(Linux) && !os(Windows)
577 |   import CoreServices
    |          `- error: no such module 'CoreServices'
578 |
579 |   func uniformTypeIdentifier(fromExtension pathExtension: String) -> String? {
/host/spi-builder-workspace/.build/checkouts/swift-snapshot-testing/Sources/SnapshotTesting/AssertSnapshot.swift:577:10: error: no such module 'CoreServices'
575 |
576 | #if !os(Android) && !os(Linux) && !os(Windows)
577 |   import CoreServices
    |          `- error: no such module 'CoreServices'
578 |
579 |   func uniformTypeIdentifier(fromExtension pathExtension: String) -> String? {
/host/spi-builder-workspace/.build/checkouts/swift-snapshot-testing/Sources/SnapshotTesting/AssertSnapshot.swift:577:10: error: no such module 'CoreServices'
575 |
576 | #if !os(Android) && !os(Linux) && !os(Windows)
577 |   import CoreServices
    |          `- error: no such module 'CoreServices'
578 |
579 |   func uniformTypeIdentifier(fromExtension pathExtension: String) -> String? {
/host/spi-builder-workspace/.build/checkouts/swift-snapshot-testing/Sources/SnapshotTesting/AssertSnapshot.swift:577:10: error: no such module 'CoreServices'
575 |
576 | #if !os(Android) && !os(Linux) && !os(Windows)
577 |   import CoreServices
    |          `- error: no such module 'CoreServices'
578 |
579 |   func uniformTypeIdentifier(fromExtension pathExtension: String) -> String? {
/host/spi-builder-workspace/.build/checkouts/swift-snapshot-testing/Sources/SnapshotTesting/AssertSnapshot.swift:577:10: error: no such module 'CoreServices'
575 |
576 | #if !os(Android) && !os(Linux) && !os(Windows)
577 |   import CoreServices
    |          `- error: no such module 'CoreServices'
578 |
579 |   func uniformTypeIdentifier(fromExtension pathExtension: String) -> String? {
[65/75] Compiling SnapshotTesting UIImage.swift
/host/spi-builder-workspace/.build/checkouts/swift-snapshot-testing/Sources/SnapshotTesting/AssertSnapshot.swift:577:10: error: no such module 'CoreServices'
575 |
576 | #if !os(Android) && !os(Linux) && !os(Windows)
577 |   import CoreServices
    |          `- error: no such module 'CoreServices'
578 |
579 |   func uniformTypeIdentifier(fromExtension pathExtension: String) -> String? {
[66/75] Compiling SnapshotTesting UIView.swift
/host/spi-builder-workspace/.build/checkouts/swift-snapshot-testing/Sources/SnapshotTesting/AssertSnapshot.swift:577:10: error: no such module 'CoreServices'
575 |
576 | #if !os(Android) && !os(Linux) && !os(Windows)
577 |   import CoreServices
    |          `- error: no such module 'CoreServices'
578 |
579 |   func uniformTypeIdentifier(fromExtension pathExtension: String) -> String? {
[67/75] Compiling SnapshotTesting UIViewController.swift
/host/spi-builder-workspace/.build/checkouts/swift-snapshot-testing/Sources/SnapshotTesting/AssertSnapshot.swift:577:10: error: no such module 'CoreServices'
575 |
576 | #if !os(Android) && !os(Linux) && !os(Windows)
577 |   import CoreServices
    |          `- error: no such module 'CoreServices'
578 |
579 |   func uniformTypeIdentifier(fromExtension pathExtension: String) -> String? {
[68/75] Compiling SnapshotTesting URLRequest.swift
/host/spi-builder-workspace/.build/checkouts/swift-snapshot-testing/Sources/SnapshotTesting/AssertSnapshot.swift:577:10: error: no such module 'CoreServices'
575 |
576 | #if !os(Android) && !os(Linux) && !os(Windows)
577 |   import CoreServices
    |          `- error: no such module 'CoreServices'
578 |
579 |   func uniformTypeIdentifier(fromExtension pathExtension: String) -> String? {
/host/spi-builder-workspace/Sources/BuyMeACoffee/BuyMeACoffeeButton/Models/BuyMeACoffeeBorder.swift:9:8: error: no such module 'SwiftUI'
 7 | // See CONTRIBUTORS.txt for the list of project authors
 8 |
 9 | import SwiftUI
   |        `- error: no such module 'SwiftUI'
10 |
11 | /// The border treatment applied by a `BuyMeACoffeeButtonStyle`.
/host/spi-builder-workspace/Sources/BuyMeACoffee/BuyMeACoffeeButton/Models/BuyMeACoffeeBorder.swift:9:8: error: no such module 'SwiftUI'
 7 | // See CONTRIBUTORS.txt for the list of project authors
 8 |
 9 | import SwiftUI
   |        `- error: no such module 'SwiftUI'
10 |
11 | /// The border treatment applied by a `BuyMeACoffeeButtonStyle`.
/host/spi-builder-workspace/Sources/BuyMeACoffee/BuyMeACoffeeButton/Models/BuyMeACoffeeBorder.swift:9:8: error: no such module 'SwiftUI'
 7 | // See CONTRIBUTORS.txt for the list of project authors
 8 |
 9 | import SwiftUI
   |        `- error: no such module 'SwiftUI'
10 |
11 | /// The border treatment applied by a `BuyMeACoffeeButtonStyle`.
/host/spi-builder-workspace/Sources/BuyMeACoffee/BuyMeACoffeeButton/Models/BuyMeACoffeeBorder.swift:9:8: error: no such module 'SwiftUI'
 7 | // See CONTRIBUTORS.txt for the list of project authors
 8 |
 9 | import SwiftUI
   |        `- error: no such module 'SwiftUI'
10 |
11 | /// The border treatment applied by a `BuyMeACoffeeButtonStyle`.
/host/spi-builder-workspace/Sources/BuyMeACoffee/BuyMeACoffeeButton/Models/BuyMeACoffeeBorder.swift:9:8: error: no such module 'SwiftUI'
 7 | // See CONTRIBUTORS.txt for the list of project authors
 8 |
 9 | import SwiftUI
   |        `- error: no such module 'SwiftUI'
10 |
11 | /// The border treatment applied by a `BuyMeACoffeeButtonStyle`.
/host/spi-builder-workspace/Sources/BuyMeACoffee/BuyMeACoffeeButton/Models/BuyMeACoffeeBorder.swift:9:8: error: no such module 'SwiftUI'
 7 | // See CONTRIBUTORS.txt for the list of project authors
 8 |
 9 | import SwiftUI
   |        `- error: no such module 'SwiftUI'
10 |
11 | /// The border treatment applied by a `BuyMeACoffeeButtonStyle`.
/host/spi-builder-workspace/Sources/BuyMeACoffee/BuyMeACoffeeButton/Models/BuyMeACoffeeBorder.swift:9:8: error: no such module 'SwiftUI'
 7 | // See CONTRIBUTORS.txt for the list of project authors
 8 |
 9 | import SwiftUI
   |        `- error: no such module 'SwiftUI'
10 |
11 | /// The border treatment applied by a `BuyMeACoffeeButtonStyle`.
BUILD FAILURE 6.3 wasm