Build Information
Failed to build UniSocket, reference 0.14.0 (1785e4), with Swift 6.4 for watchOS using Xcode 27.0 on 16 Sep 2026 20:47:33 UTC.
Build Command
env DEVELOPER_DIR=/Applications/Xcode-27.0.0-Release.Candidate.app xcrun xcodebuild -IDEClonedSourcePackagesDirPathOverride=$PWD/.dependencies -skipMacroValidation -skipPackagePluginValidation -derivedDataPath $PWD/.derivedData build -scheme UniSocket -destination generic/platform=watchOSBuild Log
========================================
RunAll
========================================
Builder version: 5.1.0
Interrupt handler set up.
========================================
Checkout
========================================
Clone URL: https://github.com/seznam/swift-unisocket.git
Reference: 0.14.0
Initialized empty Git repository in /Users/admin/builder/spi-builder-workspace/.git/
From https://github.com/seznam/swift-unisocket
* tag 0.14.0 -> FETCH_HEAD
HEAD is now at 1785e43 Update README.md.
Cloned https://github.com/seznam/swift-unisocket.git
Revision (git rev-parse @):
1785e432fb8497265a38712cdb9584c429ca3f96
SUCCESS checkout https://github.com/seznam/swift-unisocket.git at 0.14.0
========================================
Build
========================================
Selected platform: watchOS
Swift version: 6.4
Building package at path: $PWD
https://github.com/seznam/swift-unisocket.git
Command line invocation:
/Applications/Xcode-27.0.0-Release.Candidate.app/Contents/Developer/usr/bin/xcodebuild -IDEClonedSourcePackagesDirPathOverride=/Users/admin/builder/spi-builder-workspace/.dependencies -resolvePackageDependencies
Resolve Package Graph
Fetching from https://github.com/Bouke/DNS.git
Creating working copy of package ‘DNS’
Checking out 1.2.0 of package ‘DNS’
Resolve Package Graph
Resolved source packages:
DNS: https://github.com/Bouke/DNS.git @ 1.2.0
UniSocket: /Users/admin/builder/spi-builder-workspace
resolved source packages: DNS, UniSocket
2026-09-16 16:46:41.303 xcodebuild[528:3060] [MT] IDERunDestination: Supported platforms for the buildables in the current scheme is empty.
{
"dependencies" : [
{
"identity" : "dns",
"requirement" : {
"range" : [
{
"lower_bound" : "1.2.0",
"upper_bound" : "2.0.0"
}
]
},
"type" : "sourceControl",
"url" : "https://github.com/Bouke/DNS.git"
}
],
"manifest_display_name" : "UniSocket",
"name" : "UniSocket",
"path" : "/Users/admin/builder/spi-builder-workspace",
"platforms" : [
],
"products" : [
{
"name" : "UniSocket",
"targets" : [
"UniSocket"
],
"type" : {
"library" : [
"automatic"
]
}
}
],
"swift_languages_versions" : [
"5"
],
"targets" : [
{
"c99name" : "UniSocketTests",
"module_type" : "SwiftTarget",
"name" : "UniSocketTests",
"path" : "Tests/UniSocketTests",
"product_dependencies" : [
"DNS"
],
"sources" : [
"UniSocketTests.swift"
],
"target_dependencies" : [
"UniSocket"
],
"type" : "test"
},
{
"c99name" : "UniSocket",
"module_type" : "SwiftTarget",
"name" : "UniSocket",
"path" : "Sources/UniSocket",
"product_memberships" : [
"UniSocket"
],
"sources" : [
"UniSocket.swift"
],
"type" : "library"
}
],
"tools_version" : "5.2"
}
{
"workspace" : {
"name" : "UniSocket",
"schemes" : [
"UniSocket"
]
}
}
2026-09-16 16:47:22.738 xcodebuild[683:4370] [MT] IDERunDestination: Supported platforms for the buildables in the current scheme is empty.
Running build ...
env DEVELOPER_DIR=/Applications/Xcode-27.0.0-Release.Candidate.app xcrun xcodebuild -IDEClonedSourcePackagesDirPathOverride=$PWD/.dependencies -skipMacroValidation -skipPackagePluginValidation -derivedDataPath $PWD/.derivedData build -scheme UniSocket -destination generic/platform=watchOS
Command line invocation:
/Applications/Xcode-27.0.0-Release.Candidate.app/Contents/Developer/usr/bin/xcodebuild -IDEClonedSourcePackagesDirPathOverride=/Users/admin/builder/spi-builder-workspace/.dependencies -skipMacroValidation -skipPackagePluginValidation -derivedDataPath /Users/admin/builder/spi-builder-workspace/.derivedData build -scheme UniSocket -destination generic/platform=watchOS
Resolve Package Graph
Resolve Package Graph
Resolved source packages:
UniSocket: /Users/admin/builder/spi-builder-workspace
DNS: https://github.com/Bouke/DNS.git @ 1.2.0
ComputePackagePrebuildTargetDependencyGraph
Prepare packages
CreateBuildRequest
SendProjectDescription
CreateBuildOperation
ComputeTargetDependencyGraph
note: Building targets in dependency order
note: Target dependency graph (2 targets)
Target 'UniSocket-product' in project 'UniSocket'
➜ Explicit dependency on target 'UniSocket' in project 'UniSocket'
Target 'UniSocket' in project 'UniSocket' (no dependencies)
GatherProvisioningInputs
CreateBuildDescription
ExecuteExternalTool /Applications/Xcode-27.0.0-Release.Candidate.app/Contents/Developer/Toolchains/XcodeDefault.xctoolchain/usr/bin/clang -v -E -dM -isysroot /Applications/Xcode-27.0.0-Release.Candidate.app/Contents/Developer/Platforms/WatchOS.platform/Developer/SDKs/WatchOS27.0.sdk -x c -c /dev/null
ExecuteExternalTool /Applications/Xcode-27.0.0-Release.Candidate.app/Contents/Developer/Toolchains/XcodeDefault.xctoolchain/usr/bin/swiftc --version
ExecuteExternalTool /Applications/Xcode-27.0.0-Release.Candidate.app/Contents/Developer/Toolchains/XcodeDefault.xctoolchain/usr/bin/ld -version_details
Build description signature: e42d7324bb62b7b24c87b377db4482cb
Build description path: /Users/admin/builder/spi-builder-workspace/.derivedData/Build/Intermediates.noindex/XCBuildData/e42d7324bb62b7b24c87b377db4482cb.xcbuilddata
CreateBuildDirectory /Users/admin/builder/spi-builder-workspace/.derivedData/SDKExplicitPrecompiledModules
cd /Users/admin/builder/spi-builder-workspace/.swiftpm/xcode
builtin-create-build-directory /Users/admin/builder/spi-builder-workspace/.derivedData/SDKExplicitPrecompiledModules
CreateBuildDirectory /Users/admin/builder/spi-builder-workspace/.derivedData/ModuleCache.noindex
cd /Users/admin/builder/spi-builder-workspace/.swiftpm/xcode
builtin-create-build-directory /Users/admin/builder/spi-builder-workspace/.derivedData/ModuleCache.noindex
CreateBuildDirectory /Users/admin/builder/spi-builder-workspace/.derivedData/CompilationCache.noindex
cd /Users/admin/builder/spi-builder-workspace/.swiftpm/xcode
builtin-create-build-directory /Users/admin/builder/spi-builder-workspace/.derivedData/CompilationCache.noindex
ClangStatCache /Applications/Xcode-27.0.0-Release.Candidate.app/Contents/Developer/Toolchains/XcodeDefault.xctoolchain/usr/bin/clang-stat-cache /Applications/Xcode-27.0.0-Release.Candidate.app/Contents/Developer/Platforms/WatchOS.platform/Developer/SDKs/WatchOS27.0.sdk /Users/admin/builder/spi-builder-workspace/.derivedData/SDKStatCaches.noindex/watchos27.0-24R360-e829b21a6f8c9b70876ba0858053c04477534ef55a1706bf4c1112bbb242f0a2.sdkstatcache
cd /Users/admin/builder/spi-builder-workspace/.swiftpm/xcode
/Applications/Xcode-27.0.0-Release.Candidate.app/Contents/Developer/Toolchains/XcodeDefault.xctoolchain/usr/bin/clang-stat-cache /Applications/Xcode-27.0.0-Release.Candidate.app/Contents/Developer/Platforms/WatchOS.platform/Developer/SDKs/WatchOS27.0.sdk -o /Users/admin/builder/spi-builder-workspace/.derivedData/SDKStatCaches.noindex/watchos27.0-24R360-e829b21a6f8c9b70876ba0858053c04477534ef55a1706bf4c1112bbb242f0a2.sdkstatcache
CreateBuildDirectory /Users/admin/builder/spi-builder-workspace/.derivedData/Build/Products
cd /Users/admin/builder/spi-builder-workspace/.swiftpm/xcode
builtin-create-build-directory /Users/admin/builder/spi-builder-workspace/.derivedData/Build/Products
CreateBuildDirectory /Users/admin/builder/spi-builder-workspace/.derivedData/Build/Intermediates.noindex
cd /Users/admin/builder/spi-builder-workspace/.swiftpm/xcode
builtin-create-build-directory /Users/admin/builder/spi-builder-workspace/.derivedData/Build/Intermediates.noindex
CreateBuildDirectory /Users/admin/builder/spi-builder-workspace/.derivedData/Build/Intermediates.noindex/SwiftExplicitPrecompiledModules
cd /Users/admin/builder/spi-builder-workspace/.swiftpm/xcode
builtin-create-build-directory /Users/admin/builder/spi-builder-workspace/.derivedData/Build/Intermediates.noindex/SwiftExplicitPrecompiledModules
CreateBuildDirectory /Users/admin/builder/spi-builder-workspace/.derivedData/Build/Intermediates.noindex/PrecompiledHeaders
cd /Users/admin/builder/spi-builder-workspace/.swiftpm/xcode
builtin-create-build-directory /Users/admin/builder/spi-builder-workspace/.derivedData/Build/Intermediates.noindex/PrecompiledHeaders
CreateBuildDirectory /Users/admin/builder/spi-builder-workspace/.derivedData/Build/Intermediates.noindex/ExplicitPrecompiledModules
cd /Users/admin/builder/spi-builder-workspace/.swiftpm/xcode
builtin-create-build-directory /Users/admin/builder/spi-builder-workspace/.derivedData/Build/Intermediates.noindex/ExplicitPrecompiledModules
CreateBuildDirectory /Users/admin/builder/spi-builder-workspace/.derivedData/Build/Intermediates.noindex/EagerLinkingTBDs/Debug-watchos
cd /Users/admin/builder/spi-builder-workspace/.swiftpm/xcode
builtin-create-build-directory /Users/admin/builder/spi-builder-workspace/.derivedData/Build/Intermediates.noindex/EagerLinkingTBDs/Debug-watchos
CreateBuildDirectory /Users/admin/builder/spi-builder-workspace/.derivedData/Build/Products/Debug-watchos
cd /Users/admin/builder/spi-builder-workspace/.swiftpm/xcode
builtin-create-build-directory /Users/admin/builder/spi-builder-workspace/.derivedData/Build/Products/Debug-watchos
CreateBuildDirectory /Users/admin/builder/spi-builder-workspace/.derivedData/Build/Products/Debug-watchos/PackageFrameworks
cd /Users/admin/builder/spi-builder-workspace/.swiftpm/xcode
builtin-create-build-directory /Users/admin/builder/spi-builder-workspace/.derivedData/Build/Products/Debug-watchos/PackageFrameworks
WriteAuxiliaryFile /Users/admin/builder/spi-builder-workspace/.derivedData/Build/Intermediates.noindex/UniSocket.build/Debug-watchos/UniSocket-t.build/UniSocket.modulemap (in target 'UniSocket' from project 'UniSocket')
cd /Users/admin/builder/spi-builder-workspace
write-file /Users/admin/builder/spi-builder-workspace/.derivedData/Build/Intermediates.noindex/UniSocket.build/Debug-watchos/UniSocket-t.build/UniSocket.modulemap
WriteAuxiliaryFile /Users/admin/builder/spi-builder-workspace/.derivedData/Build/Intermediates.noindex/UniSocket.build/Debug-watchos/UniSocket-t.build/Objects-normal/arm64_32/UniSocket.SwiftFileList (in target 'UniSocket' from project 'UniSocket')
cd /Users/admin/builder/spi-builder-workspace
write-file /Users/admin/builder/spi-builder-workspace/.derivedData/Build/Intermediates.noindex/UniSocket.build/Debug-watchos/UniSocket-t.build/Objects-normal/arm64_32/UniSocket.SwiftFileList
WriteAuxiliaryFile /Users/admin/builder/spi-builder-workspace/.derivedData/Build/Intermediates.noindex/UniSocket.build/Debug-watchos/UniSocket-t.build/Objects-normal/arm64_32/UniSocket.SwiftConstValuesFileList (in target 'UniSocket' from project 'UniSocket')
cd /Users/admin/builder/spi-builder-workspace
write-file /Users/admin/builder/spi-builder-workspace/.derivedData/Build/Intermediates.noindex/UniSocket.build/Debug-watchos/UniSocket-t.build/Objects-normal/arm64_32/UniSocket.SwiftConstValuesFileList
WriteAuxiliaryFile /Users/admin/builder/spi-builder-workspace/.derivedData/Build/Intermediates.noindex/UniSocket.build/Debug-watchos/UniSocket-t.build/Objects-normal/arm64/UniSocket_const_extract_protocols.json (in target 'UniSocket' from project 'UniSocket')
cd /Users/admin/builder/spi-builder-workspace
write-file /Users/admin/builder/spi-builder-workspace/.derivedData/Build/Intermediates.noindex/UniSocket.build/Debug-watchos/UniSocket-t.build/Objects-normal/arm64/UniSocket_const_extract_protocols.json
WriteAuxiliaryFile /Users/admin/builder/spi-builder-workspace/.derivedData/Build/Intermediates.noindex/UniSocket.build/Debug-watchos/UniSocket-t.build/UniSocket.DependencyStaticMetadataFileList (in target 'UniSocket' from project 'UniSocket')
cd /Users/admin/builder/spi-builder-workspace
write-file /Users/admin/builder/spi-builder-workspace/.derivedData/Build/Intermediates.noindex/UniSocket.build/Debug-watchos/UniSocket-t.build/UniSocket.DependencyStaticMetadataFileList
WriteAuxiliaryFile /Users/admin/builder/spi-builder-workspace/.derivedData/Build/Intermediates.noindex/UniSocket.build/Debug-watchos/UniSocket-t.build/Objects-normal/arm64_32/UniSocket.LinkFileList (in target 'UniSocket' from project 'UniSocket')
cd /Users/admin/builder/spi-builder-workspace
write-file /Users/admin/builder/spi-builder-workspace/.derivedData/Build/Intermediates.noindex/UniSocket.build/Debug-watchos/UniSocket-t.build/Objects-normal/arm64_32/UniSocket.LinkFileList
WriteAuxiliaryFile /Users/admin/builder/spi-builder-workspace/.derivedData/Build/Intermediates.noindex/UniSocket.build/Debug-watchos/UniSocket-t.build/Objects-normal/arm64/UniSocket.SwiftConstValuesFileList (in target 'UniSocket' from project 'UniSocket')
cd /Users/admin/builder/spi-builder-workspace
write-file /Users/admin/builder/spi-builder-workspace/.derivedData/Build/Intermediates.noindex/UniSocket.build/Debug-watchos/UniSocket-t.build/Objects-normal/arm64/UniSocket.SwiftConstValuesFileList
WriteAuxiliaryFile /Users/admin/builder/spi-builder-workspace/.derivedData/Build/Intermediates.noindex/UniSocket.build/Debug-watchos/UniSocket-t.build/Objects-normal/arm64_32/UniSocket-OutputFileMap.json (in target 'UniSocket' from project 'UniSocket')
cd /Users/admin/builder/spi-builder-workspace
write-file /Users/admin/builder/spi-builder-workspace/.derivedData/Build/Intermediates.noindex/UniSocket.build/Debug-watchos/UniSocket-t.build/Objects-normal/arm64_32/UniSocket-OutputFileMap.json
WriteAuxiliaryFile /Users/admin/builder/spi-builder-workspace/.derivedData/Build/Intermediates.noindex/UniSocket.build/Debug-watchos/UniSocket-t.build/Objects-normal/arm64_32/UniSocket_const_extract_protocols.json (in target 'UniSocket' from project 'UniSocket')
cd /Users/admin/builder/spi-builder-workspace
write-file /Users/admin/builder/spi-builder-workspace/.derivedData/Build/Intermediates.noindex/UniSocket.build/Debug-watchos/UniSocket-t.build/Objects-normal/arm64_32/UniSocket_const_extract_protocols.json
WriteAuxiliaryFile /Users/admin/builder/spi-builder-workspace/.derivedData/Build/Intermediates.noindex/UniSocket.build/Debug-watchos/UniSocket-t.build/UniSocket.DependencyMetadataFileList (in target 'UniSocket' from project 'UniSocket')
cd /Users/admin/builder/spi-builder-workspace
write-file /Users/admin/builder/spi-builder-workspace/.derivedData/Build/Intermediates.noindex/UniSocket.build/Debug-watchos/UniSocket-t.build/UniSocket.DependencyMetadataFileList
WriteAuxiliaryFile /Users/admin/builder/spi-builder-workspace/.derivedData/Build/Intermediates.noindex/UniSocket.build/Debug-watchos/UniSocket-t.build/Objects-normal/arm64/UniSocket.SwiftFileList (in target 'UniSocket' from project 'UniSocket')
cd /Users/admin/builder/spi-builder-workspace
write-file /Users/admin/builder/spi-builder-workspace/.derivedData/Build/Intermediates.noindex/UniSocket.build/Debug-watchos/UniSocket-t.build/Objects-normal/arm64/UniSocket.SwiftFileList
WriteAuxiliaryFile /Users/admin/builder/spi-builder-workspace/.derivedData/Build/Intermediates.noindex/UniSocket.build/Debug-watchos/UniSocket-t.build/Objects-normal/arm64/UniSocket.LinkFileList (in target 'UniSocket' from project 'UniSocket')
cd /Users/admin/builder/spi-builder-workspace
write-file /Users/admin/builder/spi-builder-workspace/.derivedData/Build/Intermediates.noindex/UniSocket.build/Debug-watchos/UniSocket-t.build/Objects-normal/arm64/UniSocket.LinkFileList
WriteAuxiliaryFile /Users/admin/builder/spi-builder-workspace/.derivedData/Build/Intermediates.noindex/UniSocket.build/Debug-watchos/UniSocket-t.build/Objects-normal/arm64/UniSocket-OutputFileMap.json (in target 'UniSocket' from project 'UniSocket')
cd /Users/admin/builder/spi-builder-workspace
write-file /Users/admin/builder/spi-builder-workspace/.derivedData/Build/Intermediates.noindex/UniSocket.build/Debug-watchos/UniSocket-t.build/Objects-normal/arm64/UniSocket-OutputFileMap.json
Copy /Users/admin/builder/spi-builder-workspace/.derivedData/Build/Intermediates.noindex/GeneratedModuleMaps-watchos/UniSocket.modulemap /Users/admin/builder/spi-builder-workspace/.derivedData/Build/Intermediates.noindex/UniSocket.build/Debug-watchos/UniSocket-t.build/UniSocket.modulemap (in target 'UniSocket' from project 'UniSocket')
cd /Users/admin/builder/spi-builder-workspace
builtin-copy -exclude .DS_Store -exclude CVS -exclude .svn -exclude .git -exclude .hg -resolve-src-symlinks /Users/admin/builder/spi-builder-workspace/.derivedData/Build/Intermediates.noindex/UniSocket.build/Debug-watchos/UniSocket-t.build/UniSocket.modulemap /Users/admin/builder/spi-builder-workspace/.derivedData/Build/Intermediates.noindex/GeneratedModuleMaps-watchos
SwiftDriver UniSocket normal arm64 com.apple.xcode.tools.swift.compiler (in target 'UniSocket' from project 'UniSocket')
cd /Users/admin/builder/spi-builder-workspace/.swiftpm/xcode
builtin-SwiftDriver -- /Applications/Xcode-27.0.0-Release.Candidate.app/Contents/Developer/Toolchains/XcodeDefault.xctoolchain/usr/bin/swiftc -parse-as-library -module-name UniSocket -Onone @/Users/admin/builder/spi-builder-workspace/.derivedData/Build/Intermediates.noindex/UniSocket.build/Debug-watchos/UniSocket-t.build/Objects-normal/arm64/UniSocket.SwiftFileList -DSWIFT_PACKAGE -DDEBUG -DSWIFT_MODULE_RESOURCE_BUNDLE_UNAVAILABLE -DXcode -plugin-path /Applications/Xcode-27.0.0-Release.Candidate.app/Contents/Developer/Toolchains/XcodeDefault.xctoolchain/usr/lib/swift/host/plugins/testing -enable-experimental-feature DebugDescriptionMacro -sdk /Applications/Xcode-27.0.0-Release.Candidate.app/Contents/Developer/Platforms/WatchOS.platform/Developer/SDKs/WatchOS27.0.sdk -target arm64-apple-watchos9.0 -g -module-cache-path /Users/admin/builder/spi-builder-workspace/.derivedData/ModuleCache.noindex -Xfrontend -serialize-debugging-options -profile-coverage-mapping -profile-generate -enable-testing -index-store-path /Users/admin/builder/spi-builder-workspace/.derivedData/Index.noindex/DataStore -Xcc -D_LIBCPP_HARDENING_MODE\=_LIBCPP_HARDENING_MODE_DEBUG -swift-version 5 -I /Users/admin/builder/spi-builder-workspace/.derivedData/Build/Products/Debug-watchos -Isystem /Applications/Xcode-27.0.0-Release.Candidate.app/Contents/Developer/Platforms/WatchOS.platform/Developer/usr/lib -F /Users/admin/builder/spi-builder-workspace/.derivedData/Build/Products/Debug-watchos -F /Applications/Xcode-27.0.0-Release.Candidate.app/Contents/Developer/Platforms/WatchOS.platform/Developer/Library/Frameworks -F /Applications/Xcode-27.0.0-Release.Candidate.app/Contents/Developer/Platforms/WatchOS.platform/Developer/SDKs/WatchOS27.0.sdk/Developer/Library/Frameworks -c -j10 -enable-batch-mode -incremental -Xcc -ivfsstatcache -Xcc /Users/admin/builder/spi-builder-workspace/.derivedData/SDKStatCaches.noindex/watchos27.0-24R360-e829b21a6f8c9b70876ba0858053c04477534ef55a1706bf4c1112bbb242f0a2.sdkstatcache -output-file-map /Users/admin/builder/spi-builder-workspace/.derivedData/Build/Intermediates.noindex/UniSocket.build/Debug-watchos/UniSocket-t.build/Objects-normal/arm64/UniSocket-OutputFileMap.json -save-temps -no-color-diagnostics -explicit-module-build -module-cache-path /Users/admin/builder/spi-builder-workspace/.derivedData/Build/Intermediates.noindex/SwiftExplicitPrecompiledModules -clang-scanner-module-cache-path /Users/admin/builder/spi-builder-workspace/.derivedData/ModuleCache.noindex -sdk-module-cache-path /Users/admin/builder/spi-builder-workspace/.derivedData/SDKExplicitPrecompiledModules -emit-dependencies -emit-module -emit-module-path /Users/admin/builder/spi-builder-workspace/.derivedData/Build/Intermediates.noindex/UniSocket.build/Debug-watchos/UniSocket-t.build/Objects-normal/arm64/UniSocket.swiftmodule -serialize-diagnostics -dependency-scan-serialize-diagnostics-path /Users/admin/builder/spi-builder-workspace/.derivedData/Build/Intermediates.noindex/UniSocket.build/Debug-watchos/UniSocket-t.build/Objects-normal/arm64/UniSocket-dependency-scan.dia -validate-clang-modules-once -clang-build-session-file /Users/admin/builder/spi-builder-workspace/.derivedData/ModuleCache.noindex/Session.modulevalidation -Xcc -fmodules-prune-interval\=86400 -Xcc -fmodules-prune-after\=345600 -emit-const-values -const-gather-protocols-list /Users/admin/builder/spi-builder-workspace/.derivedData/Build/Intermediates.noindex/UniSocket.build/Debug-watchos/UniSocket-t.build/Objects-normal/arm64/UniSocket_const_extract_protocols.json -Xcc -I/Users/admin/builder/spi-builder-workspace/.derivedData/Build/Products/Debug-watchos/include -Xcc -I/Users/admin/builder/spi-builder-workspace/.derivedData/Build/Intermediates.noindex/UniSocket.build/Debug-watchos/UniSocket-t.build/DerivedSources-normal/arm64 -Xcc -I/Users/admin/builder/spi-builder-workspace/.derivedData/Build/Intermediates.noindex/UniSocket.build/Debug-watchos/UniSocket-t.build/DerivedSources/arm64 -Xcc -I/Users/admin/builder/spi-builder-workspace/.derivedData/Build/Intermediates.noindex/UniSocket.build/Debug-watchos/UniSocket-t.build/DerivedSources -Xcc -DSWIFT_PACKAGE -Xcc -DDEBUG\=1 -emit-objc-header -emit-objc-header-path /Users/admin/builder/spi-builder-workspace/.derivedData/Build/Intermediates.noindex/UniSocket.build/Debug-watchos/UniSocket-t.build/Objects-normal/arm64/UniSocket-Swift.h -working-directory /Users/admin/builder/spi-builder-workspace/.swiftpm/xcode -experimental-emit-module-separately -disable-cmo
SwiftDriver UniSocket normal arm64_32 com.apple.xcode.tools.swift.compiler (in target 'UniSocket' from project 'UniSocket')
cd /Users/admin/builder/spi-builder-workspace/.swiftpm/xcode
builtin-SwiftDriver -- /Applications/Xcode-27.0.0-Release.Candidate.app/Contents/Developer/Toolchains/XcodeDefault.xctoolchain/usr/bin/swiftc -parse-as-library -module-name UniSocket -Onone @/Users/admin/builder/spi-builder-workspace/.derivedData/Build/Intermediates.noindex/UniSocket.build/Debug-watchos/UniSocket-t.build/Objects-normal/arm64_32/UniSocket.SwiftFileList -DSWIFT_PACKAGE -DDEBUG -DSWIFT_MODULE_RESOURCE_BUNDLE_UNAVAILABLE -DXcode -plugin-path /Applications/Xcode-27.0.0-Release.Candidate.app/Contents/Developer/Toolchains/XcodeDefault.xctoolchain/usr/lib/swift/host/plugins/testing -enable-experimental-feature DebugDescriptionMacro -sdk /Applications/Xcode-27.0.0-Release.Candidate.app/Contents/Developer/Platforms/WatchOS.platform/Developer/SDKs/WatchOS27.0.sdk -target arm64_32-apple-watchos9.0 -g -module-cache-path /Users/admin/builder/spi-builder-workspace/.derivedData/ModuleCache.noindex -Xfrontend -serialize-debugging-options -profile-coverage-mapping -profile-generate -enable-testing -index-store-path /Users/admin/builder/spi-builder-workspace/.derivedData/Index.noindex/DataStore -Xcc -D_LIBCPP_HARDENING_MODE\=_LIBCPP_HARDENING_MODE_DEBUG -swift-version 5 -I /Users/admin/builder/spi-builder-workspace/.derivedData/Build/Products/Debug-watchos -Isystem /Applications/Xcode-27.0.0-Release.Candidate.app/Contents/Developer/Platforms/WatchOS.platform/Developer/usr/lib -F /Users/admin/builder/spi-builder-workspace/.derivedData/Build/Products/Debug-watchos -F /Applications/Xcode-27.0.0-Release.Candidate.app/Contents/Developer/Platforms/WatchOS.platform/Developer/Library/Frameworks -F /Applications/Xcode-27.0.0-Release.Candidate.app/Contents/Developer/Platforms/WatchOS.platform/Developer/SDKs/WatchOS27.0.sdk/Developer/Library/Frameworks -c -j10 -enable-batch-mode -incremental -Xcc -ivfsstatcache -Xcc /Users/admin/builder/spi-builder-workspace/.derivedData/SDKStatCaches.noindex/watchos27.0-24R360-e829b21a6f8c9b70876ba0858053c04477534ef55a1706bf4c1112bbb242f0a2.sdkstatcache -output-file-map /Users/admin/builder/spi-builder-workspace/.derivedData/Build/Intermediates.noindex/UniSocket.build/Debug-watchos/UniSocket-t.build/Objects-normal/arm64_32/UniSocket-OutputFileMap.json -save-temps -no-color-diagnostics -explicit-module-build -module-cache-path /Users/admin/builder/spi-builder-workspace/.derivedData/Build/Intermediates.noindex/SwiftExplicitPrecompiledModules -clang-scanner-module-cache-path /Users/admin/builder/spi-builder-workspace/.derivedData/ModuleCache.noindex -sdk-module-cache-path /Users/admin/builder/spi-builder-workspace/.derivedData/SDKExplicitPrecompiledModules -emit-dependencies -emit-module -emit-module-path /Users/admin/builder/spi-builder-workspace/.derivedData/Build/Intermediates.noindex/UniSocket.build/Debug-watchos/UniSocket-t.build/Objects-normal/arm64_32/UniSocket.swiftmodule -serialize-diagnostics -dependency-scan-serialize-diagnostics-path /Users/admin/builder/spi-builder-workspace/.derivedData/Build/Intermediates.noindex/UniSocket.build/Debug-watchos/UniSocket-t.build/Objects-normal/arm64_32/UniSocket-dependency-scan.dia -validate-clang-modules-once -clang-build-session-file /Users/admin/builder/spi-builder-workspace/.derivedData/ModuleCache.noindex/Session.modulevalidation -Xcc -fmodules-prune-interval\=86400 -Xcc -fmodules-prune-after\=345600 -emit-const-values -const-gather-protocols-list /Users/admin/builder/spi-builder-workspace/.derivedData/Build/Intermediates.noindex/UniSocket.build/Debug-watchos/UniSocket-t.build/Objects-normal/arm64_32/UniSocket_const_extract_protocols.json -Xcc -I/Users/admin/builder/spi-builder-workspace/.derivedData/Build/Products/Debug-watchos/include -Xcc -I/Users/admin/builder/spi-builder-workspace/.derivedData/Build/Intermediates.noindex/UniSocket.build/Debug-watchos/UniSocket-t.build/DerivedSources-normal/arm64_32 -Xcc -I/Users/admin/builder/spi-builder-workspace/.derivedData/Build/Intermediates.noindex/UniSocket.build/Debug-watchos/UniSocket-t.build/DerivedSources/arm64_32 -Xcc -I/Users/admin/builder/spi-builder-workspace/.derivedData/Build/Intermediates.noindex/UniSocket.build/Debug-watchos/UniSocket-t.build/DerivedSources -Xcc -DSWIFT_PACKAGE -Xcc -DDEBUG\=1 -emit-objc-header -emit-objc-header-path /Users/admin/builder/spi-builder-workspace/.derivedData/Build/Intermediates.noindex/UniSocket.build/Debug-watchos/UniSocket-t.build/Objects-normal/arm64_32/UniSocket-Swift.h -working-directory /Users/admin/builder/spi-builder-workspace/.swiftpm/xcode -experimental-emit-module-separately -disable-cmo
SwiftExplicitDependencyGeneratePcm arm64_32 /Users/admin/builder/spi-builder-workspace/.derivedData/SDKExplicitPrecompiledModules/_Builtin_float-6KO8O3PEWRCA4WC6PPLOYO6WJ.pcm
SwiftExplicitDependencyGeneratePcm arm64_32 /Users/admin/builder/spi-builder-workspace/.derivedData/SDKExplicitPrecompiledModules/_Builtin_stddef-H44EFHQX6XSS5MZ7QP6YJZ76.pcm
SwiftExplicitDependencyGeneratePcm arm64_32 /Users/admin/builder/spi-builder-workspace/.derivedData/SDKExplicitPrecompiledModules/_Builtin_stdbool-A967K8W8YUYEC9SN52KJ7OO88.pcm
SwiftExplicitDependencyGeneratePcm arm64 /Users/admin/builder/spi-builder-workspace/.derivedData/SDKExplicitPrecompiledModules/SwiftShims-4MXFZPV6FEB0XBYXCGPWAMQGL.pcm
SwiftExplicitDependencyGeneratePcm arm64_32 /Users/admin/builder/spi-builder-workspace/.derivedData/SDKExplicitPrecompiledModules/SwiftShims-9CQQGWTSNTN9EB5NSHDWUJICH.pcm
SwiftExplicitDependencyGeneratePcm arm64 /Users/admin/builder/spi-builder-workspace/.derivedData/SDKExplicitPrecompiledModules/_Builtin_float-C0CW5Q4HGBQYKE77TC42IAFB5.pcm
SwiftExplicitDependencyGeneratePcm arm64 /Users/admin/builder/spi-builder-workspace/.derivedData/SDKExplicitPrecompiledModules/_Builtin_stddef-1FU30Y8SWFB7OUUHMJQH5J6FM.pcm
SwiftExplicitDependencyGeneratePcm arm64_32 /Users/admin/builder/spi-builder-workspace/.derivedData/SDKExplicitPrecompiledModules/ptrcheck-7ELIH9BTIGVKX3UBITM9N72WD.pcm
SwiftExplicitDependencyGeneratePcm arm64 /Users/admin/builder/spi-builder-workspace/.derivedData/SDKExplicitPrecompiledModules/_SwiftConcurrencyShims-659N52XSKR5F0QSB880BH2FJR.pcm
SwiftExplicitDependencyGeneratePcm arm64 /Users/admin/builder/spi-builder-workspace/.derivedData/SDKExplicitPrecompiledModules/ptrcheck-AIF0NDOYZ8ORBNHQAQR5NNB8M.pcm
SwiftExplicitDependencyGeneratePcm arm64_32 /Users/admin/builder/spi-builder-workspace/.derivedData/SDKExplicitPrecompiledModules/_AvailabilityInternal-244WAN3Z1QBT7PIA64EZEFY1R.pcm
SwiftExplicitDependencyGeneratePcm arm64 /Users/admin/builder/spi-builder-workspace/.derivedData/SDKExplicitPrecompiledModules/_AvailabilityInternal-BUNV3UXM65NT37THI4W1AM0SF.pcm
SwiftExplicitDependencyGeneratePcm arm64_32 /Users/admin/builder/spi-builder-workspace/.derivedData/SDKExplicitPrecompiledModules/_SwiftConcurrencyShims-6RTBPQ03V7BM9SPRK8SUE055H.pcm
SwiftExplicitDependencyGeneratePcm arm64 /Users/admin/builder/spi-builder-workspace/.derivedData/SDKExplicitPrecompiledModules/ptrauth-3TZ9WJCGLYD25HQPWH4968ONX.pcm
SwiftExplicitDependencyGeneratePcm arm64 /Users/admin/builder/spi-builder-workspace/.derivedData/SDKExplicitPrecompiledModules/_Builtin_stdbool-83J96QSOFE9VX04AAS6310UAE.pcm
SwiftExplicitDependencyGeneratePcm arm64_32 /Users/admin/builder/spi-builder-workspace/.derivedData/SDKExplicitPrecompiledModules/ptrauth-BFXF358ME5AK535N5A9Z766WU.pcm
SwiftExplicitDependencyGeneratePcm arm64 /Users/admin/builder/spi-builder-workspace/.derivedData/SDKExplicitPrecompiledModules/_Builtin_stdarg-A7UU8LE6MP85SM26YO7PBZNUQ.pcm
SwiftExplicitDependencyGeneratePcm arm64_32 /Users/admin/builder/spi-builder-workspace/.derivedData/SDKExplicitPrecompiledModules/_Builtin_stdarg-D305JG44A2WPI6CJY37X3QJE8.pcm
SwiftExplicitDependencyGeneratePcm arm64_32 /Users/admin/builder/spi-builder-workspace/.derivedData/SDKExplicitPrecompiledModules/_DarwinFoundation1-2GWF9RFMPLQW4PDHS3NARVI3G.pcm
SwiftExplicitDependencyGeneratePcm arm64 /Users/admin/builder/spi-builder-workspace/.derivedData/SDKExplicitPrecompiledModules/_DarwinFoundation1-7SPX3MD0HMP55E4OLNCPNDQ53.pcm
SwiftExplicitDependencyGeneratePcm arm64 /Users/admin/builder/spi-builder-workspace/.derivedData/SDKExplicitPrecompiledModules/_Builtin_limits-9GWPA2B0H20DYUNYHYCWKABJG.pcm
SwiftExplicitDependencyGeneratePcm arm64 /Users/admin/builder/spi-builder-workspace/.derivedData/SDKExplicitPrecompiledModules/_DarwinFoundation2-D0XAPJU49S5E9XMKYOFGSTB1Q.pcm
SwiftExplicitDependencyGeneratePcm arm64_32 /Users/admin/builder/spi-builder-workspace/.derivedData/SDKExplicitPrecompiledModules/_DarwinFoundation2-9MY8GOSYRO0M9MKNXF6D3MBNK.pcm
SwiftExplicitDependencyGeneratePcm arm64_32 /Users/admin/builder/spi-builder-workspace/.derivedData/SDKExplicitPrecompiledModules/_Builtin_limits-3VKBU2AFTD65PAJZ5CJ3LHFM2.pcm
SwiftExplicitDependencyGeneratePcm arm64 /Users/admin/builder/spi-builder-workspace/.derivedData/SDKExplicitPrecompiledModules/string_h-E6PRXK75PHIPCZFWOFCQ3QBMK.pcm
SwiftExplicitDependencyGeneratePcm arm64 /Users/admin/builder/spi-builder-workspace/.derivedData/SDKExplicitPrecompiledModules/_Builtin_stdint-8XMILLJZEGRN2XG7XZUXZ5RLX.pcm
SwiftExplicitDependencyGeneratePcm arm64 /Users/admin/builder/spi-builder-workspace/.derivedData/SDKExplicitPrecompiledModules/sys_types-2KXQLI78OUCDP779AE68GZJ2.pcm
SwiftExplicitDependencyGeneratePcm arm64_32 /Users/admin/builder/spi-builder-workspace/.derivedData/SDKExplicitPrecompiledModules/string_h-BFVLUQUSBZWYMLCU9QI7VZALW.pcm
SwiftExplicitDependencyGeneratePcm arm64_32 /Users/admin/builder/spi-builder-workspace/.derivedData/SDKExplicitPrecompiledModules/sys_types-8TLLMW08ZJWDGIIPKOYFGHHZW.pcm
SwiftExplicitDependencyGeneratePcm arm64_32 /Users/admin/builder/spi-builder-workspace/.derivedData/SDKExplicitPrecompiledModules/_Builtin_stdint-1HMXWI3V0V4TXHRWZOMZGZ80Y.pcm
SwiftExplicitDependencyGeneratePcm arm64 /Users/admin/builder/spi-builder-workspace/.derivedData/SDKExplicitPrecompiledModules/_DarwinFoundation3-B97LRG0E9GON2NUE65TVG81HU.pcm
SwiftExplicitDependencyGeneratePcm arm64_32 /Users/admin/builder/spi-builder-workspace/.derivedData/SDKExplicitPrecompiledModules/_DarwinFoundation3-3DUTYQDQSD9HUAAVY947NMWOI.pcm
SwiftExplicitDependencyGeneratePcm arm64_32 /Users/admin/builder/spi-builder-workspace/.derivedData/SDKExplicitPrecompiledModules/_Builtin_inttypes-D2KPCR4PEX9AQA33NGLUT5SBR.pcm
SwiftExplicitDependencyGeneratePcm arm64 /Users/admin/builder/spi-builder-workspace/.derivedData/SDKExplicitPrecompiledModules/_Builtin_inttypes-3UQSCM7WNM9EK4HZML8TY5J3D.pcm
SwiftExplicitDependencyGeneratePcm arm64 /Users/admin/builder/spi-builder-workspace/.derivedData/SDKExplicitPrecompiledModules/Darwin-3984OXKFNSPE77NT743WK8SEX.pcm
SwiftExplicitDependencyGeneratePcm arm64_32 /Users/admin/builder/spi-builder-workspace/.derivedData/SDKExplicitPrecompiledModules/Darwin-3FVT1SKLN2ZQ5RVOABMTQBB34.pcm
SwiftExplicitDependencyGeneratePcm arm64 /Users/admin/builder/spi-builder-workspace/.derivedData/SDKExplicitPrecompiledModules/ObjectiveC-72IVD3VS2RS8Q28D9PIMY0KQP.pcm
SwiftExplicitDependencyGeneratePcm arm64_32 /Users/admin/builder/spi-builder-workspace/.derivedData/SDKExplicitPrecompiledModules/ObjectiveC-6IJNELR2E80E7LUKESVCP2KET.pcm
SwiftExplicitDependencyGeneratePcm arm64_32 /Users/admin/builder/spi-builder-workspace/.derivedData/SDKExplicitPrecompiledModules/os_object-5YWTC6L4756IWSTPGXS5NM0D0.pcm
SwiftExplicitDependencyGeneratePcm arm64 /Users/admin/builder/spi-builder-workspace/.derivedData/SDKExplicitPrecompiledModules/os_object-3SDKD7F87FTZ26OON37DRYT6O.pcm
SwiftExplicitDependencyGeneratePcm arm64 /Users/admin/builder/spi-builder-workspace/.derivedData/SDKExplicitPrecompiledModules/os_workgroup-89GG5G7YC2D0ZTK6AZXXQ20DH.pcm
SwiftExplicitDependencyGeneratePcm arm64_32 /Users/admin/builder/spi-builder-workspace/.derivedData/SDKExplicitPrecompiledModules/os_workgroup-5JHTPDMNBUNHLJI8LPHKQK1JK.pcm
SwiftExplicitDependencyGeneratePcm arm64_32 /Users/admin/builder/spi-builder-workspace/.derivedData/SDKExplicitPrecompiledModules/Dispatch-2P62F1T4XV63S4P99TUDTOK2Q.pcm
SwiftExplicitDependencyGeneratePcm arm64 /Users/admin/builder/spi-builder-workspace/.derivedData/SDKExplicitPrecompiledModules/Dispatch-1NLJOVAK60XP0DUB05XA59EIM.pcm
SwiftExplicitDependencyGeneratePcm arm64_32 /Users/admin/builder/spi-builder-workspace/.derivedData/SDKExplicitPrecompiledModules/CoreFoundation-8E6Y4BA3EXYKUGJ24GT9LGV3N.pcm
SwiftExplicitDependencyGeneratePcm arm64_32 /Users/admin/builder/spi-builder-workspace/.derivedData/SDKExplicitPrecompiledModules/XPC-81Y45QFY96XYYFCW2GT6FY8S4.pcm
SwiftExplicitDependencyGeneratePcm arm64 /Users/admin/builder/spi-builder-workspace/.derivedData/SDKExplicitPrecompiledModules/XPC-40DR0X1DHKGCV4J1IOLFS8MOU.pcm
SwiftExplicitDependencyGeneratePcm arm64 /Users/admin/builder/spi-builder-workspace/.derivedData/SDKExplicitPrecompiledModules/CoreFoundation-8T2L24YC5NU7WO6WQJWRY7W08.pcm
SwiftExplicitDependencyGeneratePcm arm64_32 /Users/admin/builder/spi-builder-workspace/.derivedData/SDKExplicitPrecompiledModules/Security-D7TOWF88VWF67TB9HAFP5UWB1.pcm
SwiftExplicitDependencyGeneratePcm arm64 /Users/admin/builder/spi-builder-workspace/.derivedData/SDKExplicitPrecompiledModules/Security-6RZ6YBRU8WCUHRFFRVUK5WKMM.pcm
SwiftExplicitDependencyGeneratePcm arm64 /Users/admin/builder/spi-builder-workspace/.derivedData/SDKExplicitPrecompiledModules/Foundation-DLBKUSGXN8QHAT8W0OARR9S8A.pcm
SwiftExplicitDependencyGeneratePcm arm64_32 /Users/admin/builder/spi-builder-workspace/.derivedData/SDKExplicitPrecompiledModules/Foundation-BJ2VQGI3OGR34500MEQ1VKHPH.pcm
SwiftEmitModule normal arm64 Emitting\ module\ for\ UniSocket (in target 'UniSocket' from project 'UniSocket')
SwiftCompile normal arm64 (in target 'UniSocket' from project 'UniSocket')
cd /Users/admin/builder/spi-builder-workspace/.swiftpm/xcode
SwiftCompile normal arm64 Compiling\ UniSocket.swift /Users/admin/builder/spi-builder-workspace/Sources/UniSocket/UniSocket.swift (in target 'UniSocket' from project 'UniSocket')
/Users/admin/builder/spi-builder-workspace/Sources/UniSocket/UniSocket.swift:85:30: error: cannot find type 'fdmask' in scope
83 | self.timeout = timeout
84 | self.peer = peer
85 | fdmask_size = MemoryLayout<fdmask>.size
| `- error: cannot find type 'fdmask' in scope
86 | fdmask_bits = fdmask_size * 8
87 | buffer = UnsafeMutablePointer<UInt8>.allocate(capacity: bufferSize)
/Users/admin/builder/spi-builder-workspace/Sources/UniSocket/UniSocket.swift:92:4: warning: using '_' to ignore the result of a Void-returning function is redundant
90 | if type == .local {
91 | peer_local.sun_family = sa_family_t(AF_UNIX)
92 | _ = withUnsafeMutablePointer(to: &peer_local.sun_path.0) { ptr in
| `- warning: using '_' to ignore the result of a Void-returning function is redundant
93 | _ = peer.withCString {
94 | strcpy(ptr, $0)
/Users/admin/builder/spi-builder-workspace/Sources/UniSocket/UniSocket.swift:136:39: error: cannot find 'hints' in scope
134 | var ptr: UnsafeMutablePointer<addrinfo>? = peer_addrinfo
135 | peer_addrinfo.deallocate()
136 | rc = getaddrinfo(peer, String(p), &hints, &ptr)
| `- error: cannot find 'hints' in scope
137 | if rc != 0 {
138 | if rc == EAI_SYSTEM {
/Users/admin/builder/spi-builder-workspace/Sources/UniSocket/UniSocket.swift:136:38: error: cannot convert value of type 'UnsafePointer<_>' to expected argument type 'UnsafePointer<addrinfo>'
134 | var ptr: UnsafeMutablePointer<addrinfo>? = peer_addrinfo
135 | peer_addrinfo.deallocate()
136 | rc = getaddrinfo(peer, String(p), &hints, &ptr)
| |- error: cannot convert value of type 'UnsafePointer<_>' to expected argument type 'UnsafePointer<addrinfo>'
| `- note: arguments to generic parameter 'Pointee' ('_' and 'addrinfo') are expected to be equal
137 | if rc != 0 {
138 | if rc == EAI_SYSTEM {
/Users/admin/builder/spi-builder-workspace/Sources/UniSocket/UniSocket.swift:162:13: error: cannot find type 'fdmask' in scope
160 | let index = Int(fd) / fdmask_bits
161 | let bit = Int(fd) % fdmask_bits
162 | var mask: fdmask = 1 << bit
| `- error: cannot find type 'fdmask' in scope
163 | _ = withUnsafePointer(to: &mask) { src in
164 | _ = withUnsafeMutablePointer(to: &fdset) { dst in
/Users/admin/builder/spi-builder-workspace/Sources/UniSocket/UniSocket.swift:179:9: error: cannot find 'system_socket' in scope
177 | var ai: UnsafeMutablePointer<addrinfo>? = peer_addrinfo
178 | while ai != nil {
179 | fd = system_socket(ai!.pointee.ai_family, ai!.pointee.ai_socktype, ai!.pointee.ai_protocol)
| `- error: cannot find 'system_socket' in scope
180 | if fd == -1 {
181 | ai = ai?.pointee.ai_next
/Users/admin/builder/spi-builder-workspace/Sources/UniSocket/UniSocket.swift:191:10: error: cannot find 'system_connect' in scope
189 | return
190 | }
191 | rc = system_connect(fd, ai!.pointee.ai_addr, ai!.pointee.ai_addrlen)
| `- error: cannot find 'system_connect' in scope
192 | if rc == 0 {
193 | break
/Users/admin/builder/spi-builder-workspace/Sources/UniSocket/UniSocket.swift:191:8: error: failed to produce diagnostic for expression; please submit a bug report (https://swift.org/contributing/#reporting-bugs)
189 | return
190 | }
191 | rc = system_connect(fd, ai!.pointee.ai_addr, ai!.pointee.ai_addrlen)
| `- error: failed to produce diagnostic for expression; please submit a bug report (https://swift.org/contributing/#reporting-bugs)
192 | if rc == 0 {
193 | break
/Users/admin/builder/spi-builder-workspace/Sources/UniSocket/UniSocket.swift:205:8: error: cannot find 'system_close' in scope
203 | errstr = String(validatingUTF8: strerror(errno)) ?? "unknown error code"
204 | }
205 | _ = system_close(fd)
| `- error: cannot find 'system_close' in scope
206 | fd = -1
207 | ai = ai?.pointee.ai_next
/Users/admin/builder/spi-builder-workspace/Sources/UniSocket/UniSocket.swift:221:8: error: cannot find 'system_close' in scope
219 | }
220 | if fd != -1 {
221 | _ = system_close(fd)
| `- error: cannot find 'system_close' in scope
222 | fd = -1
223 | }
/Users/admin/builder/spi-builder-workspace/Sources/UniSocket/UniSocket.swift:281:9: error: cannot find 'system_recv' in scope
279 | limit = m - data.count
280 | }
281 | rc = system_recv(fd, buffer, limit, 0)
| `- error: cannot find 'system_recv' in scope
282 | if rc == 0 {
283 | try? close()
/Users/admin/builder/spi-builder-workspace/Sources/UniSocket/UniSocket.swift:314:86: error: cannot find 'system_sendto' in scope
312 | }
313 | if status == .stateless {
314 | rc = bufferLeft.withUnsafeBytes { (ptr: UnsafeRawBufferPointer) -> Int in return system_sendto(fd, ptr.baseAddress, bytesLeft, 0, peer_addrinfo.pointee.ai_addr, peer_addrinfo.pointee.ai_addrlen) }
| `- error: cannot find 'system_sendto' in scope
315 | } else {
316 | rc = bufferLeft.withUnsafeBytes { (ptr: UnsafeRawBufferPointer) -> Int in return system_send(fd, ptr.baseAddress, bytesLeft, 0) }
/Users/admin/builder/spi-builder-workspace/Sources/UniSocket/UniSocket.swift:314:8: error: failed to produce diagnostic for expression; please submit a bug report (https://swift.org/contributing/#reporting-bugs)
312 | }
313 | if status == .stateless {
314 | rc = bufferLeft.withUnsafeBytes { (ptr: UnsafeRawBufferPointer) -> Int in return system_sendto(fd, ptr.baseAddress, bytesLeft, 0, peer_addrinfo.pointee.ai_addr, peer_addrinfo.pointee.ai_addrlen) }
| `- error: failed to produce diagnostic for expression; please submit a bug report (https://swift.org/contributing/#reporting-bugs)
315 | } else {
316 | rc = bufferLeft.withUnsafeBytes { (ptr: UnsafeRawBufferPointer) -> Int in return system_send(fd, ptr.baseAddress, bytesLeft, 0) }
/Users/admin/builder/spi-builder-workspace/Sources/UniSocket/UniSocket.swift:316:86: error: cannot find 'system_send' in scope
314 | rc = bufferLeft.withUnsafeBytes { (ptr: UnsafeRawBufferPointer) -> Int in return system_sendto(fd, ptr.baseAddress, bytesLeft, 0, peer_addrinfo.pointee.ai_addr, peer_addrinfo.pointee.ai_addrlen) }
315 | } else {
316 | rc = bufferLeft.withUnsafeBytes { (ptr: UnsafeRawBufferPointer) -> Int in return system_send(fd, ptr.baseAddress, bytesLeft, 0) }
| `- error: cannot find 'system_send' in scope
317 | }
318 | if rc == -1 {
Failed frontend command:
SwiftCompile normal arm64 /Users/admin/builder/spi-builder-workspace/Sources/UniSocket/UniSocket.swift (in target 'UniSocket' from project 'UniSocket')
cd /Users/admin/builder/spi-builder-workspace/.swiftpm/xcode
builtin-SwiftPerFileCompile UniSocket.swift
/Applications/Xcode-27.0.0-Release.Candidate.app/Contents/Developer/Toolchains/XcodeDefault.xctoolchain/usr/bin/swift-frontend -frontend -c -primary-file /Users/admin/builder/spi-builder-workspace/Sources/UniSocket/UniSocket.swift -emit-dependencies-path /Users/admin/builder/spi-builder-workspace/.derivedData/Build/Intermediates.noindex/UniSocket.build/Debug-watchos/UniSocket-t.build/Objects-normal/arm64/UniSocket.d -emit-const-values-path /Users/admin/builder/spi-builder-workspace/.derivedData/Build/Intermediates.noindex/UniSocket.build/Debug-watchos/UniSocket-t.build/Objects-normal/arm64/UniSocket.swiftconstvalues -emit-reference-dependencies-path /Users/admin/builder/spi-builder-workspace/.derivedData/Build/Intermediates.noindex/UniSocket.build/Debug-watchos/UniSocket-t.build/Objects-normal/arm64/UniSocket.swiftdeps -serialize-diagnostics-path /Users/admin/builder/spi-builder-workspace/.derivedData/Build/Intermediates.noindex/UniSocket.build/Debug-watchos/UniSocket-t.build/Objects-normal/arm64/UniSocket.dia -target arm64-apple-watchos9.0 -disable-cross-import-overlay-search -load-resolved-plugin /Applications/Xcode-27.0.0-Release.Candidate.app/Contents/Developer/Platforms/WatchOS.platform/Developer/usr/lib/swift/host/plugins/libFoundationMacros.dylib\#/Applications/Xcode-27.0.0-Release.Candidate.app/Contents/Developer/Platforms/WatchOS.platform/Developer/usr/bin/swift-plugin-server\#FoundationMacros -load-resolved-plugin /Applications/Xcode-27.0.0-Release.Candidate.app/Contents/Developer/Platforms/WatchOS.platform/Developer/usr/lib/swift/host/plugins/libObservationMacros.dylib\#/Applications/Xcode-27.0.0-Release.Candidate.app/Contents/Developer/Platforms/WatchOS.platform/Developer/usr/bin/swift-plugin-server\#ObservationMacros -load-resolved-plugin /Applications/Xcode-27.0.0-Release.Candidate.app/Contents/Developer/Platforms/WatchOS.platform/Developer/usr/lib/swift/host/plugins/libSwiftMacros.dylib\#/Applications/Xcode-27.0.0-Release.Candidate.app/Contents/Developer/Platforms/WatchOS.platform/Developer/usr/bin/swift-plugin-server\#SwiftMacros -disable-implicit-swift-modules -Xcc -fno-implicit-modules -Xcc -fno-implicit-module-maps -explicit-swift-module-map-file /Users/admin/builder/spi-builder-workspace/.derivedData/Build/Intermediates.noindex/UniSocket.build/Debug-watchos/UniSocket-t.build/Objects-normal/arm64/UniSocket-dependencies-1.json -Xllvm -aarch64-use-tbi -enable-objc-interop -stack-check -sdk /Applications/Xcode-27.0.0-Release.Candidate.app/Contents/Developer/Platforms/WatchOS.platform/Developer/SDKs/WatchOS27.0.sdk -I /Users/admin/builder/spi-builder-workspace/.derivedData/Build/Products/Debug-watchos -Isystem /Applications/Xcode-27.0.0-Release.Candidate.app/Contents/Developer/Platforms/WatchOS.platform/Developer/usr/lib -F /Users/admin/builder/spi-builder-workspace/.derivedData/Build/Products/Debug-watchos -F /Applications/Xcode-27.0.0-Release.Candidate.app/Contents/Developer/Platforms/WatchOS.platform/Developer/Library/Frameworks -F /Applications/Xcode-27.0.0-Release.Candidate.app/Contents/Developer/Platforms/WatchOS.platform/Developer/SDKs/WatchOS27.0.sdk/Developer/Library/Frameworks -module-cache-path /Users/admin/builder/spi-builder-workspace/.derivedData/Build/Intermediates.noindex/SwiftExplicitPrecompiledModules -no-color-diagnostics -Xcc -fno-color-diagnostics -enable-testing -g -debug-info-format\=dwarf -dwarf-version\=4 -profile-generate -profile-coverage-mapping -swift-version 5 -Onone -D SWIFT_PACKAGE -D DEBUG -D SWIFT_MODULE_RESOURCE_BUNDLE_UNAVAILABLE -D Xcode -serialize-debugging-options -enable-experimental-feature DebugDescriptionMacro -empty-abi-descriptor -validate-clang-modules-once -clang-build-session-file /Users/admin/builder/spi-builder-workspace/.derivedData/ModuleCache.noindex/Session.modulevalidation -Xcc -working-directory -Xcc /Users/admin/builder/spi-builder-workspace/.swiftpm/xcode -enable-anonymous-context-mangled-names -file-compilation-dir /Users/admin/builder/spi-builder-workspace/.swiftpm/xcode -Xcc -D_LIBCPP_HARDENING_MODE\=_LIBCPP_HARDENING_MODE_DEBUG -Xcc -ivfsstatcache -Xcc /Users/admin/builder/spi-builder-workspace/.derivedData/SDKStatCaches.noindex/watchos27.0-24R360-e829b21a6f8c9b70876ba0858053c04477534ef55a1706bf4c1112bbb242f0a2.sdkstatcache -Xcc -fmodules-prune-interval\=86400 -Xcc -fmodules-prune-after\=345600 -Xcc -I/Users/admin/builder/spi-builder-workspace/.derivedData/Build/Products/Debug-watchos/include -Xcc -I/Users/admin/builder/spi-builder-workspace/.derivedData/Build/Intermediates.noindex/UniSocket.build/Debug-watchos/UniSocket-t.build/DerivedSources-normal/arm64 -Xcc -I/Users/admin/builder/spi-builder-workspace/.derivedData/Build/Intermediates.noindex/UniSocket.build/Debug-watchos/UniSocket-t.build/DerivedSources/arm64 -Xcc -I/Users/admin/builder/spi-builder-workspace/.derivedData/Build/Intermediates.noindex/UniSocket.build/Debug-watchos/UniSocket-t.build/DerivedSources -Xcc -DSWIFT_PACKAGE -Xcc -DDEBUG\=1 -no-auto-bridging-header-chaining -module-name UniSocket -const-gather-protocols-file /Users/admin/builder/spi-builder-workspace/.derivedData/Build/Intermediates.noindex/UniSocket.build/Debug-watchos/UniSocket-t.build/Objects-normal/arm64/UniSocket_const_extract_protocols.json -disable-clang-spi -clang-target arm64-apple-watchos27.0 -target-sdk-version 27.0 -target-sdk-name watchos27.0 -in-process-plugin-server-path /Applications/Xcode-27.0.0-Release.Candidate.app/Contents/Developer/Toolchains/XcodeDefault.xctoolchain/usr/lib/swift/host/libSwiftInProcPluginServer.dylib -parse-as-library -o /Users/admin/builder/spi-builder-workspace/.derivedData/Build/Intermediates.noindex/UniSocket.build/Debug-watchos/UniSocket-t.build/Objects-normal/arm64/UniSocket.o -debug-module-path /Users/admin/builder/spi-builder-workspace/.derivedData/Build/Intermediates.noindex/UniSocket.build/Debug-watchos/UniSocket-t.build/Objects-normal/arm64/UniSocket.swiftmodule -index-unit-output-path /UniSocket.build/Debug-watchos/UniSocket-t.build/Objects-normal/arm64/UniSocket.o -index-store-path /Users/admin/builder/spi-builder-workspace/.derivedData/Index.noindex/DataStore -index-system-modules
SwiftCompile normal arm64_32 Compiling\ UniSocket.swift /Users/admin/builder/spi-builder-workspace/Sources/UniSocket/UniSocket.swift (in target 'UniSocket' from project 'UniSocket')
/Users/admin/builder/spi-builder-workspace/Sources/UniSocket/UniSocket.swift:85:30: error: cannot find type 'fdmask' in scope
83 | self.timeout = timeout
84 | self.peer = peer
85 | fdmask_size = MemoryLayout<fdmask>.size
| `- error: cannot find type 'fdmask' in scope
86 | fdmask_bits = fdmask_size * 8
87 | buffer = UnsafeMutablePointer<UInt8>.allocate(capacity: bufferSize)
/Users/admin/builder/spi-builder-workspace/Sources/UniSocket/UniSocket.swift:92:4: warning: using '_' to ignore the result of a Void-returning function is redundant
90 | if type == .local {
91 | peer_local.sun_family = sa_family_t(AF_UNIX)
92 | _ = withUnsafeMutablePointer(to: &peer_local.sun_path.0) { ptr in
| `- warning: using '_' to ignore the result of a Void-returning function is redundant
93 | _ = peer.withCString {
94 | strcpy(ptr, $0)
/Users/admin/builder/spi-builder-workspace/Sources/UniSocket/UniSocket.swift:136:39: error: cannot find 'hints' in scope
134 | var ptr: UnsafeMutablePointer<addrinfo>? = peer_addrinfo
135 | peer_addrinfo.deallocate()
136 | rc = getaddrinfo(peer, String(p), &hints, &ptr)
| `- error: cannot find 'hints' in scope
137 | if rc != 0 {
138 | if rc == EAI_SYSTEM {
/Users/admin/builder/spi-builder-workspace/Sources/UniSocket/UniSocket.swift:136:38: error: cannot convert value of type 'UnsafePointer<_>' to expected argument type 'UnsafePointer<addrinfo>'
134 | var ptr: UnsafeMutablePointer<addrinfo>? = peer_addrinfo
135 | peer_addrinfo.deallocate()
136 | rc = getaddrinfo(peer, String(p), &hints, &ptr)
| |- error: cannot convert value of type 'UnsafePointer<_>' to expected argument type 'UnsafePointer<addrinfo>'
| `- note: arguments to generic parameter 'Pointee' ('_' and 'addrinfo') are expected to be equal
137 | if rc != 0 {
138 | if rc == EAI_SYSTEM {
/Users/admin/builder/spi-builder-workspace/Sources/UniSocket/UniSocket.swift:162:13: error: cannot find type 'fdmask' in scope
160 | let index = Int(fd) / fdmask_bits
161 | let bit = Int(fd) % fdmask_bits
162 | var mask: fdmask = 1 << bit
| `- error: cannot find type 'fdmask' in scope
163 | _ = withUnsafePointer(to: &mask) { src in
164 | _ = withUnsafeMutablePointer(to: &fdset) { dst in
/Users/admin/builder/spi-builder-workspace/Sources/UniSocket/UniSocket.swift:179:9: error: cannot find 'system_socket' in scope
177 | var ai: UnsafeMutablePointer<addrinfo>? = peer_addrinfo
178 | while ai != nil {
179 | fd = system_socket(ai!.pointee.ai_family, ai!.pointee.ai_socktype, ai!.pointee.ai_protocol)
| `- error: cannot find 'system_socket' in scope
180 | if fd == -1 {
181 | ai = ai?.pointee.ai_next
/Users/admin/builder/spi-builder-workspace/Sources/UniSocket/UniSocket.swift:191:10: error: cannot find 'system_connect' in scope
189 | return
190 | }
191 | rc = system_connect(fd, ai!.pointee.ai_addr, ai!.pointee.ai_addrlen)
| `- error: cannot find 'system_connect' in scope
192 | if rc == 0 {
193 | break
/Users/admin/builder/spi-builder-workspace/Sources/UniSocket/UniSocket.swift:191:8: error: failed to produce diagnostic for expression; please submit a bug report (https://swift.org/contributing/#reporting-bugs)
189 | return
190 | }
191 | rc = system_connect(fd, ai!.pointee.ai_addr, ai!.pointee.ai_addrlen)
| `- error: failed to produce diagnostic for expression; please submit a bug report (https://swift.org/contributing/#reporting-bugs)
192 | if rc == 0 {
193 | break
/Users/admin/builder/spi-builder-workspace/Sources/UniSocket/UniSocket.swift:205:8: error: cannot find 'system_close' in scope
203 | errstr = String(validatingUTF8: strerror(errno)) ?? "unknown error code"
204 | }
205 | _ = system_close(fd)
| `- error: cannot find 'system_close' in scope
206 | fd = -1
207 | ai = ai?.pointee.ai_next
/Users/admin/builder/spi-builder-workspace/Sources/UniSocket/UniSocket.swift:221:8: error: cannot find 'system_close' in scope
219 | }
220 | if fd != -1 {
221 | _ = system_close(fd)
| `- error: cannot find 'system_close' in scope
222 | fd = -1
223 | }
/Users/admin/builder/spi-builder-workspace/Sources/UniSocket/UniSocket.swift:281:9: error: cannot find 'system_recv' in scope
279 | limit = m - data.count
280 | }
281 | rc = system_recv(fd, buffer, limit, 0)
| `- error: cannot find 'system_recv' in scope
282 | if rc == 0 {
283 | try? close()
/Users/admin/builder/spi-builder-workspace/Sources/UniSocket/UniSocket.swift:314:86: error: cannot find 'system_sendto' in scope
312 | }
313 | if status == .stateless {
314 | rc = bufferLeft.withUnsafeBytes { (ptr: UnsafeRawBufferPointer) -> Int in return system_sendto(fd, ptr.baseAddress, bytesLeft, 0, peer_addrinfo.pointee.ai_addr, peer_addrinfo.pointee.ai_addrlen) }
| `- error: cannot find 'system_sendto' in scope
315 | } else {
316 | rc = bufferLeft.withUnsafeBytes { (ptr: UnsafeRawBufferPointer) -> Int in return system_send(fd, ptr.baseAddress, bytesLeft, 0) }
/Users/admin/builder/spi-builder-workspace/Sources/UniSocket/UniSocket.swift:314:8: error: failed to produce diagnostic for expression; please submit a bug report (https://swift.org/contributing/#reporting-bugs)
312 | }
313 | if status == .stateless {
314 | rc = bufferLeft.withUnsafeBytes { (ptr: UnsafeRawBufferPointer) -> Int in return system_sendto(fd, ptr.baseAddress, bytesLeft, 0, peer_addrinfo.pointee.ai_addr, peer_addrinfo.pointee.ai_addrlen) }
| `- error: failed to produce diagnostic for expression; please submit a bug report (https://swift.org/contributing/#reporting-bugs)
315 | } else {
316 | rc = bufferLeft.withUnsafeBytes { (ptr: UnsafeRawBufferPointer) -> Int in return system_send(fd, ptr.baseAddress, bytesLeft, 0) }
/Users/admin/builder/spi-builder-workspace/Sources/UniSocket/UniSocket.swift:316:86: error: cannot find 'system_send' in scope
314 | rc = bufferLeft.withUnsafeBytes { (ptr: UnsafeRawBufferPointer) -> Int in return system_sendto(fd, ptr.baseAddress, bytesLeft, 0, peer_addrinfo.pointee.ai_addr, peer_addrinfo.pointee.ai_addrlen) }
315 | } else {
316 | rc = bufferLeft.withUnsafeBytes { (ptr: UnsafeRawBufferPointer) -> Int in return system_send(fd, ptr.baseAddress, bytesLeft, 0) }
| `- error: cannot find 'system_send' in scope
317 | }
318 | if rc == -1 {
Failed frontend command:
/Applications/Xcode-27.0.0-Release.Candidate.app/Contents/Developer/Toolchains/XcodeDefault.xctoolchain/usr/bin/swift-frontend -frontend -c -primary-file /Users/admin/builder/spi-builder-workspace/Sources/UniSocket/UniSocket.swift -emit-dependencies-path /Users/admin/builder/spi-builder-workspace/.derivedData/Build/Intermediates.noindex/UniSocket.build/Debug-watchos/UniSocket-t.build/Objects-normal/arm64_32/UniSocket.d -emit-const-values-path /Users/admin/builder/spi-builder-workspace/.derivedData/Build/Intermediates.noindex/UniSocket.build/Debug-watchos/UniSocket-t.build/Objects-normal/arm64_32/UniSocket.swiftconstvalues -emit-reference-dependencies-path /Users/admin/builder/spi-builder-workspace/.derivedData/Build/Intermediates.noindex/UniSocket.build/Debug-watchos/UniSocket-t.build/Objects-normal/arm64_32/UniSocket.swiftdeps -serialize-diagnostics-path /Users/admin/builder/spi-builder-workspace/.derivedData/Build/Intermediates.noindex/UniSocket.build/Debug-watchos/UniSocket-t.build/Objects-normal/arm64_32/UniSocket.dia -target arm64_32-apple-watchos9.0 -disable-cross-import-overlay-search -load-resolved-plugin /Applications/Xcode-27.0.0-Release.Candidate.app/Contents/Developer/Platforms/WatchOS.platform/Developer/usr/lib/swift/host/plugins/libFoundationMacros.dylib\#/Applications/Xcode-27.0.0-Release.Candidate.app/Contents/Developer/Platforms/WatchOS.platform/Developer/usr/bin/swift-plugin-server\#FoundationMacros -load-resolved-plugin /Applications/Xcode-27.0.0-Release.Candidate.app/Contents/Developer/Platforms/WatchOS.platform/Developer/usr/lib/swift/host/plugins/libObservationMacros.dylib\#/Applications/Xcode-27.0.0-Release.Candidate.app/Contents/Developer/Platforms/WatchOS.platform/Developer/usr/bin/swift-plugin-server\#ObservationMacros -load-resolved-plugin /Applications/Xcode-27.0.0-Release.Candidate.app/Contents/Developer/Platforms/WatchOS.platform/Developer/usr/lib/swift/host/plugins/libSwiftMacros.dylib\#/Applications/Xcode-27.0.0-Release.Candidate.app/Contents/Developer/Platforms/WatchOS.platform/Developer/usr/bin/swift-plugin-server\#SwiftMacros -disable-implicit-swift-modules -Xcc -fno-implicit-modules -Xcc -fno-implicit-module-maps -explicit-swift-module-map-file /Users/admin/builder/spi-builder-workspace/.derivedData/Build/Intermediates.noindex/UniSocket.build/Debug-watchos/UniSocket-t.build/Objects-normal/arm64_32/UniSocket-dependencies-2.json -enable-objc-interop -sdk /Applications/Xcode-27.0.0-Release.Candidate.app/Contents/Developer/Platforms/WatchOS.platform/Developer/SDKs/WatchOS27.0.sdk -I /Users/admin/builder/spi-builder-workspace/.derivedData/Build/Products/Debug-watchos -Isystem /Applications/Xcode-27.0.0-Release.Candidate.app/Contents/Developer/Platforms/WatchOS.platform/Developer/usr/lib -F /Users/admin/builder/spi-builder-workspace/.derivedData/Build/Products/Debug-watchos -F /Applications/Xcode-27.0.0-Release.Candidate.app/Contents/Developer/Platforms/WatchOS.platform/Developer/Library/Frameworks -F /Applications/Xcode-27.0.0-Release.Candidate.app/Contents/Developer/Platforms/WatchOS.platform/Developer/SDKs/WatchOS27.0.sdk/Developer/Library/Frameworks -module-cache-path /Users/admin/builder/spi-builder-workspace/.derivedData/Build/Intermediates.noindex/SwiftExplicitPrecompiledModules -no-color-diagnostics -Xcc -fno-color-diagnostics -enable-testing -g -debug-info-format\=dwarf -dwarf-version\=4 -profile-generate -profile-coverage-mapping -swift-version 5 -Onone -D SWIFT_PACKAGE -D DEBUG -D SWIFT_MODULE_RESOURCE_BUNDLE_UNAVAILABLE -D Xcode -serialize-debugging-options -enable-experimental-feature DebugDescriptionMacro -empty-abi-descriptor -validate-clang-modules-once -clang-build-session-file /Users/admin/builder/spi-builder-workspace/.derivedData/ModuleCache.noindex/Session.modulevalidation -Xcc -working-directory -Xcc /Users/admin/builder/spi-builder-workspace/.swiftpm/xcode -enable-anonymous-context-mangled-names -file-compilation-dir /Users/admin/builder/spi-builder-workspace/.swiftpm/xcode -Xcc -D_LIBCPP_HARDENING_MODE\=_LIBCPP_HARDENING_MODE_DEBUG -Xcc -ivfsstatcache -Xcc /Users/admin/builder/spi-builder-workspace/.derivedData/SDKStatCaches.noindex/watchos27.0-24R360-e829b21a6f8c9b70876ba0858053c04477534ef55a1706bf4c1112bbb242f0a2.sdkstatcache -Xcc -fmodules-prune-interval\=86400 -Xcc -fmodules-prune-after\=345600 -Xcc -I/Users/admin/builder/spi-builder-workspace/.derivedData/Build/Products/Debug-watchos/include -Xcc -I/Users/admin/builder/spi-builder-workspace/.derivedData/Build/Intermediates.noindex/UniSocket.build/Debug-watchos/UniSocket-t.build/DerivedSources-normal/arm64_32 -Xcc -I/Users/admin/builder/spi-builder-workspace/.derivedData/Build/Intermediates.noindex/UniSocket.build/Debug-watchos/UniSocket-t.build/DerivedSources/arm64_32 -Xcc -I/Users/admin/builder/spi-builder-workspace/.derivedData/Build/Intermediates.noindex/UniSocket.build/Debug-watchos/UniSocket-t.build/DerivedSources -Xcc -DSWIFT_PACKAGE -Xcc -DDEBUG\=1 -no-auto-bridging-header-chaining -module-name UniSocket -const-gather-protocols-file /Users/admin/builder/spi-builder-workspace/.derivedData/Build/Intermediates.noindex/UniSocket.build/Debug-watchos/UniSocket-t.build/Objects-normal/arm64_32/UniSocket_const_extract_protocols.json -disable-clang-spi -clang-target arm64_32-apple-watchos27.0 -target-sdk-version 27.0 -target-sdk-name watchos27.0 -in-process-plugin-server-path /Applications/Xcode-27.0.0-Release.Candidate.app/Contents/Developer/Toolchains/XcodeDefault.xctoolchain/usr/lib/swift/host/libSwiftInProcPluginServer.dylib -parse-as-library -o /Users/admin/builder/spi-builder-workspace/.derivedData/Build/Intermediates.noindex/UniSocket.build/Debug-watchos/UniSocket-t.build/Objects-normal/arm64_32/UniSocket.o -debug-module-path /Users/admin/builder/spi-builder-workspace/.derivedData/Build/Intermediates.noindex/UniSocket.build/Debug-watchos/UniSocket-t.build/Objects-normal/arm64_32/UniSocket.swiftmodule -index-unit-output-path /UniSocket.build/Debug-watchos/UniSocket-t.build/Objects-normal/arm64_32/UniSocket.o -index-store-path /Users/admin/builder/spi-builder-workspace/.derivedData/Index.noindex/DataStore -index-system-modules
SwiftCompile normal arm64_32 /Users/admin/builder/spi-builder-workspace/Sources/UniSocket/UniSocket.swift (in target 'UniSocket' from project 'UniSocket')
cd /Users/admin/builder/spi-builder-workspace/.swiftpm/xcode
builtin-SwiftPerFileCompile UniSocket.swift
SwiftEmitModule normal arm64_32 Emitting\ module\ for\ UniSocket (in target 'UniSocket' from project 'UniSocket')
SwiftCompile normal arm64_32 (in target 'UniSocket' from project 'UniSocket')
cd /Users/admin/builder/spi-builder-workspace/.swiftpm/xcode
SwiftDriverJobDiscovery normal arm64_32 Emitting module for UniSocket (in target 'UniSocket' from project 'UniSocket')
SwiftDriverJobDiscovery normal arm64 Emitting module for UniSocket (in target 'UniSocket' from project 'UniSocket')
SwiftDriver\ Compilation\ Requirements UniSocket normal arm64_32 com.apple.xcode.tools.swift.compiler (in target 'UniSocket' from project 'UniSocket')
cd /Users/admin/builder/spi-builder-workspace/.swiftpm/xcode
builtin-Swift-Compilation-Requirements -- /Applications/Xcode-27.0.0-Release.Candidate.app/Contents/Developer/Toolchains/XcodeDefault.xctoolchain/usr/bin/swiftc -parse-as-library -module-name UniSocket -Onone @/Users/admin/builder/spi-builder-workspace/.derivedData/Build/Intermediates.noindex/UniSocket.build/Debug-watchos/UniSocket-t.build/Objects-normal/arm64_32/UniSocket.SwiftFileList -DSWIFT_PACKAGE -DDEBUG -DSWIFT_MODULE_RESOURCE_BUNDLE_UNAVAILABLE -DXcode -plugin-path /Applications/Xcode-27.0.0-Release.Candidate.app/Contents/Developer/Toolchains/XcodeDefault.xctoolchain/usr/lib/swift/host/plugins/testing -enable-experimental-feature DebugDescriptionMacro -sdk /Applications/Xcode-27.0.0-Release.Candidate.app/Contents/Developer/Platforms/WatchOS.platform/Developer/SDKs/WatchOS27.0.sdk -target arm64_32-apple-watchos9.0 -g -module-cache-path /Users/admin/builder/spi-builder-workspace/.derivedData/ModuleCache.noindex -Xfrontend -serialize-debugging-options -profile-coverage-mapping -profile-generate -enable-testing -index-store-path /Users/admin/builder/spi-builder-workspace/.derivedData/Index.noindex/DataStore -Xcc -D_LIBCPP_HARDENING_MODE\=_LIBCPP_HARDENING_MODE_DEBUG -swift-version 5 -I /Users/admin/builder/spi-builder-workspace/.derivedData/Build/Products/Debug-watchos -Isystem /Applications/Xcode-27.0.0-Release.Candidate.app/Contents/Developer/Platforms/WatchOS.platform/Developer/usr/lib -F /Users/admin/builder/spi-builder-workspace/.derivedData/Build/Products/Debug-watchos -F /Applications/Xcode-27.0.0-Release.Candidate.app/Contents/Developer/Platforms/WatchOS.platform/Developer/Library/Frameworks -F /Applications/Xcode-27.0.0-Release.Candidate.app/Contents/Developer/Platforms/WatchOS.platform/Developer/SDKs/WatchOS27.0.sdk/Developer/Library/Frameworks -c -j10 -enable-batch-mode -incremental -Xcc -ivfsstatcache -Xcc /Users/admin/builder/spi-builder-workspace/.derivedData/SDKStatCaches.noindex/watchos27.0-24R360-e829b21a6f8c9b70876ba0858053c04477534ef55a1706bf4c1112bbb242f0a2.sdkstatcache -output-file-map /Users/admin/builder/spi-builder-workspace/.derivedData/Build/Intermediates.noindex/UniSocket.build/Debug-watchos/UniSocket-t.build/Objects-normal/arm64_32/UniSocket-OutputFileMap.json -save-temps -no-color-diagnostics -explicit-module-build -module-cache-path /Users/admin/builder/spi-builder-workspace/.derivedData/Build/Intermediates.noindex/SwiftExplicitPrecompiledModules -clang-scanner-module-cache-path /Users/admin/builder/spi-builder-workspace/.derivedData/ModuleCache.noindex -sdk-module-cache-path /Users/admin/builder/spi-builder-workspace/.derivedData/SDKExplicitPrecompiledModules -emit-dependencies -emit-module -emit-module-path /Users/admin/builder/spi-builder-workspace/.derivedData/Build/Intermediates.noindex/UniSocket.build/Debug-watchos/UniSocket-t.build/Objects-normal/arm64_32/UniSocket.swiftmodule -serialize-diagnostics -dependency-scan-serialize-diagnostics-path /Users/admin/builder/spi-builder-workspace/.derivedData/Build/Intermediates.noindex/UniSocket.build/Debug-watchos/UniSocket-t.build/Objects-normal/arm64_32/UniSocket-dependency-scan.dia -validate-clang-modules-once -clang-build-session-file /Users/admin/builder/spi-builder-workspace/.derivedData/ModuleCache.noindex/Session.modulevalidation -Xcc -fmodules-prune-interval\=86400 -Xcc -fmodules-prune-after\=345600 -emit-const-values -const-gather-protocols-list /Users/admin/builder/spi-builder-workspace/.derivedData/Build/Intermediates.noindex/UniSocket.build/Debug-watchos/UniSocket-t.build/Objects-normal/arm64_32/UniSocket_const_extract_protocols.json -Xcc -I/Users/admin/builder/spi-builder-workspace/.derivedData/Build/Products/Debug-watchos/include -Xcc -I/Users/admin/builder/spi-builder-workspace/.derivedData/Build/Intermediates.noindex/UniSocket.build/Debug-watchos/UniSocket-t.build/DerivedSources-normal/arm64_32 -Xcc -I/Users/admin/builder/spi-builder-workspace/.derivedData/Build/Intermediates.noindex/UniSocket.build/Debug-watchos/UniSocket-t.build/DerivedSources/arm64_32 -Xcc -I/Users/admin/builder/spi-builder-workspace/.derivedData/Build/Intermediates.noindex/UniSocket.build/Debug-watchos/UniSocket-t.build/DerivedSources -Xcc -DSWIFT_PACKAGE -Xcc -DDEBUG\=1 -emit-objc-header -emit-objc-header-path /Users/admin/builder/spi-builder-workspace/.derivedData/Build/Intermediates.noindex/UniSocket.build/Debug-watchos/UniSocket-t.build/Objects-normal/arm64_32/UniSocket-Swift.h -working-directory /Users/admin/builder/spi-builder-workspace/.swiftpm/xcode -experimental-emit-module-separately -disable-cmo
SwiftDriver\ Compilation\ Requirements UniSocket normal arm64 com.apple.xcode.tools.swift.compiler (in target 'UniSocket' from project 'UniSocket')
cd /Users/admin/builder/spi-builder-workspace/.swiftpm/xcode
builtin-Swift-Compilation-Requirements -- /Applications/Xcode-27.0.0-Release.Candidate.app/Contents/Developer/Toolchains/XcodeDefault.xctoolchain/usr/bin/swiftc -parse-as-library -module-name UniSocket -Onone @/Users/admin/builder/spi-builder-workspace/.derivedData/Build/Intermediates.noindex/UniSocket.build/Debug-watchos/UniSocket-t.build/Objects-normal/arm64/UniSocket.SwiftFileList -DSWIFT_PACKAGE -DDEBUG -DSWIFT_MODULE_RESOURCE_BUNDLE_UNAVAILABLE -DXcode -plugin-path /Applications/Xcode-27.0.0-Release.Candidate.app/Contents/Developer/Toolchains/XcodeDefault.xctoolchain/usr/lib/swift/host/plugins/testing -enable-experimental-feature DebugDescriptionMacro -sdk /Applications/Xcode-27.0.0-Release.Candidate.app/Contents/Developer/Platforms/WatchOS.platform/Developer/SDKs/WatchOS27.0.sdk -target arm64-apple-watchos9.0 -g -module-cache-path /Users/admin/builder/spi-builder-workspace/.derivedData/ModuleCache.noindex -Xfrontend -serialize-debugging-options -profile-coverage-mapping -profile-generate -enable-testing -index-store-path /Users/admin/builder/spi-builder-workspace/.derivedData/Index.noindex/DataStore -Xcc -D_LIBCPP_HARDENING_MODE\=_LIBCPP_HARDENING_MODE_DEBUG -swift-version 5 -I /Users/admin/builder/spi-builder-workspace/.derivedData/Build/Products/Debug-watchos -Isystem /Applications/Xcode-27.0.0-Release.Candidate.app/Contents/Developer/Platforms/WatchOS.platform/Developer/usr/lib -F /Users/admin/builder/spi-builder-workspace/.derivedData/Build/Products/Debug-watchos -F /Applications/Xcode-27.0.0-Release.Candidate.app/Contents/Developer/Platforms/WatchOS.platform/Developer/Library/Frameworks -F /Applications/Xcode-27.0.0-Release.Candidate.app/Contents/Developer/Platforms/WatchOS.platform/Developer/SDKs/WatchOS27.0.sdk/Developer/Library/Frameworks -c -j10 -enable-batch-mode -incremental -Xcc -ivfsstatcache -Xcc /Users/admin/builder/spi-builder-workspace/.derivedData/SDKStatCaches.noindex/watchos27.0-24R360-e829b21a6f8c9b70876ba0858053c04477534ef55a1706bf4c1112bbb242f0a2.sdkstatcache -output-file-map /Users/admin/builder/spi-builder-workspace/.derivedData/Build/Intermediates.noindex/UniSocket.build/Debug-watchos/UniSocket-t.build/Objects-normal/arm64/UniSocket-OutputFileMap.json -save-temps -no-color-diagnostics -explicit-module-build -module-cache-path /Users/admin/builder/spi-builder-workspace/.derivedData/Build/Intermediates.noindex/SwiftExplicitPrecompiledModules -clang-scanner-module-cache-path /Users/admin/builder/spi-builder-workspace/.derivedData/ModuleCache.noindex -sdk-module-cache-path /Users/admin/builder/spi-builder-workspace/.derivedData/SDKExplicitPrecompiledModules -emit-dependencies -emit-module -emit-module-path /Users/admin/builder/spi-builder-workspace/.derivedData/Build/Intermediates.noindex/UniSocket.build/Debug-watchos/UniSocket-t.build/Objects-normal/arm64/UniSocket.swiftmodule -serialize-diagnostics -dependency-scan-serialize-diagnostics-path /Users/admin/builder/spi-builder-workspace/.derivedData/Build/Intermediates.noindex/UniSocket.build/Debug-watchos/UniSocket-t.build/Objects-normal/arm64/UniSocket-dependency-scan.dia -validate-clang-modules-once -clang-build-session-file /Users/admin/builder/spi-builder-workspace/.derivedData/ModuleCache.noindex/Session.modulevalidation -Xcc -fmodules-prune-interval\=86400 -Xcc -fmodules-prune-after\=345600 -emit-const-values -const-gather-protocols-list /Users/admin/builder/spi-builder-workspace/.derivedData/Build/Intermediates.noindex/UniSocket.build/Debug-watchos/UniSocket-t.build/Objects-normal/arm64/UniSocket_const_extract_protocols.json -Xcc -I/Users/admin/builder/spi-builder-workspace/.derivedData/Build/Products/Debug-watchos/include -Xcc -I/Users/admin/builder/spi-builder-workspace/.derivedData/Build/Intermediates.noindex/UniSocket.build/Debug-watchos/UniSocket-t.build/DerivedSources-normal/arm64 -Xcc -I/Users/admin/builder/spi-builder-workspace/.derivedData/Build/Intermediates.noindex/UniSocket.build/Debug-watchos/UniSocket-t.build/DerivedSources/arm64 -Xcc -I/Users/admin/builder/spi-builder-workspace/.derivedData/Build/Intermediates.noindex/UniSocket.build/Debug-watchos/UniSocket-t.build/DerivedSources -Xcc -DSWIFT_PACKAGE -Xcc -DDEBUG\=1 -emit-objc-header -emit-objc-header-path /Users/admin/builder/spi-builder-workspace/.derivedData/Build/Intermediates.noindex/UniSocket.build/Debug-watchos/UniSocket-t.build/Objects-normal/arm64/UniSocket-Swift.h -working-directory /Users/admin/builder/spi-builder-workspace/.swiftpm/xcode -experimental-emit-module-separately -disable-cmo
SwiftMergeGeneratedHeaders /Users/admin/builder/spi-builder-workspace/.derivedData/Build/Intermediates.noindex/GeneratedModuleMaps-watchos/UniSocket-Swift.h /Users/admin/builder/spi-builder-workspace/.derivedData/Build/Intermediates.noindex/UniSocket.build/Debug-watchos/UniSocket-t.build/Objects-normal/arm64/UniSocket-Swift.h /Users/admin/builder/spi-builder-workspace/.derivedData/Build/Intermediates.noindex/UniSocket.build/Debug-watchos/UniSocket-t.build/Objects-normal/arm64_32/UniSocket-Swift.h (in target 'UniSocket' from project 'UniSocket')
cd /Users/admin/builder/spi-builder-workspace
builtin-swiftHeaderTool -arch arm64 /Users/admin/builder/spi-builder-workspace/.derivedData/Build/Intermediates.noindex/UniSocket.build/Debug-watchos/UniSocket-t.build/Objects-normal/arm64/UniSocket-Swift.h -arch arm64_32 /Users/admin/builder/spi-builder-workspace/.derivedData/Build/Intermediates.noindex/UniSocket.build/Debug-watchos/UniSocket-t.build/Objects-normal/arm64_32/UniSocket-Swift.h -o /Users/admin/builder/spi-builder-workspace/.derivedData/Build/Intermediates.noindex/GeneratedModuleMaps-watchos/UniSocket-Swift.h
Copy /Users/admin/builder/spi-builder-workspace/.derivedData/Build/Products/Debug-watchos/UniSocket.swiftmodule/arm64_32-apple-watchos.swiftdoc /Users/admin/builder/spi-builder-workspace/.derivedData/Build/Intermediates.noindex/UniSocket.build/Debug-watchos/UniSocket-t.build/Objects-normal/arm64_32/UniSocket.swiftdoc (in target 'UniSocket' from project 'UniSocket')
cd /Users/admin/builder/spi-builder-workspace
builtin-copy -exclude .DS_Store -exclude CVS -exclude .svn -exclude .git -exclude .hg -resolve-src-symlinks -rename /Users/admin/builder/spi-builder-workspace/.derivedData/Build/Intermediates.noindex/UniSocket.build/Debug-watchos/UniSocket-t.build/Objects-normal/arm64_32/UniSocket.swiftdoc /Users/admin/builder/spi-builder-workspace/.derivedData/Build/Products/Debug-watchos/UniSocket.swiftmodule/arm64_32-apple-watchos.swiftdoc
Copy /Users/admin/builder/spi-builder-workspace/.derivedData/Build/Products/Debug-watchos/UniSocket.swiftmodule/arm64_32-apple-watchos.swiftmodule /Users/admin/builder/spi-builder-workspace/.derivedData/Build/Intermediates.noindex/UniSocket.build/Debug-watchos/UniSocket-t.build/Objects-normal/arm64_32/UniSocket.swiftmodule (in target 'UniSocket' from project 'UniSocket')
cd /Users/admin/builder/spi-builder-workspace
builtin-copy -exclude .DS_Store -exclude CVS -exclude .svn -exclude .git -exclude .hg -resolve-src-symlinks -rename /Users/admin/builder/spi-builder-workspace/.derivedData/Build/Intermediates.noindex/UniSocket.build/Debug-watchos/UniSocket-t.build/Objects-normal/arm64_32/UniSocket.swiftmodule /Users/admin/builder/spi-builder-workspace/.derivedData/Build/Products/Debug-watchos/UniSocket.swiftmodule/arm64_32-apple-watchos.swiftmodule
Copy /Users/admin/builder/spi-builder-workspace/.derivedData/Build/Products/Debug-watchos/UniSocket.swiftmodule/arm64-apple-watchos.swiftdoc /Users/admin/builder/spi-builder-workspace/.derivedData/Build/Intermediates.noindex/UniSocket.build/Debug-watchos/UniSocket-t.build/Objects-normal/arm64/UniSocket.swiftdoc (in target 'UniSocket' from project 'UniSocket')
cd /Users/admin/builder/spi-builder-workspace
builtin-copy -exclude .DS_Store -exclude CVS -exclude .svn -exclude .git -exclude .hg -resolve-src-symlinks -rename /Users/admin/builder/spi-builder-workspace/.derivedData/Build/Intermediates.noindex/UniSocket.build/Debug-watchos/UniSocket-t.build/Objects-normal/arm64/UniSocket.swiftdoc /Users/admin/builder/spi-builder-workspace/.derivedData/Build/Products/Debug-watchos/UniSocket.swiftmodule/arm64-apple-watchos.swiftdoc
Copy /Users/admin/builder/spi-builder-workspace/.derivedData/Build/Products/Debug-watchos/UniSocket.swiftmodule/arm64-apple-watchos.abi.json /Users/admin/builder/spi-builder-workspace/.derivedData/Build/Intermediates.noindex/UniSocket.build/Debug-watchos/UniSocket-t.build/Objects-normal/arm64/UniSocket.abi.json (in target 'UniSocket' from project 'UniSocket')
cd /Users/admin/builder/spi-builder-workspace
builtin-copy -exclude .DS_Store -exclude CVS -exclude .svn -exclude .git -exclude .hg -resolve-src-symlinks -rename /Users/admin/builder/spi-builder-workspace/.derivedData/Build/Intermediates.noindex/UniSocket.build/Debug-watchos/UniSocket-t.build/Objects-normal/arm64/UniSocket.abi.json /Users/admin/builder/spi-builder-workspace/.derivedData/Build/Products/Debug-watchos/UniSocket.swiftmodule/arm64-apple-watchos.abi.json
Copy /Users/admin/builder/spi-builder-workspace/.derivedData/Build/Products/Debug-watchos/UniSocket.swiftmodule/arm64_32-apple-watchos.abi.json /Users/admin/builder/spi-builder-workspace/.derivedData/Build/Intermediates.noindex/UniSocket.build/Debug-watchos/UniSocket-t.build/Objects-normal/arm64_32/UniSocket.abi.json (in target 'UniSocket' from project 'UniSocket')
cd /Users/admin/builder/spi-builder-workspace
builtin-copy -exclude .DS_Store -exclude CVS -exclude .svn -exclude .git -exclude .hg -resolve-src-symlinks -rename /Users/admin/builder/spi-builder-workspace/.derivedData/Build/Intermediates.noindex/UniSocket.build/Debug-watchos/UniSocket-t.build/Objects-normal/arm64_32/UniSocket.abi.json /Users/admin/builder/spi-builder-workspace/.derivedData/Build/Products/Debug-watchos/UniSocket.swiftmodule/arm64_32-apple-watchos.abi.json
Copy /Users/admin/builder/spi-builder-workspace/.derivedData/Build/Products/Debug-watchos/UniSocket.swiftmodule/arm64-apple-watchos.swiftmodule /Users/admin/builder/spi-builder-workspace/.derivedData/Build/Intermediates.noindex/UniSocket.build/Debug-watchos/UniSocket-t.build/Objects-normal/arm64/UniSocket.swiftmodule (in target 'UniSocket' from project 'UniSocket')
cd /Users/admin/builder/spi-builder-workspace
builtin-copy -exclude .DS_Store -exclude CVS -exclude .svn -exclude .git -exclude .hg -resolve-src-symlinks -rename /Users/admin/builder/spi-builder-workspace/.derivedData/Build/Intermediates.noindex/UniSocket.build/Debug-watchos/UniSocket-t.build/Objects-normal/arm64/UniSocket.swiftmodule /Users/admin/builder/spi-builder-workspace/.derivedData/Build/Products/Debug-watchos/UniSocket.swiftmodule/arm64-apple-watchos.swiftmodule
Copy /Users/admin/builder/spi-builder-workspace/.derivedData/Build/Products/Debug-watchos/UniSocket.swiftmodule/Project/arm64_32-apple-watchos.swiftsourceinfo /Users/admin/builder/spi-builder-workspace/.derivedData/Build/Intermediates.noindex/UniSocket.build/Debug-watchos/UniSocket-t.build/Objects-normal/arm64_32/UniSocket.swiftsourceinfo (in target 'UniSocket' from project 'UniSocket')
cd /Users/admin/builder/spi-builder-workspace
builtin-copy -exclude .DS_Store -exclude CVS -exclude .svn -exclude .git -exclude .hg -resolve-src-symlinks -rename /Users/admin/builder/spi-builder-workspace/.derivedData/Build/Intermediates.noindex/UniSocket.build/Debug-watchos/UniSocket-t.build/Objects-normal/arm64_32/UniSocket.swiftsourceinfo /Users/admin/builder/spi-builder-workspace/.derivedData/Build/Products/Debug-watchos/UniSocket.swiftmodule/Project/arm64_32-apple-watchos.swiftsourceinfo
Copy /Users/admin/builder/spi-builder-workspace/.derivedData/Build/Products/Debug-watchos/UniSocket.swiftmodule/Project/arm64-apple-watchos.swiftsourceinfo /Users/admin/builder/spi-builder-workspace/.derivedData/Build/Intermediates.noindex/UniSocket.build/Debug-watchos/UniSocket-t.build/Objects-normal/arm64/UniSocket.swiftsourceinfo (in target 'UniSocket' from project 'UniSocket')
cd /Users/admin/builder/spi-builder-workspace
builtin-copy -exclude .DS_Store -exclude CVS -exclude .svn -exclude .git -exclude .hg -resolve-src-symlinks -rename /Users/admin/builder/spi-builder-workspace/.derivedData/Build/Intermediates.noindex/UniSocket.build/Debug-watchos/UniSocket-t.build/Objects-normal/arm64/UniSocket.swiftsourceinfo /Users/admin/builder/spi-builder-workspace/.derivedData/Build/Products/Debug-watchos/UniSocket.swiftmodule/Project/arm64-apple-watchos.swiftsourceinfo
PruneExplicitPrecompiledModules /Users/admin/builder/spi-builder-workspace/.derivedData/Build/Intermediates.noindex/ExplicitPrecompiledModules
PruneExplicitPrecompiledModules /Users/admin/builder/spi-builder-workspace/.derivedData/Build/Intermediates.noindex/SwiftExplicitPrecompiledModules
PruneExplicitPrecompiledModules /Users/admin/builder/spi-builder-workspace/.derivedData/SDKExplicitPrecompiledModules
2026-09-16 16:47:24.947 xcodebuild[684:4420] [MT] IDERunDestination: Supported platforms for the buildables in the current scheme is empty.
** BUILD FAILED **
The following build commands failed:
SwiftCompile normal arm64 /Users/admin/builder/spi-builder-workspace/Sources/UniSocket/UniSocket.swift (in target 'UniSocket' from project 'UniSocket')
SwiftCompile normal arm64 Compiling\ UniSocket.swift /Users/admin/builder/spi-builder-workspace/Sources/UniSocket/UniSocket.swift (in target 'UniSocket' from project 'UniSocket')
SwiftCompile normal arm64_32 Compiling\ UniSocket.swift /Users/admin/builder/spi-builder-workspace/Sources/UniSocket/UniSocket.swift (in target 'UniSocket' from project 'UniSocket')
SwiftCompile normal arm64_32 /Users/admin/builder/spi-builder-workspace/Sources/UniSocket/UniSocket.swift (in target 'UniSocket' from project 'UniSocket')
Building workspace UniSocket with scheme UniSocket
(5 failures)
Command line invocation:
/Applications/Xcode-27.0.0-Release.Candidate.app/Contents/Developer/usr/bin/xcodebuild -IDEClonedSourcePackagesDirPathOverride=/Users/admin/builder/spi-builder-workspace/.dependencies -resolvePackageDependencies
Resolve Package Graph
Resolved source packages:
DNS: https://github.com/Bouke/DNS.git @ 1.2.0
UniSocket: /Users/admin/builder/spi-builder-workspace
resolved source packages: DNS, UniSocket
2026-09-16 16:47:30.565 xcodebuild[763:4771] [MT] IDERunDestination: Supported platforms for the buildables in the current scheme is empty.
{
"dependencies" : [
{
"identity" : "dns",
"requirement" : {
"range" : [
{
"lower_bound" : "1.2.0",
"upper_bound" : "2.0.0"
}
]
},
"type" : "sourceControl",
"url" : "https://github.com/Bouke/DNS.git"
}
],
"manifest_display_name" : "UniSocket",
"name" : "UniSocket",
"path" : "/Users/admin/builder/spi-builder-workspace",
"platforms" : [
],
"products" : [
{
"name" : "UniSocket",
"targets" : [
"UniSocket"
],
"type" : {
"library" : [
"automatic"
]
}
}
],
"swift_languages_versions" : [
"5"
],
"targets" : [
{
"c99name" : "UniSocketTests",
"module_type" : "SwiftTarget",
"name" : "UniSocketTests",
"path" : "Tests/UniSocketTests",
"product_dependencies" : [
"DNS"
],
"sources" : [
"UniSocketTests.swift"
],
"target_dependencies" : [
"UniSocket"
],
"type" : "test"
},
{
"c99name" : "UniSocket",
"module_type" : "SwiftTarget",
"name" : "UniSocket",
"path" : "Sources/UniSocket",
"product_memberships" : [
"UniSocket"
],
"sources" : [
"UniSocket.swift"
],
"type" : "library"
}
],
"tools_version" : "5.2"
}
{
"workspace" : {
"name" : "UniSocket",
"schemes" : [
"UniSocket"
]
}
}
2026-09-16 16:47:31.810 xcodebuild[771:4837] [MT] IDERunDestination: Supported platforms for the buildables in the current scheme is empty.
Running build ...
env DEVELOPER_DIR=/Applications/Xcode-27.0.0-Release.Candidate.app xcrun xcodebuild -IDEClonedSourcePackagesDirPathOverride=$PWD/.dependencies -skipMacroValidation -skipPackagePluginValidation -derivedDataPath $PWD/.derivedData build -scheme UniSocket -destination generic/platform=watchOS
Command line invocation:
/Applications/Xcode-27.0.0-Release.Candidate.app/Contents/Developer/usr/bin/xcodebuild -IDEClonedSourcePackagesDirPathOverride=/Users/admin/builder/spi-builder-workspace/.dependencies -skipMacroValidation -skipPackagePluginValidation -derivedDataPath /Users/admin/builder/spi-builder-workspace/.derivedData build -scheme UniSocket -destination generic/platform=watchOS
Resolve Package Graph
Resolved source packages:
DNS: https://github.com/Bouke/DNS.git @ 1.2.0
UniSocket: /Users/admin/builder/spi-builder-workspace
ComputePackagePrebuildTargetDependencyGraph
Prepare packages
CreateBuildRequest
SendProjectDescription
CreateBuildOperation
ComputeTargetDependencyGraph
note: Building targets in dependency order
note: Target dependency graph (2 targets)
Target 'UniSocket-product' in project 'UniSocket'
➜ Explicit dependency on target 'UniSocket' in project 'UniSocket'
Target 'UniSocket' in project 'UniSocket' (no dependencies)
GatherProvisioningInputs
CreateBuildDescription
ClangStatCache /Applications/Xcode-27.0.0-Release.Candidate.app/Contents/Developer/Toolchains/XcodeDefault.xctoolchain/usr/bin/clang-stat-cache /Applications/Xcode-27.0.0-Release.Candidate.app/Contents/Developer/Platforms/WatchOS.platform/Developer/SDKs/WatchOS27.0.sdk /Users/admin/builder/spi-builder-workspace/.derivedData/SDKStatCaches.noindex/watchos27.0-24R360-e829b21a6f8c9b70876ba0858053c04477534ef55a1706bf4c1112bbb242f0a2.sdkstatcache
cd /Users/admin/builder/spi-builder-workspace/.swiftpm/xcode
/Applications/Xcode-27.0.0-Release.Candidate.app/Contents/Developer/Toolchains/XcodeDefault.xctoolchain/usr/bin/clang-stat-cache /Applications/Xcode-27.0.0-Release.Candidate.app/Contents/Developer/Platforms/WatchOS.platform/Developer/SDKs/WatchOS27.0.sdk -o /Users/admin/builder/spi-builder-workspace/.derivedData/SDKStatCaches.noindex/watchos27.0-24R360-e829b21a6f8c9b70876ba0858053c04477534ef55a1706bf4c1112bbb242f0a2.sdkstatcache
SwiftDriver UniSocket normal arm64 com.apple.xcode.tools.swift.compiler (in target 'UniSocket' from project 'UniSocket')
cd /Users/admin/builder/spi-builder-workspace/.swiftpm/xcode
builtin-SwiftDriver -- /Applications/Xcode-27.0.0-Release.Candidate.app/Contents/Developer/Toolchains/XcodeDefault.xctoolchain/usr/bin/swiftc -parse-as-library -module-name UniSocket -Onone @/Users/admin/builder/spi-builder-workspace/.derivedData/Build/Intermediates.noindex/UniSocket.build/Debug-watchos/UniSocket-t.build/Objects-normal/arm64/UniSocket.SwiftFileList -DSWIFT_PACKAGE -DDEBUG -DSWIFT_MODULE_RESOURCE_BUNDLE_UNAVAILABLE -DXcode -plugin-path /Applications/Xcode-27.0.0-Release.Candidate.app/Contents/Developer/Toolchains/XcodeDefault.xctoolchain/usr/lib/swift/host/plugins/testing -enable-experimental-feature DebugDescriptionMacro -sdk /Applications/Xcode-27.0.0-Release.Candidate.app/Contents/Developer/Platforms/WatchOS.platform/Developer/SDKs/WatchOS27.0.sdk -target arm64-apple-watchos9.0 -g -module-cache-path /Users/admin/builder/spi-builder-workspace/.derivedData/ModuleCache.noindex -Xfrontend -serialize-debugging-options -profile-coverage-mapping -profile-generate -enable-testing -index-store-path /Users/admin/builder/spi-builder-workspace/.derivedData/Index.noindex/DataStore -Xcc -D_LIBCPP_HARDENING_MODE\=_LIBCPP_HARDENING_MODE_DEBUG -swift-version 5 -I /Users/admin/builder/spi-builder-workspace/.derivedData/Build/Products/Debug-watchos -Isystem /Applications/Xcode-27.0.0-Release.Candidate.app/Contents/Developer/Platforms/WatchOS.platform/Developer/usr/lib -F /Users/admin/builder/spi-builder-workspace/.derivedData/Build/Products/Debug-watchos -F /Applications/Xcode-27.0.0-Release.Candidate.app/Contents/Developer/Platforms/WatchOS.platform/Developer/Library/Frameworks -F /Applications/Xcode-27.0.0-Release.Candidate.app/Contents/Developer/Platforms/WatchOS.platform/Developer/SDKs/WatchOS27.0.sdk/Developer/Library/Frameworks -c -j10 -enable-batch-mode -incremental -Xcc -ivfsstatcache -Xcc /Users/admin/builder/spi-builder-workspace/.derivedData/SDKStatCaches.noindex/watchos27.0-24R360-e829b21a6f8c9b70876ba0858053c04477534ef55a1706bf4c1112bbb242f0a2.sdkstatcache -output-file-map /Users/admin/builder/spi-builder-workspace/.derivedData/Build/Intermediates.noindex/UniSocket.build/Debug-watchos/UniSocket-t.build/Objects-normal/arm64/UniSocket-OutputFileMap.json -save-temps -no-color-diagnostics -explicit-module-build -module-cache-path /Users/admin/builder/spi-builder-workspace/.derivedData/Build/Intermediates.noindex/SwiftExplicitPrecompiledModules -clang-scanner-module-cache-path /Users/admin/builder/spi-builder-workspace/.derivedData/ModuleCache.noindex -sdk-module-cache-path /Users/admin/builder/spi-builder-workspace/.derivedData/SDKExplicitPrecompiledModules -emit-dependencies -emit-module -emit-module-path /Users/admin/builder/spi-builder-workspace/.derivedData/Build/Intermediates.noindex/UniSocket.build/Debug-watchos/UniSocket-t.build/Objects-normal/arm64/UniSocket.swiftmodule -serialize-diagnostics -dependency-scan-serialize-diagnostics-path /Users/admin/builder/spi-builder-workspace/.derivedData/Build/Intermediates.noindex/UniSocket.build/Debug-watchos/UniSocket-t.build/Objects-normal/arm64/UniSocket-dependency-scan.dia -validate-clang-modules-once -clang-build-session-file /Users/admin/builder/spi-builder-workspace/.derivedData/ModuleCache.noindex/Session.modulevalidation -Xcc -fmodules-prune-interval\=86400 -Xcc -fmodules-prune-after\=345600 -emit-const-values -const-gather-protocols-list /Users/admin/builder/spi-builder-workspace/.derivedData/Build/Intermediates.noindex/UniSocket.build/Debug-watchos/UniSocket-t.build/Objects-normal/arm64/UniSocket_const_extract_protocols.json -Xcc -I/Users/admin/builder/spi-builder-workspace/.derivedData/Build/Products/Debug-watchos/include -Xcc -I/Users/admin/builder/spi-builder-workspace/.derivedData/Build/Intermediates.noindex/UniSocket.build/Debug-watchos/UniSocket-t.build/DerivedSources-normal/arm64 -Xcc -I/Users/admin/builder/spi-builder-workspace/.derivedData/Build/Intermediates.noindex/UniSocket.build/Debug-watchos/UniSocket-t.build/DerivedSources/arm64 -Xcc -I/Users/admin/builder/spi-builder-workspace/.derivedData/Build/Intermediates.noindex/UniSocket.build/Debug-watchos/UniSocket-t.build/DerivedSources -Xcc -DSWIFT_PACKAGE -Xcc -DDEBUG\=1 -emit-objc-header -emit-objc-header-path /Users/admin/builder/spi-builder-workspace/.derivedData/Build/Intermediates.noindex/UniSocket.build/Debug-watchos/UniSocket-t.build/Objects-normal/arm64/UniSocket-Swift.h -working-directory /Users/admin/builder/spi-builder-workspace/.swiftpm/xcode -experimental-emit-module-separately -disable-cmo
SwiftDriver UniSocket normal arm64_32 com.apple.xcode.tools.swift.compiler (in target 'UniSocket' from project 'UniSocket')
cd /Users/admin/builder/spi-builder-workspace/.swiftpm/xcode
builtin-SwiftDriver -- /Applications/Xcode-27.0.0-Release.Candidate.app/Contents/Developer/Toolchains/XcodeDefault.xctoolchain/usr/bin/swiftc -parse-as-library -module-name UniSocket -Onone @/Users/admin/builder/spi-builder-workspace/.derivedData/Build/Intermediates.noindex/UniSocket.build/Debug-watchos/UniSocket-t.build/Objects-normal/arm64_32/UniSocket.SwiftFileList -DSWIFT_PACKAGE -DDEBUG -DSWIFT_MODULE_RESOURCE_BUNDLE_UNAVAILABLE -DXcode -plugin-path /Applications/Xcode-27.0.0-Release.Candidate.app/Contents/Developer/Toolchains/XcodeDefault.xctoolchain/usr/lib/swift/host/plugins/testing -enable-experimental-feature DebugDescriptionMacro -sdk /Applications/Xcode-27.0.0-Release.Candidate.app/Contents/Developer/Platforms/WatchOS.platform/Developer/SDKs/WatchOS27.0.sdk -target arm64_32-apple-watchos9.0 -g -module-cache-path /Users/admin/builder/spi-builder-workspace/.derivedData/ModuleCache.noindex -Xfrontend -serialize-debugging-options -profile-coverage-mapping -profile-generate -enable-testing -index-store-path /Users/admin/builder/spi-builder-workspace/.derivedData/Index.noindex/DataStore -Xcc -D_LIBCPP_HARDENING_MODE\=_LIBCPP_HARDENING_MODE_DEBUG -swift-version 5 -I /Users/admin/builder/spi-builder-workspace/.derivedData/Build/Products/Debug-watchos -Isystem /Applications/Xcode-27.0.0-Release.Candidate.app/Contents/Developer/Platforms/WatchOS.platform/Developer/usr/lib -F /Users/admin/builder/spi-builder-workspace/.derivedData/Build/Products/Debug-watchos -F /Applications/Xcode-27.0.0-Release.Candidate.app/Contents/Developer/Platforms/WatchOS.platform/Developer/Library/Frameworks -F /Applications/Xcode-27.0.0-Release.Candidate.app/Contents/Developer/Platforms/WatchOS.platform/Developer/SDKs/WatchOS27.0.sdk/Developer/Library/Frameworks -c -j10 -enable-batch-mode -incremental -Xcc -ivfsstatcache -Xcc /Users/admin/builder/spi-builder-workspace/.derivedData/SDKStatCaches.noindex/watchos27.0-24R360-e829b21a6f8c9b70876ba0858053c04477534ef55a1706bf4c1112bbb242f0a2.sdkstatcache -output-file-map /Users/admin/builder/spi-builder-workspace/.derivedData/Build/Intermediates.noindex/UniSocket.build/Debug-watchos/UniSocket-t.build/Objects-normal/arm64_32/UniSocket-OutputFileMap.json -save-temps -no-color-diagnostics -explicit-module-build -module-cache-path /Users/admin/builder/spi-builder-workspace/.derivedData/Build/Intermediates.noindex/SwiftExplicitPrecompiledModules -clang-scanner-module-cache-path /Users/admin/builder/spi-builder-workspace/.derivedData/ModuleCache.noindex -sdk-module-cache-path /Users/admin/builder/spi-builder-workspace/.derivedData/SDKExplicitPrecompiledModules -emit-dependencies -emit-module -emit-module-path /Users/admin/builder/spi-builder-workspace/.derivedData/Build/Intermediates.noindex/UniSocket.build/Debug-watchos/UniSocket-t.build/Objects-normal/arm64_32/UniSocket.swiftmodule -serialize-diagnostics -dependency-scan-serialize-diagnostics-path /Users/admin/builder/spi-builder-workspace/.derivedData/Build/Intermediates.noindex/UniSocket.build/Debug-watchos/UniSocket-t.build/Objects-normal/arm64_32/UniSocket-dependency-scan.dia -validate-clang-modules-once -clang-build-session-file /Users/admin/builder/spi-builder-workspace/.derivedData/ModuleCache.noindex/Session.modulevalidation -Xcc -fmodules-prune-interval\=86400 -Xcc -fmodules-prune-after\=345600 -emit-const-values -const-gather-protocols-list /Users/admin/builder/spi-builder-workspace/.derivedData/Build/Intermediates.noindex/UniSocket.build/Debug-watchos/UniSocket-t.build/Objects-normal/arm64_32/UniSocket_const_extract_protocols.json -Xcc -I/Users/admin/builder/spi-builder-workspace/.derivedData/Build/Products/Debug-watchos/include -Xcc -I/Users/admin/builder/spi-builder-workspace/.derivedData/Build/Intermediates.noindex/UniSocket.build/Debug-watchos/UniSocket-t.build/DerivedSources-normal/arm64_32 -Xcc -I/Users/admin/builder/spi-builder-workspace/.derivedData/Build/Intermediates.noindex/UniSocket.build/Debug-watchos/UniSocket-t.build/DerivedSources/arm64_32 -Xcc -I/Users/admin/builder/spi-builder-workspace/.derivedData/Build/Intermediates.noindex/UniSocket.build/Debug-watchos/UniSocket-t.build/DerivedSources -Xcc -DSWIFT_PACKAGE -Xcc -DDEBUG\=1 -emit-objc-header -emit-objc-header-path /Users/admin/builder/spi-builder-workspace/.derivedData/Build/Intermediates.noindex/UniSocket.build/Debug-watchos/UniSocket-t.build/Objects-normal/arm64_32/UniSocket-Swift.h -working-directory /Users/admin/builder/spi-builder-workspace/.swiftpm/xcode -experimental-emit-module-separately -disable-cmo
SwiftEmitModule normal arm64 Emitting\ module\ for\ UniSocket (in target 'UniSocket' from project 'UniSocket')
SwiftCompile normal arm64 (in target 'UniSocket' from project 'UniSocket')
cd /Users/admin/builder/spi-builder-workspace/.swiftpm/xcode
SwiftCompile normal arm64 Compiling\ UniSocket.swift /Users/admin/builder/spi-builder-workspace/Sources/UniSocket/UniSocket.swift (in target 'UniSocket' from project 'UniSocket')
/Users/admin/builder/spi-builder-workspace/Sources/UniSocket/UniSocket.swift:85:30: error: cannot find type 'fdmask' in scope
83 | self.timeout = timeout
84 | self.peer = peer
85 | fdmask_size = MemoryLayout<fdmask>.size
| `- error: cannot find type 'fdmask' in scope
86 | fdmask_bits = fdmask_size * 8
87 | buffer = UnsafeMutablePointer<UInt8>.allocate(capacity: bufferSize)
/Users/admin/builder/spi-builder-workspace/Sources/UniSocket/UniSocket.swift:92:4: warning: using '_' to ignore the result of a Void-returning function is redundant
90 | if type == .local {
91 | peer_local.sun_family = sa_family_t(AF_UNIX)
92 | _ = withUnsafeMutablePointer(to: &peer_local.sun_path.0) { ptr in
| `- warning: using '_' to ignore the result of a Void-returning function is redundant
93 | _ = peer.withCString {
94 | strcpy(ptr, $0)
/Users/admin/builder/spi-builder-workspace/Sources/UniSocket/UniSocket.swift:136:39: error: cannot find 'hints' in scope
134 | var ptr: UnsafeMutablePointer<addrinfo>? = peer_addrinfo
135 | peer_addrinfo.deallocate()
136 | rc = getaddrinfo(peer, String(p), &hints, &ptr)
| `- error: cannot find 'hints' in scope
137 | if rc != 0 {
138 | if rc == EAI_SYSTEM {
/Users/admin/builder/spi-builder-workspace/Sources/UniSocket/UniSocket.swift:136:38: error: cannot convert value of type 'UnsafePointer<_>' to expected argument type 'UnsafePointer<addrinfo>'
134 | var ptr: UnsafeMutablePointer<addrinfo>? = peer_addrinfo
135 | peer_addrinfo.deallocate()
136 | rc = getaddrinfo(peer, String(p), &hints, &ptr)
| |- error: cannot convert value of type 'UnsafePointer<_>' to expected argument type 'UnsafePointer<addrinfo>'
| `- note: arguments to generic parameter 'Pointee' ('_' and 'addrinfo') are expected to be equal
137 | if rc != 0 {
138 | if rc == EAI_SYSTEM {
/Users/admin/builder/spi-builder-workspace/Sources/UniSocket/UniSocket.swift:162:13: error: cannot find type 'fdmask' in scope
160 | let index = Int(fd) / fdmask_bits
161 | let bit = Int(fd) % fdmask_bits
162 | var mask: fdmask = 1 << bit
| `- error: cannot find type 'fdmask' in scope
163 | _ = withUnsafePointer(to: &mask) { src in
164 | _ = withUnsafeMutablePointer(to: &fdset) { dst in
/Users/admin/builder/spi-builder-workspace/Sources/UniSocket/UniSocket.swift:179:9: error: cannot find 'system_socket' in scope
177 | var ai: UnsafeMutablePointer<addrinfo>? = peer_addrinfo
178 | while ai != nil {
179 | fd = system_socket(ai!.pointee.ai_family, ai!.pointee.ai_socktype, ai!.pointee.ai_protocol)
| `- error: cannot find 'system_socket' in scope
180 | if fd == -1 {
181 | ai = ai?.pointee.ai_next
/Users/admin/builder/spi-builder-workspace/Sources/UniSocket/UniSocket.swift:191:10: error: cannot find 'system_connect' in scope
189 | return
190 | }
191 | rc = system_connect(fd, ai!.pointee.ai_addr, ai!.pointee.ai_addrlen)
| `- error: cannot find 'system_connect' in scope
192 | if rc == 0 {
193 | break
/Users/admin/builder/spi-builder-workspace/Sources/UniSocket/UniSocket.swift:191:8: error: failed to produce diagnostic for expression; please submit a bug report (https://swift.org/contributing/#reporting-bugs)
189 | return
190 | }
191 | rc = system_connect(fd, ai!.pointee.ai_addr, ai!.pointee.ai_addrlen)
| `- error: failed to produce diagnostic for expression; please submit a bug report (https://swift.org/contributing/#reporting-bugs)
192 | if rc == 0 {
193 | break
/Users/admin/builder/spi-builder-workspace/Sources/UniSocket/UniSocket.swift:205:8: error: cannot find 'system_close' in scope
203 | errstr = String(validatingUTF8: strerror(errno)) ?? "unknown error code"
204 | }
205 | _ = system_close(fd)
| `- error: cannot find 'system_close' in scope
206 | fd = -1
207 | ai = ai?.pointee.ai_next
/Users/admin/builder/spi-builder-workspace/Sources/UniSocket/UniSocket.swift:221:8: error: cannot find 'system_close' in scope
219 | }
220 | if fd != -1 {
221 | _ = system_close(fd)
| `- error: cannot find 'system_close' in scope
222 | fd = -1
223 | }
/Users/admin/builder/spi-builder-workspace/Sources/UniSocket/UniSocket.swift:281:9: error: cannot find 'system_recv' in scope
279 | limit = m - data.count
280 | }
281 | rc = system_recv(fd, buffer, limit, 0)
| `- error: cannot find 'system_recv' in scope
282 | if rc == 0 {
283 | try? close()
/Users/admin/builder/spi-builder-workspace/Sources/UniSocket/UniSocket.swift:314:86: error: cannot find 'system_sendto' in scope
312 | }
313 | if status == .stateless {
314 | rc = bufferLeft.withUnsafeBytes { (ptr: UnsafeRawBufferPointer) -> Int in return system_sendto(fd, ptr.baseAddress, bytesLeft, 0, peer_addrinfo.pointee.ai_addr, peer_addrinfo.pointee.ai_addrlen) }
| `- error: cannot find 'system_sendto' in scope
315 | } else {
316 | rc = bufferLeft.withUnsafeBytes { (ptr: UnsafeRawBufferPointer) -> Int in return system_send(fd, ptr.baseAddress, bytesLeft, 0) }
/Users/admin/builder/spi-builder-workspace/Sources/UniSocket/UniSocket.swift:314:8: error: failed to produce diagnostic for expression; please submit a bug report (https://swift.org/contributing/#reporting-bugs)
312 | }
313 | if status == .stateless {
314 | rc = bufferLeft.withUnsafeBytes { (ptr: UnsafeRawBufferPointer) -> Int in return system_sendto(fd, ptr.baseAddress, bytesLeft, 0, peer_addrinfo.pointee.ai_addr, peer_addrinfo.pointee.ai_addrlen) }
| `- error: failed to produce diagnostic for expression; please submit a bug report (https://swift.org/contributing/#reporting-bugs)
315 | } else {
316 | rc = bufferLeft.withUnsafeBytes { (ptr: UnsafeRawBufferPointer) -> Int in return system_send(fd, ptr.baseAddress, bytesLeft, 0) }
/Users/admin/builder/spi-builder-workspace/Sources/UniSocket/UniSocket.swift:316:86: error: cannot find 'system_send' in scope
314 | rc = bufferLeft.withUnsafeBytes { (ptr: UnsafeRawBufferPointer) -> Int in return system_sendto(fd, ptr.baseAddress, bytesLeft, 0, peer_addrinfo.pointee.ai_addr, peer_addrinfo.pointee.ai_addrlen) }
315 | } else {
316 | rc = bufferLeft.withUnsafeBytes { (ptr: UnsafeRawBufferPointer) -> Int in return system_send(fd, ptr.baseAddress, bytesLeft, 0) }
| `- error: cannot find 'system_send' in scope
317 | }
318 | if rc == -1 {
Failed frontend command:
SwiftCompile normal arm64 /Users/admin/builder/spi-builder-workspace/Sources/UniSocket/UniSocket.swift (in target 'UniSocket' from project 'UniSocket')
cd /Users/admin/builder/spi-builder-workspace/.swiftpm/xcode
builtin-SwiftPerFileCompile UniSocket.swift
/Applications/Xcode-27.0.0-Release.Candidate.app/Contents/Developer/Toolchains/XcodeDefault.xctoolchain/usr/bin/swift-frontend -frontend -c -primary-file /Users/admin/builder/spi-builder-workspace/Sources/UniSocket/UniSocket.swift -emit-dependencies-path /Users/admin/builder/spi-builder-workspace/.derivedData/Build/Intermediates.noindex/UniSocket.build/Debug-watchos/UniSocket-t.build/Objects-normal/arm64/UniSocket.d -emit-const-values-path /Users/admin/builder/spi-builder-workspace/.derivedData/Build/Intermediates.noindex/UniSocket.build/Debug-watchos/UniSocket-t.build/Objects-normal/arm64/UniSocket.swiftconstvalues -emit-reference-dependencies-path /Users/admin/builder/spi-builder-workspace/.derivedData/Build/Intermediates.noindex/UniSocket.build/Debug-watchos/UniSocket-t.build/Objects-normal/arm64/UniSocket.swiftdeps -serialize-diagnostics-path /Users/admin/builder/spi-builder-workspace/.derivedData/Build/Intermediates.noindex/UniSocket.build/Debug-watchos/UniSocket-t.build/Objects-normal/arm64/UniSocket.dia -target arm64-apple-watchos9.0 -disable-cross-import-overlay-search -load-resolved-plugin /Applications/Xcode-27.0.0-Release.Candidate.app/Contents/Developer/Platforms/WatchOS.platform/Developer/usr/lib/swift/host/plugins/libFoundationMacros.dylib\#/Applications/Xcode-27.0.0-Release.Candidate.app/Contents/Developer/Platforms/WatchOS.platform/Developer/usr/bin/swift-plugin-server\#FoundationMacros -load-resolved-plugin /Applications/Xcode-27.0.0-Release.Candidate.app/Contents/Developer/Platforms/WatchOS.platform/Developer/usr/lib/swift/host/plugins/libObservationMacros.dylib\#/Applications/Xcode-27.0.0-Release.Candidate.app/Contents/Developer/Platforms/WatchOS.platform/Developer/usr/bin/swift-plugin-server\#ObservationMacros -load-resolved-plugin /Applications/Xcode-27.0.0-Release.Candidate.app/Contents/Developer/Platforms/WatchOS.platform/Developer/usr/lib/swift/host/plugins/libSwiftMacros.dylib\#/Applications/Xcode-27.0.0-Release.Candidate.app/Contents/Developer/Platforms/WatchOS.platform/Developer/usr/bin/swift-plugin-server\#SwiftMacros -disable-implicit-swift-modules -Xcc -fno-implicit-modules -Xcc -fno-implicit-module-maps -explicit-swift-module-map-file /Users/admin/builder/spi-builder-workspace/.derivedData/Build/Intermediates.noindex/UniSocket.build/Debug-watchos/UniSocket-t.build/Objects-normal/arm64/UniSocket-dependencies-1.json -Xllvm -aarch64-use-tbi -enable-objc-interop -stack-check -sdk /Applications/Xcode-27.0.0-Release.Candidate.app/Contents/Developer/Platforms/WatchOS.platform/Developer/SDKs/WatchOS27.0.sdk -I /Users/admin/builder/spi-builder-workspace/.derivedData/Build/Products/Debug-watchos -Isystem /Applications/Xcode-27.0.0-Release.Candidate.app/Contents/Developer/Platforms/WatchOS.platform/Developer/usr/lib -F /Users/admin/builder/spi-builder-workspace/.derivedData/Build/Products/Debug-watchos -F /Applications/Xcode-27.0.0-Release.Candidate.app/Contents/Developer/Platforms/WatchOS.platform/Developer/Library/Frameworks -F /Applications/Xcode-27.0.0-Release.Candidate.app/Contents/Developer/Platforms/WatchOS.platform/Developer/SDKs/WatchOS27.0.sdk/Developer/Library/Frameworks -module-cache-path /Users/admin/builder/spi-builder-workspace/.derivedData/Build/Intermediates.noindex/SwiftExplicitPrecompiledModules -no-color-diagnostics -Xcc -fno-color-diagnostics -enable-testing -g -debug-info-format\=dwarf -dwarf-version\=4 -profile-generate -profile-coverage-mapping -swift-version 5 -Onone -D SWIFT_PACKAGE -D DEBUG -D SWIFT_MODULE_RESOURCE_BUNDLE_UNAVAILABLE -D Xcode -serialize-debugging-options -enable-experimental-feature DebugDescriptionMacro -empty-abi-descriptor -validate-clang-modules-once -clang-build-session-file /Users/admin/builder/spi-builder-workspace/.derivedData/ModuleCache.noindex/Session.modulevalidation -Xcc -working-directory -Xcc /Users/admin/builder/spi-builder-workspace/.swiftpm/xcode -enable-anonymous-context-mangled-names -file-compilation-dir /Users/admin/builder/spi-builder-workspace/.swiftpm/xcode -Xcc -D_LIBCPP_HARDENING_MODE\=_LIBCPP_HARDENING_MODE_DEBUG -Xcc -ivfsstatcache -Xcc /Users/admin/builder/spi-builder-workspace/.derivedData/SDKStatCaches.noindex/watchos27.0-24R360-e829b21a6f8c9b70876ba0858053c04477534ef55a1706bf4c1112bbb242f0a2.sdkstatcache -Xcc -fmodules-prune-interval\=86400 -Xcc -fmodules-prune-after\=345600 -Xcc -I/Users/admin/builder/spi-builder-workspace/.derivedData/Build/Products/Debug-watchos/include -Xcc -I/Users/admin/builder/spi-builder-workspace/.derivedData/Build/Intermediates.noindex/UniSocket.build/Debug-watchos/UniSocket-t.build/DerivedSources-normal/arm64 -Xcc -I/Users/admin/builder/spi-builder-workspace/.derivedData/Build/Intermediates.noindex/UniSocket.build/Debug-watchos/UniSocket-t.build/DerivedSources/arm64 -Xcc -I/Users/admin/builder/spi-builder-workspace/.derivedData/Build/Intermediates.noindex/UniSocket.build/Debug-watchos/UniSocket-t.build/DerivedSources -Xcc -DSWIFT_PACKAGE -Xcc -DDEBUG\=1 -no-auto-bridging-header-chaining -module-name UniSocket -const-gather-protocols-file /Users/admin/builder/spi-builder-workspace/.derivedData/Build/Intermediates.noindex/UniSocket.build/Debug-watchos/UniSocket-t.build/Objects-normal/arm64/UniSocket_const_extract_protocols.json -disable-clang-spi -clang-target arm64-apple-watchos27.0 -target-sdk-version 27.0 -target-sdk-name watchos27.0 -in-process-plugin-server-path /Applications/Xcode-27.0.0-Release.Candidate.app/Contents/Developer/Toolchains/XcodeDefault.xctoolchain/usr/lib/swift/host/libSwiftInProcPluginServer.dylib -parse-as-library -o /Users/admin/builder/spi-builder-workspace/.derivedData/Build/Intermediates.noindex/UniSocket.build/Debug-watchos/UniSocket-t.build/Objects-normal/arm64/UniSocket.o -debug-module-path /Users/admin/builder/spi-builder-workspace/.derivedData/Build/Intermediates.noindex/UniSocket.build/Debug-watchos/UniSocket-t.build/Objects-normal/arm64/UniSocket.swiftmodule -index-unit-output-path /UniSocket.build/Debug-watchos/UniSocket-t.build/Objects-normal/arm64/UniSocket.o -index-store-path /Users/admin/builder/spi-builder-workspace/.derivedData/Index.noindex/DataStore -index-system-modules
SwiftEmitModule normal arm64_32 Emitting\ module\ for\ UniSocket (in target 'UniSocket' from project 'UniSocket')
SwiftCompile normal arm64_32 (in target 'UniSocket' from project 'UniSocket')
cd /Users/admin/builder/spi-builder-workspace/.swiftpm/xcode
SwiftCompile normal arm64_32 Compiling\ UniSocket.swift /Users/admin/builder/spi-builder-workspace/Sources/UniSocket/UniSocket.swift (in target 'UniSocket' from project 'UniSocket')
/Users/admin/builder/spi-builder-workspace/Sources/UniSocket/UniSocket.swift:85:30: error: cannot find type 'fdmask' in scope
83 | self.timeout = timeout
84 | self.peer = peer
85 | fdmask_size = MemoryLayout<fdmask>.size
| `- error: cannot find type 'fdmask' in scope
86 | fdmask_bits = fdmask_size * 8
87 | buffer = UnsafeMutablePointer<UInt8>.allocate(capacity: bufferSize)
/Users/admin/builder/spi-builder-workspace/Sources/UniSocket/UniSocket.swift:92:4: warning: using '_' to ignore the result of a Void-returning function is redundant
90 | if type == .local {
91 | peer_local.sun_family = sa_family_t(AF_UNIX)
92 | _ = withUnsafeMutablePointer(to: &peer_local.sun_path.0) { ptr in
| `- warning: using '_' to ignore the result of a Void-returning function is redundant
93 | _ = peer.withCString {
94 | strcpy(ptr, $0)
/Users/admin/builder/spi-builder-workspace/Sources/UniSocket/UniSocket.swift:136:39: error: cannot find 'hints' in scope
134 | var ptr: UnsafeMutablePointer<addrinfo>? = peer_addrinfo
135 | peer_addrinfo.deallocate()
136 | rc = getaddrinfo(peer, String(p), &hints, &ptr)
| `- error: cannot find 'hints' in scope
137 | if rc != 0 {
138 | if rc == EAI_SYSTEM {
/Users/admin/builder/spi-builder-workspace/Sources/UniSocket/UniSocket.swift:136:38: error: cannot convert value of type 'UnsafePointer<_>' to expected argument type 'UnsafePointer<addrinfo>'
134 | var ptr: UnsafeMutablePointer<addrinfo>? = peer_addrinfo
135 | peer_addrinfo.deallocate()
136 | rc = getaddrinfo(peer, String(p), &hints, &ptr)
| |- error: cannot convert value of type 'UnsafePointer<_>' to expected argument type 'UnsafePointer<addrinfo>'
| `- note: arguments to generic parameter 'Pointee' ('_' and 'addrinfo') are expected to be equal
137 | if rc != 0 {
138 | if rc == EAI_SYSTEM {
/Users/admin/builder/spi-builder-workspace/Sources/UniSocket/UniSocket.swift:162:13: error: cannot find type 'fdmask' in scope
160 | let index = Int(fd) / fdmask_bits
161 | let bit = Int(fd) % fdmask_bits
162 | var mask: fdmask = 1 << bit
| `- error: cannot find type 'fdmask' in scope
163 | _ = withUnsafePointer(to: &mask) { src in
164 | _ = withUnsafeMutablePointer(to: &fdset) { dst in
/Users/admin/builder/spi-builder-workspace/Sources/UniSocket/UniSocket.swift:179:9: error: cannot find 'system_socket' in scope
177 | var ai: UnsafeMutablePointer<addrinfo>? = peer_addrinfo
178 | while ai != nil {
179 | fd = system_socket(ai!.pointee.ai_family, ai!.pointee.ai_socktype, ai!.pointee.ai_protocol)
| `- error: cannot find 'system_socket' in scope
180 | if fd == -1 {
181 | ai = ai?.pointee.ai_next
/Users/admin/builder/spi-builder-workspace/Sources/UniSocket/UniSocket.swift:191:10: error: cannot find 'system_connect' in scope
189 | return
190 | }
191 | rc = system_connect(fd, ai!.pointee.ai_addr, ai!.pointee.ai_addrlen)
| `- error: cannot find 'system_connect' in scope
192 | if rc == 0 {
193 | break
/Users/admin/builder/spi-builder-workspace/Sources/UniSocket/UniSocket.swift:191:8: error: failed to produce diagnostic for expression; please submit a bug report (https://swift.org/contributing/#reporting-bugs)
189 | return
190 | }
191 | rc = system_connect(fd, ai!.pointee.ai_addr, ai!.pointee.ai_addrlen)
| `- error: failed to produce diagnostic for expression; please submit a bug report (https://swift.org/contributing/#reporting-bugs)
192 | if rc == 0 {
193 | break
/Users/admin/builder/spi-builder-workspace/Sources/UniSocket/UniSocket.swift:205:8: error: cannot find 'system_close' in scope
203 | errstr = String(validatingUTF8: strerror(errno)) ?? "unknown error code"
204 | }
205 | _ = system_close(fd)
| `- error: cannot find 'system_close' in scope
206 | fd = -1
207 | ai = ai?.pointee.ai_next
/Users/admin/builder/spi-builder-workspace/Sources/UniSocket/UniSocket.swift:221:8: error: cannot find 'system_close' in scope
219 | }
220 | if fd != -1 {
221 | _ = system_close(fd)
| `- error: cannot find 'system_close' in scope
222 | fd = -1
223 | }
/Users/admin/builder/spi-builder-workspace/Sources/UniSocket/UniSocket.swift:281:9: error: cannot find 'system_recv' in scope
279 | limit = m - data.count
280 | }
281 | rc = system_recv(fd, buffer, limit, 0)
| `- error: cannot find 'system_recv' in scope
282 | if rc == 0 {
283 | try? close()
/Users/admin/builder/spi-builder-workspace/Sources/UniSocket/UniSocket.swift:314:86: error: cannot find 'system_sendto' in scope
312 | }
313 | if status == .stateless {
314 | rc = bufferLeft.withUnsafeBytes { (ptr: UnsafeRawBufferPointer) -> Int in return system_sendto(fd, ptr.baseAddress, bytesLeft, 0, peer_addrinfo.pointee.ai_addr, peer_addrinfo.pointee.ai_addrlen) }
| `- error: cannot find 'system_sendto' in scope
315 | } else {
316 | rc = bufferLeft.withUnsafeBytes { (ptr: UnsafeRawBufferPointer) -> Int in return system_send(fd, ptr.baseAddress, bytesLeft, 0) }
/Users/admin/builder/spi-builder-workspace/Sources/UniSocket/UniSocket.swift:314:8: error: failed to produce diagnostic for expression; please submit a bug report (https://swift.org/contributing/#reporting-bugs)
312 | }
313 | if status == .stateless {
314 | rc = bufferLeft.withUnsafeBytes { (ptr: UnsafeRawBufferPointer) -> Int in return system_sendto(fd, ptr.baseAddress, bytesLeft, 0, peer_addrinfo.pointee.ai_addr, peer_addrinfo.pointee.ai_addrlen) }
| `- error: failed to produce diagnostic for expression; please submit a bug report (https://swift.org/contributing/#reporting-bugs)
315 | } else {
316 | rc = bufferLeft.withUnsafeBytes { (ptr: UnsafeRawBufferPointer) -> Int in return system_send(fd, ptr.baseAddress, bytesLeft, 0) }
/Users/admin/builder/spi-builder-workspace/Sources/UniSocket/UniSocket.swift:316:86: error: cannot find 'system_send' in scope
314 | rc = bufferLeft.withUnsafeBytes { (ptr: UnsafeRawBufferPointer) -> Int in return system_sendto(fd, ptr.baseAddress, bytesLeft, 0, peer_addrinfo.pointee.ai_addr, peer_addrinfo.pointee.ai_addrlen) }
315 | } else {
316 | rc = bufferLeft.withUnsafeBytes { (ptr: UnsafeRawBufferPointer) -> Int in return system_send(fd, ptr.baseAddress, bytesLeft, 0) }
| `- error: cannot find 'system_send' in scope
317 | }
318 | if rc == -1 {
Failed frontend command:
SwiftCompile normal arm64_32 /Users/admin/builder/spi-builder-workspace/Sources/UniSocket/UniSocket.swift (in target 'UniSocket' from project 'UniSocket')
cd /Users/admin/builder/spi-builder-workspace/.swiftpm/xcode
builtin-SwiftPerFileCompile UniSocket.swift
/Applications/Xcode-27.0.0-Release.Candidate.app/Contents/Developer/Toolchains/XcodeDefault.xctoolchain/usr/bin/swift-frontend -frontend -c -primary-file /Users/admin/builder/spi-builder-workspace/Sources/UniSocket/UniSocket.swift -emit-dependencies-path /Users/admin/builder/spi-builder-workspace/.derivedData/Build/Intermediates.noindex/UniSocket.build/Debug-watchos/UniSocket-t.build/Objects-normal/arm64_32/UniSocket.d -emit-const-values-path /Users/admin/builder/spi-builder-workspace/.derivedData/Build/Intermediates.noindex/UniSocket.build/Debug-watchos/UniSocket-t.build/Objects-normal/arm64_32/UniSocket.swiftconstvalues -emit-reference-dependencies-path /Users/admin/builder/spi-builder-workspace/.derivedData/Build/Intermediates.noindex/UniSocket.build/Debug-watchos/UniSocket-t.build/Objects-normal/arm64_32/UniSocket.swiftdeps -serialize-diagnostics-path /Users/admin/builder/spi-builder-workspace/.derivedData/Build/Intermediates.noindex/UniSocket.build/Debug-watchos/UniSocket-t.build/Objects-normal/arm64_32/UniSocket.dia -target arm64_32-apple-watchos9.0 -disable-cross-import-overlay-search -load-resolved-plugin /Applications/Xcode-27.0.0-Release.Candidate.app/Contents/Developer/Platforms/WatchOS.platform/Developer/usr/lib/swift/host/plugins/libFoundationMacros.dylib\#/Applications/Xcode-27.0.0-Release.Candidate.app/Contents/Developer/Platforms/WatchOS.platform/Developer/usr/bin/swift-plugin-server\#FoundationMacros -load-resolved-plugin /Applications/Xcode-27.0.0-Release.Candidate.app/Contents/Developer/Platforms/WatchOS.platform/Developer/usr/lib/swift/host/plugins/libObservationMacros.dylib\#/Applications/Xcode-27.0.0-Release.Candidate.app/Contents/Developer/Platforms/WatchOS.platform/Developer/usr/bin/swift-plugin-server\#ObservationMacros -load-resolved-plugin /Applications/Xcode-27.0.0-Release.Candidate.app/Contents/Developer/Platforms/WatchOS.platform/Developer/usr/lib/swift/host/plugins/libSwiftMacros.dylib\#/Applications/Xcode-27.0.0-Release.Candidate.app/Contents/Developer/Platforms/WatchOS.platform/Developer/usr/bin/swift-plugin-server\#SwiftMacros -disable-implicit-swift-modules -Xcc -fno-implicit-modules -Xcc -fno-implicit-module-maps -explicit-swift-module-map-file /Users/admin/builder/spi-builder-workspace/.derivedData/Build/Intermediates.noindex/UniSocket.build/Debug-watchos/UniSocket-t.build/Objects-normal/arm64_32/UniSocket-dependencies-2.json -enable-objc-interop -sdk /Applications/Xcode-27.0.0-Release.Candidate.app/Contents/Developer/Platforms/WatchOS.platform/Developer/SDKs/WatchOS27.0.sdk -I /Users/admin/builder/spi-builder-workspace/.derivedData/Build/Products/Debug-watchos -Isystem /Applications/Xcode-27.0.0-Release.Candidate.app/Contents/Developer/Platforms/WatchOS.platform/Developer/usr/lib -F /Users/admin/builder/spi-builder-workspace/.derivedData/Build/Products/Debug-watchos -F /Applications/Xcode-27.0.0-Release.Candidate.app/Contents/Developer/Platforms/WatchOS.platform/Developer/Library/Frameworks -F /Applications/Xcode-27.0.0-Release.Candidate.app/Contents/Developer/Platforms/WatchOS.platform/Developer/SDKs/WatchOS27.0.sdk/Developer/Library/Frameworks -module-cache-path /Users/admin/builder/spi-builder-workspace/.derivedData/Build/Intermediates.noindex/SwiftExplicitPrecompiledModules -no-color-diagnostics -Xcc -fno-color-diagnostics -enable-testing -g -debug-info-format\=dwarf -dwarf-version\=4 -profile-generate -profile-coverage-mapping -swift-version 5 -Onone -D SWIFT_PACKAGE -D DEBUG -D SWIFT_MODULE_RESOURCE_BUNDLE_UNAVAILABLE -D Xcode -serialize-debugging-options -enable-experimental-feature DebugDescriptionMacro -empty-abi-descriptor -validate-clang-modules-once -clang-build-session-file /Users/admin/builder/spi-builder-workspace/.derivedData/ModuleCache.noindex/Session.modulevalidation -Xcc -working-directory -Xcc /Users/admin/builder/spi-builder-workspace/.swiftpm/xcode -enable-anonymous-context-mangled-names -file-compilation-dir /Users/admin/builder/spi-builder-workspace/.swiftpm/xcode -Xcc -D_LIBCPP_HARDENING_MODE\=_LIBCPP_HARDENING_MODE_DEBUG -Xcc -ivfsstatcache -Xcc /Users/admin/builder/spi-builder-workspace/.derivedData/SDKStatCaches.noindex/watchos27.0-24R360-e829b21a6f8c9b70876ba0858053c04477534ef55a1706bf4c1112bbb242f0a2.sdkstatcache -Xcc -fmodules-prune-interval\=86400 -Xcc -fmodules-prune-after\=345600 -Xcc -I/Users/admin/builder/spi-builder-workspace/.derivedData/Build/Products/Debug-watchos/include -Xcc -I/Users/admin/builder/spi-builder-workspace/.derivedData/Build/Intermediates.noindex/UniSocket.build/Debug-watchos/UniSocket-t.build/DerivedSources-normal/arm64_32 -Xcc -I/Users/admin/builder/spi-builder-workspace/.derivedData/Build/Intermediates.noindex/UniSocket.build/Debug-watchos/UniSocket-t.build/DerivedSources/arm64_32 -Xcc -I/Users/admin/builder/spi-builder-workspace/.derivedData/Build/Intermediates.noindex/UniSocket.build/Debug-watchos/UniSocket-t.build/DerivedSources -Xcc -DSWIFT_PACKAGE -Xcc -DDEBUG\=1 -no-auto-bridging-header-chaining -module-name UniSocket -const-gather-protocols-file /Users/admin/builder/spi-builder-workspace/.derivedData/Build/Intermediates.noindex/UniSocket.build/Debug-watchos/UniSocket-t.build/Objects-normal/arm64_32/UniSocket_const_extract_protocols.json -disable-clang-spi -clang-target arm64_32-apple-watchos27.0 -target-sdk-version 27.0 -target-sdk-name watchos27.0 -in-process-plugin-server-path /Applications/Xcode-27.0.0-Release.Candidate.app/Contents/Developer/Toolchains/XcodeDefault.xctoolchain/usr/lib/swift/host/libSwiftInProcPluginServer.dylib -parse-as-library -o /Users/admin/builder/spi-builder-workspace/.derivedData/Build/Intermediates.noindex/UniSocket.build/Debug-watchos/UniSocket-t.build/Objects-normal/arm64_32/UniSocket.o -debug-module-path /Users/admin/builder/spi-builder-workspace/.derivedData/Build/Intermediates.noindex/UniSocket.build/Debug-watchos/UniSocket-t.build/Objects-normal/arm64_32/UniSocket.swiftmodule -index-unit-output-path /UniSocket.build/Debug-watchos/UniSocket-t.build/Objects-normal/arm64_32/UniSocket.o -index-store-path /Users/admin/builder/spi-builder-workspace/.derivedData/Index.noindex/DataStore -index-system-modules
PruneExplicitPrecompiledModules /Users/admin/builder/spi-builder-workspace/.derivedData/SDKExplicitPrecompiledModules
PruneExplicitPrecompiledModules /Users/admin/builder/spi-builder-workspace/.derivedData/Build/Intermediates.noindex/ExplicitPrecompiledModules
PruneExplicitPrecompiledModules /Users/admin/builder/spi-builder-workspace/.derivedData/Build/Intermediates.noindex/SwiftExplicitPrecompiledModules
2026-09-16 16:47:32.767 xcodebuild[772:4863] [MT] IDERunDestination: Supported platforms for the buildables in the current scheme is empty.
** BUILD FAILED **
The following build commands failed:
SwiftCompile normal arm64 /Users/admin/builder/spi-builder-workspace/Sources/UniSocket/UniSocket.swift (in target 'UniSocket' from project 'UniSocket')
SwiftCompile normal arm64 Compiling\ UniSocket.swift /Users/admin/builder/spi-builder-workspace/Sources/UniSocket/UniSocket.swift (in target 'UniSocket' from project 'UniSocket')
SwiftCompile normal arm64_32 /Users/admin/builder/spi-builder-workspace/Sources/UniSocket/UniSocket.swift (in target 'UniSocket' from project 'UniSocket')
SwiftCompile normal arm64_32 Compiling\ UniSocket.swift /Users/admin/builder/spi-builder-workspace/Sources/UniSocket/UniSocket.swift (in target 'UniSocket' from project 'UniSocket')
Building workspace UniSocket with scheme UniSocket
(5 failures)
BUILD FAILURE 6.4 watchOS