The Swift Package Index logo.Swift Package Index

Build Information

Failed to build XCLint, reference main (48746a), with Swift 6.4 for visionOS using Xcode 27.0 on 9 Oct 2026 04:37:42 UTC.

Build Command

env DEVELOPER_DIR=/Applications/Xcode-27.0.0-Release.Candidate.app xcrun xcodebuild -IDEClonedSourcePackagesDirPathOverride=$PWD/.dependencies -skipMacroValidation -skipPackagePluginValidation -derivedDataPath $PWD/.derivedData build -scheme XCLint-Package -destination generic/platform=xrOS

Build Log

    /Applications/Xcode-27.0.0.app/Contents/Developer/Toolchains/XcodeDefault.xctoolchain/usr/bin/appintentsmetadataprocessor --toolchain-dir /var/run/com.apple.security.cryptexd/mnt/com.apple.MobileAsset.MetalToolchain-v27.1.266.1.YRnvJc/Metal.xctoolchain --module-name PathKit --sdk-root /Applications/Xcode-27.0.0.app/Contents/Developer/Platforms/XROS.platform/Developer/SDKs/XROS27.0.sdk --xcode-version 27A266a --platform-family xrOS --deployment-target 1.0 --bundle-identifier pathkit.PathKit --output /Users/admin/builder/spi-builder-workspace/.derivedData/Build/Products/Debug-xros/PathKit.appintents --target-triple arm64-apple-xros1.0 --binary-file /Users/admin/builder/spi-builder-workspace/.derivedData/Build/Products/Debug-xros/PathKit.o --dependency-file /Users/admin/builder/spi-builder-workspace/.derivedData/Build/Intermediates.noindex/PathKit.build/Debug-xros/PathKit-t.build/Objects-normal/arm64/PathKit_dependency_info.dat --stringsdata-file /Users/admin/builder/spi-builder-workspace/.derivedData/Build/Intermediates.noindex/PathKit.build/Debug-xros/PathKit-t.build/Objects-normal/arm64/ExtractedAppShortcutsMetadata.stringsdata --source-file-list /Users/admin/builder/spi-builder-workspace/.derivedData/Build/Intermediates.noindex/PathKit.build/Debug-xros/PathKit-t.build/Objects-normal/arm64/PathKit.SwiftFileList --metadata-file-list /Users/admin/builder/spi-builder-workspace/.derivedData/Build/Intermediates.noindex/PathKit.build/Debug-xros/PathKit-t.build/PathKit.DependencyMetadataFileList --static-metadata-file-list /Users/admin/builder/spi-builder-workspace/.derivedData/Build/Intermediates.noindex/PathKit.build/Debug-xros/PathKit-t.build/PathKit.DependencyStaticMetadataFileList --swift-const-vals-list /Users/admin/builder/spi-builder-workspace/.derivedData/Build/Intermediates.noindex/PathKit.build/Debug-xros/PathKit-t.build/Objects-normal/arm64/PathKit.SwiftConstValuesFileList --force --compile-time-extraction --deployment-aware-processing --no-app-shortcuts-localization
2026-10-09 00:37:30.338 appintentsmetadataprocessor[1323:7196] Starting appintentsmetadataprocessor export
2026-10-09 00:37:30.424 appintentsmetadataprocessor[1323:7196] Extracted no relevant App Intents symbols, skipping writing output
SwiftDriverJobDiscovery normal arm64 Compiling BashCompletionsGenerator.swift, CompletionsGenerator.swift, FishCompletionsGenerator.swift, ZshCompletionsGenerator.swift, Argument.swift, ArgumentDiscussion.swift (in target 'ArgumentParser' from project 'swift-argument-parser')
ExtractAppIntentsMetadata (in target 'AEXML' from project 'AEXML')
    cd /Users/admin/builder/spi-builder-workspace/.dependencies/checkouts/AEXML
    /Applications/Xcode-27.0.0.app/Contents/Developer/Toolchains/XcodeDefault.xctoolchain/usr/bin/appintentsmetadataprocessor --toolchain-dir /var/run/com.apple.security.cryptexd/mnt/com.apple.MobileAsset.MetalToolchain-v27.1.266.1.YRnvJc/Metal.xctoolchain --module-name AEXML --sdk-root /Applications/Xcode-27.0.0.app/Contents/Developer/Platforms/XROS.platform/Developer/SDKs/XROS27.0.sdk --xcode-version 27A266a --platform-family xrOS --deployment-target 1.0 --bundle-identifier aexml.AEXML --output /Users/admin/builder/spi-builder-workspace/.derivedData/Build/Products/Debug-xros/AEXML.appintents --target-triple arm64-apple-xros1.0 --binary-file /Users/admin/builder/spi-builder-workspace/.derivedData/Build/Products/Debug-xros/AEXML.o --dependency-file /Users/admin/builder/spi-builder-workspace/.derivedData/Build/Intermediates.noindex/AEXML.build/Debug-xros/AEXML-t.build/Objects-normal/arm64/AEXML_dependency_info.dat --stringsdata-file /Users/admin/builder/spi-builder-workspace/.derivedData/Build/Intermediates.noindex/AEXML.build/Debug-xros/AEXML-t.build/Objects-normal/arm64/ExtractedAppShortcutsMetadata.stringsdata --source-file-list /Users/admin/builder/spi-builder-workspace/.derivedData/Build/Intermediates.noindex/AEXML.build/Debug-xros/AEXML-t.build/Objects-normal/arm64/AEXML.SwiftFileList --metadata-file-list /Users/admin/builder/spi-builder-workspace/.derivedData/Build/Intermediates.noindex/AEXML.build/Debug-xros/AEXML-t.build/AEXML.DependencyMetadataFileList --static-metadata-file-list /Users/admin/builder/spi-builder-workspace/.derivedData/Build/Intermediates.noindex/AEXML.build/Debug-xros/AEXML-t.build/AEXML.DependencyStaticMetadataFileList --swift-const-vals-list /Users/admin/builder/spi-builder-workspace/.derivedData/Build/Intermediates.noindex/AEXML.build/Debug-xros/AEXML-t.build/Objects-normal/arm64/AEXML.SwiftConstValuesFileList --force --compile-time-extraction --deployment-aware-processing --no-app-shortcuts-localization
2026-10-09 00:37:30.391 appintentsmetadataprocessor[1324:7216] Starting appintentsmetadataprocessor export
2026-10-09 00:37:30.458 appintentsmetadataprocessor[1324:7216] Extracted no relevant App Intents symbols, skipping writing output
SwiftDriverJobDiscovery normal arm64 Compiling SequenceExtensions.swift, StringExtensions.swift, SwiftExtensions.swift, Tree.swift, AsyncCompletionsValidator.swift (in target 'ArgumentParser' from project 'swift-argument-parser')
SwiftDriverJobDiscovery normal arm64 Compiling ArgumentHelp.swift, ArgumentVisibility.swift, CompletionKind.swift, Errors.swift, Flag.swift, NameSpecification.swift (in target 'ArgumentParser' from project 'swift-argument-parser')
SwiftDriverJobDiscovery normal arm64 Compiling Option.swift, OptionGroup.swift, ParentCommand.swift, AsyncParsableCommand.swift, CommandConfiguration.swift (in target 'ArgumentParser' from project 'swift-argument-parser')
SwiftDriverJobDiscovery normal arm64 Compiling SplitArguments.swift, DumpHelpGenerator.swift, HelpCommand.swift, HelpGenerator.swift, MessageInfo.swift (in target 'ArgumentParser' from project 'swift-argument-parser')
SwiftExplicitDependencyGeneratePcm arm64 /Users/admin/builder/spi-builder-workspace/.derivedData/SDKExplicitPrecompiledModules/LocalAuthentication-7ZW78TNIFE0G290W128IPXPU1.pcm
SwiftDriverJobDiscovery normal arm64 Compiling UsageGenerator.swift, CollectionExtensions.swift, Foundation.swift, Mutex.swift, Platform.swift (in target 'ArgumentParser' from project 'swift-argument-parser')
SwiftEmitModule normal arm64 Emitting\ module\ for\ XcodeProj (in target 'XcodeProj' from project 'XcodeProj')
SwiftCompile normal arm64 (in target 'XcodeProj' from project 'XcodeProj')
    cd /Users/admin/builder/spi-builder-workspace/.swiftpm/xcode

SwiftCompile normal arm64 Compiling\ Errors.swift,\ AEXML+XcodeFormat.swift,\ Array+Extras.swift,\ Bool+Extras.swift,\ KeyedDecodingContainer+Additions.swift,\ NSRecursiveLock+Sync.swift,\ Path+Extras.swift,\ String+Utils.swift,\ String+md5.swift,\ BuildFileSetting.swift,\ BuildPhase.swift,\ PBXBuildFile.swift /Users/admin/builder/spi-builder-workspace/.dependencies/checkouts/XcodeProj/Sources/XcodeProj/Errors/Errors.swift /Users/admin/builder/spi-builder-workspace/.dependencies/checkouts/XcodeProj/Sources/XcodeProj/Extensions/AEXML+XcodeFormat.swift /Users/admin/builder/spi-builder-workspace/.dependencies/checkouts/XcodeProj/Sources/XcodeProj/Extensions/Array+Extras.swift /Users/admin/builder/spi-builder-workspace/.dependencies/checkouts/XcodeProj/Sources/XcodeProj/Extensions/Bool+Extras.swift /Users/admin/builder/spi-builder-workspace/.dependencies/checkouts/XcodeProj/Sources/XcodeProj/Extensions/KeyedDecodingContainer+Additions.swift /Users/admin/builder/spi-builder-workspace/.dependencies/checkouts/XcodeProj/Sources/XcodeProj/Extensions/NSRecursiveLock+Sync.swift /Users/admin/builder/spi-builder-workspace/.dependencies/checkouts/XcodeProj/Sources/XcodeProj/Extensions/Path+Extras.swift /Users/admin/builder/spi-builder-workspace/.dependencies/checkouts/XcodeProj/Sources/XcodeProj/Extensions/String+Utils.swift /Users/admin/builder/spi-builder-workspace/.dependencies/checkouts/XcodeProj/Sources/XcodeProj/Extensions/String+md5.swift /Users/admin/builder/spi-builder-workspace/.dependencies/checkouts/XcodeProj/Sources/XcodeProj/Objects/BuildPhase/BuildFileSetting.swift /Users/admin/builder/spi-builder-workspace/.dependencies/checkouts/XcodeProj/Sources/XcodeProj/Objects/BuildPhase/BuildPhase.swift /Users/admin/builder/spi-builder-workspace/.dependencies/checkouts/XcodeProj/Sources/XcodeProj/Objects/BuildPhase/PBXBuildFile.swift (in target 'XcodeProj' from project 'XcodeProj')
/Users/admin/builder/spi-builder-workspace/.dependencies/checkouts/XcodeProj/Sources/XcodeProj/Extensions/Path+Extras.swift:14:16: error: cannot find 'Glibc' in scope
12 |         return Musl.glob(pattern, flags, errfunc, vector_ptr)
13 |     #else
14 |         return Glibc.glob(pattern, flags, errfunc, vector_ptr)
   |                `- error: cannot find 'Glibc' in scope
15 |     #endif
16 | }
Failed frontend command:
/Applications/Xcode-27.0.0.app/Contents/Developer/Toolchains/XcodeDefault.xctoolchain/usr/bin/swift-frontend -frontend -c -primary-file /Users/admin/builder/spi-builder-workspace/.dependencies/checkouts/XcodeProj/Sources/XcodeProj/Errors/Errors.swift -primary-file /Users/admin/builder/spi-builder-workspace/.dependencies/checkouts/XcodeProj/Sources/XcodeProj/Extensions/AEXML+XcodeFormat.swift -primary-file /Users/admin/builder/spi-builder-workspace/.dependencies/checkouts/XcodeProj/Sources/XcodeProj/Extensions/Array+Extras.swift -primary-file /Users/admin/builder/spi-builder-workspace/.dependencies/checkouts/XcodeProj/Sources/XcodeProj/Extensions/Bool+Extras.swift -primary-file /Users/admin/builder/spi-builder-workspace/.dependencies/checkouts/XcodeProj/Sources/XcodeProj/Extensions/KeyedDecodingContainer+Additions.swift -primary-file /Users/admin/builder/spi-builder-workspace/.dependencies/checkouts/XcodeProj/Sources/XcodeProj/Extensions/NSRecursiveLock+Sync.swift -primary-file /Users/admin/builder/spi-builder-workspace/.dependencies/checkouts/XcodeProj/Sources/XcodeProj/Extensions/Path+Extras.swift -primary-file /Users/admin/builder/spi-builder-workspace/.dependencies/checkouts/XcodeProj/Sources/XcodeProj/Extensions/String+Utils.swift -primary-file /Users/admin/builder/spi-builder-workspace/.dependencies/checkouts/XcodeProj/Sources/XcodeProj/Extensions/String+md5.swift -primary-file /Users/admin/builder/spi-builder-workspace/.dependencies/checkouts/XcodeProj/Sources/XcodeProj/Objects/BuildPhase/BuildFileSetting.swift -primary-file /Users/admin/builder/spi-builder-workspace/.dependencies/checkouts/XcodeProj/Sources/XcodeProj/Objects/BuildPhase/BuildPhase.swift -primary-file /Users/admin/builder/spi-builder-workspace/.dependencies/checkouts/XcodeProj/Sources/XcodeProj/Objects/BuildPhase/PBXBuildFile.swift /Users/admin/builder/spi-builder-workspace/.dependencies/checkouts/XcodeProj/Sources/XcodeProj/Objects/BuildPhase/PBXBuildPhase.swift /Users/admin/builder/spi-builder-workspace/.dependencies/checkouts/XcodeProj/Sources/XcodeProj/Objects/BuildPhase/PBXBuildRule.swift /Users/admin/builder/spi-builder-workspace/.dependencies/checkouts/XcodeProj/Sources/XcodeProj/Objects/BuildPhase/PBXCopyFilesBuildPhase.swift /Users/admin/builder/spi-builder-workspace/.dependencies/checkouts/XcodeProj/Sources/XcodeProj/Objects/BuildPhase/PBXFrameworksBuildPhase.swift /Users/admin/builder/spi-builder-workspace/.dependencies/checkouts/XcodeProj/Sources/XcodeProj/Objects/BuildPhase/PBXHeadersBuildPhase.swift /Users/admin/builder/spi-builder-workspace/.dependencies/checkouts/XcodeProj/Sources/XcodeProj/Objects/BuildPhase/PBXResourcesBuildPhase.swift /Users/admin/builder/spi-builder-workspace/.dependencies/checkouts/XcodeProj/Sources/XcodeProj/Objects/BuildPhase/PBXRezBuildPhase.swift /Users/admin/builder/spi-builder-workspace/.dependencies/checkouts/XcodeProj/Sources/XcodeProj/Objects/BuildPhase/PBXShellScriptBuildPhase.swift /Users/admin/builder/spi-builder-workspace/.dependencies/checkouts/XcodeProj/Sources/XcodeProj/Objects/BuildPhase/PBXSourcesBuildPhase.swift /Users/admin/builder/spi-builder-workspace/.dependencies/checkouts/XcodeProj/Sources/XcodeProj/Objects/Configuration/BuildSettings.swift /Users/admin/builder/spi-builder-workspace/.dependencies/checkouts/XcodeProj/Sources/XcodeProj/Objects/Configuration/XCBuildConfiguration.swift /Users/admin/builder/spi-builder-workspace/.dependencies/checkouts/XcodeProj/Sources/XcodeProj/Objects/Configuration/XCConfigurationList.swift /Users/admin/builder/spi-builder-workspace/.dependencies/checkouts/XcodeProj/Sources/XcodeProj/Objects/Files/PBXContainerItem.swift /Users/admin/builder/spi-builder-workspace/.dependencies/checkouts/XcodeProj/Sources/XcodeProj/Objects/Files/PBXContainerItemProxy.swift /Users/admin/builder/spi-builder-workspace/.dependencies/checkouts/XcodeProj/Sources/XcodeProj/Objects/Files/PBXFileElement.swift /Users/admin/builder/spi-builder-workspace/.dependencies/checkouts/XcodeProj/Sources/XcodeProj/Objects/Files/PBXFileReference.swift /Users/admin/builder/spi-builder-workspace/.dependencies/checkouts/XcodeProj/Sources/XcodeProj/Objects/Files/PBXFileSystemSynchronizedBuildFileExceptionSet.swift /Users/admin/builder/spi-builder-workspace/.dependencies/checkouts/XcodeProj/Sources/XcodeProj/Objects/Files/PBXFileSystemSynchronizedExceptionSet.swift /Users/admin/builder/spi-builder-workspace/.dependencies/checkouts/XcodeProj/Sources/XcodeProj/Objects/Files/PBXFileSystemSynchronizedGroupBuildPhaseMembershipExceptionSet.swift /Users/admin/builder/spi-builder-workspace/.dependencies/checkouts/XcodeProj/Sources/XcodeProj/Objects/Files/PBXFileSystemSynchronizedRootGroup.swift /Users/admin/builder/spi-builder-workspace/.dependencies/checkouts/XcodeProj/Sources/XcodeProj/Objects/Files/PBXGroup.swift /Users/admin/builder/spi-builder-workspace/.dependencies/checkouts/XcodeProj/Sources/XcodeProj/Objects/Files/PBXSourceTree.swift /Users/admin/builder/spi-builder-workspace/.dependencies/checkouts/XcodeProj/Sources/XcodeProj/Objects/Files/PBXVariantGroup.swift /Users/admin/builder/spi-builder-workspace/.dependencies/checkouts/XcodeProj/Sources/XcodeProj/Objects/Files/XCVersionGroup.swift /Users/admin/builder/spi-builder-workspace/.dependencies/checkouts/XcodeProj/Sources/XcodeProj/Objects/Project/PBXObject.swift /Users/admin/builder/spi-builder-workspace/.dependencies/checkouts/XcodeProj/Sources/XcodeProj/Objects/Project/PBXObjectDictionaryEntry.swift /Users/admin/builder/spi-builder-workspace/.dependencies/checkouts/XcodeProj/Sources/XcodeProj/Objects/Project/PBXObjectReference.swift /Users/admin/builder/spi-builder-workspace/.dependencies/checkouts/XcodeProj/Sources/XcodeProj/Objects/Project/PBXObjects.swift /Users/admin/builder/spi-builder-workspace/.dependencies/checkouts/XcodeProj/Sources/XcodeProj/Objects/Project/PBXOutputSettings.swift /Users/admin/builder/spi-builder-workspace/.dependencies/checkouts/XcodeProj/Sources/XcodeProj/Objects/Project/PBXProj.swift /Users/admin/builder/spi-builder-workspace/.dependencies/checkouts/XcodeProj/Sources/XcodeProj/Objects/Project/PBXProjEncoder.swift /Users/admin/builder/spi-builder-workspace/.dependencies/checkouts/XcodeProj/Sources/XcodeProj/Objects/Project/PBXProject.swift /Users/admin/builder/spi-builder-workspace/.dependencies/checkouts/XcodeProj/Sources/XcodeProj/Objects/Project/ProjectAttribute.swift /Users/admin/builder/spi-builder-workspace/.dependencies/checkouts/XcodeProj/Sources/XcodeProj/Objects/Sourcery/Equality.generated.swift /Users/admin/builder/spi-builder-workspace/.dependencies/checkouts/XcodeProj/Sources/XcodeProj/Objects/Sourcery/Sourcery.swift /Users/admin/builder/spi-builder-workspace/.dependencies/checkouts/XcodeProj/Sources/XcodeProj/Objects/SwiftPackage/XCLocalSwiftPackageReference.swift /Users/admin/builder/spi-builder-workspace/.dependencies/checkouts/XcodeProj/Sources/XcodeProj/Objects/SwiftPackage/XCRemoteSwiftPackageReference.swift /Users/admin/builder/spi-builder-workspace/.dependencies/checkouts/XcodeProj/Sources/XcodeProj/Objects/SwiftPackage/XCSwiftPackageProductDependency.swift /Users/admin/builder/spi-builder-workspace/.dependencies/checkouts/XcodeProj/Sources/XcodeProj/Objects/Targets/PBXAggregateTarget.swift /Users/admin/builder/spi-builder-workspace/.dependencies/checkouts/XcodeProj/Sources/XcodeProj/Objects/Targets/PBXLegacyTarget.swift /Users/admin/builder/spi-builder-workspace/.dependencies/checkouts/XcodeProj/Sources/XcodeProj/Objects/Targets/PBXNativeTarget.swift /Users/admin/builder/spi-builder-workspace/.dependencies/checkouts/XcodeProj/Sources/XcodeProj/Objects/Targets/PBXProductType.swift /Users/admin/builder/spi-builder-workspace/.dependencies/checkouts/XcodeProj/Sources/XcodeProj/Objects/Targets/PBXReferenceProxy.swift /Users/admin/builder/spi-builder-workspace/.dependencies/checkouts/XcodeProj/Sources/XcodeProj/Objects/Targets/PBXTarget.swift /Users/admin/builder/spi-builder-workspace/.dependencies/checkouts/XcodeProj/Sources/XcodeProj/Objects/Targets/PBXTargetDependency.swift /Users/admin/builder/spi-builder-workspace/.dependencies/checkouts/XcodeProj/Sources/XcodeProj/Project/WorkspaceSettings.swift /Users/admin/builder/spi-builder-workspace/.dependencies/checkouts/XcodeProj/Sources/XcodeProj/Project/XCBreakpointList.swift /Users/admin/builder/spi-builder-workspace/.dependencies/checkouts/XcodeProj/Sources/XcodeProj/Project/XCDebugger.swift /Users/admin/builder/spi-builder-workspace/.dependencies/checkouts/XcodeProj/Sources/XcodeProj/Project/XCSharedData.swift /Users/admin/builder/spi-builder-workspace/.dependencies/checkouts/XcodeProj/Sources/XcodeProj/Project/XCUserData.swift /Users/admin/builder/spi-builder-workspace/.dependencies/checkouts/XcodeProj/Sources/XcodeProj/Project/Xcode.swift /Users/admin/builder/spi-builder-workspace/.dependencies/checkouts/XcodeProj/Sources/XcodeProj/Project/XcodeProj.swift /Users/admin/builder/spi-builder-workspace/.dependencies/checkouts/XcodeProj/Sources/XcodeProj/Protocols/Writable.swift /Users/admin/builder/spi-builder-workspace/.dependencies/checkouts/XcodeProj/Sources/XcodeProj/Scheme/XCScheme+AditionalOption.swift /Users/admin/builder/spi-builder-workspace/.dependencies/checkouts/XcodeProj/Sources/XcodeProj/Scheme/XCScheme+AnalyzeAction.swift /Users/admin/builder/spi-builder-workspace/.dependencies/checkouts/XcodeProj/Sources/XcodeProj/Scheme/XCScheme+ArchiveAction.swift /Users/admin/builder/spi-builder-workspace/.dependencies/checkouts/XcodeProj/Sources/XcodeProj/Scheme/XCScheme+BuildAction.swift /Users/admin/builder/spi-builder-workspace/.dependencies/checkouts/XcodeProj/Sources/XcodeProj/Scheme/XCScheme+BuildableProductRunnable.swift /Users/admin/builder/spi-builder-workspace/.dependencies/checkouts/XcodeProj/Sources/XcodeProj/Scheme/XCScheme+BuildableReference.swift /Users/admin/builder/spi-builder-workspace/.dependencies/checkouts/XcodeProj/Sources/XcodeProj/Scheme/XCScheme+CommandLineArguments.swift /Users/admin/builder/spi-builder-workspace/.dependencies/checkouts/XcodeProj/Sources/XcodeProj/Scheme/XCScheme+EnvironmentVariable.swift /Users/admin/builder/spi-builder-workspace/.dependencies/checkouts/XcodeProj/Sources/XcodeProj/Scheme/XCScheme+ExecutionAction.swift /Users/admin/builder/spi-builder-workspace/.dependencies/checkouts/XcodeProj/Sources/XcodeProj/Scheme/XCScheme+LaunchAction.swift /Users/admin/builder/spi-builder-workspace/.dependencies/checkouts/XcodeProj/Sources/XcodeProj/Scheme/XCScheme+LocationScenarioReference.swift /Users/admin/builder/spi-builder-workspace/.dependencies/checkouts/XcodeProj/Sources/XcodeProj/Scheme/XCScheme+PathRunnable.swift /Users/admin/builder/spi-builder-workspace/.dependencies/checkouts/XcodeProj/Sources/XcodeProj/Scheme/XCScheme+ProfileAction.swift /Users/admin/builder/spi-builder-workspace/.dependencies/checkouts/XcodeProj/Sources/XcodeProj/Scheme/XCScheme+RemoteRunnable.swift /Users/admin/builder/spi-builder-workspace/.dependencies/checkouts/XcodeProj/Sources/XcodeProj/Scheme/XCScheme+Runnable.swift /Users/admin/builder/spi-builder-workspace/.dependencies/checkouts/XcodeProj/Sources/XcodeProj/Scheme/XCScheme+SerialAction.swift /Users/admin/builder/spi-builder-workspace/.dependencies/checkouts/XcodeProj/Sources/XcodeProj/Scheme/XCScheme+StoreKitConfigurationFileReference.swift /Users/admin/builder/spi-builder-workspace/.dependencies/checkouts/XcodeProj/Sources/XcodeProj/Scheme/XCScheme+TestAction.swift /Users/admin/builder/spi-builder-workspace/.dependencies/checkouts/XcodeProj/Sources/XcodeProj/Scheme/XCScheme+TestItem.swift /Users/admin/builder/spi-builder-workspace/.dependencies/checkouts/XcodeProj/Sources/XcodeProj/Scheme/XCScheme+TestParallelization.swift /Users/admin/builder/spi-builder-workspace/.dependencies/checkouts/XcodeProj/Sources/XcodeProj/Scheme/XCScheme+TestPlanReference.swift /Users/admin/builder/spi-builder-workspace/.dependencies/checkouts/XcodeProj/Sources/XcodeProj/Scheme/XCScheme+TestableReference.swift /Users/admin/builder/spi-builder-workspace/.dependencies/checkouts/XcodeProj/Sources/XcodeProj/Scheme/XCScheme.swift /Users/admin/builder/spi-builder-workspace/.dependencies/checkouts/XcodeProj/Sources/XcodeProj/Scheme/XCSchemeManagement.swift /Users/admin/builder/spi-builder-workspace/.dependencies/checkouts/XcodeProj/Sources/XcodeProj/Utils/BuildSettingsProvider.swift /Users/admin/builder/spi-builder-workspace/.dependencies/checkouts/XcodeProj/Sources/XcodeProj/Utils/Collection+Extras.swift /Users/admin/builder/spi-builder-workspace/.dependencies/checkouts/XcodeProj/Sources/XcodeProj/Utils/CommentedString.swift /Users/admin/builder/spi-builder-workspace/.dependencies/checkouts/XcodeProj/Sources/XcodeProj/Utils/Decoders.swift /Users/admin/builder/spi-builder-workspace/.dependencies/checkouts/XcodeProj/Sources/XcodeProj/Utils/JSONDecoding.swift /Users/admin/builder/spi-builder-workspace/.dependencies/checkouts/XcodeProj/Sources/XcodeProj/Utils/PBXBatchUpdater.swift /Users/admin/builder/spi-builder-workspace/.dependencies/checkouts/XcodeProj/Sources/XcodeProj/Utils/PlistDecoding.swift /Users/admin/builder/spi-builder-workspace/.dependencies/checkouts/XcodeProj/Sources/XcodeProj/Utils/PlistValue.swift /Users/admin/builder/spi-builder-workspace/.dependencies/checkouts/XcodeProj/Sources/XcodeProj/Utils/ReferenceGenerator.swift /Users/admin/builder/spi-builder-workspace/.dependencies/checkouts/XcodeProj/Sources/XcodeProj/Utils/XCConfig.swift /Users/admin/builder/spi-builder-workspace/.dependencies/checkouts/XcodeProj/Sources/XcodeProj/Workspace/XCWorkspace.swift /Users/admin/builder/spi-builder-workspace/.dependencies/checkouts/XcodeProj/Sources/XcodeProj/Workspace/XCWorkspaceData.swift /Users/admin/builder/spi-builder-workspace/.dependencies/checkouts/XcodeProj/Sources/XcodeProj/Workspace/XCWorkspaceDataElement.swift /Users/admin/builder/spi-builder-workspace/.dependencies/checkouts/XcodeProj/Sources/XcodeProj/Workspace/XCWorkspaceDataElementLocationType.swift /Users/admin/builder/spi-builder-workspace/.dependencies/checkouts/XcodeProj/Sources/XcodeProj/Workspace/XCWorkspaceDataFileRef.swift /Users/admin/builder/spi-builder-workspace/.dependencies/checkouts/XcodeProj/Sources/XcodeProj/Workspace/XCWorkspaceDataGroup.swift /Users/admin/builder/spi-builder-workspace/.dependencies/checkouts/XcodeProj/Sources/XcodeProj/XCProj/Mapping/BuildFileAttributesMapping.swift /Users/admin/builder/spi-builder-workspace/.dependencies/checkouts/XcodeProj/Sources/XcodeProj/XCProj/Mapping/BuildSettingsMapping.swift /Users/admin/builder/spi-builder-workspace/.dependencies/checkouts/XcodeProj/Sources/XcodeProj/XCProj/Mapping/FilePathMapping.swift /Users/admin/builder/spi-builder-workspace/.dependencies/checkouts/XcodeProj/Sources/XcodeProj/XCProj/Mapping/ValueMapping.swift /Users/admin/builder/spi-builder-workspace/.dependencies/checkouts/XcodeProj/Sources/XcodeProj/XCProj/Mapping/XCProjPathHelpers.swift /Users/admin/builder/spi-builder-workspace/.dependencies/checkouts/XcodeProj/Sources/XcodeProj/XCProj/PBXProj+XCProj.swift /Users/admin/builder/spi-builder-workspace/.dependencies/checkouts/XcodeProj/Sources/XcodeProj/XCProj/ProjectFormat.swift /Users/admin/builder/spi-builder-workspace/.dependencies/checkouts/XcodeProj/Sources/XcodeProj/XCProj/XCProjDecoder.swift /Users/admin/builder/spi-builder-workspace/.dependencies/checkouts/XcodeProj/Sources/XcodeProj/XCProj/XCProjEncoder.swift /Users/admin/builder/spi-builder-workspace/.dependencies/checkouts/XcodeProj/Sources/XcodeProj/XCProj/XCProjError.swift /Users/admin/builder/spi-builder-workspace/.dependencies/checkouts/XcodeProj/Sources/XcodeProj/XCProj/XCProjOutputSettings.swift -supplementary-output-file-map /Users/admin/builder/spi-builder-workspace/.derivedData/Build/Intermediates.noindex/XcodeProj.build/Debug-xros/XcodeProj-t.build/Objects-normal/arm64/supplementaryOutputs-22 -target arm64-apple-xros1.0 -module-can-import-version CryptoKit 383.7.1 0 -disable-cross-import-overlay-search -load-resolved-plugin /Applications/Xcode-27.0.0.app/Contents/Developer/Platforms/XROS.platform/Developer/usr/lib/swift/host/plugins/libFoundationMacros.dylib\#/Applications/Xcode-27.0.0.app/Contents/Developer/Platforms/XROS.platform/Developer/usr/bin/swift-plugin-server\#FoundationMacros -load-resolved-plugin /Applications/Xcode-27.0.0.app/Contents/Developer/Platforms/XROS.platform/Developer/usr/lib/swift/host/plugins/libObservationMacros.dylib\#/Applications/Xcode-27.0.0.app/Contents/Developer/Platforms/XROS.platform/Developer/usr/bin/swift-plugin-server\#ObservationMacros -load-resolved-plugin /Applications/Xcode-27.0.0.app/Contents/Developer/Platforms/XROS.platform/Developer/usr/lib/swift/host/plugins/libSwiftMacros.dylib\#/Applications/Xcode-27.0.0.app/Contents/Developer/Platforms/XROS.platform/Developer/usr/bin/swift-plugin-server\#SwiftMacros -disable-implicit-swift-modules -Xcc -fno-implicit-modules -Xcc -fno-implicit-module-maps -explicit-swift-module-map-file /Users/admin/builder/spi-builder-workspace/.derivedData/Build/Intermediates.noindex/XcodeProj.build/Debug-xros/XcodeProj-t.build/Objects-normal/arm64/XcodeProj-dependencies-1.json -Xllvm -aarch64-use-tbi -enable-objc-interop -stack-check -sdk /Applications/Xcode-27.0.0.app/Contents/Developer/Platforms/XROS.platform/Developer/SDKs/XROS27.0.sdk -I /Users/admin/builder/spi-builder-workspace/.derivedData/Build/Products/Debug-xros -Isystem /Applications/Xcode-27.0.0.app/Contents/Developer/Platforms/XROS.platform/Developer/usr/lib -F /Users/admin/builder/spi-builder-workspace/.derivedData/Build/Products/Debug-xros/PackageFrameworks -F /Users/admin/builder/spi-builder-workspace/.derivedData/Build/Products/Debug-xros -F /Applications/Xcode-27.0.0.app/Contents/Developer/Platforms/XROS.platform/Developer/Library/Frameworks -F /Applications/Xcode-27.0.0.app/Contents/Developer/Platforms/XROS.platform/Developer/SDKs/XROS27.0.sdk/Developer/Library/Frameworks -module-cache-path /Users/admin/builder/spi-builder-workspace/.derivedData/Build/Intermediates.noindex/SwiftExplicitPrecompiledModules -no-color-diagnostics -Xcc -fno-color-diagnostics -enable-testing -g -debug-info-format\=dwarf -dwarf-version\=4 -suppress-warnings -profile-generate -profile-coverage-mapping -swift-version 6 -Onone -D SWIFT_PACKAGE -D DEBUG -D SWIFT_MODULE_RESOURCE_BUNDLE_UNAVAILABLE -D Xcode -serialize-debugging-options -enable-experimental-feature StrictConcurrency -enable-experimental-feature DebugDescriptionMacro -empty-abi-descriptor -user-module-version 9.17.5 -validate-clang-modules-once -clang-build-session-file /Users/admin/builder/spi-builder-workspace/.derivedData/ModuleCache.noindex/Session.modulevalidation -Xcc -working-directory -Xcc /Users/admin/builder/spi-builder-workspace/.swiftpm/xcode -enable-anonymous-context-mangled-names -file-compilation-dir /Users/admin/builder/spi-builder-workspace/.swiftpm/xcode -Xcc -D_LIBCPP_HARDENING_MODE\=_LIBCPP_HARDENING_MODE_DEBUG -Xcc -ivfsstatcache -Xcc /Users/admin/builder/spi-builder-workspace/.derivedData/SDKStatCaches.noindex/xros27.0-24M361-e829b21a6f8c9b70876ba0858053c04489c3c372b822c72ca60ec5271cbc7f3c.sdkstatcache -Xcc -fmodules-prune-interval\=86400 -Xcc -fmodules-prune-after\=345600 -Xcc -I/Users/admin/builder/spi-builder-workspace/.derivedData/Build/Products/Debug-xros/include -Xcc -I/Users/admin/builder/spi-builder-workspace/.derivedData/Build/Intermediates.noindex/XcodeProj.build/Debug-xros/XcodeProj-t.build/DerivedSources-normal/arm64 -Xcc -I/Users/admin/builder/spi-builder-workspace/.derivedData/Build/Intermediates.noindex/XcodeProj.build/Debug-xros/XcodeProj-t.build/DerivedSources/arm64 -Xcc -I/Users/admin/builder/spi-builder-workspace/.derivedData/Build/Intermediates.noindex/XcodeProj.build/Debug-xros/XcodeProj-t.build/DerivedSources -Xcc -DSWIFT_PACKAGE -Xcc -DDEBUG\=1 -no-auto-bridging-header-chaining -module-name XcodeProj -package-name xcodeproj -const-gather-protocols-file /Users/admin/builder/spi-builder-workspace/.derivedData/Build/Intermediates.noindex/XcodeProj.build/Debug-xros/XcodeProj-t.build/Objects-normal/arm64/XcodeProj_const_extract_protocols.json -disable-clang-spi -clang-target arm64-apple-xros27.0 -target-sdk-version 27.0 -target-sdk-name xros27.0 -in-process-plugin-server-path /Applications/Xcode-27.0.0.app/Contents/Developer/Toolchains/XcodeDefault.xctoolchain/usr/lib/swift/host/libSwiftInProcPluginServer.dylib -parse-as-library -o /Users/admin/builder/spi-builder-workspace/.derivedData/Build/Intermediates.noindex/XcodeProj.build/Debug-xros/XcodeProj-t.build/Objects-normal/arm64/Errors.o -o /Users/admin/builder/spi-builder-workspace/.derivedData/Build/Intermediates.noindex/XcodeProj.build/Debug-xros/XcodeProj-t.build/Objects-normal/arm64/AEXML+XcodeFormat.o -o /Users/admin/builder/spi-builder-workspace/.derivedData/Build/Intermediates.noindex/XcodeProj.build/Debug-xros/XcodeProj-t.build/Objects-normal/arm64/Array+Extras.o -o /Users/admin/builder/spi-builder-workspace/.derivedData/Build/Intermediates.noindex/XcodeProj.build/Debug-xros/XcodeProj-t.build/Objects-normal/arm64/Bool+Extras.o -o /Users/admin/builder/spi-builder-workspace/.derivedData/Build/Intermediates.noindex/XcodeProj.build/Debug-xros/XcodeProj-t.build/Objects-normal/arm64/KeyedDecodingContainer+Additions.o -o /Users/admin/builder/spi-builder-workspace/.derivedData/Build/Intermediates.noindex/XcodeProj.build/Debug-xros/XcodeProj-t.build/Objects-normal/arm64/NSRecursiveLock+Sync.o -o /Users/admin/builder/spi-builder-workspace/.derivedData/Build/Intermediates.noindex/XcodeProj.build/Debug-xros/XcodeProj-t.build/Objects-normal/arm64/Path+Extras.o -o /Users/admin/builder/spi-builder-workspace/.derivedData/Build/Intermediates.noindex/XcodeProj.build/Debug-xros/XcodeProj-t.build/Objects-normal/arm64/String+Utils.o -o /Users/admin/builder/spi-builder-workspace/.derivedData/Build/Intermediates.noindex/XcodeProj.build/Debug-xros/XcodeProj-t.build/Objects-normal/arm64/String+md5.o -o /Users/admin/builder/spi-builder-workspace/.derivedData/Build/Intermediates.noindex/XcodeProj.build/Debug-xros/XcodeProj-t.build/Objects-normal/arm64/BuildFileSetting.o -o /Users/admin/builder/spi-builder-workspace/.derivedData/Build/Intermediates.noindex/XcodeProj.build/Debug-xros/XcodeProj-t.build/Objects-normal/arm64/BuildPhase.o -o /Users/admin/builder/spi-builder-workspace/.derivedData/Build/Intermediates.noindex/XcodeProj.build/Debug-xros/XcodeProj-t.build/Objects-normal/arm64/PBXBuildFile.o -debug-module-path /Users/admin/builder/spi-builder-workspace/.derivedData/Build/Intermediates.noindex/XcodeProj.build/Debug-xros/XcodeProj-t.build/Objects-normal/arm64/XcodeProj.swiftmodule -index-unit-output-path /XcodeProj.build/Debug-xros/XcodeProj-t.build/Objects-normal/arm64/Errors.o -index-unit-output-path /XcodeProj.build/Debug-xros/XcodeProj-t.build/Objects-normal/arm64/AEXML+XcodeFormat.o -index-unit-output-path /XcodeProj.build/Debug-xros/XcodeProj-t.build/Objects-normal/arm64/Array+Extras.o -index-unit-output-path /XcodeProj.build/Debug-xros/XcodeProj-t.build/Objects-normal/arm64/Bool+Extras.o -index-unit-output-path /XcodeProj.build/Debug-xros/XcodeProj-t.build/Objects-normal/arm64/KeyedDecodingContainer+Additions.o -index-unit-output-path /XcodeProj.build/Debug-xros/XcodeProj-t.build/Objects-normal/arm64/NSRecursiveLock+Sync.o -index-unit-output-path /XcodeProj.build/Debug-xros/XcodeProj-t.build/Objects-normal/arm64/Path+Extras.o -index-unit-output-path /XcodeProj.build/Debug-xros/XcodeProj-t.build/Objects-normal/arm64/String+Utils.o -index-unit-output-path /XcodeProj.build/Debug-xros/XcodeProj-t.build/Objects-normal/arm64/String+md5.o -index-unit-output-path /XcodeProj.build/Debug-xros/XcodeProj-t.build/Objects-normal/arm64/BuildFileSetting.o -index-unit-output-path /XcodeProj.build/Debug-xros/XcodeProj-t.build/Objects-normal/arm64/BuildPhase.o -index-unit-output-path /XcodeProj.build/Debug-xros/XcodeProj-t.build/Objects-normal/arm64/PBXBuildFile.o -index-store-path /Users/admin/builder/spi-builder-workspace/.derivedData/Index.noindex/DataStore -index-system-modules
SwiftCompile normal arm64 /Users/admin/builder/spi-builder-workspace/.dependencies/checkouts/XcodeProj/Sources/XcodeProj/Errors/Errors.swift (in target 'XcodeProj' from project 'XcodeProj')
    cd /Users/admin/builder/spi-builder-workspace/.swiftpm/xcode
    builtin-SwiftPerFileCompile Errors.swift
SwiftCompile normal arm64 /Users/admin/builder/spi-builder-workspace/.dependencies/checkouts/XcodeProj/Sources/XcodeProj/Extensions/AEXML+XcodeFormat.swift (in target 'XcodeProj' from project 'XcodeProj')
    cd /Users/admin/builder/spi-builder-workspace/.swiftpm/xcode
    builtin-SwiftPerFileCompile AEXML+XcodeFormat.swift
SwiftCompile normal arm64 /Users/admin/builder/spi-builder-workspace/.dependencies/checkouts/XcodeProj/Sources/XcodeProj/Extensions/Array+Extras.swift (in target 'XcodeProj' from project 'XcodeProj')
    cd /Users/admin/builder/spi-builder-workspace/.swiftpm/xcode
    builtin-SwiftPerFileCompile Array+Extras.swift
SwiftCompile normal arm64 /Users/admin/builder/spi-builder-workspace/.dependencies/checkouts/XcodeProj/Sources/XcodeProj/Extensions/Bool+Extras.swift (in target 'XcodeProj' from project 'XcodeProj')
    cd /Users/admin/builder/spi-builder-workspace/.swiftpm/xcode
    builtin-SwiftPerFileCompile Bool+Extras.swift
SwiftCompile normal arm64 /Users/admin/builder/spi-builder-workspace/.dependencies/checkouts/XcodeProj/Sources/XcodeProj/Extensions/KeyedDecodingContainer+Additions.swift (in target 'XcodeProj' from project 'XcodeProj')
    cd /Users/admin/builder/spi-builder-workspace/.swiftpm/xcode
    builtin-SwiftPerFileCompile KeyedDecodingContainer+Additions.swift
SwiftCompile normal arm64 /Users/admin/builder/spi-builder-workspace/.dependencies/checkouts/XcodeProj/Sources/XcodeProj/Extensions/NSRecursiveLock+Sync.swift (in target 'XcodeProj' from project 'XcodeProj')
    cd /Users/admin/builder/spi-builder-workspace/.swiftpm/xcode
    builtin-SwiftPerFileCompile NSRecursiveLock+Sync.swift
SwiftCompile normal arm64 /Users/admin/builder/spi-builder-workspace/.dependencies/checkouts/XcodeProj/Sources/XcodeProj/Extensions/Path+Extras.swift (in target 'XcodeProj' from project 'XcodeProj')
    cd /Users/admin/builder/spi-builder-workspace/.swiftpm/xcode
    builtin-SwiftPerFileCompile Path+Extras.swift
SwiftCompile normal arm64 /Users/admin/builder/spi-builder-workspace/.dependencies/checkouts/XcodeProj/Sources/XcodeProj/Extensions/String+Utils.swift (in target 'XcodeProj' from project 'XcodeProj')
    cd /Users/admin/builder/spi-builder-workspace/.swiftpm/xcode
    builtin-SwiftPerFileCompile String+Utils.swift
SwiftCompile normal arm64 /Users/admin/builder/spi-builder-workspace/.dependencies/checkouts/XcodeProj/Sources/XcodeProj/Extensions/String+md5.swift (in target 'XcodeProj' from project 'XcodeProj')
    cd /Users/admin/builder/spi-builder-workspace/.swiftpm/xcode
    builtin-SwiftPerFileCompile String+md5.swift
SwiftCompile normal arm64 /Users/admin/builder/spi-builder-workspace/.dependencies/checkouts/XcodeProj/Sources/XcodeProj/Objects/BuildPhase/BuildFileSetting.swift (in target 'XcodeProj' from project 'XcodeProj')
    cd /Users/admin/builder/spi-builder-workspace/.swiftpm/xcode
    builtin-SwiftPerFileCompile BuildFileSetting.swift
SwiftCompile normal arm64 /Users/admin/builder/spi-builder-workspace/.dependencies/checkouts/XcodeProj/Sources/XcodeProj/Objects/BuildPhase/BuildPhase.swift (in target 'XcodeProj' from project 'XcodeProj')
    cd /Users/admin/builder/spi-builder-workspace/.swiftpm/xcode
    builtin-SwiftPerFileCompile BuildPhase.swift
SwiftCompile normal arm64 /Users/admin/builder/spi-builder-workspace/.dependencies/checkouts/XcodeProj/Sources/XcodeProj/Objects/BuildPhase/PBXBuildFile.swift (in target 'XcodeProj' from project 'XcodeProj')
    cd /Users/admin/builder/spi-builder-workspace/.swiftpm/xcode
    builtin-SwiftPerFileCompile PBXBuildFile.swift
SwiftCompile normal arm64 Compiling\ PBXBatchUpdater.swift,\ PlistDecoding.swift,\ PlistValue.swift,\ ReferenceGenerator.swift,\ XCConfig.swift,\ XCWorkspace.swift,\ XCWorkspaceData.swift,\ XCWorkspaceDataElement.swift,\ XCWorkspaceDataElementLocationType.swift,\ XCWorkspaceDataFileRef.swift,\ XCWorkspaceDataGroup.swift /Users/admin/builder/spi-builder-workspace/.dependencies/checkouts/XcodeProj/Sources/XcodeProj/Utils/PBXBatchUpdater.swift /Users/admin/builder/spi-builder-workspace/.dependencies/checkouts/XcodeProj/Sources/XcodeProj/Utils/PlistDecoding.swift /Users/admin/builder/spi-builder-workspace/.dependencies/checkouts/XcodeProj/Sources/XcodeProj/Utils/PlistValue.swift /Users/admin/builder/spi-builder-workspace/.dependencies/checkouts/XcodeProj/Sources/XcodeProj/Utils/ReferenceGenerator.swift /Users/admin/builder/spi-builder-workspace/.dependencies/checkouts/XcodeProj/Sources/XcodeProj/Utils/XCConfig.swift /Users/admin/builder/spi-builder-workspace/.dependencies/checkouts/XcodeProj/Sources/XcodeProj/Workspace/XCWorkspace.swift /Users/admin/builder/spi-builder-workspace/.dependencies/checkouts/XcodeProj/Sources/XcodeProj/Workspace/XCWorkspaceData.swift /Users/admin/builder/spi-builder-workspace/.dependencies/checkouts/XcodeProj/Sources/XcodeProj/Workspace/XCWorkspaceDataElement.swift /Users/admin/builder/spi-builder-workspace/.dependencies/checkouts/XcodeProj/Sources/XcodeProj/Workspace/XCWorkspaceDataElementLocationType.swift /Users/admin/builder/spi-builder-workspace/.dependencies/checkouts/XcodeProj/Sources/XcodeProj/Workspace/XCWorkspaceDataFileRef.swift /Users/admin/builder/spi-builder-workspace/.dependencies/checkouts/XcodeProj/Sources/XcodeProj/Workspace/XCWorkspaceDataGroup.swift (in target 'XcodeProj' from project 'XcodeProj')
SwiftCompile normal arm64 /Users/admin/builder/spi-builder-workspace/.dependencies/checkouts/XcodeProj/Sources/XcodeProj/Utils/PBXBatchUpdater.swift (in target 'XcodeProj' from project 'XcodeProj')
    cd /Users/admin/builder/spi-builder-workspace/.swiftpm/xcode
    builtin-SwiftPerFileCompile PBXBatchUpdater.swift
SwiftCompile normal arm64 /Users/admin/builder/spi-builder-workspace/.dependencies/checkouts/XcodeProj/Sources/XcodeProj/Utils/PlistDecoding.swift (in target 'XcodeProj' from project 'XcodeProj')
    cd /Users/admin/builder/spi-builder-workspace/.swiftpm/xcode
    builtin-SwiftPerFileCompile PlistDecoding.swift
SwiftCompile normal arm64 /Users/admin/builder/spi-builder-workspace/.dependencies/checkouts/XcodeProj/Sources/XcodeProj/Utils/PlistValue.swift (in target 'XcodeProj' from project 'XcodeProj')
    cd /Users/admin/builder/spi-builder-workspace/.swiftpm/xcode
    builtin-SwiftPerFileCompile PlistValue.swift
SwiftCompile normal arm64 /Users/admin/builder/spi-builder-workspace/.dependencies/checkouts/XcodeProj/Sources/XcodeProj/Utils/ReferenceGenerator.swift (in target 'XcodeProj' from project 'XcodeProj')
    cd /Users/admin/builder/spi-builder-workspace/.swiftpm/xcode
    builtin-SwiftPerFileCompile ReferenceGenerator.swift
SwiftCompile normal arm64 /Users/admin/builder/spi-builder-workspace/.dependencies/checkouts/XcodeProj/Sources/XcodeProj/Utils/XCConfig.swift (in target 'XcodeProj' from project 'XcodeProj')
    cd /Users/admin/builder/spi-builder-workspace/.swiftpm/xcode
    builtin-SwiftPerFileCompile XCConfig.swift
SwiftCompile normal arm64 /Users/admin/builder/spi-builder-workspace/.dependencies/checkouts/XcodeProj/Sources/XcodeProj/Workspace/XCWorkspace.swift (in target 'XcodeProj' from project 'XcodeProj')
    cd /Users/admin/builder/spi-builder-workspace/.swiftpm/xcode
    builtin-SwiftPerFileCompile XCWorkspace.swift
SwiftCompile normal arm64 /Users/admin/builder/spi-builder-workspace/.dependencies/checkouts/XcodeProj/Sources/XcodeProj/Workspace/XCWorkspaceData.swift (in target 'XcodeProj' from project 'XcodeProj')
    cd /Users/admin/builder/spi-builder-workspace/.swiftpm/xcode
    builtin-SwiftPerFileCompile XCWorkspaceData.swift
SwiftCompile normal arm64 /Users/admin/builder/spi-builder-workspace/.dependencies/checkouts/XcodeProj/Sources/XcodeProj/Workspace/XCWorkspaceDataElement.swift (in target 'XcodeProj' from project 'XcodeProj')
    cd /Users/admin/builder/spi-builder-workspace/.swiftpm/xcode
    builtin-SwiftPerFileCompile XCWorkspaceDataElement.swift
SwiftCompile normal arm64 /Users/admin/builder/spi-builder-workspace/.dependencies/checkouts/XcodeProj/Sources/XcodeProj/Workspace/XCWorkspaceDataElementLocationType.swift (in target 'XcodeProj' from project 'XcodeProj')
    cd /Users/admin/builder/spi-builder-workspace/.swiftpm/xcode
    builtin-SwiftPerFileCompile XCWorkspaceDataElementLocationType.swift
SwiftCompile normal arm64 /Users/admin/builder/spi-builder-workspace/.dependencies/checkouts/XcodeProj/Sources/XcodeProj/Workspace/XCWorkspaceDataFileRef.swift (in target 'XcodeProj' from project 'XcodeProj')
    cd /Users/admin/builder/spi-builder-workspace/.swiftpm/xcode
    builtin-SwiftPerFileCompile XCWorkspaceDataFileRef.swift
SwiftCompile normal arm64 /Users/admin/builder/spi-builder-workspace/.dependencies/checkouts/XcodeProj/Sources/XcodeProj/Workspace/XCWorkspaceDataGroup.swift (in target 'XcodeProj' from project 'XcodeProj')
    cd /Users/admin/builder/spi-builder-workspace/.swiftpm/xcode
    builtin-SwiftPerFileCompile XCWorkspaceDataGroup.swift
SwiftCompile normal arm64 Compiling\ XCScheme+TestItem.swift,\ XCScheme+TestParallelization.swift,\ XCScheme+TestPlanReference.swift,\ XCScheme+TestableReference.swift,\ XCScheme.swift,\ XCSchemeManagement.swift,\ BuildSettingsProvider.swift,\ Collection+Extras.swift,\ CommentedString.swift,\ Decoders.swift,\ JSONDecoding.swift /Users/admin/builder/spi-builder-workspace/.dependencies/checkouts/XcodeProj/Sources/XcodeProj/Scheme/XCScheme+TestItem.swift /Users/admin/builder/spi-builder-workspace/.dependencies/checkouts/XcodeProj/Sources/XcodeProj/Scheme/XCScheme+TestParallelization.swift /Users/admin/builder/spi-builder-workspace/.dependencies/checkouts/XcodeProj/Sources/XcodeProj/Scheme/XCScheme+TestPlanReference.swift /Users/admin/builder/spi-builder-workspace/.dependencies/checkouts/XcodeProj/Sources/XcodeProj/Scheme/XCScheme+TestableReference.swift /Users/admin/builder/spi-builder-workspace/.dependencies/checkouts/XcodeProj/Sources/XcodeProj/Scheme/XCScheme.swift /Users/admin/builder/spi-builder-workspace/.dependencies/checkouts/XcodeProj/Sources/XcodeProj/Scheme/XCSchemeManagement.swift /Users/admin/builder/spi-builder-workspace/.dependencies/checkouts/XcodeProj/Sources/XcodeProj/Utils/BuildSettingsProvider.swift /Users/admin/builder/spi-builder-workspace/.dependencies/checkouts/XcodeProj/Sources/XcodeProj/Utils/Collection+Extras.swift /Users/admin/builder/spi-builder-workspace/.dependencies/checkouts/XcodeProj/Sources/XcodeProj/Utils/CommentedString.swift /Users/admin/builder/spi-builder-workspace/.dependencies/checkouts/XcodeProj/Sources/XcodeProj/Utils/Decoders.swift /Users/admin/builder/spi-builder-workspace/.dependencies/checkouts/XcodeProj/Sources/XcodeProj/Utils/JSONDecoding.swift (in target 'XcodeProj' from project 'XcodeProj')
SwiftCompile normal arm64 /Users/admin/builder/spi-builder-workspace/.dependencies/checkouts/XcodeProj/Sources/XcodeProj/Scheme/XCScheme+TestItem.swift (in target 'XcodeProj' from project 'XcodeProj')
    cd /Users/admin/builder/spi-builder-workspace/.swiftpm/xcode
    builtin-SwiftPerFileCompile XCScheme+TestItem.swift
SwiftCompile normal arm64 /Users/admin/builder/spi-builder-workspace/.dependencies/checkouts/XcodeProj/Sources/XcodeProj/Scheme/XCScheme+TestParallelization.swift (in target 'XcodeProj' from project 'XcodeProj')
    cd /Users/admin/builder/spi-builder-workspace/.swiftpm/xcode
    builtin-SwiftPerFileCompile XCScheme+TestParallelization.swift
SwiftCompile normal arm64 /Users/admin/builder/spi-builder-workspace/.dependencies/checkouts/XcodeProj/Sources/XcodeProj/Scheme/XCScheme+TestPlanReference.swift (in target 'XcodeProj' from project 'XcodeProj')
    cd /Users/admin/builder/spi-builder-workspace/.swiftpm/xcode
    builtin-SwiftPerFileCompile XCScheme+TestPlanReference.swift
SwiftCompile normal arm64 /Users/admin/builder/spi-builder-workspace/.dependencies/checkouts/XcodeProj/Sources/XcodeProj/Scheme/XCScheme+TestableReference.swift (in target 'XcodeProj' from project 'XcodeProj')
    cd /Users/admin/builder/spi-builder-workspace/.swiftpm/xcode
    builtin-SwiftPerFileCompile XCScheme+TestableReference.swift
SwiftCompile normal arm64 /Users/admin/builder/spi-builder-workspace/.dependencies/checkouts/XcodeProj/Sources/XcodeProj/Scheme/XCScheme.swift (in target 'XcodeProj' from project 'XcodeProj')
    cd /Users/admin/builder/spi-builder-workspace/.swiftpm/xcode
    builtin-SwiftPerFileCompile XCScheme.swift
SwiftCompile normal arm64 /Users/admin/builder/spi-builder-workspace/.dependencies/checkouts/XcodeProj/Sources/XcodeProj/Scheme/XCSchemeManagement.swift (in target 'XcodeProj' from project 'XcodeProj')
    cd /Users/admin/builder/spi-builder-workspace/.swiftpm/xcode
    builtin-SwiftPerFileCompile XCSchemeManagement.swift
SwiftCompile normal arm64 /Users/admin/builder/spi-builder-workspace/.dependencies/checkouts/XcodeProj/Sources/XcodeProj/Utils/BuildSettingsProvider.swift (in target 'XcodeProj' from project 'XcodeProj')
    cd /Users/admin/builder/spi-builder-workspace/.swiftpm/xcode
    builtin-SwiftPerFileCompile BuildSettingsProvider.swift
SwiftCompile normal arm64 /Users/admin/builder/spi-builder-workspace/.dependencies/checkouts/XcodeProj/Sources/XcodeProj/Utils/Collection+Extras.swift (in target 'XcodeProj' from project 'XcodeProj')
    cd /Users/admin/builder/spi-builder-workspace/.swiftpm/xcode
    builtin-SwiftPerFileCompile Collection+Extras.swift
SwiftCompile normal arm64 /Users/admin/builder/spi-builder-workspace/.dependencies/checkouts/XcodeProj/Sources/XcodeProj/Utils/CommentedString.swift (in target 'XcodeProj' from project 'XcodeProj')
    cd /Users/admin/builder/spi-builder-workspace/.swiftpm/xcode
    builtin-SwiftPerFileCompile CommentedString.swift
SwiftCompile normal arm64 /Users/admin/builder/spi-builder-workspace/.dependencies/checkouts/XcodeProj/Sources/XcodeProj/Utils/Decoders.swift (in target 'XcodeProj' from project 'XcodeProj')
    cd /Users/admin/builder/spi-builder-workspace/.swiftpm/xcode
    builtin-SwiftPerFileCompile Decoders.swift
SwiftCompile normal arm64 /Users/admin/builder/spi-builder-workspace/.dependencies/checkouts/XcodeProj/Sources/XcodeProj/Utils/JSONDecoding.swift (in target 'XcodeProj' from project 'XcodeProj')
    cd /Users/admin/builder/spi-builder-workspace/.swiftpm/xcode
    builtin-SwiftPerFileCompile JSONDecoding.swift
SwiftCompile normal arm64 Compiling\ PBXBuildPhase.swift,\ PBXBuildRule.swift,\ PBXCopyFilesBuildPhase.swift,\ PBXFrameworksBuildPhase.swift,\ PBXHeadersBuildPhase.swift,\ PBXResourcesBuildPhase.swift,\ PBXRezBuildPhase.swift,\ PBXShellScriptBuildPhase.swift,\ PBXSourcesBuildPhase.swift,\ BuildSettings.swift,\ XCBuildConfiguration.swift,\ XCConfigurationList.swift /Users/admin/builder/spi-builder-workspace/.dependencies/checkouts/XcodeProj/Sources/XcodeProj/Objects/BuildPhase/PBXBuildPhase.swift /Users/admin/builder/spi-builder-workspace/.dependencies/checkouts/XcodeProj/Sources/XcodeProj/Objects/BuildPhase/PBXBuildRule.swift /Users/admin/builder/spi-builder-workspace/.dependencies/checkouts/XcodeProj/Sources/XcodeProj/Objects/BuildPhase/PBXCopyFilesBuildPhase.swift /Users/admin/builder/spi-builder-workspace/.dependencies/checkouts/XcodeProj/Sources/XcodeProj/Objects/BuildPhase/PBXFrameworksBuildPhase.swift /Users/admin/builder/spi-builder-workspace/.dependencies/checkouts/XcodeProj/Sources/XcodeProj/Objects/BuildPhase/PBXHeadersBuildPhase.swift /Users/admin/builder/spi-builder-workspace/.dependencies/checkouts/XcodeProj/Sources/XcodeProj/Objects/BuildPhase/PBXResourcesBuildPhase.swift /Users/admin/builder/spi-builder-workspace/.dependencies/checkouts/XcodeProj/Sources/XcodeProj/Objects/BuildPhase/PBXRezBuildPhase.swift /Users/admin/builder/spi-builder-workspace/.dependencies/checkouts/XcodeProj/Sources/XcodeProj/Objects/BuildPhase/PBXShellScriptBuildPhase.swift /Users/admin/builder/spi-builder-workspace/.dependencies/checkouts/XcodeProj/Sources/XcodeProj/Objects/BuildPhase/PBXSourcesBuildPhase.swift /Users/admin/builder/spi-builder-workspace/.dependencies/checkouts/XcodeProj/Sources/XcodeProj/Objects/Configuration/BuildSettings.swift /Users/admin/builder/spi-builder-workspace/.dependencies/checkouts/XcodeProj/Sources/XcodeProj/Objects/Configuration/XCBuildConfiguration.swift /Users/admin/builder/spi-builder-workspace/.dependencies/checkouts/XcodeProj/Sources/XcodeProj/Objects/Configuration/XCConfigurationList.swift (in target 'XcodeProj' from project 'XcodeProj')
SwiftCompile normal arm64 /Users/admin/builder/spi-builder-workspace/.dependencies/checkouts/XcodeProj/Sources/XcodeProj/Objects/BuildPhase/PBXBuildPhase.swift (in target 'XcodeProj' from project 'XcodeProj')
    cd /Users/admin/builder/spi-builder-workspace/.swiftpm/xcode
    builtin-SwiftPerFileCompile PBXBuildPhase.swift
SwiftCompile normal arm64 /Users/admin/builder/spi-builder-workspace/.dependencies/checkouts/XcodeProj/Sources/XcodeProj/Objects/BuildPhase/PBXBuildRule.swift (in target 'XcodeProj' from project 'XcodeProj')
    cd /Users/admin/builder/spi-builder-workspace/.swiftpm/xcode
    builtin-SwiftPerFileCompile PBXBuildRule.swift
SwiftCompile normal arm64 /Users/admin/builder/spi-builder-workspace/.dependencies/checkouts/XcodeProj/Sources/XcodeProj/Objects/BuildPhase/PBXCopyFilesBuildPhase.swift (in target 'XcodeProj' from project 'XcodeProj')
    cd /Users/admin/builder/spi-builder-workspace/.swiftpm/xcode
    builtin-SwiftPerFileCompile PBXCopyFilesBuildPhase.swift
SwiftCompile normal arm64 /Users/admin/builder/spi-builder-workspace/.dependencies/checkouts/XcodeProj/Sources/XcodeProj/Objects/BuildPhase/PBXFrameworksBuildPhase.swift (in target 'XcodeProj' from project 'XcodeProj')
    cd /Users/admin/builder/spi-builder-workspace/.swiftpm/xcode
    builtin-SwiftPerFileCompile PBXFrameworksBuildPhase.swift
SwiftCompile normal arm64 /Users/admin/builder/spi-builder-workspace/.dependencies/checkouts/XcodeProj/Sources/XcodeProj/Objects/BuildPhase/PBXHeadersBuildPhase.swift (in target 'XcodeProj' from project 'XcodeProj')
    cd /Users/admin/builder/spi-builder-workspace/.swiftpm/xcode
    builtin-SwiftPerFileCompile PBXHeadersBuildPhase.swift
SwiftCompile normal arm64 /Users/admin/builder/spi-builder-workspace/.dependencies/checkouts/XcodeProj/Sources/XcodeProj/Objects/BuildPhase/PBXResourcesBuildPhase.swift (in target 'XcodeProj' from project 'XcodeProj')
    cd /Users/admin/builder/spi-builder-workspace/.swiftpm/xcode
    builtin-SwiftPerFileCompile PBXResourcesBuildPhase.swift
SwiftCompile normal arm64 /Users/admin/builder/spi-builder-workspace/.dependencies/checkouts/XcodeProj/Sources/XcodeProj/Objects/BuildPhase/PBXRezBuildPhase.swift (in target 'XcodeProj' from project 'XcodeProj')
    cd /Users/admin/builder/spi-builder-workspace/.swiftpm/xcode
    builtin-SwiftPerFileCompile PBXRezBuildPhase.swift
SwiftCompile normal arm64 /Users/admin/builder/spi-builder-workspace/.dependencies/checkouts/XcodeProj/Sources/XcodeProj/Objects/BuildPhase/PBXShellScriptBuildPhase.swift (in target 'XcodeProj' from project 'XcodeProj')
    cd /Users/admin/builder/spi-builder-workspace/.swiftpm/xcode
    builtin-SwiftPerFileCompile PBXShellScriptBuildPhase.swift
SwiftCompile normal arm64 /Users/admin/builder/spi-builder-workspace/.dependencies/checkouts/XcodeProj/Sources/XcodeProj/Objects/BuildPhase/PBXSourcesBuildPhase.swift (in target 'XcodeProj' from project 'XcodeProj')
    cd /Users/admin/builder/spi-builder-workspace/.swiftpm/xcode
    builtin-SwiftPerFileCompile PBXSourcesBuildPhase.swift
SwiftCompile normal arm64 /Users/admin/builder/spi-builder-workspace/.dependencies/checkouts/XcodeProj/Sources/XcodeProj/Objects/Configuration/BuildSettings.swift (in target 'XcodeProj' from project 'XcodeProj')
    cd /Users/admin/builder/spi-builder-workspace/.swiftpm/xcode
    builtin-SwiftPerFileCompile BuildSettings.swift
SwiftCompile normal arm64 /Users/admin/builder/spi-builder-workspace/.dependencies/checkouts/XcodeProj/Sources/XcodeProj/Objects/Configuration/XCBuildConfiguration.swift (in target 'XcodeProj' from project 'XcodeProj')
    cd /Users/admin/builder/spi-builder-workspace/.swiftpm/xcode
    builtin-SwiftPerFileCompile XCBuildConfiguration.swift
SwiftCompile normal arm64 /Users/admin/builder/spi-builder-workspace/.dependencies/checkouts/XcodeProj/Sources/XcodeProj/Objects/Configuration/XCConfigurationList.swift (in target 'XcodeProj' from project 'XcodeProj')
    cd /Users/admin/builder/spi-builder-workspace/.swiftpm/xcode
    builtin-SwiftPerFileCompile XCConfigurationList.swift
SwiftCompile normal arm64 Compiling\ BuildFileAttributesMapping.swift,\ BuildSettingsMapping.swift,\ FilePathMapping.swift,\ ValueMapping.swift,\ XCProjPathHelpers.swift,\ PBXProj+XCProj.swift,\ ProjectFormat.swift,\ XCProjDecoder.swift,\ XCProjEncoder.swift,\ XCProjError.swift,\ XCProjOutputSettings.swift /Users/admin/builder/spi-builder-workspace/.dependencies/checkouts/XcodeProj/Sources/XcodeProj/XCProj/Mapping/BuildFileAttributesMapping.swift /Users/admin/builder/spi-builder-workspace/.dependencies/checkouts/XcodeProj/Sources/XcodeProj/XCProj/Mapping/BuildSettingsMapping.swift /Users/admin/builder/spi-builder-workspace/.dependencies/checkouts/XcodeProj/Sources/XcodeProj/XCProj/Mapping/FilePathMapping.swift /Users/admin/builder/spi-builder-workspace/.dependencies/checkouts/XcodeProj/Sources/XcodeProj/XCProj/Mapping/ValueMapping.swift /Users/admin/builder/spi-builder-workspace/.dependencies/checkouts/XcodeProj/Sources/XcodeProj/XCProj/Mapping/XCProjPathHelpers.swift /Users/admin/builder/spi-builder-workspace/.dependencies/checkouts/XcodeProj/Sources/XcodeProj/XCProj/PBXProj+XCProj.swift /Users/admin/builder/spi-builder-workspace/.dependencies/checkouts/XcodeProj/Sources/XcodeProj/XCProj/ProjectFormat.swift /Users/admin/builder/spi-builder-workspace/.dependencies/checkouts/XcodeProj/Sources/XcodeProj/XCProj/XCProjDecoder.swift /Users/admin/builder/spi-builder-workspace/.dependencies/checkouts/XcodeProj/Sources/XcodeProj/XCProj/XCProjEncoder.swift /Users/admin/builder/spi-builder-workspace/.dependencies/checkouts/XcodeProj/Sources/XcodeProj/XCProj/XCProjError.swift /Users/admin/builder/spi-builder-workspace/.dependencies/checkouts/XcodeProj/Sources/XcodeProj/XCProj/XCProjOutputSettings.swift (in target 'XcodeProj' from project 'XcodeProj')
SwiftCompile normal arm64 /Users/admin/builder/spi-builder-workspace/.dependencies/checkouts/XcodeProj/Sources/XcodeProj/XCProj/Mapping/BuildFileAttributesMapping.swift (in target 'XcodeProj' from project 'XcodeProj')
    cd /Users/admin/builder/spi-builder-workspace/.swiftpm/xcode
    builtin-SwiftPerFileCompile BuildFileAttributesMapping.swift
SwiftCompile normal arm64 /Users/admin/builder/spi-builder-workspace/.dependencies/checkouts/XcodeProj/Sources/XcodeProj/XCProj/Mapping/BuildSettingsMapping.swift (in target 'XcodeProj' from project 'XcodeProj')
    cd /Users/admin/builder/spi-builder-workspace/.swiftpm/xcode
    builtin-SwiftPerFileCompile BuildSettingsMapping.swift
SwiftCompile normal arm64 /Users/admin/builder/spi-builder-workspace/.dependencies/checkouts/XcodeProj/Sources/XcodeProj/XCProj/Mapping/FilePathMapping.swift (in target 'XcodeProj' from project 'XcodeProj')
    cd /Users/admin/builder/spi-builder-workspace/.swiftpm/xcode
    builtin-SwiftPerFileCompile FilePathMapping.swift
SwiftCompile normal arm64 /Users/admin/builder/spi-builder-workspace/.dependencies/checkouts/XcodeProj/Sources/XcodeProj/XCProj/Mapping/ValueMapping.swift (in target 'XcodeProj' from project 'XcodeProj')
    cd /Users/admin/builder/spi-builder-workspace/.swiftpm/xcode
    builtin-SwiftPerFileCompile ValueMapping.swift
SwiftCompile normal arm64 /Users/admin/builder/spi-builder-workspace/.dependencies/checkouts/XcodeProj/Sources/XcodeProj/XCProj/Mapping/XCProjPathHelpers.swift (in target 'XcodeProj' from project 'XcodeProj')
    cd /Users/admin/builder/spi-builder-workspace/.swiftpm/xcode
    builtin-SwiftPerFileCompile XCProjPathHelpers.swift
SwiftCompile normal arm64 /Users/admin/builder/spi-builder-workspace/.dependencies/checkouts/XcodeProj/Sources/XcodeProj/XCProj/PBXProj+XCProj.swift (in target 'XcodeProj' from project 'XcodeProj')
    cd /Users/admin/builder/spi-builder-workspace/.swiftpm/xcode
    builtin-SwiftPerFileCompile PBXProj+XCProj.swift
SwiftCompile normal arm64 /Users/admin/builder/spi-builder-workspace/.dependencies/checkouts/XcodeProj/Sources/XcodeProj/XCProj/ProjectFormat.swift (in target 'XcodeProj' from project 'XcodeProj')
    cd /Users/admin/builder/spi-builder-workspace/.swiftpm/xcode
    builtin-SwiftPerFileCompile ProjectFormat.swift
SwiftCompile normal arm64 /Users/admin/builder/spi-builder-workspace/.dependencies/checkouts/XcodeProj/Sources/XcodeProj/XCProj/XCProjDecoder.swift (in target 'XcodeProj' from project 'XcodeProj')
    cd /Users/admin/builder/spi-builder-workspace/.swiftpm/xcode
    builtin-SwiftPerFileCompile XCProjDecoder.swift
SwiftCompile normal arm64 /Users/admin/builder/spi-builder-workspace/.dependencies/checkouts/XcodeProj/Sources/XcodeProj/XCProj/XCProjEncoder.swift (in target 'XcodeProj' from project 'XcodeProj')
    cd /Users/admin/builder/spi-builder-workspace/.swiftpm/xcode
    builtin-SwiftPerFileCompile XCProjEncoder.swift
SwiftCompile normal arm64 /Users/admin/builder/spi-builder-workspace/.dependencies/checkouts/XcodeProj/Sources/XcodeProj/XCProj/XCProjError.swift (in target 'XcodeProj' from project 'XcodeProj')
    cd /Users/admin/builder/spi-builder-workspace/.swiftpm/xcode
    builtin-SwiftPerFileCompile XCProjError.swift
SwiftCompile normal arm64 /Users/admin/builder/spi-builder-workspace/.dependencies/checkouts/XcodeProj/Sources/XcodeProj/XCProj/XCProjOutputSettings.swift (in target 'XcodeProj' from project 'XcodeProj')
    cd /Users/admin/builder/spi-builder-workspace/.swiftpm/xcode
    builtin-SwiftPerFileCompile XCProjOutputSettings.swift
SwiftCompile normal arm64 Compiling\ XCRemoteSwiftPackageReference.swift,\ XCSwiftPackageProductDependency.swift,\ PBXAggregateTarget.swift,\ PBXLegacyTarget.swift,\ PBXNativeTarget.swift,\ PBXProductType.swift,\ PBXReferenceProxy.swift,\ PBXTarget.swift,\ PBXTargetDependency.swift,\ WorkspaceSettings.swift,\ XCBreakpointList.swift,\ XCDebugger.swift /Users/admin/builder/spi-builder-workspace/.dependencies/checkouts/XcodeProj/Sources/XcodeProj/Objects/SwiftPackage/XCRemoteSwiftPackageReference.swift /Users/admin/builder/spi-builder-workspace/.dependencies/checkouts/XcodeProj/Sources/XcodeProj/Objects/SwiftPackage/XCSwiftPackageProductDependency.swift /Users/admin/builder/spi-builder-workspace/.dependencies/checkouts/XcodeProj/Sources/XcodeProj/Objects/Targets/PBXAggregateTarget.swift /Users/admin/builder/spi-builder-workspace/.dependencies/checkouts/XcodeProj/Sources/XcodeProj/Objects/Targets/PBXLegacyTarget.swift /Users/admin/builder/spi-builder-workspace/.dependencies/checkouts/XcodeProj/Sources/XcodeProj/Objects/Targets/PBXNativeTarget.swift /Users/admin/builder/spi-builder-workspace/.dependencies/checkouts/XcodeProj/Sources/XcodeProj/Objects/Targets/PBXProductType.swift /Users/admin/builder/spi-builder-workspace/.dependencies/checkouts/XcodeProj/Sources/XcodeProj/Objects/Targets/PBXReferenceProxy.swift /Users/admin/builder/spi-builder-workspace/.dependencies/checkouts/XcodeProj/Sources/XcodeProj/Objects/Targets/PBXTarget.swift /Users/admin/builder/spi-builder-workspace/.dependencies/checkouts/XcodeProj/Sources/XcodeProj/Objects/Targets/PBXTargetDependency.swift /Users/admin/builder/spi-builder-workspace/.dependencies/checkouts/XcodeProj/Sources/XcodeProj/Project/WorkspaceSettings.swift /Users/admin/builder/spi-builder-workspace/.dependencies/checkouts/XcodeProj/Sources/XcodeProj/Project/XCBreakpointList.swift /Users/admin/builder/spi-builder-workspace/.dependencies/checkouts/XcodeProj/Sources/XcodeProj/Project/XCDebugger.swift (in target 'XcodeProj' from project 'XcodeProj')
SwiftCompile normal arm64 /Users/admin/builder/spi-builder-workspace/.dependencies/checkouts/XcodeProj/Sources/XcodeProj/Objects/SwiftPackage/XCRemoteSwiftPackageReference.swift (in target 'XcodeProj' from project 'XcodeProj')
    cd /Users/admin/builder/spi-builder-workspace/.swiftpm/xcode
    builtin-SwiftPerFileCompile XCRemoteSwiftPackageReference.swift
SwiftCompile normal arm64 /Users/admin/builder/spi-builder-workspace/.dependencies/checkouts/XcodeProj/Sources/XcodeProj/Objects/SwiftPackage/XCSwiftPackageProductDependency.swift (in target 'XcodeProj' from project 'XcodeProj')
    cd /Users/admin/builder/spi-builder-workspace/.swiftpm/xcode
    builtin-SwiftPerFileCompile XCSwiftPackageProductDependency.swift
SwiftCompile normal arm64 /Users/admin/builder/spi-builder-workspace/.dependencies/checkouts/XcodeProj/Sources/XcodeProj/Objects/Targets/PBXAggregateTarget.swift (in target 'XcodeProj' from project 'XcodeProj')
    cd /Users/admin/builder/spi-builder-workspace/.swiftpm/xcode
    builtin-SwiftPerFileCompile PBXAggregateTarget.swift
SwiftCompile normal arm64 /Users/admin/builder/spi-builder-workspace/.dependencies/checkouts/XcodeProj/Sources/XcodeProj/Objects/Targets/PBXLegacyTarget.swift (in target 'XcodeProj' from project 'XcodeProj')
    cd /Users/admin/builder/spi-builder-workspace/.swiftpm/xcode
    builtin-SwiftPerFileCompile PBXLegacyTarget.swift
SwiftCompile normal arm64 /Users/admin/builder/spi-builder-workspace/.dependencies/checkouts/XcodeProj/Sources/XcodeProj/Objects/Targets/PBXNativeTarget.swift (in target 'XcodeProj' from project 'XcodeProj')
    cd /Users/admin/builder/spi-builder-workspace/.swiftpm/xcode
    builtin-SwiftPerFileCompile PBXNativeTarget.swift
SwiftCompile normal arm64 /Users/admin/builder/spi-builder-workspace/.dependencies/checkouts/XcodeProj/Sources/XcodeProj/Objects/Targets/PBXProductType.swift (in target 'XcodeProj' from project 'XcodeProj')
    cd /Users/admin/builder/spi-builder-workspace/.swiftpm/xcode
    builtin-SwiftPerFileCompile PBXProductType.swift
SwiftCompile normal arm64 /Users/admin/builder/spi-builder-workspace/.dependencies/checkouts/XcodeProj/Sources/XcodeProj/Objects/Targets/PBXReferenceProxy.swift (in target 'XcodeProj' from project 'XcodeProj')
    cd /Users/admin/builder/spi-builder-workspace/.swiftpm/xcode
    builtin-SwiftPerFileCompile PBXReferenceProxy.swift
SwiftCompile normal arm64 /Users/admin/builder/spi-builder-workspace/.dependencies/checkouts/XcodeProj/Sources/XcodeProj/Objects/Targets/PBXTarget.swift (in target 'XcodeProj' from project 'XcodeProj')
    cd /Users/admin/builder/spi-builder-workspace/.swiftpm/xcode
    builtin-SwiftPerFileCompile PBXTarget.swift
SwiftCompile normal arm64 /Users/admin/builder/spi-builder-workspace/.dependencies/checkouts/XcodeProj/Sources/XcodeProj/Objects/Targets/PBXTargetDependency.swift (in target 'XcodeProj' from project 'XcodeProj')
    cd /Users/admin/builder/spi-builder-workspace/.swiftpm/xcode
    builtin-SwiftPerFileCompile PBXTargetDependency.swift
SwiftCompile normal arm64 /Users/admin/builder/spi-builder-workspace/.dependencies/checkouts/XcodeProj/Sources/XcodeProj/Project/WorkspaceSettings.swift (in target 'XcodeProj' from project 'XcodeProj')
    cd /Users/admin/builder/spi-builder-workspace/.swiftpm/xcode
    builtin-SwiftPerFileCompile WorkspaceSettings.swift
SwiftCompile normal arm64 /Users/admin/builder/spi-builder-workspace/.dependencies/checkouts/XcodeProj/Sources/XcodeProj/Project/XCBreakpointList.swift (in target 'XcodeProj' from project 'XcodeProj')
    cd /Users/admin/builder/spi-builder-workspace/.swiftpm/xcode
    builtin-SwiftPerFileCompile XCBreakpointList.swift
SwiftCompile normal arm64 /Users/admin/builder/spi-builder-workspace/.dependencies/checkouts/XcodeProj/Sources/XcodeProj/Project/XCDebugger.swift (in target 'XcodeProj' from project 'XcodeProj')
    cd /Users/admin/builder/spi-builder-workspace/.swiftpm/xcode
    builtin-SwiftPerFileCompile XCDebugger.swift
SwiftCompile normal arm64 Compiling\ XCScheme+EnvironmentVariable.swift,\ XCScheme+ExecutionAction.swift,\ XCScheme+LaunchAction.swift,\ XCScheme+LocationScenarioReference.swift,\ XCScheme+PathRunnable.swift,\ XCScheme+ProfileAction.swift,\ XCScheme+RemoteRunnable.swift,\ XCScheme+Runnable.swift,\ XCScheme+SerialAction.swift,\ XCScheme+StoreKitConfigurationFileReference.swift,\ XCScheme+TestAction.swift /Users/admin/builder/spi-builder-workspace/.dependencies/checkouts/XcodeProj/Sources/XcodeProj/Scheme/XCScheme+EnvironmentVariable.swift /Users/admin/builder/spi-builder-workspace/.dependencies/checkouts/XcodeProj/Sources/XcodeProj/Scheme/XCScheme+ExecutionAction.swift /Users/admin/builder/spi-builder-workspace/.dependencies/checkouts/XcodeProj/Sources/XcodeProj/Scheme/XCScheme+LaunchAction.swift /Users/admin/builder/spi-builder-workspace/.dependencies/checkouts/XcodeProj/Sources/XcodeProj/Scheme/XCScheme+LocationScenarioReference.swift /Users/admin/builder/spi-builder-workspace/.dependencies/checkouts/XcodeProj/Sources/XcodeProj/Scheme/XCScheme+PathRunnable.swift /Users/admin/builder/spi-builder-workspace/.dependencies/checkouts/XcodeProj/Sources/XcodeProj/Scheme/XCScheme+ProfileAction.swift /Users/admin/builder/spi-builder-workspace/.dependencies/checkouts/XcodeProj/Sources/XcodeProj/Scheme/XCScheme+RemoteRunnable.swift /Users/admin/builder/spi-builder-workspace/.dependencies/checkouts/XcodeProj/Sources/XcodeProj/Scheme/XCScheme+Runnable.swift /Users/admin/builder/spi-builder-workspace/.dependencies/checkouts/XcodeProj/Sources/XcodeProj/Scheme/XCScheme+SerialAction.swift /Users/admin/builder/spi-builder-workspace/.dependencies/checkouts/XcodeProj/Sources/XcodeProj/Scheme/XCScheme+StoreKitConfigurationFileReference.swift /Users/admin/builder/spi-builder-workspace/.dependencies/checkouts/XcodeProj/Sources/XcodeProj/Scheme/XCScheme+TestAction.swift (in target 'XcodeProj' from project 'XcodeProj')
SwiftCompile normal arm64 /Users/admin/builder/spi-builder-workspace/.dependencies/checkouts/XcodeProj/Sources/XcodeProj/Scheme/XCScheme+EnvironmentVariable.swift (in target 'XcodeProj' from project 'XcodeProj')
    cd /Users/admin/builder/spi-builder-workspace/.swiftpm/xcode
    builtin-SwiftPerFileCompile XCScheme+EnvironmentVariable.swift
SwiftCompile normal arm64 /Users/admin/builder/spi-builder-workspace/.dependencies/checkouts/XcodeProj/Sources/XcodeProj/Scheme/XCScheme+ExecutionAction.swift (in target 'XcodeProj' from project 'XcodeProj')
    cd /Users/admin/builder/spi-builder-workspace/.swiftpm/xcode
    builtin-SwiftPerFileCompile XCScheme+ExecutionAction.swift
SwiftCompile normal arm64 /Users/admin/builder/spi-builder-workspace/.dependencies/checkouts/XcodeProj/Sources/XcodeProj/Scheme/XCScheme+LaunchAction.swift (in target 'XcodeProj' from project 'XcodeProj')
    cd /Users/admin/builder/spi-builder-workspace/.swiftpm/xcode
    builtin-SwiftPerFileCompile XCScheme+LaunchAction.swift
SwiftCompile normal arm64 /Users/admin/builder/spi-builder-workspace/.dependencies/checkouts/XcodeProj/Sources/XcodeProj/Scheme/XCScheme+LocationScenarioReference.swift (in target 'XcodeProj' from project 'XcodeProj')
    cd /Users/admin/builder/spi-builder-workspace/.swiftpm/xcode
    builtin-SwiftPerFileCompile XCScheme+LocationScenarioReference.swift
SwiftCompile normal arm64 /Users/admin/builder/spi-builder-workspace/.dependencies/checkouts/XcodeProj/Sources/XcodeProj/Scheme/XCScheme+PathRunnable.swift (in target 'XcodeProj' from project 'XcodeProj')
    cd /Users/admin/builder/spi-builder-workspace/.swiftpm/xcode
    builtin-SwiftPerFileCompile XCScheme+PathRunnable.swift
SwiftCompile normal arm64 /Users/admin/builder/spi-builder-workspace/.dependencies/checkouts/XcodeProj/Sources/XcodeProj/Scheme/XCScheme+ProfileAction.swift (in target 'XcodeProj' from project 'XcodeProj')
    cd /Users/admin/builder/spi-builder-workspace/.swiftpm/xcode
    builtin-SwiftPerFileCompile XCScheme+ProfileAction.swift
SwiftCompile normal arm64 /Users/admin/builder/spi-builder-workspace/.dependencies/checkouts/XcodeProj/Sources/XcodeProj/Scheme/XCScheme+RemoteRunnable.swift (in target 'XcodeProj' from project 'XcodeProj')
    cd /Users/admin/builder/spi-builder-workspace/.swiftpm/xcode
    builtin-SwiftPerFileCompile XCScheme+RemoteRunnable.swift
SwiftCompile normal arm64 /Users/admin/builder/spi-builder-workspace/.dependencies/checkouts/XcodeProj/Sources/XcodeProj/Scheme/XCScheme+Runnable.swift (in target 'XcodeProj' from project 'XcodeProj')
    cd /Users/admin/builder/spi-builder-workspace/.swiftpm/xcode
    builtin-SwiftPerFileCompile XCScheme+Runnable.swift
SwiftCompile normal arm64 /Users/admin/builder/spi-builder-workspace/.dependencies/checkouts/XcodeProj/Sources/XcodeProj/Scheme/XCScheme+SerialAction.swift (in target 'XcodeProj' from project 'XcodeProj')
    cd /Users/admin/builder/spi-builder-workspace/.swiftpm/xcode
    builtin-SwiftPerFileCompile XCScheme+SerialAction.swift
SwiftCompile normal arm64 /Users/admin/builder/spi-builder-workspace/.dependencies/checkouts/XcodeProj/Sources/XcodeProj/Scheme/XCScheme+StoreKitConfigurationFileReference.swift (in target 'XcodeProj' from project 'XcodeProj')
    cd /Users/admin/builder/spi-builder-workspace/.swiftpm/xcode
    builtin-SwiftPerFileCompile XCScheme+StoreKitConfigurationFileReference.swift
SwiftCompile normal arm64 /Users/admin/builder/spi-builder-workspace/.dependencies/checkouts/XcodeProj/Sources/XcodeProj/Scheme/XCScheme+TestAction.swift (in target 'XcodeProj' from project 'XcodeProj')
    cd /Users/admin/builder/spi-builder-workspace/.swiftpm/xcode
    builtin-SwiftPerFileCompile XCScheme+TestAction.swift
SwiftCompile normal arm64 Compiling\ PBXContainerItem.swift,\ PBXContainerItemProxy.swift,\ PBXFileElement.swift,\ PBXFileReference.swift,\ PBXFileSystemSynchronizedBuildFileExceptionSet.swift,\ PBXFileSystemSynchronizedExceptionSet.swift,\ PBXFileSystemSynchronizedGroupBuildPhaseMembershipExceptionSet.swift,\ PBXFileSystemSynchronizedRootGroup.swift,\ PBXGroup.swift,\ PBXSourceTree.swift,\ PBXVariantGroup.swift,\ XCVersionGroup.swift /Users/admin/builder/spi-builder-workspace/.dependencies/checkouts/XcodeProj/Sources/XcodeProj/Objects/Files/PBXContainerItem.swift /Users/admin/builder/spi-builder-workspace/.dependencies/checkouts/XcodeProj/Sources/XcodeProj/Objects/Files/PBXContainerItemProxy.swift /Users/admin/builder/spi-builder-workspace/.dependencies/checkouts/XcodeProj/Sources/XcodeProj/Objects/Files/PBXFileElement.swift /Users/admin/builder/spi-builder-workspace/.dependencies/checkouts/XcodeProj/Sources/XcodeProj/Objects/Files/PBXFileReference.swift /Users/admin/builder/spi-builder-workspace/.dependencies/checkouts/XcodeProj/Sources/XcodeProj/Objects/Files/PBXFileSystemSynchronizedBuildFileExceptionSet.swift /Users/admin/builder/spi-builder-workspace/.dependencies/checkouts/XcodeProj/Sources/XcodeProj/Objects/Files/PBXFileSystemSynchronizedExceptionSet.swift /Users/admin/builder/spi-builder-workspace/.dependencies/checkouts/XcodeProj/Sources/XcodeProj/Objects/Files/PBXFileSystemSynchronizedGroupBuildPhaseMembershipExceptionSet.swift /Users/admin/builder/spi-builder-workspace/.dependencies/checkouts/XcodeProj/Sources/XcodeProj/Objects/Files/PBXFileSystemSynchronizedRootGroup.swift /Users/admin/builder/spi-builder-workspace/.dependencies/checkouts/XcodeProj/Sources/XcodeProj/Objects/Files/PBXGroup.swift /Users/admin/builder/spi-builder-workspace/.dependencies/checkouts/XcodeProj/Sources/XcodeProj/Objects/Files/PBXSourceTree.swift /Users/admin/builder/spi-builder-workspace/.dependencies/checkouts/XcodeProj/Sources/XcodeProj/Objects/Files/PBXVariantGroup.swift /Users/admin/builder/spi-builder-workspace/.dependencies/checkouts/XcodeProj/Sources/XcodeProj/Objects/Files/XCVersionGroup.swift (in target 'XcodeProj' from project 'XcodeProj')
SwiftCompile normal arm64 /Users/admin/builder/spi-builder-workspace/.dependencies/checkouts/XcodeProj/Sources/XcodeProj/Objects/Files/PBXContainerItem.swift (in target 'XcodeProj' from project 'XcodeProj')
    cd /Users/admin/builder/spi-builder-workspace/.swiftpm/xcode
    builtin-SwiftPerFileCompile PBXContainerItem.swift
SwiftCompile normal arm64 /Users/admin/builder/spi-builder-workspace/.dependencies/checkouts/XcodeProj/Sources/XcodeProj/Objects/Files/PBXContainerItemProxy.swift (in target 'XcodeProj' from project 'XcodeProj')
    cd /Users/admin/builder/spi-builder-workspace/.swiftpm/xcode
    builtin-SwiftPerFileCompile PBXContainerItemProxy.swift
SwiftCompile normal arm64 /Users/admin/builder/spi-builder-workspace/.dependencies/checkouts/XcodeProj/Sources/XcodeProj/Objects/Files/PBXFileElement.swift (in target 'XcodeProj' from project 'XcodeProj')
    cd /Users/admin/builder/spi-builder-workspace/.swiftpm/xcode
    builtin-SwiftPerFileCompile PBXFileElement.swift
SwiftCompile normal arm64 /Users/admin/builder/spi-builder-workspace/.dependencies/checkouts/XcodeProj/Sources/XcodeProj/Objects/Files/PBXFileReference.swift (in target 'XcodeProj' from project 'XcodeProj')
    cd /Users/admin/builder/spi-builder-workspace/.swiftpm/xcode
    builtin-SwiftPerFileCompile PBXFileReference.swift
SwiftCompile normal arm64 /Users/admin/builder/spi-builder-workspace/.dependencies/checkouts/XcodeProj/Sources/XcodeProj/Objects/Files/PBXFileSystemSynchronizedBuildFileExceptionSet.swift (in target 'XcodeProj' from project 'XcodeProj')
    cd /Users/admin/builder/spi-builder-workspace/.swiftpm/xcode
    builtin-SwiftPerFileCompile PBXFileSystemSynchronizedBuildFileExceptionSet.swift
SwiftCompile normal arm64 /Users/admin/builder/spi-builder-workspace/.dependencies/checkouts/XcodeProj/Sources/XcodeProj/Objects/Files/PBXFileSystemSynchronizedExceptionSet.swift (in target 'XcodeProj' from project 'XcodeProj')
    cd /Users/admin/builder/spi-builder-workspace/.swiftpm/xcode
    builtin-SwiftPerFileCompile PBXFileSystemSynchronizedExceptionSet.swift
SwiftCompile normal arm64 /Users/admin/builder/spi-builder-workspace/.dependencies/checkouts/XcodeProj/Sources/XcodeProj/Objects/Files/PBXFileSystemSynchronizedGroupBuildPhaseMembershipExceptionSet.swift (in target 'XcodeProj' from project 'XcodeProj')
    cd /Users/admin/builder/spi-builder-workspace/.swiftpm/xcode
    builtin-SwiftPerFileCompile PBXFileSystemSynchronizedGroupBuildPhaseMembershipExceptionSet.swift
SwiftCompile normal arm64 /Users/admin/builder/spi-builder-workspace/.dependencies/checkouts/XcodeProj/Sources/XcodeProj/Objects/Files/PBXFileSystemSynchronizedRootGroup.swift (in target 'XcodeProj' from project 'XcodeProj')
    cd /Users/admin/builder/spi-builder-workspace/.swiftpm/xcode
    builtin-SwiftPerFileCompile PBXFileSystemSynchronizedRootGroup.swift
SwiftCompile normal arm64 /Users/admin/builder/spi-builder-workspace/.dependencies/checkouts/XcodeProj/Sources/XcodeProj/Objects/Files/PBXGroup.swift (in target 'XcodeProj' from project 'XcodeProj')
    cd /Users/admin/builder/spi-builder-workspace/.swiftpm/xcode
    builtin-SwiftPerFileCompile PBXGroup.swift
SwiftCompile normal arm64 /Users/admin/builder/spi-builder-workspace/.dependencies/checkouts/XcodeProj/Sources/XcodeProj/Objects/Files/PBXSourceTree.swift (in target 'XcodeProj' from project 'XcodeProj')
    cd /Users/admin/builder/spi-builder-workspace/.swiftpm/xcode
    builtin-SwiftPerFileCompile PBXSourceTree.swift
SwiftCompile normal arm64 /Users/admin/builder/spi-builder-workspace/.dependencies/checkouts/XcodeProj/Sources/XcodeProj/Objects/Files/PBXVariantGroup.swift (in target 'XcodeProj' from project 'XcodeProj')
    cd /Users/admin/builder/spi-builder-workspace/.swiftpm/xcode
    builtin-SwiftPerFileCompile PBXVariantGroup.swift
SwiftCompile normal arm64 /Users/admin/builder/spi-builder-workspace/.dependencies/checkouts/XcodeProj/Sources/XcodeProj/Objects/Files/XCVersionGroup.swift (in target 'XcodeProj' from project 'XcodeProj')
    cd /Users/admin/builder/spi-builder-workspace/.swiftpm/xcode
    builtin-SwiftPerFileCompile XCVersionGroup.swift
SwiftCompile normal arm64 Compiling\ PBXObject.swift,\ PBXObjectDictionaryEntry.swift,\ PBXObjectReference.swift,\ PBXObjects.swift,\ PBXOutputSettings.swift,\ PBXProj.swift,\ PBXProjEncoder.swift,\ PBXProject.swift,\ ProjectAttribute.swift,\ Equality.generated.swift,\ Sourcery.swift,\ XCLocalSwiftPackageReference.swift /Users/admin/builder/spi-builder-workspace/.dependencies/checkouts/XcodeProj/Sources/XcodeProj/Objects/Project/PBXObject.swift /Users/admin/builder/spi-builder-workspace/.dependencies/checkouts/XcodeProj/Sources/XcodeProj/Objects/Project/PBXObjectDictionaryEntry.swift /Users/admin/builder/spi-builder-workspace/.dependencies/checkouts/XcodeProj/Sources/XcodeProj/Objects/Project/PBXObjectReference.swift /Users/admin/builder/spi-builder-workspace/.dependencies/checkouts/XcodeProj/Sources/XcodeProj/Objects/Project/PBXObjects.swift /Users/admin/builder/spi-builder-workspace/.dependencies/checkouts/XcodeProj/Sources/XcodeProj/Objects/Project/PBXOutputSettings.swift /Users/admin/builder/spi-builder-workspace/.dependencies/checkouts/XcodeProj/Sources/XcodeProj/Objects/Project/PBXProj.swift /Users/admin/builder/spi-builder-workspace/.dependencies/checkouts/XcodeProj/Sources/XcodeProj/Objects/Project/PBXProjEncoder.swift /Users/admin/builder/spi-builder-workspace/.dependencies/checkouts/XcodeProj/Sources/XcodeProj/Objects/Project/PBXProject.swift /Users/admin/builder/spi-builder-workspace/.dependencies/checkouts/XcodeProj/Sources/XcodeProj/Objects/Project/ProjectAttribute.swift /Users/admin/builder/spi-builder-workspace/.dependencies/checkouts/XcodeProj/Sources/XcodeProj/Objects/Sourcery/Equality.generated.swift /Users/admin/builder/spi-builder-workspace/.dependencies/checkouts/XcodeProj/Sources/XcodeProj/Objects/Sourcery/Sourcery.swift /Users/admin/builder/spi-builder-workspace/.dependencies/checkouts/XcodeProj/Sources/XcodeProj/Objects/SwiftPackage/XCLocalSwiftPackageReference.swift (in target 'XcodeProj' from project 'XcodeProj')
SwiftCompile normal arm64 /Users/admin/builder/spi-builder-workspace/.dependencies/checkouts/XcodeProj/Sources/XcodeProj/Objects/Project/PBXObject.swift (in target 'XcodeProj' from project 'XcodeProj')
    cd /Users/admin/builder/spi-builder-workspace/.swiftpm/xcode
    builtin-SwiftPerFileCompile PBXObject.swift
SwiftCompile normal arm64 /Users/admin/builder/spi-builder-workspace/.dependencies/checkouts/XcodeProj/Sources/XcodeProj/Objects/Project/PBXObjectDictionaryEntry.swift (in target 'XcodeProj' from project 'XcodeProj')
    cd /Users/admin/builder/spi-builder-workspace/.swiftpm/xcode
    builtin-SwiftPerFileCompile PBXObjectDictionaryEntry.swift
SwiftCompile normal arm64 /Users/admin/builder/spi-builder-workspace/.dependencies/checkouts/XcodeProj/Sources/XcodeProj/Objects/Project/PBXObjectReference.swift (in target 'XcodeProj' from project 'XcodeProj')
    cd /Users/admin/builder/spi-builder-workspace/.swiftpm/xcode
    builtin-SwiftPerFileCompile PBXObjectReference.swift
SwiftCompile normal arm64 /Users/admin/builder/spi-builder-workspace/.dependencies/checkouts/XcodeProj/Sources/XcodeProj/Objects/Project/PBXObjects.swift (in target 'XcodeProj' from project 'XcodeProj')
    cd /Users/admin/builder/spi-builder-workspace/.swiftpm/xcode
    builtin-SwiftPerFileCompile PBXObjects.swift
SwiftCompile normal arm64 /Users/admin/builder/spi-builder-workspace/.dependencies/checkouts/XcodeProj/Sources/XcodeProj/Objects/Project/PBXOutputSettings.swift (in target 'XcodeProj' from project 'XcodeProj')
    cd /Users/admin/builder/spi-builder-workspace/.swiftpm/xcode
    builtin-SwiftPerFileCompile PBXOutputSettings.swift
SwiftCompile normal arm64 /Users/admin/builder/spi-builder-workspace/.dependencies/checkouts/XcodeProj/Sources/XcodeProj/Objects/Project/PBXProj.swift (in target 'XcodeProj' from project 'XcodeProj')
    cd /Users/admin/builder/spi-builder-workspace/.swiftpm/xcode
    builtin-SwiftPerFileCompile PBXProj.swift
SwiftCompile normal arm64 /Users/admin/builder/spi-builder-workspace/.dependencies/checkouts/XcodeProj/Sources/XcodeProj/Objects/Project/PBXProjEncoder.swift (in target 'XcodeProj' from project 'XcodeProj')
    cd /Users/admin/builder/spi-builder-workspace/.swiftpm/xcode
    builtin-SwiftPerFileCompile PBXProjEncoder.swift
SwiftCompile normal arm64 /Users/admin/builder/spi-builder-workspace/.dependencies/checkouts/XcodeProj/Sources/XcodeProj/Objects/Project/PBXProject.swift (in target 'XcodeProj' from project 'XcodeProj')
    cd /Users/admin/builder/spi-builder-workspace/.swiftpm/xcode
    builtin-SwiftPerFileCompile PBXProject.swift
SwiftCompile normal arm64 /Users/admin/builder/spi-builder-workspace/.dependencies/checkouts/XcodeProj/Sources/XcodeProj/Objects/Project/ProjectAttribute.swift (in target 'XcodeProj' from project 'XcodeProj')
    cd /Users/admin/builder/spi-builder-workspace/.swiftpm/xcode
    builtin-SwiftPerFileCompile ProjectAttribute.swift
SwiftCompile normal arm64 /Users/admin/builder/spi-builder-workspace/.dependencies/checkouts/XcodeProj/Sources/XcodeProj/Objects/Sourcery/Equality.generated.swift (in target 'XcodeProj' from project 'XcodeProj')
    cd /Users/admin/builder/spi-builder-workspace/.swiftpm/xcode
    builtin-SwiftPerFileCompile Equality.generated.swift
SwiftCompile normal arm64 /Users/admin/builder/spi-builder-workspace/.dependencies/checkouts/XcodeProj/Sources/XcodeProj/Objects/Sourcery/Sourcery.swift (in target 'XcodeProj' from project 'XcodeProj')
    cd /Users/admin/builder/spi-builder-workspace/.swiftpm/xcode
    builtin-SwiftPerFileCompile Sourcery.swift
SwiftCompile normal arm64 /Users/admin/builder/spi-builder-workspace/.dependencies/checkouts/XcodeProj/Sources/XcodeProj/Objects/SwiftPackage/XCLocalSwiftPackageReference.swift (in target 'XcodeProj' from project 'XcodeProj')
    cd /Users/admin/builder/spi-builder-workspace/.swiftpm/xcode
    builtin-SwiftPerFileCompile XCLocalSwiftPackageReference.swift
SwiftDriverJobDiscovery normal arm64 Compiling ArgumentDecoder.swift, ArgumentDefinition.swift, ArgumentSet.swift, CommandParser.swift, InputKey.swift (in target 'ArgumentParser' from project 'swift-argument-parser')
SwiftCompile normal arm64 Compiling\ XCSharedData.swift,\ XCUserData.swift,\ Xcode.swift,\ XcodeProj.swift,\ Writable.swift,\ XCScheme+AditionalOption.swift,\ XCScheme+AnalyzeAction.swift,\ XCScheme+ArchiveAction.swift,\ XCScheme+BuildAction.swift,\ XCScheme+BuildableProductRunnable.swift,\ XCScheme+BuildableReference.swift,\ XCScheme+CommandLineArguments.swift /Users/admin/builder/spi-builder-workspace/.dependencies/checkouts/XcodeProj/Sources/XcodeProj/Project/XCSharedData.swift /Users/admin/builder/spi-builder-workspace/.dependencies/checkouts/XcodeProj/Sources/XcodeProj/Project/XCUserData.swift /Users/admin/builder/spi-builder-workspace/.dependencies/checkouts/XcodeProj/Sources/XcodeProj/Project/Xcode.swift /Users/admin/builder/spi-builder-workspace/.dependencies/checkouts/XcodeProj/Sources/XcodeProj/Project/XcodeProj.swift /Users/admin/builder/spi-builder-workspace/.dependencies/checkouts/XcodeProj/Sources/XcodeProj/Protocols/Writable.swift /Users/admin/builder/spi-builder-workspace/.dependencies/checkouts/XcodeProj/Sources/XcodeProj/Scheme/XCScheme+AditionalOption.swift /Users/admin/builder/spi-builder-workspace/.dependencies/checkouts/XcodeProj/Sources/XcodeProj/Scheme/XCScheme+AnalyzeAction.swift /Users/admin/builder/spi-builder-workspace/.dependencies/checkouts/XcodeProj/Sources/XcodeProj/Scheme/XCScheme+ArchiveAction.swift /Users/admin/builder/spi-builder-workspace/.dependencies/checkouts/XcodeProj/Sources/XcodeProj/Scheme/XCScheme+BuildAction.swift /Users/admin/builder/spi-builder-workspace/.dependencies/checkouts/XcodeProj/Sources/XcodeProj/Scheme/XCScheme+BuildableProductRunnable.swift /Users/admin/builder/spi-builder-workspace/.dependencies/checkouts/XcodeProj/Sources/XcodeProj/Scheme/XCScheme+BuildableReference.swift /Users/admin/builder/spi-builder-workspace/.dependencies/checkouts/XcodeProj/Sources/XcodeProj/Scheme/XCScheme+CommandLineArguments.swift (in target 'XcodeProj' from project 'XcodeProj')
SwiftCompile normal arm64 /Users/admin/builder/spi-builder-workspace/.dependencies/checkouts/XcodeProj/Sources/XcodeProj/Project/XCSharedData.swift (in target 'XcodeProj' from project 'XcodeProj')
    cd /Users/admin/builder/spi-builder-workspace/.swiftpm/xcode
    builtin-SwiftPerFileCompile XCSharedData.swift
SwiftCompile normal arm64 /Users/admin/builder/spi-builder-workspace/.dependencies/checkouts/XcodeProj/Sources/XcodeProj/Project/XCUserData.swift (in target 'XcodeProj' from project 'XcodeProj')
    cd /Users/admin/builder/spi-builder-workspace/.swiftpm/xcode
    builtin-SwiftPerFileCompile XCUserData.swift
SwiftCompile normal arm64 /Users/admin/builder/spi-builder-workspace/.dependencies/checkouts/XcodeProj/Sources/XcodeProj/Project/Xcode.swift (in target 'XcodeProj' from project 'XcodeProj')
    cd /Users/admin/builder/spi-builder-workspace/.swiftpm/xcode
    builtin-SwiftPerFileCompile Xcode.swift
SwiftCompile normal arm64 /Users/admin/builder/spi-builder-workspace/.dependencies/checkouts/XcodeProj/Sources/XcodeProj/Project/XcodeProj.swift (in target 'XcodeProj' from project 'XcodeProj')
    cd /Users/admin/builder/spi-builder-workspace/.swiftpm/xcode
    builtin-SwiftPerFileCompile XcodeProj.swift
SwiftCompile normal arm64 /Users/admin/builder/spi-builder-workspace/.dependencies/checkouts/XcodeProj/Sources/XcodeProj/Protocols/Writable.swift (in target 'XcodeProj' from project 'XcodeProj')
    cd /Users/admin/builder/spi-builder-workspace/.swiftpm/xcode
    builtin-SwiftPerFileCompile Writable.swift
SwiftCompile normal arm64 /Users/admin/builder/spi-builder-workspace/.dependencies/checkouts/XcodeProj/Sources/XcodeProj/Scheme/XCScheme+AditionalOption.swift (in target 'XcodeProj' from project 'XcodeProj')
    cd /Users/admin/builder/spi-builder-workspace/.swiftpm/xcode
    builtin-SwiftPerFileCompile XCScheme+AditionalOption.swift
SwiftCompile normal arm64 /Users/admin/builder/spi-builder-workspace/.dependencies/checkouts/XcodeProj/Sources/XcodeProj/Scheme/XCScheme+AnalyzeAction.swift (in target 'XcodeProj' from project 'XcodeProj')
    cd /Users/admin/builder/spi-builder-workspace/.swiftpm/xcode
    builtin-SwiftPerFileCompile XCScheme+AnalyzeAction.swift
SwiftCompile normal arm64 /Users/admin/builder/spi-builder-workspace/.dependencies/checkouts/XcodeProj/Sources/XcodeProj/Scheme/XCScheme+ArchiveAction.swift (in target 'XcodeProj' from project 'XcodeProj')
    cd /Users/admin/builder/spi-builder-workspace/.swiftpm/xcode
    builtin-SwiftPerFileCompile XCScheme+ArchiveAction.swift
SwiftCompile normal arm64 /Users/admin/builder/spi-builder-workspace/.dependencies/checkouts/XcodeProj/Sources/XcodeProj/Scheme/XCScheme+BuildAction.swift (in target 'XcodeProj' from project 'XcodeProj')
    cd /Users/admin/builder/spi-builder-workspace/.swiftpm/xcode
    builtin-SwiftPerFileCompile XCScheme+BuildAction.swift
SwiftCompile normal arm64 /Users/admin/builder/spi-builder-workspace/.dependencies/checkouts/XcodeProj/Sources/XcodeProj/Scheme/XCScheme+BuildableProductRunnable.swift (in target 'XcodeProj' from project 'XcodeProj')
    cd /Users/admin/builder/spi-builder-workspace/.swiftpm/xcode
    builtin-SwiftPerFileCompile XCScheme+BuildableProductRunnable.swift
SwiftCompile normal arm64 /Users/admin/builder/spi-builder-workspace/.dependencies/checkouts/XcodeProj/Sources/XcodeProj/Scheme/XCScheme+BuildableReference.swift (in target 'XcodeProj' from project 'XcodeProj')
    cd /Users/admin/builder/spi-builder-workspace/.swiftpm/xcode
    builtin-SwiftPerFileCompile XCScheme+BuildableReference.swift
SwiftCompile normal arm64 /Users/admin/builder/spi-builder-workspace/.dependencies/checkouts/XcodeProj/Sources/XcodeProj/Scheme/XCScheme+CommandLineArguments.swift (in target 'XcodeProj' from project 'XcodeProj')
    cd /Users/admin/builder/spi-builder-workspace/.swiftpm/xcode
    builtin-SwiftPerFileCompile XCScheme+CommandLineArguments.swift
PruneExplicitPrecompiledModules /Users/admin/builder/spi-builder-workspace/.derivedData/SDKExplicitPrecompiledModules
PruneExplicitPrecompiledModules /Users/admin/builder/spi-builder-workspace/.derivedData/Build/Intermediates.noindex/ExplicitPrecompiledModules
PruneExplicitPrecompiledModules /Users/admin/builder/spi-builder-workspace/.derivedData/Build/Intermediates.noindex/SwiftExplicitPrecompiledModules
2026-10-09 00:37:20.397 xcodebuild[988:5689] [MT] IDERunDestination: Supported platforms for the buildables in the current scheme is empty.
** BUILD FAILED **
The following build commands failed:
	SwiftCompile normal arm64 Compiling\ Errors.swift,\ AEXML+XcodeFormat.swift,\ Array+Extras.swift,\ Bool+Extras.swift,\ KeyedDecodingContainer+Additions.swift,\ NSRecursiveLock+Sync.swift,\ Path+Extras.swift,\ String+Utils.swift,\ String+md5.swift,\ BuildFileSetting.swift,\ BuildPhase.swift,\ PBXBuildFile.swift /Users/admin/builder/spi-builder-workspace/.dependencies/checkouts/XcodeProj/Sources/XcodeProj/Errors/Errors.swift /Users/admin/builder/spi-builder-workspace/.dependencies/checkouts/XcodeProj/Sources/XcodeProj/Extensions/AEXML+XcodeFormat.swift /Users/admin/builder/spi-builder-workspace/.dependencies/checkouts/XcodeProj/Sources/XcodeProj/Extensions/Array+Extras.swift /Users/admin/builder/spi-builder-workspace/.dependencies/checkouts/XcodeProj/Sources/XcodeProj/Extensions/Bool+Extras.swift /Users/admin/builder/spi-builder-workspace/.dependencies/checkouts/XcodeProj/Sources/XcodeProj/Extensions/KeyedDecodingContainer+Additions.swift /Users/admin/builder/spi-builder-workspace/.dependencies/checkouts/XcodeProj/Sources/XcodeProj/Extensions/NSRecursiveLock+Sync.swift /Users/admin/builder/spi-builder-workspace/.dependencies/checkouts/XcodeProj/Sources/XcodeProj/Extensions/Path+Extras.swift /Users/admin/builder/spi-builder-workspace/.dependencies/checkouts/XcodeProj/Sources/XcodeProj/Extensions/String+Utils.swift /Users/admin/builder/spi-builder-workspace/.dependencies/checkouts/XcodeProj/Sources/XcodeProj/Extensions/String+md5.swift /Users/admin/builder/spi-builder-workspace/.dependencies/checkouts/XcodeProj/Sources/XcodeProj/Objects/BuildPhase/BuildFileSetting.swift /Users/admin/builder/spi-builder-workspace/.dependencies/checkouts/XcodeProj/Sources/XcodeProj/Objects/BuildPhase/BuildPhase.swift /Users/admin/builder/spi-builder-workspace/.dependencies/checkouts/XcodeProj/Sources/XcodeProj/Objects/BuildPhase/PBXBuildFile.swift (in target 'XcodeProj' from project 'XcodeProj')
	SwiftCompile normal arm64 /Users/admin/builder/spi-builder-workspace/.dependencies/checkouts/XcodeProj/Sources/XcodeProj/Extensions/Path+Extras.swift (in target 'XcodeProj' from project 'XcodeProj')
	Building workspace XCLint with scheme XCLint-Package
(3 failures)
Command line invocation:
    /Applications/Xcode-27.0.0.app/Contents/Developer/usr/bin/xcodebuild -IDEClonedSourcePackagesDirPathOverride=/Users/admin/builder/spi-builder-workspace/.dependencies -resolvePackageDependencies
Resolve Package Graph
Resolved source packages:
  Spectre: https://github.com/kylef/Spectre.git @ 0.10.1
  swift-argument-parser: https://github.com/apple/swift-argument-parser @ 1.8.2
  xcode-project-format: https://github.com/apple/xcode-project-format.git @ 0.1.0
  PathKit: https://github.com/kylef/PathKit.git @ 1.0.1
  XCConfig: https://github.com/hisaac/XCConfig @ 0.1.0
  AEXML: https://github.com/tadija/AEXML.git @ 4.7.0
  Yams: https://github.com/jpsim/Yams @ 6.2.2
  XcodeProj: https://github.com/tuist/XcodeProj @ 9.17.5
  XCLint: /Users/admin/builder/spi-builder-workspace
resolved source packages: Spectre, swift-argument-parser, xcode-project-format, PathKit, XCConfig, AEXML, Yams, XcodeProj, XCLint
2026-10-09 00:37:33.392 xcodebuild[1336:7326] [MT] IDERunDestination: Supported platforms for the buildables in the current scheme is empty.
{
  "dependencies" : [
    {
      "identity" : "swift-argument-parser",
      "requirement" : {
        "exact" : [
          "1.8.2"
        ]
      },
      "type" : "sourceControl",
      "url" : "https://github.com/apple/swift-argument-parser"
    },
    {
      "identity" : "xcconfig",
      "requirement" : {
        "exact" : [
          "0.1.0"
        ]
      },
      "type" : "sourceControl",
      "url" : "https://github.com/hisaac/XCConfig"
    },
    {
      "identity" : "yams",
      "requirement" : {
        "exact" : [
          "6.2.2"
        ]
      },
      "type" : "sourceControl",
      "url" : "https://github.com/jpsim/Yams"
    },
    {
      "identity" : "xcodeproj",
      "requirement" : {
        "exact" : [
          "9.17.5"
        ]
      },
      "type" : "sourceControl",
      "url" : "https://github.com/tuist/XcodeProj"
    }
  ],
  "manifest_display_name" : "XCLint",
  "name" : "XCLint",
  "path" : "/Users/admin/builder/spi-builder-workspace",
  "platforms" : [
    {
      "name" : "macos",
      "version" : "14.0"
    }
  ],
  "products" : [
    {
      "name" : "xclint",
      "targets" : [
        "cli"
      ],
      "type" : {
        "executable" : null
      }
    },
    {
      "name" : "XCLinting",
      "targets" : [
        "XCLinting"
      ],
      "type" : {
        "library" : [
          "automatic"
        ]
      }
    }
  ],
  "swift_languages_versions" : [
    "6"
  ],
  "targets" : [
    {
      "c99name" : "cli",
      "module_type" : "SwiftTarget",
      "name" : "cli",
      "path" : "Sources/cli",
      "product_dependencies" : [
        "ArgumentParser",
        "Yams"
      ],
      "product_memberships" : [
        "xclint"
      ],
      "resources" : [
        {
          "path" : "/Users/admin/builder/spi-builder-workspace/.version",
          "rule" : {
            "embed_in_code" : {
            }
          }
        }
      ],
      "sources" : [
        "xclint.swift"
      ],
      "target_dependencies" : [
        "XCLinting"
      ],
      "type" : "executable"
    },
    {
      "c99name" : "XCLinting",
      "module_type" : "SwiftTarget",
      "name" : "XCLinting",
      "path" : "Sources/XCLinting",
      "product_dependencies" : [
        "XCConfig",
        "XcodeProj"
      ],
      "product_memberships" : [
        "xclint",
        "XCLinting"
      ],
      "sources" : [
        "ConfigurationFile.swift",
        "Extensions/PBXProj+BuildSettings.swift",
        "Extensions/XCBuildConfiguration+BuildSettings.swift",
        "Rules/BuildFilesAreOrderedRule.swift",
        "Rules/EmbeddedBuildSettingsRule.swift",
        "Rules/GroupsAreSortedRule.swift",
        "Rules/ImplicitDependenciesRule.swift",
        "Rules/ProjectsUseXCConfigRule.swift",
        "Rules/RelativePathsRule.swift",
        "Rules/SharedSchemeSkipsTestsRule.swift",
        "Rules/SharedSchemesRule.swift",
        "Rules/TargetsUseXCConfigRule.swift",
        "Rules/ValidateBuildSettingsRule.swift",
        "Violation.swift",
        "XCConfigBuildSetting.swift",
        "XCLintError.swift",
        "XCLinter.swift"
      ],
      "type" : "library"
    },
    {
      "c99name" : "XCLintTests",
      "module_type" : "SwiftTarget",
      "name" : "XCLintTests",
      "path" : "Tests/XCLintTests",
      "product_dependencies" : [
        "XcodeProj"
      ],
      "resources" : [
        {
          "path" : "/Users/admin/builder/spi-builder-workspace/Tests/XCLintTests/TestData",
          "rule" : {
            "copy" : {
            }
          }
        }
      ],
      "sources" : [
        "BuildFilesAreOrderedTests.swift",
        "Bundle+TestData.swift",
        "ConfigurationFileTests.swift",
        "EmbeddedBuildSettingsRuleTests.swift",
        "GroupsAreSortedRuleTests.swift",
        "ImplicitDependenciesRuleTests.swift",
        "ProjectsUseXCConfigRuleTests.swift",
        "RelativePathsRuleTests.swift",
        "SharedSchemeSkipsTestsRuleTests.swift",
        "SharedSchemesRuleTests.swift",
        "TargetsUseXCConfigRuleTests.swift",
        "ValidateBuildSettingsRuleTests.swift",
        "XCLinterTests.swift"
      ],
      "target_dependencies" : [
        "XCLinting"
      ],
      "type" : "test"
    }
  ],
  "tools_version" : "6.4"
}
{
  "workspace" : {
    "name" : "XCLint",
    "schemes" : [
      "xclint",
      "XCLint-Package",
      "XCLinting"
    ]
  }
}
2026-10-09 00:37:35.782 xcodebuild[1352:7450] [MT] IDERunDestination: Supported platforms for the buildables in the current scheme is empty.
{
  "workspace" : {
    "name" : "XCLint",
    "schemes" : [
      "xclint",
      "XCLint-Package",
      "XCLinting"
    ]
  }
}
2026-10-09 00:37:37.968 xcodebuild[1362:7540] [MT] IDERunDestination: Supported platforms for the buildables in the current scheme is empty.
Running build ...
env DEVELOPER_DIR=/Applications/Xcode-27.0.0-Release.Candidate.app xcrun xcodebuild -IDEClonedSourcePackagesDirPathOverride=$PWD/.dependencies -skipMacroValidation -skipPackagePluginValidation -derivedDataPath $PWD/.derivedData build -scheme XCLint-Package -destination generic/platform=xrOS
Command line invocation:
    /Applications/Xcode-27.0.0.app/Contents/Developer/usr/bin/xcodebuild -IDEClonedSourcePackagesDirPathOverride=/Users/admin/builder/spi-builder-workspace/.dependencies -skipMacroValidation -skipPackagePluginValidation -derivedDataPath /Users/admin/builder/spi-builder-workspace/.derivedData build -scheme XCLint-Package -destination generic/platform=xrOS
Resolve Package Graph
Resolved source packages:
  XcodeProj: https://github.com/tuist/XcodeProj @ 9.17.5
  Yams: https://github.com/jpsim/Yams @ 6.2.2
  xcode-project-format: https://github.com/apple/xcode-project-format.git @ 0.1.0
  XCConfig: https://github.com/hisaac/XCConfig @ 0.1.0
  swift-argument-parser: https://github.com/apple/swift-argument-parser @ 1.8.2
  Spectre: https://github.com/kylef/Spectre.git @ 0.10.1
  PathKit: https://github.com/kylef/PathKit.git @ 1.0.1
  XCLint: /Users/admin/builder/spi-builder-workspace
  AEXML: https://github.com/tadija/AEXML.git @ 4.7.0
ComputePackagePrebuildTargetDependencyGraph
Prepare packages
CreateBuildRequest
SendProjectDescription
CreateBuildOperation
ComputeTargetDependencyGraph
note: Building targets in dependency order
note: Target dependency graph (20 targets)
    Target 'xclint-product' in project 'XCLint'
        ➜ Explicit dependency on target 'XCLint_cli' in project 'XCLint'
        ➜ Explicit dependency on target 'XCLinting' in project 'XCLint'
        ➜ Explicit dependency on target 'XCConfig-product' in project 'XCConfig'
        ➜ Explicit dependency on target 'XcodeProj-product' in project 'XcodeProj'
        ➜ Explicit dependency on target 'ArgumentParser-product' in project 'swift-argument-parser'
        ➜ Explicit dependency on target 'Yams-product' in project 'Yams'
    Target 'Yams-product' in project 'Yams'
        ➜ Explicit dependency on target 'Yams' in project 'Yams'
        ➜ Explicit dependency on target 'CYaml' in project 'Yams'
    Target 'Yams' in project 'Yams'
        ➜ Explicit dependency on target 'CYaml' in project 'Yams'
    Target 'CYaml' in project 'Yams' (no dependencies)
    Target 'ArgumentParser-product' in project 'swift-argument-parser'
        ➜ Explicit dependency on target 'ArgumentParser' in project 'swift-argument-parser'
        ➜ Explicit dependency on target 'ArgumentParserToolInfo' in project 'swift-argument-parser'
    Target 'ArgumentParser' in project 'swift-argument-parser'
        ➜ Explicit dependency on target 'ArgumentParserToolInfo' in project 'swift-argument-parser'
    Target 'ArgumentParserToolInfo' in project 'swift-argument-parser' (no dependencies)
    Target 'XCLint_cli' in project 'XCLint' (no dependencies)
    Target 'XCLinting-product' in project 'XCLint'
        ➜ Explicit dependency on target 'XCLinting' in project 'XCLint'
        ➜ Explicit dependency on target 'XCConfig-product' in project 'XCConfig'
        ➜ Explicit dependency on target 'XcodeProj-product' in project 'XcodeProj'
    Target 'XCLinting' in project 'XCLint'
        ➜ Explicit dependency on target 'XCConfig-product' in project 'XCConfig'
        ➜ Explicit dependency on target 'XcodeProj-product' in project 'XcodeProj'
    Target 'XcodeProj-product' in project 'XcodeProj'
        ➜ Explicit dependency on target 'XcodeProj' in project 'XcodeProj'
        ➜ Explicit dependency on target 'PathKit-product' in project 'PathKit'
        ➜ Explicit dependency on target 'AEXML-product' in project 'AEXML'
        ➜ Explicit dependency on target 'XcodeProjectFormat-product' in project 'xcode-project-format'
    Target 'XcodeProj' in project 'XcodeProj'
        ➜ Explicit dependency on target 'PathKit-product' in project 'PathKit'
        ➜ Explicit dependency on target 'AEXML-product' in project 'AEXML'
        ➜ Explicit dependency on target 'XcodeProjectFormat-product' in project 'xcode-project-format'
    Target 'XcodeProjectFormat-product' in project 'xcode-project-format'
        ➜ Explicit dependency on target 'XcodeProjectFormat' in project 'xcode-project-format'
    Target 'XcodeProjectFormat' in project 'xcode-project-format' (no dependencies)
    Target 'AEXML-product' in project 'AEXML'
        ➜ Explicit dependency on target 'AEXML' in project 'AEXML'
    Target 'AEXML' in project 'AEXML' (no dependencies)
    Target 'PathKit-product' in project 'PathKit'
        ➜ Explicit dependency on target 'PathKit' in project 'PathKit'
    Target 'PathKit' in project 'PathKit' (no dependencies)
    Target 'XCConfig-product' in project 'XCConfig'
        ➜ Explicit dependency on target 'XCConfig' in project 'XCConfig'
    Target 'XCConfig' in project 'XCConfig' (no dependencies)
GatherProvisioningInputs
CreateBuildDescription
ClangStatCache /Applications/Xcode-27.0.0.app/Contents/Developer/Toolchains/XcodeDefault.xctoolchain/usr/bin/clang-stat-cache /Applications/Xcode-27.0.0.app/Contents/Developer/Platforms/XROS.platform/Developer/SDKs/XROS27.0.sdk /Users/admin/builder/spi-builder-workspace/.derivedData/SDKStatCaches.noindex/xros27.0-24M361-e829b21a6f8c9b70876ba0858053c04489c3c372b822c72ca60ec5271cbc7f3c.sdkstatcache
    cd /Users/admin/builder/spi-builder-workspace/.swiftpm/xcode
    /Applications/Xcode-27.0.0.app/Contents/Developer/Toolchains/XcodeDefault.xctoolchain/usr/bin/clang-stat-cache /Applications/Xcode-27.0.0.app/Contents/Developer/Platforms/XROS.platform/Developer/SDKs/XROS27.0.sdk -o /Users/admin/builder/spi-builder-workspace/.derivedData/SDKStatCaches.noindex/xros27.0-24M361-e829b21a6f8c9b70876ba0858053c04489c3c372b822c72ca60ec5271cbc7f3c.sdkstatcache
SwiftDriver XcodeProj normal arm64 com.apple.xcode.tools.swift.compiler (in target 'XcodeProj' from project 'XcodeProj')
    cd /Users/admin/builder/spi-builder-workspace/.swiftpm/xcode
    builtin-SwiftDriver -- /Applications/Xcode-27.0.0.app/Contents/Developer/Toolchains/XcodeDefault.xctoolchain/usr/bin/swiftc -parse-as-library -module-name XcodeProj -Onone @/Users/admin/builder/spi-builder-workspace/.derivedData/Build/Intermediates.noindex/XcodeProj.build/Debug-xros/XcodeProj-t.build/Objects-normal/arm64/XcodeProj.SwiftFileList -DSWIFT_PACKAGE -DDEBUG -DSWIFT_MODULE_RESOURCE_BUNDLE_UNAVAILABLE -DXcode -enable-experimental-feature StrictConcurrency -plugin-path /Applications/Xcode-27.0.0.app/Contents/Developer/Toolchains/XcodeDefault.xctoolchain/usr/lib/swift/host/plugins/testing -enable-experimental-feature DebugDescriptionMacro -sdk /Applications/Xcode-27.0.0.app/Contents/Developer/Platforms/XROS.platform/Developer/SDKs/XROS27.0.sdk -target arm64-apple-xros1.0 -g -module-cache-path /Users/admin/builder/spi-builder-workspace/.derivedData/ModuleCache.noindex -Xfrontend -serialize-debugging-options -profile-coverage-mapping -profile-generate -enable-testing -suppress-warnings -index-store-path /Users/admin/builder/spi-builder-workspace/.derivedData/Index.noindex/DataStore -Xcc -D_LIBCPP_HARDENING_MODE\=_LIBCPP_HARDENING_MODE_DEBUG -swift-version 6 -I /Users/admin/builder/spi-builder-workspace/.derivedData/Build/Products/Debug-xros -Isystem /Applications/Xcode-27.0.0.app/Contents/Developer/Platforms/XROS.platform/Developer/usr/lib -F /Users/admin/builder/spi-builder-workspace/.derivedData/Build/Products/Debug-xros/PackageFrameworks -F /Users/admin/builder/spi-builder-workspace/.derivedData/Build/Products/Debug-xros -F /Applications/Xcode-27.0.0.app/Contents/Developer/Platforms/XROS.platform/Developer/Library/Frameworks -F /Applications/Xcode-27.0.0.app/Contents/Developer/Platforms/XROS.platform/Developer/SDKs/XROS27.0.sdk/Developer/Library/Frameworks -c -j10 -enable-batch-mode -incremental -Xcc -ivfsstatcache -Xcc /Users/admin/builder/spi-builder-workspace/.derivedData/SDKStatCaches.noindex/xros27.0-24M361-e829b21a6f8c9b70876ba0858053c04489c3c372b822c72ca60ec5271cbc7f3c.sdkstatcache -output-file-map /Users/admin/builder/spi-builder-workspace/.derivedData/Build/Intermediates.noindex/XcodeProj.build/Debug-xros/XcodeProj-t.build/Objects-normal/arm64/XcodeProj-OutputFileMap.json -save-temps -no-color-diagnostics -explicit-module-build -module-cache-path /Users/admin/builder/spi-builder-workspace/.derivedData/Build/Intermediates.noindex/SwiftExplicitPrecompiledModules -clang-scanner-module-cache-path /Users/admin/builder/spi-builder-workspace/.derivedData/ModuleCache.noindex -sdk-module-cache-path /Users/admin/builder/spi-builder-workspace/.derivedData/SDKExplicitPrecompiledModules -emit-dependencies -emit-module -emit-module-path /Users/admin/builder/spi-builder-workspace/.derivedData/Build/Intermediates.noindex/XcodeProj.build/Debug-xros/XcodeProj-t.build/Objects-normal/arm64/XcodeProj.swiftmodule -serialize-diagnostics -dependency-scan-serialize-diagnostics-path /Users/admin/builder/spi-builder-workspace/.derivedData/Build/Intermediates.noindex/XcodeProj.build/Debug-xros/XcodeProj-t.build/Objects-normal/arm64/XcodeProj-dependency-scan.dia -user-module-version 9.17.5 -validate-clang-modules-once -clang-build-session-file /Users/admin/builder/spi-builder-workspace/.derivedData/ModuleCache.noindex/Session.modulevalidation -Xcc -fmodules-prune-interval\=86400 -Xcc -fmodules-prune-after\=345600 -package-name xcodeproj -emit-const-values -const-gather-protocols-list /Users/admin/builder/spi-builder-workspace/.derivedData/Build/Intermediates.noindex/XcodeProj.build/Debug-xros/XcodeProj-t.build/Objects-normal/arm64/XcodeProj_const_extract_protocols.json -Xcc -I/Users/admin/builder/spi-builder-workspace/.derivedData/Build/Products/Debug-xros/include -Xcc -I/Users/admin/builder/spi-builder-workspace/.derivedData/Build/Intermediates.noindex/XcodeProj.build/Debug-xros/XcodeProj-t.build/DerivedSources-normal/arm64 -Xcc -I/Users/admin/builder/spi-builder-workspace/.derivedData/Build/Intermediates.noindex/XcodeProj.build/Debug-xros/XcodeProj-t.build/DerivedSources/arm64 -Xcc -I/Users/admin/builder/spi-builder-workspace/.derivedData/Build/Intermediates.noindex/XcodeProj.build/Debug-xros/XcodeProj-t.build/DerivedSources -Xcc -DSWIFT_PACKAGE -Xcc -DDEBUG\=1 -emit-objc-header -emit-objc-header-path /Users/admin/builder/spi-builder-workspace/.derivedData/Build/Intermediates.noindex/XcodeProj.build/Debug-xros/XcodeProj-t.build/Objects-normal/arm64/XcodeProj-Swift.h -working-directory /Users/admin/builder/spi-builder-workspace/.swiftpm/xcode -experimental-emit-module-separately -disable-cmo
SwiftDriver ArgumentParser normal arm64 com.apple.xcode.tools.swift.compiler (in target 'ArgumentParser' from project 'swift-argument-parser')
    cd /Users/admin/builder/spi-builder-workspace/.swiftpm/xcode
    builtin-SwiftDriver -- /Applications/Xcode-27.0.0.app/Contents/Developer/Toolchains/XcodeDefault.xctoolchain/usr/bin/swiftc -parse-as-library -module-name ArgumentParser -Onone @/Users/admin/builder/spi-builder-workspace/.derivedData/Build/Intermediates.noindex/swift-argument-parser.build/Debug-xros/ArgumentParser-t.build/Objects-normal/arm64/ArgumentParser.SwiftFileList -DSWIFT_PACKAGE -DDEBUG -DSWIFT_MODULE_RESOURCE_BUNDLE_UNAVAILABLE -DXcode -plugin-path /Applications/Xcode-27.0.0.app/Contents/Developer/Toolchains/XcodeDefault.xctoolchain/usr/lib/swift/host/plugins/testing -enable-experimental-feature DebugDescriptionMacro -sdk /Applications/Xcode-27.0.0.app/Contents/Developer/Platforms/XROS.platform/Developer/SDKs/XROS27.0.sdk -target arm64-apple-xros1.0 -g -module-cache-path /Users/admin/builder/spi-builder-workspace/.derivedData/ModuleCache.noindex -Xfrontend -serialize-debugging-options -profile-coverage-mapping -profile-generate -enable-testing -suppress-warnings -index-store-path /Users/admin/builder/spi-builder-workspace/.derivedData/Index.noindex/DataStore -Xcc -D_LIBCPP_HARDENING_MODE\=_LIBCPP_HARDENING_MODE_DEBUG -swift-version 6 -I /Users/admin/builder/spi-builder-workspace/.derivedData/Build/Products/Debug-xros -Isystem /Applications/Xcode-27.0.0.app/Contents/Developer/Platforms/XROS.platform/Developer/usr/lib -F /Users/admin/builder/spi-builder-workspace/.derivedData/Build/Products/Debug-xros/PackageFrameworks -F /Users/admin/builder/spi-builder-workspace/.derivedData/Build/Products/Debug-xros -F /Applications/Xcode-27.0.0.app/Contents/Developer/Platforms/XROS.platform/Developer/Library/Frameworks -F /Applications/Xcode-27.0.0.app/Contents/Developer/Platforms/XROS.platform/Developer/SDKs/XROS27.0.sdk/Developer/Library/Frameworks -c -j10 -enable-batch-mode -incremental -Xcc -ivfsstatcache -Xcc /Users/admin/builder/spi-builder-workspace/.derivedData/SDKStatCaches.noindex/xros27.0-24M361-e829b21a6f8c9b70876ba0858053c04489c3c372b822c72ca60ec5271cbc7f3c.sdkstatcache -output-file-map /Users/admin/builder/spi-builder-workspace/.derivedData/Build/Intermediates.noindex/swift-argument-parser.build/Debug-xros/ArgumentParser-t.build/Objects-normal/arm64/ArgumentParser-OutputFileMap.json -save-temps -no-color-diagnostics -explicit-module-build -module-cache-path /Users/admin/builder/spi-builder-workspace/.derivedData/Build/Intermediates.noindex/SwiftExplicitPrecompiledModules -clang-scanner-module-cache-path /Users/admin/builder/spi-builder-workspace/.derivedData/ModuleCache.noindex -sdk-module-cache-path /Users/admin/builder/spi-builder-workspace/.derivedData/SDKExplicitPrecompiledModules -emit-dependencies -emit-module -emit-module-path /Users/admin/builder/spi-builder-workspace/.derivedData/Build/Intermediates.noindex/swift-argument-parser.build/Debug-xros/ArgumentParser-t.build/Objects-normal/arm64/ArgumentParser.swiftmodule -serialize-diagnostics -dependency-scan-serialize-diagnostics-path /Users/admin/builder/spi-builder-workspace/.derivedData/Build/Intermediates.noindex/swift-argument-parser.build/Debug-xros/ArgumentParser-t.build/Objects-normal/arm64/ArgumentParser-dependency-scan.dia -user-module-version 1.8.2 -validate-clang-modules-once -clang-build-session-file /Users/admin/builder/spi-builder-workspace/.derivedData/ModuleCache.noindex/Session.modulevalidation -Xcc -fmodules-prune-interval\=86400 -Xcc -fmodules-prune-after\=345600 -package-name swift_argument_parser -emit-const-values -const-gather-protocols-list /Users/admin/builder/spi-builder-workspace/.derivedData/Build/Intermediates.noindex/swift-argument-parser.build/Debug-xros/ArgumentParser-t.build/Objects-normal/arm64/ArgumentParser_const_extract_protocols.json -Xcc -I/Users/admin/builder/spi-builder-workspace/.derivedData/Build/Products/Debug-xros/include -Xcc -I/Users/admin/builder/spi-builder-workspace/.derivedData/Build/Intermediates.noindex/swift-argument-parser.build/Debug-xros/ArgumentParser-t.build/DerivedSources-normal/arm64 -Xcc -I/Users/admin/builder/spi-builder-workspace/.derivedData/Build/Intermediates.noindex/swift-argument-parser.build/Debug-xros/ArgumentParser-t.build/DerivedSources/arm64 -Xcc -I/Users/admin/builder/spi-builder-workspace/.derivedData/Build/Intermediates.noindex/swift-argument-parser.build/Debug-xros/ArgumentParser-t.build/DerivedSources -Xcc -DSWIFT_PACKAGE -Xcc -DDEBUG\=1 -emit-objc-header -emit-objc-header-path /Users/admin/builder/spi-builder-workspace/.derivedData/Build/Intermediates.noindex/swift-argument-parser.build/Debug-xros/ArgumentParser-t.build/Objects-normal/arm64/ArgumentParser-Swift.h -working-directory /Users/admin/builder/spi-builder-workspace/.swiftpm/xcode -experimental-emit-module-separately -disable-cmo
SwiftDriver\ Compilation ArgumentParser normal arm64 com.apple.xcode.tools.swift.compiler (in target 'ArgumentParser' from project 'swift-argument-parser')
    cd /Users/admin/builder/spi-builder-workspace/.swiftpm/xcode
    builtin-Swift-Compilation -- /Applications/Xcode-27.0.0.app/Contents/Developer/Toolchains/XcodeDefault.xctoolchain/usr/bin/swiftc -parse-as-library -module-name ArgumentParser -Onone @/Users/admin/builder/spi-builder-workspace/.derivedData/Build/Intermediates.noindex/swift-argument-parser.build/Debug-xros/ArgumentParser-t.build/Objects-normal/arm64/ArgumentParser.SwiftFileList -DSWIFT_PACKAGE -DDEBUG -DSWIFT_MODULE_RESOURCE_BUNDLE_UNAVAILABLE -DXcode -plugin-path /Applications/Xcode-27.0.0.app/Contents/Developer/Toolchains/XcodeDefault.xctoolchain/usr/lib/swift/host/plugins/testing -enable-experimental-feature DebugDescriptionMacro -sdk /Applications/Xcode-27.0.0.app/Contents/Developer/Platforms/XROS.platform/Developer/SDKs/XROS27.0.sdk -target arm64-apple-xros1.0 -g -module-cache-path /Users/admin/builder/spi-builder-workspace/.derivedData/ModuleCache.noindex -Xfrontend -serialize-debugging-options -profile-coverage-mapping -profile-generate -enable-testing -suppress-warnings -index-store-path /Users/admin/builder/spi-builder-workspace/.derivedData/Index.noindex/DataStore -Xcc -D_LIBCPP_HARDENING_MODE\=_LIBCPP_HARDENING_MODE_DEBUG -swift-version 6 -I /Users/admin/builder/spi-builder-workspace/.derivedData/Build/Products/Debug-xros -Isystem /Applications/Xcode-27.0.0.app/Contents/Developer/Platforms/XROS.platform/Developer/usr/lib -F /Users/admin/builder/spi-builder-workspace/.derivedData/Build/Products/Debug-xros/PackageFrameworks -F /Users/admin/builder/spi-builder-workspace/.derivedData/Build/Products/Debug-xros -F /Applications/Xcode-27.0.0.app/Contents/Developer/Platforms/XROS.platform/Developer/Library/Frameworks -F /Applications/Xcode-27.0.0.app/Contents/Developer/Platforms/XROS.platform/Developer/SDKs/XROS27.0.sdk/Developer/Library/Frameworks -c -j10 -enable-batch-mode -incremental -Xcc -ivfsstatcache -Xcc /Users/admin/builder/spi-builder-workspace/.derivedData/SDKStatCaches.noindex/xros27.0-24M361-e829b21a6f8c9b70876ba0858053c04489c3c372b822c72ca60ec5271cbc7f3c.sdkstatcache -output-file-map /Users/admin/builder/spi-builder-workspace/.derivedData/Build/Intermediates.noindex/swift-argument-parser.build/Debug-xros/ArgumentParser-t.build/Objects-normal/arm64/ArgumentParser-OutputFileMap.json -save-temps -no-color-diagnostics -explicit-module-build -module-cache-path /Users/admin/builder/spi-builder-workspace/.derivedData/Build/Intermediates.noindex/SwiftExplicitPrecompiledModules -clang-scanner-module-cache-path /Users/admin/builder/spi-builder-workspace/.derivedData/ModuleCache.noindex -sdk-module-cache-path /Users/admin/builder/spi-builder-workspace/.derivedData/SDKExplicitPrecompiledModules -emit-dependencies -emit-module -emit-module-path /Users/admin/builder/spi-builder-workspace/.derivedData/Build/Intermediates.noindex/swift-argument-parser.build/Debug-xros/ArgumentParser-t.build/Objects-normal/arm64/ArgumentParser.swiftmodule -serialize-diagnostics -dependency-scan-serialize-diagnostics-path /Users/admin/builder/spi-builder-workspace/.derivedData/Build/Intermediates.noindex/swift-argument-parser.build/Debug-xros/ArgumentParser-t.build/Objects-normal/arm64/ArgumentParser-dependency-scan.dia -user-module-version 1.8.2 -validate-clang-modules-once -clang-build-session-file /Users/admin/builder/spi-builder-workspace/.derivedData/ModuleCache.noindex/Session.modulevalidation -Xcc -fmodules-prune-interval\=86400 -Xcc -fmodules-prune-after\=345600 -package-name swift_argument_parser -emit-const-values -const-gather-protocols-list /Users/admin/builder/spi-builder-workspace/.derivedData/Build/Intermediates.noindex/swift-argument-parser.build/Debug-xros/ArgumentParser-t.build/Objects-normal/arm64/ArgumentParser_const_extract_protocols.json -Xcc -I/Users/admin/builder/spi-builder-workspace/.derivedData/Build/Products/Debug-xros/include -Xcc -I/Users/admin/builder/spi-builder-workspace/.derivedData/Build/Intermediates.noindex/swift-argument-parser.build/Debug-xros/ArgumentParser-t.build/DerivedSources-normal/arm64 -Xcc -I/Users/admin/builder/spi-builder-workspace/.derivedData/Build/Intermediates.noindex/swift-argument-parser.build/Debug-xros/ArgumentParser-t.build/DerivedSources/arm64 -Xcc -I/Users/admin/builder/spi-builder-workspace/.derivedData/Build/Intermediates.noindex/swift-argument-parser.build/Debug-xros/ArgumentParser-t.build/DerivedSources -Xcc -DSWIFT_PACKAGE -Xcc -DDEBUG\=1 -emit-objc-header -emit-objc-header-path /Users/admin/builder/spi-builder-workspace/.derivedData/Build/Intermediates.noindex/swift-argument-parser.build/Debug-xros/ArgumentParser-t.build/Objects-normal/arm64/ArgumentParser-Swift.h -working-directory /Users/admin/builder/spi-builder-workspace/.swiftpm/xcode -experimental-emit-module-separately -disable-cmo
SwiftCompile normal arm64 Compiling\ PBXBuildPhase.swift,\ PBXBuildRule.swift,\ PBXCopyFilesBuildPhase.swift,\ PBXFrameworksBuildPhase.swift,\ PBXHeadersBuildPhase.swift,\ PBXResourcesBuildPhase.swift,\ PBXRezBuildPhase.swift,\ PBXShellScriptBuildPhase.swift,\ PBXSourcesBuildPhase.swift,\ BuildSettings.swift,\ XCBuildConfiguration.swift,\ XCConfigurationList.swift /Users/admin/builder/spi-builder-workspace/.dependencies/checkouts/XcodeProj/Sources/XcodeProj/Objects/BuildPhase/PBXBuildPhase.swift /Users/admin/builder/spi-builder-workspace/.dependencies/checkouts/XcodeProj/Sources/XcodeProj/Objects/BuildPhase/PBXBuildRule.swift /Users/admin/builder/spi-builder-workspace/.dependencies/checkouts/XcodeProj/Sources/XcodeProj/Objects/BuildPhase/PBXCopyFilesBuildPhase.swift /Users/admin/builder/spi-builder-workspace/.dependencies/checkouts/XcodeProj/Sources/XcodeProj/Objects/BuildPhase/PBXFrameworksBuildPhase.swift /Users/admin/builder/spi-builder-workspace/.dependencies/checkouts/XcodeProj/Sources/XcodeProj/Objects/BuildPhase/PBXHeadersBuildPhase.swift /Users/admin/builder/spi-builder-workspace/.dependencies/checkouts/XcodeProj/Sources/XcodeProj/Objects/BuildPhase/PBXResourcesBuildPhase.swift /Users/admin/builder/spi-builder-workspace/.dependencies/checkouts/XcodeProj/Sources/XcodeProj/Objects/BuildPhase/PBXRezBuildPhase.swift /Users/admin/builder/spi-builder-workspace/.dependencies/checkouts/XcodeProj/Sources/XcodeProj/Objects/BuildPhase/PBXShellScriptBuildPhase.swift /Users/admin/builder/spi-builder-workspace/.dependencies/checkouts/XcodeProj/Sources/XcodeProj/Objects/BuildPhase/PBXSourcesBuildPhase.swift /Users/admin/builder/spi-builder-workspace/.dependencies/checkouts/XcodeProj/Sources/XcodeProj/Objects/Configuration/BuildSettings.swift /Users/admin/builder/spi-builder-workspace/.dependencies/checkouts/XcodeProj/Sources/XcodeProj/Objects/Configuration/XCBuildConfiguration.swift /Users/admin/builder/spi-builder-workspace/.dependencies/checkouts/XcodeProj/Sources/XcodeProj/Objects/Configuration/XCConfigurationList.swift (in target 'XcodeProj' from project 'XcodeProj')
SwiftCompile normal arm64 /Users/admin/builder/spi-builder-workspace/.dependencies/checkouts/XcodeProj/Sources/XcodeProj/Objects/BuildPhase/PBXBuildPhase.swift (in target 'XcodeProj' from project 'XcodeProj')
    cd /Users/admin/builder/spi-builder-workspace/.swiftpm/xcode
    builtin-SwiftPerFileCompile PBXBuildPhase.swift
SwiftCompile normal arm64 /Users/admin/builder/spi-builder-workspace/.dependencies/checkouts/XcodeProj/Sources/XcodeProj/Objects/BuildPhase/PBXBuildRule.swift (in target 'XcodeProj' from project 'XcodeProj')
    cd /Users/admin/builder/spi-builder-workspace/.swiftpm/xcode
    builtin-SwiftPerFileCompile PBXBuildRule.swift
SwiftCompile normal arm64 /Users/admin/builder/spi-builder-workspace/.dependencies/checkouts/XcodeProj/Sources/XcodeProj/Objects/BuildPhase/PBXCopyFilesBuildPhase.swift (in target 'XcodeProj' from project 'XcodeProj')
    cd /Users/admin/builder/spi-builder-workspace/.swiftpm/xcode
    builtin-SwiftPerFileCompile PBXCopyFilesBuildPhase.swift
SwiftCompile normal arm64 /Users/admin/builder/spi-builder-workspace/.dependencies/checkouts/XcodeProj/Sources/XcodeProj/Objects/BuildPhase/PBXFrameworksBuildPhase.swift (in target 'XcodeProj' from project 'XcodeProj')
    cd /Users/admin/builder/spi-builder-workspace/.swiftpm/xcode
    builtin-SwiftPerFileCompile PBXFrameworksBuildPhase.swift
SwiftCompile normal arm64 /Users/admin/builder/spi-builder-workspace/.dependencies/checkouts/XcodeProj/Sources/XcodeProj/Objects/BuildPhase/PBXHeadersBuildPhase.swift (in target 'XcodeProj' from project 'XcodeProj')
    cd /Users/admin/builder/spi-builder-workspace/.swiftpm/xcode
    builtin-SwiftPerFileCompile PBXHeadersBuildPhase.swift
SwiftCompile normal arm64 /Users/admin/builder/spi-builder-workspace/.dependencies/checkouts/XcodeProj/Sources/XcodeProj/Objects/BuildPhase/PBXResourcesBuildPhase.swift (in target 'XcodeProj' from project 'XcodeProj')
    cd /Users/admin/builder/spi-builder-workspace/.swiftpm/xcode
    builtin-SwiftPerFileCompile PBXResourcesBuildPhase.swift
SwiftCompile normal arm64 /Users/admin/builder/spi-builder-workspace/.dependencies/checkouts/XcodeProj/Sources/XcodeProj/Objects/BuildPhase/PBXRezBuildPhase.swift (in target 'XcodeProj' from project 'XcodeProj')
    cd /Users/admin/builder/spi-builder-workspace/.swiftpm/xcode
    builtin-SwiftPerFileCompile PBXRezBuildPhase.swift
SwiftCompile normal arm64 /Users/admin/builder/spi-builder-workspace/.dependencies/checkouts/XcodeProj/Sources/XcodeProj/Objects/BuildPhase/PBXShellScriptBuildPhase.swift (in target 'XcodeProj' from project 'XcodeProj')
    cd /Users/admin/builder/spi-builder-workspace/.swiftpm/xcode
    builtin-SwiftPerFileCompile PBXShellScriptBuildPhase.swift
SwiftCompile normal arm64 /Users/admin/builder/spi-builder-workspace/.dependencies/checkouts/XcodeProj/Sources/XcodeProj/Objects/BuildPhase/PBXSourcesBuildPhase.swift (in target 'XcodeProj' from project 'XcodeProj')
    cd /Users/admin/builder/spi-builder-workspace/.swiftpm/xcode
    builtin-SwiftPerFileCompile PBXSourcesBuildPhase.swift
SwiftCompile normal arm64 /Users/admin/builder/spi-builder-workspace/.dependencies/checkouts/XcodeProj/Sources/XcodeProj/Objects/Configuration/BuildSettings.swift (in target 'XcodeProj' from project 'XcodeProj')
    cd /Users/admin/builder/spi-builder-workspace/.swiftpm/xcode
    builtin-SwiftPerFileCompile BuildSettings.swift
SwiftCompile normal arm64 /Users/admin/builder/spi-builder-workspace/.dependencies/checkouts/XcodeProj/Sources/XcodeProj/Objects/Configuration/XCBuildConfiguration.swift (in target 'XcodeProj' from project 'XcodeProj')
    cd /Users/admin/builder/spi-builder-workspace/.swiftpm/xcode
    builtin-SwiftPerFileCompile XCBuildConfiguration.swift
SwiftCompile normal arm64 /Users/admin/builder/spi-builder-workspace/.dependencies/checkouts/XcodeProj/Sources/XcodeProj/Objects/Configuration/XCConfigurationList.swift (in target 'XcodeProj' from project 'XcodeProj')
    cd /Users/admin/builder/spi-builder-workspace/.swiftpm/xcode
    builtin-SwiftPerFileCompile XCConfigurationList.swift
SwiftCompile normal arm64 Compiling\ PBXContainerItem.swift,\ PBXContainerItemProxy.swift,\ PBXFileElement.swift,\ PBXFileReference.swift,\ PBXFileSystemSynchronizedBuildFileExceptionSet.swift,\ PBXFileSystemSynchronizedExceptionSet.swift,\ PBXFileSystemSynchronizedGroupBuildPhaseMembershipExceptionSet.swift,\ PBXFileSystemSynchronizedRootGroup.swift,\ PBXGroup.swift,\ PBXSourceTree.swift,\ PBXVariantGroup.swift,\ XCVersionGroup.swift /Users/admin/builder/spi-builder-workspace/.dependencies/checkouts/XcodeProj/Sources/XcodeProj/Objects/Files/PBXContainerItem.swift /Users/admin/builder/spi-builder-workspace/.dependencies/checkouts/XcodeProj/Sources/XcodeProj/Objects/Files/PBXContainerItemProxy.swift /Users/admin/builder/spi-builder-workspace/.dependencies/checkouts/XcodeProj/Sources/XcodeProj/Objects/Files/PBXFileElement.swift /Users/admin/builder/spi-builder-workspace/.dependencies/checkouts/XcodeProj/Sources/XcodeProj/Objects/Files/PBXFileReference.swift /Users/admin/builder/spi-builder-workspace/.dependencies/checkouts/XcodeProj/Sources/XcodeProj/Objects/Files/PBXFileSystemSynchronizedBuildFileExceptionSet.swift /Users/admin/builder/spi-builder-workspace/.dependencies/checkouts/XcodeProj/Sources/XcodeProj/Objects/Files/PBXFileSystemSynchronizedExceptionSet.swift /Users/admin/builder/spi-builder-workspace/.dependencies/checkouts/XcodeProj/Sources/XcodeProj/Objects/Files/PBXFileSystemSynchronizedGroupBuildPhaseMembershipExceptionSet.swift /Users/admin/builder/spi-builder-workspace/.dependencies/checkouts/XcodeProj/Sources/XcodeProj/Objects/Files/PBXFileSystemSynchronizedRootGroup.swift /Users/admin/builder/spi-builder-workspace/.dependencies/checkouts/XcodeProj/Sources/XcodeProj/Objects/Files/PBXGroup.swift /Users/admin/builder/spi-builder-workspace/.dependencies/checkouts/XcodeProj/Sources/XcodeProj/Objects/Files/PBXSourceTree.swift /Users/admin/builder/spi-builder-workspace/.dependencies/checkouts/XcodeProj/Sources/XcodeProj/Objects/Files/PBXVariantGroup.swift /Users/admin/builder/spi-builder-workspace/.dependencies/checkouts/XcodeProj/Sources/XcodeProj/Objects/Files/XCVersionGroup.swift (in target 'XcodeProj' from project 'XcodeProj')
SwiftCompile normal arm64 /Users/admin/builder/spi-builder-workspace/.dependencies/checkouts/XcodeProj/Sources/XcodeProj/Objects/Files/PBXContainerItem.swift (in target 'XcodeProj' from project 'XcodeProj')
    cd /Users/admin/builder/spi-builder-workspace/.swiftpm/xcode
    builtin-SwiftPerFileCompile PBXContainerItem.swift
SwiftCompile normal arm64 /Users/admin/builder/spi-builder-workspace/.dependencies/checkouts/XcodeProj/Sources/XcodeProj/Objects/Files/PBXContainerItemProxy.swift (in target 'XcodeProj' from project 'XcodeProj')
    cd /Users/admin/builder/spi-builder-workspace/.swiftpm/xcode
    builtin-SwiftPerFileCompile PBXContainerItemProxy.swift
SwiftCompile normal arm64 /Users/admin/builder/spi-builder-workspace/.dependencies/checkouts/XcodeProj/Sources/XcodeProj/Objects/Files/PBXFileElement.swift (in target 'XcodeProj' from project 'XcodeProj')
    cd /Users/admin/builder/spi-builder-workspace/.swiftpm/xcode
    builtin-SwiftPerFileCompile PBXFileElement.swift
SwiftCompile normal arm64 /Users/admin/builder/spi-builder-workspace/.dependencies/checkouts/XcodeProj/Sources/XcodeProj/Objects/Files/PBXFileReference.swift (in target 'XcodeProj' from project 'XcodeProj')
    cd /Users/admin/builder/spi-builder-workspace/.swiftpm/xcode
    builtin-SwiftPerFileCompile PBXFileReference.swift
SwiftCompile normal arm64 /Users/admin/builder/spi-builder-workspace/.dependencies/checkouts/XcodeProj/Sources/XcodeProj/Objects/Files/PBXFileSystemSynchronizedBuildFileExceptionSet.swift (in target 'XcodeProj' from project 'XcodeProj')
    cd /Users/admin/builder/spi-builder-workspace/.swiftpm/xcode
    builtin-SwiftPerFileCompile PBXFileSystemSynchronizedBuildFileExceptionSet.swift
SwiftCompile normal arm64 /Users/admin/builder/spi-builder-workspace/.dependencies/checkouts/XcodeProj/Sources/XcodeProj/Objects/Files/PBXFileSystemSynchronizedExceptionSet.swift (in target 'XcodeProj' from project 'XcodeProj')
    cd /Users/admin/builder/spi-builder-workspace/.swiftpm/xcode
    builtin-SwiftPerFileCompile PBXFileSystemSynchronizedExceptionSet.swift
SwiftCompile normal arm64 /Users/admin/builder/spi-builder-workspace/.dependencies/checkouts/XcodeProj/Sources/XcodeProj/Objects/Files/PBXFileSystemSynchronizedGroupBuildPhaseMembershipExceptionSet.swift (in target 'XcodeProj' from project 'XcodeProj')
    cd /Users/admin/builder/spi-builder-workspace/.swiftpm/xcode
    builtin-SwiftPerFileCompile PBXFileSystemSynchronizedGroupBuildPhaseMembershipExceptionSet.swift
SwiftCompile normal arm64 /Users/admin/builder/spi-builder-workspace/.dependencies/checkouts/XcodeProj/Sources/XcodeProj/Objects/Files/PBXFileSystemSynchronizedRootGroup.swift (in target 'XcodeProj' from project 'XcodeProj')
    cd /Users/admin/builder/spi-builder-workspace/.swiftpm/xcode
    builtin-SwiftPerFileCompile PBXFileSystemSynchronizedRootGroup.swift
SwiftCompile normal arm64 /Users/admin/builder/spi-builder-workspace/.dependencies/checkouts/XcodeProj/Sources/XcodeProj/Objects/Files/PBXGroup.swift (in target 'XcodeProj' from project 'XcodeProj')
    cd /Users/admin/builder/spi-builder-workspace/.swiftpm/xcode
    builtin-SwiftPerFileCompile PBXGroup.swift
SwiftCompile normal arm64 /Users/admin/builder/spi-builder-workspace/.dependencies/checkouts/XcodeProj/Sources/XcodeProj/Objects/Files/PBXSourceTree.swift (in target 'XcodeProj' from project 'XcodeProj')
    cd /Users/admin/builder/spi-builder-workspace/.swiftpm/xcode
    builtin-SwiftPerFileCompile PBXSourceTree.swift
SwiftCompile normal arm64 /Users/admin/builder/spi-builder-workspace/.dependencies/checkouts/XcodeProj/Sources/XcodeProj/Objects/Files/PBXVariantGroup.swift (in target 'XcodeProj' from project 'XcodeProj')
    cd /Users/admin/builder/spi-builder-workspace/.swiftpm/xcode
    builtin-SwiftPerFileCompile PBXVariantGroup.swift
SwiftCompile normal arm64 /Users/admin/builder/spi-builder-workspace/.dependencies/checkouts/XcodeProj/Sources/XcodeProj/Objects/Files/XCVersionGroup.swift (in target 'XcodeProj' from project 'XcodeProj')
    cd /Users/admin/builder/spi-builder-workspace/.swiftpm/xcode
    builtin-SwiftPerFileCompile XCVersionGroup.swift
SwiftCompile normal arm64 Compiling\ XCSharedData.swift,\ XCUserData.swift,\ Xcode.swift,\ XcodeProj.swift,\ Writable.swift,\ XCScheme+AditionalOption.swift,\ XCScheme+AnalyzeAction.swift,\ XCScheme+ArchiveAction.swift,\ XCScheme+BuildAction.swift,\ XCScheme+BuildableProductRunnable.swift,\ XCScheme+BuildableReference.swift,\ XCScheme+CommandLineArguments.swift /Users/admin/builder/spi-builder-workspace/.dependencies/checkouts/XcodeProj/Sources/XcodeProj/Project/XCSharedData.swift /Users/admin/builder/spi-builder-workspace/.dependencies/checkouts/XcodeProj/Sources/XcodeProj/Project/XCUserData.swift /Users/admin/builder/spi-builder-workspace/.dependencies/checkouts/XcodeProj/Sources/XcodeProj/Project/Xcode.swift /Users/admin/builder/spi-builder-workspace/.dependencies/checkouts/XcodeProj/Sources/XcodeProj/Project/XcodeProj.swift /Users/admin/builder/spi-builder-workspace/.dependencies/checkouts/XcodeProj/Sources/XcodeProj/Protocols/Writable.swift /Users/admin/builder/spi-builder-workspace/.dependencies/checkouts/XcodeProj/Sources/XcodeProj/Scheme/XCScheme+AditionalOption.swift /Users/admin/builder/spi-builder-workspace/.dependencies/checkouts/XcodeProj/Sources/XcodeProj/Scheme/XCScheme+AnalyzeAction.swift /Users/admin/builder/spi-builder-workspace/.dependencies/checkouts/XcodeProj/Sources/XcodeProj/Scheme/XCScheme+ArchiveAction.swift /Users/admin/builder/spi-builder-workspace/.dependencies/checkouts/XcodeProj/Sources/XcodeProj/Scheme/XCScheme+BuildAction.swift /Users/admin/builder/spi-builder-workspace/.dependencies/checkouts/XcodeProj/Sources/XcodeProj/Scheme/XCScheme+BuildableProductRunnable.swift /Users/admin/builder/spi-builder-workspace/.dependencies/checkouts/XcodeProj/Sources/XcodeProj/Scheme/XCScheme+BuildableReference.swift /Users/admin/builder/spi-builder-workspace/.dependencies/checkouts/XcodeProj/Sources/XcodeProj/Scheme/XCScheme+CommandLineArguments.swift (in target 'XcodeProj' from project 'XcodeProj')
SwiftCompile normal arm64 /Users/admin/builder/spi-builder-workspace/.dependencies/checkouts/XcodeProj/Sources/XcodeProj/Project/XCSharedData.swift (in target 'XcodeProj' from project 'XcodeProj')
    cd /Users/admin/builder/spi-builder-workspace/.swiftpm/xcode
    builtin-SwiftPerFileCompile XCSharedData.swift
SwiftCompile normal arm64 /Users/admin/builder/spi-builder-workspace/.dependencies/checkouts/XcodeProj/Sources/XcodeProj/Project/XCUserData.swift (in target 'XcodeProj' from project 'XcodeProj')
    cd /Users/admin/builder/spi-builder-workspace/.swiftpm/xcode
    builtin-SwiftPerFileCompile XCUserData.swift
SwiftCompile normal arm64 /Users/admin/builder/spi-builder-workspace/.dependencies/checkouts/XcodeProj/Sources/XcodeProj/Project/Xcode.swift (in target 'XcodeProj' from project 'XcodeProj')
    cd /Users/admin/builder/spi-builder-workspace/.swiftpm/xcode
    builtin-SwiftPerFileCompile Xcode.swift
SwiftCompile normal arm64 /Users/admin/builder/spi-builder-workspace/.dependencies/checkouts/XcodeProj/Sources/XcodeProj/Project/XcodeProj.swift (in target 'XcodeProj' from project 'XcodeProj')
    cd /Users/admin/builder/spi-builder-workspace/.swiftpm/xcode
    builtin-SwiftPerFileCompile XcodeProj.swift
SwiftCompile normal arm64 /Users/admin/builder/spi-builder-workspace/.dependencies/checkouts/XcodeProj/Sources/XcodeProj/Protocols/Writable.swift (in target 'XcodeProj' from project 'XcodeProj')
    cd /Users/admin/builder/spi-builder-workspace/.swiftpm/xcode
    builtin-SwiftPerFileCompile Writable.swift
SwiftCompile normal arm64 /Users/admin/builder/spi-builder-workspace/.dependencies/checkouts/XcodeProj/Sources/XcodeProj/Scheme/XCScheme+AditionalOption.swift (in target 'XcodeProj' from project 'XcodeProj')
    cd /Users/admin/builder/spi-builder-workspace/.swiftpm/xcode
    builtin-SwiftPerFileCompile XCScheme+AditionalOption.swift
SwiftCompile normal arm64 /Users/admin/builder/spi-builder-workspace/.dependencies/checkouts/XcodeProj/Sources/XcodeProj/Scheme/XCScheme+AnalyzeAction.swift (in target 'XcodeProj' from project 'XcodeProj')
    cd /Users/admin/builder/spi-builder-workspace/.swiftpm/xcode
    builtin-SwiftPerFileCompile XCScheme+AnalyzeAction.swift
SwiftCompile normal arm64 /Users/admin/builder/spi-builder-workspace/.dependencies/checkouts/XcodeProj/Sources/XcodeProj/Scheme/XCScheme+ArchiveAction.swift (in target 'XcodeProj' from project 'XcodeProj')
    cd /Users/admin/builder/spi-builder-workspace/.swiftpm/xcode
    builtin-SwiftPerFileCompile XCScheme+ArchiveAction.swift
SwiftCompile normal arm64 /Users/admin/builder/spi-builder-workspace/.dependencies/checkouts/XcodeProj/Sources/XcodeProj/Scheme/XCScheme+BuildAction.swift (in target 'XcodeProj' from project 'XcodeProj')
    cd /Users/admin/builder/spi-builder-workspace/.swiftpm/xcode
    builtin-SwiftPerFileCompile XCScheme+BuildAction.swift
SwiftCompile normal arm64 /Users/admin/builder/spi-builder-workspace/.dependencies/checkouts/XcodeProj/Sources/XcodeProj/Scheme/XCScheme+BuildableProductRunnable.swift (in target 'XcodeProj' from project 'XcodeProj')
    cd /Users/admin/builder/spi-builder-workspace/.swiftpm/xcode
    builtin-SwiftPerFileCompile XCScheme+BuildableProductRunnable.swift
SwiftCompile normal arm64 /Users/admin/builder/spi-builder-workspace/.dependencies/checkouts/XcodeProj/Sources/XcodeProj/Scheme/XCScheme+BuildableReference.swift (in target 'XcodeProj' from project 'XcodeProj')
    cd /Users/admin/builder/spi-builder-workspace/.swiftpm/xcode
    builtin-SwiftPerFileCompile XCScheme+BuildableReference.swift
SwiftCompile normal arm64 /Users/admin/builder/spi-builder-workspace/.dependencies/checkouts/XcodeProj/Sources/XcodeProj/Scheme/XCScheme+CommandLineArguments.swift (in target 'XcodeProj' from project 'XcodeProj')
    cd /Users/admin/builder/spi-builder-workspace/.swiftpm/xcode
    builtin-SwiftPerFileCompile XCScheme+CommandLineArguments.swift
SwiftCompile normal arm64 Compiling\ PBXObject.swift,\ PBXObjectDictionaryEntry.swift,\ PBXObjectReference.swift,\ PBXObjects.swift,\ PBXOutputSettings.swift,\ PBXProj.swift,\ PBXProjEncoder.swift,\ PBXProject.swift,\ ProjectAttribute.swift,\ Equality.generated.swift,\ Sourcery.swift,\ XCLocalSwiftPackageReference.swift /Users/admin/builder/spi-builder-workspace/.dependencies/checkouts/XcodeProj/Sources/XcodeProj/Objects/Project/PBXObject.swift /Users/admin/builder/spi-builder-workspace/.dependencies/checkouts/XcodeProj/Sources/XcodeProj/Objects/Project/PBXObjectDictionaryEntry.swift /Users/admin/builder/spi-builder-workspace/.dependencies/checkouts/XcodeProj/Sources/XcodeProj/Objects/Project/PBXObjectReference.swift /Users/admin/builder/spi-builder-workspace/.dependencies/checkouts/XcodeProj/Sources/XcodeProj/Objects/Project/PBXObjects.swift /Users/admin/builder/spi-builder-workspace/.dependencies/checkouts/XcodeProj/Sources/XcodeProj/Objects/Project/PBXOutputSettings.swift /Users/admin/builder/spi-builder-workspace/.dependencies/checkouts/XcodeProj/Sources/XcodeProj/Objects/Project/PBXProj.swift /Users/admin/builder/spi-builder-workspace/.dependencies/checkouts/XcodeProj/Sources/XcodeProj/Objects/Project/PBXProjEncoder.swift /Users/admin/builder/spi-builder-workspace/.dependencies/checkouts/XcodeProj/Sources/XcodeProj/Objects/Project/PBXProject.swift /Users/admin/builder/spi-builder-workspace/.dependencies/checkouts/XcodeProj/Sources/XcodeProj/Objects/Project/ProjectAttribute.swift /Users/admin/builder/spi-builder-workspace/.dependencies/checkouts/XcodeProj/Sources/XcodeProj/Objects/Sourcery/Equality.generated.swift /Users/admin/builder/spi-builder-workspace/.dependencies/checkouts/XcodeProj/Sources/XcodeProj/Objects/Sourcery/Sourcery.swift /Users/admin/builder/spi-builder-workspace/.dependencies/checkouts/XcodeProj/Sources/XcodeProj/Objects/SwiftPackage/XCLocalSwiftPackageReference.swift (in target 'XcodeProj' from project 'XcodeProj')
SwiftCompile normal arm64 /Users/admin/builder/spi-builder-workspace/.dependencies/checkouts/XcodeProj/Sources/XcodeProj/Objects/Project/PBXObject.swift (in target 'XcodeProj' from project 'XcodeProj')
    cd /Users/admin/builder/spi-builder-workspace/.swiftpm/xcode
    builtin-SwiftPerFileCompile PBXObject.swift
SwiftCompile normal arm64 /Users/admin/builder/spi-builder-workspace/.dependencies/checkouts/XcodeProj/Sources/XcodeProj/Objects/Project/PBXObjectDictionaryEntry.swift (in target 'XcodeProj' from project 'XcodeProj')
    cd /Users/admin/builder/spi-builder-workspace/.swiftpm/xcode
    builtin-SwiftPerFileCompile PBXObjectDictionaryEntry.swift
SwiftCompile normal arm64 /Users/admin/builder/spi-builder-workspace/.dependencies/checkouts/XcodeProj/Sources/XcodeProj/Objects/Project/PBXObjectReference.swift (in target 'XcodeProj' from project 'XcodeProj')
    cd /Users/admin/builder/spi-builder-workspace/.swiftpm/xcode
    builtin-SwiftPerFileCompile PBXObjectReference.swift
SwiftCompile normal arm64 /Users/admin/builder/spi-builder-workspace/.dependencies/checkouts/XcodeProj/Sources/XcodeProj/Objects/Project/PBXObjects.swift (in target 'XcodeProj' from project 'XcodeProj')
    cd /Users/admin/builder/spi-builder-workspace/.swiftpm/xcode
    builtin-SwiftPerFileCompile PBXObjects.swift
SwiftCompile normal arm64 /Users/admin/builder/spi-builder-workspace/.dependencies/checkouts/XcodeProj/Sources/XcodeProj/Objects/Project/PBXOutputSettings.swift (in target 'XcodeProj' from project 'XcodeProj')
    cd /Users/admin/builder/spi-builder-workspace/.swiftpm/xcode
    builtin-SwiftPerFileCompile PBXOutputSettings.swift
SwiftCompile normal arm64 /Users/admin/builder/spi-builder-workspace/.dependencies/checkouts/XcodeProj/Sources/XcodeProj/Objects/Project/PBXProj.swift (in target 'XcodeProj' from project 'XcodeProj')
    cd /Users/admin/builder/spi-builder-workspace/.swiftpm/xcode
    builtin-SwiftPerFileCompile PBXProj.swift
SwiftCompile normal arm64 /Users/admin/builder/spi-builder-workspace/.dependencies/checkouts/XcodeProj/Sources/XcodeProj/Objects/Project/PBXProjEncoder.swift (in target 'XcodeProj' from project 'XcodeProj')
    cd /Users/admin/builder/spi-builder-workspace/.swiftpm/xcode
    builtin-SwiftPerFileCompile PBXProjEncoder.swift
SwiftCompile normal arm64 /Users/admin/builder/spi-builder-workspace/.dependencies/checkouts/XcodeProj/Sources/XcodeProj/Objects/Project/PBXProject.swift (in target 'XcodeProj' from project 'XcodeProj')
    cd /Users/admin/builder/spi-builder-workspace/.swiftpm/xcode
    builtin-SwiftPerFileCompile PBXProject.swift
SwiftCompile normal arm64 /Users/admin/builder/spi-builder-workspace/.dependencies/checkouts/XcodeProj/Sources/XcodeProj/Objects/Project/ProjectAttribute.swift (in target 'XcodeProj' from project 'XcodeProj')
    cd /Users/admin/builder/spi-builder-workspace/.swiftpm/xcode
    builtin-SwiftPerFileCompile ProjectAttribute.swift
SwiftCompile normal arm64 /Users/admin/builder/spi-builder-workspace/.dependencies/checkouts/XcodeProj/Sources/XcodeProj/Objects/Sourcery/Equality.generated.swift (in target 'XcodeProj' from project 'XcodeProj')
    cd /Users/admin/builder/spi-builder-workspace/.swiftpm/xcode
    builtin-SwiftPerFileCompile Equality.generated.swift
SwiftCompile normal arm64 /Users/admin/builder/spi-builder-workspace/.dependencies/checkouts/XcodeProj/Sources/XcodeProj/Objects/Sourcery/Sourcery.swift (in target 'XcodeProj' from project 'XcodeProj')
    cd /Users/admin/builder/spi-builder-workspace/.swiftpm/xcode
    builtin-SwiftPerFileCompile Sourcery.swift
SwiftCompile normal arm64 /Users/admin/builder/spi-builder-workspace/.dependencies/checkouts/XcodeProj/Sources/XcodeProj/Objects/SwiftPackage/XCLocalSwiftPackageReference.swift (in target 'XcodeProj' from project 'XcodeProj')
    cd /Users/admin/builder/spi-builder-workspace/.swiftpm/xcode
    builtin-SwiftPerFileCompile XCLocalSwiftPackageReference.swift
SwiftCompile normal arm64 Compiling\ Errors.swift,\ AEXML+XcodeFormat.swift,\ Array+Extras.swift,\ Bool+Extras.swift,\ KeyedDecodingContainer+Additions.swift,\ NSRecursiveLock+Sync.swift,\ Path+Extras.swift,\ String+Utils.swift,\ String+md5.swift,\ BuildFileSetting.swift,\ BuildPhase.swift,\ PBXBuildFile.swift /Users/admin/builder/spi-builder-workspace/.dependencies/checkouts/XcodeProj/Sources/XcodeProj/Errors/Errors.swift /Users/admin/builder/spi-builder-workspace/.dependencies/checkouts/XcodeProj/Sources/XcodeProj/Extensions/AEXML+XcodeFormat.swift /Users/admin/builder/spi-builder-workspace/.dependencies/checkouts/XcodeProj/Sources/XcodeProj/Extensions/Array+Extras.swift /Users/admin/builder/spi-builder-workspace/.dependencies/checkouts/XcodeProj/Sources/XcodeProj/Extensions/Bool+Extras.swift /Users/admin/builder/spi-builder-workspace/.dependencies/checkouts/XcodeProj/Sources/XcodeProj/Extensions/KeyedDecodingContainer+Additions.swift /Users/admin/builder/spi-builder-workspace/.dependencies/checkouts/XcodeProj/Sources/XcodeProj/Extensions/NSRecursiveLock+Sync.swift /Users/admin/builder/spi-builder-workspace/.dependencies/checkouts/XcodeProj/Sources/XcodeProj/Extensions/Path+Extras.swift /Users/admin/builder/spi-builder-workspace/.dependencies/checkouts/XcodeProj/Sources/XcodeProj/Extensions/String+Utils.swift /Users/admin/builder/spi-builder-workspace/.dependencies/checkouts/XcodeProj/Sources/XcodeProj/Extensions/String+md5.swift /Users/admin/builder/spi-builder-workspace/.dependencies/checkouts/XcodeProj/Sources/XcodeProj/Objects/BuildPhase/BuildFileSetting.swift /Users/admin/builder/spi-builder-workspace/.dependencies/checkouts/XcodeProj/Sources/XcodeProj/Objects/BuildPhase/BuildPhase.swift /Users/admin/builder/spi-builder-workspace/.dependencies/checkouts/XcodeProj/Sources/XcodeProj/Objects/BuildPhase/PBXBuildFile.swift (in target 'XcodeProj' from project 'XcodeProj')
/Users/admin/builder/spi-builder-workspace/.dependencies/checkouts/XcodeProj/Sources/XcodeProj/Extensions/Path+Extras.swift:14:16: error: cannot find 'Glibc' in scope
12 |         return Musl.glob(pattern, flags, errfunc, vector_ptr)
13 |     #else
14 |         return Glibc.glob(pattern, flags, errfunc, vector_ptr)
   |                `- error: cannot find 'Glibc' in scope
15 |     #endif
16 | }
Failed frontend command:
/Applications/Xcode-27.0.0.app/Contents/Developer/Toolchains/XcodeDefault.xctoolchain/usr/bin/swift-frontend -frontend -c -primary-file /Users/admin/builder/spi-builder-workspace/.dependencies/checkouts/XcodeProj/Sources/XcodeProj/Errors/Errors.swift -primary-file /Users/admin/builder/spi-builder-workspace/.dependencies/checkouts/XcodeProj/Sources/XcodeProj/Extensions/AEXML+XcodeFormat.swift -primary-file /Users/admin/builder/spi-builder-workspace/.dependencies/checkouts/XcodeProj/Sources/XcodeProj/Extensions/Array+Extras.swift -primary-file /Users/admin/builder/spi-builder-workspace/.dependencies/checkouts/XcodeProj/Sources/XcodeProj/Extensions/Bool+Extras.swift -primary-file /Users/admin/builder/spi-builder-workspace/.dependencies/checkouts/XcodeProj/Sources/XcodeProj/Extensions/KeyedDecodingContainer+Additions.swift -primary-file /Users/admin/builder/spi-builder-workspace/.dependencies/checkouts/XcodeProj/Sources/XcodeProj/Extensions/NSRecursiveLock+Sync.swift -primary-file /Users/admin/builder/spi-builder-workspace/.dependencies/checkouts/XcodeProj/Sources/XcodeProj/Extensions/Path+Extras.swift -primary-file /Users/admin/builder/spi-builder-workspace/.dependencies/checkouts/XcodeProj/Sources/XcodeProj/Extensions/String+Utils.swift -primary-file /Users/admin/builder/spi-builder-workspace/.dependencies/checkouts/XcodeProj/Sources/XcodeProj/Extensions/String+md5.swift -primary-file /Users/admin/builder/spi-builder-workspace/.dependencies/checkouts/XcodeProj/Sources/XcodeProj/Objects/BuildPhase/BuildFileSetting.swift -primary-file /Users/admin/builder/spi-builder-workspace/.dependencies/checkouts/XcodeProj/Sources/XcodeProj/Objects/BuildPhase/BuildPhase.swift -primary-file /Users/admin/builder/spi-builder-workspace/.dependencies/checkouts/XcodeProj/Sources/XcodeProj/Objects/BuildPhase/PBXBuildFile.swift /Users/admin/builder/spi-builder-workspace/.dependencies/checkouts/XcodeProj/Sources/XcodeProj/Objects/BuildPhase/PBXBuildPhase.swift /Users/admin/builder/spi-builder-workspace/.dependencies/checkouts/XcodeProj/Sources/XcodeProj/Objects/BuildPhase/PBXBuildRule.swift /Users/admin/builder/spi-builder-workspace/.dependencies/checkouts/XcodeProj/Sources/XcodeProj/Objects/BuildPhase/PBXCopyFilesBuildPhase.swift /Users/admin/builder/spi-builder-workspace/.dependencies/checkouts/XcodeProj/Sources/XcodeProj/Objects/BuildPhase/PBXFrameworksBuildPhase.swift /Users/admin/builder/spi-builder-workspace/.dependencies/checkouts/XcodeProj/Sources/XcodeProj/Objects/BuildPhase/PBXHeadersBuildPhase.swift /Users/admin/builder/spi-builder-workspace/.dependencies/checkouts/XcodeProj/Sources/XcodeProj/Objects/BuildPhase/PBXResourcesBuildPhase.swift /Users/admin/builder/spi-builder-workspace/.dependencies/checkouts/XcodeProj/Sources/XcodeProj/Objects/BuildPhase/PBXRezBuildPhase.swift /Users/admin/builder/spi-builder-workspace/.dependencies/checkouts/XcodeProj/Sources/XcodeProj/Objects/BuildPhase/PBXShellScriptBuildPhase.swift /Users/admin/builder/spi-builder-workspace/.dependencies/checkouts/XcodeProj/Sources/XcodeProj/Objects/BuildPhase/PBXSourcesBuildPhase.swift /Users/admin/builder/spi-builder-workspace/.dependencies/checkouts/XcodeProj/Sources/XcodeProj/Objects/Configuration/BuildSettings.swift /Users/admin/builder/spi-builder-workspace/.dependencies/checkouts/XcodeProj/Sources/XcodeProj/Objects/Configuration/XCBuildConfiguration.swift /Users/admin/builder/spi-builder-workspace/.dependencies/checkouts/XcodeProj/Sources/XcodeProj/Objects/Configuration/XCConfigurationList.swift /Users/admin/builder/spi-builder-workspace/.dependencies/checkouts/XcodeProj/Sources/XcodeProj/Objects/Files/PBXContainerItem.swift /Users/admin/builder/spi-builder-workspace/.dependencies/checkouts/XcodeProj/Sources/XcodeProj/Objects/Files/PBXContainerItemProxy.swift /Users/admin/builder/spi-builder-workspace/.dependencies/checkouts/XcodeProj/Sources/XcodeProj/Objects/Files/PBXFileElement.swift /Users/admin/builder/spi-builder-workspace/.dependencies/checkouts/XcodeProj/Sources/XcodeProj/Objects/Files/PBXFileReference.swift /Users/admin/builder/spi-builder-workspace/.dependencies/checkouts/XcodeProj/Sources/XcodeProj/Objects/Files/PBXFileSystemSynchronizedBuildFileExceptionSet.swift /Users/admin/builder/spi-builder-workspace/.dependencies/checkouts/XcodeProj/Sources/XcodeProj/Objects/Files/PBXFileSystemSynchronizedExceptionSet.swift /Users/admin/builder/spi-builder-workspace/.dependencies/checkouts/XcodeProj/Sources/XcodeProj/Objects/Files/PBXFileSystemSynchronizedGroupBuildPhaseMembershipExceptionSet.swift /Users/admin/builder/spi-builder-workspace/.dependencies/checkouts/XcodeProj/Sources/XcodeProj/Objects/Files/PBXFileSystemSynchronizedRootGroup.swift /Users/admin/builder/spi-builder-workspace/.dependencies/checkouts/XcodeProj/Sources/XcodeProj/Objects/Files/PBXGroup.swift /Users/admin/builder/spi-builder-workspace/.dependencies/checkouts/XcodeProj/Sources/XcodeProj/Objects/Files/PBXSourceTree.swift /Users/admin/builder/spi-builder-workspace/.dependencies/checkouts/XcodeProj/Sources/XcodeProj/Objects/Files/PBXVariantGroup.swift /Users/admin/builder/spi-builder-workspace/.dependencies/checkouts/XcodeProj/Sources/XcodeProj/Objects/Files/XCVersionGroup.swift /Users/admin/builder/spi-builder-workspace/.dependencies/checkouts/XcodeProj/Sources/XcodeProj/Objects/Project/PBXObject.swift /Users/admin/builder/spi-builder-workspace/.dependencies/checkouts/XcodeProj/Sources/XcodeProj/Objects/Project/PBXObjectDictionaryEntry.swift /Users/admin/builder/spi-builder-workspace/.dependencies/checkouts/XcodeProj/Sources/XcodeProj/Objects/Project/PBXObjectReference.swift /Users/admin/builder/spi-builder-workspace/.dependencies/checkouts/XcodeProj/Sources/XcodeProj/Objects/Project/PBXObjects.swift /Users/admin/builder/spi-builder-workspace/.dependencies/checkouts/XcodeProj/Sources/XcodeProj/Objects/Project/PBXOutputSettings.swift /Users/admin/builder/spi-builder-workspace/.dependencies/checkouts/XcodeProj/Sources/XcodeProj/Objects/Project/PBXProj.swift /Users/admin/builder/spi-builder-workspace/.dependencies/checkouts/XcodeProj/Sources/XcodeProj/Objects/Project/PBXProjEncoder.swift /Users/admin/builder/spi-builder-workspace/.dependencies/checkouts/XcodeProj/Sources/XcodeProj/Objects/Project/PBXProject.swift /Users/admin/builder/spi-builder-workspace/.dependencies/checkouts/XcodeProj/Sources/XcodeProj/Objects/Project/ProjectAttribute.swift /Users/admin/builder/spi-builder-workspace/.dependencies/checkouts/XcodeProj/Sources/XcodeProj/Objects/Sourcery/Equality.generated.swift /Users/admin/builder/spi-builder-workspace/.dependencies/checkouts/XcodeProj/Sources/XcodeProj/Objects/Sourcery/Sourcery.swift /Users/admin/builder/spi-builder-workspace/.dependencies/checkouts/XcodeProj/Sources/XcodeProj/Objects/SwiftPackage/XCLocalSwiftPackageReference.swift /Users/admin/builder/spi-builder-workspace/.dependencies/checkouts/XcodeProj/Sources/XcodeProj/Objects/SwiftPackage/XCRemoteSwiftPackageReference.swift /Users/admin/builder/spi-builder-workspace/.dependencies/checkouts/XcodeProj/Sources/XcodeProj/Objects/SwiftPackage/XCSwiftPackageProductDependency.swift /Users/admin/builder/spi-builder-workspace/.dependencies/checkouts/XcodeProj/Sources/XcodeProj/Objects/Targets/PBXAggregateTarget.swift /Users/admin/builder/spi-builder-workspace/.dependencies/checkouts/XcodeProj/Sources/XcodeProj/Objects/Targets/PBXLegacyTarget.swift /Users/admin/builder/spi-builder-workspace/.dependencies/checkouts/XcodeProj/Sources/XcodeProj/Objects/Targets/PBXNativeTarget.swift /Users/admin/builder/spi-builder-workspace/.dependencies/checkouts/XcodeProj/Sources/XcodeProj/Objects/Targets/PBXProductType.swift /Users/admin/builder/spi-builder-workspace/.dependencies/checkouts/XcodeProj/Sources/XcodeProj/Objects/Targets/PBXReferenceProxy.swift /Users/admin/builder/spi-builder-workspace/.dependencies/checkouts/XcodeProj/Sources/XcodeProj/Objects/Targets/PBXTarget.swift /Users/admin/builder/spi-builder-workspace/.dependencies/checkouts/XcodeProj/Sources/XcodeProj/Objects/Targets/PBXTargetDependency.swift /Users/admin/builder/spi-builder-workspace/.dependencies/checkouts/XcodeProj/Sources/XcodeProj/Project/WorkspaceSettings.swift /Users/admin/builder/spi-builder-workspace/.dependencies/checkouts/XcodeProj/Sources/XcodeProj/Project/XCBreakpointList.swift /Users/admin/builder/spi-builder-workspace/.dependencies/checkouts/XcodeProj/Sources/XcodeProj/Project/XCDebugger.swift /Users/admin/builder/spi-builder-workspace/.dependencies/checkouts/XcodeProj/Sources/XcodeProj/Project/XCSharedData.swift /Users/admin/builder/spi-builder-workspace/.dependencies/checkouts/XcodeProj/Sources/XcodeProj/Project/XCUserData.swift /Users/admin/builder/spi-builder-workspace/.dependencies/checkouts/XcodeProj/Sources/XcodeProj/Project/Xcode.swift /Users/admin/builder/spi-builder-workspace/.dependencies/checkouts/XcodeProj/Sources/XcodeProj/Project/XcodeProj.swift /Users/admin/builder/spi-builder-workspace/.dependencies/checkouts/XcodeProj/Sources/XcodeProj/Protocols/Writable.swift /Users/admin/builder/spi-builder-workspace/.dependencies/checkouts/XcodeProj/Sources/XcodeProj/Scheme/XCScheme+AditionalOption.swift /Users/admin/builder/spi-builder-workspace/.dependencies/checkouts/XcodeProj/Sources/XcodeProj/Scheme/XCScheme+AnalyzeAction.swift /Users/admin/builder/spi-builder-workspace/.dependencies/checkouts/XcodeProj/Sources/XcodeProj/Scheme/XCScheme+ArchiveAction.swift /Users/admin/builder/spi-builder-workspace/.dependencies/checkouts/XcodeProj/Sources/XcodeProj/Scheme/XCScheme+BuildAction.swift /Users/admin/builder/spi-builder-workspace/.dependencies/checkouts/XcodeProj/Sources/XcodeProj/Scheme/XCScheme+BuildableProductRunnable.swift /Users/admin/builder/spi-builder-workspace/.dependencies/checkouts/XcodeProj/Sources/XcodeProj/Scheme/XCScheme+BuildableReference.swift /Users/admin/builder/spi-builder-workspace/.dependencies/checkouts/XcodeProj/Sources/XcodeProj/Scheme/XCScheme+CommandLineArguments.swift /Users/admin/builder/spi-builder-workspace/.dependencies/checkouts/XcodeProj/Sources/XcodeProj/Scheme/XCScheme+EnvironmentVariable.swift /Users/admin/builder/spi-builder-workspace/.dependencies/checkouts/XcodeProj/Sources/XcodeProj/Scheme/XCScheme+ExecutionAction.swift /Users/admin/builder/spi-builder-workspace/.dependencies/checkouts/XcodeProj/Sources/XcodeProj/Scheme/XCScheme+LaunchAction.swift /Users/admin/builder/spi-builder-workspace/.dependencies/checkouts/XcodeProj/Sources/XcodeProj/Scheme/XCScheme+LocationScenarioReference.swift /Users/admin/builder/spi-builder-workspace/.dependencies/checkouts/XcodeProj/Sources/XcodeProj/Scheme/XCScheme+PathRunnable.swift /Users/admin/builder/spi-builder-workspace/.dependencies/checkouts/XcodeProj/Sources/XcodeProj/Scheme/XCScheme+ProfileAction.swift /Users/admin/builder/spi-builder-workspace/.dependencies/checkouts/XcodeProj/Sources/XcodeProj/Scheme/XCScheme+RemoteRunnable.swift /Users/admin/builder/spi-builder-workspace/.dependencies/checkouts/XcodeProj/Sources/XcodeProj/Scheme/XCScheme+Runnable.swift /Users/admin/builder/spi-builder-workspace/.dependencies/checkouts/XcodeProj/Sources/XcodeProj/Scheme/XCScheme+SerialAction.swift /Users/admin/builder/spi-builder-workspace/.dependencies/checkouts/XcodeProj/Sources/XcodeProj/Scheme/XCScheme+StoreKitConfigurationFileReference.swift /Users/admin/builder/spi-builder-workspace/.dependencies/checkouts/XcodeProj/Sources/XcodeProj/Scheme/XCScheme+TestAction.swift /Users/admin/builder/spi-builder-workspace/.dependencies/checkouts/XcodeProj/Sources/XcodeProj/Scheme/XCScheme+TestItem.swift /Users/admin/builder/spi-builder-workspace/.dependencies/checkouts/XcodeProj/Sources/XcodeProj/Scheme/XCScheme+TestParallelization.swift /Users/admin/builder/spi-builder-workspace/.dependencies/checkouts/XcodeProj/Sources/XcodeProj/Scheme/XCScheme+TestPlanReference.swift /Users/admin/builder/spi-builder-workspace/.dependencies/checkouts/XcodeProj/Sources/XcodeProj/Scheme/XCScheme+TestableReference.swift /Users/admin/builder/spi-builder-workspace/.dependencies/checkouts/XcodeProj/Sources/XcodeProj/Scheme/XCScheme.swift /Users/admin/builder/spi-builder-workspace/.dependencies/checkouts/XcodeProj/Sources/XcodeProj/Scheme/XCSchemeManagement.swift /Users/admin/builder/spi-builder-workspace/.dependencies/checkouts/XcodeProj/Sources/XcodeProj/Utils/BuildSettingsProvider.swift /Users/admin/builder/spi-builder-workspace/.dependencies/checkouts/XcodeProj/Sources/XcodeProj/Utils/Collection+Extras.swift /Users/admin/builder/spi-builder-workspace/.dependencies/checkouts/XcodeProj/Sources/XcodeProj/Utils/CommentedString.swift /Users/admin/builder/spi-builder-workspace/.dependencies/checkouts/XcodeProj/Sources/XcodeProj/Utils/Decoders.swift /Users/admin/builder/spi-builder-workspace/.dependencies/checkouts/XcodeProj/Sources/XcodeProj/Utils/JSONDecoding.swift /Users/admin/builder/spi-builder-workspace/.dependencies/checkouts/XcodeProj/Sources/XcodeProj/Utils/PBXBatchUpdater.swift /Users/admin/builder/spi-builder-workspace/.dependencies/checkouts/XcodeProj/Sources/XcodeProj/Utils/PlistDecoding.swift /Users/admin/builder/spi-builder-workspace/.dependencies/checkouts/XcodeProj/Sources/XcodeProj/Utils/PlistValue.swift /Users/admin/builder/spi-builder-workspace/.dependencies/checkouts/XcodeProj/Sources/XcodeProj/Utils/ReferenceGenerator.swift /Users/admin/builder/spi-builder-workspace/.dependencies/checkouts/XcodeProj/Sources/XcodeProj/Utils/XCConfig.swift /Users/admin/builder/spi-builder-workspace/.dependencies/checkouts/XcodeProj/Sources/XcodeProj/Workspace/XCWorkspace.swift /Users/admin/builder/spi-builder-workspace/.dependencies/checkouts/XcodeProj/Sources/XcodeProj/Workspace/XCWorkspaceData.swift /Users/admin/builder/spi-builder-workspace/.dependencies/checkouts/XcodeProj/Sources/XcodeProj/Workspace/XCWorkspaceDataElement.swift /Users/admin/builder/spi-builder-workspace/.dependencies/checkouts/XcodeProj/Sources/XcodeProj/Workspace/XCWorkspaceDataElementLocationType.swift /Users/admin/builder/spi-builder-workspace/.dependencies/checkouts/XcodeProj/Sources/XcodeProj/Workspace/XCWorkspaceDataFileRef.swift /Users/admin/builder/spi-builder-workspace/.dependencies/checkouts/XcodeProj/Sources/XcodeProj/Workspace/XCWorkspaceDataGroup.swift /Users/admin/builder/spi-builder-workspace/.dependencies/checkouts/XcodeProj/Sources/XcodeProj/XCProj/Mapping/BuildFileAttributesMapping.swift /Users/admin/builder/spi-builder-workspace/.dependencies/checkouts/XcodeProj/Sources/XcodeProj/XCProj/Mapping/BuildSettingsMapping.swift /Users/admin/builder/spi-builder-workspace/.dependencies/checkouts/XcodeProj/Sources/XcodeProj/XCProj/Mapping/FilePathMapping.swift /Users/admin/builder/spi-builder-workspace/.dependencies/checkouts/XcodeProj/Sources/XcodeProj/XCProj/Mapping/ValueMapping.swift /Users/admin/builder/spi-builder-workspace/.dependencies/checkouts/XcodeProj/Sources/XcodeProj/XCProj/Mapping/XCProjPathHelpers.swift /Users/admin/builder/spi-builder-workspace/.dependencies/checkouts/XcodeProj/Sources/XcodeProj/XCProj/PBXProj+XCProj.swift /Users/admin/builder/spi-builder-workspace/.dependencies/checkouts/XcodeProj/Sources/XcodeProj/XCProj/ProjectFormat.swift /Users/admin/builder/spi-builder-workspace/.dependencies/checkouts/XcodeProj/Sources/XcodeProj/XCProj/XCProjDecoder.swift /Users/admin/builder/spi-builder-workspace/.dependencies/checkouts/XcodeProj/Sources/XcodeProj/XCProj/XCProjEncoder.swift /Users/admin/builder/spi-builder-workspace/.dependencies/checkouts/XcodeProj/Sources/XcodeProj/XCProj/XCProjError.swift /Users/admin/builder/spi-builder-workspace/.dependencies/checkouts/XcodeProj/Sources/XcodeProj/XCProj/XCProjOutputSettings.swift -supplementary-output-file-map /Users/admin/builder/spi-builder-workspace/.derivedData/Build/Intermediates.noindex/XcodeProj.build/Debug-xros/XcodeProj-t.build/Objects-normal/arm64/supplementaryOutputs-1 -target arm64-apple-xros1.0 -module-can-import-version CryptoKit 383.7.1 0 -disable-cross-import-overlay-search -load-resolved-plugin /Applications/Xcode-27.0.0.app/Contents/Developer/Platforms/XROS.platform/Developer/usr/lib/swift/host/plugins/libFoundationMacros.dylib\#/Applications/Xcode-27.0.0.app/Contents/Developer/Platforms/XROS.platform/Developer/usr/bin/swift-plugin-server\#FoundationMacros -load-resolved-plugin /Applications/Xcode-27.0.0.app/Contents/Developer/Platforms/XROS.platform/Developer/usr/lib/swift/host/plugins/libObservationMacros.dylib\#/Applications/Xcode-27.0.0.app/Contents/Developer/Platforms/XROS.platform/Developer/usr/bin/swift-plugin-server\#ObservationMacros -load-resolved-plugin /Applications/Xcode-27.0.0.app/Contents/Developer/Platforms/XROS.platform/Developer/usr/lib/swift/host/plugins/libSwiftMacros.dylib\#/Applications/Xcode-27.0.0.app/Contents/Developer/Platforms/XROS.platform/Developer/usr/bin/swift-plugin-server\#SwiftMacros -disable-implicit-swift-modules -Xcc -fno-implicit-modules -Xcc -fno-implicit-module-maps -explicit-swift-module-map-file /Users/admin/builder/spi-builder-workspace/.derivedData/Build/Intermediates.noindex/XcodeProj.build/Debug-xros/XcodeProj-t.build/Objects-normal/arm64/XcodeProj-dependencies-1.json -Xllvm -aarch64-use-tbi -enable-objc-interop -stack-check -sdk /Applications/Xcode-27.0.0.app/Contents/Developer/Platforms/XROS.platform/Developer/SDKs/XROS27.0.sdk -I /Users/admin/builder/spi-builder-workspace/.derivedData/Build/Products/Debug-xros -Isystem /Applications/Xcode-27.0.0.app/Contents/Developer/Platforms/XROS.platform/Developer/usr/lib -F /Users/admin/builder/spi-builder-workspace/.derivedData/Build/Products/Debug-xros/PackageFrameworks -F /Users/admin/builder/spi-builder-workspace/.derivedData/Build/Products/Debug-xros -F /Applications/Xcode-27.0.0.app/Contents/Developer/Platforms/XROS.platform/Developer/Library/Frameworks -F /Applications/Xcode-27.0.0.app/Contents/Developer/Platforms/XROS.platform/Developer/SDKs/XROS27.0.sdk/Developer/Library/Frameworks -module-cache-path /Users/admin/builder/spi-builder-workspace/.derivedData/Build/Intermediates.noindex/SwiftExplicitPrecompiledModules -no-color-diagnostics -Xcc -fno-color-diagnostics -enable-testing -g -debug-info-format\=dwarf -dwarf-version\=4 -suppress-warnings -profile-generate -profile-coverage-mapping -swift-version 6 -Onone -D SWIFT_PACKAGE -D DEBUG -D SWIFT_MODULE_RESOURCE_BUNDLE_UNAVAILABLE -D Xcode -serialize-debugging-options -enable-experimental-feature StrictConcurrency -enable-experimental-feature DebugDescriptionMacro -empty-abi-descriptor -user-module-version 9.17.5 -validate-clang-modules-once -clang-build-session-file /Users/admin/builder/spi-builder-workspace/.derivedData/ModuleCache.noindex/Session.modulevalidation -Xcc -working-directory -Xcc /Users/admin/builder/spi-builder-workspace/.swiftpm/xcode -enable-anonymous-context-mangled-names -file-compilation-dir /Users/admin/builder/spi-builder-workspace/.swiftpm/xcode -Xcc -D_LIBCPP_HARDENING_MODE\=_LIBCPP_HARDENING_MODE_DEBUG -Xcc -ivfsstatcache -Xcc /Users/admin/builder/spi-builder-workspace/.derivedData/SDKStatCaches.noindex/xros27.0-24M361-e829b21a6f8c9b70876ba0858053c04489c3c372b822c72ca60ec5271cbc7f3c.sdkstatcache -Xcc -fmodules-prune-interval\=86400 -Xcc -fmodules-prune-after\=345600 -Xcc -I/Users/admin/builder/spi-builder-workspace/.derivedData/Build/Products/Debug-xros/include -Xcc -I/Users/admin/builder/spi-builder-workspace/.derivedData/Build/Intermediates.noindex/XcodeProj.build/Debug-xros/XcodeProj-t.build/DerivedSources-normal/arm64 -Xcc -I/Users/admin/builder/spi-builder-workspace/.derivedData/Build/Intermediates.noindex/XcodeProj.build/Debug-xros/XcodeProj-t.build/DerivedSources/arm64 -Xcc -I/Users/admin/builder/spi-builder-workspace/.derivedData/Build/Intermediates.noindex/XcodeProj.build/Debug-xros/XcodeProj-t.build/DerivedSources -Xcc -DSWIFT_PACKAGE -Xcc -DDEBUG\=1 -no-auto-bridging-header-chaining -module-name XcodeProj -package-name xcodeproj -const-gather-protocols-file /Users/admin/builder/spi-builder-workspace/.derivedData/Build/Intermediates.noindex/XcodeProj.build/Debug-xros/XcodeProj-t.build/Objects-normal/arm64/XcodeProj_const_extract_protocols.json -disable-clang-spi -clang-target arm64-apple-xros27.0 -target-sdk-version 27.0 -target-sdk-name xros27.0 -in-process-plugin-server-path /Applications/Xcode-27.0.0.app/Contents/Developer/Toolchains/XcodeDefault.xctoolchain/usr/lib/swift/host/libSwiftInProcPluginServer.dylib -parse-as-library -o /Users/admin/builder/spi-builder-workspace/.derivedData/Build/Intermediates.noindex/XcodeProj.build/Debug-xros/XcodeProj-t.build/Objects-normal/arm64/Errors.o -o /Users/admin/builder/spi-builder-workspace/.derivedData/Build/Intermediates.noindex/XcodeProj.build/Debug-xros/XcodeProj-t.build/Objects-normal/arm64/AEXML+XcodeFormat.o -o /Users/admin/builder/spi-builder-workspace/.derivedData/Build/Intermediates.noindex/XcodeProj.build/Debug-xros/XcodeProj-t.build/Objects-normal/arm64/Array+Extras.o -o /Users/admin/builder/spi-builder-workspace/.derivedData/Build/Intermediates.noindex/XcodeProj.build/Debug-xros/XcodeProj-t.build/Objects-normal/arm64/Bool+Extras.o -o /Users/admin/builder/spi-builder-workspace/.derivedData/Build/Intermediates.noindex/XcodeProj.build/Debug-xros/XcodeProj-t.build/Objects-normal/arm64/KeyedDecodingContainer+Additions.o -o /Users/admin/builder/spi-builder-workspace/.derivedData/Build/Intermediates.noindex/XcodeProj.build/Debug-xros/XcodeProj-t.build/Objects-normal/arm64/NSRecursiveLock+Sync.o -o /Users/admin/builder/spi-builder-workspace/.derivedData/Build/Intermediates.noindex/XcodeProj.build/Debug-xros/XcodeProj-t.build/Objects-normal/arm64/Path+Extras.o -o /Users/admin/builder/spi-builder-workspace/.derivedData/Build/Intermediates.noindex/XcodeProj.build/Debug-xros/XcodeProj-t.build/Objects-normal/arm64/String+Utils.o -o /Users/admin/builder/spi-builder-workspace/.derivedData/Build/Intermediates.noindex/XcodeProj.build/Debug-xros/XcodeProj-t.build/Objects-normal/arm64/String+md5.o -o /Users/admin/builder/spi-builder-workspace/.derivedData/Build/Intermediates.noindex/XcodeProj.build/Debug-xros/XcodeProj-t.build/Objects-normal/arm64/BuildFileSetting.o -o /Users/admin/builder/spi-builder-workspace/.derivedData/Build/Intermediates.noindex/XcodeProj.build/Debug-xros/XcodeProj-t.build/Objects-normal/arm64/BuildPhase.o -o /Users/admin/builder/spi-builder-workspace/.derivedData/Build/Intermediates.noindex/XcodeProj.build/Debug-xros/XcodeProj-t.build/Objects-normal/arm64/PBXBuildFile.o -debug-module-path /Users/admin/builder/spi-builder-workspace/.derivedData/Build/Intermediates.noindex/XcodeProj.build/Debug-xros/XcodeProj-t.build/Objects-normal/arm64/XcodeProj.swiftmodule -index-unit-output-path /XcodeProj.build/Debug-xros/XcodeProj-t.build/Objects-normal/arm64/Errors.o -index-unit-output-path /XcodeProj.build/Debug-xros/XcodeProj-t.build/Objects-normal/arm64/AEXML+XcodeFormat.o -index-unit-output-path /XcodeProj.build/Debug-xros/XcodeProj-t.build/Objects-normal/arm64/Array+Extras.o -index-unit-output-path /XcodeProj.build/Debug-xros/XcodeProj-t.build/Objects-normal/arm64/Bool+Extras.o -index-unit-output-path /XcodeProj.build/Debug-xros/XcodeProj-t.build/Objects-normal/arm64/KeyedDecodingContainer+Additions.o -index-unit-output-path /XcodeProj.build/Debug-xros/XcodeProj-t.build/Objects-normal/arm64/NSRecursiveLock+Sync.o -index-unit-output-path /XcodeProj.build/Debug-xros/XcodeProj-t.build/Objects-normal/arm64/Path+Extras.o -index-unit-output-path /XcodeProj.build/Debug-xros/XcodeProj-t.build/Objects-normal/arm64/String+Utils.o -index-unit-output-path /XcodeProj.build/Debug-xros/XcodeProj-t.build/Objects-normal/arm64/String+md5.o -index-unit-output-path /XcodeProj.build/Debug-xros/XcodeProj-t.build/Objects-normal/arm64/BuildFileSetting.o -index-unit-output-path /XcodeProj.build/Debug-xros/XcodeProj-t.build/Objects-normal/arm64/BuildPhase.o -index-unit-output-path /XcodeProj.build/Debug-xros/XcodeProj-t.build/Objects-normal/arm64/PBXBuildFile.o -index-store-path /Users/admin/builder/spi-builder-workspace/.derivedData/Index.noindex/DataStore -index-system-modules
SwiftCompile normal arm64 /Users/admin/builder/spi-builder-workspace/.dependencies/checkouts/XcodeProj/Sources/XcodeProj/Errors/Errors.swift (in target 'XcodeProj' from project 'XcodeProj')
    cd /Users/admin/builder/spi-builder-workspace/.swiftpm/xcode
    builtin-SwiftPerFileCompile Errors.swift
SwiftCompile normal arm64 /Users/admin/builder/spi-builder-workspace/.dependencies/checkouts/XcodeProj/Sources/XcodeProj/Extensions/AEXML+XcodeFormat.swift (in target 'XcodeProj' from project 'XcodeProj')
    cd /Users/admin/builder/spi-builder-workspace/.swiftpm/xcode
    builtin-SwiftPerFileCompile AEXML+XcodeFormat.swift
SwiftCompile normal arm64 /Users/admin/builder/spi-builder-workspace/.dependencies/checkouts/XcodeProj/Sources/XcodeProj/Extensions/Array+Extras.swift (in target 'XcodeProj' from project 'XcodeProj')
    cd /Users/admin/builder/spi-builder-workspace/.swiftpm/xcode
    builtin-SwiftPerFileCompile Array+Extras.swift
SwiftCompile normal arm64 /Users/admin/builder/spi-builder-workspace/.dependencies/checkouts/XcodeProj/Sources/XcodeProj/Extensions/Bool+Extras.swift (in target 'XcodeProj' from project 'XcodeProj')
    cd /Users/admin/builder/spi-builder-workspace/.swiftpm/xcode
    builtin-SwiftPerFileCompile Bool+Extras.swift
SwiftCompile normal arm64 /Users/admin/builder/spi-builder-workspace/.dependencies/checkouts/XcodeProj/Sources/XcodeProj/Extensions/KeyedDecodingContainer+Additions.swift (in target 'XcodeProj' from project 'XcodeProj')
    cd /Users/admin/builder/spi-builder-workspace/.swiftpm/xcode
    builtin-SwiftPerFileCompile KeyedDecodingContainer+Additions.swift
SwiftCompile normal arm64 /Users/admin/builder/spi-builder-workspace/.dependencies/checkouts/XcodeProj/Sources/XcodeProj/Extensions/NSRecursiveLock+Sync.swift (in target 'XcodeProj' from project 'XcodeProj')
    cd /Users/admin/builder/spi-builder-workspace/.swiftpm/xcode
    builtin-SwiftPerFileCompile NSRecursiveLock+Sync.swift
SwiftCompile normal arm64 /Users/admin/builder/spi-builder-workspace/.dependencies/checkouts/XcodeProj/Sources/XcodeProj/Extensions/Path+Extras.swift (in target 'XcodeProj' from project 'XcodeProj')
    cd /Users/admin/builder/spi-builder-workspace/.swiftpm/xcode
    builtin-SwiftPerFileCompile Path+Extras.swift
SwiftCompile normal arm64 /Users/admin/builder/spi-builder-workspace/.dependencies/checkouts/XcodeProj/Sources/XcodeProj/Extensions/String+Utils.swift (in target 'XcodeProj' from project 'XcodeProj')
    cd /Users/admin/builder/spi-builder-workspace/.swiftpm/xcode
    builtin-SwiftPerFileCompile String+Utils.swift
SwiftCompile normal arm64 /Users/admin/builder/spi-builder-workspace/.dependencies/checkouts/XcodeProj/Sources/XcodeProj/Extensions/String+md5.swift (in target 'XcodeProj' from project 'XcodeProj')
    cd /Users/admin/builder/spi-builder-workspace/.swiftpm/xcode
    builtin-SwiftPerFileCompile String+md5.swift
SwiftCompile normal arm64 /Users/admin/builder/spi-builder-workspace/.dependencies/checkouts/XcodeProj/Sources/XcodeProj/Objects/BuildPhase/BuildFileSetting.swift (in target 'XcodeProj' from project 'XcodeProj')
    cd /Users/admin/builder/spi-builder-workspace/.swiftpm/xcode
    builtin-SwiftPerFileCompile BuildFileSetting.swift
SwiftCompile normal arm64 /Users/admin/builder/spi-builder-workspace/.dependencies/checkouts/XcodeProj/Sources/XcodeProj/Objects/BuildPhase/BuildPhase.swift (in target 'XcodeProj' from project 'XcodeProj')
    cd /Users/admin/builder/spi-builder-workspace/.swiftpm/xcode
    builtin-SwiftPerFileCompile BuildPhase.swift
SwiftCompile normal arm64 /Users/admin/builder/spi-builder-workspace/.dependencies/checkouts/XcodeProj/Sources/XcodeProj/Objects/BuildPhase/PBXBuildFile.swift (in target 'XcodeProj' from project 'XcodeProj')
    cd /Users/admin/builder/spi-builder-workspace/.swiftpm/xcode
    builtin-SwiftPerFileCompile PBXBuildFile.swift
SwiftCompile normal arm64 Compiling\ XCRemoteSwiftPackageReference.swift,\ XCSwiftPackageProductDependency.swift,\ PBXAggregateTarget.swift,\ PBXLegacyTarget.swift,\ PBXNativeTarget.swift,\ PBXProductType.swift,\ PBXReferenceProxy.swift,\ PBXTarget.swift,\ PBXTargetDependency.swift,\ WorkspaceSettings.swift,\ XCBreakpointList.swift,\ XCDebugger.swift /Users/admin/builder/spi-builder-workspace/.dependencies/checkouts/XcodeProj/Sources/XcodeProj/Objects/SwiftPackage/XCRemoteSwiftPackageReference.swift /Users/admin/builder/spi-builder-workspace/.dependencies/checkouts/XcodeProj/Sources/XcodeProj/Objects/SwiftPackage/XCSwiftPackageProductDependency.swift /Users/admin/builder/spi-builder-workspace/.dependencies/checkouts/XcodeProj/Sources/XcodeProj/Objects/Targets/PBXAggregateTarget.swift /Users/admin/builder/spi-builder-workspace/.dependencies/checkouts/XcodeProj/Sources/XcodeProj/Objects/Targets/PBXLegacyTarget.swift /Users/admin/builder/spi-builder-workspace/.dependencies/checkouts/XcodeProj/Sources/XcodeProj/Objects/Targets/PBXNativeTarget.swift /Users/admin/builder/spi-builder-workspace/.dependencies/checkouts/XcodeProj/Sources/XcodeProj/Objects/Targets/PBXProductType.swift /Users/admin/builder/spi-builder-workspace/.dependencies/checkouts/XcodeProj/Sources/XcodeProj/Objects/Targets/PBXReferenceProxy.swift /Users/admin/builder/spi-builder-workspace/.dependencies/checkouts/XcodeProj/Sources/XcodeProj/Objects/Targets/PBXTarget.swift /Users/admin/builder/spi-builder-workspace/.dependencies/checkouts/XcodeProj/Sources/XcodeProj/Objects/Targets/PBXTargetDependency.swift /Users/admin/builder/spi-builder-workspace/.dependencies/checkouts/XcodeProj/Sources/XcodeProj/Project/WorkspaceSettings.swift /Users/admin/builder/spi-builder-workspace/.dependencies/checkouts/XcodeProj/Sources/XcodeProj/Project/XCBreakpointList.swift /Users/admin/builder/spi-builder-workspace/.dependencies/checkouts/XcodeProj/Sources/XcodeProj/Project/XCDebugger.swift (in target 'XcodeProj' from project 'XcodeProj')
SwiftCompile normal arm64 /Users/admin/builder/spi-builder-workspace/.dependencies/checkouts/XcodeProj/Sources/XcodeProj/Objects/SwiftPackage/XCRemoteSwiftPackageReference.swift (in target 'XcodeProj' from project 'XcodeProj')
    cd /Users/admin/builder/spi-builder-workspace/.swiftpm/xcode
    builtin-SwiftPerFileCompile XCRemoteSwiftPackageReference.swift
SwiftCompile normal arm64 /Users/admin/builder/spi-builder-workspace/.dependencies/checkouts/XcodeProj/Sources/XcodeProj/Objects/SwiftPackage/XCSwiftPackageProductDependency.swift (in target 'XcodeProj' from project 'XcodeProj')
    cd /Users/admin/builder/spi-builder-workspace/.swiftpm/xcode
    builtin-SwiftPerFileCompile XCSwiftPackageProductDependency.swift
SwiftCompile normal arm64 /Users/admin/builder/spi-builder-workspace/.dependencies/checkouts/XcodeProj/Sources/XcodeProj/Objects/Targets/PBXAggregateTarget.swift (in target 'XcodeProj' from project 'XcodeProj')
    cd /Users/admin/builder/spi-builder-workspace/.swiftpm/xcode
    builtin-SwiftPerFileCompile PBXAggregateTarget.swift
SwiftCompile normal arm64 /Users/admin/builder/spi-builder-workspace/.dependencies/checkouts/XcodeProj/Sources/XcodeProj/Objects/Targets/PBXLegacyTarget.swift (in target 'XcodeProj' from project 'XcodeProj')
    cd /Users/admin/builder/spi-builder-workspace/.swiftpm/xcode
    builtin-SwiftPerFileCompile PBXLegacyTarget.swift
SwiftCompile normal arm64 /Users/admin/builder/spi-builder-workspace/.dependencies/checkouts/XcodeProj/Sources/XcodeProj/Objects/Targets/PBXNativeTarget.swift (in target 'XcodeProj' from project 'XcodeProj')
    cd /Users/admin/builder/spi-builder-workspace/.swiftpm/xcode
    builtin-SwiftPerFileCompile PBXNativeTarget.swift
SwiftCompile normal arm64 /Users/admin/builder/spi-builder-workspace/.dependencies/checkouts/XcodeProj/Sources/XcodeProj/Objects/Targets/PBXProductType.swift (in target 'XcodeProj' from project 'XcodeProj')
    cd /Users/admin/builder/spi-builder-workspace/.swiftpm/xcode
    builtin-SwiftPerFileCompile PBXProductType.swift
SwiftCompile normal arm64 /Users/admin/builder/spi-builder-workspace/.dependencies/checkouts/XcodeProj/Sources/XcodeProj/Objects/Targets/PBXReferenceProxy.swift (in target 'XcodeProj' from project 'XcodeProj')
    cd /Users/admin/builder/spi-builder-workspace/.swiftpm/xcode
    builtin-SwiftPerFileCompile PBXReferenceProxy.swift
SwiftCompile normal arm64 /Users/admin/builder/spi-builder-workspace/.dependencies/checkouts/XcodeProj/Sources/XcodeProj/Objects/Targets/PBXTarget.swift (in target 'XcodeProj' from project 'XcodeProj')
    cd /Users/admin/builder/spi-builder-workspace/.swiftpm/xcode
    builtin-SwiftPerFileCompile PBXTarget.swift
SwiftCompile normal arm64 /Users/admin/builder/spi-builder-workspace/.dependencies/checkouts/XcodeProj/Sources/XcodeProj/Objects/Targets/PBXTargetDependency.swift (in target 'XcodeProj' from project 'XcodeProj')
    cd /Users/admin/builder/spi-builder-workspace/.swiftpm/xcode
    builtin-SwiftPerFileCompile PBXTargetDependency.swift
SwiftCompile normal arm64 /Users/admin/builder/spi-builder-workspace/.dependencies/checkouts/XcodeProj/Sources/XcodeProj/Project/WorkspaceSettings.swift (in target 'XcodeProj' from project 'XcodeProj')
    cd /Users/admin/builder/spi-builder-workspace/.swiftpm/xcode
    builtin-SwiftPerFileCompile WorkspaceSettings.swift
SwiftCompile normal arm64 /Users/admin/builder/spi-builder-workspace/.dependencies/checkouts/XcodeProj/Sources/XcodeProj/Project/XCBreakpointList.swift (in target 'XcodeProj' from project 'XcodeProj')
    cd /Users/admin/builder/spi-builder-workspace/.swiftpm/xcode
    builtin-SwiftPerFileCompile XCBreakpointList.swift
SwiftCompile normal arm64 /Users/admin/builder/spi-builder-workspace/.dependencies/checkouts/XcodeProj/Sources/XcodeProj/Project/XCDebugger.swift (in target 'XcodeProj' from project 'XcodeProj')
    cd /Users/admin/builder/spi-builder-workspace/.swiftpm/xcode
    builtin-SwiftPerFileCompile XCDebugger.swift
SwiftCompile normal arm64 Compiling\ XCScheme+TestItem.swift,\ XCScheme+TestParallelization.swift,\ XCScheme+TestPlanReference.swift,\ XCScheme+TestableReference.swift,\ XCScheme.swift,\ XCSchemeManagement.swift,\ BuildSettingsProvider.swift,\ Collection+Extras.swift,\ CommentedString.swift,\ Decoders.swift,\ JSONDecoding.swift /Users/admin/builder/spi-builder-workspace/.dependencies/checkouts/XcodeProj/Sources/XcodeProj/Scheme/XCScheme+TestItem.swift /Users/admin/builder/spi-builder-workspace/.dependencies/checkouts/XcodeProj/Sources/XcodeProj/Scheme/XCScheme+TestParallelization.swift /Users/admin/builder/spi-builder-workspace/.dependencies/checkouts/XcodeProj/Sources/XcodeProj/Scheme/XCScheme+TestPlanReference.swift /Users/admin/builder/spi-builder-workspace/.dependencies/checkouts/XcodeProj/Sources/XcodeProj/Scheme/XCScheme+TestableReference.swift /Users/admin/builder/spi-builder-workspace/.dependencies/checkouts/XcodeProj/Sources/XcodeProj/Scheme/XCScheme.swift /Users/admin/builder/spi-builder-workspace/.dependencies/checkouts/XcodeProj/Sources/XcodeProj/Scheme/XCSchemeManagement.swift /Users/admin/builder/spi-builder-workspace/.dependencies/checkouts/XcodeProj/Sources/XcodeProj/Utils/BuildSettingsProvider.swift /Users/admin/builder/spi-builder-workspace/.dependencies/checkouts/XcodeProj/Sources/XcodeProj/Utils/Collection+Extras.swift /Users/admin/builder/spi-builder-workspace/.dependencies/checkouts/XcodeProj/Sources/XcodeProj/Utils/CommentedString.swift /Users/admin/builder/spi-builder-workspace/.dependencies/checkouts/XcodeProj/Sources/XcodeProj/Utils/Decoders.swift /Users/admin/builder/spi-builder-workspace/.dependencies/checkouts/XcodeProj/Sources/XcodeProj/Utils/JSONDecoding.swift (in target 'XcodeProj' from project 'XcodeProj')
SwiftCompile normal arm64 /Users/admin/builder/spi-builder-workspace/.dependencies/checkouts/XcodeProj/Sources/XcodeProj/Scheme/XCScheme+TestItem.swift (in target 'XcodeProj' from project 'XcodeProj')
    cd /Users/admin/builder/spi-builder-workspace/.swiftpm/xcode
    builtin-SwiftPerFileCompile XCScheme+TestItem.swift
SwiftCompile normal arm64 /Users/admin/builder/spi-builder-workspace/.dependencies/checkouts/XcodeProj/Sources/XcodeProj/Scheme/XCScheme+TestParallelization.swift (in target 'XcodeProj' from project 'XcodeProj')
    cd /Users/admin/builder/spi-builder-workspace/.swiftpm/xcode
    builtin-SwiftPerFileCompile XCScheme+TestParallelization.swift
SwiftCompile normal arm64 /Users/admin/builder/spi-builder-workspace/.dependencies/checkouts/XcodeProj/Sources/XcodeProj/Scheme/XCScheme+TestPlanReference.swift (in target 'XcodeProj' from project 'XcodeProj')
    cd /Users/admin/builder/spi-builder-workspace/.swiftpm/xcode
    builtin-SwiftPerFileCompile XCScheme+TestPlanReference.swift
SwiftCompile normal arm64 /Users/admin/builder/spi-builder-workspace/.dependencies/checkouts/XcodeProj/Sources/XcodeProj/Scheme/XCScheme+TestableReference.swift (in target 'XcodeProj' from project 'XcodeProj')
    cd /Users/admin/builder/spi-builder-workspace/.swiftpm/xcode
    builtin-SwiftPerFileCompile XCScheme+TestableReference.swift
SwiftCompile normal arm64 /Users/admin/builder/spi-builder-workspace/.dependencies/checkouts/XcodeProj/Sources/XcodeProj/Scheme/XCScheme.swift (in target 'XcodeProj' from project 'XcodeProj')
    cd /Users/admin/builder/spi-builder-workspace/.swiftpm/xcode
    builtin-SwiftPerFileCompile XCScheme.swift
SwiftCompile normal arm64 /Users/admin/builder/spi-builder-workspace/.dependencies/checkouts/XcodeProj/Sources/XcodeProj/Scheme/XCSchemeManagement.swift (in target 'XcodeProj' from project 'XcodeProj')
    cd /Users/admin/builder/spi-builder-workspace/.swiftpm/xcode
    builtin-SwiftPerFileCompile XCSchemeManagement.swift
SwiftCompile normal arm64 /Users/admin/builder/spi-builder-workspace/.dependencies/checkouts/XcodeProj/Sources/XcodeProj/Utils/BuildSettingsProvider.swift (in target 'XcodeProj' from project 'XcodeProj')
    cd /Users/admin/builder/spi-builder-workspace/.swiftpm/xcode
    builtin-SwiftPerFileCompile BuildSettingsProvider.swift
SwiftCompile normal arm64 /Users/admin/builder/spi-builder-workspace/.dependencies/checkouts/XcodeProj/Sources/XcodeProj/Utils/Collection+Extras.swift (in target 'XcodeProj' from project 'XcodeProj')
    cd /Users/admin/builder/spi-builder-workspace/.swiftpm/xcode
    builtin-SwiftPerFileCompile Collection+Extras.swift
SwiftCompile normal arm64 /Users/admin/builder/spi-builder-workspace/.dependencies/checkouts/XcodeProj/Sources/XcodeProj/Utils/CommentedString.swift (in target 'XcodeProj' from project 'XcodeProj')
    cd /Users/admin/builder/spi-builder-workspace/.swiftpm/xcode
    builtin-SwiftPerFileCompile CommentedString.swift
SwiftCompile normal arm64 /Users/admin/builder/spi-builder-workspace/.dependencies/checkouts/XcodeProj/Sources/XcodeProj/Utils/Decoders.swift (in target 'XcodeProj' from project 'XcodeProj')
    cd /Users/admin/builder/spi-builder-workspace/.swiftpm/xcode
    builtin-SwiftPerFileCompile Decoders.swift
SwiftCompile normal arm64 /Users/admin/builder/spi-builder-workspace/.dependencies/checkouts/XcodeProj/Sources/XcodeProj/Utils/JSONDecoding.swift (in target 'XcodeProj' from project 'XcodeProj')
    cd /Users/admin/builder/spi-builder-workspace/.swiftpm/xcode
    builtin-SwiftPerFileCompile JSONDecoding.swift
SwiftCompile normal arm64 Compiling\ XCScheme+EnvironmentVariable.swift,\ XCScheme+ExecutionAction.swift,\ XCScheme+LaunchAction.swift,\ XCScheme+LocationScenarioReference.swift,\ XCScheme+PathRunnable.swift,\ XCScheme+ProfileAction.swift,\ XCScheme+RemoteRunnable.swift,\ XCScheme+Runnable.swift,\ XCScheme+SerialAction.swift,\ XCScheme+StoreKitConfigurationFileReference.swift,\ XCScheme+TestAction.swift /Users/admin/builder/spi-builder-workspace/.dependencies/checkouts/XcodeProj/Sources/XcodeProj/Scheme/XCScheme+EnvironmentVariable.swift /Users/admin/builder/spi-builder-workspace/.dependencies/checkouts/XcodeProj/Sources/XcodeProj/Scheme/XCScheme+ExecutionAction.swift /Users/admin/builder/spi-builder-workspace/.dependencies/checkouts/XcodeProj/Sources/XcodeProj/Scheme/XCScheme+LaunchAction.swift /Users/admin/builder/spi-builder-workspace/.dependencies/checkouts/XcodeProj/Sources/XcodeProj/Scheme/XCScheme+LocationScenarioReference.swift /Users/admin/builder/spi-builder-workspace/.dependencies/checkouts/XcodeProj/Sources/XcodeProj/Scheme/XCScheme+PathRunnable.swift /Users/admin/builder/spi-builder-workspace/.dependencies/checkouts/XcodeProj/Sources/XcodeProj/Scheme/XCScheme+ProfileAction.swift /Users/admin/builder/spi-builder-workspace/.dependencies/checkouts/XcodeProj/Sources/XcodeProj/Scheme/XCScheme+RemoteRunnable.swift /Users/admin/builder/spi-builder-workspace/.dependencies/checkouts/XcodeProj/Sources/XcodeProj/Scheme/XCScheme+Runnable.swift /Users/admin/builder/spi-builder-workspace/.dependencies/checkouts/XcodeProj/Sources/XcodeProj/Scheme/XCScheme+SerialAction.swift /Users/admin/builder/spi-builder-workspace/.dependencies/checkouts/XcodeProj/Sources/XcodeProj/Scheme/XCScheme+StoreKitConfigurationFileReference.swift /Users/admin/builder/spi-builder-workspace/.dependencies/checkouts/XcodeProj/Sources/XcodeProj/Scheme/XCScheme+TestAction.swift (in target 'XcodeProj' from project 'XcodeProj')
SwiftCompile normal arm64 /Users/admin/builder/spi-builder-workspace/.dependencies/checkouts/XcodeProj/Sources/XcodeProj/Scheme/XCScheme+EnvironmentVariable.swift (in target 'XcodeProj' from project 'XcodeProj')
    cd /Users/admin/builder/spi-builder-workspace/.swiftpm/xcode
    builtin-SwiftPerFileCompile XCScheme+EnvironmentVariable.swift
SwiftCompile normal arm64 /Users/admin/builder/spi-builder-workspace/.dependencies/checkouts/XcodeProj/Sources/XcodeProj/Scheme/XCScheme+ExecutionAction.swift (in target 'XcodeProj' from project 'XcodeProj')
    cd /Users/admin/builder/spi-builder-workspace/.swiftpm/xcode
    builtin-SwiftPerFileCompile XCScheme+ExecutionAction.swift
SwiftCompile normal arm64 /Users/admin/builder/spi-builder-workspace/.dependencies/checkouts/XcodeProj/Sources/XcodeProj/Scheme/XCScheme+LaunchAction.swift (in target 'XcodeProj' from project 'XcodeProj')
    cd /Users/admin/builder/spi-builder-workspace/.swiftpm/xcode
    builtin-SwiftPerFileCompile XCScheme+LaunchAction.swift
SwiftCompile normal arm64 /Users/admin/builder/spi-builder-workspace/.dependencies/checkouts/XcodeProj/Sources/XcodeProj/Scheme/XCScheme+LocationScenarioReference.swift (in target 'XcodeProj' from project 'XcodeProj')
    cd /Users/admin/builder/spi-builder-workspace/.swiftpm/xcode
    builtin-SwiftPerFileCompile XCScheme+LocationScenarioReference.swift
SwiftCompile normal arm64 /Users/admin/builder/spi-builder-workspace/.dependencies/checkouts/XcodeProj/Sources/XcodeProj/Scheme/XCScheme+PathRunnable.swift (in target 'XcodeProj' from project 'XcodeProj')
    cd /Users/admin/builder/spi-builder-workspace/.swiftpm/xcode
    builtin-SwiftPerFileCompile XCScheme+PathRunnable.swift
SwiftCompile normal arm64 /Users/admin/builder/spi-builder-workspace/.dependencies/checkouts/XcodeProj/Sources/XcodeProj/Scheme/XCScheme+ProfileAction.swift (in target 'XcodeProj' from project 'XcodeProj')
    cd /Users/admin/builder/spi-builder-workspace/.swiftpm/xcode
    builtin-SwiftPerFileCompile XCScheme+ProfileAction.swift
SwiftCompile normal arm64 /Users/admin/builder/spi-builder-workspace/.dependencies/checkouts/XcodeProj/Sources/XcodeProj/Scheme/XCScheme+RemoteRunnable.swift (in target 'XcodeProj' from project 'XcodeProj')
    cd /Users/admin/builder/spi-builder-workspace/.swiftpm/xcode
    builtin-SwiftPerFileCompile XCScheme+RemoteRunnable.swift
SwiftCompile normal arm64 /Users/admin/builder/spi-builder-workspace/.dependencies/checkouts/XcodeProj/Sources/XcodeProj/Scheme/XCScheme+Runnable.swift (in target 'XcodeProj' from project 'XcodeProj')
    cd /Users/admin/builder/spi-builder-workspace/.swiftpm/xcode
    builtin-SwiftPerFileCompile XCScheme+Runnable.swift
SwiftCompile normal arm64 /Users/admin/builder/spi-builder-workspace/.dependencies/checkouts/XcodeProj/Sources/XcodeProj/Scheme/XCScheme+SerialAction.swift (in target 'XcodeProj' from project 'XcodeProj')
    cd /Users/admin/builder/spi-builder-workspace/.swiftpm/xcode
    builtin-SwiftPerFileCompile XCScheme+SerialAction.swift
SwiftCompile normal arm64 /Users/admin/builder/spi-builder-workspace/.dependencies/checkouts/XcodeProj/Sources/XcodeProj/Scheme/XCScheme+StoreKitConfigurationFileReference.swift (in target 'XcodeProj' from project 'XcodeProj')
    cd /Users/admin/builder/spi-builder-workspace/.swiftpm/xcode
    builtin-SwiftPerFileCompile XCScheme+StoreKitConfigurationFileReference.swift
SwiftCompile normal arm64 /Users/admin/builder/spi-builder-workspace/.dependencies/checkouts/XcodeProj/Sources/XcodeProj/Scheme/XCScheme+TestAction.swift (in target 'XcodeProj' from project 'XcodeProj')
    cd /Users/admin/builder/spi-builder-workspace/.swiftpm/xcode
    builtin-SwiftPerFileCompile XCScheme+TestAction.swift
SwiftEmitModule normal arm64 Emitting\ module\ for\ XcodeProj (in target 'XcodeProj' from project 'XcodeProj')
SwiftCompile normal arm64 (in target 'XcodeProj' from project 'XcodeProj')
    cd /Users/admin/builder/spi-builder-workspace/.swiftpm/xcode

SwiftCompile normal arm64 Compiling\ PBXBatchUpdater.swift,\ PlistDecoding.swift,\ PlistValue.swift,\ ReferenceGenerator.swift,\ XCConfig.swift,\ XCWorkspace.swift,\ XCWorkspaceData.swift,\ XCWorkspaceDataElement.swift,\ XCWorkspaceDataElementLocationType.swift,\ XCWorkspaceDataFileRef.swift,\ XCWorkspaceDataGroup.swift /Users/admin/builder/spi-builder-workspace/.dependencies/checkouts/XcodeProj/Sources/XcodeProj/Utils/PBXBatchUpdater.swift /Users/admin/builder/spi-builder-workspace/.dependencies/checkouts/XcodeProj/Sources/XcodeProj/Utils/PlistDecoding.swift /Users/admin/builder/spi-builder-workspace/.dependencies/checkouts/XcodeProj/Sources/XcodeProj/Utils/PlistValue.swift /Users/admin/builder/spi-builder-workspace/.dependencies/checkouts/XcodeProj/Sources/XcodeProj/Utils/ReferenceGenerator.swift /Users/admin/builder/spi-builder-workspace/.dependencies/checkouts/XcodeProj/Sources/XcodeProj/Utils/XCConfig.swift /Users/admin/builder/spi-builder-workspace/.dependencies/checkouts/XcodeProj/Sources/XcodeProj/Workspace/XCWorkspace.swift /Users/admin/builder/spi-builder-workspace/.dependencies/checkouts/XcodeProj/Sources/XcodeProj/Workspace/XCWorkspaceData.swift /Users/admin/builder/spi-builder-workspace/.dependencies/checkouts/XcodeProj/Sources/XcodeProj/Workspace/XCWorkspaceDataElement.swift /Users/admin/builder/spi-builder-workspace/.dependencies/checkouts/XcodeProj/Sources/XcodeProj/Workspace/XCWorkspaceDataElementLocationType.swift /Users/admin/builder/spi-builder-workspace/.dependencies/checkouts/XcodeProj/Sources/XcodeProj/Workspace/XCWorkspaceDataFileRef.swift /Users/admin/builder/spi-builder-workspace/.dependencies/checkouts/XcodeProj/Sources/XcodeProj/Workspace/XCWorkspaceDataGroup.swift (in target 'XcodeProj' from project 'XcodeProj')
SwiftCompile normal arm64 /Users/admin/builder/spi-builder-workspace/.dependencies/checkouts/XcodeProj/Sources/XcodeProj/Utils/PBXBatchUpdater.swift (in target 'XcodeProj' from project 'XcodeProj')
    cd /Users/admin/builder/spi-builder-workspace/.swiftpm/xcode
    builtin-SwiftPerFileCompile PBXBatchUpdater.swift
SwiftCompile normal arm64 /Users/admin/builder/spi-builder-workspace/.dependencies/checkouts/XcodeProj/Sources/XcodeProj/Utils/PlistDecoding.swift (in target 'XcodeProj' from project 'XcodeProj')
    cd /Users/admin/builder/spi-builder-workspace/.swiftpm/xcode
    builtin-SwiftPerFileCompile PlistDecoding.swift
SwiftCompile normal arm64 /Users/admin/builder/spi-builder-workspace/.dependencies/checkouts/XcodeProj/Sources/XcodeProj/Utils/PlistValue.swift (in target 'XcodeProj' from project 'XcodeProj')
    cd /Users/admin/builder/spi-builder-workspace/.swiftpm/xcode
    builtin-SwiftPerFileCompile PlistValue.swift
SwiftCompile normal arm64 /Users/admin/builder/spi-builder-workspace/.dependencies/checkouts/XcodeProj/Sources/XcodeProj/Utils/ReferenceGenerator.swift (in target 'XcodeProj' from project 'XcodeProj')
    cd /Users/admin/builder/spi-builder-workspace/.swiftpm/xcode
    builtin-SwiftPerFileCompile ReferenceGenerator.swift
SwiftCompile normal arm64 /Users/admin/builder/spi-builder-workspace/.dependencies/checkouts/XcodeProj/Sources/XcodeProj/Utils/XCConfig.swift (in target 'XcodeProj' from project 'XcodeProj')
    cd /Users/admin/builder/spi-builder-workspace/.swiftpm/xcode
    builtin-SwiftPerFileCompile XCConfig.swift
SwiftCompile normal arm64 /Users/admin/builder/spi-builder-workspace/.dependencies/checkouts/XcodeProj/Sources/XcodeProj/Workspace/XCWorkspace.swift (in target 'XcodeProj' from project 'XcodeProj')
    cd /Users/admin/builder/spi-builder-workspace/.swiftpm/xcode
    builtin-SwiftPerFileCompile XCWorkspace.swift
SwiftCompile normal arm64 /Users/admin/builder/spi-builder-workspace/.dependencies/checkouts/XcodeProj/Sources/XcodeProj/Workspace/XCWorkspaceData.swift (in target 'XcodeProj' from project 'XcodeProj')
    cd /Users/admin/builder/spi-builder-workspace/.swiftpm/xcode
    builtin-SwiftPerFileCompile XCWorkspaceData.swift
SwiftCompile normal arm64 /Users/admin/builder/spi-builder-workspace/.dependencies/checkouts/XcodeProj/Sources/XcodeProj/Workspace/XCWorkspaceDataElement.swift (in target 'XcodeProj' from project 'XcodeProj')
    cd /Users/admin/builder/spi-builder-workspace/.swiftpm/xcode
    builtin-SwiftPerFileCompile XCWorkspaceDataElement.swift
SwiftCompile normal arm64 /Users/admin/builder/spi-builder-workspace/.dependencies/checkouts/XcodeProj/Sources/XcodeProj/Workspace/XCWorkspaceDataElementLocationType.swift (in target 'XcodeProj' from project 'XcodeProj')
    cd /Users/admin/builder/spi-builder-workspace/.swiftpm/xcode
    builtin-SwiftPerFileCompile XCWorkspaceDataElementLocationType.swift
SwiftCompile normal arm64 /Users/admin/builder/spi-builder-workspace/.dependencies/checkouts/XcodeProj/Sources/XcodeProj/Workspace/XCWorkspaceDataFileRef.swift (in target 'XcodeProj' from project 'XcodeProj')
    cd /Users/admin/builder/spi-builder-workspace/.swiftpm/xcode
    builtin-SwiftPerFileCompile XCWorkspaceDataFileRef.swift
SwiftCompile normal arm64 /Users/admin/builder/spi-builder-workspace/.dependencies/checkouts/XcodeProj/Sources/XcodeProj/Workspace/XCWorkspaceDataGroup.swift (in target 'XcodeProj' from project 'XcodeProj')
    cd /Users/admin/builder/spi-builder-workspace/.swiftpm/xcode
    builtin-SwiftPerFileCompile XCWorkspaceDataGroup.swift
Ld /Users/admin/builder/spi-builder-workspace/.derivedData/Build/Products/Debug-xros/ArgumentParser.o normal (in target 'ArgumentParser' from project 'swift-argument-parser')
    cd /Users/admin/builder/spi-builder-workspace/.dependencies/checkouts/swift-argument-parser
    /Applications/Xcode-27.0.0.app/Contents/Developer/Toolchains/XcodeDefault.xctoolchain/usr/bin/clang -Xlinker -reproducible -target arm64-apple-xros1.0 -r -isysroot /Applications/Xcode-27.0.0.app/Contents/Developer/Platforms/XROS.platform/Developer/SDKs/XROS27.0.sdk -O0 -w -Xlinker -no_warn_duplicate_libraries -F/Users/admin/builder/spi-builder-workspace/.derivedData/Build/Intermediates.noindex/EagerLinkingTBDs/Debug-xros -F/Users/admin/builder/spi-builder-workspace/.derivedData/Build/Products/Debug-xros/PackageFrameworks -F/Users/admin/builder/spi-builder-workspace/.derivedData/Build/Products/Debug-xros -iframework /Applications/Xcode-27.0.0.app/Contents/Developer/Platforms/XROS.platform/Developer/Library/Frameworks -iframework /Applications/Xcode-27.0.0.app/Contents/Developer/Platforms/XROS.platform/Developer/SDKs/XROS27.0.sdk/Developer/Library/Frameworks -filelist /Users/admin/builder/spi-builder-workspace/.derivedData/Build/Intermediates.noindex/swift-argument-parser.build/Debug-xros/ArgumentParser-t.build/Objects-normal/arm64/ArgumentParser.LinkFileList -nostdlib -Xlinker -object_path_lto -Xlinker /Users/admin/builder/spi-builder-workspace/.derivedData/Build/Intermediates.noindex/swift-argument-parser.build/Debug-xros/ArgumentParser-t.build/Objects-normal/arm64/ArgumentParser_lto.o -Xlinker -no_deduplicate -Xlinker -debug_variant -Xlinker -dependency_info -Xlinker /Users/admin/builder/spi-builder-workspace/.derivedData/Build/Intermediates.noindex/swift-argument-parser.build/Debug-xros/ArgumentParser-t.build/Objects-normal/arm64/ArgumentParser_dependency_info.dat -fobjc-link-runtime -L/Applications/Xcode-27.0.0.app/Contents/Developer/Toolchains/XcodeDefault.xctoolchain/usr/lib/swift/xros -L/usr/lib/swift -Xlinker -add_ast_path -Xlinker /Users/admin/builder/spi-builder-workspace/.derivedData/Build/Intermediates.noindex/swift-argument-parser.build/Debug-xros/ArgumentParser-t.build/Objects-normal/arm64/ArgumentParser.swiftmodule -o /Users/admin/builder/spi-builder-workspace/.derivedData/Build/Products/Debug-xros/ArgumentParser.o
PruneExplicitPrecompiledModules /Users/admin/builder/spi-builder-workspace/.derivedData/Build/Intermediates.noindex/ExplicitPrecompiledModules
PruneExplicitPrecompiledModules /Users/admin/builder/spi-builder-workspace/.derivedData/Build/Intermediates.noindex/SwiftExplicitPrecompiledModules
PruneExplicitPrecompiledModules /Users/admin/builder/spi-builder-workspace/.derivedData/SDKExplicitPrecompiledModules
2026-10-09 00:37:40.090 xcodebuild[1371:7613] [MT] IDERunDestination: Supported platforms for the buildables in the current scheme is empty.
** BUILD FAILED **
The following build commands failed:
	SwiftCompile normal arm64 Compiling\ Errors.swift,\ AEXML+XcodeFormat.swift,\ Array+Extras.swift,\ Bool+Extras.swift,\ KeyedDecodingContainer+Additions.swift,\ NSRecursiveLock+Sync.swift,\ Path+Extras.swift,\ String+Utils.swift,\ String+md5.swift,\ BuildFileSetting.swift,\ BuildPhase.swift,\ PBXBuildFile.swift /Users/admin/builder/spi-builder-workspace/.dependencies/checkouts/XcodeProj/Sources/XcodeProj/Errors/Errors.swift /Users/admin/builder/spi-builder-workspace/.dependencies/checkouts/XcodeProj/Sources/XcodeProj/Extensions/AEXML+XcodeFormat.swift /Users/admin/builder/spi-builder-workspace/.dependencies/checkouts/XcodeProj/Sources/XcodeProj/Extensions/Array+Extras.swift /Users/admin/builder/spi-builder-workspace/.dependencies/checkouts/XcodeProj/Sources/XcodeProj/Extensions/Bool+Extras.swift /Users/admin/builder/spi-builder-workspace/.dependencies/checkouts/XcodeProj/Sources/XcodeProj/Extensions/KeyedDecodingContainer+Additions.swift /Users/admin/builder/spi-builder-workspace/.dependencies/checkouts/XcodeProj/Sources/XcodeProj/Extensions/NSRecursiveLock+Sync.swift /Users/admin/builder/spi-builder-workspace/.dependencies/checkouts/XcodeProj/Sources/XcodeProj/Extensions/Path+Extras.swift /Users/admin/builder/spi-builder-workspace/.dependencies/checkouts/XcodeProj/Sources/XcodeProj/Extensions/String+Utils.swift /Users/admin/builder/spi-builder-workspace/.dependencies/checkouts/XcodeProj/Sources/XcodeProj/Extensions/String+md5.swift /Users/admin/builder/spi-builder-workspace/.dependencies/checkouts/XcodeProj/Sources/XcodeProj/Objects/BuildPhase/BuildFileSetting.swift /Users/admin/builder/spi-builder-workspace/.dependencies/checkouts/XcodeProj/Sources/XcodeProj/Objects/BuildPhase/BuildPhase.swift /Users/admin/builder/spi-builder-workspace/.dependencies/checkouts/XcodeProj/Sources/XcodeProj/Objects/BuildPhase/PBXBuildFile.swift (in target 'XcodeProj' from project 'XcodeProj')
	SwiftCompile normal arm64 /Users/admin/builder/spi-builder-workspace/.dependencies/checkouts/XcodeProj/Sources/XcodeProj/Extensions/Path+Extras.swift (in target 'XcodeProj' from project 'XcodeProj')
	Building workspace XCLint with scheme XCLint-Package
(3 failures)
BUILD FAILURE 6.4 visionOS