Build Information
Failed to build swift-delta, reference v0.11.1 (c01b40), with Swift 6.2 for tvOS using Xcode 26.3 on 13 Oct 2026 06:40:02 UTC.
Build Command
No build command. This typically means the build failed at an early stage where we determine the build command.Build Log
========================================
RunAll
========================================
Builder version: 5.1.1
Interrupt handler set up.
========================================
Checkout
========================================
Clone URL: https://github.com/Formkunft/swift-delta.git
Reference: v0.11.1
Initialized empty Git repository in /Users/admin/builder/spi-builder-workspace/.git/
From https://github.com/Formkunft/swift-delta
* tag v0.11.1 -> FETCH_HEAD
HEAD is now at c01b407 Add `isChange(by:)` API to Delta and Pair
Cloned https://github.com/Formkunft/swift-delta.git
Revision (git rev-parse @):
c01b407a6b025e1e77e5284fb6f18d56bdf054e7
SPI manifest file found: $PWD/.spi.yml
SUCCESS checkout https://github.com/Formkunft/swift-delta.git at v0.11.1
========================================
Build
========================================
Selected platform: tvOS
Swift version: 6.2
Building package at path: $PWD
https://github.com/Formkunft/swift-delta.git
Command line invocation:
/Applications/Xcode-26.3.0.app/Contents/Developer/usr/bin/xcodebuild -IDEClonedSourcePackagesDirPathOverride=/Users/admin/builder/spi-builder-workspace/.dependencies -resolvePackageDependencies
Resolve Package Graph
package 'spi-builder-workspace' is using Swift tools version 6.3.0 but the installed version is 6.2.4
Resolved source packages:
spi-builder-workspace: (null)
2026-10-13 02:40:01.787 xcodebuild[538:3114] Writing error result bundle to /var/folders/xq/y_g06wb113726d38xsyx71_h0000gn/T/ResultBundle_2026-13-10_02-40-0001.xcresult
xcodebuild: error: Could not resolve package dependencies:
package 'spi-builder-workspace' is using Swift tools version 6.3.0 but the installed version is 6.2.4
Command line invocation:
/Applications/Xcode-26.3.0.app/Contents/Developer/usr/bin/xcodebuild -IDEClonedSourcePackagesDirPathOverride=/Users/admin/builder/spi-builder-workspace/.dependencies -resolvePackageDependencies
Resolve Package Graph
package 'spi-builder-workspace' is using Swift tools version 6.3.0 but the installed version is 6.2.4
Resolved source packages:
spi-builder-workspace: (null)
2026-10-13 02:40:02.681 xcodebuild[600:3651] Writing error result bundle to /var/folders/xq/y_g06wb113726d38xsyx71_h0000gn/T/ResultBundle_2026-13-10_02-40-0002.xcresult
xcodebuild: error: Could not resolve package dependencies:
package 'spi-builder-workspace' is using Swift tools version 6.3.0 but the installed version is 6.2.4
BUILD FAILURE 6.2 tvOS