The Swift Package Index logo.Swift Package Index

Build Information

Failed to build cidrmerge, reference 0.2.0 (117b87), with Swift 6.2 for Wasm on 13 Aug 2026 19:48:08 UTC.

Build Command

bash -c docker run --pull=always --rm -v "checkouts-53886769-0":/host -w "$PWD" -e JAVA_HOME="/root/.sdkman/candidates/java/current" -e SPI_BUILD="1" -e SPI_PROCESSING="1" registry.gitlab.com/saguaro1/spi-images:wasm-6.2-latest swift build --swift-sdk swift-6.2-RELEASE_wasm 2>&1

Build Log

========================================
RunAll
========================================
Builder version: 5.0.1
Interrupt handler set up.
========================================
Checkout
========================================
Clone URL: https://github.com/RouteObjects/cidrmerge.git
Reference: 0.2.0
Initialized empty Git repository in /host/spi-builder-workspace/.git/
hint: Using 'master' as the name for the initial branch. This default branch name
hint: is subject to change. To configure the initial branch name to use in all
hint: of your new repositories, which will suppress this warning, call:
hint:
hint: 	git config --global init.defaultBranch <name>
hint:
hint: Names commonly chosen instead of 'master' are 'main', 'trunk' and
hint: 'development'. The just-created branch can be renamed via this command:
hint:
hint: 	git branch -m <name>
From https://github.com/RouteObjects/cidrmerge
 * tag               0.2.0      -> FETCH_HEAD
HEAD is now at 117b87b chore: prepare 0.2.0 release
Cloned https://github.com/RouteObjects/cidrmerge.git
Revision (git rev-parse @):
117b87b25ded47d5cc74e10e165c1bba8a94458f
SPI manifest file found: $PWD/.spi.yml
SUCCESS checkout https://github.com/RouteObjects/cidrmerge.git at 0.2.0
========================================
Build
========================================
Selected platform:         wasm
Swift version:             6.2
Building package at path:  $PWD
https://github.com/RouteObjects/cidrmerge.git
Running build ...
bash -c docker run --pull=always --rm -v "checkouts-53886769-0":/host -w "$PWD" -e JAVA_HOME="/root/.sdkman/candidates/java/current" -e SPI_BUILD="1" -e SPI_PROCESSING="1" registry.gitlab.com/saguaro1/spi-images:wasm-6.2-latest swift build --swift-sdk swift-6.2-RELEASE_wasm 2>&1
wasm-6.2-latest: Pulling from saguaro1/spi-images
Digest: sha256:70428a4f4110aef5b17a27427e965f31cf3855e8cf1dfdc416ed61c780337965
Status: Image is up to date for registry.gitlab.com/saguaro1/spi-images:wasm-6.2-latest
Fetching https://github.com/RouteObjects/swift-cidr.git
Fetching https://github.com/apple/swift-crypto.git
Fetching https://github.com/apple/swift-argument-parser
[1/18322] Fetching swift-crypto
[918/19257] Fetching swift-crypto, swift-cidr
[1719/37548] Fetching swift-crypto, swift-cidr, swift-argument-parser
Fetched https://github.com/apple/swift-argument-parser from cache (0.75s)
[4783/19257] Fetching swift-crypto, swift-cidr
Fetched https://github.com/RouteObjects/swift-cidr.git from cache (1.17s)
Fetched https://github.com/apple/swift-crypto.git from cache (1.18s)
Computing version for https://github.com/apple/swift-crypto.git
Computed https://github.com/apple/swift-crypto.git at 4.5.1 (2.36s)
Fetching https://github.com/apple/swift-asn1.git
[1/1933] Fetching swift-asn1
Fetched https://github.com/apple/swift-asn1.git from cache (1.13s)
Computing version for https://github.com/RouteObjects/swift-cidr.git
Computed https://github.com/RouteObjects/swift-cidr.git at 0.5.0 (1.28s)
Fetching https://github.com/apple/swift-nio.git
[1/85318] Fetching swift-nio
Fetched https://github.com/apple/swift-nio.git from cache (3.13s)
Computing version for https://github.com/apple/swift-nio.git
Computed https://github.com/apple/swift-nio.git at 2.101.3 (3.49s)
Fetching https://github.com/apple/swift-system.git
Fetching https://github.com/apple/swift-atomics.git
Fetching https://github.com/apple/swift-collections.git
[1/1875] Fetching swift-atomics
[1876/8715] Fetching swift-atomics, swift-system
[2629/35406] Fetching swift-atomics, swift-system, swift-collections
Fetched https://github.com/apple/swift-atomics.git from cache (1.24s)
Fetched https://github.com/apple/swift-system.git from cache (1.24s)
Fetched https://github.com/apple/swift-collections.git from cache (1.25s)
Computing version for https://github.com/apple/swift-atomics.git
Computed https://github.com/apple/swift-atomics.git at 1.3.1 (1.42s)
Computing version for https://github.com/apple/swift-argument-parser
Computed https://github.com/apple/swift-argument-parser at 1.8.2 (0.15s)
Computing version for https://github.com/apple/swift-asn1.git
Computed https://github.com/apple/swift-asn1.git at 1.7.1 (0.17s)
Computing version for https://github.com/apple/swift-collections.git
Computed https://github.com/apple/swift-collections.git at 1.6.0 (0.23s)
Computing version for https://github.com/apple/swift-system.git
Computed https://github.com/apple/swift-system.git at 1.8.0 (0.17s)
Creating working copy for https://github.com/apple/swift-nio.git
Working copy of https://github.com/apple/swift-nio.git resolved at 2.101.3
Creating working copy for https://github.com/apple/swift-system.git
Working copy of https://github.com/apple/swift-system.git resolved at 1.8.0
Creating working copy for https://github.com/RouteObjects/swift-cidr.git
Working copy of https://github.com/RouteObjects/swift-cidr.git resolved at 0.5.0
Creating working copy for https://github.com/apple/swift-argument-parser
Working copy of https://github.com/apple/swift-argument-parser resolved at 1.8.2
Creating working copy for https://github.com/apple/swift-asn1.git
Working copy of https://github.com/apple/swift-asn1.git resolved at 1.7.1
Creating working copy for https://github.com/apple/swift-crypto.git
Working copy of https://github.com/apple/swift-crypto.git resolved at 4.5.1
Creating working copy for https://github.com/apple/swift-atomics.git
Working copy of https://github.com/apple/swift-atomics.git resolved at 1.3.1
Creating working copy for https://github.com/apple/swift-collections.git
Working copy of https://github.com/apple/swift-collections.git resolved at 1.6.0
[1/1] Compiling plugin GenerateManual
[2/2] Compiling plugin GenerateDoccReference
Building for debugging...
[2/393] Write sources
[8/393] Compiling SimpleFIPS202.c
[9/393] Compiling CXKCPShims shims.c
[10/393] Compiling KeccakSponge.c
[11/393] Compiling sha512-armv8-apple.S
[12/393] Compiling sha512-armv8-linux.S
[13/393] Compiling KeccakHash.c
[14/393] Compiling fiat_p256_adx_sqr.S
[15/393] Compiling fiat_p256_adx_mul.S
[16/393] Compiling fiat_curve25519_adx_square.S
[17/393] Compiling fiat_curve25519_adx_mul.S
[18/393] Compiling md5-x86_64-linux.S
[19/393] Compiling md5-x86_64-apple.S
[20/393] Compiling md5-586-linux.S
[21/393] Compiling md5-586-apple.S
[22/393] Compiling chacha20_poly1305_x86_64-linux.S
[23/393] Compiling chacha20_poly1305_x86_64-apple.S
[24/393] Compiling chacha20_poly1305_armv8-win.S
[25/393] Compiling chacha20_poly1305_armv8-linux.S
[26/393] Compiling CCryptoBoringSSLShims shims.c
[27/393] Compiling chacha20_poly1305_armv8-apple.S
[28/393] Compiling chacha-x86_64-linux.S
[29/393] Compiling chacha-x86_64-apple.S
[30/393] Compiling chacha-x86-linux.S
[31/393] Compiling chacha-x86-apple.S
[32/393] Compiling chacha-armv8-win.S
[33/393] Compiling chacha-armv8-linux.S
[34/393] Compiling chacha-armv8-apple.S
[35/393] Compiling chacha-armv4-linux.S
[36/393] Compiling aes128gcmsiv-x86_64-linux.S
[37/393] Compiling aes128gcmsiv-x86_64-apple.S
[38/393] Compiling x86_64-mont5-linux.S
[39/393] Compiling x86_64-mont5-apple.S
[40/393] Compiling x86_64-mont-linux.S
[41/393] Compiling x86_64-mont-apple.S
[42/393] Compiling x86-mont-apple.S
[43/393] Compiling x86-mont-linux.S
[44/393] Compiling printf.cc
[45/393] Compiling vpaes-x86_64-linux.S
[46/393] Compiling vpaes-x86_64-apple.S
[47/393] Compiling vpaes-x86-apple.S
[48/393] Compiling vpaes-x86-linux.S
[49/393] Compiling vpaes-armv8-win.S
[50/393] Compiling vpaes-armv8-linux.S
[51/393] Compiling vpaes-armv7-linux.S
[52/393] Compiling vpaes-armv8-apple.S
[53/393] Compiling sha512-x86_64-linux.S
[54/393] Compiling sha512-armv8-win.S
[55/393] Compiling sha512-x86_64-apple.S
[56/393] Compiling sha512-armv4-linux.S
[57/393] Compiling sha512-586-linux.S
[58/393] Compiling sha512-586-apple.S
[59/393] Compiling sha256-x86_64-linux.S
[60/393] Compiling asn1_lib.cc
[61/393] Write swift-version-24593BA9C3E375BF.txt
[62/393] Compiling sha256-x86_64-apple.S
[63/393] Compiling sha256-armv8-win.S
[64/393] Compiling sha256-armv8-linux.S
[65/393] Compiling sha256-armv8-apple.S
[66/393] Compiling err_data.cc
[67/393] Compiling sha256-armv4-linux.S
[68/393] Compiling sha256-586-linux.S
[69/393] Compiling sha1-x86_64-linux.S
[70/393] Compiling sha1-x86_64-apple.S
[71/393] Compiling sha256-586-apple.S
[72/398] Compiling sha1-armv8-apple.S
[73/412] Compiling sha1-armv8-linux.S
[74/415] Compiling sha1-armv8-win.S
[75/415] Compiling sha1-armv4-large-linux.S
[76/415] Compiling sha1-586-linux.S
[77/415] Compiling rsaz-avx2-linux.S
[78/415] Compiling sha1-586-apple.S
[79/415] Compiling rsaz-avx2-apple.S
[80/415] Compiling p256_beeu-x86_64-asm-linux.S
[81/415] Compiling rdrand-x86_64-apple.S
[82/415] Compiling rdrand-x86_64-linux.S
[83/415] Compiling p256_beeu-x86_64-asm-apple.S
[84/415] Compiling p256_beeu-armv8-asm-win.S
[85/415] Compiling p256_beeu-armv8-asm-linux.S
[86/415] Compiling p256_beeu-armv8-asm-apple.S
[87/415] Compiling p256-x86_64-asm-linux.S
[88/415] Compiling p256-armv8-asm-win.S
[89/415] Compiling p256-x86_64-asm-apple.S
[90/415] Compiling p256-armv8-asm-linux.S
[91/415] Compiling ghashv8-armv8-win.S
[92/415] Compiling ghashv8-armv8-linux.S
[93/415] Compiling p256-armv8-asm-apple.S
[94/415] Compiling ghashv8-armv8-apple.S
[95/415] Compiling ghashv8-armv7-linux.S
[96/415] Compiling ghash-x86-apple.S
[97/415] Compiling ghash-x86_64-linux.S
[98/415] Compiling ghash-x86_64-apple.S
[99/415] Compiling ghash-x86-linux.S
[100/415] Compiling ghash-ssse3-x86_64-linux.S
[101/415] Compiling ghash-ssse3-x86_64-apple.S
[102/415] Compiling ghash-ssse3-x86-linux.S
[103/415] Compiling ghash-ssse3-x86-apple.S
[104/415] Compiling ghash-neon-armv8-win.S
[105/415] Compiling ghash-neon-armv8-linux.S
[106/415] Compiling ghash-neon-armv8-apple.S
[107/415] Compiling co-586-linux.S
[108/415] Compiling ghash-armv4-linux.S
[109/415] Compiling co-586-apple.S
[110/415] Compiling bsaes-armv7-linux.S
[111/415] Compiling bn-armv8-linux.S
[112/415] Compiling bn-armv8-win.S
[113/415] Compiling bn-armv8-apple.S
[114/415] Compiling bn-586-apple.S
[115/415] Compiling bn-586-linux.S
[116/415] Compiling armv8-mont-win.S
[117/415] Compiling armv4-mont-linux.S
[118/415] Compiling armv8-mont-linux.S
[118/415] Compiling armv8-mont-apple.S
[120/415] Compiling aesv8-gcm-armv8-linux.S
[121/415] Compiling aesv8-gcm-armv8-win.S
[122/415] Compiling aesv8-armv8-win.S
[123/415] Compiling aesv8-gcm-armv8-apple.S
[124/415] Compiling aesv8-armv8-linux.S
[125/415] Compiling aesni-x86_64-linux.S
[126/415] Compiling aesv8-armv8-apple.S
[127/415] Compiling aesv8-armv7-linux.S
[128/415] Compiling aesni-x86_64-apple.S
[129/415] Compiling aesni-x86-apple.S
[130/415] Compiling aesni-gcm-x86_64-apple.S
[130/415] Compiling aesni-gcm-x86_64-linux.S
[132/415] Compiling aesni-x86-linux.S
[133/415] Compiling aes-gcm-avx512-x86_64-linux.S
[134/415] Compiling aes-gcm-avx2-x86_64-linux.S
[135/415] Compiling aes-gcm-avx2-x86_64-apple.S
[136/415] Compiling aes-gcm-avx512-x86_64-apple.S
[137/415] Compiling x_x509.cc
[138/415] Compiling xwing.cc
[139/415] Compiling x_req.cc
[140/415] Compiling x_spki.cc
[141/415] Compiling x_x509a.cc
[142/415] Compiling x_sig.cc
[143/415] Compiling x_exten.cc
[144/415] Compiling x_name.cc
[145/415] Compiling x_crl.cc
[146/415] Compiling x_pubkey.cc
[147/415] Compiling x_attrib.cc
[148/415] Compiling x_all.cc
[149/415] Compiling x509spki.cc
[150/415] Compiling x_algor.cc
[151/415] Compiling x509rset.cc
[152/415] Compiling x509name.cc
[153/415] Compiling x509cset.cc
[154/415] Compiling x509_vpm.cc
[155/415] Compiling x509_vfy.cc
[156/415] Compiling x509_txt.cc
[157/415] Compiling x509_v3.cc
[158/415] Compiling x509_trs.cc
[159/415] Compiling x509_set.cc
[161/415] Compiling CIDR IPMulticast.swift
[162/415] Compiling CIDR IPNetwork.swift
[163/415] Compiling CIDR IPPrefix.swift
[164/418] Emitting module CIDR
[165/418] Compiling CIDR AnyIP.swift
[166/418] Compiling CIDR AutonomousSystemNumber.swift
[167/418] Compiling CIDR CIDR.swift
[168/418] Compiling CIDR AF+ASNParsing.swift
[169/418] Compiling CIDR AF+Formatting.swift
[170/418] Compiling CIDR AF+IPv4Parsing.swift
[171/418] Compiling CIDR CIDRUTF8Writer.swift
[172/418] Compiling CIDR FixedWidthInteger+NetworkMask.swift
[173/418] Compiling CIDR IPAddress.swift
[174/418] Compiling CIDR IPAddressCoverage.swift
[175/418] Compiling CIDR IPAddressRange.swift
[176/418] Compiling CIDR IPEndpoint.swift
[177/418] Compiling CIDR AF+IPv6Parsing.swift
[178/418] Compiling CIDR AF+MAC.swift
[179/418] Compiling CIDR AddressFamily.swift
[180/418] Compiling CIDR CIDRBlock.swift
[181/418] Compiling CIDR CIDRTextStyle.swift
[182/418] Compiling CIDR CIDRUTF8Formatting.swift
[182/418] Compiling x509_req.cc
[184/418] Compiling CIDR IPv6ZeroSequenceFinder.swift
[185/418] Compiling CIDR NetworkPrefixRange.swift
[186/418] Compiling CIDR PrefixLength.swift
[187/419] Compiling x509_def.cc
[188/419] Compiling x509_lu.cc
[189/419] Compiling x509_ext.cc
[190/419] Wrapping AST for CIDR for debugging
[191/421] Compiling x509_obj.cc
[192/421] Compiling x509_d2.cc
[194/421] Compiling CIDRMergeCore CIDRMergeCoverage.swift
[195/421] Emitting module CIDRMergeCore
[196/422] Wrapping AST for CIDRMergeCore for debugging
[197/422] Compiling KeccakP-1600-opt64.c
[198/422] Compiling x509_cmp.cc
[199/422] Compiling x509.cc
[200/422] Compiling x509_att.cc
[201/422] Compiling v3_skey.cc
[202/422] Compiling v3_purp.cc
[203/422] Compiling v3_utl.cc
[204/422] Compiling v3_prn.cc
[205/422] Compiling v3_pmaps.cc
[206/422] Compiling v3_pcons.cc
[207/422] Compiling v3_ocsp.cc
[208/422] Compiling v3_ncons.cc
[209/422] Compiling v3_lib.cc
[210/422] Compiling v3_int.cc
[211/422] Compiling v3_info.cc
[212/422] Compiling v3_ia5.cc
[213/422] Compiling v3_genn.cc
[214/422] Compiling v3_extku.cc
[215/422] Compiling v3_enum.cc
[216/422] Compiling v3_crld.cc
[217/422] Compiling v3_cpols.cc
[218/422] Compiling v3_conf.cc
[219/422] Compiling v3_bitst.cc
[220/422] Compiling v3_bcons.cc
[221/422] Compiling v3_alt.cc
[222/422] Compiling v3_akeya.cc
[223/422] Compiling v3_akey.cc
[224/422] Compiling t_x509a.cc
[225/422] Compiling t_x509.cc
[226/422] Compiling t_req.cc
[227/422] Compiling t_crl.cc
[228/422] Compiling rsa_pss.cc
[229/422] Compiling i2d_pr.cc
[230/422] Compiling policy.cc
[231/422] Compiling name_print.cc
[232/422] Compiling by_file.cc
[233/422] Compiling by_dir.cc
[234/422] Compiling asn1_gen.cc
[235/422] Compiling algorithm.cc
[236/422] Compiling a_verify.cc
[237/422] Compiling voprf.cc
[238/422] Compiling a_digest.cc
[239/422] Compiling a_sign.cc
[240/422] Compiling thread_win.cc
[241/422] Compiling thread_pthread.cc
[242/422] Compiling trust_token.cc
[243/422] Compiling thread_none.cc
[244/422] Compiling pmbtoken.cc
[245/422] Compiling thread.cc
[246/422] Compiling stack.cc
[247/422] Compiling siphash.cc
[248/422] Compiling sha512.cc
[249/422] Compiling slhdsa.cc
[250/422] Compiling spake2plus.cc
[251/422] Compiling sha256.cc
[252/422] Compiling sha1.cc
[253/422] Compiling rsa_print.cc
[254/422] Compiling rsa_extra.cc
[255/422] Compiling rsa_crypt.cc
[256/422] Compiling refcount.cc
[256/422] Compiling rc4.cc
[258/422] Compiling windows.cc
[259/422] Compiling urandom.cc
[260/422] Compiling trusty.cc
[261/422] Compiling rand.cc
[262/422] Compiling rsa_asn1.cc
[263/422] Compiling passive.cc
[264/422] Compiling poly1305_arm_asm.S
[265/422] Compiling ios.cc
[266/422] Compiling getentropy.cc
[267/422] Compiling forkunsafe.cc
[268/422] Compiling fork_detect.cc
[269/422] Compiling deterministic.cc
[270/422] Compiling poly1305_vec.cc
[271/422] Compiling pool.cc
[272/422] Compiling poly1305_arm.cc
[273/422] Compiling poly1305.cc
[274/422] Compiling pkcs8_x509.cc
[275/422] Compiling pkcs8.cc
[276/422] Compiling p5_pbev2.cc
[277/422] Compiling pkcs7_x509.cc
[278/422] Compiling pkcs7.cc
[279/422] Compiling pem_xaux.cc
[280/422] Compiling pem_x509.cc
[281/422] Compiling pem_pkey.cc
[282/422] Compiling mlkem.cc
[282/422] Compiling pem_oth.cc
[284/422] Compiling pem_pk8.cc
[285/422] Compiling pem_lib.cc
[286/422] Compiling pem_info.cc
[287/422] Compiling obj_xref.cc
[288/422] Compiling pem_all.cc
[289/422] Compiling obj.cc
[290/422] Compiling poly_rq_mul.S
[291/422] Compiling mldsa.cc
[292/422] Compiling mem.cc
[293/422] Compiling fips_shared_support.cc
[294/422] Compiling lhash.cc
[295/422] Compiling md5.cc
[296/422] Compiling hrss.cc
[297/422] Compiling md4.cc
[298/422] Compiling kyber.cc
[299/422] Compiling fuzzer_mode.cc
[300/422] Compiling ex_data.cc
[300/422] Compiling hpke.cc
[302/422] Compiling scrypt.cc
[303/422] Compiling print.cc
[304/422] Compiling sign.cc
[305/422] Compiling pbkdf.cc
[306/422] Compiling p_x25519_asn1.cc
[307/422] Compiling p_x25519.cc
[308/422] Compiling p_rsa_asn1.cc
[309/422] Compiling p_hkdf.cc
[310/422] Compiling p_rsa.cc
[311/422] Compiling p_ed25519_asn1.cc
[312/422] Compiling p_ed25519.cc
[313/422] Compiling p_ec_asn1.cc
[314/422] Compiling p_ec.cc
[315/422] Compiling p_dsa_asn1.cc
[316/422] Compiling p_dh_asn1.cc
[317/422] Compiling p_dh.cc
[318/422] Compiling evp_ctx.cc
[319/422] Compiling evp_asn1.cc
[320/422] Compiling err.cc
[321/422] Compiling engine.cc
[322/422] Compiling evp.cc
[323/422] Compiling ecdsa_p1363.cc
[324/422] Compiling ecdh.cc
[325/422] Compiling ecdsa_asn1.cc
[326/422] Compiling ec_derive.cc
[327/422] Compiling hash_to_curve.cc
[328/422] Compiling dsa.cc
[329/422] Compiling dsa_asn1.cc
[330/422] Compiling ec_asn1.cc
[331/422] Compiling bcm.cc
[332/422] Compiling x25519-asm-arm.S
[333/422] Compiling digest_extra.cc
[334/422] Compiling params.cc
[335/422] Compiling dh_asn1.cc
[336/422] Compiling des.cc
[337/422] Compiling curve25519_64_adx.cc
[338/422] Compiling crypto.cc
[339/422] Compiling cpu_intel.cc
[340/422] Compiling spake25519.cc
[341/422] Compiling curve25519.cc
[342/422] Compiling cpu_arm_linux.cc
[343/422] Compiling cpu_aarch64_win.cc
[344/422] Compiling cpu_arm_freebsd.cc
[345/422] Compiling cpu_aarch64_sysreg.cc
[346/422] Compiling cpu_aarch64_openbsd.cc
[347/422] Compiling cpu_aarch64_linux.cc
[348/422] Compiling cpu_aarch64_fuchsia.cc
[349/422] Compiling cpu_aarch64_apple.cc
[350/422] Compiling conf.cc
[351/422] Compiling tls_cbc.cc
[352/422] Compiling get_cipher.cc
[353/422] Compiling e_rc4.cc
[353/422] Compiling e_tls.cc
[355/422] Compiling e_rc2.cc
[356/422] Compiling cms.cc
[357/422] Compiling e_null.cc
[358/422] Compiling e_des.cc
[359/422] Compiling e_chacha20poly1305.cc
[360/422] Compiling e_aesgcmsiv.cc
[361/422] Compiling derive_key.cc
[362/422] Compiling e_aesctrhmac.cc
[363/422] Compiling e_aeseax.cc
[364/422] Compiling chacha.cc
[365/422] Compiling unicode.cc
[366/422] Compiling cbb.cc
[367/422] Compiling buf.cc
[368/422] Compiling sqrt.cc
[368/422] Compiling ber.cc
[370/422] Compiling cbs.cc
[371/422] Compiling exponentiation.cc
[372/422] Compiling asn1_compat.cc
[373/422] Compiling div.cc
[374/422] Compiling blake2.cc
[375/422] Compiling pair.cc
[376/422] Compiling hexdump.cc
[377/422] Compiling file.cc
[378/422] Compiling bn_asn1.cc
[379/422] Compiling fd.cc
[380/422] Compiling convert.cc
[381/422] Compiling errno.cc
[382/422] Compiling bio_mem.cc
[383/422] Compiling base64.cc
[384/422] Compiling bio.cc
[385/422] Compiling tasn_typ.cc
[386/422] Compiling tasn_fre.cc
[387/422] Compiling tasn_utl.cc
[388/422] Compiling tasn_new.cc
[389/422] Compiling tasn_enc.cc
[390/422] Compiling posix_time.cc
[391/422] Compiling f_string.cc
[392/422] Compiling f_int.cc
[393/422] Compiling asn_pack.cc
[394/422] Compiling tasn_dec.cc
[395/422] Compiling asn1_par.cc
[396/422] Compiling a_utctm.cc
[397/422] Compiling a_type.cc
[398/422] Compiling a_octet.cc
[399/422] Compiling a_time.cc
[400/422] Compiling a_strnid.cc
[401/422] Compiling a_strex.cc
[402/422] Compiling a_object.cc
[403/422] Compiling a_mbstr.cc
[404/422] Compiling a_i2d_fp.cc
[404/422] Write sources
[407/424] Compiling a_dup.cc
[408/424] Compiling a_d2i_fp.cc
[409/424] Compiling a_int.cc
[411/424] Emitting module ArgumentParserToolInfo
[411/424] Compiling a_gentm.cc
[412/424] Compiling aes.cc
[413/424] Compiling a_bool.cc
[414/424] Compiling a_bitstr.cc
[416/432] Compiling ArgumentParserToolInfo ToolInfo.swift
[417/433] Wrapping AST for ArgumentParserToolInfo for debugging
[419/480] Emitting module CryptoBoringWrapper
[420/480] Compiling CryptoBoringWrapper RandomBytes.swift
[421/480] Compiling ArgumentParser ParentCommand.swift
[422/480] Compiling ArgumentParser AsyncParsableCommand.swift
[423/480] Compiling ArgumentParser CommandConfiguration.swift
[424/480] Compiling ArgumentParser CommandGroup.swift
[425/480] Compiling ArgumentParser EnumerableFlag.swift
[426/480] Compiling ArgumentParser ExpressibleByArgument.swift
[427/480] Compiling ArgumentParser ParsableArguments.swift
[428/486] Compiling ArgumentParser Mutex.swift
[429/486] Compiling ArgumentParser Platform.swift
[430/486] Compiling ArgumentParser SequenceExtensions.swift
[431/486] Compiling ArgumentParser StringExtensions.swift
[432/486] Compiling ArgumentParser SwiftExtensions.swift
[433/486] Compiling ArgumentParser Tree.swift
[434/486] Compiling CryptoBoringWrapper FiniteFieldArithmeticContext.swift
[435/486] Compiling CryptoBoringWrapper EllipticCurve.swift
[436/486] Compiling CryptoBoringWrapper EllipticCurvePoint.swift
[437/486] Compiling CryptoBoringWrapper CryptoKitErrors_boring.swift
[438/486] Compiling CryptoBoringWrapper ArbitraryPrecisionInteger.swift
[439/486] Compiling CryptoBoringWrapper BoringSSLAEAD.swift
[440/487] Wrapping AST for CryptoBoringWrapper for debugging
[442/571] Compiling Crypto Digest_xkcp.swift
[443/571] Compiling Crypto HPKE-AEAD.swift
[444/571] Compiling Crypto HPKE-Ciphersuite.swift
[445/571] Compiling Crypto HPKE-KDF.swift
[446/571] Compiling Crypto HPKE-KexKeyDerivation.swift
[447/571] Compiling Crypto HPKE-LabeledExtract.swift
[448/571] Compiling Crypto HPKE-Utils.swift
[449/571] Compiling Crypto SubjectPublicKeyInfo.swift
[450/571] Compiling Crypto CryptoError_boring.swift
[451/571] Compiling Crypto AES-GCM.swift
[452/571] Compiling Crypto AES-GCM_boring.swift
[453/571] Compiling Crypto ChaChaPoly_boring.swift
[454/571] Compiling Crypto ChaChaPoly.swift
[455/571] Compiling Crypto CryptoKitErrors.swift
[456/571] Compiling Crypto Digest_boring.swift
[457/571] Compiling Crypto Digest.swift
[458/571] Compiling Crypto Digests.swift
[459/571] Compiling Crypto HashFunctions.swift
[460/571] Compiling Crypto HashFunctions_SHA2.swift
[461/571] Compiling Crypto HashFunctions_SHA3.swift
[462/571] Emitting module ArgumentParser
[463/571] Compiling Crypto X25519Keys.swift
[464/571] Compiling Crypto SymmetricKeys.swift
[465/571] Compiling Crypto HMAC.swift
[466/571] Compiling Crypto ASN1Null.swift
[467/571] Compiling Crypto ASN1OctetString.swift
[468/571] Compiling Crypto ASN1Strings.swift
[469/571] Compiling Crypto ArraySliceBigint.swift
[470/571] Compiling Crypto GeneralizedTime.swift
[471/571] Compiling Crypto ObjectIdentifier.swift
[472/571] Compiling Crypto ECDSASignature.swift
[473/571] Compiling Crypto PEMDocument.swift
[474/571] Compiling Crypto PKCS8PrivateKey.swift
[475/571] Compiling Crypto SEC1PrivateKey.swift
[476/571] Compiling Crypto Ed25519_boring.swift
[477/571] Compiling Crypto NISTCurvesKeys_boring.swift
[478/571] Compiling Crypto X25519Keys_boring.swift
[479/571] Compiling Crypto Curve25519.swift
[480/571] Compiling Crypto Ed25519Keys.swift
[481/571] Compiling Crypto NISTCurvesKeys.swift
[482/572] Wrapping AST for ArgumentParser for debugging
[496/583] Compiling Crypto HKDF.swift
[497/583] Compiling Crypto AESWrap.swift
[498/583] Compiling Crypto AESWrap_boring.swift
[512/583] Compiling Crypto Cipher.swift
[513/583] Compiling Crypto Nonces.swift
[514/583] Compiling Crypto ASN1.swift
[515/583] Compiling Crypto ASN1Any.swift
[516/583] Compiling Crypto ASN1BitString.swift
[517/583] Compiling Crypto ASN1Boolean.swift
[518/583] Compiling Crypto ASN1Identifier.swift
[519/583] Compiling Crypto ASN1Integer.swift
[532/583] Compiling Crypto MACFunctions.swift
[533/583] Compiling Crypto MessageAuthenticationCode.swift
[534/583] Compiling Crypto AES.swift
[535/583] Compiling Crypto ECDSASignature_boring.swift
[536/583] Compiling Crypto ECDSA_boring.swift
[537/583] Compiling Crypto EdDSA_boring.swift
[538/583] Compiling Crypto MLDSA_boring.swift
[539/583] Compiling Crypto MLDSA_wrapper.swift
[540/583] Compiling Crypto ECDSA.swift
[541/583] Compiling Crypto Ed25519.swift
[542/583] Compiling Crypto MLDSA.swift
[545/583] Compiling Crypto DHKEM.swift
[546/583] Compiling Crypto HPKE-KEM-Curve25519.swift
[547/583] Compiling Crypto HPKE-NIST-EC-KEMs.swift
[548/583] Compiling Crypto HPKE-KEM.swift
[549/583] Compiling Crypto HPKE-Errors.swift
[550/583] Compiling Crypto HPKE.swift
[551/583] Compiling Crypto HPKE-Context.swift
[552/583] Compiling Crypto HPKE-KeySchedule.swift
[553/583] Compiling Crypto HPKE-Modes.swift
[554/583] Compiling Crypto Insecure.swift
[555/583] Emitting module Crypto
[556/583] Compiling Crypto Insecure_HashFunctions.swift
[557/583] Compiling Crypto MLKEM_boring.swift
[558/583] Compiling Crypto MLKEM_wrapper.swift
[559/583] Compiling Crypto XWing_boring.swift
[560/583] Compiling Crypto KEM-Errors.swift
[561/583] Compiling Crypto KEM.swift
[562/583] Compiling Crypto MLKEM.swift
[563/583] Compiling Crypto XWing.swift
[564/583] Compiling Crypto ECDH_boring.swift
[565/583] Compiling Crypto DH.swift
[566/583] Compiling Crypto ECDH.swift
[567/583] Compiling Crypto ANSIx963.swift
[568/583] Compiling Crypto Signature.swift
[569/583] Compiling Crypto CryptoKitErrors_boring.swift
[570/583] Compiling Crypto Optional+withUnsafeBytes_boring.swift
[571/583] Compiling Crypto RNG_boring.swift
[572/583] Compiling Crypto SafeCompare_boring.swift
[573/583] Compiling Crypto Zeroization_boring.swift
[574/583] Compiling Crypto _CryptoModuleAnchor.swift
[575/583] Compiling Crypto PrettyBytes.swift
[576/583] Compiling Crypto SafeCompare.swift
[577/583] Compiling Crypto SecureBytes.swift
[578/583] Compiling Crypto Zeroization.swift
[579/584] Wrapping AST for Crypto for debugging
[581/592] Compiling CIDRMergeCLI DetachedSHA256Checksum.swift
/host/spi-builder-workspace/Sources/CIDRMergeCLI/DetachedSHA256Checksum.swift:64:70: error: 'atomic' is unavailable: atomic writing is unavailable in WASI because temporary files are not supported
 62 |         atomicFileWriter: { data, path in
 63 |             // Foundation stages the replacement before atomically moving it into place.
 64 |             try data.write(to: URL(fileURLWithPath: path), options: .atomic)
    |                                                                      `- error: 'atomic' is unavailable: atomic writing is unavailable in WASI because temporary files are not supported
 65 |         },
 66 |         standardOutputWriter: { data in
FoundationEssentials.Data.WritingOptions.atomic:4:23: note: 'atomic' has been explicitly marked unavailable here
2 |   struct WritingOptions {
3 | @available(*, unavailable, message: "atomic writing is unavailable in WASI because temporary files are not supported")
4 |     public static let atomic: Data.WritingOptions  }
  |                       `- note: 'atomic' has been explicitly marked unavailable here
5 | }
6 |
error: emit-module command failed with exit code 1 (use -v to see invocation)
[582/592] Emitting module CIDRMergeCLI
/host/spi-builder-workspace/Sources/CIDRMergeCLI/DetachedSHA256Checksum.swift:64:70: error: 'atomic' is unavailable: atomic writing is unavailable in WASI because temporary files are not supported
 62 |         atomicFileWriter: { data, path in
 63 |             // Foundation stages the replacement before atomically moving it into place.
 64 |             try data.write(to: URL(fileURLWithPath: path), options: .atomic)
    |                                                                      `- error: 'atomic' is unavailable: atomic writing is unavailable in WASI because temporary files are not supported
 65 |         },
 66 |         standardOutputWriter: { data in
FoundationEssentials.Data.WritingOptions.atomic:4:23: note: 'atomic' has been explicitly marked unavailable here
2 |   struct WritingOptions {
3 | @available(*, unavailable, message: "atomic writing is unavailable in WASI because temporary files are not supported")
4 |     public static let atomic: Data.WritingOptions  }
  |                       `- note: 'atomic' has been explicitly marked unavailable here
5 | }
6 |
[583/592] Compiling CIDRMergeCLI CIDRMergeCommand.swift
/host/spi-builder-workspace/Sources/CIDRMergeCLI/DetachedSHA256Checksum.swift:64:70: error: 'atomic' is unavailable: atomic writing is unavailable in WASI because temporary files are not supported
 62 |         atomicFileWriter: { data, path in
 63 |             // Foundation stages the replacement before atomically moving it into place.
 64 |             try data.write(to: URL(fileURLWithPath: path), options: .atomic)
    |                                                                      `- error: 'atomic' is unavailable: atomic writing is unavailable in WASI because temporary files are not supported
 65 |         },
 66 |         standardOutputWriter: { data in
FoundationEssentials.Data.WritingOptions.atomic:4:23: note: 'atomic' has been explicitly marked unavailable here
2 |   struct WritingOptions {
3 | @available(*, unavailable, message: "atomic writing is unavailable in WASI because temporary files are not supported")
4 |     public static let atomic: Data.WritingOptions  }
  |                       `- note: 'atomic' has been explicitly marked unavailable here
5 | }
6 |
[584/592] Compiling CIDRMergeCLI CIDRMergeApplication.swift
/host/spi-builder-workspace/Sources/CIDRMergeCLI/DetachedSHA256Checksum.swift:64:70: error: 'atomic' is unavailable: atomic writing is unavailable in WASI because temporary files are not supported
 62 |         atomicFileWriter: { data, path in
 63 |             // Foundation stages the replacement before atomically moving it into place.
 64 |             try data.write(to: URL(fileURLWithPath: path), options: .atomic)
    |                                                                      `- error: 'atomic' is unavailable: atomic writing is unavailable in WASI because temporary files are not supported
 65 |         },
 66 |         standardOutputWriter: { data in
FoundationEssentials.Data.WritingOptions.atomic:4:23: note: 'atomic' has been explicitly marked unavailable here
2 |   struct WritingOptions {
3 | @available(*, unavailable, message: "atomic writing is unavailable in WASI because temporary files are not supported")
4 |     public static let atomic: Data.WritingOptions  }
  |                       `- note: 'atomic' has been explicitly marked unavailable here
5 | }
6 |
[585/592] Compiling CIDRMergeCLI MergeModels.swift
[586/592] Compiling CIDRMergeCLI TextInput.swift
[587/592] Compiling CIDRMergeCLI OutputRenderer.swift
[588/592] Compiling CIDRMergeCLI SearchbotInput.swift
BUILD FAILURE 6.2 wasm