Build Information
Failed to build SlideToConfirm, reference main (298699), with Swift 6.2 for Wasm on 14 Aug 2026 21:50:47 UTC.
Build Command
bash -c docker run --pull=always --rm -v "checkouts-54344847-1":/host -w "$PWD" -e JAVA_HOME="/root/.sdkman/candidates/java/current" -e SPI_BUILD="1" -e SPI_PROCESSING="1" registry.gitlab.com/saguaro1/spi-images:wasm-6.2-latest swift build --swift-sdk swift-6.2-RELEASE_wasm 2>&1Build Log
========================================
RunAll
========================================
Builder version: 5.0.1
Interrupt handler set up.
========================================
Checkout
========================================
Clone URL: https://github.com/o-danylenko/Slide-To-Button.git
Reference: main
Initialized empty Git repository in /host/spi-builder-workspace/.git/
hint: Using 'master' as the name for the initial branch. This default branch name
hint: is subject to change. To configure the initial branch name to use in all
hint: of your new repositories, which will suppress this warning, call:
hint:
hint: git config --global init.defaultBranch <name>
hint:
hint: Names commonly chosen instead of 'master' are 'main', 'trunk' and
hint: 'development'. The just-created branch can be renamed via this command:
hint:
hint: git branch -m <name>
From https://github.com/o-danylenko/Slide-To-Button
* branch main -> FETCH_HEAD
* [new branch] main -> origin/main
HEAD is now at 298699c Rewrite the README for a reader, not a reviewer
Cloned https://github.com/o-danylenko/Slide-To-Button.git
Revision (git rev-parse @):
298699c90ebf3f6ee88641665f96ad7ce775adce
SPI manifest file found: $PWD/.spi.yml
SUCCESS checkout https://github.com/o-danylenko/Slide-To-Button.git at main
========================================
Build
========================================
Selected platform: wasm
Swift version: 6.2
Building package at path: $PWD
https://github.com/o-danylenko/Slide-To-Button.git
Running build ...
bash -c docker run --pull=always --rm -v "checkouts-54344847-1":/host -w "$PWD" -e JAVA_HOME="/root/.sdkman/candidates/java/current" -e SPI_BUILD="1" -e SPI_PROCESSING="1" registry.gitlab.com/saguaro1/spi-images:wasm-6.2-latest swift build --swift-sdk swift-6.2-RELEASE_wasm 2>&1
wasm-6.2-latest: Pulling from saguaro1/spi-images
Digest: sha256:70428a4f4110aef5b17a27427e965f31cf3855e8cf1dfdc416ed61c780337965
Status: Image is up to date for registry.gitlab.com/saguaro1/spi-images:wasm-6.2-latest
Building for debugging...
[0/3] Write sources
[1/3] Copying SlideWake.metal
[2/3] Write swift-version-24593BA9C3E375BF.txt
[4/12] Compiling SlideToConfirm SlideWake.swift
/host/spi-builder-workspace/Sources/SlideToConfirm/SlideFill.swift:1:8: error: no such module 'SwiftUI'
1 | import SwiftUI
| `- error: no such module 'SwiftUI'
2 |
3 | /// The progress fill: a capsule behind the handle, widened by however far it has travelled.
[5/13] Compiling SlideToConfirm SlideKnob.swift
/host/spi-builder-workspace/Sources/SlideToConfirm/SlideFill.swift:1:8: error: no such module 'SwiftUI'
1 | import SwiftUI
| `- error: no such module 'SwiftUI'
2 |
3 | /// The progress fill: a capsule behind the handle, widened by however far it has travelled.
[6/13] Compiling SlideToConfirm SlideToConfirm.swift
/host/spi-builder-workspace/Sources/SlideToConfirm/SlideFill.swift:1:8: error: no such module 'SwiftUI'
1 | import SwiftUI
| `- error: no such module 'SwiftUI'
2 |
3 | /// The progress fill: a capsule behind the handle, widened by however far it has travelled.
[7/13] Compiling SlideToConfirm SlideState.swift
/host/spi-builder-workspace/Sources/SlideToConfirm/SlideFill.swift:1:8: error: no such module 'SwiftUI'
1 | import SwiftUI
| `- error: no such module 'SwiftUI'
2 |
3 | /// The progress fill: a capsule behind the handle, widened by however far it has travelled.
[8/13] Compiling SlideToConfirm SlideStyle.swift
/host/spi-builder-workspace/Sources/SlideToConfirm/SlideFill.swift:1:8: error: no such module 'SwiftUI'
1 | import SwiftUI
| `- error: no such module 'SwiftUI'
2 |
3 | /// The progress fill: a capsule behind the handle, widened by however far it has travelled.
[9/13] Compiling SlideToConfirm SlideFill.swift
/host/spi-builder-workspace/Sources/SlideToConfirm/SlideFill.swift:1:8: error: no such module 'SwiftUI'
1 | import SwiftUI
| `- error: no such module 'SwiftUI'
2 |
3 | /// The progress fill: a capsule behind the handle, widened by however far it has travelled.
[10/13] Compiling SlideToConfirm SlideGeometry.swift
/host/spi-builder-workspace/Sources/SlideToConfirm/SlideFill.swift:1:8: error: no such module 'SwiftUI'
1 | import SwiftUI
| `- error: no such module 'SwiftUI'
2 |
3 | /// The progress fill: a capsule behind the handle, widened by however far it has travelled.
[11/13] Compiling SlideToConfirm SlideTrack.swift
/host/spi-builder-workspace/Sources/SlideToConfirm/SlideFill.swift:1:8: error: no such module 'SwiftUI'
1 | import SwiftUI
| `- error: no such module 'SwiftUI'
2 |
3 | /// The progress fill: a capsule behind the handle, widened by however far it has travelled.
error: emit-module command failed with exit code 1 (use -v to see invocation)
[12/13] Emitting module SlideToConfirm
/host/spi-builder-workspace/Sources/SlideToConfirm/SlideFill.swift:1:8: error: no such module 'SwiftUI'
1 | import SwiftUI
| `- error: no such module 'SwiftUI'
2 |
3 | /// The progress fill: a capsule behind the handle, widened by however far it has travelled.
[13/13] Compiling SlideToConfirm resource_bundle_accessor.swift
/host/spi-builder-workspace/Sources/SlideToConfirm/SlideFill.swift:1:8: error: no such module 'SwiftUI'
1 | import SwiftUI
| `- error: no such module 'SwiftUI'
2 |
3 | /// The progress fill: a capsule behind the handle, widened by however far it has travelled.
BUILD FAILURE 6.2 wasm