Build Information
Failed to build InstanaAgent, reference 1.10.3 (c22624), with Swift 6.4 for watchOS using Xcode 27.0 on 14 Oct 2026 12:14:53 UTC.
Build Command
env DEVELOPER_DIR=/Applications/Xcode-27.0.0.app xcrun xcodebuild -IDEClonedSourcePackagesDirPathOverride=$PWD/.dependencies -skipMacroValidation -skipPackagePluginValidation -derivedDataPath $PWD/.derivedData build -scheme InstanaAgent -destination generic/platform=watchOSBuild Log
"Mocks/MockRedactionHandler.swift",
"Mocks/MockReporter.swift",
"Monitors/HTTP/HTTPMarkerTests.swift",
"Monitors/HTTP/HTTPMonitorFilterTests.swift",
"Monitors/HTTP/HTTPMonitorTests.swift",
"Monitors/HTTP/IgnoreURLHandlerTests.swift",
"Monitors/HTTP/InstanaURLProtocolTests.swift",
"Monitors/HTTP/RedactionHandlerTests.swift",
"Monitors/Metric/DiagnosticPayloadTests.swift",
"Monitors/Metric/ImageTrackerTests.swift",
"Monitors/Metric/MetricMonitorTests.swift",
"Monitors/Performance/AppLaunchMonitorTests.swift",
"Monitors/Performance/ApplicationNotRespondingMonitorTests.swift",
"Monitors/Performance/FramerateDropMonitorTests.swift",
"Monitors/Performance/LowMemoryMonitorTests.swift",
"PerformanceTests/BeaconPerformanceTests.swift",
"Test helpers/CoreBeacon+FromString.swift",
"Test helpers/Equatable.swift",
"Test helpers/InstanaTestCase.swift",
"Test helpers/MethodExchanger.swift",
"Test helpers/MirrorExtensions.swift",
"Test helpers/Webserver.swift",
"Test helpers/XCTestCaseExtensions.swift",
"Utils_Tests/Extensions/ArraySlicesTests.swift",
"Utils_Tests/Extensions/Date+MSTests.swift",
"Utils_Tests/Extensions/MirrorNilTests.swift",
"Utils_Tests/Extensions/ProcessInfo+ExtrasTests.swift",
"Utils_Tests/Extensions/StringExtensionTests.swift",
"Utils_Tests/Extensions/UITests.swift",
"Utils_Tests/Extensions/URLResponseHeaderFieldsTests.swift",
"Utils_Tests/InstanaApplicationStateHandlerTests.swift",
"Utils_Tests/InstanaBatteryUtilsTests.swift",
"Utils_Tests/InstanaPersistableQueueInflightTests.swift",
"Utils_Tests/InstanaPersistableQueueTests.swift",
"Utils_Tests/Logger/InstanaLoggerTests.swift",
"Utils_Tests/NetworkUtilityTests.swift",
"Utils_Tests/PropertyWrapper/AtomicTests.swift"
],
"target_dependencies" : [
"InstanaAgent",
"ImageTracker"
],
"type" : "test"
},
{
"c99name" : "InstanaAgent",
"module_type" : "SwiftTarget",
"name" : "InstanaAgent",
"path" : "Sources/InstanaAgent",
"product_dependencies" : [
"Gzip"
],
"product_memberships" : [
"InstanaAgent"
],
"resources" : [
{
"path" : "/Users/admin/builder/spi-builder-workspace/Sources/InstanaAgent/Resources/PrivacyInfo.xcprivacy",
"rule" : {
"copy" : {
}
}
}
],
"sources" : [
"Beacons/BeaconFlusher.swift",
"Beacons/Beacons Types/Beacon.swift",
"Beacons/Beacons Types/CustomBeacon.swift",
"Beacons/Beacons Types/DiagnosticBeacon.swift",
"Beacons/Beacons Types/DroppedBeacons.swift",
"Beacons/Beacons Types/HTTPBeacon.swift",
"Beacons/Beacons Types/PerformanceBeacons/PerfAppLaunchBeacon.swift",
"Beacons/Beacons Types/PerformanceBeacons/PerfAppNotResponding.swift",
"Beacons/Beacons Types/PerformanceBeacons/PerfLowMemoryBeacon.swift",
"Beacons/Beacons Types/PerformanceBeacons/PerformanceBeacon.swift",
"Beacons/Beacons Types/SessionProfileBeacon.swift",
"Beacons/Beacons Types/ViewChange.swift",
"Beacons/CoreBeacon/CoreBeacon+Extensions.swift",
"Beacons/CoreBeacon/CoreBeacon.swift",
"Beacons/CoreBeacon/CoreBeaconFactory.swift",
"Beacons/DropBeacon/CustomEventDropBeacon.swift",
"Beacons/DropBeacon/DropBeacon.swift",
"Beacons/DropBeacon/DropBeaconHandler.swift",
"Beacons/DropBeacon/HTTPDropBeacon.swift",
"Beacons/DropBeacon/ViewDropBeacon.swift",
"Beacons/Reporter.swift",
"Beacons/ReporterRateLimiter.swift",
"Configuration/DefaultIgnoredURLs.swift",
"Configuration/Defines.swift",
"Configuration/InstanaConfiguraton.swift",
"Configuration/InstanaProperties.swift",
"Configuration/InstanaSession.swift",
"Configuration/PreviousSession.swift",
"Configuration/VersionConfig.swift",
"Error/HTTPError.swift",
"Error/InstanaError.swift",
"Instana.swift",
"InstanaSetupOptions.swift",
"Monitors/HTTP/HTTPMarker.swift",
"Monitors/HTTP/HTTPMonitor.swift",
"Monitors/HTTP/HTTPMonitorFilter.swift",
"Monitors/HTTP/IgnoreURLHandler.swift",
"Monitors/HTTP/InstanaURLProtocol.swift",
"Monitors/HTTP/RedactionHandler.swift",
"Monitors/Metric/CallStackTree.swift",
"Monitors/Metric/DiagnosticPayload.swift",
"Monitors/Metric/DiagnosticThread.swift",
"Monitors/Metric/Frame.swift",
"Monitors/Metric/MetricMonitor.swift",
"Monitors/Metric/Symbolication/BinaryImage.swift",
"Monitors/Metric/Symbolication/DiagnosticSymbolicator.swift",
"Monitors/Metric/Symbolication/DynamicLibraryInfo.swift",
"Monitors/Metric/Symbolication/StackTrace.swift",
"Monitors/Metric/Symbolication/SymbolInfo.swift",
"Monitors/Metric/Symbolication/SymbolicationFrame.swift",
"Monitors/Metric/Symbolication/SymbolicationOperation.swift",
"Monitors/Monitors.swift",
"Monitors/Performance/AppLaunchMonitor.swift",
"Monitors/Performance/ApplicationNotRespondingMonitor.swift",
"Monitors/Performance/FramerateDropMonitor.swift",
"Monitors/Performance/LowMemoryMonitor.swift",
"Utils/Extensions/Array+Slices.swift",
"Utils/Extensions/Assert+Debug.swift",
"Utils/Extensions/Date+MS.swift",
"Utils/Extensions/Dictonary+JSON.swift",
"Utils/Extensions/Double+Misc.swift",
"Utils/Extensions/Mirror+Nil+Check.swift",
"Utils/Extensions/ProcessInfo+Extras.swift",
"Utils/Extensions/Result.swift",
"Utils/Extensions/Set+CoreBeacon.swift",
"Utils/Extensions/String+Extras.swift",
"Utils/Extensions/Typealiases.swift",
"Utils/Extensions/UI.swift",
"Utils/Extensions/URLResponse+URLRequest+Helper.swift",
"Utils/InstanaApplicationStateHandler.swift",
"Utils/InstanaBatteryUtils.swift",
"Utils/InstanaPersistableQueue.swift",
"Utils/InstanaSystemUtils.swift",
"Utils/Logger/InstanaLogger.swift",
"Utils/Networking/NetworkUtility.swift",
"Utils/PropertyWrapper/Atomic.swift"
],
"target_dependencies" : [
"ImageTracker"
],
"type" : "library"
},
{
"c99name" : "ImageTracker",
"module_type" : "ClangTarget",
"name" : "ImageTracker",
"path" : "Sources/ImageTracker",
"product_memberships" : [
"InstanaAgent"
],
"sources" : [
"ImageDetail.m"
],
"type" : "library"
}
],
"tools_version" : "5.4"
}
{
"workspace" : {
"name" : "InstanaAgent",
"schemes" : [
"InstanaAgent",
"InstanaAgentTests"
]
}
}
2026-10-14 08:14:38.926 xcodebuild[696:4437] [MT] IDERunDestination: Supported platforms for the buildables in the current scheme is empty.
2026-10-14 08:14:39.074 xcodebuild[696:4437] [MT] IDERunDestination: Supported platforms for the buildables in the current scheme is empty.
{
"workspace" : {
"name" : "InstanaAgent",
"schemes" : [
"InstanaAgent",
"InstanaAgentTests"
]
}
}
2026-10-14 08:14:40.056 xcodebuild[698:4493] [MT] IDERunDestination: Supported platforms for the buildables in the current scheme is empty.
2026-10-14 08:14:40.160 xcodebuild[698:4493] [MT] IDERunDestination: Supported platforms for the buildables in the current scheme is empty.
Running build ...
env DEVELOPER_DIR=/Applications/Xcode-27.0.0.app xcrun xcodebuild -IDEClonedSourcePackagesDirPathOverride=$PWD/.dependencies -skipMacroValidation -skipPackagePluginValidation -derivedDataPath $PWD/.derivedData build -scheme InstanaAgent -destination generic/platform=watchOS
Command line invocation:
/Applications/Xcode-27.0.0.app/Contents/Developer/usr/bin/xcodebuild -IDEClonedSourcePackagesDirPathOverride=/Users/admin/builder/spi-builder-workspace/.dependencies -skipMacroValidation -skipPackagePluginValidation -derivedDataPath /Users/admin/builder/spi-builder-workspace/.derivedData build -scheme InstanaAgent -destination generic/platform=watchOS
Resolve Package Graph
Resolve Package Graph
Resolved source packages:
GzipSwift: https://github.com/1024jp/GzipSwift.git @ 6.1.0
InstanaAgent: /Users/admin/builder/spi-builder-workspace
ComputePackagePrebuildTargetDependencyGraph
Prepare packages
CreateBuildRequest
SendProjectDescription
CreateBuildOperation
ComputeTargetDependencyGraph
note: Building targets in dependency order
note: Target dependency graph (7 targets)
Target 'InstanaAgent-product' in project 'InstanaAgent'
➜ Explicit dependency on target 'InstanaAgent' in project 'InstanaAgent'
➜ Explicit dependency on target 'InstanaAgent_InstanaAgent' in project 'InstanaAgent'
➜ Explicit dependency on target 'ImageTracker' in project 'InstanaAgent'
➜ Explicit dependency on target 'Gzip-product' in project 'GzipSwift'
Target 'InstanaAgent' in project 'InstanaAgent'
➜ Explicit dependency on target 'InstanaAgent_InstanaAgent' in project 'InstanaAgent'
➜ Explicit dependency on target 'ImageTracker' in project 'InstanaAgent'
➜ Explicit dependency on target 'Gzip-product' in project 'GzipSwift'
Target 'Gzip-product' in project 'GzipSwift'
➜ Explicit dependency on target 'Gzip' in project 'GzipSwift'
➜ Explicit dependency on target 'system-zlib' in project 'GzipSwift'
Target 'Gzip' in project 'GzipSwift'
➜ Explicit dependency on target 'system-zlib' in project 'GzipSwift'
Target 'system-zlib' in project 'GzipSwift' (no dependencies)
Target 'ImageTracker' in project 'InstanaAgent' (no dependencies)
Target 'InstanaAgent_InstanaAgent' in project 'InstanaAgent' (no dependencies)
GatherProvisioningInputs
CreateBuildDescription
ExecuteExternalTool /Applications/Xcode-27.0.0.app/Contents/Developer/Toolchains/XcodeDefault.xctoolchain/usr/bin/swiftc --version
ExecuteExternalTool /Applications/Xcode-27.0.0.app/Contents/Developer/Toolchains/XcodeDefault.xctoolchain/usr/bin/clang -v -E -dM -arch arm64 -isysroot /Applications/Xcode-27.0.0.app/Contents/Developer/Platforms/WatchOS.platform/Developer/SDKs/WatchOS27.0.sdk -x objective-c -c /dev/null
ExecuteExternalTool /Applications/Xcode-27.0.0.app/Contents/Developer/Toolchains/XcodeDefault.xctoolchain/usr/bin/clang -v -E -dM -arch arm64 -isysroot /Applications/Xcode-27.0.0.app/Contents/Developer/Platforms/WatchOS.platform/Developer/SDKs/WatchOS27.0.sdk -x c -c /dev/null
ExecuteExternalTool /Applications/Xcode-27.0.0.app/Contents/Developer/Toolchains/XcodeDefault.xctoolchain/usr/bin/clang -v -E -dM -isysroot /Applications/Xcode-27.0.0.app/Contents/Developer/Platforms/WatchOS.platform/Developer/SDKs/WatchOS27.0.sdk -x c -c /dev/null
ExecuteExternalTool /Applications/Xcode-27.0.0.app/Contents/Developer/Toolchains/XcodeDefault.xctoolchain/usr/bin/ld -version_details
ExecuteExternalTool /Applications/Xcode-27.0.0.app/Contents/Developer/Toolchains/XcodeDefault.xctoolchain/usr/bin/clang -v -E -dM -arch arm64_32 -isysroot /Applications/Xcode-27.0.0.app/Contents/Developer/Platforms/WatchOS.platform/Developer/SDKs/WatchOS27.0.sdk -x c -c /dev/null
ExecuteExternalTool /Applications/Xcode-27.0.0.app/Contents/Developer/Toolchains/XcodeDefault.xctoolchain/usr/bin/clang -v -E -dM -arch arm64_32 -isysroot /Applications/Xcode-27.0.0.app/Contents/Developer/Platforms/WatchOS.platform/Developer/SDKs/WatchOS27.0.sdk -x objective-c -c /dev/null
Build description signature: 7362b78a27f7e94120d87634622e456c
Build description path: /Users/admin/builder/spi-builder-workspace/.derivedData/Build/Intermediates.noindex/XCBuildData/7362b78a27f7e94120d87634622e456c.xcbuilddata
CreateBuildDirectory /Users/admin/builder/spi-builder-workspace/.derivedData/ModuleCache.noindex
cd /Users/admin/builder/spi-builder-workspace/.swiftpm/xcode
builtin-create-build-directory /Users/admin/builder/spi-builder-workspace/.derivedData/ModuleCache.noindex
CreateBuildDirectory /Users/admin/builder/spi-builder-workspace/.derivedData/SDKExplicitPrecompiledModules
cd /Users/admin/builder/spi-builder-workspace/.swiftpm/xcode
builtin-create-build-directory /Users/admin/builder/spi-builder-workspace/.derivedData/SDKExplicitPrecompiledModules
CreateBuildDirectory /Users/admin/builder/spi-builder-workspace/.derivedData/CompilationCache.noindex
cd /Users/admin/builder/spi-builder-workspace/.swiftpm/xcode
builtin-create-build-directory /Users/admin/builder/spi-builder-workspace/.derivedData/CompilationCache.noindex
ClangStatCache /Applications/Xcode-27.0.0.app/Contents/Developer/Toolchains/XcodeDefault.xctoolchain/usr/bin/clang-stat-cache /Applications/Xcode-27.0.0.app/Contents/Developer/Platforms/WatchOS.platform/Developer/SDKs/WatchOS27.0.sdk /Users/admin/builder/spi-builder-workspace/.derivedData/SDKStatCaches.noindex/watchos27.0-24R360-e829b21a6f8c9b70876ba0858053c044b9db9bc9c079ee3c7b5f3373b13d10bc.sdkstatcache
cd /Users/admin/builder/spi-builder-workspace/.swiftpm/xcode
/Applications/Xcode-27.0.0.app/Contents/Developer/Toolchains/XcodeDefault.xctoolchain/usr/bin/clang-stat-cache /Applications/Xcode-27.0.0.app/Contents/Developer/Platforms/WatchOS.platform/Developer/SDKs/WatchOS27.0.sdk -o /Users/admin/builder/spi-builder-workspace/.derivedData/SDKStatCaches.noindex/watchos27.0-24R360-e829b21a6f8c9b70876ba0858053c044b9db9bc9c079ee3c7b5f3373b13d10bc.sdkstatcache
CreateBuildDirectory /Users/admin/builder/spi-builder-workspace/.derivedData/Build/Intermediates.noindex
cd /Users/admin/builder/spi-builder-workspace/.swiftpm/xcode
builtin-create-build-directory /Users/admin/builder/spi-builder-workspace/.derivedData/Build/Intermediates.noindex
CreateBuildDirectory /Users/admin/builder/spi-builder-workspace/.derivedData/Build/Products
cd /Users/admin/builder/spi-builder-workspace/.swiftpm/xcode
builtin-create-build-directory /Users/admin/builder/spi-builder-workspace/.derivedData/Build/Products
CreateBuildDirectory /Users/admin/builder/spi-builder-workspace/.derivedData/Build/Products/Debug-watchos
cd /Users/admin/builder/spi-builder-workspace/.swiftpm/xcode
builtin-create-build-directory /Users/admin/builder/spi-builder-workspace/.derivedData/Build/Products/Debug-watchos
CreateBuildDirectory /Users/admin/builder/spi-builder-workspace/.derivedData/Build/Intermediates.noindex/SwiftExplicitPrecompiledModules
cd /Users/admin/builder/spi-builder-workspace/.swiftpm/xcode
builtin-create-build-directory /Users/admin/builder/spi-builder-workspace/.derivedData/Build/Intermediates.noindex/SwiftExplicitPrecompiledModules
CreateBuildDirectory /Users/admin/builder/spi-builder-workspace/.derivedData/Build/Intermediates.noindex/PrecompiledHeaders
cd /Users/admin/builder/spi-builder-workspace/.swiftpm/xcode
builtin-create-build-directory /Users/admin/builder/spi-builder-workspace/.derivedData/Build/Intermediates.noindex/PrecompiledHeaders
CreateBuildDirectory /Users/admin/builder/spi-builder-workspace/.derivedData/Build/Intermediates.noindex/ExplicitPrecompiledModules
cd /Users/admin/builder/spi-builder-workspace/.swiftpm/xcode
builtin-create-build-directory /Users/admin/builder/spi-builder-workspace/.derivedData/Build/Intermediates.noindex/ExplicitPrecompiledModules
CreateBuildDirectory /Users/admin/builder/spi-builder-workspace/.derivedData/Build/Intermediates.noindex/EagerLinkingTBDs/Debug-watchos
cd /Users/admin/builder/spi-builder-workspace/.swiftpm/xcode
builtin-create-build-directory /Users/admin/builder/spi-builder-workspace/.derivedData/Build/Intermediates.noindex/EagerLinkingTBDs/Debug-watchos
CreateBuildDirectory /Users/admin/builder/spi-builder-workspace/.derivedData/Build/Products/Debug-watchos/PackageFrameworks
cd /Users/admin/builder/spi-builder-workspace/.swiftpm/xcode
builtin-create-build-directory /Users/admin/builder/spi-builder-workspace/.derivedData/Build/Products/Debug-watchos/PackageFrameworks
WriteAuxiliaryFile /Users/admin/builder/spi-builder-workspace/.derivedData/Build/Intermediates.noindex/GzipSwift.build/Debug-watchos/system-zlib-t.build/system-zlib.DependencyMetadataFileList (in target 'system-zlib' from project 'GzipSwift')
cd /Users/admin/builder/spi-builder-workspace/.dependencies/checkouts/GzipSwift
write-file /Users/admin/builder/spi-builder-workspace/.derivedData/Build/Intermediates.noindex/GzipSwift.build/Debug-watchos/system-zlib-t.build/system-zlib.DependencyMetadataFileList
WriteAuxiliaryFile /Users/admin/builder/spi-builder-workspace/.derivedData/Build/Intermediates.noindex/GzipSwift.build/Debug-watchos/system-zlib-t.build/system-zlib.DependencyStaticMetadataFileList (in target 'system-zlib' from project 'GzipSwift')
cd /Users/admin/builder/spi-builder-workspace/.dependencies/checkouts/GzipSwift
write-file /Users/admin/builder/spi-builder-workspace/.derivedData/Build/Intermediates.noindex/GzipSwift.build/Debug-watchos/system-zlib-t.build/system-zlib.DependencyStaticMetadataFileList
WriteAuxiliaryFile /Users/admin/builder/spi-builder-workspace/.derivedData/Build/Intermediates.noindex/GzipSwift.build/Debug-watchos/system-zlib-t.build/Objects-normal/arm64_32/7187679823f38a2a940e0043cdf9d637-common-args.resp (in target 'system-zlib' from project 'GzipSwift')
cd /Users/admin/builder/spi-builder-workspace/.dependencies/checkouts/GzipSwift
write-file /Users/admin/builder/spi-builder-workspace/.derivedData/Build/Intermediates.noindex/GzipSwift.build/Debug-watchos/system-zlib-t.build/Objects-normal/arm64_32/7187679823f38a2a940e0043cdf9d637-common-args.resp
-fmodules -gmodules '-fmodules-cache-path=/Users/admin/builder/spi-builder-workspace/.derivedData/ModuleCache.noindex' '-fmodule-name=system_zlib' -fpascal-strings -O0 -DSWIFT_PACKAGE '-DDEBUG=1' -g -fprofile-instr-generate -fcoverage-mapping -I/Users/admin/builder/spi-builder-workspace/.derivedData/Build/Products/Debug-watchos/include -I/Users/admin/builder/spi-builder-workspace/.dependencies/checkouts/GzipSwift/Sources/system-zlib/include -I/Users/admin/builder/spi-builder-workspace/.derivedData/Build/Intermediates.noindex/GzipSwift.build/Debug-watchos/system-zlib-t.build/DerivedSources-normal/arm64_32 -I/Users/admin/builder/spi-builder-workspace/.derivedData/Build/Intermediates.noindex/GzipSwift.build/Debug-watchos/system-zlib-t.build/DerivedSources/arm64_32 -I/Users/admin/builder/spi-builder-workspace/.derivedData/Build/Intermediates.noindex/GzipSwift.build/Debug-watchos/system-zlib-t.build/DerivedSources -F/Users/admin/builder/spi-builder-workspace/.derivedData/Build/Products/Debug-watchos -iframework /Applications/Xcode-27.0.0.app/Contents/Developer/Platforms/WatchOS.platform/Developer/Library/Frameworks -iframework /Applications/Xcode-27.0.0.app/Contents/Developer/Platforms/WatchOS.platform/Developer/SDKs/WatchOS27.0.sdk/Developer/Library/Frameworks -DXcode
WriteAuxiliaryFile /Users/admin/builder/spi-builder-workspace/.derivedData/Build/Intermediates.noindex/GzipSwift.build/Debug-watchos/system-zlib-t.build/Objects-normal/arm64_32/system-zlib.LinkFileList (in target 'system-zlib' from project 'GzipSwift')
cd /Users/admin/builder/spi-builder-workspace/.dependencies/checkouts/GzipSwift
write-file /Users/admin/builder/spi-builder-workspace/.derivedData/Build/Intermediates.noindex/GzipSwift.build/Debug-watchos/system-zlib-t.build/Objects-normal/arm64_32/system-zlib.LinkFileList
WriteAuxiliaryFile /Users/admin/builder/spi-builder-workspace/.derivedData/Build/Intermediates.noindex/GzipSwift.build/Debug-watchos/system-zlib-t.build/Objects-normal/arm64/system-zlib.LinkFileList (in target 'system-zlib' from project 'GzipSwift')
cd /Users/admin/builder/spi-builder-workspace/.dependencies/checkouts/GzipSwift
write-file /Users/admin/builder/spi-builder-workspace/.derivedData/Build/Intermediates.noindex/GzipSwift.build/Debug-watchos/system-zlib-t.build/Objects-normal/arm64/system-zlib.LinkFileList
WriteAuxiliaryFile /Users/admin/builder/spi-builder-workspace/.derivedData/Build/Intermediates.noindex/InstanaAgent.build/Debug-watchos/InstanaAgent_InstanaAgent-b.build/InstanaAgent_InstanaAgent.DependencyStaticMetadataFileList (in target 'InstanaAgent_InstanaAgent' from project 'InstanaAgent')
cd /Users/admin/builder/spi-builder-workspace
write-file /Users/admin/builder/spi-builder-workspace/.derivedData/Build/Intermediates.noindex/InstanaAgent.build/Debug-watchos/InstanaAgent_InstanaAgent-b.build/InstanaAgent_InstanaAgent.DependencyStaticMetadataFileList
WriteAuxiliaryFile /Users/admin/builder/spi-builder-workspace/.derivedData/Build/Intermediates.noindex/GzipSwift.build/Debug-watchos/system-zlib-t.build/Objects-normal/arm64/7187679823f38a2a940e0043cdf9d637-common-args.resp (in target 'system-zlib' from project 'GzipSwift')
cd /Users/admin/builder/spi-builder-workspace/.dependencies/checkouts/GzipSwift
write-file /Users/admin/builder/spi-builder-workspace/.derivedData/Build/Intermediates.noindex/GzipSwift.build/Debug-watchos/system-zlib-t.build/Objects-normal/arm64/7187679823f38a2a940e0043cdf9d637-common-args.resp
-fmodules -gmodules '-fmodules-cache-path=/Users/admin/builder/spi-builder-workspace/.derivedData/ModuleCache.noindex' '-fmodule-name=system_zlib' -fpascal-strings -O0 -DSWIFT_PACKAGE '-DDEBUG=1' -g -fprofile-instr-generate -fcoverage-mapping -I/Users/admin/builder/spi-builder-workspace/.derivedData/Build/Products/Debug-watchos/include -I/Users/admin/builder/spi-builder-workspace/.dependencies/checkouts/GzipSwift/Sources/system-zlib/include -I/Users/admin/builder/spi-builder-workspace/.derivedData/Build/Intermediates.noindex/GzipSwift.build/Debug-watchos/system-zlib-t.build/DerivedSources-normal/arm64 -I/Users/admin/builder/spi-builder-workspace/.derivedData/Build/Intermediates.noindex/GzipSwift.build/Debug-watchos/system-zlib-t.build/DerivedSources/arm64 -I/Users/admin/builder/spi-builder-workspace/.derivedData/Build/Intermediates.noindex/GzipSwift.build/Debug-watchos/system-zlib-t.build/DerivedSources -F/Users/admin/builder/spi-builder-workspace/.derivedData/Build/Products/Debug-watchos -iframework /Applications/Xcode-27.0.0.app/Contents/Developer/Platforms/WatchOS.platform/Developer/Library/Frameworks -iframework /Applications/Xcode-27.0.0.app/Contents/Developer/Platforms/WatchOS.platform/Developer/SDKs/WatchOS27.0.sdk/Developer/Library/Frameworks -DXcode
WriteAuxiliaryFile /Users/admin/builder/spi-builder-workspace/.derivedData/Build/Intermediates.noindex/InstanaAgent.build/Debug-watchos/InstanaAgent_InstanaAgent-b.build/InstanaAgent_InstanaAgent.DependencyMetadataFileList (in target 'InstanaAgent_InstanaAgent' from project 'InstanaAgent')
cd /Users/admin/builder/spi-builder-workspace
write-file /Users/admin/builder/spi-builder-workspace/.derivedData/Build/Intermediates.noindex/InstanaAgent.build/Debug-watchos/InstanaAgent_InstanaAgent-b.build/InstanaAgent_InstanaAgent.DependencyMetadataFileList
WriteAuxiliaryFile /Users/admin/builder/spi-builder-workspace/.derivedData/Build/Intermediates.noindex/InstanaAgent.build/Debug-watchos/InstanaAgent_InstanaAgent-b.build/empty-InstanaAgent_InstanaAgent.plist (in target 'InstanaAgent_InstanaAgent' from project 'InstanaAgent')
cd /Users/admin/builder/spi-builder-workspace
write-file /Users/admin/builder/spi-builder-workspace/.derivedData/Build/Intermediates.noindex/InstanaAgent.build/Debug-watchos/InstanaAgent_InstanaAgent-b.build/empty-InstanaAgent_InstanaAgent.plist
WriteAuxiliaryFile /Users/admin/builder/spi-builder-workspace/.derivedData/Build/Intermediates.noindex/InstanaAgent.build/Debug-watchos/InstanaAgent-t.build/Objects-normal/arm64_32/InstanaAgent.SwiftFileList (in target 'InstanaAgent' from project 'InstanaAgent')
cd /Users/admin/builder/spi-builder-workspace
write-file /Users/admin/builder/spi-builder-workspace/.derivedData/Build/Intermediates.noindex/InstanaAgent.build/Debug-watchos/InstanaAgent-t.build/Objects-normal/arm64_32/InstanaAgent.SwiftFileList
WriteAuxiliaryFile /Users/admin/builder/spi-builder-workspace/.derivedData/Build/Intermediates.noindex/InstanaAgent.build/Debug-watchos/InstanaAgent-t.build/Objects-normal/arm64_32/InstanaAgent.LinkFileList (in target 'InstanaAgent' from project 'InstanaAgent')
cd /Users/admin/builder/spi-builder-workspace
write-file /Users/admin/builder/spi-builder-workspace/.derivedData/Build/Intermediates.noindex/InstanaAgent.build/Debug-watchos/InstanaAgent-t.build/Objects-normal/arm64_32/InstanaAgent.LinkFileList
WriteAuxiliaryFile /Users/admin/builder/spi-builder-workspace/.derivedData/Build/Intermediates.noindex/InstanaAgent.build/Debug-watchos/InstanaAgent-t.build/Objects-normal/arm64_32/InstanaAgent-OutputFileMap.json (in target 'InstanaAgent' from project 'InstanaAgent')
cd /Users/admin/builder/spi-builder-workspace
write-file /Users/admin/builder/spi-builder-workspace/.derivedData/Build/Intermediates.noindex/InstanaAgent.build/Debug-watchos/InstanaAgent-t.build/Objects-normal/arm64_32/InstanaAgent-OutputFileMap.json
WriteAuxiliaryFile /Users/admin/builder/spi-builder-workspace/.derivedData/Build/Intermediates.noindex/InstanaAgent.build/Debug-watchos/InstanaAgent-t.build/Objects-normal/arm64_32/InstanaAgent_const_extract_protocols.json (in target 'InstanaAgent' from project 'InstanaAgent')
cd /Users/admin/builder/spi-builder-workspace
write-file /Users/admin/builder/spi-builder-workspace/.derivedData/Build/Intermediates.noindex/InstanaAgent.build/Debug-watchos/InstanaAgent-t.build/Objects-normal/arm64_32/InstanaAgent_const_extract_protocols.json
WriteAuxiliaryFile /Users/admin/builder/spi-builder-workspace/.derivedData/Build/Intermediates.noindex/InstanaAgent.build/Debug-watchos/InstanaAgent-t.build/Objects-normal/arm64_32/InstanaAgent.SwiftConstValuesFileList (in target 'InstanaAgent' from project 'InstanaAgent')
cd /Users/admin/builder/spi-builder-workspace
write-file /Users/admin/builder/spi-builder-workspace/.derivedData/Build/Intermediates.noindex/InstanaAgent.build/Debug-watchos/InstanaAgent-t.build/Objects-normal/arm64_32/InstanaAgent.SwiftConstValuesFileList
WriteAuxiliaryFile /Users/admin/builder/spi-builder-workspace/.derivedData/Build/Intermediates.noindex/InstanaAgent.build/Debug-watchos/InstanaAgent-t.build/Objects-normal/arm64/InstanaAgent.SwiftFileList (in target 'InstanaAgent' from project 'InstanaAgent')
cd /Users/admin/builder/spi-builder-workspace
write-file /Users/admin/builder/spi-builder-workspace/.derivedData/Build/Intermediates.noindex/InstanaAgent.build/Debug-watchos/InstanaAgent-t.build/Objects-normal/arm64/InstanaAgent.SwiftFileList
WriteAuxiliaryFile /Users/admin/builder/spi-builder-workspace/.derivedData/Build/Intermediates.noindex/InstanaAgent.build/Debug-watchos/InstanaAgent-t.build/Objects-normal/arm64/InstanaAgent_const_extract_protocols.json (in target 'InstanaAgent' from project 'InstanaAgent')
cd /Users/admin/builder/spi-builder-workspace
write-file /Users/admin/builder/spi-builder-workspace/.derivedData/Build/Intermediates.noindex/InstanaAgent.build/Debug-watchos/InstanaAgent-t.build/Objects-normal/arm64/InstanaAgent_const_extract_protocols.json
WriteAuxiliaryFile /Users/admin/builder/spi-builder-workspace/.derivedData/Build/Intermediates.noindex/InstanaAgent.build/Debug-watchos/InstanaAgent-t.build/Objects-normal/arm64/InstanaAgent.SwiftConstValuesFileList (in target 'InstanaAgent' from project 'InstanaAgent')
cd /Users/admin/builder/spi-builder-workspace
write-file /Users/admin/builder/spi-builder-workspace/.derivedData/Build/Intermediates.noindex/InstanaAgent.build/Debug-watchos/InstanaAgent-t.build/Objects-normal/arm64/InstanaAgent.SwiftConstValuesFileList
WriteAuxiliaryFile /Users/admin/builder/spi-builder-workspace/.derivedData/Build/Intermediates.noindex/InstanaAgent.build/Debug-watchos/InstanaAgent-t.build/Objects-normal/arm64/InstanaAgent.LinkFileList (in target 'InstanaAgent' from project 'InstanaAgent')
cd /Users/admin/builder/spi-builder-workspace
write-file /Users/admin/builder/spi-builder-workspace/.derivedData/Build/Intermediates.noindex/InstanaAgent.build/Debug-watchos/InstanaAgent-t.build/Objects-normal/arm64/InstanaAgent.LinkFileList
WriteAuxiliaryFile /Users/admin/builder/spi-builder-workspace/.derivedData/Build/Intermediates.noindex/InstanaAgent.build/Debug-watchos/InstanaAgent-t.build/Objects-normal/arm64/InstanaAgent-OutputFileMap.json (in target 'InstanaAgent' from project 'InstanaAgent')
cd /Users/admin/builder/spi-builder-workspace
write-file /Users/admin/builder/spi-builder-workspace/.derivedData/Build/Intermediates.noindex/InstanaAgent.build/Debug-watchos/InstanaAgent-t.build/Objects-normal/arm64/InstanaAgent-OutputFileMap.json
WriteAuxiliaryFile /Users/admin/builder/spi-builder-workspace/.derivedData/Build/Intermediates.noindex/InstanaAgent.build/Debug-watchos/InstanaAgent-t.build/InstanaAgent.modulemap (in target 'InstanaAgent' from project 'InstanaAgent')
cd /Users/admin/builder/spi-builder-workspace
write-file /Users/admin/builder/spi-builder-workspace/.derivedData/Build/Intermediates.noindex/InstanaAgent.build/Debug-watchos/InstanaAgent-t.build/InstanaAgent.modulemap
WriteAuxiliaryFile /Users/admin/builder/spi-builder-workspace/.derivedData/Build/Intermediates.noindex/InstanaAgent.build/Debug-watchos/InstanaAgent-t.build/InstanaAgent.DependencyStaticMetadataFileList (in target 'InstanaAgent' from project 'InstanaAgent')
cd /Users/admin/builder/spi-builder-workspace
write-file /Users/admin/builder/spi-builder-workspace/.derivedData/Build/Intermediates.noindex/InstanaAgent.build/Debug-watchos/InstanaAgent-t.build/InstanaAgent.DependencyStaticMetadataFileList
WriteAuxiliaryFile /Users/admin/builder/spi-builder-workspace/.derivedData/Build/Intermediates.noindex/InstanaAgent.build/Debug-watchos/InstanaAgent-t.build/InstanaAgent.DependencyMetadataFileList (in target 'InstanaAgent' from project 'InstanaAgent')
cd /Users/admin/builder/spi-builder-workspace
write-file /Users/admin/builder/spi-builder-workspace/.derivedData/Build/Intermediates.noindex/InstanaAgent.build/Debug-watchos/InstanaAgent-t.build/InstanaAgent.DependencyMetadataFileList
WriteAuxiliaryFile /Users/admin/builder/spi-builder-workspace/.derivedData/Build/Intermediates.noindex/InstanaAgent.build/Debug-watchos/InstanaAgent-t.build/DerivedSources/resource_bundle_accessor.swift (in target 'InstanaAgent' from project 'InstanaAgent')
cd /Users/admin/builder/spi-builder-workspace
write-file /Users/admin/builder/spi-builder-workspace/.derivedData/Build/Intermediates.noindex/InstanaAgent.build/Debug-watchos/InstanaAgent-t.build/DerivedSources/resource_bundle_accessor.swift
WriteAuxiliaryFile /Users/admin/builder/spi-builder-workspace/.derivedData/Build/Intermediates.noindex/InstanaAgent.build/Debug-watchos/ImageTracker-t.build/Objects-normal/arm64_32/e6072d4f65d7061329687fe24e3d63a7-common-args.resp (in target 'ImageTracker' from project 'InstanaAgent')
cd /Users/admin/builder/spi-builder-workspace
write-file /Users/admin/builder/spi-builder-workspace/.derivedData/Build/Intermediates.noindex/InstanaAgent.build/Debug-watchos/ImageTracker-t.build/Objects-normal/arm64_32/e6072d4f65d7061329687fe24e3d63a7-common-args.resp
-fobjc-arc -fmodules -gmodules '-fmodules-cache-path=/Users/admin/builder/spi-builder-workspace/.derivedData/ModuleCache.noindex' '-fmodule-name=ImageTracker' -fpascal-strings -O0 -DSWIFT_PACKAGE '-DDEBUG=1' '-DOBJC_OLD_DISPATCH_PROTOTYPES=1' -g -fprofile-instr-generate -fcoverage-mapping -I/Users/admin/builder/spi-builder-workspace/.derivedData/Build/Products/Debug-watchos/include -I/Users/admin/builder/spi-builder-workspace/Sources/ImageTracker -I/Users/admin/builder/spi-builder-workspace/.derivedData/Build/Intermediates.noindex/InstanaAgent.build/Debug-watchos/ImageTracker-t.build/DerivedSources-normal/arm64_32 -I/Users/admin/builder/spi-builder-workspace/.derivedData/Build/Intermediates.noindex/InstanaAgent.build/Debug-watchos/ImageTracker-t.build/DerivedSources/arm64_32 -I/Users/admin/builder/spi-builder-workspace/.derivedData/Build/Intermediates.noindex/InstanaAgent.build/Debug-watchos/ImageTracker-t.build/DerivedSources -F/Users/admin/builder/spi-builder-workspace/.derivedData/Build/Products/Debug-watchos -iframework /Applications/Xcode-27.0.0.app/Contents/Developer/Platforms/WatchOS.platform/Developer/Library/Frameworks -iframework /Applications/Xcode-27.0.0.app/Contents/Developer/Platforms/WatchOS.platform/Developer/SDKs/WatchOS27.0.sdk/Developer/Library/Frameworks -DXcode
WriteAuxiliaryFile /Users/admin/builder/spi-builder-workspace/.derivedData/Build/Intermediates.noindex/InstanaAgent.build/Debug-watchos/ImageTracker-t.build/Objects-normal/arm64_32/ImageTracker.LinkFileList (in target 'ImageTracker' from project 'InstanaAgent')
cd /Users/admin/builder/spi-builder-workspace
write-file /Users/admin/builder/spi-builder-workspace/.derivedData/Build/Intermediates.noindex/InstanaAgent.build/Debug-watchos/ImageTracker-t.build/Objects-normal/arm64_32/ImageTracker.LinkFileList
WriteAuxiliaryFile /Users/admin/builder/spi-builder-workspace/.derivedData/Build/Intermediates.noindex/InstanaAgent.build/Debug-watchos/ImageTracker-t.build/Objects-normal/arm64/e6072d4f65d7061329687fe24e3d63a7-common-args.resp (in target 'ImageTracker' from project 'InstanaAgent')
cd /Users/admin/builder/spi-builder-workspace
write-file /Users/admin/builder/spi-builder-workspace/.derivedData/Build/Intermediates.noindex/InstanaAgent.build/Debug-watchos/ImageTracker-t.build/Objects-normal/arm64/e6072d4f65d7061329687fe24e3d63a7-common-args.resp
-fobjc-arc -fmodules -gmodules '-fmodules-cache-path=/Users/admin/builder/spi-builder-workspace/.derivedData/ModuleCache.noindex' '-fmodule-name=ImageTracker' -fpascal-strings -O0 -DSWIFT_PACKAGE '-DDEBUG=1' '-DOBJC_OLD_DISPATCH_PROTOTYPES=1' -g -fprofile-instr-generate -fcoverage-mapping -I/Users/admin/builder/spi-builder-workspace/.derivedData/Build/Products/Debug-watchos/include -I/Users/admin/builder/spi-builder-workspace/Sources/ImageTracker -I/Users/admin/builder/spi-builder-workspace/.derivedData/Build/Intermediates.noindex/InstanaAgent.build/Debug-watchos/ImageTracker-t.build/DerivedSources-normal/arm64 -I/Users/admin/builder/spi-builder-workspace/.derivedData/Build/Intermediates.noindex/InstanaAgent.build/Debug-watchos/ImageTracker-t.build/DerivedSources/arm64 -I/Users/admin/builder/spi-builder-workspace/.derivedData/Build/Intermediates.noindex/InstanaAgent.build/Debug-watchos/ImageTracker-t.build/DerivedSources -F/Users/admin/builder/spi-builder-workspace/.derivedData/Build/Products/Debug-watchos -iframework /Applications/Xcode-27.0.0.app/Contents/Developer/Platforms/WatchOS.platform/Developer/Library/Frameworks -iframework /Applications/Xcode-27.0.0.app/Contents/Developer/Platforms/WatchOS.platform/Developer/SDKs/WatchOS27.0.sdk/Developer/Library/Frameworks -DXcode
WriteAuxiliaryFile /Users/admin/builder/spi-builder-workspace/.derivedData/Build/Intermediates.noindex/InstanaAgent.build/Debug-watchos/ImageTracker-t.build/Objects-normal/arm64/ImageTracker.LinkFileList (in target 'ImageTracker' from project 'InstanaAgent')
cd /Users/admin/builder/spi-builder-workspace
write-file /Users/admin/builder/spi-builder-workspace/.derivedData/Build/Intermediates.noindex/InstanaAgent.build/Debug-watchos/ImageTracker-t.build/Objects-normal/arm64/ImageTracker.LinkFileList
WriteAuxiliaryFile /Users/admin/builder/spi-builder-workspace/.derivedData/Build/Intermediates.noindex/InstanaAgent.build/Debug-watchos/ImageTracker-t.build/ImageTracker.modulemap (in target 'ImageTracker' from project 'InstanaAgent')
cd /Users/admin/builder/spi-builder-workspace
write-file /Users/admin/builder/spi-builder-workspace/.derivedData/Build/Intermediates.noindex/InstanaAgent.build/Debug-watchos/ImageTracker-t.build/ImageTracker.modulemap
Copy /Users/admin/builder/spi-builder-workspace/.derivedData/Build/Intermediates.noindex/GeneratedModuleMaps-watchos/InstanaAgent.modulemap /Users/admin/builder/spi-builder-workspace/.derivedData/Build/Intermediates.noindex/InstanaAgent.build/Debug-watchos/InstanaAgent-t.build/InstanaAgent.modulemap (in target 'InstanaAgent' from project 'InstanaAgent')
cd /Users/admin/builder/spi-builder-workspace
builtin-copy -exclude .DS_Store -exclude CVS -exclude .svn -exclude .git -exclude .hg -resolve-src-symlinks /Users/admin/builder/spi-builder-workspace/.derivedData/Build/Intermediates.noindex/InstanaAgent.build/Debug-watchos/InstanaAgent-t.build/InstanaAgent.modulemap /Users/admin/builder/spi-builder-workspace/.derivedData/Build/Intermediates.noindex/GeneratedModuleMaps-watchos
WriteAuxiliaryFile /Users/admin/builder/spi-builder-workspace/.derivedData/Build/Intermediates.noindex/InstanaAgent.build/Debug-watchos/ImageTracker-t.build/ImageTracker.DependencyStaticMetadataFileList (in target 'ImageTracker' from project 'InstanaAgent')
cd /Users/admin/builder/spi-builder-workspace
write-file /Users/admin/builder/spi-builder-workspace/.derivedData/Build/Intermediates.noindex/InstanaAgent.build/Debug-watchos/ImageTracker-t.build/ImageTracker.DependencyStaticMetadataFileList
WriteAuxiliaryFile /Users/admin/builder/spi-builder-workspace/.derivedData/Build/Intermediates.noindex/InstanaAgent.build/Debug-watchos/ImageTracker-t.build/ImageTracker.DependencyMetadataFileList (in target 'ImageTracker' from project 'InstanaAgent')
cd /Users/admin/builder/spi-builder-workspace
write-file /Users/admin/builder/spi-builder-workspace/.derivedData/Build/Intermediates.noindex/InstanaAgent.build/Debug-watchos/ImageTracker-t.build/ImageTracker.DependencyMetadataFileList
WriteAuxiliaryFile /Users/admin/builder/spi-builder-workspace/.derivedData/Build/Intermediates.noindex/GzipSwift.build/Debug-watchos/Gzip-t.build/Objects-normal/arm64_32/Gzip_const_extract_protocols.json (in target 'Gzip' from project 'GzipSwift')
cd /Users/admin/builder/spi-builder-workspace/.dependencies/checkouts/GzipSwift
write-file /Users/admin/builder/spi-builder-workspace/.derivedData/Build/Intermediates.noindex/GzipSwift.build/Debug-watchos/Gzip-t.build/Objects-normal/arm64_32/Gzip_const_extract_protocols.json
WriteAuxiliaryFile /Users/admin/builder/spi-builder-workspace/.derivedData/Build/Intermediates.noindex/GzipSwift.build/Debug-watchos/Gzip-t.build/Objects-normal/arm64_32/Gzip.SwiftFileList (in target 'Gzip' from project 'GzipSwift')
cd /Users/admin/builder/spi-builder-workspace/.dependencies/checkouts/GzipSwift
write-file /Users/admin/builder/spi-builder-workspace/.derivedData/Build/Intermediates.noindex/GzipSwift.build/Debug-watchos/Gzip-t.build/Objects-normal/arm64_32/Gzip.SwiftFileList
WriteAuxiliaryFile /Users/admin/builder/spi-builder-workspace/.derivedData/Build/Intermediates.noindex/GzipSwift.build/Debug-watchos/Gzip-t.build/Objects-normal/arm64_32/Gzip.SwiftConstValuesFileList (in target 'Gzip' from project 'GzipSwift')
cd /Users/admin/builder/spi-builder-workspace/.dependencies/checkouts/GzipSwift
write-file /Users/admin/builder/spi-builder-workspace/.derivedData/Build/Intermediates.noindex/GzipSwift.build/Debug-watchos/Gzip-t.build/Objects-normal/arm64_32/Gzip.SwiftConstValuesFileList
WriteAuxiliaryFile /Users/admin/builder/spi-builder-workspace/.derivedData/Build/Intermediates.noindex/GzipSwift.build/Debug-watchos/Gzip-t.build/Objects-normal/arm64_32/Gzip.LinkFileList (in target 'Gzip' from project 'GzipSwift')
cd /Users/admin/builder/spi-builder-workspace/.dependencies/checkouts/GzipSwift
write-file /Users/admin/builder/spi-builder-workspace/.derivedData/Build/Intermediates.noindex/GzipSwift.build/Debug-watchos/Gzip-t.build/Objects-normal/arm64_32/Gzip.LinkFileList
WriteAuxiliaryFile /Users/admin/builder/spi-builder-workspace/.derivedData/Build/Intermediates.noindex/GzipSwift.build/Debug-watchos/Gzip-t.build/Objects-normal/arm64_32/Gzip-OutputFileMap.json (in target 'Gzip' from project 'GzipSwift')
cd /Users/admin/builder/spi-builder-workspace/.dependencies/checkouts/GzipSwift
write-file /Users/admin/builder/spi-builder-workspace/.derivedData/Build/Intermediates.noindex/GzipSwift.build/Debug-watchos/Gzip-t.build/Objects-normal/arm64_32/Gzip-OutputFileMap.json
WriteAuxiliaryFile /Users/admin/builder/spi-builder-workspace/.derivedData/Build/Intermediates.noindex/GzipSwift.build/Debug-watchos/Gzip-t.build/Objects-normal/arm64/Gzip_const_extract_protocols.json (in target 'Gzip' from project 'GzipSwift')
cd /Users/admin/builder/spi-builder-workspace/.dependencies/checkouts/GzipSwift
write-file /Users/admin/builder/spi-builder-workspace/.derivedData/Build/Intermediates.noindex/GzipSwift.build/Debug-watchos/Gzip-t.build/Objects-normal/arm64/Gzip_const_extract_protocols.json
Copy /Users/admin/builder/spi-builder-workspace/.derivedData/Build/Intermediates.noindex/GeneratedModuleMaps-watchos/ImageTracker.modulemap /Users/admin/builder/spi-builder-workspace/.derivedData/Build/Intermediates.noindex/InstanaAgent.build/Debug-watchos/ImageTracker-t.build/ImageTracker.modulemap (in target 'ImageTracker' from project 'InstanaAgent')
cd /Users/admin/builder/spi-builder-workspace
builtin-copy -exclude .DS_Store -exclude CVS -exclude .svn -exclude .git -exclude .hg -resolve-src-symlinks /Users/admin/builder/spi-builder-workspace/.derivedData/Build/Intermediates.noindex/InstanaAgent.build/Debug-watchos/ImageTracker-t.build/ImageTracker.modulemap /Users/admin/builder/spi-builder-workspace/.derivedData/Build/Intermediates.noindex/GeneratedModuleMaps-watchos
WriteAuxiliaryFile /Users/admin/builder/spi-builder-workspace/.derivedData/Build/Intermediates.noindex/GzipSwift.build/Debug-watchos/Gzip-t.build/Objects-normal/arm64/Gzip.SwiftFileList (in target 'Gzip' from project 'GzipSwift')
cd /Users/admin/builder/spi-builder-workspace/.dependencies/checkouts/GzipSwift
write-file /Users/admin/builder/spi-builder-workspace/.derivedData/Build/Intermediates.noindex/GzipSwift.build/Debug-watchos/Gzip-t.build/Objects-normal/arm64/Gzip.SwiftFileList
WriteAuxiliaryFile /Users/admin/builder/spi-builder-workspace/.derivedData/Build/Intermediates.noindex/GzipSwift.build/Debug-watchos/Gzip-t.build/Objects-normal/arm64/Gzip.SwiftConstValuesFileList (in target 'Gzip' from project 'GzipSwift')
cd /Users/admin/builder/spi-builder-workspace/.dependencies/checkouts/GzipSwift
write-file /Users/admin/builder/spi-builder-workspace/.derivedData/Build/Intermediates.noindex/GzipSwift.build/Debug-watchos/Gzip-t.build/Objects-normal/arm64/Gzip.SwiftConstValuesFileList
WriteAuxiliaryFile /Users/admin/builder/spi-builder-workspace/.derivedData/Build/Intermediates.noindex/GzipSwift.build/Debug-watchos/Gzip-t.build/Objects-normal/arm64/Gzip.LinkFileList (in target 'Gzip' from project 'GzipSwift')
cd /Users/admin/builder/spi-builder-workspace/.dependencies/checkouts/GzipSwift
write-file /Users/admin/builder/spi-builder-workspace/.derivedData/Build/Intermediates.noindex/GzipSwift.build/Debug-watchos/Gzip-t.build/Objects-normal/arm64/Gzip.LinkFileList
WriteAuxiliaryFile /Users/admin/builder/spi-builder-workspace/.derivedData/Build/Intermediates.noindex/GzipSwift.build/Debug-watchos/Gzip-t.build/Objects-normal/arm64/Gzip-OutputFileMap.json (in target 'Gzip' from project 'GzipSwift')
cd /Users/admin/builder/spi-builder-workspace/.dependencies/checkouts/GzipSwift
write-file /Users/admin/builder/spi-builder-workspace/.derivedData/Build/Intermediates.noindex/GzipSwift.build/Debug-watchos/Gzip-t.build/Objects-normal/arm64/Gzip-OutputFileMap.json
WriteAuxiliaryFile /Users/admin/builder/spi-builder-workspace/.derivedData/Build/Intermediates.noindex/GzipSwift.build/Debug-watchos/Gzip-t.build/Gzip.modulemap (in target 'Gzip' from project 'GzipSwift')
cd /Users/admin/builder/spi-builder-workspace/.dependencies/checkouts/GzipSwift
write-file /Users/admin/builder/spi-builder-workspace/.derivedData/Build/Intermediates.noindex/GzipSwift.build/Debug-watchos/Gzip-t.build/Gzip.modulemap
WriteAuxiliaryFile /Users/admin/builder/spi-builder-workspace/.derivedData/Build/Intermediates.noindex/GzipSwift.build/Debug-watchos/Gzip-t.build/Gzip.DependencyStaticMetadataFileList (in target 'Gzip' from project 'GzipSwift')
cd /Users/admin/builder/spi-builder-workspace/.dependencies/checkouts/GzipSwift
write-file /Users/admin/builder/spi-builder-workspace/.derivedData/Build/Intermediates.noindex/GzipSwift.build/Debug-watchos/Gzip-t.build/Gzip.DependencyStaticMetadataFileList
WriteAuxiliaryFile /Users/admin/builder/spi-builder-workspace/.derivedData/Build/Intermediates.noindex/GzipSwift.build/Debug-watchos/Gzip-t.build/Gzip.DependencyMetadataFileList (in target 'Gzip' from project 'GzipSwift')
cd /Users/admin/builder/spi-builder-workspace/.dependencies/checkouts/GzipSwift
write-file /Users/admin/builder/spi-builder-workspace/.derivedData/Build/Intermediates.noindex/GzipSwift.build/Debug-watchos/Gzip-t.build/Gzip.DependencyMetadataFileList
MkDir /Users/admin/builder/spi-builder-workspace/.derivedData/Build/Products/Debug-watchos/InstanaAgent_InstanaAgent.bundle (in target 'InstanaAgent_InstanaAgent' from project 'InstanaAgent')
cd /Users/admin/builder/spi-builder-workspace
/bin/mkdir -p /Users/admin/builder/spi-builder-workspace/.derivedData/Build/Products/Debug-watchos/InstanaAgent_InstanaAgent.bundle
Copy /Users/admin/builder/spi-builder-workspace/.derivedData/Build/Intermediates.noindex/GeneratedModuleMaps-watchos/Gzip.modulemap /Users/admin/builder/spi-builder-workspace/.derivedData/Build/Intermediates.noindex/GzipSwift.build/Debug-watchos/Gzip-t.build/Gzip.modulemap (in target 'Gzip' from project 'GzipSwift')
cd /Users/admin/builder/spi-builder-workspace/.dependencies/checkouts/GzipSwift
builtin-copy -exclude .DS_Store -exclude CVS -exclude .svn -exclude .git -exclude .hg -resolve-src-symlinks /Users/admin/builder/spi-builder-workspace/.derivedData/Build/Intermediates.noindex/GzipSwift.build/Debug-watchos/Gzip-t.build/Gzip.modulemap /Users/admin/builder/spi-builder-workspace/.derivedData/Build/Intermediates.noindex/GeneratedModuleMaps-watchos
ProcessInfoPlistFile /Users/admin/builder/spi-builder-workspace/.derivedData/Build/Products/Debug-watchos/InstanaAgent_InstanaAgent.bundle/Info.plist /Users/admin/builder/spi-builder-workspace/.derivedData/Build/Intermediates.noindex/InstanaAgent.build/Debug-watchos/InstanaAgent_InstanaAgent-b.build/empty-InstanaAgent_InstanaAgent.plist (in target 'InstanaAgent_InstanaAgent' from project 'InstanaAgent')
cd /Users/admin/builder/spi-builder-workspace
builtin-infoPlistUtility /Users/admin/builder/spi-builder-workspace/.derivedData/Build/Intermediates.noindex/InstanaAgent.build/Debug-watchos/InstanaAgent_InstanaAgent-b.build/empty-InstanaAgent_InstanaAgent.plist -producttype com.apple.product-type.bundle -expandbuildsettings -format binary -platform watchos -o /Users/admin/builder/spi-builder-workspace/.derivedData/Build/Products/Debug-watchos/InstanaAgent_InstanaAgent.bundle/Info.plist
CpResource /Users/admin/builder/spi-builder-workspace/.derivedData/Build/Products/Debug-watchos/InstanaAgent_InstanaAgent.bundle/PrivacyInfo.xcprivacy /Users/admin/builder/spi-builder-workspace/Sources/InstanaAgent/Resources/PrivacyInfo.xcprivacy (in target 'InstanaAgent_InstanaAgent' from project 'InstanaAgent')
cd /Users/admin/builder/spi-builder-workspace
builtin-copy -exclude .DS_Store -exclude CVS -exclude .svn -exclude .git -exclude .hg -resolve-src-symlinks /Users/admin/builder/spi-builder-workspace/Sources/InstanaAgent/Resources/PrivacyInfo.xcprivacy /Users/admin/builder/spi-builder-workspace/.derivedData/Build/Products/Debug-watchos/InstanaAgent_InstanaAgent.bundle
RegisterExecutionPolicyException /Users/admin/builder/spi-builder-workspace/.derivedData/Build/Products/Debug-watchos/InstanaAgent_InstanaAgent.bundle (in target 'InstanaAgent_InstanaAgent' from project 'InstanaAgent')
cd /Users/admin/builder/spi-builder-workspace
builtin-RegisterExecutionPolicyException /Users/admin/builder/spi-builder-workspace/.derivedData/Build/Products/Debug-watchos/InstanaAgent_InstanaAgent.bundle
Touch /Users/admin/builder/spi-builder-workspace/.derivedData/Build/Products/Debug-watchos/InstanaAgent_InstanaAgent.bundle (in target 'InstanaAgent_InstanaAgent' from project 'InstanaAgent')
cd /Users/admin/builder/spi-builder-workspace
/usr/bin/touch -c /Users/admin/builder/spi-builder-workspace/.derivedData/Build/Products/Debug-watchos/InstanaAgent_InstanaAgent.bundle
ScanDependencies /Users/admin/builder/spi-builder-workspace/.derivedData/Build/Intermediates.noindex/GzipSwift.build/Debug-watchos/system-zlib-t.build/Objects-normal/arm64_32/anchor.o /Users/admin/builder/spi-builder-workspace/.dependencies/checkouts/GzipSwift/Sources/system-zlib/anchor.c normal arm64_32 c com.apple.compilers.llvm.clang.1_0.compiler (in target 'system-zlib' from project 'GzipSwift')
cd /Users/admin/builder/spi-builder-workspace/.swiftpm/xcode
Using response file: /Users/admin/builder/spi-builder-workspace/.derivedData/Build/Intermediates.noindex/GzipSwift.build/Debug-watchos/system-zlib-t.build/Objects-normal/arm64_32/7187679823f38a2a940e0043cdf9d637-common-args.resp
builtin-ScanDependencies -o /Users/admin/builder/spi-builder-workspace/.derivedData/Build/Intermediates.noindex/GzipSwift.build/Debug-watchos/system-zlib-t.build/Objects-normal/arm64_32/anchor.o.scan -- /Applications/Xcode-27.0.0.app/Contents/Developer/Toolchains/XcodeDefault.xctoolchain/usr/bin/clang -x c -ivfsstatcache /Users/admin/builder/spi-builder-workspace/.derivedData/SDKStatCaches.noindex/watchos27.0-24R360-e829b21a6f8c9b70876ba0858053c044b9db9bc9c079ee3c7b5f3373b13d10bc.sdkstatcache -target arm64_32-apple-watchos9.0 -fmessage-length\=0 -fdiagnostics-show-note-include-stack -fmacro-backtrace-limit\=0 -fno-color-diagnostics -fmodules-prune-interval\=86400 -fmodules-prune-after\=345600 -fbuild-session-file\=/Users/admin/builder/spi-builder-workspace/.derivedData/ModuleCache.noindex/Session.modulevalidation -fmodules-validate-once-per-build-session -Wnon-modular-include-in-framework-module -Werror\=non-modular-include-in-framework-module -Wno-trigraphs -Wno-missing-field-initializers -Wno-missing-prototypes -Wno-return-type -Wno-missing-braces -Wparentheses -Wswitch -Wno-unused-function -Wno-unused-label -Wno-unused-parameter -Wno-unused-variable -Wunused-value -Wno-empty-body -Wno-uninitialized -Wno-unknown-pragmas -w -Wno-shadow -Wno-four-char-constants -Wno-conversion -Wno-constant-conversion -Wno-int-conversion -Wno-bool-conversion -Wno-enum-conversion -Wno-float-conversion -Wno-non-literal-null-conversion -Wno-objc-literal-conversion -Wno-shorten-64-to-32 -Wpointer-sign -Wno-newline-eof -Wno-implicit-fallthrough -isysroot /Applications/Xcode-27.0.0.app/Contents/Developer/Platforms/WatchOS.platform/Developer/SDKs/WatchOS27.0.sdk -fstrict-aliasing -Wdeprecated-declarations -Wno-sign-conversion -Wno-infinite-recursion -Wno-comma -Wno-block-capture-autoreleasing -Wno-strict-prototypes -Wno-semicolon-before-method-body -index-store-path /Users/admin/builder/spi-builder-workspace/.derivedData/Index.noindex/DataStore @/Users/admin/builder/spi-builder-workspace/.derivedData/Build/Intermediates.noindex/GzipSwift.build/Debug-watchos/system-zlib-t.build/Objects-normal/arm64_32/7187679823f38a2a940e0043cdf9d637-common-args.resp -MMD -MT dependencies -MF /Users/admin/builder/spi-builder-workspace/.derivedData/Build/Intermediates.noindex/GzipSwift.build/Debug-watchos/system-zlib-t.build/Objects-normal/arm64_32/anchor.d --serialize-diagnostics /Users/admin/builder/spi-builder-workspace/.derivedData/Build/Intermediates.noindex/GzipSwift.build/Debug-watchos/system-zlib-t.build/Objects-normal/arm64_32/anchor.dia -c /Users/admin/builder/spi-builder-workspace/.dependencies/checkouts/GzipSwift/Sources/system-zlib/anchor.c -o /Users/admin/builder/spi-builder-workspace/.derivedData/Build/Intermediates.noindex/GzipSwift.build/Debug-watchos/system-zlib-t.build/Objects-normal/arm64_32/anchor.o -index-unit-output-path /GzipSwift.build/Debug-watchos/system-zlib-t.build/Objects-normal/arm64_32/anchor.o
ScanDependencies /Users/admin/builder/spi-builder-workspace/.derivedData/Build/Intermediates.noindex/InstanaAgent.build/Debug-watchos/ImageTracker-t.build/Objects-normal/arm64/ImageDetail.o /Users/admin/builder/spi-builder-workspace/Sources/ImageTracker/ImageDetail.m normal arm64 objective-c com.apple.compilers.llvm.clang.1_0.compiler (in target 'ImageTracker' from project 'InstanaAgent')
cd /Users/admin/builder/spi-builder-workspace/.swiftpm/xcode
Using response file: /Users/admin/builder/spi-builder-workspace/.derivedData/Build/Intermediates.noindex/InstanaAgent.build/Debug-watchos/ImageTracker-t.build/Objects-normal/arm64/e6072d4f65d7061329687fe24e3d63a7-common-args.resp
builtin-ScanDependencies -o /Users/admin/builder/spi-builder-workspace/.derivedData/Build/Intermediates.noindex/InstanaAgent.build/Debug-watchos/ImageTracker-t.build/Objects-normal/arm64/ImageDetail.o.scan -- /Applications/Xcode-27.0.0.app/Contents/Developer/Toolchains/XcodeDefault.xctoolchain/usr/bin/clang -x objective-c -ivfsstatcache /Users/admin/builder/spi-builder-workspace/.derivedData/SDKStatCaches.noindex/watchos27.0-24R360-e829b21a6f8c9b70876ba0858053c044b9db9bc9c079ee3c7b5f3373b13d10bc.sdkstatcache -target arm64-apple-watchos9.0 -fmessage-length\=0 -fdiagnostics-show-note-include-stack -fmacro-backtrace-limit\=0 -fno-color-diagnostics -fmodules-prune-interval\=86400 -fmodules-prune-after\=345600 -fbuild-session-file\=/Users/admin/builder/spi-builder-workspace/.derivedData/ModuleCache.noindex/Session.modulevalidation -fmodules-validate-once-per-build-session -Wnon-modular-include-in-framework-module -Werror\=non-modular-include-in-framework-module -Wno-trigraphs -Wno-missing-field-initializers -Wno-missing-prototypes -Wno-return-type -Wno-implicit-atomic-properties -Wno-objc-interface-ivars -Wno-arc-repeated-use-of-weak -Wno-missing-braces -Wparentheses -Wswitch -Wno-unused-function -Wno-unused-label -Wno-unused-parameter -Wno-unused-variable -Wunused-value -Wno-empty-body -Wno-uninitialized -Wno-unknown-pragmas -Wno-shadow -Wno-four-char-constants -Wno-conversion -Wno-constant-conversion -Wno-int-conversion -Wno-bool-conversion -Wno-enum-conversion -Wno-float-conversion -Wno-non-literal-null-conversion -Wno-objc-literal-conversion -Wshorten-64-to-32 -Wpointer-sign -Wno-newline-eof -Wno-selector -Wno-strict-selector-match -Wno-undeclared-selector -Wno-deprecated-implementations -Wno-implicit-fallthrough -isysroot /Applications/Xcode-27.0.0.app/Contents/Developer/Platforms/WatchOS.platform/Developer/SDKs/WatchOS27.0.sdk -fstrict-aliasing -Wprotocol -Wdeprecated-declarations -Wno-sign-conversion -Wno-infinite-recursion -Wno-comma -Wno-block-capture-autoreleasing -Wno-strict-prototypes -Wno-semicolon-before-method-body -index-store-path /Users/admin/builder/spi-builder-workspace/.derivedData/Index.noindex/DataStore @/Users/admin/builder/spi-builder-workspace/.derivedData/Build/Intermediates.noindex/InstanaAgent.build/Debug-watchos/ImageTracker-t.build/Objects-normal/arm64/e6072d4f65d7061329687fe24e3d63a7-common-args.resp -MMD -MT dependencies -MF /Users/admin/builder/spi-builder-workspace/.derivedData/Build/Intermediates.noindex/InstanaAgent.build/Debug-watchos/ImageTracker-t.build/Objects-normal/arm64/ImageDetail.d --serialize-diagnostics /Users/admin/builder/spi-builder-workspace/.derivedData/Build/Intermediates.noindex/InstanaAgent.build/Debug-watchos/ImageTracker-t.build/Objects-normal/arm64/ImageDetail.dia -c /Users/admin/builder/spi-builder-workspace/Sources/ImageTracker/ImageDetail.m -o /Users/admin/builder/spi-builder-workspace/.derivedData/Build/Intermediates.noindex/InstanaAgent.build/Debug-watchos/ImageTracker-t.build/Objects-normal/arm64/ImageDetail.o -index-unit-output-path /InstanaAgent.build/Debug-watchos/ImageTracker-t.build/Objects-normal/arm64/ImageDetail.o
ScanDependencies /Users/admin/builder/spi-builder-workspace/.derivedData/Build/Intermediates.noindex/InstanaAgent.build/Debug-watchos/ImageTracker-t.build/Objects-normal/arm64_32/ImageDetail.o /Users/admin/builder/spi-builder-workspace/Sources/ImageTracker/ImageDetail.m normal arm64_32 objective-c com.apple.compilers.llvm.clang.1_0.compiler (in target 'ImageTracker' from project 'InstanaAgent')
cd /Users/admin/builder/spi-builder-workspace/.swiftpm/xcode
Using response file: /Users/admin/builder/spi-builder-workspace/.derivedData/Build/Intermediates.noindex/InstanaAgent.build/Debug-watchos/ImageTracker-t.build/Objects-normal/arm64_32/e6072d4f65d7061329687fe24e3d63a7-common-args.resp
builtin-ScanDependencies -o /Users/admin/builder/spi-builder-workspace/.derivedData/Build/Intermediates.noindex/InstanaAgent.build/Debug-watchos/ImageTracker-t.build/Objects-normal/arm64_32/ImageDetail.o.scan -- /Applications/Xcode-27.0.0.app/Contents/Developer/Toolchains/XcodeDefault.xctoolchain/usr/bin/clang -x objective-c -ivfsstatcache /Users/admin/builder/spi-builder-workspace/.derivedData/SDKStatCaches.noindex/watchos27.0-24R360-e829b21a6f8c9b70876ba0858053c044b9db9bc9c079ee3c7b5f3373b13d10bc.sdkstatcache -target arm64_32-apple-watchos9.0 -fmessage-length\=0 -fdiagnostics-show-note-include-stack -fmacro-backtrace-limit\=0 -fno-color-diagnostics -fmodules-prune-interval\=86400 -fmodules-prune-after\=345600 -fbuild-session-file\=/Users/admin/builder/spi-builder-workspace/.derivedData/ModuleCache.noindex/Session.modulevalidation -fmodules-validate-once-per-build-session -Wnon-modular-include-in-framework-module -Werror\=non-modular-include-in-framework-module -Wno-trigraphs -Wno-missing-field-initializers -Wno-missing-prototypes -Wno-return-type -Wno-implicit-atomic-properties -Wno-objc-interface-ivars -Wno-arc-repeated-use-of-weak -Wno-missing-braces -Wparentheses -Wswitch -Wno-unused-function -Wno-unused-label -Wno-unused-parameter -Wno-unused-variable -Wunused-value -Wno-empty-body -Wno-uninitialized -Wno-unknown-pragmas -Wno-shadow -Wno-four-char-constants -Wno-conversion -Wno-constant-conversion -Wno-int-conversion -Wno-bool-conversion -Wno-enum-conversion -Wno-float-conversion -Wno-non-literal-null-conversion -Wno-objc-literal-conversion -Wno-shorten-64-to-32 -Wpointer-sign -Wno-newline-eof -Wno-selector -Wno-strict-selector-match -Wno-undeclared-selector -Wno-deprecated-implementations -Wno-implicit-fallthrough -isysroot /Applications/Xcode-27.0.0.app/Contents/Developer/Platforms/WatchOS.platform/Developer/SDKs/WatchOS27.0.sdk -fstrict-aliasing -Wprotocol -Wdeprecated-declarations -Wno-sign-conversion -Wno-infinite-recursion -Wno-comma -Wno-block-capture-autoreleasing -Wno-strict-prototypes -Wno-semicolon-before-method-body -index-store-path /Users/admin/builder/spi-builder-workspace/.derivedData/Index.noindex/DataStore @/Users/admin/builder/spi-builder-workspace/.derivedData/Build/Intermediates.noindex/InstanaAgent.build/Debug-watchos/ImageTracker-t.build/Objects-normal/arm64_32/e6072d4f65d7061329687fe24e3d63a7-common-args.resp -MMD -MT dependencies -MF /Users/admin/builder/spi-builder-workspace/.derivedData/Build/Intermediates.noindex/InstanaAgent.build/Debug-watchos/ImageTracker-t.build/Objects-normal/arm64_32/ImageDetail.d --serialize-diagnostics /Users/admin/builder/spi-builder-workspace/.derivedData/Build/Intermediates.noindex/InstanaAgent.build/Debug-watchos/ImageTracker-t.build/Objects-normal/arm64_32/ImageDetail.dia -c /Users/admin/builder/spi-builder-workspace/Sources/ImageTracker/ImageDetail.m -o /Users/admin/builder/spi-builder-workspace/.derivedData/Build/Intermediates.noindex/InstanaAgent.build/Debug-watchos/ImageTracker-t.build/Objects-normal/arm64_32/ImageDetail.o -index-unit-output-path /InstanaAgent.build/Debug-watchos/ImageTracker-t.build/Objects-normal/arm64_32/ImageDetail.o
ScanDependencies /Users/admin/builder/spi-builder-workspace/.derivedData/Build/Intermediates.noindex/GzipSwift.build/Debug-watchos/system-zlib-t.build/Objects-normal/arm64/anchor.o /Users/admin/builder/spi-builder-workspace/.dependencies/checkouts/GzipSwift/Sources/system-zlib/anchor.c normal arm64 c com.apple.compilers.llvm.clang.1_0.compiler (in target 'system-zlib' from project 'GzipSwift')
cd /Users/admin/builder/spi-builder-workspace/.swiftpm/xcode
Using response file: /Users/admin/builder/spi-builder-workspace/.derivedData/Build/Intermediates.noindex/GzipSwift.build/Debug-watchos/system-zlib-t.build/Objects-normal/arm64/7187679823f38a2a940e0043cdf9d637-common-args.resp
builtin-ScanDependencies -o /Users/admin/builder/spi-builder-workspace/.derivedData/Build/Intermediates.noindex/GzipSwift.build/Debug-watchos/system-zlib-t.build/Objects-normal/arm64/anchor.o.scan -- /Applications/Xcode-27.0.0.app/Contents/Developer/Toolchains/XcodeDefault.xctoolchain/usr/bin/clang -x c -ivfsstatcache /Users/admin/builder/spi-builder-workspace/.derivedData/SDKStatCaches.noindex/watchos27.0-24R360-e829b21a6f8c9b70876ba0858053c044b9db9bc9c079ee3c7b5f3373b13d10bc.sdkstatcache -target arm64-apple-watchos9.0 -fmessage-length\=0 -fdiagnostics-show-note-include-stack -fmacro-backtrace-limit\=0 -fno-color-diagnostics -fmodules-prune-interval\=86400 -fmodules-prune-after\=345600 -fbuild-session-file\=/Users/admin/builder/spi-builder-workspace/.derivedData/ModuleCache.noindex/Session.modulevalidation -fmodules-validate-once-per-build-session -Wnon-modular-include-in-framework-module -Werror\=non-modular-include-in-framework-module -Wno-trigraphs -Wno-missing-field-initializers -Wno-missing-prototypes -Wno-return-type -Wno-missing-braces -Wparentheses -Wswitch -Wno-unused-function -Wno-unused-label -Wno-unused-parameter -Wno-unused-variable -Wunused-value -Wno-empty-body -Wno-uninitialized -Wno-unknown-pragmas -w -Wno-shadow -Wno-four-char-constants -Wno-conversion -Wno-constant-conversion -Wno-int-conversion -Wno-bool-conversion -Wno-enum-conversion -Wno-float-conversion -Wno-non-literal-null-conversion -Wno-objc-literal-conversion -Wshorten-64-to-32 -Wpointer-sign -Wno-newline-eof -Wno-implicit-fallthrough -isysroot /Applications/Xcode-27.0.0.app/Contents/Developer/Platforms/WatchOS.platform/Developer/SDKs/WatchOS27.0.sdk -fstrict-aliasing -Wdeprecated-declarations -Wno-sign-conversion -Wno-infinite-recursion -Wno-comma -Wno-block-capture-autoreleasing -Wno-strict-prototypes -Wno-semicolon-before-method-body -index-store-path /Users/admin/builder/spi-builder-workspace/.derivedData/Index.noindex/DataStore @/Users/admin/builder/spi-builder-workspace/.derivedData/Build/Intermediates.noindex/GzipSwift.build/Debug-watchos/system-zlib-t.build/Objects-normal/arm64/7187679823f38a2a940e0043cdf9d637-common-args.resp -MMD -MT dependencies -MF /Users/admin/builder/spi-builder-workspace/.derivedData/Build/Intermediates.noindex/GzipSwift.build/Debug-watchos/system-zlib-t.build/Objects-normal/arm64/anchor.d --serialize-diagnostics /Users/admin/builder/spi-builder-workspace/.derivedData/Build/Intermediates.noindex/GzipSwift.build/Debug-watchos/system-zlib-t.build/Objects-normal/arm64/anchor.dia -c /Users/admin/builder/spi-builder-workspace/.dependencies/checkouts/GzipSwift/Sources/system-zlib/anchor.c -o /Users/admin/builder/spi-builder-workspace/.derivedData/Build/Intermediates.noindex/GzipSwift.build/Debug-watchos/system-zlib-t.build/Objects-normal/arm64/anchor.o -index-unit-output-path /GzipSwift.build/Debug-watchos/system-zlib-t.build/Objects-normal/arm64/anchor.o
SwiftDriver Gzip normal arm64_32 com.apple.xcode.tools.swift.compiler (in target 'Gzip' from project 'GzipSwift')
cd /Users/admin/builder/spi-builder-workspace/.swiftpm/xcode
builtin-SwiftDriver -- /Applications/Xcode-27.0.0.app/Contents/Developer/Toolchains/XcodeDefault.xctoolchain/usr/bin/swiftc -parse-as-library -module-name Gzip -Onone @/Users/admin/builder/spi-builder-workspace/.derivedData/Build/Intermediates.noindex/GzipSwift.build/Debug-watchos/Gzip-t.build/Objects-normal/arm64_32/Gzip.SwiftFileList -DSWIFT_PACKAGE -DDEBUG -DSWIFT_MODULE_RESOURCE_BUNDLE_UNAVAILABLE -Xcc -fmodule-map-file\=/Users/admin/builder/spi-builder-workspace/.dependencies/checkouts/GzipSwift/Sources/system-zlib/include/module.modulemap -DXcode -plugin-path /Applications/Xcode-27.0.0.app/Contents/Developer/Toolchains/XcodeDefault.xctoolchain/usr/lib/swift/host/plugins/testing -enable-experimental-feature DebugDescriptionMacro -sdk /Applications/Xcode-27.0.0.app/Contents/Developer/Platforms/WatchOS.platform/Developer/SDKs/WatchOS27.0.sdk -target arm64_32-apple-watchos9.0 -g -module-cache-path /Users/admin/builder/spi-builder-workspace/.derivedData/ModuleCache.noindex -Xfrontend -serialize-debugging-options -profile-coverage-mapping -profile-generate -enable-testing -suppress-warnings -index-store-path /Users/admin/builder/spi-builder-workspace/.derivedData/Index.noindex/DataStore -Xcc -D_LIBCPP_HARDENING_MODE\=_LIBCPP_HARDENING_MODE_DEBUG -swift-version 6 -I /Users/admin/builder/spi-builder-workspace/.derivedData/Build/Products/Debug-watchos -Isystem /Applications/Xcode-27.0.0.app/Contents/Developer/Platforms/WatchOS.platform/Developer/usr/lib -F /Users/admin/builder/spi-builder-workspace/.derivedData/Build/Products/Debug-watchos/PackageFrameworks -F /Users/admin/builder/spi-builder-workspace/.derivedData/Build/Products/Debug-watchos -F /Applications/Xcode-27.0.0.app/Contents/Developer/Platforms/WatchOS.platform/Developer/Library/Frameworks -F /Applications/Xcode-27.0.0.app/Contents/Developer/Platforms/WatchOS.platform/Developer/SDKs/WatchOS27.0.sdk/Developer/Library/Frameworks -c -j10 -enable-batch-mode -incremental -Xcc -ivfsstatcache -Xcc /Users/admin/builder/spi-builder-workspace/.derivedData/SDKStatCaches.noindex/watchos27.0-24R360-e829b21a6f8c9b70876ba0858053c044b9db9bc9c079ee3c7b5f3373b13d10bc.sdkstatcache -output-file-map /Users/admin/builder/spi-builder-workspace/.derivedData/Build/Intermediates.noindex/GzipSwift.build/Debug-watchos/Gzip-t.build/Objects-normal/arm64_32/Gzip-OutputFileMap.json -save-temps -no-color-diagnostics -explicit-module-build -module-cache-path /Users/admin/builder/spi-builder-workspace/.derivedData/Build/Intermediates.noindex/SwiftExplicitPrecompiledModules -clang-scanner-module-cache-path /Users/admin/builder/spi-builder-workspace/.derivedData/ModuleCache.noindex -sdk-module-cache-path /Users/admin/builder/spi-builder-workspace/.derivedData/SDKExplicitPrecompiledModules -emit-dependencies -emit-module -emit-module-path /Users/admin/builder/spi-builder-workspace/.derivedData/Build/Intermediates.noindex/GzipSwift.build/Debug-watchos/Gzip-t.build/Objects-normal/arm64_32/Gzip.swiftmodule -serialize-diagnostics -dependency-scan-serialize-diagnostics-path /Users/admin/builder/spi-builder-workspace/.derivedData/Build/Intermediates.noindex/GzipSwift.build/Debug-watchos/Gzip-t.build/Objects-normal/arm64_32/Gzip-dependency-scan.dia -user-module-version 6.1.0 -validate-clang-modules-once -clang-build-session-file /Users/admin/builder/spi-builder-workspace/.derivedData/ModuleCache.noindex/Session.modulevalidation -Xcc -fmodules-prune-interval\=86400 -Xcc -fmodules-prune-after\=345600 -package-name gzipswift -emit-const-values -const-gather-protocols-list /Users/admin/builder/spi-builder-workspace/.derivedData/Build/Intermediates.noindex/GzipSwift.build/Debug-watchos/Gzip-t.build/Objects-normal/arm64_32/Gzip_const_extract_protocols.json -Xcc -I/Users/admin/builder/spi-builder-workspace/.dependencies/checkouts/GzipSwift/Sources/system-zlib/include -Xcc -I/Users/admin/builder/spi-builder-workspace/.derivedData/Build/Products/Debug-watchos/include -Xcc -I/Users/admin/builder/spi-builder-workspace/.derivedData/Build/Intermediates.noindex/GzipSwift.build/Debug-watchos/Gzip-t.build/DerivedSources-normal/arm64_32 -Xcc -I/Users/admin/builder/spi-builder-workspace/.derivedData/Build/Intermediates.noindex/GzipSwift.build/Debug-watchos/Gzip-t.build/DerivedSources/arm64_32 -Xcc -I/Users/admin/builder/spi-builder-workspace/.derivedData/Build/Intermediates.noindex/GzipSwift.build/Debug-watchos/Gzip-t.build/DerivedSources -Xcc -DSWIFT_PACKAGE -Xcc -DDEBUG\=1 -emit-objc-header -emit-objc-header-path /Users/admin/builder/spi-builder-workspace/.derivedData/Build/Intermediates.noindex/GzipSwift.build/Debug-watchos/Gzip-t.build/Objects-normal/arm64_32/Gzip-Swift.h -working-directory /Users/admin/builder/spi-builder-workspace/.swiftpm/xcode -experimental-emit-module-separately -disable-cmo
SwiftDriver Gzip normal arm64 com.apple.xcode.tools.swift.compiler (in target 'Gzip' from project 'GzipSwift')
cd /Users/admin/builder/spi-builder-workspace/.swiftpm/xcode
builtin-SwiftDriver -- /Applications/Xcode-27.0.0.app/Contents/Developer/Toolchains/XcodeDefault.xctoolchain/usr/bin/swiftc -parse-as-library -module-name Gzip -Onone @/Users/admin/builder/spi-builder-workspace/.derivedData/Build/Intermediates.noindex/GzipSwift.build/Debug-watchos/Gzip-t.build/Objects-normal/arm64/Gzip.SwiftFileList -DSWIFT_PACKAGE -DDEBUG -DSWIFT_MODULE_RESOURCE_BUNDLE_UNAVAILABLE -Xcc -fmodule-map-file\=/Users/admin/builder/spi-builder-workspace/.dependencies/checkouts/GzipSwift/Sources/system-zlib/include/module.modulemap -DXcode -plugin-path /Applications/Xcode-27.0.0.app/Contents/Developer/Toolchains/XcodeDefault.xctoolchain/usr/lib/swift/host/plugins/testing -enable-experimental-feature DebugDescriptionMacro -sdk /Applications/Xcode-27.0.0.app/Contents/Developer/Platforms/WatchOS.platform/Developer/SDKs/WatchOS27.0.sdk -target arm64-apple-watchos9.0 -g -module-cache-path /Users/admin/builder/spi-builder-workspace/.derivedData/ModuleCache.noindex -Xfrontend -serialize-debugging-options -profile-coverage-mapping -profile-generate -enable-testing -suppress-warnings -index-store-path /Users/admin/builder/spi-builder-workspace/.derivedData/Index.noindex/DataStore -Xcc -D_LIBCPP_HARDENING_MODE\=_LIBCPP_HARDENING_MODE_DEBUG -swift-version 6 -I /Users/admin/builder/spi-builder-workspace/.derivedData/Build/Products/Debug-watchos -Isystem /Applications/Xcode-27.0.0.app/Contents/Developer/Platforms/WatchOS.platform/Developer/usr/lib -F /Users/admin/builder/spi-builder-workspace/.derivedData/Build/Products/Debug-watchos/PackageFrameworks -F /Users/admin/builder/spi-builder-workspace/.derivedData/Build/Products/Debug-watchos -F /Applications/Xcode-27.0.0.app/Contents/Developer/Platforms/WatchOS.platform/Developer/Library/Frameworks -F /Applications/Xcode-27.0.0.app/Contents/Developer/Platforms/WatchOS.platform/Developer/SDKs/WatchOS27.0.sdk/Developer/Library/Frameworks -c -j10 -enable-batch-mode -incremental -Xcc -ivfsstatcache -Xcc /Users/admin/builder/spi-builder-workspace/.derivedData/SDKStatCaches.noindex/watchos27.0-24R360-e829b21a6f8c9b70876ba0858053c044b9db9bc9c079ee3c7b5f3373b13d10bc.sdkstatcache -output-file-map /Users/admin/builder/spi-builder-workspace/.derivedData/Build/Intermediates.noindex/GzipSwift.build/Debug-watchos/Gzip-t.build/Objects-normal/arm64/Gzip-OutputFileMap.json -save-temps -no-color-diagnostics -explicit-module-build -module-cache-path /Users/admin/builder/spi-builder-workspace/.derivedData/Build/Intermediates.noindex/SwiftExplicitPrecompiledModules -clang-scanner-module-cache-path /Users/admin/builder/spi-builder-workspace/.derivedData/ModuleCache.noindex -sdk-module-cache-path /Users/admin/builder/spi-builder-workspace/.derivedData/SDKExplicitPrecompiledModules -emit-dependencies -emit-module -emit-module-path /Users/admin/builder/spi-builder-workspace/.derivedData/Build/Intermediates.noindex/GzipSwift.build/Debug-watchos/Gzip-t.build/Objects-normal/arm64/Gzip.swiftmodule -serialize-diagnostics -dependency-scan-serialize-diagnostics-path /Users/admin/builder/spi-builder-workspace/.derivedData/Build/Intermediates.noindex/GzipSwift.build/Debug-watchos/Gzip-t.build/Objects-normal/arm64/Gzip-dependency-scan.dia -user-module-version 6.1.0 -validate-clang-modules-once -clang-build-session-file /Users/admin/builder/spi-builder-workspace/.derivedData/ModuleCache.noindex/Session.modulevalidation -Xcc -fmodules-prune-interval\=86400 -Xcc -fmodules-prune-after\=345600 -package-name gzipswift -emit-const-values -const-gather-protocols-list /Users/admin/builder/spi-builder-workspace/.derivedData/Build/Intermediates.noindex/GzipSwift.build/Debug-watchos/Gzip-t.build/Objects-normal/arm64/Gzip_const_extract_protocols.json -Xcc -I/Users/admin/builder/spi-builder-workspace/.dependencies/checkouts/GzipSwift/Sources/system-zlib/include -Xcc -I/Users/admin/builder/spi-builder-workspace/.derivedData/Build/Products/Debug-watchos/include -Xcc -I/Users/admin/builder/spi-builder-workspace/.derivedData/Build/Intermediates.noindex/GzipSwift.build/Debug-watchos/Gzip-t.build/DerivedSources-normal/arm64 -Xcc -I/Users/admin/builder/spi-builder-workspace/.derivedData/Build/Intermediates.noindex/GzipSwift.build/Debug-watchos/Gzip-t.build/DerivedSources/arm64 -Xcc -I/Users/admin/builder/spi-builder-workspace/.derivedData/Build/Intermediates.noindex/GzipSwift.build/Debug-watchos/Gzip-t.build/DerivedSources -Xcc -DSWIFT_PACKAGE -Xcc -DDEBUG\=1 -emit-objc-header -emit-objc-header-path /Users/admin/builder/spi-builder-workspace/.derivedData/Build/Intermediates.noindex/GzipSwift.build/Debug-watchos/Gzip-t.build/Objects-normal/arm64/Gzip-Swift.h -working-directory /Users/admin/builder/spi-builder-workspace/.swiftpm/xcode -experimental-emit-module-separately -disable-cmo
CompileC /Users/admin/builder/spi-builder-workspace/.derivedData/Build/Intermediates.noindex/GzipSwift.build/Debug-watchos/system-zlib-t.build/Objects-normal/arm64/anchor.o /Users/admin/builder/spi-builder-workspace/.dependencies/checkouts/GzipSwift/Sources/system-zlib/anchor.c normal arm64 c com.apple.compilers.llvm.clang.1_0.compiler (in target 'system-zlib' from project 'GzipSwift')
cd /Users/admin/builder/spi-builder-workspace/.swiftpm/xcode
Using response file: /Users/admin/builder/spi-builder-workspace/.derivedData/Build/Intermediates.noindex/GzipSwift.build/Debug-watchos/system-zlib-t.build/Objects-normal/arm64/7187679823f38a2a940e0043cdf9d637-common-args.resp
/Applications/Xcode-27.0.0.app/Contents/Developer/Toolchains/XcodeDefault.xctoolchain/usr/bin/clang -x c -ivfsstatcache /Users/admin/builder/spi-builder-workspace/.derivedData/SDKStatCaches.noindex/watchos27.0-24R360-e829b21a6f8c9b70876ba0858053c044b9db9bc9c079ee3c7b5f3373b13d10bc.sdkstatcache -target arm64-apple-watchos9.0 -fmessage-length\=0 -fdiagnostics-show-note-include-stack -fmacro-backtrace-limit\=0 -fno-color-diagnostics -fmodules-prune-interval\=86400 -fmodules-prune-after\=345600 -fbuild-session-file\=/Users/admin/builder/spi-builder-workspace/.derivedData/ModuleCache.noindex/Session.modulevalidation -fmodules-validate-once-per-build-session -Wnon-modular-include-in-framework-module -Werror\=non-modular-include-in-framework-module -Wno-trigraphs -Wno-missing-field-initializers -Wno-missing-prototypes -Wno-return-type -Wno-missing-braces -Wparentheses -Wswitch -Wno-unused-function -Wno-unused-label -Wno-unused-parameter -Wno-unused-variable -Wunused-value -Wno-empty-body -Wno-uninitialized -Wno-unknown-pragmas -w -Wno-shadow -Wno-four-char-constants -Wno-conversion -Wno-constant-conversion -Wno-int-conversion -Wno-bool-conversion -Wno-enum-conversion -Wno-float-conversion -Wno-non-literal-null-conversion -Wno-objc-literal-conversion -Wshorten-64-to-32 -Wpointer-sign -Wno-newline-eof -Wno-implicit-fallthrough -isysroot /Applications/Xcode-27.0.0.app/Contents/Developer/Platforms/WatchOS.platform/Developer/SDKs/WatchOS27.0.sdk -fstrict-aliasing -Wdeprecated-declarations -Wno-sign-conversion -Wno-infinite-recursion -Wno-comma -Wno-block-capture-autoreleasing -Wno-strict-prototypes -Wno-semicolon-before-method-body -index-store-path /Users/admin/builder/spi-builder-workspace/.derivedData/Index.noindex/DataStore @/Users/admin/builder/spi-builder-workspace/.derivedData/Build/Intermediates.noindex/GzipSwift.build/Debug-watchos/system-zlib-t.build/Objects-normal/arm64/7187679823f38a2a940e0043cdf9d637-common-args.resp -MMD -MT dependencies -MF /Users/admin/builder/spi-builder-workspace/.derivedData/Build/Intermediates.noindex/GzipSwift.build/Debug-watchos/system-zlib-t.build/Objects-normal/arm64/anchor.d --serialize-diagnostics /Users/admin/builder/spi-builder-workspace/.derivedData/Build/Intermediates.noindex/GzipSwift.build/Debug-watchos/system-zlib-t.build/Objects-normal/arm64/anchor.dia -c /Users/admin/builder/spi-builder-workspace/.dependencies/checkouts/GzipSwift/Sources/system-zlib/anchor.c -o /Users/admin/builder/spi-builder-workspace/.derivedData/Build/Intermediates.noindex/GzipSwift.build/Debug-watchos/system-zlib-t.build/Objects-normal/arm64/anchor.o -index-unit-output-path /GzipSwift.build/Debug-watchos/system-zlib-t.build/Objects-normal/arm64/anchor.o
CompileC /Users/admin/builder/spi-builder-workspace/.derivedData/Build/Intermediates.noindex/GzipSwift.build/Debug-watchos/system-zlib-t.build/Objects-normal/arm64_32/anchor.o /Users/admin/builder/spi-builder-workspace/.dependencies/checkouts/GzipSwift/Sources/system-zlib/anchor.c normal arm64_32 c com.apple.compilers.llvm.clang.1_0.compiler (in target 'system-zlib' from project 'GzipSwift')
cd /Users/admin/builder/spi-builder-workspace/.swiftpm/xcode
Using response file: /Users/admin/builder/spi-builder-workspace/.derivedData/Build/Intermediates.noindex/GzipSwift.build/Debug-watchos/system-zlib-t.build/Objects-normal/arm64_32/7187679823f38a2a940e0043cdf9d637-common-args.resp
/Applications/Xcode-27.0.0.app/Contents/Developer/Toolchains/XcodeDefault.xctoolchain/usr/bin/clang -x c -ivfsstatcache /Users/admin/builder/spi-builder-workspace/.derivedData/SDKStatCaches.noindex/watchos27.0-24R360-e829b21a6f8c9b70876ba0858053c044b9db9bc9c079ee3c7b5f3373b13d10bc.sdkstatcache -target arm64_32-apple-watchos9.0 -fmessage-length\=0 -fdiagnostics-show-note-include-stack -fmacro-backtrace-limit\=0 -fno-color-diagnostics -fmodules-prune-interval\=86400 -fmodules-prune-after\=345600 -fbuild-session-file\=/Users/admin/builder/spi-builder-workspace/.derivedData/ModuleCache.noindex/Session.modulevalidation -fmodules-validate-once-per-build-session -Wnon-modular-include-in-framework-module -Werror\=non-modular-include-in-framework-module -Wno-trigraphs -Wno-missing-field-initializers -Wno-missing-prototypes -Wno-return-type -Wno-missing-braces -Wparentheses -Wswitch -Wno-unused-function -Wno-unused-label -Wno-unused-parameter -Wno-unused-variable -Wunused-value -Wno-empty-body -Wno-uninitialized -Wno-unknown-pragmas -w -Wno-shadow -Wno-four-char-constants -Wno-conversion -Wno-constant-conversion -Wno-int-conversion -Wno-bool-conversion -Wno-enum-conversion -Wno-float-conversion -Wno-non-literal-null-conversion -Wno-objc-literal-conversion -Wno-shorten-64-to-32 -Wpointer-sign -Wno-newline-eof -Wno-implicit-fallthrough -isysroot /Applications/Xcode-27.0.0.app/Contents/Developer/Platforms/WatchOS.platform/Developer/SDKs/WatchOS27.0.sdk -fstrict-aliasing -Wdeprecated-declarations -Wno-sign-conversion -Wno-infinite-recursion -Wno-comma -Wno-block-capture-autoreleasing -Wno-strict-prototypes -Wno-semicolon-before-method-body -index-store-path /Users/admin/builder/spi-builder-workspace/.derivedData/Index.noindex/DataStore @/Users/admin/builder/spi-builder-workspace/.derivedData/Build/Intermediates.noindex/GzipSwift.build/Debug-watchos/system-zlib-t.build/Objects-normal/arm64_32/7187679823f38a2a940e0043cdf9d637-common-args.resp -MMD -MT dependencies -MF /Users/admin/builder/spi-builder-workspace/.derivedData/Build/Intermediates.noindex/GzipSwift.build/Debug-watchos/system-zlib-t.build/Objects-normal/arm64_32/anchor.d --serialize-diagnostics /Users/admin/builder/spi-builder-workspace/.derivedData/Build/Intermediates.noindex/GzipSwift.build/Debug-watchos/system-zlib-t.build/Objects-normal/arm64_32/anchor.dia -c /Users/admin/builder/spi-builder-workspace/.dependencies/checkouts/GzipSwift/Sources/system-zlib/anchor.c -o /Users/admin/builder/spi-builder-workspace/.derivedData/Build/Intermediates.noindex/GzipSwift.build/Debug-watchos/system-zlib-t.build/Objects-normal/arm64_32/anchor.o -index-unit-output-path /GzipSwift.build/Debug-watchos/system-zlib-t.build/Objects-normal/arm64_32/anchor.o
Ld /Users/admin/builder/spi-builder-workspace/.derivedData/Build/Intermediates.noindex/GzipSwift.build/Debug-watchos/system-zlib-t.build/Objects-normal/arm64_32/Binary/system-zlib.o normal arm64_32 (in target 'system-zlib' from project 'GzipSwift')
cd /Users/admin/builder/spi-builder-workspace/.dependencies/checkouts/GzipSwift
/Applications/Xcode-27.0.0.app/Contents/Developer/Toolchains/XcodeDefault.xctoolchain/usr/bin/clang -Xlinker -reproducible -target arm64_32-apple-watchos9.0 -r -isysroot /Applications/Xcode-27.0.0.app/Contents/Developer/Platforms/WatchOS.platform/Developer/SDKs/WatchOS27.0.sdk -O0 -w -Xlinker -no_warn_duplicate_libraries -F/Users/admin/builder/spi-builder-workspace/.derivedData/Build/Intermediates.noindex/EagerLinkingTBDs/Debug-watchos -F/Users/admin/builder/spi-builder-workspace/.derivedData/Build/Products/Debug-watchos -iframework /Applications/Xcode-27.0.0.app/Contents/Developer/Platforms/WatchOS.platform/Developer/Library/Frameworks -iframework /Applications/Xcode-27.0.0.app/Contents/Developer/Platforms/WatchOS.platform/Developer/SDKs/WatchOS27.0.sdk/Developer/Library/Frameworks -filelist /Users/admin/builder/spi-builder-workspace/.derivedData/Build/Intermediates.noindex/GzipSwift.build/Debug-watchos/system-zlib-t.build/Objects-normal/arm64_32/system-zlib.LinkFileList -nostdlib -Xlinker -object_path_lto -Xlinker /Users/admin/builder/spi-builder-workspace/.derivedData/Build/Intermediates.noindex/GzipSwift.build/Debug-watchos/system-zlib-t.build/Objects-normal/arm64_32/system-zlib_lto.o -Xlinker -no_deduplicate -Xlinker -debug_variant -Xlinker -dependency_info -Xlinker /Users/admin/builder/spi-builder-workspace/.derivedData/Build/Intermediates.noindex/GzipSwift.build/Debug-watchos/system-zlib-t.build/Objects-normal/arm64_32/system-zlib_dependency_info.dat -o /Users/admin/builder/spi-builder-workspace/.derivedData/Build/Intermediates.noindex/GzipSwift.build/Debug-watchos/system-zlib-t.build/Objects-normal/arm64_32/Binary/system-zlib.o
Ld /Users/admin/builder/spi-builder-workspace/.derivedData/Build/Intermediates.noindex/GzipSwift.build/Debug-watchos/system-zlib-t.build/Objects-normal/arm64/Binary/system-zlib.o normal arm64 (in target 'system-zlib' from project 'GzipSwift')
cd /Users/admin/builder/spi-builder-workspace/.dependencies/checkouts/GzipSwift
/Applications/Xcode-27.0.0.app/Contents/Developer/Toolchains/XcodeDefault.xctoolchain/usr/bin/clang -Xlinker -reproducible -target arm64-apple-watchos9.0 -r -isysroot /Applications/Xcode-27.0.0.app/Contents/Developer/Platforms/WatchOS.platform/Developer/SDKs/WatchOS27.0.sdk -O0 -w -Xlinker -no_warn_duplicate_libraries -F/Users/admin/builder/spi-builder-workspace/.derivedData/Build/Intermediates.noindex/EagerLinkingTBDs/Debug-watchos -F/Users/admin/builder/spi-builder-workspace/.derivedData/Build/Products/Debug-watchos -iframework /Applications/Xcode-27.0.0.app/Contents/Developer/Platforms/WatchOS.platform/Developer/Library/Frameworks -iframework /Applications/Xcode-27.0.0.app/Contents/Developer/Platforms/WatchOS.platform/Developer/SDKs/WatchOS27.0.sdk/Developer/Library/Frameworks -filelist /Users/admin/builder/spi-builder-workspace/.derivedData/Build/Intermediates.noindex/GzipSwift.build/Debug-watchos/system-zlib-t.build/Objects-normal/arm64/system-zlib.LinkFileList -nostdlib -Xlinker -object_path_lto -Xlinker /Users/admin/builder/spi-builder-workspace/.derivedData/Build/Intermediates.noindex/GzipSwift.build/Debug-watchos/system-zlib-t.build/Objects-normal/arm64/system-zlib_lto.o -Xlinker -no_deduplicate -Xlinker -debug_variant -Xlinker -dependency_info -Xlinker /Users/admin/builder/spi-builder-workspace/.derivedData/Build/Intermediates.noindex/GzipSwift.build/Debug-watchos/system-zlib-t.build/Objects-normal/arm64/system-zlib_dependency_info.dat -o /Users/admin/builder/spi-builder-workspace/.derivedData/Build/Intermediates.noindex/GzipSwift.build/Debug-watchos/system-zlib-t.build/Objects-normal/arm64/Binary/system-zlib.o
CreateUniversalBinary /Users/admin/builder/spi-builder-workspace/.derivedData/Build/Products/Debug-watchos/system-zlib.o normal arm64\ arm64_32 (in target 'system-zlib' from project 'GzipSwift')
cd /Users/admin/builder/spi-builder-workspace/.dependencies/checkouts/GzipSwift
/Applications/Xcode-27.0.0.app/Contents/Developer/Toolchains/XcodeDefault.xctoolchain/usr/bin/lipo -create /Users/admin/builder/spi-builder-workspace/.derivedData/Build/Intermediates.noindex/GzipSwift.build/Debug-watchos/system-zlib-t.build/Objects-normal/arm64/Binary/system-zlib.o /Users/admin/builder/spi-builder-workspace/.derivedData/Build/Intermediates.noindex/GzipSwift.build/Debug-watchos/system-zlib-t.build/Objects-normal/arm64_32/Binary/system-zlib.o -output /Users/admin/builder/spi-builder-workspace/.derivedData/Build/Products/Debug-watchos/system-zlib.o
PrecompileModule /Users/admin/builder/spi-builder-workspace/.derivedData/Build/Intermediates.noindex/ExplicitPrecompiledModules/_Builtin_stddef-5YZ2SISGBAXUL7UIKT3DW9H2V.scan
cd /
builtin-precompileModule /Users/admin/builder/spi-builder-workspace/.derivedData/Build/Intermediates.noindex/ExplicitPrecompiledModules/_Builtin_stddef-5YZ2SISGBAXUL7UIKT3DW9H2V.scan
PrecompileModule /Users/admin/builder/spi-builder-workspace/.derivedData/Build/Intermediates.noindex/ExplicitPrecompiledModules/_Builtin_stdarg-8QXP4GGKHF8DOPM167M2A6547.scan
cd /
builtin-precompileModule /Users/admin/builder/spi-builder-workspace/.derivedData/Build/Intermediates.noindex/ExplicitPrecompiledModules/_Builtin_stdarg-8QXP4GGKHF8DOPM167M2A6547.scan
PrecompileModule /Users/admin/builder/spi-builder-workspace/.derivedData/Build/Intermediates.noindex/ExplicitPrecompiledModules/ptrauth-EV9FRWKHDQHPLOAXV5PS3555A.scan
cd /
builtin-precompileModule /Users/admin/builder/spi-builder-workspace/.derivedData/Build/Intermediates.noindex/ExplicitPrecompiledModules/ptrauth-EV9FRWKHDQHPLOAXV5PS3555A.scan
PrecompileModule /Users/admin/builder/spi-builder-workspace/.derivedData/Build/Intermediates.noindex/ExplicitPrecompiledModules/_Builtin_stdbool-19ZT1VW0R7NLBKFETOR9ESMEQ.scan
cd /
builtin-precompileModule /Users/admin/builder/spi-builder-workspace/.derivedData/Build/Intermediates.noindex/ExplicitPrecompiledModules/_Builtin_stdbool-19ZT1VW0R7NLBKFETOR9ESMEQ.scan
PrecompileModule /Users/admin/builder/spi-builder-workspace/.derivedData/Build/Intermediates.noindex/ExplicitPrecompiledModules/_AvailabilityInternal-71EIRM150MBUOZGOTF7NGFYF2.scan
cd /
builtin-precompileModule /Users/admin/builder/spi-builder-workspace/.derivedData/Build/Intermediates.noindex/ExplicitPrecompiledModules/_AvailabilityInternal-71EIRM150MBUOZGOTF7NGFYF2.scan
PrecompileModule /Users/admin/builder/spi-builder-workspace/.derivedData/Build/Intermediates.noindex/ExplicitPrecompiledModules/_Builtin_stdbool-44UV2MH9TKZ91S80SBXX58SUT.scan
cd /
builtin-precompileModule /Users/admin/builder/spi-builder-workspace/.derivedData/Build/Intermediates.noindex/ExplicitPrecompiledModules/_Builtin_stdbool-44UV2MH9TKZ91S80SBXX58SUT.scan
PrecompileModule /Users/admin/builder/spi-builder-workspace/.derivedData/Build/Intermediates.noindex/ExplicitPrecompiledModules/ptrauth-4DXK795EUL0CUQYEJQE3RBFPZ.scan
cd /
builtin-precompileModule /Users/admin/builder/spi-builder-workspace/.derivedData/Build/Intermediates.noindex/ExplicitPrecompiledModules/ptrauth-4DXK795EUL0CUQYEJQE3RBFPZ.scan
PrecompileModule /Users/admin/builder/spi-builder-workspace/.derivedData/Build/Intermediates.noindex/ExplicitPrecompiledModules/_Builtin_float-9L1J1O5LTM75RUFUMGC071P1I.scan
cd /
builtin-precompileModule /Users/admin/builder/spi-builder-workspace/.derivedData/Build/Intermediates.noindex/ExplicitPrecompiledModules/_Builtin_float-9L1J1O5LTM75RUFUMGC071P1I.scan
PrecompileModule /Users/admin/builder/spi-builder-workspace/.derivedData/Build/Intermediates.noindex/ExplicitPrecompiledModules/ptrcheck-2RNR6P8I8Q4TT6TXRADULQLA1.scan
cd /
builtin-precompileModule /Users/admin/builder/spi-builder-workspace/.derivedData/Build/Intermediates.noindex/ExplicitPrecompiledModules/ptrcheck-2RNR6P8I8Q4TT6TXRADULQLA1.scan
PrecompileModule /Users/admin/builder/spi-builder-workspace/.derivedData/Build/Intermediates.noindex/ExplicitPrecompiledModules/_AvailabilityInternal-9MMIQ0SM26V2K47HA6HWNO30H.scan
cd /
builtin-precompileModule /Users/admin/builder/spi-builder-workspace/.derivedData/Build/Intermediates.noindex/ExplicitPrecompiledModules/_AvailabilityInternal-9MMIQ0SM26V2K47HA6HWNO30H.scan
SwiftExplicitDependencyGeneratePcm arm64_32 /Users/admin/builder/spi-builder-workspace/.derivedData/SDKExplicitPrecompiledModules/_Builtin_float-BJZXUCJSIX9PRVEKM14BGMJVY.pcm
SwiftExplicitDependencyGeneratePcm arm64_32 /Users/admin/builder/spi-builder-workspace/.derivedData/SDKExplicitPrecompiledModules/_AvailabilityInternal-BQQUK8V8SWJHTHJSVFJK2AKWW.pcm
SwiftExplicitDependencyGeneratePcm arm64 /Users/admin/builder/spi-builder-workspace/.derivedData/SDKExplicitPrecompiledModules/ptrauth-75D2Q69SEU6TW661FC9T39G5T.pcm
SwiftExplicitDependencyGeneratePcm arm64_32 /Users/admin/builder/spi-builder-workspace/.derivedData/SDKExplicitPrecompiledModules/SwiftShims-4MNCVKZ1HKINJ0ZSNUCRO6CZ8.pcm
SwiftExplicitDependencyGeneratePcm arm64_32 /Users/admin/builder/spi-builder-workspace/.derivedData/SDKExplicitPrecompiledModules/_Builtin_stdarg-102WX5NAUESOXIXJSPGYHVM9S.pcm
SwiftExplicitDependencyGeneratePcm arm64 /Users/admin/builder/spi-builder-workspace/.derivedData/SDKExplicitPrecompiledModules/_Builtin_stdarg-ES3WE6BADGYLJ1IBGV298L0ED.pcm
SwiftExplicitDependencyGeneratePcm arm64_32 /Users/admin/builder/spi-builder-workspace/.derivedData/SDKExplicitPrecompiledModules/_Builtin_stddef-8VT85WZQKGACA68JZ07TP0Y0J.pcm
SwiftExplicitDependencyGeneratePcm arm64 /Users/admin/builder/spi-builder-workspace/.derivedData/SDKExplicitPrecompiledModules/SwiftShims-D5RMRWG63RILSKWQ5872PCQT2.pcm
SwiftExplicitDependencyGeneratePcm arm64_32 /Users/admin/builder/spi-builder-workspace/.derivedData/SDKExplicitPrecompiledModules/_SwiftConcurrencyShims-AOFF2AEQJRI8DA66TEQ347NE7.pcm
SwiftExplicitDependencyGeneratePcm arm64 /Users/admin/builder/spi-builder-workspace/.derivedData/SDKExplicitPrecompiledModules/ptrcheck-2FDVY6UR0H40GBA6U2HDPB8SM.pcm
SwiftExplicitDependencyGeneratePcm arm64_32 /Users/admin/builder/spi-builder-workspace/.derivedData/SDKExplicitPrecompiledModules/_Builtin_stdbool-DHPYJAMN6KTVWD1S31Z90I6C9.pcm
SwiftExplicitDependencyGeneratePcm arm64 /Users/admin/builder/spi-builder-workspace/.derivedData/SDKExplicitPrecompiledModules/_Builtin_stdbool-EIIY79CJBKY0CNDO2RQTENME.pcm
SwiftExplicitDependencyGeneratePcm arm64 /Users/admin/builder/spi-builder-workspace/.derivedData/SDKExplicitPrecompiledModules/_SwiftConcurrencyShims-2Q4BGBV41YFU7T8ZZ1LYOHHM8.pcm
SwiftExplicitDependencyGeneratePcm arm64 /Users/admin/builder/spi-builder-workspace/.derivedData/SDKExplicitPrecompiledModules/_AvailabilityInternal-F1LNUT9MK1HRUMT1GHZHQ1RLU.pcm
SwiftExplicitDependencyGeneratePcm arm64 /Users/admin/builder/spi-builder-workspace/.derivedData/SDKExplicitPrecompiledModules/_Builtin_stddef-8XIMPUPOCEKW43OJT6UFVW8YW.pcm
SwiftExplicitDependencyGeneratePcm arm64_32 /Users/admin/builder/spi-builder-workspace/.derivedData/SDKExplicitPrecompiledModules/ptrcheck-D11ZNSDYZRFEJJA53KWXZ702P.pcm
SwiftExplicitDependencyGeneratePcm arm64 /Users/admin/builder/spi-builder-workspace/.derivedData/SDKExplicitPrecompiledModules/_Builtin_float-5MBXF8DKVHQBRUJNM16KVMIQC.pcm
SwiftExplicitDependencyGeneratePcm arm64_32 /Users/admin/builder/spi-builder-workspace/.derivedData/SDKExplicitPrecompiledModules/ptrauth-88RK1G9DAGJXQFP1AN1WL17RR.pcm
PrecompileModule /Users/admin/builder/spi-builder-workspace/.derivedData/Build/Intermediates.noindex/ExplicitPrecompiledModules/_DarwinFoundation1-5APWQW5KL6QXX14RVTMLICN3L.scan
cd /
builtin-precompileModule /Users/admin/builder/spi-builder-workspace/.derivedData/Build/Intermediates.noindex/ExplicitPrecompiledModules/_DarwinFoundation1-5APWQW5KL6QXX14RVTMLICN3L.scan
PrecompileModule /Users/admin/builder/spi-builder-workspace/.derivedData/Build/Intermediates.noindex/ExplicitPrecompiledModules/_Builtin_stdarg-5M3LM1WA6ZNOCVO5D0113JA1S.scan
cd /
builtin-precompileModule /Users/admin/builder/spi-builder-workspace/.derivedData/Build/Intermediates.noindex/ExplicitPrecompiledModules/_Builtin_stdarg-5M3LM1WA6ZNOCVO5D0113JA1S.scan
PrecompileModule /Users/admin/builder/spi-builder-workspace/.derivedData/Build/Intermediates.noindex/ExplicitPrecompiledModules/_Builtin_stddef-1AXWEE4I04TSJTEPZ1FVILJA8.scan
cd /
builtin-precompileModule /Users/admin/builder/spi-builder-workspace/.derivedData/Build/Intermediates.noindex/ExplicitPrecompiledModules/_Builtin_stddef-1AXWEE4I04TSJTEPZ1FVILJA8.scan
PrecompileModule /Users/admin/builder/spi-builder-workspace/.derivedData/Build/Intermediates.noindex/ExplicitPrecompiledModules/ptrcheck-CPF75CA2QOZLKGLPFAQSQH8KP.scan
cd /
builtin-precompileModule /Users/admin/builder/spi-builder-workspace/.derivedData/Build/Intermediates.noindex/ExplicitPrecompiledModules/ptrcheck-CPF75CA2QOZLKGLPFAQSQH8KP.scan
PrecompileModule /Users/admin/builder/spi-builder-workspace/.derivedData/Build/Intermediates.noindex/ExplicitPrecompiledModules/_Builtin_float-4O3ZW84L87T531OEUGIAM3A60.scan
cd /
builtin-precompileModule /Users/admin/builder/spi-builder-workspace/.derivedData/Build/Intermediates.noindex/ExplicitPrecompiledModules/_Builtin_float-4O3ZW84L87T531OEUGIAM3A60.scan
SwiftExplicitDependencyGeneratePcm arm64_32 /Users/admin/builder/spi-builder-workspace/.derivedData/SDKExplicitPrecompiledModules/_DarwinFoundation1-88RVECTIWIA3ZONBBWQIW1DJZ.pcm
SwiftExplicitDependencyGeneratePcm arm64 /Users/admin/builder/spi-builder-workspace/.derivedData/SDKExplicitPrecompiledModules/_DarwinFoundation1-C5AXMEYDFVMWI0AXBXZS13K0J.pcm
PrecompileModule /Users/admin/builder/spi-builder-workspace/.derivedData/Build/Intermediates.noindex/ExplicitPrecompiledModules/_DarwinFoundation1-ALALWVN8M4OZV1Z8DQLQSGVW3.scan
cd /
builtin-precompileModule /Users/admin/builder/spi-builder-workspace/.derivedData/Build/Intermediates.noindex/ExplicitPrecompiledModules/_DarwinFoundation1-ALALWVN8M4OZV1Z8DQLQSGVW3.scan
PrecompileModule /Users/admin/builder/spi-builder-workspace/.derivedData/Build/Intermediates.noindex/ExplicitPrecompiledModules/_DarwinFoundation2-3Z537OGEZ09B6BZ60KPHXKAKZ.scan
cd /
builtin-precompileModule /Users/admin/builder/spi-builder-workspace/.derivedData/Build/Intermediates.noindex/ExplicitPrecompiledModules/_DarwinFoundation2-3Z537OGEZ09B6BZ60KPHXKAKZ.scan
PrecompileModule /Users/admin/builder/spi-builder-workspace/.derivedData/Build/Intermediates.noindex/ExplicitPrecompiledModules/_Builtin_limits-9OXHI77SJGSZA9LTU3TZ8NXF7.scan
cd /
builtin-precompileModule /Users/admin/builder/spi-builder-workspace/.derivedData/Build/Intermediates.noindex/ExplicitPrecompiledModules/_Builtin_limits-9OXHI77SJGSZA9LTU3TZ8NXF7.scan
PrecompileModule /Users/admin/builder/spi-builder-workspace/.derivedData/Build/Intermediates.noindex/ExplicitPrecompiledModules/_Builtin_limits-6OV2EASMMZVTF6J8GQ57MRDR7.scan
cd /
builtin-precompileModule /Users/admin/builder/spi-builder-workspace/.derivedData/Build/Intermediates.noindex/ExplicitPrecompiledModules/_Builtin_limits-6OV2EASMMZVTF6J8GQ57MRDR7.scan
PrecompileModule /Users/admin/builder/spi-builder-workspace/.derivedData/Build/Intermediates.noindex/ExplicitPrecompiledModules/_DarwinFoundation2-ER0L4AISEL760UNY2L8WCVKSR.scan
cd /
builtin-precompileModule /Users/admin/builder/spi-builder-workspace/.derivedData/Build/Intermediates.noindex/ExplicitPrecompiledModules/_DarwinFoundation2-ER0L4AISEL760UNY2L8WCVKSR.scan
SwiftExplicitDependencyGeneratePcm arm64_32 /Users/admin/builder/spi-builder-workspace/.derivedData/SDKExplicitPrecompiledModules/_Builtin_limits-C136SD3CEQ3KB0CFUK32YJB19.pcm
SwiftExplicitDependencyGeneratePcm arm64_32 /Users/admin/builder/spi-builder-workspace/.derivedData/SDKExplicitPrecompiledModules/_DarwinFoundation2-44ZJFO85HR0BJ749M999B8LPA.pcm
SwiftExplicitDependencyGeneratePcm arm64 /Users/admin/builder/spi-builder-workspace/.derivedData/SDKExplicitPrecompiledModules/_Builtin_limits-D5KOXTTAIGWXE3DL0Q1NI089X.pcm
SwiftExplicitDependencyGeneratePcm arm64 /Users/admin/builder/spi-builder-workspace/.derivedData/SDKExplicitPrecompiledModules/_DarwinFoundation2-NYVMEQYGHBE0ZIL3ZJZSOEY1.pcm
PrecompileModule /Users/admin/builder/spi-builder-workspace/.derivedData/Build/Intermediates.noindex/ExplicitPrecompiledModules/_Builtin_stdint-3SWZ0LV4XCHWTBPH072ZG5KHX.scan
cd /
builtin-precompileModule /Users/admin/builder/spi-builder-workspace/.derivedData/Build/Intermediates.noindex/ExplicitPrecompiledModules/_Builtin_stdint-3SWZ0LV4XCHWTBPH072ZG5KHX.scan
PrecompileModule /Users/admin/builder/spi-builder-workspace/.derivedData/Build/Intermediates.noindex/ExplicitPrecompiledModules/_Builtin_stdint-9WWGBH1YPXB3ZWP8T6RDXTPQF.scan
cd /
builtin-precompileModule /Users/admin/builder/spi-builder-workspace/.derivedData/Build/Intermediates.noindex/ExplicitPrecompiledModules/_Builtin_stdint-9WWGBH1YPXB3ZWP8T6RDXTPQF.scan
PrecompileModule /Users/admin/builder/spi-builder-workspace/.derivedData/Build/Intermediates.noindex/ExplicitPrecompiledModules/_DarwinFoundation3-1G07Q81UYAE930YVD6Y7IE5RC.scan
cd /
builtin-precompileModule /Users/admin/builder/spi-builder-workspace/.derivedData/Build/Intermediates.noindex/ExplicitPrecompiledModules/_DarwinFoundation3-1G07Q81UYAE930YVD6Y7IE5RC.scan
PrecompileModule /Users/admin/builder/spi-builder-workspace/.derivedData/Build/Intermediates.noindex/ExplicitPrecompiledModules/_DarwinFoundation3-9T56QPP9R3OZP7MIPKEXGAEFO.scan
cd /
builtin-precompileModule /Users/admin/builder/spi-builder-workspace/.derivedData/Build/Intermediates.noindex/ExplicitPrecompiledModules/_DarwinFoundation3-9T56QPP9R3OZP7MIPKEXGAEFO.scan
SwiftExplicitDependencyGeneratePcm arm64_32 /Users/admin/builder/spi-builder-workspace/.derivedData/SDKExplicitPrecompiledModules/string_h-5JIQF7F6QR5PADS6CIIQIXRFW.pcm
SwiftExplicitDependencyGeneratePcm arm64_32 /Users/admin/builder/spi-builder-workspace/.derivedData/SDKExplicitPrecompiledModules/_Builtin_stdint-2Z10U0EB6591SMUSD1HCK6PI.pcm
SwiftExplicitDependencyGeneratePcm arm64_32 /Users/admin/builder/spi-builder-workspace/.derivedData/SDKExplicitPrecompiledModules/sys_types-C3M5EX2O95KRM34PBYN44HPBI.pcm
SwiftExplicitDependencyGeneratePcm arm64 /Users/admin/builder/spi-builder-workspace/.derivedData/SDKExplicitPrecompiledModules/sys_types-ASTFSZ1DRYRY331XT4Z9KV73D.pcm
SwiftExplicitDependencyGeneratePcm arm64 /Users/admin/builder/spi-builder-workspace/.derivedData/SDKExplicitPrecompiledModules/string_h-4CSQOUX7AGTYYYGKC8M276OI9.pcm
SwiftExplicitDependencyGeneratePcm arm64 /Users/admin/builder/spi-builder-workspace/.derivedData/SDKExplicitPrecompiledModules/_Builtin_stdint-74NMYF5YUKK9X44SQHE76VBIQ.pcm
PrecompileModule /Users/admin/builder/spi-builder-workspace/.derivedData/Build/Intermediates.noindex/ExplicitPrecompiledModules/_Builtin_inttypes-8ARCCQ0J22RX1VBBAN5JPY030.scan
cd /
builtin-precompileModule /Users/admin/builder/spi-builder-workspace/.derivedData/Build/Intermediates.noindex/ExplicitPrecompiledModules/_Builtin_inttypes-8ARCCQ0J22RX1VBBAN5JPY030.scan
PrecompileModule /Users/admin/builder/spi-builder-workspace/.derivedData/Build/Intermediates.noindex/ExplicitPrecompiledModules/_Builtin_inttypes-1SQC36JS9X7XV50L4BS7OXOFT.scan
cd /
builtin-precompileModule /Users/admin/builder/spi-builder-workspace/.derivedData/Build/Intermediates.noindex/ExplicitPrecompiledModules/_Builtin_inttypes-1SQC36JS9X7XV50L4BS7OXOFT.scan
SwiftExplicitDependencyGeneratePcm arm64_32 /Users/admin/builder/spi-builder-workspace/.derivedData/SDKExplicitPrecompiledModules/_DarwinFoundation3-F4AQTMWJJP4FVAZ08SHRNZXAM.pcm
SwiftExplicitDependencyGeneratePcm arm64 /Users/admin/builder/spi-builder-workspace/.derivedData/SDKExplicitPrecompiledModules/_DarwinFoundation3-ANTW1ITQ0J9JQTH8BRFBZWI1Q.pcm
PrecompileModule /Users/admin/builder/spi-builder-workspace/.derivedData/Build/Intermediates.noindex/ExplicitPrecompiledModules/Darwin-B49JVKEAMORGCLGL5ZGU6JHIQ.scan
cd /
builtin-precompileModule /Users/admin/builder/spi-builder-workspace/.derivedData/Build/Intermediates.noindex/ExplicitPrecompiledModules/Darwin-B49JVKEAMORGCLGL5ZGU6JHIQ.scan
PrecompileModule /Users/admin/builder/spi-builder-workspace/.derivedData/Build/Intermediates.noindex/ExplicitPrecompiledModules/Darwin-4U4G30TGVA74JE364V5DY06RH.scan
cd /
builtin-precompileModule /Users/admin/builder/spi-builder-workspace/.derivedData/Build/Intermediates.noindex/ExplicitPrecompiledModules/Darwin-4U4G30TGVA74JE364V5DY06RH.scan
SwiftExplicitDependencyGeneratePcm arm64_32 /Users/admin/builder/spi-builder-workspace/.derivedData/SDKExplicitPrecompiledModules/_Builtin_inttypes-BMQHYJQS69SCBJY3RFS64DBTV.pcm
SwiftExplicitDependencyGeneratePcm arm64_32 /Users/admin/builder/spi-builder-workspace/.derivedData/SDKExplicitPrecompiledModules/zlib-1TZ5GJXCHUIS20ZEY1GVZ20XK.pcm
SwiftExplicitDependencyGeneratePcm arm64 /Users/admin/builder/spi-builder-workspace/.derivedData/SDKExplicitPrecompiledModules/zlib-3IEL10YUTB1NZA51QRJZN4FU4.pcm
SwiftExplicitDependencyGeneratePcm arm64 /Users/admin/builder/spi-builder-workspace/.derivedData/SDKExplicitPrecompiledModules/_Builtin_inttypes-6I92U55H5N26FLV9VYV8R3I6O.pcm
SwiftExplicitDependencyGeneratePcm arm64 /Users/admin/builder/spi-builder-workspace/.derivedData/SDKExplicitPrecompiledModules/Darwin-98ESD9QN5COC9NNCABFONVFP8.pcm
SwiftExplicitDependencyGeneratePcm arm64_32 /Users/admin/builder/spi-builder-workspace/.derivedData/SDKExplicitPrecompiledModules/Darwin-7UEVD02CQP1PVIKBVFQ49O3SD.pcm
PrecompileModule /Users/admin/builder/spi-builder-workspace/.derivedData/Build/Intermediates.noindex/ExplicitPrecompiledModules/ObjectiveC-66SNBJTKMU5SDC7CL52NDXPMO.scan
cd /
builtin-precompileModule /Users/admin/builder/spi-builder-workspace/.derivedData/Build/Intermediates.noindex/ExplicitPrecompiledModules/ObjectiveC-66SNBJTKMU5SDC7CL52NDXPMO.scan
PrecompileModule /Users/admin/builder/spi-builder-workspace/.derivedData/Build/Intermediates.noindex/ExplicitPrecompiledModules/MachO-CE3TEUPM40PPU5IL8GOV70G8I.scan
cd /
builtin-precompileModule /Users/admin/builder/spi-builder-workspace/.derivedData/Build/Intermediates.noindex/ExplicitPrecompiledModules/MachO-CE3TEUPM40PPU5IL8GOV70G8I.scan
PrecompileModule /Users/admin/builder/spi-builder-workspace/.derivedData/Build/Intermediates.noindex/ExplicitPrecompiledModules/MachO-28XERWGB001Q0PT5MBQXHY3H6.scan
cd /
builtin-precompileModule /Users/admin/builder/spi-builder-workspace/.derivedData/Build/Intermediates.noindex/ExplicitPrecompiledModules/MachO-28XERWGB001Q0PT5MBQXHY3H6.scan
PrecompileModule /Users/admin/builder/spi-builder-workspace/.derivedData/Build/Intermediates.noindex/ExplicitPrecompiledModules/ObjectiveC-8JVXJ5FP7P5XESSNKC9X3JDMP.scan
cd /
builtin-precompileModule /Users/admin/builder/spi-builder-workspace/.derivedData/Build/Intermediates.noindex/ExplicitPrecompiledModules/ObjectiveC-8JVXJ5FP7P5XESSNKC9X3JDMP.scan
PrecompileModule /Users/admin/builder/spi-builder-workspace/.derivedData/Build/Intermediates.noindex/ExplicitPrecompiledModules/os_object-31ISR080GIPGAPJTGGFSWIRV9.scan
cd /
builtin-precompileModule /Users/admin/builder/spi-builder-workspace/.derivedData/Build/Intermediates.noindex/ExplicitPrecompiledModules/os_object-31ISR080GIPGAPJTGGFSWIRV9.scan
PrecompileModule /Users/admin/builder/spi-builder-workspace/.derivedData/Build/Intermediates.noindex/ExplicitPrecompiledModules/os_object-3NMCN3W5VVXOZ1KHLCYVLVCHH.scan
cd /
builtin-precompileModule /Users/admin/builder/spi-builder-workspace/.derivedData/Build/Intermediates.noindex/ExplicitPrecompiledModules/os_object-3NMCN3W5VVXOZ1KHLCYVLVCHH.scan
PrecompileModule /Users/admin/builder/spi-builder-workspace/.derivedData/Build/Intermediates.noindex/ExplicitPrecompiledModules/os_workgroup-UGLCYHTPAA6C4W4THVQX0U28.scan
cd /
builtin-precompileModule /Users/admin/builder/spi-builder-workspace/.derivedData/Build/Intermediates.noindex/ExplicitPrecompiledModules/os_workgroup-UGLCYHTPAA6C4W4THVQX0U28.scan
PrecompileModule /Users/admin/builder/spi-builder-workspace/.derivedData/Build/Intermediates.noindex/ExplicitPrecompiledModules/os_workgroup-DFQ2IJ5FQGF0N0QZQA3HHRQ4R.scan
cd /
builtin-precompileModule /Users/admin/builder/spi-builder-workspace/.derivedData/Build/Intermediates.noindex/ExplicitPrecompiledModules/os_workgroup-DFQ2IJ5FQGF0N0QZQA3HHRQ4R.scan
PrecompileModule /Users/admin/builder/spi-builder-workspace/.derivedData/Build/Intermediates.noindex/ExplicitPrecompiledModules/Dispatch-141E2DW0CXZ5AKKSLJO06PQS7.scan
cd /
builtin-precompileModule /Users/admin/builder/spi-builder-workspace/.derivedData/Build/Intermediates.noindex/ExplicitPrecompiledModules/Dispatch-141E2DW0CXZ5AKKSLJO06PQS7.scan
PrecompileModule /Users/admin/builder/spi-builder-workspace/.derivedData/Build/Intermediates.noindex/ExplicitPrecompiledModules/Dispatch-4GC1ZISDPQAC7G77VIIRA0W4M.scan
cd /
builtin-precompileModule /Users/admin/builder/spi-builder-workspace/.derivedData/Build/Intermediates.noindex/ExplicitPrecompiledModules/Dispatch-4GC1ZISDPQAC7G77VIIRA0W4M.scan
PrecompileModule /Users/admin/builder/spi-builder-workspace/.derivedData/Build/Intermediates.noindex/ExplicitPrecompiledModules/XPC-2PLGOU8G3918BCLVP0FLCU1SQ.scan
cd /
builtin-precompileModule /Users/admin/builder/spi-builder-workspace/.derivedData/Build/Intermediates.noindex/ExplicitPrecompiledModules/XPC-2PLGOU8G3918BCLVP0FLCU1SQ.scan
PrecompileModule /Users/admin/builder/spi-builder-workspace/.derivedData/Build/Intermediates.noindex/ExplicitPrecompiledModules/CoreFoundation-46KKV89XNAY7Q9NF3Q2K35N89.scan
cd /
builtin-precompileModule /Users/admin/builder/spi-builder-workspace/.derivedData/Build/Intermediates.noindex/ExplicitPrecompiledModules/CoreFoundation-46KKV89XNAY7Q9NF3Q2K35N89.scan
PrecompileModule /Users/admin/builder/spi-builder-workspace/.derivedData/Build/Intermediates.noindex/ExplicitPrecompiledModules/CoreFoundation-1CJHMYJWJS51SY14I1HDPYVBS.scan
cd /
builtin-precompileModule /Users/admin/builder/spi-builder-workspace/.derivedData/Build/Intermediates.noindex/ExplicitPrecompiledModules/CoreFoundation-1CJHMYJWJS51SY14I1HDPYVBS.scan
PrecompileModule /Users/admin/builder/spi-builder-workspace/.derivedData/Build/Intermediates.noindex/ExplicitPrecompiledModules/XPC-9F8NZHWY3W1PFMRWWSTMED1MP.scan
cd /
builtin-precompileModule /Users/admin/builder/spi-builder-workspace/.derivedData/Build/Intermediates.noindex/ExplicitPrecompiledModules/XPC-9F8NZHWY3W1PFMRWWSTMED1MP.scan
SwiftExplicitDependencyGeneratePcm arm64 /Users/admin/builder/spi-builder-workspace/.derivedData/SDKExplicitPrecompiledModules/ObjectiveC-DV0JE3OUNWO3O3UE1N347RY55.pcm
SwiftExplicitDependencyGeneratePcm arm64_32 /Users/admin/builder/spi-builder-workspace/.derivedData/SDKExplicitPrecompiledModules/ObjectiveC-AJI1K6ZMESMAXDSQ8OKHJ72H7.pcm
PrecompileModule /Users/admin/builder/spi-builder-workspace/.derivedData/Build/Intermediates.noindex/ExplicitPrecompiledModules/Security-DKFD1JQD8TDOX052GSPUHWT7G.scan
cd /
builtin-precompileModule /Users/admin/builder/spi-builder-workspace/.derivedData/Build/Intermediates.noindex/ExplicitPrecompiledModules/Security-DKFD1JQD8TDOX052GSPUHWT7G.scan
PrecompileModule /Users/admin/builder/spi-builder-workspace/.derivedData/Build/Intermediates.noindex/ExplicitPrecompiledModules/Security-44FHHKB8WZ1R0LNV01RCHAZWZ.scan
cd /
builtin-precompileModule /Users/admin/builder/spi-builder-workspace/.derivedData/Build/Intermediates.noindex/ExplicitPrecompiledModules/Security-44FHHKB8WZ1R0LNV01RCHAZWZ.scan
SwiftExplicitDependencyGeneratePcm arm64 /Users/admin/builder/spi-builder-workspace/.derivedData/SDKExplicitPrecompiledModules/os_object-1JFESJBLQUD4RS3VL4N1KYEDU.pcm
SwiftExplicitDependencyGeneratePcm arm64_32 /Users/admin/builder/spi-builder-workspace/.derivedData/SDKExplicitPrecompiledModules/os_object-5TY9JM8WCIDWZD1H148JEBV2F.pcm
PrecompileModule /Users/admin/builder/spi-builder-workspace/.derivedData/Build/Intermediates.noindex/ExplicitPrecompiledModules/Foundation-VMK2VZFJ1RKQBS80MIL4S002.scan
cd /
builtin-precompileModule /Users/admin/builder/spi-builder-workspace/.derivedData/Build/Intermediates.noindex/ExplicitPrecompiledModules/Foundation-VMK2VZFJ1RKQBS80MIL4S002.scan
PrecompileModule /Users/admin/builder/spi-builder-workspace/.derivedData/Build/Intermediates.noindex/ExplicitPrecompiledModules/Foundation-BL5ZOMC9XNSE48A51XJSMJXPG.scan
cd /
builtin-precompileModule /Users/admin/builder/spi-builder-workspace/.derivedData/Build/Intermediates.noindex/ExplicitPrecompiledModules/Foundation-BL5ZOMC9XNSE48A51XJSMJXPG.scan
SwiftExplicitDependencyGeneratePcm arm64_32 /Users/admin/builder/spi-builder-workspace/.derivedData/SDKExplicitPrecompiledModules/os_workgroup-LKX7LZYC1IUZO27QQLWUANJE.pcm
SwiftExplicitDependencyGeneratePcm arm64 /Users/admin/builder/spi-builder-workspace/.derivedData/SDKExplicitPrecompiledModules/os_workgroup-65XNBX18CBCXC0KTSN0M6UNVT.pcm
SwiftExplicitDependencyGeneratePcm arm64_32 /Users/admin/builder/spi-builder-workspace/.derivedData/SDKExplicitPrecompiledModules/Dispatch-7K60THHWK3C851QMSWUUEEC2Q.pcm
SwiftExplicitDependencyGeneratePcm arm64 /Users/admin/builder/spi-builder-workspace/.derivedData/SDKExplicitPrecompiledModules/Dispatch-6D65D6EIW4AHX08JGF4J74MV9.pcm
SwiftExplicitDependencyGeneratePcm arm64 /Users/admin/builder/spi-builder-workspace/.derivedData/SDKExplicitPrecompiledModules/CoreFoundation-8MLEPC68IRDBIK6YTJL7DNZH.pcm
SwiftExplicitDependencyGeneratePcm arm64 /Users/admin/builder/spi-builder-workspace/.derivedData/SDKExplicitPrecompiledModules/XPC-46U120GB61ZMOBIJJ669AYIXF.pcm
SwiftExplicitDependencyGeneratePcm arm64_32 /Users/admin/builder/spi-builder-workspace/.derivedData/SDKExplicitPrecompiledModules/CoreFoundation-89G5WX03B78NXYKER48PGSMVI.pcm
SwiftExplicitDependencyGeneratePcm arm64_32 /Users/admin/builder/spi-builder-workspace/.derivedData/SDKExplicitPrecompiledModules/XPC-CZIZYD8A7DCOUWGZRQ4DKZKSL.pcm
CompileC /Users/admin/builder/spi-builder-workspace/.derivedData/Build/Intermediates.noindex/InstanaAgent.build/Debug-watchos/ImageTracker-t.build/Objects-normal/arm64_32/ImageDetail.o /Users/admin/builder/spi-builder-workspace/Sources/ImageTracker/ImageDetail.m normal arm64_32 objective-c com.apple.compilers.llvm.clang.1_0.compiler (in target 'ImageTracker' from project 'InstanaAgent')
cd /Users/admin/builder/spi-builder-workspace/.swiftpm/xcode
Using response file: /Users/admin/builder/spi-builder-workspace/.derivedData/Build/Intermediates.noindex/InstanaAgent.build/Debug-watchos/ImageTracker-t.build/Objects-normal/arm64_32/e6072d4f65d7061329687fe24e3d63a7-common-args.resp
/Applications/Xcode-27.0.0.app/Contents/Developer/Toolchains/XcodeDefault.xctoolchain/usr/bin/clang -x objective-c -ivfsstatcache /Users/admin/builder/spi-builder-workspace/.derivedData/SDKStatCaches.noindex/watchos27.0-24R360-e829b21a6f8c9b70876ba0858053c044b9db9bc9c079ee3c7b5f3373b13d10bc.sdkstatcache -target arm64_32-apple-watchos9.0 -fmessage-length\=0 -fdiagnostics-show-note-include-stack -fmacro-backtrace-limit\=0 -fno-color-diagnostics -fmodules-prune-interval\=86400 -fmodules-prune-after\=345600 -fbuild-session-file\=/Users/admin/builder/spi-builder-workspace/.derivedData/ModuleCache.noindex/Session.modulevalidation -fmodules-validate-once-per-build-session -Wnon-modular-include-in-framework-module -Werror\=non-modular-include-in-framework-module -Wno-trigraphs -Wno-missing-field-initializers -Wno-missing-prototypes -Wno-return-type -Wno-implicit-atomic-properties -Wno-objc-interface-ivars -Wno-arc-repeated-use-of-weak -Wno-missing-braces -Wparentheses -Wswitch -Wno-unused-function -Wno-unused-label -Wno-unused-parameter -Wno-unused-variable -Wunused-value -Wno-empty-body -Wno-uninitialized -Wno-unknown-pragmas -Wno-shadow -Wno-four-char-constants -Wno-conversion -Wno-constant-conversion -Wno-int-conversion -Wno-bool-conversion -Wno-enum-conversion -Wno-float-conversion -Wno-non-literal-null-conversion -Wno-objc-literal-conversion -Wno-shorten-64-to-32 -Wpointer-sign -Wno-newline-eof -Wno-selector -Wno-strict-selector-match -Wno-undeclared-selector -Wno-deprecated-implementations -Wno-implicit-fallthrough -isysroot /Applications/Xcode-27.0.0.app/Contents/Developer/Platforms/WatchOS.platform/Developer/SDKs/WatchOS27.0.sdk -fstrict-aliasing -Wprotocol -Wdeprecated-declarations -Wno-sign-conversion -Wno-infinite-recursion -Wno-comma -Wno-block-capture-autoreleasing -Wno-strict-prototypes -Wno-semicolon-before-method-body -index-store-path /Users/admin/builder/spi-builder-workspace/.derivedData/Index.noindex/DataStore @/Users/admin/builder/spi-builder-workspace/.derivedData/Build/Intermediates.noindex/InstanaAgent.build/Debug-watchos/ImageTracker-t.build/Objects-normal/arm64_32/e6072d4f65d7061329687fe24e3d63a7-common-args.resp -MMD -MT dependencies -MF /Users/admin/builder/spi-builder-workspace/.derivedData/Build/Intermediates.noindex/InstanaAgent.build/Debug-watchos/ImageTracker-t.build/Objects-normal/arm64_32/ImageDetail.d --serialize-diagnostics /Users/admin/builder/spi-builder-workspace/.derivedData/Build/Intermediates.noindex/InstanaAgent.build/Debug-watchos/ImageTracker-t.build/Objects-normal/arm64_32/ImageDetail.dia -c /Users/admin/builder/spi-builder-workspace/Sources/ImageTracker/ImageDetail.m -o /Users/admin/builder/spi-builder-workspace/.derivedData/Build/Intermediates.noindex/InstanaAgent.build/Debug-watchos/ImageTracker-t.build/Objects-normal/arm64_32/ImageDetail.o -index-unit-output-path /InstanaAgent.build/Debug-watchos/ImageTracker-t.build/Objects-normal/arm64_32/ImageDetail.o
/Users/admin/builder/spi-builder-workspace/Sources/ImageTracker/ImageDetail.m:37:11: warning: 'NXArchInfo' is deprecated: first deprecated in watchOS 8.0 - No longer supported [-Wdeprecated-declarations]
37 | const NXArchInfo* archInfo;
| ^
In module 'MachO' imported from /Users/admin/builder/spi-builder-workspace/Sources/ImageTracker/ImageDetail.m:7:
/Applications/Xcode-27.0.0.app/Contents/Developer/Platforms/WatchOS.platform/Developer/SDKs/WatchOS.sdk/usr/include/mach-o/arch.h:58:27: note: 'NXArchInfo' has been explicitly marked deprecated here
58 | typedef struct NXArchInfo NXArchInfo __CCTOOLS_DEPRECATED;
| ^
/Users/admin/builder/spi-builder-workspace/Sources/ImageTracker/ImageDetail.m:38:16: warning: 'NXGetArchInfoFromCpuType' is deprecated: first deprecated in watchOS 8.0 [-Wdeprecated-declarations]
38 | archInfo = NXGetArchInfoFromCpuType(_cputype, _cpusubtype);
| ^~~~~~~~~~~~~~~~~~~~~~~~
| use macho_arch_name_for_cpu_type()
In module 'MachO' imported from /Users/admin/builder/spi-builder-workspace/Sources/ImageTracker/ImageDetail.m:7:
/Applications/Xcode-27.0.0.app/Contents/Developer/Platforms/WatchOS.platform/Developer/SDKs/WatchOS.sdk/usr/include/mach-o/arch.h:81:26: note: 'NXGetArchInfoFromCpuType' has been explicitly marked deprecated here
81 | extern const NXArchInfo *NXGetArchInfoFromCpuType(cpu_type_t cputype,
| ^
2 warnings generated.
CompileC /Users/admin/builder/spi-builder-workspace/.derivedData/Build/Intermediates.noindex/InstanaAgent.build/Debug-watchos/ImageTracker-t.build/Objects-normal/arm64/ImageDetail.o /Users/admin/builder/spi-builder-workspace/Sources/ImageTracker/ImageDetail.m normal arm64 objective-c com.apple.compilers.llvm.clang.1_0.compiler (in target 'ImageTracker' from project 'InstanaAgent')
cd /Users/admin/builder/spi-builder-workspace/.swiftpm/xcode
Using response file: /Users/admin/builder/spi-builder-workspace/.derivedData/Build/Intermediates.noindex/InstanaAgent.build/Debug-watchos/ImageTracker-t.build/Objects-normal/arm64/e6072d4f65d7061329687fe24e3d63a7-common-args.resp
/Applications/Xcode-27.0.0.app/Contents/Developer/Toolchains/XcodeDefault.xctoolchain/usr/bin/clang -x objective-c -ivfsstatcache /Users/admin/builder/spi-builder-workspace/.derivedData/SDKStatCaches.noindex/watchos27.0-24R360-e829b21a6f8c9b70876ba0858053c044b9db9bc9c079ee3c7b5f3373b13d10bc.sdkstatcache -target arm64-apple-watchos9.0 -fmessage-length\=0 -fdiagnostics-show-note-include-stack -fmacro-backtrace-limit\=0 -fno-color-diagnostics -fmodules-prune-interval\=86400 -fmodules-prune-after\=345600 -fbuild-session-file\=/Users/admin/builder/spi-builder-workspace/.derivedData/ModuleCache.noindex/Session.modulevalidation -fmodules-validate-once-per-build-session -Wnon-modular-include-in-framework-module -Werror\=non-modular-include-in-framework-module -Wno-trigraphs -Wno-missing-field-initializers -Wno-missing-prototypes -Wno-return-type -Wno-implicit-atomic-properties -Wno-objc-interface-ivars -Wno-arc-repeated-use-of-weak -Wno-missing-braces -Wparentheses -Wswitch -Wno-unused-function -Wno-unused-label -Wno-unused-parameter -Wno-unused-variable -Wunused-value -Wno-empty-body -Wno-uninitialized -Wno-unknown-pragmas -Wno-shadow -Wno-four-char-constants -Wno-conversion -Wno-constant-conversion -Wno-int-conversion -Wno-bool-conversion -Wno-enum-conversion -Wno-float-conversion -Wno-non-literal-null-conversion -Wno-objc-literal-conversion -Wshorten-64-to-32 -Wpointer-sign -Wno-newline-eof -Wno-selector -Wno-strict-selector-match -Wno-undeclared-selector -Wno-deprecated-implementations -Wno-implicit-fallthrough -isysroot /Applications/Xcode-27.0.0.app/Contents/Developer/Platforms/WatchOS.platform/Developer/SDKs/WatchOS27.0.sdk -fstrict-aliasing -Wprotocol -Wdeprecated-declarations -Wno-sign-conversion -Wno-infinite-recursion -Wno-comma -Wno-block-capture-autoreleasing -Wno-strict-prototypes -Wno-semicolon-before-method-body -index-store-path /Users/admin/builder/spi-builder-workspace/.derivedData/Index.noindex/DataStore @/Users/admin/builder/spi-builder-workspace/.derivedData/Build/Intermediates.noindex/InstanaAgent.build/Debug-watchos/ImageTracker-t.build/Objects-normal/arm64/e6072d4f65d7061329687fe24e3d63a7-common-args.resp -MMD -MT dependencies -MF /Users/admin/builder/spi-builder-workspace/.derivedData/Build/Intermediates.noindex/InstanaAgent.build/Debug-watchos/ImageTracker-t.build/Objects-normal/arm64/ImageDetail.d --serialize-diagnostics /Users/admin/builder/spi-builder-workspace/.derivedData/Build/Intermediates.noindex/InstanaAgent.build/Debug-watchos/ImageTracker-t.build/Objects-normal/arm64/ImageDetail.dia -c /Users/admin/builder/spi-builder-workspace/Sources/ImageTracker/ImageDetail.m -o /Users/admin/builder/spi-builder-workspace/.derivedData/Build/Intermediates.noindex/InstanaAgent.build/Debug-watchos/ImageTracker-t.build/Objects-normal/arm64/ImageDetail.o -index-unit-output-path /InstanaAgent.build/Debug-watchos/ImageTracker-t.build/Objects-normal/arm64/ImageDetail.o
/Users/admin/builder/spi-builder-workspace/Sources/ImageTracker/ImageDetail.m:37:11: warning: 'NXArchInfo' is deprecated: first deprecated in watchOS 8.0 - No longer supported [-Wdeprecated-declarations]
37 | const NXArchInfo* archInfo;
| ^
In module 'MachO' imported from /Users/admin/builder/spi-builder-workspace/Sources/ImageTracker/ImageDetail.m:7:
/Applications/Xcode-27.0.0.app/Contents/Developer/Platforms/WatchOS.platform/Developer/SDKs/WatchOS.sdk/usr/include/mach-o/arch.h:58:27: note: 'NXArchInfo' has been explicitly marked deprecated here
58 | typedef struct NXArchInfo NXArchInfo __CCTOOLS_DEPRECATED;
| ^
/Users/admin/builder/spi-builder-workspace/Sources/ImageTracker/ImageDetail.m:38:16: warning: 'NXGetArchInfoFromCpuType' is deprecated: first deprecated in watchOS 8.0 [-Wdeprecated-declarations]
38 | archInfo = NXGetArchInfoFromCpuType(_cputype, _cpusubtype);
| ^~~~~~~~~~~~~~~~~~~~~~~~
| use macho_arch_name_for_cpu_type()
In module 'MachO' imported from /Users/admin/builder/spi-builder-workspace/Sources/ImageTracker/ImageDetail.m:7:
/Applications/Xcode-27.0.0.app/Contents/Developer/Platforms/WatchOS.platform/Developer/SDKs/WatchOS.sdk/usr/include/mach-o/arch.h:81:26: note: 'NXGetArchInfoFromCpuType' has been explicitly marked deprecated here
81 | extern const NXArchInfo *NXGetArchInfoFromCpuType(cpu_type_t cputype,
| ^
2 warnings generated.
SwiftExplicitDependencyGeneratePcm arm64_32 /Users/admin/builder/spi-builder-workspace/.derivedData/SDKExplicitPrecompiledModules/Security-C9W0029I4749M0FMG9UVPZUKU.pcm
SwiftExplicitDependencyGeneratePcm arm64 /Users/admin/builder/spi-builder-workspace/.derivedData/SDKExplicitPrecompiledModules/Security-B8EWSEMP4Z3IE155A3ILBKM2V.pcm
Ld /Users/admin/builder/spi-builder-workspace/.derivedData/Build/Intermediates.noindex/InstanaAgent.build/Debug-watchos/ImageTracker-t.build/Objects-normal/arm64/Binary/ImageTracker.o normal arm64 (in target 'ImageTracker' from project 'InstanaAgent')
cd /Users/admin/builder/spi-builder-workspace
/Applications/Xcode-27.0.0.app/Contents/Developer/Toolchains/XcodeDefault.xctoolchain/usr/bin/clang -Xlinker -reproducible -target arm64-apple-watchos9.0 -r -isysroot /Applications/Xcode-27.0.0.app/Contents/Developer/Platforms/WatchOS.platform/Developer/SDKs/WatchOS27.0.sdk -O0 -Xlinker -no_warn_duplicate_libraries -F/Users/admin/builder/spi-builder-workspace/.derivedData/Build/Intermediates.noindex/EagerLinkingTBDs/Debug-watchos -F/Users/admin/builder/spi-builder-workspace/.derivedData/Build/Products/Debug-watchos -iframework /Applications/Xcode-27.0.0.app/Contents/Developer/Platforms/WatchOS.platform/Developer/Library/Frameworks -iframework /Applications/Xcode-27.0.0.app/Contents/Developer/Platforms/WatchOS.platform/Developer/SDKs/WatchOS27.0.sdk/Developer/Library/Frameworks -filelist /Users/admin/builder/spi-builder-workspace/.derivedData/Build/Intermediates.noindex/InstanaAgent.build/Debug-watchos/ImageTracker-t.build/Objects-normal/arm64/ImageTracker.LinkFileList -nostdlib -Xlinker -object_path_lto -Xlinker /Users/admin/builder/spi-builder-workspace/.derivedData/Build/Intermediates.noindex/InstanaAgent.build/Debug-watchos/ImageTracker-t.build/Objects-normal/arm64/ImageTracker_lto.o -Xlinker -no_deduplicate -Xlinker -debug_variant -Xlinker -dependency_info -Xlinker /Users/admin/builder/spi-builder-workspace/.derivedData/Build/Intermediates.noindex/InstanaAgent.build/Debug-watchos/ImageTracker-t.build/Objects-normal/arm64/ImageTracker_dependency_info.dat -fobjc-arc -fobjc-link-runtime -o /Users/admin/builder/spi-builder-workspace/.derivedData/Build/Intermediates.noindex/InstanaAgent.build/Debug-watchos/ImageTracker-t.build/Objects-normal/arm64/Binary/ImageTracker.o
Ld /Users/admin/builder/spi-builder-workspace/.derivedData/Build/Intermediates.noindex/InstanaAgent.build/Debug-watchos/ImageTracker-t.build/Objects-normal/arm64_32/Binary/ImageTracker.o normal arm64_32 (in target 'ImageTracker' from project 'InstanaAgent')
cd /Users/admin/builder/spi-builder-workspace
/Applications/Xcode-27.0.0.app/Contents/Developer/Toolchains/XcodeDefault.xctoolchain/usr/bin/clang -Xlinker -reproducible -target arm64_32-apple-watchos9.0 -r -isysroot /Applications/Xcode-27.0.0.app/Contents/Developer/Platforms/WatchOS.platform/Developer/SDKs/WatchOS27.0.sdk -O0 -Xlinker -no_warn_duplicate_libraries -F/Users/admin/builder/spi-builder-workspace/.derivedData/Build/Intermediates.noindex/EagerLinkingTBDs/Debug-watchos -F/Users/admin/builder/spi-builder-workspace/.derivedData/Build/Products/Debug-watchos -iframework /Applications/Xcode-27.0.0.app/Contents/Developer/Platforms/WatchOS.platform/Developer/Library/Frameworks -iframework /Applications/Xcode-27.0.0.app/Contents/Developer/Platforms/WatchOS.platform/Developer/SDKs/WatchOS27.0.sdk/Developer/Library/Frameworks -filelist /Users/admin/builder/spi-builder-workspace/.derivedData/Build/Intermediates.noindex/InstanaAgent.build/Debug-watchos/ImageTracker-t.build/Objects-normal/arm64_32/ImageTracker.LinkFileList -nostdlib -Xlinker -object_path_lto -Xlinker /Users/admin/builder/spi-builder-workspace/.derivedData/Build/Intermediates.noindex/InstanaAgent.build/Debug-watchos/ImageTracker-t.build/Objects-normal/arm64_32/ImageTracker_lto.o -Xlinker -no_deduplicate -Xlinker -debug_variant -Xlinker -dependency_info -Xlinker /Users/admin/builder/spi-builder-workspace/.derivedData/Build/Intermediates.noindex/InstanaAgent.build/Debug-watchos/ImageTracker-t.build/Objects-normal/arm64_32/ImageTracker_dependency_info.dat -fobjc-arc -fobjc-link-runtime -o /Users/admin/builder/spi-builder-workspace/.derivedData/Build/Intermediates.noindex/InstanaAgent.build/Debug-watchos/ImageTracker-t.build/Objects-normal/arm64_32/Binary/ImageTracker.o
CreateUniversalBinary /Users/admin/builder/spi-builder-workspace/.derivedData/Build/Products/Debug-watchos/ImageTracker.o normal arm64\ arm64_32 (in target 'ImageTracker' from project 'InstanaAgent')
cd /Users/admin/builder/spi-builder-workspace
/Applications/Xcode-27.0.0.app/Contents/Developer/Toolchains/XcodeDefault.xctoolchain/usr/bin/lipo -create /Users/admin/builder/spi-builder-workspace/.derivedData/Build/Intermediates.noindex/InstanaAgent.build/Debug-watchos/ImageTracker-t.build/Objects-normal/arm64/Binary/ImageTracker.o /Users/admin/builder/spi-builder-workspace/.derivedData/Build/Intermediates.noindex/InstanaAgent.build/Debug-watchos/ImageTracker-t.build/Objects-normal/arm64_32/Binary/ImageTracker.o -output /Users/admin/builder/spi-builder-workspace/.derivedData/Build/Products/Debug-watchos/ImageTracker.o
SwiftExplicitDependencyGeneratePcm arm64_32 /Users/admin/builder/spi-builder-workspace/.derivedData/SDKExplicitPrecompiledModules/Foundation-63KC4JQT5I8XAZ72WSG0A8C35.pcm
SwiftExplicitDependencyGeneratePcm arm64 /Users/admin/builder/spi-builder-workspace/.derivedData/SDKExplicitPrecompiledModules/Foundation-93OAIR4R5IDN1SU1A5KNY63PA.pcm
SwiftEmitModule normal arm64_32 Emitting\ module\ for\ Gzip (in target 'Gzip' from project 'GzipSwift')
SwiftCompile normal arm64_32 (in target 'Gzip' from project 'GzipSwift')
cd /Users/admin/builder/spi-builder-workspace/.swiftpm/xcode
SwiftCompile normal arm64_32 Compiling\ Data+Gzip.swift /Users/admin/builder/spi-builder-workspace/.dependencies/checkouts/GzipSwift/Sources/Gzip/Data+Gzip.swift (in target 'Gzip' from project 'GzipSwift')
SwiftCompile normal arm64_32 /Users/admin/builder/spi-builder-workspace/.dependencies/checkouts/GzipSwift/Sources/Gzip/Data+Gzip.swift (in target 'Gzip' from project 'GzipSwift')
cd /Users/admin/builder/spi-builder-workspace/.swiftpm/xcode
builtin-SwiftPerFileCompile Data+Gzip.swift
SwiftEmitModule normal arm64 Emitting\ module\ for\ Gzip (in target 'Gzip' from project 'GzipSwift')
SwiftCompile normal arm64 (in target 'Gzip' from project 'GzipSwift')
cd /Users/admin/builder/spi-builder-workspace/.swiftpm/xcode
SwiftCompile normal arm64 Compiling\ Data+Gzip.swift /Users/admin/builder/spi-builder-workspace/.dependencies/checkouts/GzipSwift/Sources/Gzip/Data+Gzip.swift (in target 'Gzip' from project 'GzipSwift')
SwiftCompile normal arm64 /Users/admin/builder/spi-builder-workspace/.dependencies/checkouts/GzipSwift/Sources/Gzip/Data+Gzip.swift (in target 'Gzip' from project 'GzipSwift')
cd /Users/admin/builder/spi-builder-workspace/.swiftpm/xcode
builtin-SwiftPerFileCompile Data+Gzip.swift
SwiftDriverJobDiscovery normal arm64_32 Emitting module for Gzip (in target 'Gzip' from project 'GzipSwift')
SwiftDriver\ Compilation\ Requirements Gzip normal arm64_32 com.apple.xcode.tools.swift.compiler (in target 'Gzip' from project 'GzipSwift')
cd /Users/admin/builder/spi-builder-workspace/.swiftpm/xcode
builtin-Swift-Compilation-Requirements -- /Applications/Xcode-27.0.0.app/Contents/Developer/Toolchains/XcodeDefault.xctoolchain/usr/bin/swiftc -parse-as-library -module-name Gzip -Onone @/Users/admin/builder/spi-builder-workspace/.derivedData/Build/Intermediates.noindex/GzipSwift.build/Debug-watchos/Gzip-t.build/Objects-normal/arm64_32/Gzip.SwiftFileList -DSWIFT_PACKAGE -DDEBUG -DSWIFT_MODULE_RESOURCE_BUNDLE_UNAVAILABLE -Xcc -fmodule-map-file\=/Users/admin/builder/spi-builder-workspace/.dependencies/checkouts/GzipSwift/Sources/system-zlib/include/module.modulemap -DXcode -plugin-path /Applications/Xcode-27.0.0.app/Contents/Developer/Toolchains/XcodeDefault.xctoolchain/usr/lib/swift/host/plugins/testing -enable-experimental-feature DebugDescriptionMacro -sdk /Applications/Xcode-27.0.0.app/Contents/Developer/Platforms/WatchOS.platform/Developer/SDKs/WatchOS27.0.sdk -target arm64_32-apple-watchos9.0 -g -module-cache-path /Users/admin/builder/spi-builder-workspace/.derivedData/ModuleCache.noindex -Xfrontend -serialize-debugging-options -profile-coverage-mapping -profile-generate -enable-testing -suppress-warnings -index-store-path /Users/admin/builder/spi-builder-workspace/.derivedData/Index.noindex/DataStore -Xcc -D_LIBCPP_HARDENING_MODE\=_LIBCPP_HARDENING_MODE_DEBUG -swift-version 6 -I /Users/admin/builder/spi-builder-workspace/.derivedData/Build/Products/Debug-watchos -Isystem /Applications/Xcode-27.0.0.app/Contents/Developer/Platforms/WatchOS.platform/Developer/usr/lib -F /Users/admin/builder/spi-builder-workspace/.derivedData/Build/Products/Debug-watchos/PackageFrameworks -F /Users/admin/builder/spi-builder-workspace/.derivedData/Build/Products/Debug-watchos -F /Applications/Xcode-27.0.0.app/Contents/Developer/Platforms/WatchOS.platform/Developer/Library/Frameworks -F /Applications/Xcode-27.0.0.app/Contents/Developer/Platforms/WatchOS.platform/Developer/SDKs/WatchOS27.0.sdk/Developer/Library/Frameworks -c -j10 -enable-batch-mode -incremental -Xcc -ivfsstatcache -Xcc /Users/admin/builder/spi-builder-workspace/.derivedData/SDKStatCaches.noindex/watchos27.0-24R360-e829b21a6f8c9b70876ba0858053c044b9db9bc9c079ee3c7b5f3373b13d10bc.sdkstatcache -output-file-map /Users/admin/builder/spi-builder-workspace/.derivedData/Build/Intermediates.noindex/GzipSwift.build/Debug-watchos/Gzip-t.build/Objects-normal/arm64_32/Gzip-OutputFileMap.json -save-temps -no-color-diagnostics -explicit-module-build -module-cache-path /Users/admin/builder/spi-builder-workspace/.derivedData/Build/Intermediates.noindex/SwiftExplicitPrecompiledModules -clang-scanner-module-cache-path /Users/admin/builder/spi-builder-workspace/.derivedData/ModuleCache.noindex -sdk-module-cache-path /Users/admin/builder/spi-builder-workspace/.derivedData/SDKExplicitPrecompiledModules -emit-dependencies -emit-module -emit-module-path /Users/admin/builder/spi-builder-workspace/.derivedData/Build/Intermediates.noindex/GzipSwift.build/Debug-watchos/Gzip-t.build/Objects-normal/arm64_32/Gzip.swiftmodule -serialize-diagnostics -dependency-scan-serialize-diagnostics-path /Users/admin/builder/spi-builder-workspace/.derivedData/Build/Intermediates.noindex/GzipSwift.build/Debug-watchos/Gzip-t.build/Objects-normal/arm64_32/Gzip-dependency-scan.dia -user-module-version 6.1.0 -validate-clang-modules-once -clang-build-session-file /Users/admin/builder/spi-builder-workspace/.derivedData/ModuleCache.noindex/Session.modulevalidation -Xcc -fmodules-prune-interval\=86400 -Xcc -fmodules-prune-after\=345600 -package-name gzipswift -emit-const-values -const-gather-protocols-list /Users/admin/builder/spi-builder-workspace/.derivedData/Build/Intermediates.noindex/GzipSwift.build/Debug-watchos/Gzip-t.build/Objects-normal/arm64_32/Gzip_const_extract_protocols.json -Xcc -I/Users/admin/builder/spi-builder-workspace/.dependencies/checkouts/GzipSwift/Sources/system-zlib/include -Xcc -I/Users/admin/builder/spi-builder-workspace/.derivedData/Build/Products/Debug-watchos/include -Xcc -I/Users/admin/builder/spi-builder-workspace/.derivedData/Build/Intermediates.noindex/GzipSwift.build/Debug-watchos/Gzip-t.build/DerivedSources-normal/arm64_32 -Xcc -I/Users/admin/builder/spi-builder-workspace/.derivedData/Build/Intermediates.noindex/GzipSwift.build/Debug-watchos/Gzip-t.build/DerivedSources/arm64_32 -Xcc -I/Users/admin/builder/spi-builder-workspace/.derivedData/Build/Intermediates.noindex/GzipSwift.build/Debug-watchos/Gzip-t.build/DerivedSources -Xcc -DSWIFT_PACKAGE -Xcc -DDEBUG\=1 -emit-objc-header -emit-objc-header-path /Users/admin/builder/spi-builder-workspace/.derivedData/Build/Intermediates.noindex/GzipSwift.build/Debug-watchos/Gzip-t.build/Objects-normal/arm64_32/Gzip-Swift.h -working-directory /Users/admin/builder/spi-builder-workspace/.swiftpm/xcode -experimental-emit-module-separately -disable-cmo
SwiftDriverJobDiscovery normal arm64 Emitting module for Gzip (in target 'Gzip' from project 'GzipSwift')
SwiftDriver\ Compilation\ Requirements Gzip normal arm64 com.apple.xcode.tools.swift.compiler (in target 'Gzip' from project 'GzipSwift')
cd /Users/admin/builder/spi-builder-workspace/.swiftpm/xcode
builtin-Swift-Compilation-Requirements -- /Applications/Xcode-27.0.0.app/Contents/Developer/Toolchains/XcodeDefault.xctoolchain/usr/bin/swiftc -parse-as-library -module-name Gzip -Onone @/Users/admin/builder/spi-builder-workspace/.derivedData/Build/Intermediates.noindex/GzipSwift.build/Debug-watchos/Gzip-t.build/Objects-normal/arm64/Gzip.SwiftFileList -DSWIFT_PACKAGE -DDEBUG -DSWIFT_MODULE_RESOURCE_BUNDLE_UNAVAILABLE -Xcc -fmodule-map-file\=/Users/admin/builder/spi-builder-workspace/.dependencies/checkouts/GzipSwift/Sources/system-zlib/include/module.modulemap -DXcode -plugin-path /Applications/Xcode-27.0.0.app/Contents/Developer/Toolchains/XcodeDefault.xctoolchain/usr/lib/swift/host/plugins/testing -enable-experimental-feature DebugDescriptionMacro -sdk /Applications/Xcode-27.0.0.app/Contents/Developer/Platforms/WatchOS.platform/Developer/SDKs/WatchOS27.0.sdk -target arm64-apple-watchos9.0 -g -module-cache-path /Users/admin/builder/spi-builder-workspace/.derivedData/ModuleCache.noindex -Xfrontend -serialize-debugging-options -profile-coverage-mapping -profile-generate -enable-testing -suppress-warnings -index-store-path /Users/admin/builder/spi-builder-workspace/.derivedData/Index.noindex/DataStore -Xcc -D_LIBCPP_HARDENING_MODE\=_LIBCPP_HARDENING_MODE_DEBUG -swift-version 6 -I /Users/admin/builder/spi-builder-workspace/.derivedData/Build/Products/Debug-watchos -Isystem /Applications/Xcode-27.0.0.app/Contents/Developer/Platforms/WatchOS.platform/Developer/usr/lib -F /Users/admin/builder/spi-builder-workspace/.derivedData/Build/Products/Debug-watchos/PackageFrameworks -F /Users/admin/builder/spi-builder-workspace/.derivedData/Build/Products/Debug-watchos -F /Applications/Xcode-27.0.0.app/Contents/Developer/Platforms/WatchOS.platform/Developer/Library/Frameworks -F /Applications/Xcode-27.0.0.app/Contents/Developer/Platforms/WatchOS.platform/Developer/SDKs/WatchOS27.0.sdk/Developer/Library/Frameworks -c -j10 -enable-batch-mode -incremental -Xcc -ivfsstatcache -Xcc /Users/admin/builder/spi-builder-workspace/.derivedData/SDKStatCaches.noindex/watchos27.0-24R360-e829b21a6f8c9b70876ba0858053c044b9db9bc9c079ee3c7b5f3373b13d10bc.sdkstatcache -output-file-map /Users/admin/builder/spi-builder-workspace/.derivedData/Build/Intermediates.noindex/GzipSwift.build/Debug-watchos/Gzip-t.build/Objects-normal/arm64/Gzip-OutputFileMap.json -save-temps -no-color-diagnostics -explicit-module-build -module-cache-path /Users/admin/builder/spi-builder-workspace/.derivedData/Build/Intermediates.noindex/SwiftExplicitPrecompiledModules -clang-scanner-module-cache-path /Users/admin/builder/spi-builder-workspace/.derivedData/ModuleCache.noindex -sdk-module-cache-path /Users/admin/builder/spi-builder-workspace/.derivedData/SDKExplicitPrecompiledModules -emit-dependencies -emit-module -emit-module-path /Users/admin/builder/spi-builder-workspace/.derivedData/Build/Intermediates.noindex/GzipSwift.build/Debug-watchos/Gzip-t.build/Objects-normal/arm64/Gzip.swiftmodule -serialize-diagnostics -dependency-scan-serialize-diagnostics-path /Users/admin/builder/spi-builder-workspace/.derivedData/Build/Intermediates.noindex/GzipSwift.build/Debug-watchos/Gzip-t.build/Objects-normal/arm64/Gzip-dependency-scan.dia -user-module-version 6.1.0 -validate-clang-modules-once -clang-build-session-file /Users/admin/builder/spi-builder-workspace/.derivedData/ModuleCache.noindex/Session.modulevalidation -Xcc -fmodules-prune-interval\=86400 -Xcc -fmodules-prune-after\=345600 -package-name gzipswift -emit-const-values -const-gather-protocols-list /Users/admin/builder/spi-builder-workspace/.derivedData/Build/Intermediates.noindex/GzipSwift.build/Debug-watchos/Gzip-t.build/Objects-normal/arm64/Gzip_const_extract_protocols.json -Xcc -I/Users/admin/builder/spi-builder-workspace/.dependencies/checkouts/GzipSwift/Sources/system-zlib/include -Xcc -I/Users/admin/builder/spi-builder-workspace/.derivedData/Build/Products/Debug-watchos/include -Xcc -I/Users/admin/builder/spi-builder-workspace/.derivedData/Build/Intermediates.noindex/GzipSwift.build/Debug-watchos/Gzip-t.build/DerivedSources-normal/arm64 -Xcc -I/Users/admin/builder/spi-builder-workspace/.derivedData/Build/Intermediates.noindex/GzipSwift.build/Debug-watchos/Gzip-t.build/DerivedSources/arm64 -Xcc -I/Users/admin/builder/spi-builder-workspace/.derivedData/Build/Intermediates.noindex/GzipSwift.build/Debug-watchos/Gzip-t.build/DerivedSources -Xcc -DSWIFT_PACKAGE -Xcc -DDEBUG\=1 -emit-objc-header -emit-objc-header-path /Users/admin/builder/spi-builder-workspace/.derivedData/Build/Intermediates.noindex/GzipSwift.build/Debug-watchos/Gzip-t.build/Objects-normal/arm64/Gzip-Swift.h -working-directory /Users/admin/builder/spi-builder-workspace/.swiftpm/xcode -experimental-emit-module-separately -disable-cmo
SwiftMergeGeneratedHeaders /Users/admin/builder/spi-builder-workspace/.derivedData/Build/Intermediates.noindex/GeneratedModuleMaps-watchos/Gzip-Swift.h /Users/admin/builder/spi-builder-workspace/.derivedData/Build/Intermediates.noindex/GzipSwift.build/Debug-watchos/Gzip-t.build/Objects-normal/arm64/Gzip-Swift.h /Users/admin/builder/spi-builder-workspace/.derivedData/Build/Intermediates.noindex/GzipSwift.build/Debug-watchos/Gzip-t.build/Objects-normal/arm64_32/Gzip-Swift.h (in target 'Gzip' from project 'GzipSwift')
cd /Users/admin/builder/spi-builder-workspace/.dependencies/checkouts/GzipSwift
builtin-swiftHeaderTool -arch arm64 /Users/admin/builder/spi-builder-workspace/.derivedData/Build/Intermediates.noindex/GzipSwift.build/Debug-watchos/Gzip-t.build/Objects-normal/arm64/Gzip-Swift.h -arch arm64_32 /Users/admin/builder/spi-builder-workspace/.derivedData/Build/Intermediates.noindex/GzipSwift.build/Debug-watchos/Gzip-t.build/Objects-normal/arm64_32/Gzip-Swift.h -o /Users/admin/builder/spi-builder-workspace/.derivedData/Build/Intermediates.noindex/GeneratedModuleMaps-watchos/Gzip-Swift.h
Copy /Users/admin/builder/spi-builder-workspace/.derivedData/Build/Products/Debug-watchos/Gzip.swiftmodule/arm64_32-apple-watchos.swiftdoc /Users/admin/builder/spi-builder-workspace/.derivedData/Build/Intermediates.noindex/GzipSwift.build/Debug-watchos/Gzip-t.build/Objects-normal/arm64_32/Gzip.swiftdoc (in target 'Gzip' from project 'GzipSwift')
cd /Users/admin/builder/spi-builder-workspace/.dependencies/checkouts/GzipSwift
builtin-copy -exclude .DS_Store -exclude CVS -exclude .svn -exclude .git -exclude .hg -resolve-src-symlinks -rename /Users/admin/builder/spi-builder-workspace/.derivedData/Build/Intermediates.noindex/GzipSwift.build/Debug-watchos/Gzip-t.build/Objects-normal/arm64_32/Gzip.swiftdoc /Users/admin/builder/spi-builder-workspace/.derivedData/Build/Products/Debug-watchos/Gzip.swiftmodule/arm64_32-apple-watchos.swiftdoc
Copy /Users/admin/builder/spi-builder-workspace/.derivedData/Build/Products/Debug-watchos/Gzip.swiftmodule/arm64-apple-watchos.abi.json /Users/admin/builder/spi-builder-workspace/.derivedData/Build/Intermediates.noindex/GzipSwift.build/Debug-watchos/Gzip-t.build/Objects-normal/arm64/Gzip.abi.json (in target 'Gzip' from project 'GzipSwift')
cd /Users/admin/builder/spi-builder-workspace/.dependencies/checkouts/GzipSwift
builtin-copy -exclude .DS_Store -exclude CVS -exclude .svn -exclude .git -exclude .hg -resolve-src-symlinks -rename /Users/admin/builder/spi-builder-workspace/.derivedData/Build/Intermediates.noindex/GzipSwift.build/Debug-watchos/Gzip-t.build/Objects-normal/arm64/Gzip.abi.json /Users/admin/builder/spi-builder-workspace/.derivedData/Build/Products/Debug-watchos/Gzip.swiftmodule/arm64-apple-watchos.abi.json
Copy /Users/admin/builder/spi-builder-workspace/.derivedData/Build/Products/Debug-watchos/Gzip.swiftmodule/arm64-apple-watchos.swiftmodule /Users/admin/builder/spi-builder-workspace/.derivedData/Build/Intermediates.noindex/GzipSwift.build/Debug-watchos/Gzip-t.build/Objects-normal/arm64/Gzip.swiftmodule (in target 'Gzip' from project 'GzipSwift')
cd /Users/admin/builder/spi-builder-workspace/.dependencies/checkouts/GzipSwift
builtin-copy -exclude .DS_Store -exclude CVS -exclude .svn -exclude .git -exclude .hg -resolve-src-symlinks -rename /Users/admin/builder/spi-builder-workspace/.derivedData/Build/Intermediates.noindex/GzipSwift.build/Debug-watchos/Gzip-t.build/Objects-normal/arm64/Gzip.swiftmodule /Users/admin/builder/spi-builder-workspace/.derivedData/Build/Products/Debug-watchos/Gzip.swiftmodule/arm64-apple-watchos.swiftmodule
Copy /Users/admin/builder/spi-builder-workspace/.derivedData/Build/Products/Debug-watchos/Gzip.swiftmodule/arm64_32-apple-watchos.swiftmodule /Users/admin/builder/spi-builder-workspace/.derivedData/Build/Intermediates.noindex/GzipSwift.build/Debug-watchos/Gzip-t.build/Objects-normal/arm64_32/Gzip.swiftmodule (in target 'Gzip' from project 'GzipSwift')
cd /Users/admin/builder/spi-builder-workspace/.dependencies/checkouts/GzipSwift
builtin-copy -exclude .DS_Store -exclude CVS -exclude .svn -exclude .git -exclude .hg -resolve-src-symlinks -rename /Users/admin/builder/spi-builder-workspace/.derivedData/Build/Intermediates.noindex/GzipSwift.build/Debug-watchos/Gzip-t.build/Objects-normal/arm64_32/Gzip.swiftmodule /Users/admin/builder/spi-builder-workspace/.derivedData/Build/Products/Debug-watchos/Gzip.swiftmodule/arm64_32-apple-watchos.swiftmodule
Copy /Users/admin/builder/spi-builder-workspace/.derivedData/Build/Products/Debug-watchos/Gzip.swiftmodule/arm64_32-apple-watchos.abi.json /Users/admin/builder/spi-builder-workspace/.derivedData/Build/Intermediates.noindex/GzipSwift.build/Debug-watchos/Gzip-t.build/Objects-normal/arm64_32/Gzip.abi.json (in target 'Gzip' from project 'GzipSwift')
cd /Users/admin/builder/spi-builder-workspace/.dependencies/checkouts/GzipSwift
builtin-copy -exclude .DS_Store -exclude CVS -exclude .svn -exclude .git -exclude .hg -resolve-src-symlinks -rename /Users/admin/builder/spi-builder-workspace/.derivedData/Build/Intermediates.noindex/GzipSwift.build/Debug-watchos/Gzip-t.build/Objects-normal/arm64_32/Gzip.abi.json /Users/admin/builder/spi-builder-workspace/.derivedData/Build/Products/Debug-watchos/Gzip.swiftmodule/arm64_32-apple-watchos.abi.json
Copy /Users/admin/builder/spi-builder-workspace/.derivedData/Build/Products/Debug-watchos/Gzip.swiftmodule/arm64-apple-watchos.swiftdoc /Users/admin/builder/spi-builder-workspace/.derivedData/Build/Intermediates.noindex/GzipSwift.build/Debug-watchos/Gzip-t.build/Objects-normal/arm64/Gzip.swiftdoc (in target 'Gzip' from project 'GzipSwift')
cd /Users/admin/builder/spi-builder-workspace/.dependencies/checkouts/GzipSwift
builtin-copy -exclude .DS_Store -exclude CVS -exclude .svn -exclude .git -exclude .hg -resolve-src-symlinks -rename /Users/admin/builder/spi-builder-workspace/.derivedData/Build/Intermediates.noindex/GzipSwift.build/Debug-watchos/Gzip-t.build/Objects-normal/arm64/Gzip.swiftdoc /Users/admin/builder/spi-builder-workspace/.derivedData/Build/Products/Debug-watchos/Gzip.swiftmodule/arm64-apple-watchos.swiftdoc
Copy /Users/admin/builder/spi-builder-workspace/.derivedData/Build/Products/Debug-watchos/Gzip.swiftmodule/Project/arm64_32-apple-watchos.swiftsourceinfo /Users/admin/builder/spi-builder-workspace/.derivedData/Build/Intermediates.noindex/GzipSwift.build/Debug-watchos/Gzip-t.build/Objects-normal/arm64_32/Gzip.swiftsourceinfo (in target 'Gzip' from project 'GzipSwift')
cd /Users/admin/builder/spi-builder-workspace/.dependencies/checkouts/GzipSwift
builtin-copy -exclude .DS_Store -exclude CVS -exclude .svn -exclude .git -exclude .hg -resolve-src-symlinks -rename /Users/admin/builder/spi-builder-workspace/.derivedData/Build/Intermediates.noindex/GzipSwift.build/Debug-watchos/Gzip-t.build/Objects-normal/arm64_32/Gzip.swiftsourceinfo /Users/admin/builder/spi-builder-workspace/.derivedData/Build/Products/Debug-watchos/Gzip.swiftmodule/Project/arm64_32-apple-watchos.swiftsourceinfo
Copy /Users/admin/builder/spi-builder-workspace/.derivedData/Build/Products/Debug-watchos/Gzip.swiftmodule/Project/arm64-apple-watchos.swiftsourceinfo /Users/admin/builder/spi-builder-workspace/.derivedData/Build/Intermediates.noindex/GzipSwift.build/Debug-watchos/Gzip-t.build/Objects-normal/arm64/Gzip.swiftsourceinfo (in target 'Gzip' from project 'GzipSwift')
cd /Users/admin/builder/spi-builder-workspace/.dependencies/checkouts/GzipSwift
builtin-copy -exclude .DS_Store -exclude CVS -exclude .svn -exclude .git -exclude .hg -resolve-src-symlinks -rename /Users/admin/builder/spi-builder-workspace/.derivedData/Build/Intermediates.noindex/GzipSwift.build/Debug-watchos/Gzip-t.build/Objects-normal/arm64/Gzip.swiftsourceinfo /Users/admin/builder/spi-builder-workspace/.derivedData/Build/Products/Debug-watchos/Gzip.swiftmodule/Project/arm64-apple-watchos.swiftsourceinfo
SwiftDriver InstanaAgent normal arm64_32 com.apple.xcode.tools.swift.compiler (in target 'InstanaAgent' from project 'InstanaAgent')
cd /Users/admin/builder/spi-builder-workspace/.swiftpm/xcode
builtin-SwiftDriver -- /Applications/Xcode-27.0.0.app/Contents/Developer/Toolchains/XcodeDefault.xctoolchain/usr/bin/swiftc -parse-as-library -module-name InstanaAgent -Onone @/Users/admin/builder/spi-builder-workspace/.derivedData/Build/Intermediates.noindex/InstanaAgent.build/Debug-watchos/InstanaAgent-t.build/Objects-normal/arm64_32/InstanaAgent.SwiftFileList -DSWIFT_PACKAGE -DDEBUG -DSWIFT_MODULE_RESOURCE_BUNDLE_AVAILABLE -Xcc -fmodule-map-file\=/Users/admin/builder/spi-builder-workspace/.dependencies/checkouts/GzipSwift/Sources/system-zlib/include/module.modulemap -Xcc -fmodule-map-file\=/Users/admin/builder/spi-builder-workspace/.derivedData/Build/Intermediates.noindex/GeneratedModuleMaps-watchos/ImageTracker.modulemap -DXcode -plugin-path /Applications/Xcode-27.0.0.app/Contents/Developer/Toolchains/XcodeDefault.xctoolchain/usr/lib/swift/host/plugins/testing -enable-experimental-feature DebugDescriptionMacro -sdk /Applications/Xcode-27.0.0.app/Contents/Developer/Platforms/WatchOS.platform/Developer/SDKs/WatchOS27.0.sdk -target arm64_32-apple-watchos9.0 -g -module-cache-path /Users/admin/builder/spi-builder-workspace/.derivedData/ModuleCache.noindex -Xfrontend -serialize-debugging-options -profile-coverage-mapping -profile-generate -enable-testing -index-store-path /Users/admin/builder/spi-builder-workspace/.derivedData/Index.noindex/DataStore -Xcc -D_LIBCPP_HARDENING_MODE\=_LIBCPP_HARDENING_MODE_DEBUG -swift-version 5 -I /Users/admin/builder/spi-builder-workspace/.derivedData/Build/Products/Debug-watchos -Isystem /Applications/Xcode-27.0.0.app/Contents/Developer/Platforms/WatchOS.platform/Developer/usr/lib -F /Users/admin/builder/spi-builder-workspace/.derivedData/Build/Products/Debug-watchos/PackageFrameworks -F /Users/admin/builder/spi-builder-workspace/.derivedData/Build/Products/Debug-watchos -F /Applications/Xcode-27.0.0.app/Contents/Developer/Platforms/WatchOS.platform/Developer/Library/Frameworks -F /Applications/Xcode-27.0.0.app/Contents/Developer/Platforms/WatchOS.platform/Developer/SDKs/WatchOS27.0.sdk/Developer/Library/Frameworks -c -j10 -enable-batch-mode -incremental -Xcc -ivfsstatcache -Xcc /Users/admin/builder/spi-builder-workspace/.derivedData/SDKStatCaches.noindex/watchos27.0-24R360-e829b21a6f8c9b70876ba0858053c044b9db9bc9c079ee3c7b5f3373b13d10bc.sdkstatcache -output-file-map /Users/admin/builder/spi-builder-workspace/.derivedData/Build/Intermediates.noindex/InstanaAgent.build/Debug-watchos/InstanaAgent-t.build/Objects-normal/arm64_32/InstanaAgent-OutputFileMap.json -save-temps -no-color-diagnostics -explicit-module-build -module-cache-path /Users/admin/builder/spi-builder-workspace/.derivedData/Build/Intermediates.noindex/SwiftExplicitPrecompiledModules -clang-scanner-module-cache-path /Users/admin/builder/spi-builder-workspace/.derivedData/ModuleCache.noindex -sdk-module-cache-path /Users/admin/builder/spi-builder-workspace/.derivedData/SDKExplicitPrecompiledModules -emit-dependencies -emit-module -emit-module-path /Users/admin/builder/spi-builder-workspace/.derivedData/Build/Intermediates.noindex/InstanaAgent.build/Debug-watchos/InstanaAgent-t.build/Objects-normal/arm64_32/InstanaAgent.swiftmodule -serialize-diagnostics -dependency-scan-serialize-diagnostics-path /Users/admin/builder/spi-builder-workspace/.derivedData/Build/Intermediates.noindex/InstanaAgent.build/Debug-watchos/InstanaAgent-t.build/Objects-normal/arm64_32/InstanaAgent-dependency-scan.dia -validate-clang-modules-once -clang-build-session-file /Users/admin/builder/spi-builder-workspace/.derivedData/ModuleCache.noindex/Session.modulevalidation -Xcc -fmodules-prune-interval\=86400 -Xcc -fmodules-prune-after\=345600 -emit-const-values -const-gather-protocols-list /Users/admin/builder/spi-builder-workspace/.derivedData/Build/Intermediates.noindex/InstanaAgent.build/Debug-watchos/InstanaAgent-t.build/Objects-normal/arm64_32/InstanaAgent_const_extract_protocols.json -Xcc -I/Users/admin/builder/spi-builder-workspace/.dependencies/checkouts/GzipSwift/Sources/system-zlib/include -Xcc -I/Users/admin/builder/spi-builder-workspace/Sources/ImageTracker -Xcc -I/Users/admin/builder/spi-builder-workspace/.derivedData/Build/Products/Debug-watchos/include -Xcc -I/Users/admin/builder/spi-builder-workspace/.derivedData/Build/Intermediates.noindex/InstanaAgent.build/Debug-watchos/InstanaAgent-t.build/DerivedSources-normal/arm64_32 -Xcc -I/Users/admin/builder/spi-builder-workspace/.derivedData/Build/Intermediates.noindex/InstanaAgent.build/Debug-watchos/InstanaAgent-t.build/DerivedSources/arm64_32 -Xcc -I/Users/admin/builder/spi-builder-workspace/.derivedData/Build/Intermediates.noindex/InstanaAgent.build/Debug-watchos/InstanaAgent-t.build/DerivedSources -Xcc -DSWIFT_PACKAGE -Xcc -DDEBUG\=1 -emit-objc-header -emit-objc-header-path /Users/admin/builder/spi-builder-workspace/.derivedData/Build/Intermediates.noindex/InstanaAgent.build/Debug-watchos/InstanaAgent-t.build/Objects-normal/arm64_32/InstanaAgent-Swift.h -working-directory /Users/admin/builder/spi-builder-workspace/.swiftpm/xcode -experimental-emit-module-separately -disable-cmo
/Users/admin/builder/spi-builder-workspace/Sources/InstanaAgent/Monitors/HTTP/InstanaURLProtocol.swift:6:8: error: Unable to resolve module dependency: 'WebKit' (in target 'InstanaAgent' from project 'InstanaAgent')
note: A dependency of main module 'InstanaAgent'
/Users/admin/builder/spi-builder-workspace/Sources/InstanaAgent/Utils/Networking/NetworkUtility.swift:5:8: error: Unable to resolve module dependency: 'CoreTelephony' (in target 'InstanaAgent' from project 'InstanaAgent')
note: A dependency of main module 'InstanaAgent'
/Users/admin/builder/spi-builder-workspace/Sources/InstanaAgent/Monitors/HTTP/InstanaURLProtocol.swift:6:8: note: A dependency of main module 'InstanaAgent'
import WebKit
^ (in target 'InstanaAgent' from project 'InstanaAgent')
/Users/admin/builder/spi-builder-workspace/Sources/InstanaAgent/Utils/Networking/NetworkUtility.swift:5:8: note: A dependency of main module 'InstanaAgent'
import CoreTelephony
^ (in target 'InstanaAgent' from project 'InstanaAgent')
SwiftDriver InstanaAgent normal arm64 com.apple.xcode.tools.swift.compiler (in target 'InstanaAgent' from project 'InstanaAgent')
cd /Users/admin/builder/spi-builder-workspace/.swiftpm/xcode
builtin-SwiftDriver -- /Applications/Xcode-27.0.0.app/Contents/Developer/Toolchains/XcodeDefault.xctoolchain/usr/bin/swiftc -parse-as-library -module-name InstanaAgent -Onone @/Users/admin/builder/spi-builder-workspace/.derivedData/Build/Intermediates.noindex/InstanaAgent.build/Debug-watchos/InstanaAgent-t.build/Objects-normal/arm64/InstanaAgent.SwiftFileList -DSWIFT_PACKAGE -DDEBUG -DSWIFT_MODULE_RESOURCE_BUNDLE_AVAILABLE -Xcc -fmodule-map-file\=/Users/admin/builder/spi-builder-workspace/.dependencies/checkouts/GzipSwift/Sources/system-zlib/include/module.modulemap -Xcc -fmodule-map-file\=/Users/admin/builder/spi-builder-workspace/.derivedData/Build/Intermediates.noindex/GeneratedModuleMaps-watchos/ImageTracker.modulemap -DXcode -plugin-path /Applications/Xcode-27.0.0.app/Contents/Developer/Toolchains/XcodeDefault.xctoolchain/usr/lib/swift/host/plugins/testing -enable-experimental-feature DebugDescriptionMacro -sdk /Applications/Xcode-27.0.0.app/Contents/Developer/Platforms/WatchOS.platform/Developer/SDKs/WatchOS27.0.sdk -target arm64-apple-watchos9.0 -g -module-cache-path /Users/admin/builder/spi-builder-workspace/.derivedData/ModuleCache.noindex -Xfrontend -serialize-debugging-options -profile-coverage-mapping -profile-generate -enable-testing -index-store-path /Users/admin/builder/spi-builder-workspace/.derivedData/Index.noindex/DataStore -Xcc -D_LIBCPP_HARDENING_MODE\=_LIBCPP_HARDENING_MODE_DEBUG -swift-version 5 -I /Users/admin/builder/spi-builder-workspace/.derivedData/Build/Products/Debug-watchos -Isystem /Applications/Xcode-27.0.0.app/Contents/Developer/Platforms/WatchOS.platform/Developer/usr/lib -F /Users/admin/builder/spi-builder-workspace/.derivedData/Build/Products/Debug-watchos/PackageFrameworks -F /Users/admin/builder/spi-builder-workspace/.derivedData/Build/Products/Debug-watchos -F /Applications/Xcode-27.0.0.app/Contents/Developer/Platforms/WatchOS.platform/Developer/Library/Frameworks -F /Applications/Xcode-27.0.0.app/Contents/Developer/Platforms/WatchOS.platform/Developer/SDKs/WatchOS27.0.sdk/Developer/Library/Frameworks -c -j10 -enable-batch-mode -incremental -Xcc -ivfsstatcache -Xcc /Users/admin/builder/spi-builder-workspace/.derivedData/SDKStatCaches.noindex/watchos27.0-24R360-e829b21a6f8c9b70876ba0858053c044b9db9bc9c079ee3c7b5f3373b13d10bc.sdkstatcache -output-file-map /Users/admin/builder/spi-builder-workspace/.derivedData/Build/Intermediates.noindex/InstanaAgent.build/Debug-watchos/InstanaAgent-t.build/Objects-normal/arm64/InstanaAgent-OutputFileMap.json -save-temps -no-color-diagnostics -explicit-module-build -module-cache-path /Users/admin/builder/spi-builder-workspace/.derivedData/Build/Intermediates.noindex/SwiftExplicitPrecompiledModules -clang-scanner-module-cache-path /Users/admin/builder/spi-builder-workspace/.derivedData/ModuleCache.noindex -sdk-module-cache-path /Users/admin/builder/spi-builder-workspace/.derivedData/SDKExplicitPrecompiledModules -emit-dependencies -emit-module -emit-module-path /Users/admin/builder/spi-builder-workspace/.derivedData/Build/Intermediates.noindex/InstanaAgent.build/Debug-watchos/InstanaAgent-t.build/Objects-normal/arm64/InstanaAgent.swiftmodule -serialize-diagnostics -dependency-scan-serialize-diagnostics-path /Users/admin/builder/spi-builder-workspace/.derivedData/Build/Intermediates.noindex/InstanaAgent.build/Debug-watchos/InstanaAgent-t.build/Objects-normal/arm64/InstanaAgent-dependency-scan.dia -validate-clang-modules-once -clang-build-session-file /Users/admin/builder/spi-builder-workspace/.derivedData/ModuleCache.noindex/Session.modulevalidation -Xcc -fmodules-prune-interval\=86400 -Xcc -fmodules-prune-after\=345600 -emit-const-values -const-gather-protocols-list /Users/admin/builder/spi-builder-workspace/.derivedData/Build/Intermediates.noindex/InstanaAgent.build/Debug-watchos/InstanaAgent-t.build/Objects-normal/arm64/InstanaAgent_const_extract_protocols.json -Xcc -I/Users/admin/builder/spi-builder-workspace/.dependencies/checkouts/GzipSwift/Sources/system-zlib/include -Xcc -I/Users/admin/builder/spi-builder-workspace/Sources/ImageTracker -Xcc -I/Users/admin/builder/spi-builder-workspace/.derivedData/Build/Products/Debug-watchos/include -Xcc -I/Users/admin/builder/spi-builder-workspace/.derivedData/Build/Intermediates.noindex/InstanaAgent.build/Debug-watchos/InstanaAgent-t.build/DerivedSources-normal/arm64 -Xcc -I/Users/admin/builder/spi-builder-workspace/.derivedData/Build/Intermediates.noindex/InstanaAgent.build/Debug-watchos/InstanaAgent-t.build/DerivedSources/arm64 -Xcc -I/Users/admin/builder/spi-builder-workspace/.derivedData/Build/Intermediates.noindex/InstanaAgent.build/Debug-watchos/InstanaAgent-t.build/DerivedSources -Xcc -DSWIFT_PACKAGE -Xcc -DDEBUG\=1 -emit-objc-header -emit-objc-header-path /Users/admin/builder/spi-builder-workspace/.derivedData/Build/Intermediates.noindex/InstanaAgent.build/Debug-watchos/InstanaAgent-t.build/Objects-normal/arm64/InstanaAgent-Swift.h -working-directory /Users/admin/builder/spi-builder-workspace/.swiftpm/xcode -experimental-emit-module-separately -disable-cmo
error: Clang dependency scanning failure: (in target 'InstanaAgent' from project 'InstanaAgent')
/Users/admin/builder/spi-builder-workspace/Sources/InstanaAgent/Monitors/HTTP/InstanaURLProtocol.swift:6:8: error: Unable to resolve module dependency: 'WebKit' (in target 'InstanaAgent' from project 'InstanaAgent')
note: A dependency of main module 'InstanaAgent'
/Users/admin/builder/spi-builder-workspace/Sources/InstanaAgent/Utils/Networking/NetworkUtility.swift:5:8: error: Unable to resolve module dependency: 'CoreTelephony' (in target 'InstanaAgent' from project 'InstanaAgent')
note: A dependency of main module 'InstanaAgent'
/Users/admin/builder/spi-builder-workspace/Sources/InstanaAgent/Monitors/HTTP/InstanaURLProtocol.swift:6:8: note: A dependency of main module 'InstanaAgent'
import WebKit
^ (in target 'InstanaAgent' from project 'InstanaAgent')
/Users/admin/builder/spi-builder-workspace/Sources/InstanaAgent/Utils/Networking/NetworkUtility.swift:5:8: note: A dependency of main module 'InstanaAgent'
import CoreTelephony
^ (in target 'InstanaAgent' from project 'InstanaAgent')
PruneExplicitPrecompiledModules /Users/admin/builder/spi-builder-workspace/.derivedData/Build/Intermediates.noindex/ExplicitPrecompiledModules
PruneExplicitPrecompiledModules /Users/admin/builder/spi-builder-workspace/.derivedData/Build/Intermediates.noindex/SwiftExplicitPrecompiledModules
PruneExplicitPrecompiledModules /Users/admin/builder/spi-builder-workspace/.derivedData/SDKExplicitPrecompiledModules
2026-10-14 08:14:41.055 xcodebuild[699:4517] [MT] IDERunDestination: Supported platforms for the buildables in the current scheme is empty.
2026-10-14 08:14:41.157 xcodebuild[699:4517] [MT] IDERunDestination: Supported platforms for the buildables in the current scheme is empty.
** BUILD FAILED **
The following build commands failed:
SwiftDriver InstanaAgent normal arm64_32 com.apple.xcode.tools.swift.compiler (in target 'InstanaAgent' from project 'InstanaAgent')
SwiftDriver InstanaAgent normal arm64 com.apple.xcode.tools.swift.compiler (in target 'InstanaAgent' from project 'InstanaAgent')
Building workspace InstanaAgent with scheme InstanaAgent
(3 failures)
Command line invocation:
/Applications/Xcode-27.0.0.app/Contents/Developer/usr/bin/xcodebuild -IDEClonedSourcePackagesDirPathOverride=/Users/admin/builder/spi-builder-workspace/.dependencies -resolvePackageDependencies
Resolve Package Graph
Resolved source packages:
GzipSwift: https://github.com/1024jp/GzipSwift.git @ 6.1.0
InstanaAgent: /Users/admin/builder/spi-builder-workspace
resolved source packages: GzipSwift, InstanaAgent
2026-10-14 08:14:48.559 xcodebuild[849:5228] [MT] IDERunDestination: Supported platforms for the buildables in the current scheme is empty.
2026-10-14 08:14:48.662 xcodebuild[849:5228] [MT] IDERunDestination: Supported platforms for the buildables in the current scheme is empty.
{
"dependencies" : [
{
"identity" : "gzipswift",
"requirement" : {
"range" : [
{
"lower_bound" : "6.0.1",
"upper_bound" : "7.0.0"
}
]
},
"type" : "sourceControl",
"url" : "https://github.com/1024jp/GzipSwift.git"
}
],
"manifest_display_name" : "InstanaAgent",
"name" : "InstanaAgent",
"path" : "/Users/admin/builder/spi-builder-workspace",
"platforms" : [
{
"name" : "ios",
"version" : "12.0"
},
{
"name" : "macos",
"version" : "10.15"
}
],
"products" : [
{
"name" : "InstanaAgent",
"targets" : [
"InstanaAgent"
],
"type" : {
"library" : [
"automatic"
]
}
}
],
"targets" : [
{
"c99name" : "InstanaAgentTests",
"module_type" : "SwiftTarget",
"name" : "InstanaAgentTests",
"path" : "Tests/InstanaAgentTests",
"sources" : [
"Beacons/Beacon Types/BeaconTests.swift",
"Beacons/Beacon Types/CustomBeaconTests.swift",
"Beacons/Beacon Types/DiagnosticBeaconTest.swift",
"Beacons/Beacon Types/HTTPBeaconTests.swift",
"Beacons/Beacon Types/PerfLowMemoryBeaconTests.swift",
"Beacons/Beacon Types/SessionProfileBeaconTests.swift",
"Beacons/Beacon Types/ViewChangeBeaconTests.swift",
"Beacons/BeaconFlusherTests.swift",
"Beacons/CoreBeacon/CoreBeaconFactoryTests.swift",
"Beacons/CoreBeacon/CoreBeaconInflightTests.swift",
"Beacons/CoreBeacon/CoreBeaconTests.swift",
"Beacons/DropBeacon/CustomEventDropBeaconTests.swift",
"Beacons/DropBeacon/DropBeaconHandlerTests.swift",
"Beacons/DropBeacon/DropBeaconTests.swift",
"Beacons/DropBeacon/HTTPDropBeaconTests.swift",
"Beacons/DropBeacon/ViewDropBeaconTests.swift",
"Beacons/ReporterRateLimitTests.swift",
"Beacons/ReporterTests.swift",
"Configuration/InstanaConfigurationTests.swift",
"Configuration/InstanaPropertyHandlerTests.swift",
"Configuration/InstanaSessionTests.swift",
"Configuration/InstanaSystemUtilsTests.swift",
"Configuration/PreviousSessionTests.swift",
"Error/HTTPErrorTests.swift",
"Error/InstanaErrorTests.swift",
"InstanaSetupOptionsTest.swift",
"InstanaTests.swift",
"IntegrationTest/InstanaURLProtocolIntegrationTests.swift",
"IntegrationTest/ReporterIntegrationTests.swift",
"IntegrationTest/URLSessionTaskIntegrationTests.swift",
"Mocks/BeaconMocks.swift",
"Mocks/HTTPMocks.swift",
"Mocks/MXDiagnosticPayloadMocks.swift",
"Mocks/MockInstanaConfiguration.swift",
"Mocks/MockInstanaPersistableQueue.swift",
"Mocks/MockInstanaSession.swift",
"Mocks/MockRedactionHandler.swift",
"Mocks/MockReporter.swift",
"Monitors/HTTP/HTTPMarkerTests.swift",
"Monitors/HTTP/HTTPMonitorFilterTests.swift",
"Monitors/HTTP/HTTPMonitorTests.swift",
"Monitors/HTTP/IgnoreURLHandlerTests.swift",
"Monitors/HTTP/InstanaURLProtocolTests.swift",
"Monitors/HTTP/RedactionHandlerTests.swift",
"Monitors/Metric/DiagnosticPayloadTests.swift",
"Monitors/Metric/ImageTrackerTests.swift",
"Monitors/Metric/MetricMonitorTests.swift",
"Monitors/Performance/AppLaunchMonitorTests.swift",
"Monitors/Performance/ApplicationNotRespondingMonitorTests.swift",
"Monitors/Performance/FramerateDropMonitorTests.swift",
"Monitors/Performance/LowMemoryMonitorTests.swift",
"PerformanceTests/BeaconPerformanceTests.swift",
"Test helpers/CoreBeacon+FromString.swift",
"Test helpers/Equatable.swift",
"Test helpers/InstanaTestCase.swift",
"Test helpers/MethodExchanger.swift",
"Test helpers/MirrorExtensions.swift",
"Test helpers/Webserver.swift",
"Test helpers/XCTestCaseExtensions.swift",
"Utils_Tests/Extensions/ArraySlicesTests.swift",
"Utils_Tests/Extensions/Date+MSTests.swift",
"Utils_Tests/Extensions/MirrorNilTests.swift",
"Utils_Tests/Extensions/ProcessInfo+ExtrasTests.swift",
"Utils_Tests/Extensions/StringExtensionTests.swift",
"Utils_Tests/Extensions/UITests.swift",
"Utils_Tests/Extensions/URLResponseHeaderFieldsTests.swift",
"Utils_Tests/InstanaApplicationStateHandlerTests.swift",
"Utils_Tests/InstanaBatteryUtilsTests.swift",
"Utils_Tests/InstanaPersistableQueueInflightTests.swift",
"Utils_Tests/InstanaPersistableQueueTests.swift",
"Utils_Tests/Logger/InstanaLoggerTests.swift",
"Utils_Tests/NetworkUtilityTests.swift",
"Utils_Tests/PropertyWrapper/AtomicTests.swift"
],
"target_dependencies" : [
"InstanaAgent",
"ImageTracker"
],
"type" : "test"
},
{
"c99name" : "InstanaAgent",
"module_type" : "SwiftTarget",
"name" : "InstanaAgent",
"path" : "Sources/InstanaAgent",
"product_dependencies" : [
"Gzip"
],
"product_memberships" : [
"InstanaAgent"
],
"resources" : [
{
"path" : "/Users/admin/builder/spi-builder-workspace/Sources/InstanaAgent/Resources/PrivacyInfo.xcprivacy",
"rule" : {
"copy" : {
}
}
}
],
"sources" : [
"Beacons/BeaconFlusher.swift",
"Beacons/Beacons Types/Beacon.swift",
"Beacons/Beacons Types/CustomBeacon.swift",
"Beacons/Beacons Types/DiagnosticBeacon.swift",
"Beacons/Beacons Types/DroppedBeacons.swift",
"Beacons/Beacons Types/HTTPBeacon.swift",
"Beacons/Beacons Types/PerformanceBeacons/PerfAppLaunchBeacon.swift",
"Beacons/Beacons Types/PerformanceBeacons/PerfAppNotResponding.swift",
"Beacons/Beacons Types/PerformanceBeacons/PerfLowMemoryBeacon.swift",
"Beacons/Beacons Types/PerformanceBeacons/PerformanceBeacon.swift",
"Beacons/Beacons Types/SessionProfileBeacon.swift",
"Beacons/Beacons Types/ViewChange.swift",
"Beacons/CoreBeacon/CoreBeacon+Extensions.swift",
"Beacons/CoreBeacon/CoreBeacon.swift",
"Beacons/CoreBeacon/CoreBeaconFactory.swift",
"Beacons/DropBeacon/CustomEventDropBeacon.swift",
"Beacons/DropBeacon/DropBeacon.swift",
"Beacons/DropBeacon/DropBeaconHandler.swift",
"Beacons/DropBeacon/HTTPDropBeacon.swift",
"Beacons/DropBeacon/ViewDropBeacon.swift",
"Beacons/Reporter.swift",
"Beacons/ReporterRateLimiter.swift",
"Configuration/DefaultIgnoredURLs.swift",
"Configuration/Defines.swift",
"Configuration/InstanaConfiguraton.swift",
"Configuration/InstanaProperties.swift",
"Configuration/InstanaSession.swift",
"Configuration/PreviousSession.swift",
"Configuration/VersionConfig.swift",
"Error/HTTPError.swift",
"Error/InstanaError.swift",
"Instana.swift",
"InstanaSetupOptions.swift",
"Monitors/HTTP/HTTPMarker.swift",
"Monitors/HTTP/HTTPMonitor.swift",
"Monitors/HTTP/HTTPMonitorFilter.swift",
"Monitors/HTTP/IgnoreURLHandler.swift",
"Monitors/HTTP/InstanaURLProtocol.swift",
"Monitors/HTTP/RedactionHandler.swift",
"Monitors/Metric/CallStackTree.swift",
"Monitors/Metric/DiagnosticPayload.swift",
"Monitors/Metric/DiagnosticThread.swift",
"Monitors/Metric/Frame.swift",
"Monitors/Metric/MetricMonitor.swift",
"Monitors/Metric/Symbolication/BinaryImage.swift",
"Monitors/Metric/Symbolication/DiagnosticSymbolicator.swift",
"Monitors/Metric/Symbolication/DynamicLibraryInfo.swift",
"Monitors/Metric/Symbolication/StackTrace.swift",
"Monitors/Metric/Symbolication/SymbolInfo.swift",
"Monitors/Metric/Symbolication/SymbolicationFrame.swift",
"Monitors/Metric/Symbolication/SymbolicationOperation.swift",
"Monitors/Monitors.swift",
"Monitors/Performance/AppLaunchMonitor.swift",
"Monitors/Performance/ApplicationNotRespondingMonitor.swift",
"Monitors/Performance/FramerateDropMonitor.swift",
"Monitors/Performance/LowMemoryMonitor.swift",
"Utils/Extensions/Array+Slices.swift",
"Utils/Extensions/Assert+Debug.swift",
"Utils/Extensions/Date+MS.swift",
"Utils/Extensions/Dictonary+JSON.swift",
"Utils/Extensions/Double+Misc.swift",
"Utils/Extensions/Mirror+Nil+Check.swift",
"Utils/Extensions/ProcessInfo+Extras.swift",
"Utils/Extensions/Result.swift",
"Utils/Extensions/Set+CoreBeacon.swift",
"Utils/Extensions/String+Extras.swift",
"Utils/Extensions/Typealiases.swift",
"Utils/Extensions/UI.swift",
"Utils/Extensions/URLResponse+URLRequest+Helper.swift",
"Utils/InstanaApplicationStateHandler.swift",
"Utils/InstanaBatteryUtils.swift",
"Utils/InstanaPersistableQueue.swift",
"Utils/InstanaSystemUtils.swift",
"Utils/Logger/InstanaLogger.swift",
"Utils/Networking/NetworkUtility.swift",
"Utils/PropertyWrapper/Atomic.swift"
],
"target_dependencies" : [
"ImageTracker"
],
"type" : "library"
},
{
"c99name" : "ImageTracker",
"module_type" : "ClangTarget",
"name" : "ImageTracker",
"path" : "Sources/ImageTracker",
"product_memberships" : [
"InstanaAgent"
],
"sources" : [
"ImageDetail.m"
],
"type" : "library"
}
],
"tools_version" : "5.4"
}
{
"workspace" : {
"name" : "InstanaAgent",
"schemes" : [
"InstanaAgent",
"InstanaAgentTests"
]
}
}
2026-10-14 08:14:49.837 xcodebuild[857:5295] [MT] IDERunDestination: Supported platforms for the buildables in the current scheme is empty.
2026-10-14 08:14:49.938 xcodebuild[857:5295] [MT] IDERunDestination: Supported platforms for the buildables in the current scheme is empty.
{
"workspace" : {
"name" : "InstanaAgent",
"schemes" : [
"InstanaAgent",
"InstanaAgentTests"
]
}
}
2026-10-14 08:14:50.862 xcodebuild[859:5327] [MT] IDERunDestination: Supported platforms for the buildables in the current scheme is empty.
2026-10-14 08:14:50.964 xcodebuild[859:5327] [MT] IDERunDestination: Supported platforms for the buildables in the current scheme is empty.
Running build ...
env DEVELOPER_DIR=/Applications/Xcode-27.0.0.app xcrun xcodebuild -IDEClonedSourcePackagesDirPathOverride=$PWD/.dependencies -skipMacroValidation -skipPackagePluginValidation -derivedDataPath $PWD/.derivedData build -scheme InstanaAgent -destination generic/platform=watchOS
Command line invocation:
/Applications/Xcode-27.0.0.app/Contents/Developer/usr/bin/xcodebuild -IDEClonedSourcePackagesDirPathOverride=/Users/admin/builder/spi-builder-workspace/.dependencies -skipMacroValidation -skipPackagePluginValidation -derivedDataPath /Users/admin/builder/spi-builder-workspace/.derivedData build -scheme InstanaAgent -destination generic/platform=watchOS
Resolve Package Graph
Resolved source packages:
GzipSwift: https://github.com/1024jp/GzipSwift.git @ 6.1.0
InstanaAgent: /Users/admin/builder/spi-builder-workspace
ComputePackagePrebuildTargetDependencyGraph
Prepare packages
CreateBuildRequest
SendProjectDescription
CreateBuildOperation
ComputeTargetDependencyGraph
note: Building targets in dependency order
note: Target dependency graph (7 targets)
Target 'InstanaAgent-product' in project 'InstanaAgent'
➜ Explicit dependency on target 'InstanaAgent' in project 'InstanaAgent'
➜ Explicit dependency on target 'InstanaAgent_InstanaAgent' in project 'InstanaAgent'
➜ Explicit dependency on target 'ImageTracker' in project 'InstanaAgent'
➜ Explicit dependency on target 'Gzip-product' in project 'GzipSwift'
Target 'InstanaAgent' in project 'InstanaAgent'
➜ Explicit dependency on target 'InstanaAgent_InstanaAgent' in project 'InstanaAgent'
➜ Explicit dependency on target 'ImageTracker' in project 'InstanaAgent'
➜ Explicit dependency on target 'Gzip-product' in project 'GzipSwift'
Target 'Gzip-product' in project 'GzipSwift'
➜ Explicit dependency on target 'Gzip' in project 'GzipSwift'
➜ Explicit dependency on target 'system-zlib' in project 'GzipSwift'
Target 'Gzip' in project 'GzipSwift'
➜ Explicit dependency on target 'system-zlib' in project 'GzipSwift'
Target 'system-zlib' in project 'GzipSwift' (no dependencies)
Target 'ImageTracker' in project 'InstanaAgent' (no dependencies)
Target 'InstanaAgent_InstanaAgent' in project 'InstanaAgent' (no dependencies)
GatherProvisioningInputs
CreateBuildDescription
ClangStatCache /Applications/Xcode-27.0.0.app/Contents/Developer/Toolchains/XcodeDefault.xctoolchain/usr/bin/clang-stat-cache /Applications/Xcode-27.0.0.app/Contents/Developer/Platforms/WatchOS.platform/Developer/SDKs/WatchOS27.0.sdk /Users/admin/builder/spi-builder-workspace/.derivedData/SDKStatCaches.noindex/watchos27.0-24R360-e829b21a6f8c9b70876ba0858053c044b9db9bc9c079ee3c7b5f3373b13d10bc.sdkstatcache
cd /Users/admin/builder/spi-builder-workspace/.swiftpm/xcode
/Applications/Xcode-27.0.0.app/Contents/Developer/Toolchains/XcodeDefault.xctoolchain/usr/bin/clang-stat-cache /Applications/Xcode-27.0.0.app/Contents/Developer/Platforms/WatchOS.platform/Developer/SDKs/WatchOS27.0.sdk -o /Users/admin/builder/spi-builder-workspace/.derivedData/SDKStatCaches.noindex/watchos27.0-24R360-e829b21a6f8c9b70876ba0858053c044b9db9bc9c079ee3c7b5f3373b13d10bc.sdkstatcache
SwiftDriver InstanaAgent normal arm64_32 com.apple.xcode.tools.swift.compiler (in target 'InstanaAgent' from project 'InstanaAgent')
cd /Users/admin/builder/spi-builder-workspace/.swiftpm/xcode
builtin-SwiftDriver -- /Applications/Xcode-27.0.0.app/Contents/Developer/Toolchains/XcodeDefault.xctoolchain/usr/bin/swiftc -parse-as-library -module-name InstanaAgent -Onone @/Users/admin/builder/spi-builder-workspace/.derivedData/Build/Intermediates.noindex/InstanaAgent.build/Debug-watchos/InstanaAgent-t.build/Objects-normal/arm64_32/InstanaAgent.SwiftFileList -DSWIFT_PACKAGE -DDEBUG -DSWIFT_MODULE_RESOURCE_BUNDLE_AVAILABLE -Xcc -fmodule-map-file\=/Users/admin/builder/spi-builder-workspace/.dependencies/checkouts/GzipSwift/Sources/system-zlib/include/module.modulemap -Xcc -fmodule-map-file\=/Users/admin/builder/spi-builder-workspace/.derivedData/Build/Intermediates.noindex/GeneratedModuleMaps-watchos/ImageTracker.modulemap -DXcode -plugin-path /Applications/Xcode-27.0.0.app/Contents/Developer/Toolchains/XcodeDefault.xctoolchain/usr/lib/swift/host/plugins/testing -enable-experimental-feature DebugDescriptionMacro -sdk /Applications/Xcode-27.0.0.app/Contents/Developer/Platforms/WatchOS.platform/Developer/SDKs/WatchOS27.0.sdk -target arm64_32-apple-watchos9.0 -g -module-cache-path /Users/admin/builder/spi-builder-workspace/.derivedData/ModuleCache.noindex -Xfrontend -serialize-debugging-options -profile-coverage-mapping -profile-generate -enable-testing -index-store-path /Users/admin/builder/spi-builder-workspace/.derivedData/Index.noindex/DataStore -Xcc -D_LIBCPP_HARDENING_MODE\=_LIBCPP_HARDENING_MODE_DEBUG -swift-version 5 -I /Users/admin/builder/spi-builder-workspace/.derivedData/Build/Products/Debug-watchos -Isystem /Applications/Xcode-27.0.0.app/Contents/Developer/Platforms/WatchOS.platform/Developer/usr/lib -F /Users/admin/builder/spi-builder-workspace/.derivedData/Build/Products/Debug-watchos/PackageFrameworks -F /Users/admin/builder/spi-builder-workspace/.derivedData/Build/Products/Debug-watchos -F /Applications/Xcode-27.0.0.app/Contents/Developer/Platforms/WatchOS.platform/Developer/Library/Frameworks -F /Applications/Xcode-27.0.0.app/Contents/Developer/Platforms/WatchOS.platform/Developer/SDKs/WatchOS27.0.sdk/Developer/Library/Frameworks -c -j10 -enable-batch-mode -incremental -Xcc -ivfsstatcache -Xcc /Users/admin/builder/spi-builder-workspace/.derivedData/SDKStatCaches.noindex/watchos27.0-24R360-e829b21a6f8c9b70876ba0858053c044b9db9bc9c079ee3c7b5f3373b13d10bc.sdkstatcache -output-file-map /Users/admin/builder/spi-builder-workspace/.derivedData/Build/Intermediates.noindex/InstanaAgent.build/Debug-watchos/InstanaAgent-t.build/Objects-normal/arm64_32/InstanaAgent-OutputFileMap.json -save-temps -no-color-diagnostics -explicit-module-build -module-cache-path /Users/admin/builder/spi-builder-workspace/.derivedData/Build/Intermediates.noindex/SwiftExplicitPrecompiledModules -clang-scanner-module-cache-path /Users/admin/builder/spi-builder-workspace/.derivedData/ModuleCache.noindex -sdk-module-cache-path /Users/admin/builder/spi-builder-workspace/.derivedData/SDKExplicitPrecompiledModules -emit-dependencies -emit-module -emit-module-path /Users/admin/builder/spi-builder-workspace/.derivedData/Build/Intermediates.noindex/InstanaAgent.build/Debug-watchos/InstanaAgent-t.build/Objects-normal/arm64_32/InstanaAgent.swiftmodule -serialize-diagnostics -dependency-scan-serialize-diagnostics-path /Users/admin/builder/spi-builder-workspace/.derivedData/Build/Intermediates.noindex/InstanaAgent.build/Debug-watchos/InstanaAgent-t.build/Objects-normal/arm64_32/InstanaAgent-dependency-scan.dia -validate-clang-modules-once -clang-build-session-file /Users/admin/builder/spi-builder-workspace/.derivedData/ModuleCache.noindex/Session.modulevalidation -Xcc -fmodules-prune-interval\=86400 -Xcc -fmodules-prune-after\=345600 -emit-const-values -const-gather-protocols-list /Users/admin/builder/spi-builder-workspace/.derivedData/Build/Intermediates.noindex/InstanaAgent.build/Debug-watchos/InstanaAgent-t.build/Objects-normal/arm64_32/InstanaAgent_const_extract_protocols.json -Xcc -I/Users/admin/builder/spi-builder-workspace/.dependencies/checkouts/GzipSwift/Sources/system-zlib/include -Xcc -I/Users/admin/builder/spi-builder-workspace/Sources/ImageTracker -Xcc -I/Users/admin/builder/spi-builder-workspace/.derivedData/Build/Products/Debug-watchos/include -Xcc -I/Users/admin/builder/spi-builder-workspace/.derivedData/Build/Intermediates.noindex/InstanaAgent.build/Debug-watchos/InstanaAgent-t.build/DerivedSources-normal/arm64_32 -Xcc -I/Users/admin/builder/spi-builder-workspace/.derivedData/Build/Intermediates.noindex/InstanaAgent.build/Debug-watchos/InstanaAgent-t.build/DerivedSources/arm64_32 -Xcc -I/Users/admin/builder/spi-builder-workspace/.derivedData/Build/Intermediates.noindex/InstanaAgent.build/Debug-watchos/InstanaAgent-t.build/DerivedSources -Xcc -DSWIFT_PACKAGE -Xcc -DDEBUG\=1 -emit-objc-header -emit-objc-header-path /Users/admin/builder/spi-builder-workspace/.derivedData/Build/Intermediates.noindex/InstanaAgent.build/Debug-watchos/InstanaAgent-t.build/Objects-normal/arm64_32/InstanaAgent-Swift.h -working-directory /Users/admin/builder/spi-builder-workspace/.swiftpm/xcode -experimental-emit-module-separately -disable-cmo
/Users/admin/builder/spi-builder-workspace/Sources/InstanaAgent/Monitors/HTTP/InstanaURLProtocol.swift:6:8: error: Unable to resolve module dependency: 'WebKit' (in target 'InstanaAgent' from project 'InstanaAgent')
note: A dependency of main module 'InstanaAgent'
/Users/admin/builder/spi-builder-workspace/Sources/InstanaAgent/Utils/Networking/NetworkUtility.swift:5:8: error: Unable to resolve module dependency: 'CoreTelephony' (in target 'InstanaAgent' from project 'InstanaAgent')
note: A dependency of main module 'InstanaAgent'
/Users/admin/builder/spi-builder-workspace/Sources/InstanaAgent/Monitors/HTTP/InstanaURLProtocol.swift:6:8: note: A dependency of main module 'InstanaAgent'
import WebKit
^ (in target 'InstanaAgent' from project 'InstanaAgent')
/Users/admin/builder/spi-builder-workspace/Sources/InstanaAgent/Utils/Networking/NetworkUtility.swift:5:8: note: A dependency of main module 'InstanaAgent'
import CoreTelephony
^ (in target 'InstanaAgent' from project 'InstanaAgent')
SwiftDriver Gzip normal arm64_32 com.apple.xcode.tools.swift.compiler (in target 'Gzip' from project 'GzipSwift')
cd /Users/admin/builder/spi-builder-workspace/.swiftpm/xcode
builtin-SwiftDriver -- /Applications/Xcode-27.0.0.app/Contents/Developer/Toolchains/XcodeDefault.xctoolchain/usr/bin/swiftc -parse-as-library -module-name Gzip -Onone @/Users/admin/builder/spi-builder-workspace/.derivedData/Build/Intermediates.noindex/GzipSwift.build/Debug-watchos/Gzip-t.build/Objects-normal/arm64_32/Gzip.SwiftFileList -DSWIFT_PACKAGE -DDEBUG -DSWIFT_MODULE_RESOURCE_BUNDLE_UNAVAILABLE -Xcc -fmodule-map-file\=/Users/admin/builder/spi-builder-workspace/.dependencies/checkouts/GzipSwift/Sources/system-zlib/include/module.modulemap -DXcode -plugin-path /Applications/Xcode-27.0.0.app/Contents/Developer/Toolchains/XcodeDefault.xctoolchain/usr/lib/swift/host/plugins/testing -enable-experimental-feature DebugDescriptionMacro -sdk /Applications/Xcode-27.0.0.app/Contents/Developer/Platforms/WatchOS.platform/Developer/SDKs/WatchOS27.0.sdk -target arm64_32-apple-watchos9.0 -g -module-cache-path /Users/admin/builder/spi-builder-workspace/.derivedData/ModuleCache.noindex -Xfrontend -serialize-debugging-options -profile-coverage-mapping -profile-generate -enable-testing -suppress-warnings -index-store-path /Users/admin/builder/spi-builder-workspace/.derivedData/Index.noindex/DataStore -Xcc -D_LIBCPP_HARDENING_MODE\=_LIBCPP_HARDENING_MODE_DEBUG -swift-version 6 -I /Users/admin/builder/spi-builder-workspace/.derivedData/Build/Products/Debug-watchos -Isystem /Applications/Xcode-27.0.0.app/Contents/Developer/Platforms/WatchOS.platform/Developer/usr/lib -F /Users/admin/builder/spi-builder-workspace/.derivedData/Build/Products/Debug-watchos/PackageFrameworks -F /Users/admin/builder/spi-builder-workspace/.derivedData/Build/Products/Debug-watchos -F /Applications/Xcode-27.0.0.app/Contents/Developer/Platforms/WatchOS.platform/Developer/Library/Frameworks -F /Applications/Xcode-27.0.0.app/Contents/Developer/Platforms/WatchOS.platform/Developer/SDKs/WatchOS27.0.sdk/Developer/Library/Frameworks -c -j10 -enable-batch-mode -incremental -Xcc -ivfsstatcache -Xcc /Users/admin/builder/spi-builder-workspace/.derivedData/SDKStatCaches.noindex/watchos27.0-24R360-e829b21a6f8c9b70876ba0858053c044b9db9bc9c079ee3c7b5f3373b13d10bc.sdkstatcache -output-file-map /Users/admin/builder/spi-builder-workspace/.derivedData/Build/Intermediates.noindex/GzipSwift.build/Debug-watchos/Gzip-t.build/Objects-normal/arm64_32/Gzip-OutputFileMap.json -save-temps -no-color-diagnostics -explicit-module-build -module-cache-path /Users/admin/builder/spi-builder-workspace/.derivedData/Build/Intermediates.noindex/SwiftExplicitPrecompiledModules -clang-scanner-module-cache-path /Users/admin/builder/spi-builder-workspace/.derivedData/ModuleCache.noindex -sdk-module-cache-path /Users/admin/builder/spi-builder-workspace/.derivedData/SDKExplicitPrecompiledModules -emit-dependencies -emit-module -emit-module-path /Users/admin/builder/spi-builder-workspace/.derivedData/Build/Intermediates.noindex/GzipSwift.build/Debug-watchos/Gzip-t.build/Objects-normal/arm64_32/Gzip.swiftmodule -serialize-diagnostics -dependency-scan-serialize-diagnostics-path /Users/admin/builder/spi-builder-workspace/.derivedData/Build/Intermediates.noindex/GzipSwift.build/Debug-watchos/Gzip-t.build/Objects-normal/arm64_32/Gzip-dependency-scan.dia -user-module-version 6.1.0 -validate-clang-modules-once -clang-build-session-file /Users/admin/builder/spi-builder-workspace/.derivedData/ModuleCache.noindex/Session.modulevalidation -Xcc -fmodules-prune-interval\=86400 -Xcc -fmodules-prune-after\=345600 -package-name gzipswift -emit-const-values -const-gather-protocols-list /Users/admin/builder/spi-builder-workspace/.derivedData/Build/Intermediates.noindex/GzipSwift.build/Debug-watchos/Gzip-t.build/Objects-normal/arm64_32/Gzip_const_extract_protocols.json -Xcc -I/Users/admin/builder/spi-builder-workspace/.dependencies/checkouts/GzipSwift/Sources/system-zlib/include -Xcc -I/Users/admin/builder/spi-builder-workspace/.derivedData/Build/Products/Debug-watchos/include -Xcc -I/Users/admin/builder/spi-builder-workspace/.derivedData/Build/Intermediates.noindex/GzipSwift.build/Debug-watchos/Gzip-t.build/DerivedSources-normal/arm64_32 -Xcc -I/Users/admin/builder/spi-builder-workspace/.derivedData/Build/Intermediates.noindex/GzipSwift.build/Debug-watchos/Gzip-t.build/DerivedSources/arm64_32 -Xcc -I/Users/admin/builder/spi-builder-workspace/.derivedData/Build/Intermediates.noindex/GzipSwift.build/Debug-watchos/Gzip-t.build/DerivedSources -Xcc -DSWIFT_PACKAGE -Xcc -DDEBUG\=1 -emit-objc-header -emit-objc-header-path /Users/admin/builder/spi-builder-workspace/.derivedData/Build/Intermediates.noindex/GzipSwift.build/Debug-watchos/Gzip-t.build/Objects-normal/arm64_32/Gzip-Swift.h -working-directory /Users/admin/builder/spi-builder-workspace/.swiftpm/xcode -experimental-emit-module-separately -disable-cmo
SwiftDriver InstanaAgent normal arm64 com.apple.xcode.tools.swift.compiler (in target 'InstanaAgent' from project 'InstanaAgent')
cd /Users/admin/builder/spi-builder-workspace/.swiftpm/xcode
builtin-SwiftDriver -- /Applications/Xcode-27.0.0.app/Contents/Developer/Toolchains/XcodeDefault.xctoolchain/usr/bin/swiftc -parse-as-library -module-name InstanaAgent -Onone @/Users/admin/builder/spi-builder-workspace/.derivedData/Build/Intermediates.noindex/InstanaAgent.build/Debug-watchos/InstanaAgent-t.build/Objects-normal/arm64/InstanaAgent.SwiftFileList -DSWIFT_PACKAGE -DDEBUG -DSWIFT_MODULE_RESOURCE_BUNDLE_AVAILABLE -Xcc -fmodule-map-file\=/Users/admin/builder/spi-builder-workspace/.dependencies/checkouts/GzipSwift/Sources/system-zlib/include/module.modulemap -Xcc -fmodule-map-file\=/Users/admin/builder/spi-builder-workspace/.derivedData/Build/Intermediates.noindex/GeneratedModuleMaps-watchos/ImageTracker.modulemap -DXcode -plugin-path /Applications/Xcode-27.0.0.app/Contents/Developer/Toolchains/XcodeDefault.xctoolchain/usr/lib/swift/host/plugins/testing -enable-experimental-feature DebugDescriptionMacro -sdk /Applications/Xcode-27.0.0.app/Contents/Developer/Platforms/WatchOS.platform/Developer/SDKs/WatchOS27.0.sdk -target arm64-apple-watchos9.0 -g -module-cache-path /Users/admin/builder/spi-builder-workspace/.derivedData/ModuleCache.noindex -Xfrontend -serialize-debugging-options -profile-coverage-mapping -profile-generate -enable-testing -index-store-path /Users/admin/builder/spi-builder-workspace/.derivedData/Index.noindex/DataStore -Xcc -D_LIBCPP_HARDENING_MODE\=_LIBCPP_HARDENING_MODE_DEBUG -swift-version 5 -I /Users/admin/builder/spi-builder-workspace/.derivedData/Build/Products/Debug-watchos -Isystem /Applications/Xcode-27.0.0.app/Contents/Developer/Platforms/WatchOS.platform/Developer/usr/lib -F /Users/admin/builder/spi-builder-workspace/.derivedData/Build/Products/Debug-watchos/PackageFrameworks -F /Users/admin/builder/spi-builder-workspace/.derivedData/Build/Products/Debug-watchos -F /Applications/Xcode-27.0.0.app/Contents/Developer/Platforms/WatchOS.platform/Developer/Library/Frameworks -F /Applications/Xcode-27.0.0.app/Contents/Developer/Platforms/WatchOS.platform/Developer/SDKs/WatchOS27.0.sdk/Developer/Library/Frameworks -c -j10 -enable-batch-mode -incremental -Xcc -ivfsstatcache -Xcc /Users/admin/builder/spi-builder-workspace/.derivedData/SDKStatCaches.noindex/watchos27.0-24R360-e829b21a6f8c9b70876ba0858053c044b9db9bc9c079ee3c7b5f3373b13d10bc.sdkstatcache -output-file-map /Users/admin/builder/spi-builder-workspace/.derivedData/Build/Intermediates.noindex/InstanaAgent.build/Debug-watchos/InstanaAgent-t.build/Objects-normal/arm64/InstanaAgent-OutputFileMap.json -save-temps -no-color-diagnostics -explicit-module-build -module-cache-path /Users/admin/builder/spi-builder-workspace/.derivedData/Build/Intermediates.noindex/SwiftExplicitPrecompiledModules -clang-scanner-module-cache-path /Users/admin/builder/spi-builder-workspace/.derivedData/ModuleCache.noindex -sdk-module-cache-path /Users/admin/builder/spi-builder-workspace/.derivedData/SDKExplicitPrecompiledModules -emit-dependencies -emit-module -emit-module-path /Users/admin/builder/spi-builder-workspace/.derivedData/Build/Intermediates.noindex/InstanaAgent.build/Debug-watchos/InstanaAgent-t.build/Objects-normal/arm64/InstanaAgent.swiftmodule -serialize-diagnostics -dependency-scan-serialize-diagnostics-path /Users/admin/builder/spi-builder-workspace/.derivedData/Build/Intermediates.noindex/InstanaAgent.build/Debug-watchos/InstanaAgent-t.build/Objects-normal/arm64/InstanaAgent-dependency-scan.dia -validate-clang-modules-once -clang-build-session-file /Users/admin/builder/spi-builder-workspace/.derivedData/ModuleCache.noindex/Session.modulevalidation -Xcc -fmodules-prune-interval\=86400 -Xcc -fmodules-prune-after\=345600 -emit-const-values -const-gather-protocols-list /Users/admin/builder/spi-builder-workspace/.derivedData/Build/Intermediates.noindex/InstanaAgent.build/Debug-watchos/InstanaAgent-t.build/Objects-normal/arm64/InstanaAgent_const_extract_protocols.json -Xcc -I/Users/admin/builder/spi-builder-workspace/.dependencies/checkouts/GzipSwift/Sources/system-zlib/include -Xcc -I/Users/admin/builder/spi-builder-workspace/Sources/ImageTracker -Xcc -I/Users/admin/builder/spi-builder-workspace/.derivedData/Build/Products/Debug-watchos/include -Xcc -I/Users/admin/builder/spi-builder-workspace/.derivedData/Build/Intermediates.noindex/InstanaAgent.build/Debug-watchos/InstanaAgent-t.build/DerivedSources-normal/arm64 -Xcc -I/Users/admin/builder/spi-builder-workspace/.derivedData/Build/Intermediates.noindex/InstanaAgent.build/Debug-watchos/InstanaAgent-t.build/DerivedSources/arm64 -Xcc -I/Users/admin/builder/spi-builder-workspace/.derivedData/Build/Intermediates.noindex/InstanaAgent.build/Debug-watchos/InstanaAgent-t.build/DerivedSources -Xcc -DSWIFT_PACKAGE -Xcc -DDEBUG\=1 -emit-objc-header -emit-objc-header-path /Users/admin/builder/spi-builder-workspace/.derivedData/Build/Intermediates.noindex/InstanaAgent.build/Debug-watchos/InstanaAgent-t.build/Objects-normal/arm64/InstanaAgent-Swift.h -working-directory /Users/admin/builder/spi-builder-workspace/.swiftpm/xcode -experimental-emit-module-separately -disable-cmo
error: Clang dependency scanning failure: (in target 'InstanaAgent' from project 'InstanaAgent')
/Users/admin/builder/spi-builder-workspace/Sources/InstanaAgent/Monitors/HTTP/InstanaURLProtocol.swift:6:8: error: Unable to resolve module dependency: 'WebKit' (in target 'InstanaAgent' from project 'InstanaAgent')
note: A dependency of main module 'InstanaAgent'
error: Clang dependency scanning failure: (in target 'InstanaAgent' from project 'InstanaAgent')
/Users/admin/builder/spi-builder-workspace/Sources/InstanaAgent/Utils/Networking/NetworkUtility.swift:5:8: error: Unable to resolve module dependency: 'CoreTelephony' (in target 'InstanaAgent' from project 'InstanaAgent')
note: A dependency of main module 'InstanaAgent'
/Users/admin/builder/spi-builder-workspace/Sources/InstanaAgent/Monitors/HTTP/InstanaURLProtocol.swift:6:8: note: A dependency of main module 'InstanaAgent'
import WebKit
^ (in target 'InstanaAgent' from project 'InstanaAgent')
/Users/admin/builder/spi-builder-workspace/Sources/InstanaAgent/Utils/Networking/NetworkUtility.swift:5:8: note: A dependency of main module 'InstanaAgent'
import CoreTelephony
^ (in target 'InstanaAgent' from project 'InstanaAgent')
SwiftDriver Gzip normal arm64 com.apple.xcode.tools.swift.compiler (in target 'Gzip' from project 'GzipSwift')
cd /Users/admin/builder/spi-builder-workspace/.swiftpm/xcode
builtin-SwiftDriver -- /Applications/Xcode-27.0.0.app/Contents/Developer/Toolchains/XcodeDefault.xctoolchain/usr/bin/swiftc -parse-as-library -module-name Gzip -Onone @/Users/admin/builder/spi-builder-workspace/.derivedData/Build/Intermediates.noindex/GzipSwift.build/Debug-watchos/Gzip-t.build/Objects-normal/arm64/Gzip.SwiftFileList -DSWIFT_PACKAGE -DDEBUG -DSWIFT_MODULE_RESOURCE_BUNDLE_UNAVAILABLE -Xcc -fmodule-map-file\=/Users/admin/builder/spi-builder-workspace/.dependencies/checkouts/GzipSwift/Sources/system-zlib/include/module.modulemap -DXcode -plugin-path /Applications/Xcode-27.0.0.app/Contents/Developer/Toolchains/XcodeDefault.xctoolchain/usr/lib/swift/host/plugins/testing -enable-experimental-feature DebugDescriptionMacro -sdk /Applications/Xcode-27.0.0.app/Contents/Developer/Platforms/WatchOS.platform/Developer/SDKs/WatchOS27.0.sdk -target arm64-apple-watchos9.0 -g -module-cache-path /Users/admin/builder/spi-builder-workspace/.derivedData/ModuleCache.noindex -Xfrontend -serialize-debugging-options -profile-coverage-mapping -profile-generate -enable-testing -suppress-warnings -index-store-path /Users/admin/builder/spi-builder-workspace/.derivedData/Index.noindex/DataStore -Xcc -D_LIBCPP_HARDENING_MODE\=_LIBCPP_HARDENING_MODE_DEBUG -swift-version 6 -I /Users/admin/builder/spi-builder-workspace/.derivedData/Build/Products/Debug-watchos -Isystem /Applications/Xcode-27.0.0.app/Contents/Developer/Platforms/WatchOS.platform/Developer/usr/lib -F /Users/admin/builder/spi-builder-workspace/.derivedData/Build/Products/Debug-watchos/PackageFrameworks -F /Users/admin/builder/spi-builder-workspace/.derivedData/Build/Products/Debug-watchos -F /Applications/Xcode-27.0.0.app/Contents/Developer/Platforms/WatchOS.platform/Developer/Library/Frameworks -F /Applications/Xcode-27.0.0.app/Contents/Developer/Platforms/WatchOS.platform/Developer/SDKs/WatchOS27.0.sdk/Developer/Library/Frameworks -c -j10 -enable-batch-mode -incremental -Xcc -ivfsstatcache -Xcc /Users/admin/builder/spi-builder-workspace/.derivedData/SDKStatCaches.noindex/watchos27.0-24R360-e829b21a6f8c9b70876ba0858053c044b9db9bc9c079ee3c7b5f3373b13d10bc.sdkstatcache -output-file-map /Users/admin/builder/spi-builder-workspace/.derivedData/Build/Intermediates.noindex/GzipSwift.build/Debug-watchos/Gzip-t.build/Objects-normal/arm64/Gzip-OutputFileMap.json -save-temps -no-color-diagnostics -explicit-module-build -module-cache-path /Users/admin/builder/spi-builder-workspace/.derivedData/Build/Intermediates.noindex/SwiftExplicitPrecompiledModules -clang-scanner-module-cache-path /Users/admin/builder/spi-builder-workspace/.derivedData/ModuleCache.noindex -sdk-module-cache-path /Users/admin/builder/spi-builder-workspace/.derivedData/SDKExplicitPrecompiledModules -emit-dependencies -emit-module -emit-module-path /Users/admin/builder/spi-builder-workspace/.derivedData/Build/Intermediates.noindex/GzipSwift.build/Debug-watchos/Gzip-t.build/Objects-normal/arm64/Gzip.swiftmodule -serialize-diagnostics -dependency-scan-serialize-diagnostics-path /Users/admin/builder/spi-builder-workspace/.derivedData/Build/Intermediates.noindex/GzipSwift.build/Debug-watchos/Gzip-t.build/Objects-normal/arm64/Gzip-dependency-scan.dia -user-module-version 6.1.0 -validate-clang-modules-once -clang-build-session-file /Users/admin/builder/spi-builder-workspace/.derivedData/ModuleCache.noindex/Session.modulevalidation -Xcc -fmodules-prune-interval\=86400 -Xcc -fmodules-prune-after\=345600 -package-name gzipswift -emit-const-values -const-gather-protocols-list /Users/admin/builder/spi-builder-workspace/.derivedData/Build/Intermediates.noindex/GzipSwift.build/Debug-watchos/Gzip-t.build/Objects-normal/arm64/Gzip_const_extract_protocols.json -Xcc -I/Users/admin/builder/spi-builder-workspace/.dependencies/checkouts/GzipSwift/Sources/system-zlib/include -Xcc -I/Users/admin/builder/spi-builder-workspace/.derivedData/Build/Products/Debug-watchos/include -Xcc -I/Users/admin/builder/spi-builder-workspace/.derivedData/Build/Intermediates.noindex/GzipSwift.build/Debug-watchos/Gzip-t.build/DerivedSources-normal/arm64 -Xcc -I/Users/admin/builder/spi-builder-workspace/.derivedData/Build/Intermediates.noindex/GzipSwift.build/Debug-watchos/Gzip-t.build/DerivedSources/arm64 -Xcc -I/Users/admin/builder/spi-builder-workspace/.derivedData/Build/Intermediates.noindex/GzipSwift.build/Debug-watchos/Gzip-t.build/DerivedSources -Xcc -DSWIFT_PACKAGE -Xcc -DDEBUG\=1 -emit-objc-header -emit-objc-header-path /Users/admin/builder/spi-builder-workspace/.derivedData/Build/Intermediates.noindex/GzipSwift.build/Debug-watchos/Gzip-t.build/Objects-normal/arm64/Gzip-Swift.h -working-directory /Users/admin/builder/spi-builder-workspace/.swiftpm/xcode -experimental-emit-module-separately -disable-cmo
SwiftEmitModule normal arm64 Emitting\ module\ for\ Gzip (in target 'Gzip' from project 'GzipSwift')
SwiftCompile normal arm64 (in target 'Gzip' from project 'GzipSwift')
cd /Users/admin/builder/spi-builder-workspace/.swiftpm/xcode
SwiftEmitModule normal arm64_32 Emitting\ module\ for\ Gzip (in target 'Gzip' from project 'GzipSwift')
SwiftCompile normal arm64_32 (in target 'Gzip' from project 'GzipSwift')
cd /Users/admin/builder/spi-builder-workspace/.swiftpm/xcode
SwiftCompile normal arm64 Compiling\ Data+Gzip.swift /Users/admin/builder/spi-builder-workspace/.dependencies/checkouts/GzipSwift/Sources/Gzip/Data+Gzip.swift (in target 'Gzip' from project 'GzipSwift')
SwiftCompile normal arm64 /Users/admin/builder/spi-builder-workspace/.dependencies/checkouts/GzipSwift/Sources/Gzip/Data+Gzip.swift (in target 'Gzip' from project 'GzipSwift')
cd /Users/admin/builder/spi-builder-workspace/.swiftpm/xcode
builtin-SwiftPerFileCompile Data+Gzip.swift
SwiftCompile normal arm64_32 Compiling\ Data+Gzip.swift /Users/admin/builder/spi-builder-workspace/.dependencies/checkouts/GzipSwift/Sources/Gzip/Data+Gzip.swift (in target 'Gzip' from project 'GzipSwift')
SwiftCompile normal arm64_32 /Users/admin/builder/spi-builder-workspace/.dependencies/checkouts/GzipSwift/Sources/Gzip/Data+Gzip.swift (in target 'Gzip' from project 'GzipSwift')
cd /Users/admin/builder/spi-builder-workspace/.swiftpm/xcode
builtin-SwiftPerFileCompile Data+Gzip.swift
PruneExplicitPrecompiledModules /Users/admin/builder/spi-builder-workspace/.derivedData/Build/Intermediates.noindex/ExplicitPrecompiledModules
PruneExplicitPrecompiledModules /Users/admin/builder/spi-builder-workspace/.derivedData/Build/Intermediates.noindex/SwiftExplicitPrecompiledModules
PruneExplicitPrecompiledModules /Users/admin/builder/spi-builder-workspace/.derivedData/SDKExplicitPrecompiledModules
2026-10-14 08:14:51.880 xcodebuild[860:5351] [MT] IDERunDestination: Supported platforms for the buildables in the current scheme is empty.
2026-10-14 08:14:51.981 xcodebuild[860:5351] [MT] IDERunDestination: Supported platforms for the buildables in the current scheme is empty.
** BUILD FAILED **
The following build commands failed:
SwiftDriver InstanaAgent normal arm64_32 com.apple.xcode.tools.swift.compiler (in target 'InstanaAgent' from project 'InstanaAgent')
SwiftDriver InstanaAgent normal arm64 com.apple.xcode.tools.swift.compiler (in target 'InstanaAgent' from project 'InstanaAgent')
Building workspace InstanaAgent with scheme InstanaAgent
(3 failures)
BUILD FAILURE 6.4 watchOS