The Swift Package Index logo.Swift Package Index

Build Information

Failed to build swift-package-info, reference 1.7.0 (21f1b1), with Swift 6.4 for Android on 23 Sep 2026 05:19:29 UTC.

Build Command

bash -c docker run --pull=always --rm -v "checkouts-54344845-1":/host -w "$PWD" -e JAVA_HOME="/root/.sdkman/candidates/java/current" -e SPI_BUILD="1" -e SPI_PROCESSING="1" registry.gitlab.com/saguaro1/spi-images:android-6.4-latest swift build --swift-sdk aarch64-unknown-linux-android28 2>&1

Build Log

========================================
RunAll
========================================
Builder version: 5.1.0
Interrupt handler set up.
========================================
Checkout
========================================
Clone URL: https://github.com/marinofelipe/swift-package-info.git
Reference: 1.7.0
Initialized empty Git repository in /host/spi-builder-workspace/.git/
hint: Using 'master' as the name for the initial branch. This default branch name
hint: is subject to change. To configure the initial branch name to use in all
hint: of your new repositories, which will suppress this warning, call:
hint:
hint: 	git config --global init.defaultBranch <name>
hint:
hint: Names commonly chosen instead of 'master' are 'main', 'trunk' and
hint: 'development'. The just-created branch can be renamed via this command:
hint:
hint: 	git branch -m <name>
From https://github.com/marinofelipe/swift-package-info
 * tag               1.7.0      -> FETCH_HEAD
HEAD is now at 21f1b13 Add GH_TOKEN environment variable for release creation
Cloned https://github.com/marinofelipe/swift-package-info.git
Revision (git rev-parse @):
21f1b139628ea21c88af4a64338b60b01d2b68fc
SUCCESS checkout https://github.com/marinofelipe/swift-package-info.git at 1.7.0
========================================
Build
========================================
Selected platform:         android
Swift version:             6.4
Building package at path:  $PWD
https://github.com/marinofelipe/swift-package-info.git
Running build ...
bash -c docker run --pull=always --rm -v "checkouts-54344845-1":/host -w "$PWD" -e JAVA_HOME="/root/.sdkman/candidates/java/current" -e SPI_BUILD="1" -e SPI_PROCESSING="1" registry.gitlab.com/saguaro1/spi-images:android-6.4-latest swift build --swift-sdk aarch64-unknown-linux-android28 2>&1
android-6.4-latest: Pulling from saguaro1/spi-images
Digest: sha256:abadcff584c273feba50641b454858d377ba30b35ea7287a94f45ebd8afd0ea0
Status: Image is up to date for registry.gitlab.com/saguaro1/spi-images:android-6.4-latest
Fetching https://github.com/apple/swift-package-manager
[1/192057] Fetching swift-package-manager
Fetched https://github.com/apple/swift-package-manager (8.52s)
Fetching https://github.com/swiftlang/swift-llbuild.git
[1/29920] Fetching swift-llbuild
Fetched https://github.com/swiftlang/swift-llbuild.git (1.52s)
Fetching https://github.com/swiftlang/swift-syntax.git
[1/80014] Fetching swift-syntax
Fetched https://github.com/swiftlang/swift-syntax.git (3.27s)
Fetching https://github.com/swiftlang/swift-tools-support-core.git
[1/7399] Fetching swift-tools-support-core
Fetched https://github.com/swiftlang/swift-tools-support-core.git (0.63s)
Fetching https://github.com/swiftlang/swift-driver.git
[1/39078] Fetching swift-driver
Fetched https://github.com/swiftlang/swift-driver.git (1.41s)
Fetching https://github.com/apple/swift-argument-parser.git
Fetching https://github.com/apple/swift-system.git
Fetching https://github.com/swiftlang/swift-toolchain-sqlite
Fetching https://github.com/apple/swift-collections.git
Fetching https://github.com/apple/swift-crypto.git
Fetching https://github.com/apple/swift-certificates.git
[1/376] Fetching swift-toolchain-sqlite
[5/18925] Fetching swift-toolchain-sqlite, swift-crypto
[380/37843] Fetching swift-toolchain-sqlite, swift-crypto, swift-argument-parser
[756/45418] Fetching swift-toolchain-sqlite, swift-crypto, swift-argument-parser, swift-certificates
[23989/52334] Fetching swift-toolchain-sqlite, swift-crypto, swift-argument-parser, swift-certificates, swift-system
Fetched https://github.com/apple/swift-certificates.git (0.65s)
[24255/44759] Fetching swift-toolchain-sqlite, swift-crypto, swift-argument-parser, swift-system
Fetching https://github.com/tuist/XcodeProj.git
[25155/72445] Fetching swift-toolchain-sqlite, swift-crypto, swift-argument-parser, swift-system, swift-collections
[72446/97587] Fetching swift-toolchain-sqlite, swift-crypto, swift-argument-parser, swift-system, swift-collections, xcodeproj
Fetched https://github.com/apple/swift-argument-parser.git (1.42s)
Fetched https://github.com/swiftlang/swift-toolchain-sqlite (1.42s)
[69242/78293] Fetching swift-crypto, swift-system, swift-collections, xcodeproj
Fetching https://github.com/marinofelipe/http_client
Fetched https://github.com/apple/swift-crypto.git (1.64s)
Fetched https://github.com/apple/swift-system.git (1.65s)
Fetched https://github.com/apple/swift-collections.git (1.67s)
[24388/25142] Fetching xcodeproj
[25143/25453] Fetching xcodeproj, http_client
Fetched https://github.com/tuist/XcodeProj.git (1.31s)
Fetched https://github.com/marinofelipe/http_client (0.54s)
Computing version for https://github.com/apple/swift-crypto.git
Computed https://github.com/apple/swift-crypto.git at 3.0.0 (2.26s)
Computing version for https://github.com/tuist/XcodeProj.git
Computed https://github.com/tuist/XcodeProj.git at 8.7.1 (0.25s)
Fetching https://github.com/tadija/AEXML.git
Fetching https://github.com/kylef/PathKit.git
[1/1460] Fetching pathkit
Fetched https://github.com/kylef/PathKit.git (0.49s)
[1/2159] Fetching aexml
Fetched https://github.com/tadija/AEXML.git (0.98s)
Computing version for https://github.com/tadija/AEXML.git
Computed https://github.com/tadija/AEXML.git at 4.6.1 (1.23s)
Computing version for https://github.com/apple/swift-argument-parser.git
Computed https://github.com/apple/swift-argument-parser.git at 1.6.2 (0.23s)
Computing version for https://github.com/marinofelipe/http_client
Computed https://github.com/marinofelipe/http_client at 0.0.5 (0.21s)
Fetching https://github.com/apple/swift-log.git
[1/8148] Fetching swift-log
Fetched https://github.com/apple/swift-log.git (0.54s)
Computing version for https://github.com/kylef/PathKit.git
Computed https://github.com/kylef/PathKit.git at 1.0.1 (1.74s)
Fetching https://github.com/kylef/Spectre.git
[1/1021] Fetching spectre
Fetched https://github.com/kylef/Spectre.git (1.00s)
Computing version for https://github.com/kylef/Spectre.git
Computed https://github.com/kylef/Spectre.git at 0.10.1 (1.25s)
Computing version for https://github.com/apple/swift-certificates.git
Computed https://github.com/apple/swift-certificates.git at 1.5.0 (0.30s)
Fetching https://github.com/apple/swift-asn1.git
[1/1983] Fetching swift-asn1
Fetched https://github.com/apple/swift-asn1.git (0.52s)
Computing version for https://github.com/apple/swift-collections.git
Computed https://github.com/apple/swift-collections.git at 1.1.6 (0.93s)
Computing version for https://github.com/apple/swift-asn1.git
Computed https://github.com/apple/swift-asn1.git at 1.7.3 (0.28s)
Computing version for https://github.com/swiftlang/swift-toolchain-sqlite
Computed https://github.com/swiftlang/swift-toolchain-sqlite at 1.0.13 (0.27s)
Computing version for https://github.com/apple/swift-system.git
Computed https://github.com/apple/swift-system.git at 1.8.1 (0.27s)
Computing version for https://github.com/apple/swift-log.git
Computed https://github.com/apple/swift-log.git at 1.15.1 (0.25s)
Creating working copy for https://github.com/apple/swift-system.git
Working copy of https://github.com/apple/swift-system.git resolved at 1.8.1
Creating working copy for https://github.com/swiftlang/swift-llbuild.git
Working copy of https://github.com/swiftlang/swift-llbuild.git resolved at release/6.2 (073dff5)
Creating working copy for https://github.com/tadija/AEXML.git
Working copy of https://github.com/tadija/AEXML.git resolved at 4.6.1
Creating working copy for https://github.com/tuist/XcodeProj.git
Working copy of https://github.com/tuist/XcodeProj.git resolved at 8.7.1
Creating working copy for https://github.com/apple/swift-crypto.git
Working copy of https://github.com/apple/swift-crypto.git resolved at 3.0.0
Creating working copy for https://github.com/apple/swift-argument-parser.git
Working copy of https://github.com/apple/swift-argument-parser.git resolved at 1.6.2
Creating working copy for https://github.com/apple/swift-log.git
Working copy of https://github.com/apple/swift-log.git resolved at 1.15.1
Creating working copy for https://github.com/apple/swift-collections.git
Working copy of https://github.com/apple/swift-collections.git resolved at 1.1.6
Creating working copy for https://github.com/apple/swift-package-manager
Working copy of https://github.com/apple/swift-package-manager resolved at swift-6.2-DEVELOPMENT-SNAPSHOT-2025-10-01-a (0da281d)
Creating working copy for https://github.com/kylef/Spectre.git
Working copy of https://github.com/kylef/Spectre.git resolved at 0.10.1
Creating working copy for https://github.com/swiftlang/swift-tools-support-core.git
Working copy of https://github.com/swiftlang/swift-tools-support-core.git resolved at release/6.2 (5a993c8)
Creating working copy for https://github.com/marinofelipe/http_client
Working copy of https://github.com/marinofelipe/http_client resolved at 0.0.5
Creating working copy for https://github.com/apple/swift-asn1.git
Working copy of https://github.com/apple/swift-asn1.git resolved at 1.7.3
Creating working copy for https://github.com/apple/swift-certificates.git
Working copy of https://github.com/apple/swift-certificates.git resolved at 1.5.0
Creating working copy for https://github.com/swiftlang/swift-toolchain-sqlite
Working copy of https://github.com/swiftlang/swift-toolchain-sqlite resolved at 1.0.13
Creating working copy for https://github.com/swiftlang/swift-driver.git
Working copy of https://github.com/swiftlang/swift-driver.git resolved at release/6.2 (aedacc6)
Creating working copy for https://github.com/swiftlang/swift-syntax.git
Working copy of https://github.com/swiftlang/swift-syntax.git resolved at release/6.2 (5a87516)
Creating working copy for https://github.com/kylef/PathKit.git
Working copy of https://github.com/kylef/PathKit.git resolved at 1.0.1
warning: 'swift-package-manager': couldn't find pc file for sqlite3
Building for debugging...
[Computing dependencies]
[Provisioning 3 / 103]
[Pre-planning 1 / 2336]
[Planning 1002 / 2336]
[Planning 1896 / 2336]
[Planning deferred tasks]
[Constructing 392 / 5520]
[Starting]
[1 / 1394]
[322 / 1394] Logging
[439 / 1395] llbuildSwift
[442 / 1403] llvmSupport
[444 / 1403] llvmSupport
[446 / 1403] llvmSupport
[448 / 1403] llvmSupport
[449 / 1403] llvmSupport
[451 / 1403] llvmSupport
[452 / 1403] llvmSupport
[453 / 1403] llvmSupport
[455 / 1403] llvmSupport
[456 / 1403] llvmSupport
[458 / 1403] llvmSupport
[461 / 1403] llbuildSwift
[466 / 1403] llvmSupport
[468 / 1403] llvmSupport
[469 / 1403] llvmSupport
[472 / 1403] llvmSupport
[473 / 1403] llvmSupport
[474 / 1403] llvmSupport
[476 / 1403] llvmSupport
[477 / 1403] llvmSupport
[479 / 1403] llvmSupport
[481 / 1403] llvmSupport
[482 / 1403] llvmSupport
[485 / 1403] llvmSupport
[487 / 1403] llvmSupport
[488 / 1403] llvmSupport
[490 / 1403] llbuildSwift
[490 / 1403] llvmSupport
[493 / 1403] llbuildSwift
[493 / 1403] llvmSupport
[495 / 1403] llvmDemangle
[495 / 1403]
[498 / 1403] llbuildNinja
[499 / 1403] llbuildNinja
[500 / 1403] llbuildNinja
[500 / 1403]
[503 / 1403] llbuildCore
[504 / 1403] llbuildCore
[506 / 1403] llbuildCore
[507 / 1403] llvmSupport
[509 / 1403] llbuildBuildSystem
[510 / 1404] llbuildCore
[511 / 1404] llbuildCore
[514 / 1404] llbuildBuildSystem
[516 / 1404] llbuildBuildSystem
[517 / 1404] llbuildBuildSystem
[520 / 1404] llbuildBasic
[520 / 1404] llbuildBuildSystem
[522 / 1404] llbuildBasic
[522 / 1404] llbuildBuildSystem
[523 / 1404] llbuildBasic
[525 / 1404] llbuildBasic
[526 / 1404] llbuildBasic
[527 / 1404] llbuildBasic
[529 / 1404] llbuildSwift
[532 / 1404] libllbuild
[533 / 1404] libllbuild
[533 / 1404] llbuildBasic
[535 / 1404] libllbuild
[536 / 1404] libllbuild
[537 / 1404] libllbuild
[537 / 1404] llbuildBasic
[538 / 1404]
[540 / 1404] _SwiftSyntaxCShims
[542 / 1405] _CertificateInternals
[545 / 1409] TSCLibc
[547 / 1411] llbuildNinja
[550 / 1420] _CertificateInternals
[561 / 1421] TSCLibc
[562 / 1421] TSCLibc
[567 / 1422] SystemPackage
[568 / 1422] SystemPackage
[569 / 1422] SystemPackage
[570 / 1422] SystemPackage
[571 / 1422] SystemPackage
[571 / 1422]
[574 / 1422] TSCclibc
[576 / 1422] TSCclibc
[581 / 1426] SwiftSyntax601
[585 / 1445] SwiftSyntax601
[602 / 1445] SwiftSyntax510
[605 / 1449] SwiftSyntax510
[626 / 1460] TSCBasic
[627 / 1460] TSCBasic
[628 / 1460] TSCBasic
[629 / 1461] TSCBasic
[632 / 1461] TSCBasic
error: SwiftCompile normal aarch64 /host/spi-builder-workspace/.build/checkouts/swift-tools-support-core/Sources/TSCBasic/Process/Process.swift failed with a nonzero exit code. Command line:     cd /host
    builtin-SwiftPerFileCompile Process.swift
/host/spi-builder-workspace/.build/checkouts/swift-tools-support-core/Sources/TSCBasic/Process/Process.swift:635:41: error: cannot convert value of type 'UnsafeMutablePointer<posix_spawnattr_t?>' (aka 'UnsafeMutablePointer<Optional<OpaquePointer>>') to expected argument type 'UnsafeMutablePointer<posix_spawnattr_t>' (aka 'UnsafeMutablePointer<OpaquePointer>')
 633 |       #endif
 634 |         posix_spawnattr_init(&attributes)
 635 |         defer { posix_spawnattr_destroy(&attributes) }
     |                                         |- error: cannot convert value of type 'UnsafeMutablePointer<posix_spawnattr_t?>' (aka 'UnsafeMutablePointer<Optional<OpaquePointer>>') to expected argument type 'UnsafeMutablePointer<posix_spawnattr_t>' (aka 'UnsafeMutablePointer<OpaquePointer>')
     |                                         `- note: arguments to generic parameter 'Pointee' ('posix_spawnattr_t?' (aka 'Optional<OpaquePointer>') and 'posix_spawnattr_t' (aka 'OpaquePointer')) are expected to be equal
 636 |
 637 |         // Unmask all signals.
/host/spi-builder-workspace/.build/checkouts/swift-tools-support-core/Sources/TSCBasic/Process/Process.swift:640:36: error: cannot convert value of type 'UnsafeMutablePointer<posix_spawnattr_t?>' (aka 'UnsafeMutablePointer<Optional<OpaquePointer>>') to expected argument type 'UnsafeMutablePointer<posix_spawnattr_t>' (aka 'UnsafeMutablePointer<OpaquePointer>')
 638 |         var noSignals = sigset_t()
 639 |         sigemptyset(&noSignals)
 640 |         posix_spawnattr_setsigmask(&attributes, &noSignals)
     |                                    |- error: cannot convert value of type 'UnsafeMutablePointer<posix_spawnattr_t?>' (aka 'UnsafeMutablePointer<Optional<OpaquePointer>>') to expected argument type 'UnsafeMutablePointer<posix_spawnattr_t>' (aka 'UnsafeMutablePointer<OpaquePointer>')
     |                                    `- note: arguments to generic parameter 'Pointee' ('posix_spawnattr_t?' (aka 'Optional<OpaquePointer>') and 'posix_spawnattr_t' (aka 'OpaquePointer')) are expected to be equal
 641 |
 642 |         // Reset all signals to default behavior.
/host/spi-builder-workspace/.build/checkouts/swift-tools-support-core/Sources/TSCBasic/Process/Process.swift:660:39: error: cannot convert value of type 'UnsafeMutablePointer<posix_spawnattr_t?>' (aka 'UnsafeMutablePointer<Optional<OpaquePointer>>') to expected argument type 'UnsafeMutablePointer<posix_spawnattr_t>' (aka 'UnsafeMutablePointer<OpaquePointer>')
 658 |             sigaddset(&mostSignals, i)
 659 |         }
 660 |         posix_spawnattr_setsigdefault(&attributes, &mostSignals)
     |                                       |- error: cannot convert value of type 'UnsafeMutablePointer<posix_spawnattr_t?>' (aka 'UnsafeMutablePointer<Optional<OpaquePointer>>') to expected argument type 'UnsafeMutablePointer<posix_spawnattr_t>' (aka 'UnsafeMutablePointer<OpaquePointer>')
     |                                       `- note: arguments to generic parameter 'Pointee' ('posix_spawnattr_t?' (aka 'Optional<OpaquePointer>') and 'posix_spawnattr_t' (aka 'OpaquePointer')) are expected to be equal
 661 |       #endif
 662 |
/host/spi-builder-workspace/.build/checkouts/swift-tools-support-core/Sources/TSCBasic/Process/Process.swift:668:39: error: cannot convert value of type 'UnsafeMutablePointer<posix_spawnattr_t?>' (aka 'UnsafeMutablePointer<Optional<OpaquePointer>>') to expected argument type 'UnsafeMutablePointer<posix_spawnattr_t>' (aka 'UnsafeMutablePointer<OpaquePointer>')
 666 |             // Establish a separate process group.
 667 |             flags |= POSIX_SPAWN_SETPGROUP
 668 |             posix_spawnattr_setpgroup(&attributes, 0)
     |                                       |- error: cannot convert value of type 'UnsafeMutablePointer<posix_spawnattr_t?>' (aka 'UnsafeMutablePointer<Optional<OpaquePointer>>') to expected argument type 'UnsafeMutablePointer<posix_spawnattr_t>' (aka 'UnsafeMutablePointer<OpaquePointer>')
     |                                       `- note: arguments to generic parameter 'Pointee' ('posix_spawnattr_t?' (aka 'Optional<OpaquePointer>') and 'posix_spawnattr_t' (aka 'OpaquePointer')) are expected to be equal
 669 |         }
 670 |
/host/spi-builder-workspace/.build/checkouts/swift-tools-support-core/Sources/TSCBasic/Process/Process.swift:671:34: error: cannot convert value of type 'UnsafeMutablePointer<posix_spawnattr_t?>' (aka 'UnsafeMutablePointer<Optional<OpaquePointer>>') to expected argument type 'UnsafeMutablePointer<posix_spawnattr_t>' (aka 'UnsafeMutablePointer<OpaquePointer>')
 669 |         }
 670 |
 671 |         posix_spawnattr_setflags(&attributes, Int16(flags))
     |                                  |- error: cannot convert value of type 'UnsafeMutablePointer<posix_spawnattr_t?>' (aka 'UnsafeMutablePointer<Optional<OpaquePointer>>') to expected argument type 'UnsafeMutablePointer<posix_spawnattr_t>' (aka 'UnsafeMutablePointer<OpaquePointer>')
     |                                  `- note: arguments to generic parameter 'Pointee' ('posix_spawnattr_t?' (aka 'Optional<OpaquePointer>') and 'posix_spawnattr_t' (aka 'OpaquePointer')) are expected to be equal
 672 |
 673 |         // Setup the file actions.
/host/spi-builder-workspace/.build/checkouts/swift-tools-support-core/Sources/TSCBasic/Process/Process.swift:680:50: error: cannot convert value of type 'UnsafeMutablePointer<posix_spawn_file_actions_t?>' (aka 'UnsafeMutablePointer<Optional<OpaquePointer>>') to expected argument type 'UnsafeMutablePointer<posix_spawn_file_actions_t>' (aka 'UnsafeMutablePointer<OpaquePointer>')
 678 |       #endif
 679 |         posix_spawn_file_actions_init(&fileActions)
 680 |         defer { posix_spawn_file_actions_destroy(&fileActions) }
     |                                                  |- error: cannot convert value of type 'UnsafeMutablePointer<posix_spawn_file_actions_t?>' (aka 'UnsafeMutablePointer<Optional<OpaquePointer>>') to expected argument type 'UnsafeMutablePointer<posix_spawn_file_actions_t>' (aka 'UnsafeMutablePointer<OpaquePointer>')
     |                                                  `- note: arguments to generic parameter 'Pointee' ('posix_spawn_file_actions_t?' (aka 'Optional<OpaquePointer>') and 'posix_spawn_file_actions_t' (aka 'OpaquePointer')) are expected to be equal
 681 |
 682 |         if let workingDirectory = workingDirectory?.pathString {
/host/spi-builder-workspace/.build/checkouts/swift-tools-support-core/Sources/TSCBasic/Process/Process.swift:699:42: error: cannot convert value of type 'UnsafeMutablePointer<posix_spawn_file_actions_t?>' (aka 'UnsafeMutablePointer<Optional<OpaquePointer>>') to expected argument type 'UnsafeMutablePointer<posix_spawn_file_actions_t>' (aka 'UnsafeMutablePointer<OpaquePointer>')
 697 |
 698 |         // Dupe the read portion of the remote to 0.
 699 |         posix_spawn_file_actions_adddup2(&fileActions, stdinPipe[0], 0)
     |                                          |- error: cannot convert value of type 'UnsafeMutablePointer<posix_spawn_file_actions_t?>' (aka 'UnsafeMutablePointer<Optional<OpaquePointer>>') to expected argument type 'UnsafeMutablePointer<posix_spawn_file_actions_t>' (aka 'UnsafeMutablePointer<OpaquePointer>')
     |                                          `- note: arguments to generic parameter 'Pointee' ('posix_spawn_file_actions_t?' (aka 'Optional<OpaquePointer>') and 'posix_spawn_file_actions_t' (aka 'OpaquePointer')) are expected to be equal
 700 |
 701 |         // Close the other side's pipe since it was dupped to 0.
/host/spi-builder-workspace/.build/checkouts/swift-tools-support-core/Sources/TSCBasic/Process/Process.swift:702:43: error: cannot convert value of type 'UnsafeMutablePointer<posix_spawn_file_actions_t?>' (aka 'UnsafeMutablePointer<Optional<OpaquePointer>>') to expected argument type 'UnsafeMutablePointer<posix_spawn_file_actions_t>' (aka 'UnsafeMutablePointer<OpaquePointer>')
 700 |
 701 |         // Close the other side's pipe since it was dupped to 0.
 702 |         posix_spawn_file_actions_addclose(&fileActions, stdinPipe[0])
     |                                           |- error: cannot convert value of type 'UnsafeMutablePointer<posix_spawn_file_actions_t?>' (aka 'UnsafeMutablePointer<Optional<OpaquePointer>>') to expected argument type 'UnsafeMutablePointer<posix_spawn_file_actions_t>' (aka 'UnsafeMutablePointer<OpaquePointer>')
     |                                           `- note: arguments to generic parameter 'Pointee' ('posix_spawn_file_actions_t?' (aka 'Optional<OpaquePointer>') and 'posix_spawn_file_actions_t' (aka 'OpaquePointer')) are expected to be equal
 703 |         posix_spawn_file_actions_addclose(&fileActions, stdinPipe[1])
 704 |
/host/spi-builder-workspace/.build/checkouts/swift-tools-support-core/Sources/TSCBasic/Process/Process.swift:703:43: error: cannot convert value of type 'UnsafeMutablePointer<posix_spawn_file_actions_t?>' (aka 'UnsafeMutablePointer<Optional<OpaquePointer>>') to expected argument type 'UnsafeMutablePointer<posix_spawn_file_actions_t>' (aka 'UnsafeMutablePointer<OpaquePointer>')
 701 |         // Close the other side's pipe since it was dupped to 0.
 702 |         posix_spawn_file_actions_addclose(&fileActions, stdinPipe[0])
 703 |         posix_spawn_file_actions_addclose(&fileActions, stdinPipe[1])
     |                                           |- error: cannot convert value of type 'UnsafeMutablePointer<posix_spawn_file_actions_t?>' (aka 'UnsafeMutablePointer<Optional<OpaquePointer>>') to expected argument type 'UnsafeMutablePointer<posix_spawn_file_actions_t>' (aka 'UnsafeMutablePointer<OpaquePointer>')
     |                                           `- note: arguments to generic parameter 'Pointee' ('posix_spawn_file_actions_t?' (aka 'Optional<OpaquePointer>') and 'posix_spawn_file_actions_t' (aka 'OpaquePointer')) are expected to be equal
 704 |
 705 |         var outputPipe: [Int32] = [-1, -1]
/host/spi-builder-workspace/.build/checkouts/swift-tools-support-core/Sources/TSCBasic/Process/Process.swift:712:46: error: cannot convert value of type 'UnsafeMutablePointer<posix_spawn_file_actions_t?>' (aka 'UnsafeMutablePointer<Optional<OpaquePointer>>') to expected argument type 'UnsafeMutablePointer<posix_spawn_file_actions_t>' (aka 'UnsafeMutablePointer<OpaquePointer>')
 710 |
 711 |             // Open the write end of the pipe.
 712 |             posix_spawn_file_actions_adddup2(&fileActions, outputPipe[1], 1)
     |                                              |- error: cannot convert value of type 'UnsafeMutablePointer<posix_spawn_file_actions_t?>' (aka 'UnsafeMutablePointer<Optional<OpaquePointer>>') to expected argument type 'UnsafeMutablePointer<posix_spawn_file_actions_t>' (aka 'UnsafeMutablePointer<OpaquePointer>')
     |                                              `- note: arguments to generic parameter 'Pointee' ('posix_spawn_file_actions_t?' (aka 'Optional<OpaquePointer>') and 'posix_spawn_file_actions_t' (aka 'OpaquePointer')) are expected to be equal
 713 |
 714 |             // Close the other ends of the pipe since they were dupped to 1.
/host/spi-builder-workspace/.build/checkouts/swift-tools-support-core/Sources/TSCBasic/Process/Process.swift:715:47: error: cannot convert value of type 'UnsafeMutablePointer<posix_spawn_file_actions_t?>' (aka 'UnsafeMutablePointer<Optional<OpaquePointer>>') to expected argument type 'UnsafeMutablePointer<posix_spawn_file_actions_t>' (aka 'UnsafeMutablePointer<OpaquePointer>')
 713 |
 714 |             // Close the other ends of the pipe since they were dupped to 1.
 715 |             posix_spawn_file_actions_addclose(&fileActions, outputPipe[0])
     |                                               |- error: cannot convert value of type 'UnsafeMutablePointer<posix_spawn_file_actions_t?>' (aka 'UnsafeMutablePointer<Optional<OpaquePointer>>') to expected argument type 'UnsafeMutablePointer<posix_spawn_file_actions_t>' (aka 'UnsafeMutablePointer<OpaquePointer>')
     |                                               `- note: arguments to generic parameter 'Pointee' ('posix_spawn_file_actions_t?' (aka 'Optional<OpaquePointer>') and 'posix_spawn_file_actions_t' (aka 'OpaquePointer')) are expected to be equal
 716 |             posix_spawn_file_actions_addclose(&fileActions, outputPipe[1])
 717 |
/host/spi-builder-workspace/.build/checkouts/swift-tools-support-core/Sources/TSCBasic/Process/Process.swift:716:47: error: cannot convert value of type 'UnsafeMutablePointer<posix_spawn_file_actions_t?>' (aka 'UnsafeMutablePointer<Optional<OpaquePointer>>') to expected argument type 'UnsafeMutablePointer<posix_spawn_file_actions_t>' (aka 'UnsafeMutablePointer<OpaquePointer>')
 714 |             // Close the other ends of the pipe since they were dupped to 1.
 715 |             posix_spawn_file_actions_addclose(&fileActions, outputPipe[0])
 716 |             posix_spawn_file_actions_addclose(&fileActions, outputPipe[1])
     |                                               |- error: cannot convert value of type 'UnsafeMutablePointer<posix_spawn_file_actions_t?>' (aka 'UnsafeMutablePointer<Optional<OpaquePointer>>') to expected argument type 'UnsafeMutablePointer<posix_spawn_file_actions_t>' (aka 'UnsafeMutablePointer<OpaquePointer>')
     |                                               `- note: arguments to generic parameter 'Pointee' ('posix_spawn_file_actions_t?' (aka 'Optional<OpaquePointer>') and 'posix_spawn_file_actions_t' (aka 'OpaquePointer')) are expected to be equal
 717 |
 718 |             if outputRedirection.redirectStderr {
/host/spi-builder-workspace/.build/checkouts/swift-tools-support-core/Sources/TSCBasic/Process/Process.swift:720:50: error: cannot convert value of type 'UnsafeMutablePointer<posix_spawn_file_actions_t?>' (aka 'UnsafeMutablePointer<Optional<OpaquePointer>>') to expected argument type 'UnsafeMutablePointer<posix_spawn_file_actions_t>' (aka 'UnsafeMutablePointer<OpaquePointer>')
 718 |             if outputRedirection.redirectStderr {
 719 |                 // If merged was requested, send stderr to stdout.
 720 |                 posix_spawn_file_actions_adddup2(&fileActions, 1, 2)
     |                                                  |- error: cannot convert value of type 'UnsafeMutablePointer<posix_spawn_file_actions_t?>' (aka 'UnsafeMutablePointer<Optional<OpaquePointer>>') to expected argument type 'UnsafeMutablePointer<posix_spawn_file_actions_t>' (aka 'UnsafeMutablePointer<OpaquePointer>')
     |                                                  `- note: arguments to generic parameter 'Pointee' ('posix_spawn_file_actions_t?' (aka 'Optional<OpaquePointer>') and 'posix_spawn_file_actions_t' (aka 'OpaquePointer')) are expected to be equal
 721 |             } else {
 722 |                 // If no redirect was requested, open the pipe for stderr.
/host/spi-builder-workspace/.build/checkouts/swift-tools-support-core/Sources/TSCBasic/Process/Process.swift:724:50: error: cannot convert value of type 'UnsafeMutablePointer<posix_spawn_file_actions_t?>' (aka 'UnsafeMutablePointer<Optional<OpaquePointer>>') to expected argument type 'UnsafeMutablePointer<posix_spawn_file_actions_t>' (aka 'UnsafeMutablePointer<OpaquePointer>')
 722 |                 // If no redirect was requested, open the pipe for stderr.
 723 |                 try open(pipe: &stderrPipe)
 724 |                 posix_spawn_file_actions_adddup2(&fileActions, stderrPipe[1], 2)
     |                                                  |- error: cannot convert value of type 'UnsafeMutablePointer<posix_spawn_file_actions_t?>' (aka 'UnsafeMutablePointer<Optional<OpaquePointer>>') to expected argument type 'UnsafeMutablePointer<posix_spawn_file_actions_t>' (aka 'UnsafeMutablePointer<OpaquePointer>')
     |                                                  `- note: arguments to generic parameter 'Pointee' ('posix_spawn_file_actions_t?' (aka 'Optional<OpaquePointer>') and 'posix_spawn_file_actions_t' (aka 'OpaquePointer')) are expected to be equal
 725 |
 726 |                 // Close the other ends of the pipe since they were dupped to 2.
/host/spi-builder-workspace/.build/checkouts/swift-tools-support-core/Sources/TSCBasic/Process/Process.swift:727:51: error: cannot convert value of type 'UnsafeMutablePointer<posix_spawn_file_actions_t?>' (aka 'UnsafeMutablePointer<Optional<OpaquePointer>>') to expected argument type 'UnsafeMutablePointer<posix_spawn_file_actions_t>' (aka 'UnsafeMutablePointer<OpaquePointer>')
 725 |
 726 |                 // Close the other ends of the pipe since they were dupped to 2.
 727 |                 posix_spawn_file_actions_addclose(&fileActions, stderrPipe[0])
     |                                                   |- error: cannot convert value of type 'UnsafeMutablePointer<posix_spawn_file_actions_t?>' (aka 'UnsafeMutablePointer<Optional<OpaquePointer>>') to expected argument type 'UnsafeMutablePointer<posix_spawn_file_actions_t>' (aka 'UnsafeMutablePointer<OpaquePointer>')
     |                                                   `- note: arguments to generic parameter 'Pointee' ('posix_spawn_file_actions_t?' (aka 'Optional<OpaquePointer>') and 'posix_spawn_file_actions_t' (aka 'OpaquePointer')) are expected to be equal
 728 |                 posix_spawn_file_actions_addclose(&fileActions, stderrPipe[1])
 729 |             }
/host/spi-builder-workspace/.build/checkouts/swift-tools-support-core/Sources/TSCBasic/Process/Process.swift:728:51: error: cannot convert value of type 'UnsafeMutablePointer<posix_spawn_file_actions_t?>' (aka 'UnsafeMutablePointer<Optional<OpaquePointer>>') to expected argument type 'UnsafeMutablePointer<posix_spawn_file_actions_t>' (aka 'UnsafeMutablePointer<OpaquePointer>')
 726 |                 // Close the other ends of the pipe since they were dupped to 2.
 727 |                 posix_spawn_file_actions_addclose(&fileActions, stderrPipe[0])
 728 |                 posix_spawn_file_actions_addclose(&fileActions, stderrPipe[1])
     |                                                   |- error: cannot convert value of type 'UnsafeMutablePointer<posix_spawn_file_actions_t?>' (aka 'UnsafeMutablePointer<Optional<OpaquePointer>>') to expected argument type 'UnsafeMutablePointer<posix_spawn_file_actions_t>' (aka 'UnsafeMutablePointer<OpaquePointer>')
     |                                                   `- note: arguments to generic parameter 'Pointee' ('posix_spawn_file_actions_t?' (aka 'Optional<OpaquePointer>') and 'posix_spawn_file_actions_t' (aka 'OpaquePointer')) are expected to be equal
 729 |             }
 730 |         } else {
/host/spi-builder-workspace/.build/checkouts/swift-tools-support-core/Sources/TSCBasic/Process/Process.swift:731:46: error: cannot convert value of type 'UnsafeMutablePointer<posix_spawn_file_actions_t?>' (aka 'UnsafeMutablePointer<Optional<OpaquePointer>>') to expected argument type 'UnsafeMutablePointer<posix_spawn_file_actions_t>' (aka 'UnsafeMutablePointer<OpaquePointer>')
 729 |             }
 730 |         } else {
 731 |             posix_spawn_file_actions_adddup2(&fileActions, 1, 1)
     |                                              |- error: cannot convert value of type 'UnsafeMutablePointer<posix_spawn_file_actions_t?>' (aka 'UnsafeMutablePointer<Optional<OpaquePointer>>') to expected argument type 'UnsafeMutablePointer<posix_spawn_file_actions_t>' (aka 'UnsafeMutablePointer<OpaquePointer>')
     |                                              `- note: arguments to generic parameter 'Pointee' ('posix_spawn_file_actions_t?' (aka 'Optional<OpaquePointer>') and 'posix_spawn_file_actions_t' (aka 'OpaquePointer')) are expected to be equal
 732 |             posix_spawn_file_actions_adddup2(&fileActions, 2, 2)
 733 |         }
/host/spi-builder-workspace/.build/checkouts/swift-tools-support-core/Sources/TSCBasic/Process/Process.swift:732:46: error: cannot convert value of type 'UnsafeMutablePointer<posix_spawn_file_actions_t?>' (aka 'UnsafeMutablePointer<Optional<OpaquePointer>>') to expected argument type 'UnsafeMutablePointer<posix_spawn_file_actions_t>' (aka 'UnsafeMutablePointer<OpaquePointer>')
 730 |         } else {
 731 |             posix_spawn_file_actions_adddup2(&fileActions, 1, 1)
 732 |             posix_spawn_file_actions_adddup2(&fileActions, 2, 2)
     |                                              |- error: cannot convert value of type 'UnsafeMutablePointer<posix_spawn_file_actions_t?>' (aka 'UnsafeMutablePointer<Optional<OpaquePointer>>') to expected argument type 'UnsafeMutablePointer<posix_spawn_file_actions_t>' (aka 'UnsafeMutablePointer<OpaquePointer>')
     |                                              `- note: arguments to generic parameter 'Pointee' ('posix_spawn_file_actions_t?' (aka 'Optional<OpaquePointer>') and 'posix_spawn_file_actions_t' (aka 'OpaquePointer')) are expected to be equal
 733 |         }
 734 |
/host/spi-builder-workspace/.build/checkouts/swift-tools-support-core/Sources/TSCBasic/Process/Process.swift:741:92: error: cannot convert value of type 'UnsafePointer<UnsafeMutablePointer<Int8>?>' to expected argument type 'UnsafePointer<UnsafeMutablePointer<CChar>>' (aka 'UnsafePointer<UnsafeMutablePointer<Int8>>')
 739 |         let argv = CStringArray(resolvedArgs)
 740 |         let env = CStringArray(environment.map({ "\($0.0)=\($0.1)" }))
 741 |         let rv = posix_spawnp(&processID, argv.cArray[0]!, &fileActions, &attributes, argv.cArray, env.cArray)
     |                                                                                            |- error: cannot convert value of type 'UnsafePointer<UnsafeMutablePointer<Int8>?>' to expected argument type 'UnsafePointer<UnsafeMutablePointer<CChar>>' (aka 'UnsafePointer<UnsafeMutablePointer<Int8>>')
     |                                                                                            `- note: arguments to generic parameter 'Pointee' ('UnsafeMutablePointer<Int8>?' and 'UnsafeMutablePointer<CChar>' (aka 'UnsafeMutablePointer<Int8>')) are expected to be equal
 742 |
 743 |         guard rv == 0 else {
Failed frontend command:
/root/.local/share/swiftly/toolchains/6.4.x-snapshot-2026-09-04/usr/bin/swift-frontend -frontend -c /host/spi-builder-workspace/.build/checkouts/swift-tools-support-core/Sources/TSCBasic/Await.swift /host/spi-builder-workspace/.build/checkouts/swift-tools-support-core/Sources/TSCBasic/Base64URL.swift /host/spi-builder-workspace/.build/checkouts/swift-tools-support-core/Sources/TSCBasic/ByteString.swift /host/spi-builder-workspace/.build/checkouts/swift-tools-support-core/Sources/TSCBasic/CStringArray.swift /host/spi-builder-workspace/.build/checkouts/swift-tools-support-core/Sources/TSCBasic/CacheableSequence.swift /host/spi-builder-workspace/.build/checkouts/swift-tools-support-core/Sources/TSCBasic/Closable.swift /host/spi-builder-workspace/.build/checkouts/swift-tools-support-core/Sources/TSCBasic/CodableResult.swift /host/spi-builder-workspace/.build/checkouts/swift-tools-support-core/Sources/TSCBasic/CollectionAlgorithms.swift /host/spi-builder-workspace/.build/checkouts/swift-tools-support-core/Sources/TSCBasic/CollectionExtensions.swift /host/spi-builder-workspace/.build/checkouts/swift-tools-support-core/Sources/TSCBasic/Condition.swift /host/spi-builder-workspace/.build/checkouts/swift-tools-support-core/Sources/TSCBasic/DeltaAlgorithm.swift /host/spi-builder-workspace/.build/checkouts/swift-tools-support-core/Sources/TSCBasic/DiagnosticsEngine.swift /host/spi-builder-workspace/.build/checkouts/swift-tools-support-core/Sources/TSCBasic/DictionaryExtensions.swift /host/spi-builder-workspace/.build/checkouts/swift-tools-support-core/Sources/TSCBasic/DictionaryLiteralExtensions.swift /host/spi-builder-workspace/.build/checkouts/swift-tools-support-core/Sources/TSCBasic/EditDistance.swift /host/spi-builder-workspace/.build/checkouts/swift-tools-support-core/Sources/TSCBasic/FileInfo.swift /host/spi-builder-workspace/.build/checkouts/swift-tools-support-core/Sources/TSCBasic/FileSystem.swift /host/spi-builder-workspace/.build/checkouts/swift-tools-support-core/Sources/TSCBasic/GraphAlgorithms.swift /host/spi-builder-workspace/.build/checkouts/swift-tools-support-core/Sources/TSCBasic/HashAlgorithms.swift /host/spi-builder-workspace/.build/checkouts/swift-tools-support-core/Sources/TSCBasic/JSON.swift /host/spi-builder-workspace/.build/checkouts/swift-tools-support-core/Sources/TSCBasic/JSONMapper.swift /host/spi-builder-workspace/.build/checkouts/swift-tools-support-core/Sources/TSCBasic/KeyedPair.swift /host/spi-builder-workspace/.build/checkouts/swift-tools-support-core/Sources/TSCBasic/LazyCache.swift /host/spi-builder-workspace/.build/checkouts/swift-tools-support-core/Sources/TSCBasic/Lock.swift /host/spi-builder-workspace/.build/checkouts/swift-tools-support-core/Sources/TSCBasic/OSLog.swift /host/spi-builder-workspace/.build/checkouts/swift-tools-support-core/Sources/TSCBasic/ObjectIdentifierProtocol.swift /host/spi-builder-workspace/.build/checkouts/swift-tools-support-core/Sources/TSCBasic/OrderedDictionary.swift /host/spi-builder-workspace/.build/checkouts/swift-tools-support-core/Sources/TSCBasic/OrderedSet.swift /host/spi-builder-workspace/.build/checkouts/swift-tools-support-core/Sources/TSCBasic/Path.swift -primary-file /host/spi-builder-workspace/.build/checkouts/swift-tools-support-core/Sources/TSCBasic/PathShims.swift -primary-file /host/spi-builder-workspace/.build/checkouts/swift-tools-support-core/Sources/TSCBasic/Process/Process.swift -primary-file /host/spi-builder-workspace/.build/checkouts/swift-tools-support-core/Sources/TSCBasic/Process/ProcessEnv.swift -primary-file /host/spi-builder-workspace/.build/checkouts/swift-tools-support-core/Sources/TSCBasic/Process/ProcessSet.swift -primary-file /host/spi-builder-workspace/.build/checkouts/swift-tools-support-core/Sources/TSCBasic/RegEx.swift /host/spi-builder-workspace/.build/checkouts/swift-tools-support-core/Sources/TSCBasic/Result.swift /host/spi-builder-workspace/.build/checkouts/swift-tools-support-core/Sources/TSCBasic/SortedArray.swift /host/spi-builder-workspace/.build/checkouts/swift-tools-support-core/Sources/TSCBasic/StringConversions.swift /host/spi-builder-workspace/.build/checkouts/swift-tools-support-core/Sources/TSCBasic/SynchronizedQueue.swift /host/spi-builder-workspace/.build/checkouts/swift-tools-support-core/Sources/TSCBasic/TemporaryFile.swift /host/spi-builder-workspace/.build/checkouts/swift-tools-support-core/Sources/TSCBasic/TerminalController.swift /host/spi-builder-workspace/.build/checkouts/swift-tools-support-core/Sources/TSCBasic/Thread.swift /host/spi-builder-workspace/.build/checkouts/swift-tools-support-core/Sources/TSCBasic/Tuple.swift /host/spi-builder-workspace/.build/checkouts/swift-tools-support-core/Sources/TSCBasic/WritableByteStream.swift /host/spi-builder-workspace/.build/checkouts/swift-tools-support-core/Sources/TSCBasic/misc.swift -supplementary-output-file-map /host/spi-builder-workspace/.build/out/Intermediates.noindex/swift-tools-support-core.build/Debug-android-aarch64/TSCBasic-t.build/Objects-normal/aarch64/supplementaryOutputs-14 -target aarch64-unknown-linux-android28 -Xllvm -aarch64-use-tbi -disable-objc-interop -sdk /android-ndk/android-ndk-r27d/toolchains/llvm/prebuilt/linux-x86_64/sysroot -sysroot /android-ndk/android-ndk-r27d/toolchains/llvm/prebuilt/linux-x86_64/sysroot -I /host/spi-builder-workspace/.build/out/Products/Debug-android-aarch64 -module-cache-path /host/spi-builder-workspace/.build/out/ModuleCache.noindex -color-diagnostics -Xcc -fcolor-diagnostics -enable-testing -g -debug-info-format\=dwarf -dwarf-version\=4 -suppress-warnings -swift-version 5 -Onone -D SWIFT_PACKAGE -D DEBUG -D SWIFT_MODULE_RESOURCE_BUNDLE_UNAVAILABLE -D Xcode -serialize-debugging-options -enable-experimental-feature DebugDescriptionMacro -empty-abi-descriptor -external-plugin-path /root/.local/share/swiftly/toolchains/6.4.x-snapshot-2026-09-04/usr/lib/swift/host/plugins/testing\#/root/.local/share/swiftly/toolchains/6.4.x-snapshot-2026-09-04/usr/bin/swift-plugin-server -validate-clang-modules-once -clang-build-session-file /host/spi-builder-workspace/.build/out/ModuleCache.noindex/Session.modulevalidation -Xcc -working-directory -Xcc /host -resource-dir /root/.swiftpm/swift-sdks/swift-6.4.x-DEVELOPMENT-SNAPSHOT-2026-09-04-a_android.artifactbundle/swift-android/swift-resources/usr/lib/swift-aarch64 -enable-anonymous-context-mangled-names -file-compilation-dir /host -Xcc -resource-dir -Xcc /android-ndk/android-ndk-r27d/toolchains/llvm/prebuilt/linux-x86_64/lib/clang/18 -Xcc -fmodule-map-file\=/host/spi-builder-workspace/.build/checkouts/swift-tools-support-core/Sources/TSCclibc/include/module.modulemap -Xcc -fno-omit-frame-pointer -Xcc -D_LIBCPP_HARDENING_MODE\=_LIBCPP_HARDENING_MODE_DEBUG -Xcc -fmodules-prune-interval\=86400 -Xcc -fmodules-prune-after\=345600 -Xcc -I/host/spi-builder-workspace/.build/checkouts/swift-tools-support-core/Sources/TSCclibc/include -Xcc -I/host/spi-builder-workspace/.build/out/Products/Debug-android-aarch64/include -Xcc -I/host/spi-builder-workspace/.build/out/Intermediates.noindex/swift-tools-support-core.build/Debug-android-aarch64/TSCBasic-t.build/DerivedSources-normal/aarch64 -Xcc -I/host/spi-builder-workspace/.build/out/Intermediates.noindex/swift-tools-support-core.build/Debug-android-aarch64/TSCBasic-t.build/DerivedSources/aarch64 -Xcc -I/host/spi-builder-workspace/.build/out/Intermediates.noindex/swift-tools-support-core.build/Debug-android-aarch64/TSCBasic-t.build/DerivedSources -Xcc -DSWIFT_PACKAGE -Xcc -DDEBUG\=1 -no-auto-bridging-header-chaining -module-name TSCBasic -const-gather-protocols-file /host/spi-builder-workspace/.build/out/Intermediates.noindex/swift-tools-support-core.build/Debug-android-aarch64/TSCBasic-t.build/Objects-normal/aarch64/TSCBasic_const_extract_protocols.json -in-process-plugin-server-path /root/.local/share/swiftly/toolchains/6.4.x-snapshot-2026-09-04/usr/lib/swift/host/libSwiftInProcPluginServer.so -plugin-path /root/.local/share/swiftly/toolchains/6.4.x-snapshot-2026-09-04/usr/lib/swift/host/plugins -plugin-path /root/.local/share/swiftly/toolchains/6.4.x-snapshot-2026-09-04/usr/local/lib/swift/host/plugins -parse-as-library -o /host/spi-builder-workspace/.build/out/Intermediates.noindex/swift-tools-support-core.build/Debug-android-aarch64/TSCBasic-t.build/Objects-normal/aarch64/PathShims.o -o /host/spi-builder-workspace/.build/out/Intermediates.noindex/swift-tools-support-core.build/Debug-android-aarch64/TSCBasic-t.build/Objects-normal/aarch64/Process.o -o /host/spi-builder-workspace/.build/out/Intermediates.noindex/swift-tools-support-core.build/Debug-android-aarch64/TSCBasic-t.build/Objects-normal/aarch64/ProcessEnv.o -o /host/spi-builder-workspace/.build/out/Intermediates.noindex/swift-tools-support-core.build/Debug-android-aarch64/TSCBasic-t.build/Objects-normal/aarch64/ProcessSet.o -o /host/spi-builder-workspace/.build/out/Intermediates.noindex/swift-tools-support-core.build/Debug-android-aarch64/TSCBasic-t.build/Objects-normal/aarch64/RegEx.o -index-unit-output-path /swift-tools-support-core.build/Debug-android-aarch64/TSCBasic-t.build/Objects-normal/aarch64/PathShims.o -index-unit-output-path /swift-tools-support-core.build/Debug-android-aarch64/TSCBasic-t.build/Objects-normal/aarch64/Process.o -index-unit-output-path /swift-tools-support-core.build/Debug-android-aarch64/TSCBasic-t.build/Objects-normal/aarch64/ProcessEnv.o -index-unit-output-path /swift-tools-support-core.build/Debug-android-aarch64/TSCBasic-t.build/Objects-normal/aarch64/ProcessSet.o -index-unit-output-path /swift-tools-support-core.build/Debug-android-aarch64/TSCBasic-t.build/Objects-normal/aarch64/RegEx.o -index-store-path /host/spi-builder-workspace/.build/out -index-system-modules
[636 / 1461] TSCBasic
error: Build failed
BUILD FAILURE 6.4 android