Build Information
Failed to build Starscream, reference master (c6bfd1), with Swift 6.4 for watchOS using Xcode 27.0 on 20 Sep 2026 09:54:16 UTC.
Build Command
env DEVELOPER_DIR=/Applications/Xcode-27.0.0-Release.Candidate.app xcrun xcodebuild -IDEClonedSourcePackagesDirPathOverride=$PWD/.dependencies -skipMacroValidation -skipPackagePluginValidation -derivedDataPath $PWD/.derivedData build -scheme Starscream -destination generic/platform=watchOSBuild Log
========================================
RunAll
========================================
Builder version: 5.1.0
Interrupt handler set up.
========================================
Checkout
========================================
Clone URL: https://github.com/daltoniam/Starscream.git
Reference: master
Initialized empty Git repository in /Users/admin/builder/spi-builder-workspace/.git/
From https://github.com/daltoniam/Starscream
* branch master -> FETCH_HEAD
* [new branch] master -> origin/master
HEAD is now at c6bfd1a chore: update release tooling
Cloned https://github.com/daltoniam/Starscream.git
Revision (git rev-parse @):
c6bfd1af48efcc9a9ad203665db12375ba6b145a
SUCCESS checkout https://github.com/daltoniam/Starscream.git at master
========================================
Build
========================================
Selected platform: watchOS
Swift version: 6.4
Building package at path: $PWD
https://github.com/daltoniam/Starscream.git
Command line invocation:
/Applications/Xcode-27.0.0-Release.Candidate.app/Contents/Developer/usr/bin/xcodebuild -IDEClonedSourcePackagesDirPathOverride=/Users/admin/builder/spi-builder-workspace/.dependencies -resolvePackageDependencies
resolved source packages:
{
"dependencies" : [
],
"manifest_display_name" : "Starscream",
"name" : "Starscream",
"path" : "/Users/admin/builder/spi-builder-workspace",
"platforms" : [
],
"products" : [
{
"name" : "Starscream",
"targets" : [
"Starscream"
],
"type" : {
"library" : [
"automatic"
]
}
}
],
"targets" : [
{
"c99name" : "Starscream",
"module_type" : "SwiftTarget",
"name" : "Starscream",
"path" : "Sources",
"product_memberships" : [
"Starscream"
],
"resources" : [
{
"path" : "/Users/admin/builder/spi-builder-workspace/Sources/PrivacyInfo.xcprivacy",
"rule" : {
"copy" : {
}
}
}
],
"sources" : [
"Compression/Compression.swift",
"Compression/WSCompression.swift",
"DataBytes/Data+Extensions.swift",
"Engine/Engine.swift",
"Engine/NativeEngine.swift",
"Engine/WSEngine.swift",
"Framer/FoundationHTTPHandler.swift",
"Framer/FoundationHTTPServerHandler.swift",
"Framer/FrameCollector.swift",
"Framer/Framer.swift",
"Framer/HTTPHandler.swift",
"Framer/StringHTTPHandler.swift",
"Security/FoundationSecurity.swift",
"Security/Security.swift",
"Server/Server.swift",
"Server/WebSocketServer.swift",
"Starscream/WebSocket.swift",
"Transport/FoundationTransport.swift",
"Transport/TCPTransport.swift",
"Transport/Transport.swift"
],
"type" : "library"
}
],
"tools_version" : "5.3"
}
{
"project" : {
"configurations" : [
"Debug",
"Release"
],
"name" : "Starscream",
"schemes" : [
"Starscream"
],
"targets" : [
"Starscream",
"Starscream Tests"
]
}
}
Running build ...
env DEVELOPER_DIR=/Applications/Xcode-27.0.0-Release.Candidate.app xcrun xcodebuild -IDEClonedSourcePackagesDirPathOverride=$PWD/.dependencies -skipMacroValidation -skipPackagePluginValidation -derivedDataPath $PWD/.derivedData build -scheme Starscream -destination generic/platform=watchOS
Command line invocation:
/Applications/Xcode-27.0.0-Release.Candidate.app/Contents/Developer/usr/bin/xcodebuild -IDEClonedSourcePackagesDirPathOverride=/Users/admin/builder/spi-builder-workspace/.dependencies -skipMacroValidation -skipPackagePluginValidation -derivedDataPath /Users/admin/builder/spi-builder-workspace/.derivedData build -scheme Starscream -destination generic/platform=watchOS
ComputePackagePrebuildTargetDependencyGraph
Prepare packages
CreateBuildRequest
SendProjectDescription
CreateBuildOperation
ComputeTargetDependencyGraph
note: Building targets in dependency order
note: Target dependency graph (1 target)
Target 'Starscream' in project 'Starscream' (no dependencies)
GatherProvisioningInputs
CreateBuildDescription
ExecuteExternalTool /Applications/Xcode-27.0.0-Release.Candidate.app/Contents/Developer/Toolchains/XcodeDefault.xctoolchain/usr/bin/clang -v -E -dM -isysroot /Applications/Xcode-27.0.0-Release.Candidate.app/Contents/Developer/Platforms/WatchOS.platform/Developer/SDKs/WatchOS27.0.sdk -x c -c /dev/null
ExecuteExternalTool /Applications/Xcode-27.0.0-Release.Candidate.app/Contents/Developer/Toolchains/XcodeDefault.xctoolchain/usr/bin/clang -v -E -dM -arch arm64 -isysroot /Applications/Xcode-27.0.0-Release.Candidate.app/Contents/Developer/Platforms/WatchOS.platform/Developer/SDKs/WatchOS27.0.sdk -x c -c /dev/null
ExecuteExternalTool /Applications/Xcode-27.0.0-Release.Candidate.app/Contents/Developer/Toolchains/XcodeDefault.xctoolchain/usr/bin/swiftc --version
ExecuteExternalTool /Applications/Xcode-27.0.0-Release.Candidate.app/Contents/Developer/Toolchains/XcodeDefault.xctoolchain/usr/bin/ld -version_details
ExecuteExternalTool /Applications/Xcode-27.0.0-Release.Candidate.app/Contents/Developer/Toolchains/XcodeDefault.xctoolchain/usr/bin/clang -v -E -dM -arch arm64_32 -isysroot /Applications/Xcode-27.0.0-Release.Candidate.app/Contents/Developer/Platforms/WatchOS.platform/Developer/SDKs/WatchOS27.0.sdk -x c -c /dev/null
Build description signature: f7ca6dd18622e645e7560554cff39b75
Build description path: /Users/admin/builder/spi-builder-workspace/.derivedData/Build/Intermediates.noindex/XCBuildData/f7ca6dd18622e645e7560554cff39b75.xcbuilddata
/Users/admin/builder/spi-builder-workspace/Starscream.xcodeproj: error: The watchOS deployment target 'WATCHOS_DEPLOYMENT_TARGET' is set to 2.0, but the range of supported deployment target versions is 9.0 to 27.0.x. (in target 'Starscream' from project 'Starscream')
error: The armv7k architecture is deprecated. You should update your ARCHS build setting to remove the armv7k architecture. (in target 'Starscream' from project 'Starscream')
** BUILD FAILED **
The following build commands failed:
Building project Starscream with scheme Starscream
(1 failure)
Command line invocation:
/Applications/Xcode-27.0.0-Release.Candidate.app/Contents/Developer/usr/bin/xcodebuild -IDEClonedSourcePackagesDirPathOverride=/Users/admin/builder/spi-builder-workspace/.dependencies -resolvePackageDependencies
resolved source packages:
{
"dependencies" : [
],
"manifest_display_name" : "Starscream",
"name" : "Starscream",
"path" : "/Users/admin/builder/spi-builder-workspace",
"platforms" : [
],
"products" : [
{
"name" : "Starscream",
"targets" : [
"Starscream"
],
"type" : {
"library" : [
"automatic"
]
}
}
],
"targets" : [
{
"c99name" : "Starscream",
"module_type" : "SwiftTarget",
"name" : "Starscream",
"path" : "Sources",
"product_memberships" : [
"Starscream"
],
"resources" : [
{
"path" : "/Users/admin/builder/spi-builder-workspace/Sources/PrivacyInfo.xcprivacy",
"rule" : {
"copy" : {
}
}
}
],
"sources" : [
"Compression/Compression.swift",
"Compression/WSCompression.swift",
"DataBytes/Data+Extensions.swift",
"Engine/Engine.swift",
"Engine/NativeEngine.swift",
"Engine/WSEngine.swift",
"Framer/FoundationHTTPHandler.swift",
"Framer/FoundationHTTPServerHandler.swift",
"Framer/FrameCollector.swift",
"Framer/Framer.swift",
"Framer/HTTPHandler.swift",
"Framer/StringHTTPHandler.swift",
"Security/FoundationSecurity.swift",
"Security/Security.swift",
"Server/Server.swift",
"Server/WebSocketServer.swift",
"Starscream/WebSocket.swift",
"Transport/FoundationTransport.swift",
"Transport/TCPTransport.swift",
"Transport/Transport.swift"
],
"type" : "library"
}
],
"tools_version" : "5.3"
}
{
"project" : {
"configurations" : [
"Debug",
"Release"
],
"name" : "Starscream",
"schemes" : [
"Starscream"
],
"targets" : [
"Starscream",
"Starscream Tests"
]
}
}
Running build ...
env DEVELOPER_DIR=/Applications/Xcode-27.0.0-Release.Candidate.app xcrun xcodebuild -IDEClonedSourcePackagesDirPathOverride=$PWD/.dependencies -skipMacroValidation -skipPackagePluginValidation -derivedDataPath $PWD/.derivedData build -scheme Starscream -destination generic/platform=watchOS
Command line invocation:
/Applications/Xcode-27.0.0-Release.Candidate.app/Contents/Developer/usr/bin/xcodebuild -IDEClonedSourcePackagesDirPathOverride=/Users/admin/builder/spi-builder-workspace/.dependencies -skipMacroValidation -skipPackagePluginValidation -derivedDataPath /Users/admin/builder/spi-builder-workspace/.derivedData build -scheme Starscream -destination generic/platform=watchOS
ComputePackagePrebuildTargetDependencyGraph
Prepare packages
CreateBuildRequest
SendProjectDescription
CreateBuildOperation
ComputeTargetDependencyGraph
note: Building targets in dependency order
note: Target dependency graph (1 target)
Target 'Starscream' in project 'Starscream' (no dependencies)
GatherProvisioningInputs
CreateBuildDescription
error: The armv7k architecture is deprecated. You should update your ARCHS build setting to remove the armv7k architecture. (in target 'Starscream' from project 'Starscream')
/Users/admin/builder/spi-builder-workspace/Starscream.xcodeproj: error: The watchOS deployment target 'WATCHOS_DEPLOYMENT_TARGET' is set to 2.0, but the range of supported deployment target versions is 9.0 to 27.0.x. (in target 'Starscream' from project 'Starscream')
** BUILD FAILED **
The following build commands failed:
Building project Starscream with scheme Starscream
(1 failure)
BUILD FAILURE 6.4 watchOS