The Swift Package Index logo.Swift Package Index

Build Information

Failed to build BrilliantHTML5Parser, reference 0.95.10 (02b4fe), with Swift 6.4 for watchOS using Xcode 27.0 on 16 Sep 2026 14:28:01 UTC.

Build Command

env DEVELOPER_DIR=/Applications/Xcode-27.0.0-Release.Candidate.app xcrun xcodebuild -IDEClonedSourcePackagesDirPathOverride=$PWD/.dependencies -skipMacroValidation -skipPackagePluginValidation -derivedDataPath $PWD/.derivedData build -scheme BrilliantHTML5Parser -destination generic/platform=watchOS

Build Log

========================================
RunAll
========================================
Builder version: 5.1.0
Interrupt handler set up.
========================================
Checkout
========================================
Clone URL: https://github.com/ucotta/brillianthtml5parser.git
Reference: 0.95.10
Initialized empty Git repository in /Users/admin/builder/spi-builder-workspace/.git/
From https://github.com/ucotta/brillianthtml5parser
 * tag               0.95.10    -> FETCH_HEAD
HEAD is now at 02b4fe9 Fix: corrected the name of the source folders
Cloned https://github.com/ucotta/brillianthtml5parser.git
Revision (git rev-parse @):
02b4fe94cb74fc368f5797f68be24f9273f841f9
SUCCESS checkout https://github.com/ucotta/brillianthtml5parser.git at 0.95.10
========================================
Build
========================================
Selected platform:         watchOS
Swift version:             6.4
Building package at path:  $PWD
https://github.com/ucotta/brillianthtml5parser.git
Command line invocation:
    /Applications/Xcode-27.0.0-Release.Candidate.app/Contents/Developer/usr/bin/xcodebuild -IDEClonedSourcePackagesDirPathOverride=/Users/admin/builder/spi-builder-workspace/.dependencies -resolvePackageDependencies
Resolve Package Graph
Fetching from https://github.com/IBM-Swift/swift-html-entities.git
Creating working copy of package ‘swift-html-entities’
Checking out 3.0.200 of package ‘swift-html-entities’
Resolve Package Graph
Resolved source packages:
  HTMLEntities: https://github.com/IBM-Swift/swift-html-entities.git @ 3.0.200
  BrilliantHTML5Parser: /Users/admin/builder/spi-builder-workspace
resolved source packages: HTMLEntities, BrilliantHTML5Parser
2026-09-16 10:27:05.049 xcodebuild[529:3058] [MT] IDERunDestination: Supported platforms for the buildables in the current scheme is empty.
{
  "dependencies" : [
    {
      "identity" : "swift-html-entities",
      "requirement" : {
        "range" : [
          {
            "lower_bound" : "3.0.0",
            "upper_bound" : "4.0.0"
          }
        ]
      },
      "type" : "sourceControl",
      "url" : "https://github.com/IBM-Swift/swift-html-entities.git"
    }
  ],
  "manifest_display_name" : "BrilliantHTML5Parser",
  "name" : "BrilliantHTML5Parser",
  "path" : "/Users/admin/builder/spi-builder-workspace",
  "platforms" : [
  ],
  "products" : [
    {
      "name" : "BrilliantHTML5Parser",
      "targets" : [
        "BrilliantHTML5Parser"
      ],
      "type" : {
        "library" : [
          "automatic"
        ]
      }
    }
  ],
  "targets" : [
    {
      "c99name" : "BrilliantHTML5ParserTests",
      "module_type" : "SwiftTarget",
      "name" : "BrilliantHTML5ParserTests",
      "path" : "Tests/BrilliantHTML5ParserTests",
      "product_dependencies" : [
        "HTMLEntities"
      ],
      "sources" : [
        "BrilliantHTML5ParserTests.swift"
      ],
      "target_dependencies" : [
        "BrilliantHTML5Parser"
      ],
      "type" : "test"
    },
    {
      "c99name" : "BrilliantHTML5Parser",
      "module_type" : "SwiftTarget",
      "name" : "BrilliantHTML5Parser",
      "path" : "Sources/BrilliantHTML5Parser",
      "product_dependencies" : [
        "HTMLEntities"
      ],
      "product_memberships" : [
        "BrilliantHTML5Parser"
      ],
      "sources" : [
        "HTMLEntity.swift",
        "ParseHTML5.swift",
        "SearchableTree.swift"
      ],
      "type" : "library"
    }
  ],
  "tools_version" : "4.0"
}
{
  "workspace" : {
    "name" : "BrilliantHTML5Parser",
    "schemes" : [
      "BrilliantHTML5Parser"
    ]
  }
}
2026-09-16 10:27:46.153 xcodebuild[686:4384] [MT] IDERunDestination: Supported platforms for the buildables in the current scheme is empty.
Running build ...
env DEVELOPER_DIR=/Applications/Xcode-27.0.0-Release.Candidate.app xcrun xcodebuild -IDEClonedSourcePackagesDirPathOverride=$PWD/.dependencies -skipMacroValidation -skipPackagePluginValidation -derivedDataPath $PWD/.derivedData build -scheme BrilliantHTML5Parser -destination generic/platform=watchOS
Command line invocation:
    /Applications/Xcode-27.0.0-Release.Candidate.app/Contents/Developer/usr/bin/xcodebuild -IDEClonedSourcePackagesDirPathOverride=/Users/admin/builder/spi-builder-workspace/.dependencies -skipMacroValidation -skipPackagePluginValidation -derivedDataPath /Users/admin/builder/spi-builder-workspace/.derivedData build -scheme BrilliantHTML5Parser -destination generic/platform=watchOS
Resolve Package Graph
Resolve Package Graph
Resolved source packages:
  BrilliantHTML5Parser: /Users/admin/builder/spi-builder-workspace
  HTMLEntities: https://github.com/IBM-Swift/swift-html-entities.git @ 3.0.200
ComputePackagePrebuildTargetDependencyGraph
Prepare packages
CreateBuildRequest
SendProjectDescription
CreateBuildOperation
ComputeTargetDependencyGraph
note: Building targets in dependency order
note: Target dependency graph (4 targets)
    Target 'BrilliantHTML5Parser-product' in project 'BrilliantHTML5Parser'
        ➜ Explicit dependency on target 'BrilliantHTML5Parser' in project 'BrilliantHTML5Parser'
        ➜ Explicit dependency on target 'HTMLEntities-product' in project 'HTMLEntities'
    Target 'BrilliantHTML5Parser' in project 'BrilliantHTML5Parser'
        ➜ Explicit dependency on target 'HTMLEntities-product' in project 'HTMLEntities'
    Target 'HTMLEntities-product' in project 'HTMLEntities'
        ➜ Explicit dependency on target 'HTMLEntities' in project 'HTMLEntities'
    Target 'HTMLEntities' in project 'HTMLEntities' (no dependencies)
GatherProvisioningInputs
CreateBuildDescription
ExecuteExternalTool /Applications/Xcode-27.0.0-Release.Candidate.app/Contents/Developer/Toolchains/XcodeDefault.xctoolchain/usr/bin/clang -v -E -dM -isysroot /Applications/Xcode-27.0.0-Release.Candidate.app/Contents/Developer/Platforms/WatchOS.platform/Developer/SDKs/WatchOS27.0.sdk -x c -c /dev/null
ExecuteExternalTool /Applications/Xcode-27.0.0-Release.Candidate.app/Contents/Developer/Toolchains/XcodeDefault.xctoolchain/usr/bin/swiftc --version
ExecuteExternalTool /Applications/Xcode-27.0.0-Release.Candidate.app/Contents/Developer/Toolchains/XcodeDefault.xctoolchain/usr/bin/ld -version_details
Build description signature: 1b693c9a5637bc320696ed9302417759
Build description path: /Users/admin/builder/spi-builder-workspace/.derivedData/Build/Intermediates.noindex/XCBuildData/1b693c9a5637bc320696ed9302417759.xcbuilddata
CreateBuildDirectory /Users/admin/builder/spi-builder-workspace/.derivedData/CompilationCache.noindex
    cd /Users/admin/builder/spi-builder-workspace/.swiftpm/xcode
    builtin-create-build-directory /Users/admin/builder/spi-builder-workspace/.derivedData/CompilationCache.noindex
CreateBuildDirectory /Users/admin/builder/spi-builder-workspace/.derivedData/ModuleCache.noindex
    cd /Users/admin/builder/spi-builder-workspace/.swiftpm/xcode
    builtin-create-build-directory /Users/admin/builder/spi-builder-workspace/.derivedData/ModuleCache.noindex
CreateBuildDirectory /Users/admin/builder/spi-builder-workspace/.derivedData/SDKExplicitPrecompiledModules
    cd /Users/admin/builder/spi-builder-workspace/.swiftpm/xcode
    builtin-create-build-directory /Users/admin/builder/spi-builder-workspace/.derivedData/SDKExplicitPrecompiledModules
CreateBuildDirectory /Users/admin/builder/spi-builder-workspace/.derivedData/Build/Products
    cd /Users/admin/builder/spi-builder-workspace/.swiftpm/xcode
    builtin-create-build-directory /Users/admin/builder/spi-builder-workspace/.derivedData/Build/Products
CreateBuildDirectory /Users/admin/builder/spi-builder-workspace/.derivedData/Build/Intermediates.noindex
    cd /Users/admin/builder/spi-builder-workspace/.swiftpm/xcode
    builtin-create-build-directory /Users/admin/builder/spi-builder-workspace/.derivedData/Build/Intermediates.noindex
ClangStatCache /Applications/Xcode-27.0.0-Release.Candidate.app/Contents/Developer/Toolchains/XcodeDefault.xctoolchain/usr/bin/clang-stat-cache /Applications/Xcode-27.0.0-Release.Candidate.app/Contents/Developer/Platforms/WatchOS.platform/Developer/SDKs/WatchOS27.0.sdk /Users/admin/builder/spi-builder-workspace/.derivedData/SDKStatCaches.noindex/watchos27.0-24R360-e829b21a6f8c9b70876ba0858053c04477534ef55a1706bf4c1112bbb242f0a2.sdkstatcache
    cd /Users/admin/builder/spi-builder-workspace/.swiftpm/xcode
    /Applications/Xcode-27.0.0-Release.Candidate.app/Contents/Developer/Toolchains/XcodeDefault.xctoolchain/usr/bin/clang-stat-cache /Applications/Xcode-27.0.0-Release.Candidate.app/Contents/Developer/Platforms/WatchOS.platform/Developer/SDKs/WatchOS27.0.sdk -o /Users/admin/builder/spi-builder-workspace/.derivedData/SDKStatCaches.noindex/watchos27.0-24R360-e829b21a6f8c9b70876ba0858053c04477534ef55a1706bf4c1112bbb242f0a2.sdkstatcache
CreateBuildDirectory /Users/admin/builder/spi-builder-workspace/.derivedData/Build/Intermediates.noindex/SwiftExplicitPrecompiledModules
    cd /Users/admin/builder/spi-builder-workspace/.swiftpm/xcode
    builtin-create-build-directory /Users/admin/builder/spi-builder-workspace/.derivedData/Build/Intermediates.noindex/SwiftExplicitPrecompiledModules
CreateBuildDirectory /Users/admin/builder/spi-builder-workspace/.derivedData/Build/Intermediates.noindex/PrecompiledHeaders
    cd /Users/admin/builder/spi-builder-workspace/.swiftpm/xcode
    builtin-create-build-directory /Users/admin/builder/spi-builder-workspace/.derivedData/Build/Intermediates.noindex/PrecompiledHeaders
CreateBuildDirectory /Users/admin/builder/spi-builder-workspace/.derivedData/Build/Intermediates.noindex/ExplicitPrecompiledModules
    cd /Users/admin/builder/spi-builder-workspace/.swiftpm/xcode
    builtin-create-build-directory /Users/admin/builder/spi-builder-workspace/.derivedData/Build/Intermediates.noindex/ExplicitPrecompiledModules
CreateBuildDirectory /Users/admin/builder/spi-builder-workspace/.derivedData/Build/Intermediates.noindex/EagerLinkingTBDs/Debug-watchos
    cd /Users/admin/builder/spi-builder-workspace/.swiftpm/xcode
    builtin-create-build-directory /Users/admin/builder/spi-builder-workspace/.derivedData/Build/Intermediates.noindex/EagerLinkingTBDs/Debug-watchos
CreateBuildDirectory /Users/admin/builder/spi-builder-workspace/.derivedData/Build/Products/Debug-watchos
    cd /Users/admin/builder/spi-builder-workspace/.swiftpm/xcode
    builtin-create-build-directory /Users/admin/builder/spi-builder-workspace/.derivedData/Build/Products/Debug-watchos
CreateBuildDirectory /Users/admin/builder/spi-builder-workspace/.derivedData/Build/Products/Debug-watchos/PackageFrameworks
    cd /Users/admin/builder/spi-builder-workspace/.swiftpm/xcode
    builtin-create-build-directory /Users/admin/builder/spi-builder-workspace/.derivedData/Build/Products/Debug-watchos/PackageFrameworks
WriteAuxiliaryFile /Users/admin/builder/spi-builder-workspace/.derivedData/Build/Intermediates.noindex/HTMLEntities.build/Debug-watchos/HTMLEntities-t.build/HTMLEntities.modulemap (in target 'HTMLEntities' from project 'HTMLEntities')
    cd /Users/admin/builder/spi-builder-workspace/.dependencies/checkouts/swift-html-entities
    write-file /Users/admin/builder/spi-builder-workspace/.derivedData/Build/Intermediates.noindex/HTMLEntities.build/Debug-watchos/HTMLEntities-t.build/HTMLEntities.modulemap
WriteAuxiliaryFile /Users/admin/builder/spi-builder-workspace/.derivedData/Build/Intermediates.noindex/HTMLEntities.build/Debug-watchos/HTMLEntities-t.build/Objects-normal/arm64/HTMLEntities.LinkFileList (in target 'HTMLEntities' from project 'HTMLEntities')
    cd /Users/admin/builder/spi-builder-workspace/.dependencies/checkouts/swift-html-entities
    write-file /Users/admin/builder/spi-builder-workspace/.derivedData/Build/Intermediates.noindex/HTMLEntities.build/Debug-watchos/HTMLEntities-t.build/Objects-normal/arm64/HTMLEntities.LinkFileList
WriteAuxiliaryFile /Users/admin/builder/spi-builder-workspace/.derivedData/Build/Intermediates.noindex/HTMLEntities.build/Debug-watchos/HTMLEntities-t.build/Objects-normal/arm64/HTMLEntities.SwiftFileList (in target 'HTMLEntities' from project 'HTMLEntities')
    cd /Users/admin/builder/spi-builder-workspace/.dependencies/checkouts/swift-html-entities
    write-file /Users/admin/builder/spi-builder-workspace/.derivedData/Build/Intermediates.noindex/HTMLEntities.build/Debug-watchos/HTMLEntities-t.build/Objects-normal/arm64/HTMLEntities.SwiftFileList
WriteAuxiliaryFile /Users/admin/builder/spi-builder-workspace/.derivedData/Build/Intermediates.noindex/HTMLEntities.build/Debug-watchos/HTMLEntities-t.build/Objects-normal/arm64/HTMLEntities_const_extract_protocols.json (in target 'HTMLEntities' from project 'HTMLEntities')
    cd /Users/admin/builder/spi-builder-workspace/.dependencies/checkouts/swift-html-entities
    write-file /Users/admin/builder/spi-builder-workspace/.derivedData/Build/Intermediates.noindex/HTMLEntities.build/Debug-watchos/HTMLEntities-t.build/Objects-normal/arm64/HTMLEntities_const_extract_protocols.json
WriteAuxiliaryFile /Users/admin/builder/spi-builder-workspace/.derivedData/Build/Intermediates.noindex/HTMLEntities.build/Debug-watchos/HTMLEntities-t.build/Objects-normal/arm64_32/HTMLEntities.SwiftConstValuesFileList (in target 'HTMLEntities' from project 'HTMLEntities')
    cd /Users/admin/builder/spi-builder-workspace/.dependencies/checkouts/swift-html-entities
    write-file /Users/admin/builder/spi-builder-workspace/.derivedData/Build/Intermediates.noindex/HTMLEntities.build/Debug-watchos/HTMLEntities-t.build/Objects-normal/arm64_32/HTMLEntities.SwiftConstValuesFileList
WriteAuxiliaryFile /Users/admin/builder/spi-builder-workspace/.derivedData/Build/Intermediates.noindex/HTMLEntities.build/Debug-watchos/HTMLEntities-t.build/Objects-normal/arm64_32/HTMLEntities_const_extract_protocols.json (in target 'HTMLEntities' from project 'HTMLEntities')
    cd /Users/admin/builder/spi-builder-workspace/.dependencies/checkouts/swift-html-entities
    write-file /Users/admin/builder/spi-builder-workspace/.derivedData/Build/Intermediates.noindex/HTMLEntities.build/Debug-watchos/HTMLEntities-t.build/Objects-normal/arm64_32/HTMLEntities_const_extract_protocols.json
WriteAuxiliaryFile /Users/admin/builder/spi-builder-workspace/.derivedData/Build/Intermediates.noindex/HTMLEntities.build/Debug-watchos/HTMLEntities-t.build/Objects-normal/arm64_32/HTMLEntities-OutputFileMap.json (in target 'HTMLEntities' from project 'HTMLEntities')
    cd /Users/admin/builder/spi-builder-workspace/.dependencies/checkouts/swift-html-entities
    write-file /Users/admin/builder/spi-builder-workspace/.derivedData/Build/Intermediates.noindex/HTMLEntities.build/Debug-watchos/HTMLEntities-t.build/Objects-normal/arm64_32/HTMLEntities-OutputFileMap.json
WriteAuxiliaryFile /Users/admin/builder/spi-builder-workspace/.derivedData/Build/Intermediates.noindex/HTMLEntities.build/Debug-watchos/HTMLEntities-t.build/Objects-normal/arm64_32/HTMLEntities.LinkFileList (in target 'HTMLEntities' from project 'HTMLEntities')
    cd /Users/admin/builder/spi-builder-workspace/.dependencies/checkouts/swift-html-entities
    write-file /Users/admin/builder/spi-builder-workspace/.derivedData/Build/Intermediates.noindex/HTMLEntities.build/Debug-watchos/HTMLEntities-t.build/Objects-normal/arm64_32/HTMLEntities.LinkFileList
WriteAuxiliaryFile /Users/admin/builder/spi-builder-workspace/.derivedData/Build/Intermediates.noindex/HTMLEntities.build/Debug-watchos/HTMLEntities-t.build/Objects-normal/arm64_32/HTMLEntities.SwiftFileList (in target 'HTMLEntities' from project 'HTMLEntities')
    cd /Users/admin/builder/spi-builder-workspace/.dependencies/checkouts/swift-html-entities
    write-file /Users/admin/builder/spi-builder-workspace/.derivedData/Build/Intermediates.noindex/HTMLEntities.build/Debug-watchos/HTMLEntities-t.build/Objects-normal/arm64_32/HTMLEntities.SwiftFileList
WriteAuxiliaryFile /Users/admin/builder/spi-builder-workspace/.derivedData/Build/Intermediates.noindex/HTMLEntities.build/Debug-watchos/HTMLEntities-t.build/Objects-normal/arm64/HTMLEntities.SwiftConstValuesFileList (in target 'HTMLEntities' from project 'HTMLEntities')
    cd /Users/admin/builder/spi-builder-workspace/.dependencies/checkouts/swift-html-entities
    write-file /Users/admin/builder/spi-builder-workspace/.derivedData/Build/Intermediates.noindex/HTMLEntities.build/Debug-watchos/HTMLEntities-t.build/Objects-normal/arm64/HTMLEntities.SwiftConstValuesFileList
WriteAuxiliaryFile /Users/admin/builder/spi-builder-workspace/.derivedData/Build/Intermediates.noindex/HTMLEntities.build/Debug-watchos/HTMLEntities-t.build/HTMLEntities.DependencyStaticMetadataFileList (in target 'HTMLEntities' from project 'HTMLEntities')
    cd /Users/admin/builder/spi-builder-workspace/.dependencies/checkouts/swift-html-entities
    write-file /Users/admin/builder/spi-builder-workspace/.derivedData/Build/Intermediates.noindex/HTMLEntities.build/Debug-watchos/HTMLEntities-t.build/HTMLEntities.DependencyStaticMetadataFileList
WriteAuxiliaryFile /Users/admin/builder/spi-builder-workspace/.derivedData/Build/Intermediates.noindex/HTMLEntities.build/Debug-watchos/HTMLEntities-t.build/Objects-normal/arm64/HTMLEntities-OutputFileMap.json (in target 'HTMLEntities' from project 'HTMLEntities')
    cd /Users/admin/builder/spi-builder-workspace/.dependencies/checkouts/swift-html-entities
    write-file /Users/admin/builder/spi-builder-workspace/.derivedData/Build/Intermediates.noindex/HTMLEntities.build/Debug-watchos/HTMLEntities-t.build/Objects-normal/arm64/HTMLEntities-OutputFileMap.json
WriteAuxiliaryFile /Users/admin/builder/spi-builder-workspace/.derivedData/Build/Intermediates.noindex/HTMLEntities.build/Debug-watchos/HTMLEntities-t.build/HTMLEntities.DependencyMetadataFileList (in target 'HTMLEntities' from project 'HTMLEntities')
    cd /Users/admin/builder/spi-builder-workspace/.dependencies/checkouts/swift-html-entities
    write-file /Users/admin/builder/spi-builder-workspace/.derivedData/Build/Intermediates.noindex/HTMLEntities.build/Debug-watchos/HTMLEntities-t.build/HTMLEntities.DependencyMetadataFileList
Copy /Users/admin/builder/spi-builder-workspace/.derivedData/Build/Intermediates.noindex/GeneratedModuleMaps-watchos/HTMLEntities.modulemap /Users/admin/builder/spi-builder-workspace/.derivedData/Build/Intermediates.noindex/HTMLEntities.build/Debug-watchos/HTMLEntities-t.build/HTMLEntities.modulemap (in target 'HTMLEntities' from project 'HTMLEntities')
    cd /Users/admin/builder/spi-builder-workspace/.dependencies/checkouts/swift-html-entities
    builtin-copy -exclude .DS_Store -exclude CVS -exclude .svn -exclude .git -exclude .hg -resolve-src-symlinks /Users/admin/builder/spi-builder-workspace/.derivedData/Build/Intermediates.noindex/HTMLEntities.build/Debug-watchos/HTMLEntities-t.build/HTMLEntities.modulemap /Users/admin/builder/spi-builder-workspace/.derivedData/Build/Intermediates.noindex/GeneratedModuleMaps-watchos
WriteAuxiliaryFile /Users/admin/builder/spi-builder-workspace/.derivedData/Build/Intermediates.noindex/BrilliantHTML5Parser.build/Debug-watchos/BrilliantHTML5Parser-t.build/Objects-normal/arm64_32/BrilliantHTML5Parser_const_extract_protocols.json (in target 'BrilliantHTML5Parser' from project 'BrilliantHTML5Parser')
    cd /Users/admin/builder/spi-builder-workspace
    write-file /Users/admin/builder/spi-builder-workspace/.derivedData/Build/Intermediates.noindex/BrilliantHTML5Parser.build/Debug-watchos/BrilliantHTML5Parser-t.build/Objects-normal/arm64_32/BrilliantHTML5Parser_const_extract_protocols.json
WriteAuxiliaryFile /Users/admin/builder/spi-builder-workspace/.derivedData/Build/Intermediates.noindex/BrilliantHTML5Parser.build/Debug-watchos/BrilliantHTML5Parser-t.build/Objects-normal/arm64_32/BrilliantHTML5Parser.SwiftFileList (in target 'BrilliantHTML5Parser' from project 'BrilliantHTML5Parser')
    cd /Users/admin/builder/spi-builder-workspace
    write-file /Users/admin/builder/spi-builder-workspace/.derivedData/Build/Intermediates.noindex/BrilliantHTML5Parser.build/Debug-watchos/BrilliantHTML5Parser-t.build/Objects-normal/arm64_32/BrilliantHTML5Parser.SwiftFileList
WriteAuxiliaryFile /Users/admin/builder/spi-builder-workspace/.derivedData/Build/Intermediates.noindex/BrilliantHTML5Parser.build/Debug-watchos/BrilliantHTML5Parser-t.build/Objects-normal/arm64_32/BrilliantHTML5Parser.SwiftConstValuesFileList (in target 'BrilliantHTML5Parser' from project 'BrilliantHTML5Parser')
    cd /Users/admin/builder/spi-builder-workspace
    write-file /Users/admin/builder/spi-builder-workspace/.derivedData/Build/Intermediates.noindex/BrilliantHTML5Parser.build/Debug-watchos/BrilliantHTML5Parser-t.build/Objects-normal/arm64_32/BrilliantHTML5Parser.SwiftConstValuesFileList
WriteAuxiliaryFile /Users/admin/builder/spi-builder-workspace/.derivedData/Build/Intermediates.noindex/BrilliantHTML5Parser.build/Debug-watchos/BrilliantHTML5Parser-t.build/Objects-normal/arm64_32/BrilliantHTML5Parser.LinkFileList (in target 'BrilliantHTML5Parser' from project 'BrilliantHTML5Parser')
    cd /Users/admin/builder/spi-builder-workspace
    write-file /Users/admin/builder/spi-builder-workspace/.derivedData/Build/Intermediates.noindex/BrilliantHTML5Parser.build/Debug-watchos/BrilliantHTML5Parser-t.build/Objects-normal/arm64_32/BrilliantHTML5Parser.LinkFileList
WriteAuxiliaryFile /Users/admin/builder/spi-builder-workspace/.derivedData/Build/Intermediates.noindex/BrilliantHTML5Parser.build/Debug-watchos/BrilliantHTML5Parser-t.build/Objects-normal/arm64_32/BrilliantHTML5Parser-OutputFileMap.json (in target 'BrilliantHTML5Parser' from project 'BrilliantHTML5Parser')
    cd /Users/admin/builder/spi-builder-workspace
    write-file /Users/admin/builder/spi-builder-workspace/.derivedData/Build/Intermediates.noindex/BrilliantHTML5Parser.build/Debug-watchos/BrilliantHTML5Parser-t.build/Objects-normal/arm64_32/BrilliantHTML5Parser-OutputFileMap.json
WriteAuxiliaryFile /Users/admin/builder/spi-builder-workspace/.derivedData/Build/Intermediates.noindex/BrilliantHTML5Parser.build/Debug-watchos/BrilliantHTML5Parser-t.build/Objects-normal/arm64/BrilliantHTML5Parser_const_extract_protocols.json (in target 'BrilliantHTML5Parser' from project 'BrilliantHTML5Parser')
    cd /Users/admin/builder/spi-builder-workspace
    write-file /Users/admin/builder/spi-builder-workspace/.derivedData/Build/Intermediates.noindex/BrilliantHTML5Parser.build/Debug-watchos/BrilliantHTML5Parser-t.build/Objects-normal/arm64/BrilliantHTML5Parser_const_extract_protocols.json
WriteAuxiliaryFile /Users/admin/builder/spi-builder-workspace/.derivedData/Build/Intermediates.noindex/BrilliantHTML5Parser.build/Debug-watchos/BrilliantHTML5Parser-t.build/Objects-normal/arm64/BrilliantHTML5Parser.SwiftFileList (in target 'BrilliantHTML5Parser' from project 'BrilliantHTML5Parser')
    cd /Users/admin/builder/spi-builder-workspace
    write-file /Users/admin/builder/spi-builder-workspace/.derivedData/Build/Intermediates.noindex/BrilliantHTML5Parser.build/Debug-watchos/BrilliantHTML5Parser-t.build/Objects-normal/arm64/BrilliantHTML5Parser.SwiftFileList
WriteAuxiliaryFile /Users/admin/builder/spi-builder-workspace/.derivedData/Build/Intermediates.noindex/BrilliantHTML5Parser.build/Debug-watchos/BrilliantHTML5Parser-t.build/Objects-normal/arm64/BrilliantHTML5Parser.SwiftConstValuesFileList (in target 'BrilliantHTML5Parser' from project 'BrilliantHTML5Parser')
    cd /Users/admin/builder/spi-builder-workspace
    write-file /Users/admin/builder/spi-builder-workspace/.derivedData/Build/Intermediates.noindex/BrilliantHTML5Parser.build/Debug-watchos/BrilliantHTML5Parser-t.build/Objects-normal/arm64/BrilliantHTML5Parser.SwiftConstValuesFileList
WriteAuxiliaryFile /Users/admin/builder/spi-builder-workspace/.derivedData/Build/Intermediates.noindex/BrilliantHTML5Parser.build/Debug-watchos/BrilliantHTML5Parser-t.build/Objects-normal/arm64/BrilliantHTML5Parser.LinkFileList (in target 'BrilliantHTML5Parser' from project 'BrilliantHTML5Parser')
    cd /Users/admin/builder/spi-builder-workspace
    write-file /Users/admin/builder/spi-builder-workspace/.derivedData/Build/Intermediates.noindex/BrilliantHTML5Parser.build/Debug-watchos/BrilliantHTML5Parser-t.build/Objects-normal/arm64/BrilliantHTML5Parser.LinkFileList
WriteAuxiliaryFile /Users/admin/builder/spi-builder-workspace/.derivedData/Build/Intermediates.noindex/BrilliantHTML5Parser.build/Debug-watchos/BrilliantHTML5Parser-t.build/Objects-normal/arm64/BrilliantHTML5Parser-OutputFileMap.json (in target 'BrilliantHTML5Parser' from project 'BrilliantHTML5Parser')
    cd /Users/admin/builder/spi-builder-workspace
    write-file /Users/admin/builder/spi-builder-workspace/.derivedData/Build/Intermediates.noindex/BrilliantHTML5Parser.build/Debug-watchos/BrilliantHTML5Parser-t.build/Objects-normal/arm64/BrilliantHTML5Parser-OutputFileMap.json
WriteAuxiliaryFile /Users/admin/builder/spi-builder-workspace/.derivedData/Build/Intermediates.noindex/BrilliantHTML5Parser.build/Debug-watchos/BrilliantHTML5Parser-t.build/BrilliantHTML5Parser.modulemap (in target 'BrilliantHTML5Parser' from project 'BrilliantHTML5Parser')
    cd /Users/admin/builder/spi-builder-workspace
    write-file /Users/admin/builder/spi-builder-workspace/.derivedData/Build/Intermediates.noindex/BrilliantHTML5Parser.build/Debug-watchos/BrilliantHTML5Parser-t.build/BrilliantHTML5Parser.modulemap
WriteAuxiliaryFile /Users/admin/builder/spi-builder-workspace/.derivedData/Build/Intermediates.noindex/BrilliantHTML5Parser.build/Debug-watchos/BrilliantHTML5Parser-t.build/BrilliantHTML5Parser.DependencyStaticMetadataFileList (in target 'BrilliantHTML5Parser' from project 'BrilliantHTML5Parser')
    cd /Users/admin/builder/spi-builder-workspace
    write-file /Users/admin/builder/spi-builder-workspace/.derivedData/Build/Intermediates.noindex/BrilliantHTML5Parser.build/Debug-watchos/BrilliantHTML5Parser-t.build/BrilliantHTML5Parser.DependencyStaticMetadataFileList
WriteAuxiliaryFile /Users/admin/builder/spi-builder-workspace/.derivedData/Build/Intermediates.noindex/BrilliantHTML5Parser.build/Debug-watchos/BrilliantHTML5Parser-t.build/BrilliantHTML5Parser.DependencyMetadataFileList (in target 'BrilliantHTML5Parser' from project 'BrilliantHTML5Parser')
    cd /Users/admin/builder/spi-builder-workspace
    write-file /Users/admin/builder/spi-builder-workspace/.derivedData/Build/Intermediates.noindex/BrilliantHTML5Parser.build/Debug-watchos/BrilliantHTML5Parser-t.build/BrilliantHTML5Parser.DependencyMetadataFileList
Copy /Users/admin/builder/spi-builder-workspace/.derivedData/Build/Intermediates.noindex/GeneratedModuleMaps-watchos/BrilliantHTML5Parser.modulemap /Users/admin/builder/spi-builder-workspace/.derivedData/Build/Intermediates.noindex/BrilliantHTML5Parser.build/Debug-watchos/BrilliantHTML5Parser-t.build/BrilliantHTML5Parser.modulemap (in target 'BrilliantHTML5Parser' from project 'BrilliantHTML5Parser')
    cd /Users/admin/builder/spi-builder-workspace
    builtin-copy -exclude .DS_Store -exclude CVS -exclude .svn -exclude .git -exclude .hg -resolve-src-symlinks /Users/admin/builder/spi-builder-workspace/.derivedData/Build/Intermediates.noindex/BrilliantHTML5Parser.build/Debug-watchos/BrilliantHTML5Parser-t.build/BrilliantHTML5Parser.modulemap /Users/admin/builder/spi-builder-workspace/.derivedData/Build/Intermediates.noindex/GeneratedModuleMaps-watchos
SwiftDriver HTMLEntities normal arm64_32 com.apple.xcode.tools.swift.compiler (in target 'HTMLEntities' from project 'HTMLEntities')
    cd /Users/admin/builder/spi-builder-workspace/.swiftpm/xcode
    builtin-SwiftDriver -- /Applications/Xcode-27.0.0-Release.Candidate.app/Contents/Developer/Toolchains/XcodeDefault.xctoolchain/usr/bin/swiftc -parse-as-library -module-name HTMLEntities -Onone @/Users/admin/builder/spi-builder-workspace/.derivedData/Build/Intermediates.noindex/HTMLEntities.build/Debug-watchos/HTMLEntities-t.build/Objects-normal/arm64_32/HTMLEntities.SwiftFileList -DSWIFT_PACKAGE -DDEBUG -DSWIFT_MODULE_RESOURCE_BUNDLE_UNAVAILABLE -DXcode -plugin-path /Applications/Xcode-27.0.0-Release.Candidate.app/Contents/Developer/Toolchains/XcodeDefault.xctoolchain/usr/lib/swift/host/plugins/testing -enable-experimental-feature DebugDescriptionMacro -sdk /Applications/Xcode-27.0.0-Release.Candidate.app/Contents/Developer/Platforms/WatchOS.platform/Developer/SDKs/WatchOS27.0.sdk -target arm64_32-apple-watchos9.0 -g -module-cache-path /Users/admin/builder/spi-builder-workspace/.derivedData/ModuleCache.noindex -Xfrontend -serialize-debugging-options -profile-coverage-mapping -profile-generate -enable-testing -suppress-warnings -index-store-path /Users/admin/builder/spi-builder-workspace/.derivedData/Index.noindex/DataStore -Xcc -D_LIBCPP_HARDENING_MODE\=_LIBCPP_HARDENING_MODE_DEBUG -swift-version 5 -I /Users/admin/builder/spi-builder-workspace/.derivedData/Build/Products/Debug-watchos -Isystem /Applications/Xcode-27.0.0-Release.Candidate.app/Contents/Developer/Platforms/WatchOS.platform/Developer/usr/lib -F /Users/admin/builder/spi-builder-workspace/.derivedData/Build/Products/Debug-watchos -F /Applications/Xcode-27.0.0-Release.Candidate.app/Contents/Developer/Platforms/WatchOS.platform/Developer/Library/Frameworks -F /Applications/Xcode-27.0.0-Release.Candidate.app/Contents/Developer/Platforms/WatchOS.platform/Developer/SDKs/WatchOS27.0.sdk/Developer/Library/Frameworks -c -j10 -enable-batch-mode -incremental -Xcc -ivfsstatcache -Xcc /Users/admin/builder/spi-builder-workspace/.derivedData/SDKStatCaches.noindex/watchos27.0-24R360-e829b21a6f8c9b70876ba0858053c04477534ef55a1706bf4c1112bbb242f0a2.sdkstatcache -output-file-map /Users/admin/builder/spi-builder-workspace/.derivedData/Build/Intermediates.noindex/HTMLEntities.build/Debug-watchos/HTMLEntities-t.build/Objects-normal/arm64_32/HTMLEntities-OutputFileMap.json -save-temps -no-color-diagnostics -explicit-module-build -module-cache-path /Users/admin/builder/spi-builder-workspace/.derivedData/Build/Intermediates.noindex/SwiftExplicitPrecompiledModules -clang-scanner-module-cache-path /Users/admin/builder/spi-builder-workspace/.derivedData/ModuleCache.noindex -sdk-module-cache-path /Users/admin/builder/spi-builder-workspace/.derivedData/SDKExplicitPrecompiledModules -emit-dependencies -emit-module -emit-module-path /Users/admin/builder/spi-builder-workspace/.derivedData/Build/Intermediates.noindex/HTMLEntities.build/Debug-watchos/HTMLEntities-t.build/Objects-normal/arm64_32/HTMLEntities.swiftmodule -serialize-diagnostics -dependency-scan-serialize-diagnostics-path /Users/admin/builder/spi-builder-workspace/.derivedData/Build/Intermediates.noindex/HTMLEntities.build/Debug-watchos/HTMLEntities-t.build/Objects-normal/arm64_32/HTMLEntities-dependency-scan.dia -validate-clang-modules-once -clang-build-session-file /Users/admin/builder/spi-builder-workspace/.derivedData/ModuleCache.noindex/Session.modulevalidation -Xcc -fmodules-prune-interval\=86400 -Xcc -fmodules-prune-after\=345600 -emit-const-values -const-gather-protocols-list /Users/admin/builder/spi-builder-workspace/.derivedData/Build/Intermediates.noindex/HTMLEntities.build/Debug-watchos/HTMLEntities-t.build/Objects-normal/arm64_32/HTMLEntities_const_extract_protocols.json -Xcc -I/Users/admin/builder/spi-builder-workspace/.derivedData/Build/Products/Debug-watchos/include -Xcc -I/Users/admin/builder/spi-builder-workspace/.derivedData/Build/Intermediates.noindex/HTMLEntities.build/Debug-watchos/HTMLEntities-t.build/DerivedSources-normal/arm64_32 -Xcc -I/Users/admin/builder/spi-builder-workspace/.derivedData/Build/Intermediates.noindex/HTMLEntities.build/Debug-watchos/HTMLEntities-t.build/DerivedSources/arm64_32 -Xcc -I/Users/admin/builder/spi-builder-workspace/.derivedData/Build/Intermediates.noindex/HTMLEntities.build/Debug-watchos/HTMLEntities-t.build/DerivedSources -Xcc -DSWIFT_PACKAGE -Xcc -DDEBUG\=1 -emit-objc-header -emit-objc-header-path /Users/admin/builder/spi-builder-workspace/.derivedData/Build/Intermediates.noindex/HTMLEntities.build/Debug-watchos/HTMLEntities-t.build/Objects-normal/arm64_32/HTMLEntities-Swift.h -working-directory /Users/admin/builder/spi-builder-workspace/.swiftpm/xcode -experimental-emit-module-separately -disable-cmo
SwiftDriver HTMLEntities normal arm64 com.apple.xcode.tools.swift.compiler (in target 'HTMLEntities' from project 'HTMLEntities')
    cd /Users/admin/builder/spi-builder-workspace/.swiftpm/xcode
    builtin-SwiftDriver -- /Applications/Xcode-27.0.0-Release.Candidate.app/Contents/Developer/Toolchains/XcodeDefault.xctoolchain/usr/bin/swiftc -parse-as-library -module-name HTMLEntities -Onone @/Users/admin/builder/spi-builder-workspace/.derivedData/Build/Intermediates.noindex/HTMLEntities.build/Debug-watchos/HTMLEntities-t.build/Objects-normal/arm64/HTMLEntities.SwiftFileList -DSWIFT_PACKAGE -DDEBUG -DSWIFT_MODULE_RESOURCE_BUNDLE_UNAVAILABLE -DXcode -plugin-path /Applications/Xcode-27.0.0-Release.Candidate.app/Contents/Developer/Toolchains/XcodeDefault.xctoolchain/usr/lib/swift/host/plugins/testing -enable-experimental-feature DebugDescriptionMacro -sdk /Applications/Xcode-27.0.0-Release.Candidate.app/Contents/Developer/Platforms/WatchOS.platform/Developer/SDKs/WatchOS27.0.sdk -target arm64-apple-watchos9.0 -g -module-cache-path /Users/admin/builder/spi-builder-workspace/.derivedData/ModuleCache.noindex -Xfrontend -serialize-debugging-options -profile-coverage-mapping -profile-generate -enable-testing -suppress-warnings -index-store-path /Users/admin/builder/spi-builder-workspace/.derivedData/Index.noindex/DataStore -Xcc -D_LIBCPP_HARDENING_MODE\=_LIBCPP_HARDENING_MODE_DEBUG -swift-version 5 -I /Users/admin/builder/spi-builder-workspace/.derivedData/Build/Products/Debug-watchos -Isystem /Applications/Xcode-27.0.0-Release.Candidate.app/Contents/Developer/Platforms/WatchOS.platform/Developer/usr/lib -F /Users/admin/builder/spi-builder-workspace/.derivedData/Build/Products/Debug-watchos -F /Applications/Xcode-27.0.0-Release.Candidate.app/Contents/Developer/Platforms/WatchOS.platform/Developer/Library/Frameworks -F /Applications/Xcode-27.0.0-Release.Candidate.app/Contents/Developer/Platforms/WatchOS.platform/Developer/SDKs/WatchOS27.0.sdk/Developer/Library/Frameworks -c -j10 -enable-batch-mode -incremental -Xcc -ivfsstatcache -Xcc /Users/admin/builder/spi-builder-workspace/.derivedData/SDKStatCaches.noindex/watchos27.0-24R360-e829b21a6f8c9b70876ba0858053c04477534ef55a1706bf4c1112bbb242f0a2.sdkstatcache -output-file-map /Users/admin/builder/spi-builder-workspace/.derivedData/Build/Intermediates.noindex/HTMLEntities.build/Debug-watchos/HTMLEntities-t.build/Objects-normal/arm64/HTMLEntities-OutputFileMap.json -save-temps -no-color-diagnostics -explicit-module-build -module-cache-path /Users/admin/builder/spi-builder-workspace/.derivedData/Build/Intermediates.noindex/SwiftExplicitPrecompiledModules -clang-scanner-module-cache-path /Users/admin/builder/spi-builder-workspace/.derivedData/ModuleCache.noindex -sdk-module-cache-path /Users/admin/builder/spi-builder-workspace/.derivedData/SDKExplicitPrecompiledModules -emit-dependencies -emit-module -emit-module-path /Users/admin/builder/spi-builder-workspace/.derivedData/Build/Intermediates.noindex/HTMLEntities.build/Debug-watchos/HTMLEntities-t.build/Objects-normal/arm64/HTMLEntities.swiftmodule -serialize-diagnostics -dependency-scan-serialize-diagnostics-path /Users/admin/builder/spi-builder-workspace/.derivedData/Build/Intermediates.noindex/HTMLEntities.build/Debug-watchos/HTMLEntities-t.build/Objects-normal/arm64/HTMLEntities-dependency-scan.dia -validate-clang-modules-once -clang-build-session-file /Users/admin/builder/spi-builder-workspace/.derivedData/ModuleCache.noindex/Session.modulevalidation -Xcc -fmodules-prune-interval\=86400 -Xcc -fmodules-prune-after\=345600 -emit-const-values -const-gather-protocols-list /Users/admin/builder/spi-builder-workspace/.derivedData/Build/Intermediates.noindex/HTMLEntities.build/Debug-watchos/HTMLEntities-t.build/Objects-normal/arm64/HTMLEntities_const_extract_protocols.json -Xcc -I/Users/admin/builder/spi-builder-workspace/.derivedData/Build/Products/Debug-watchos/include -Xcc -I/Users/admin/builder/spi-builder-workspace/.derivedData/Build/Intermediates.noindex/HTMLEntities.build/Debug-watchos/HTMLEntities-t.build/DerivedSources-normal/arm64 -Xcc -I/Users/admin/builder/spi-builder-workspace/.derivedData/Build/Intermediates.noindex/HTMLEntities.build/Debug-watchos/HTMLEntities-t.build/DerivedSources/arm64 -Xcc -I/Users/admin/builder/spi-builder-workspace/.derivedData/Build/Intermediates.noindex/HTMLEntities.build/Debug-watchos/HTMLEntities-t.build/DerivedSources -Xcc -DSWIFT_PACKAGE -Xcc -DDEBUG\=1 -emit-objc-header -emit-objc-header-path /Users/admin/builder/spi-builder-workspace/.derivedData/Build/Intermediates.noindex/HTMLEntities.build/Debug-watchos/HTMLEntities-t.build/Objects-normal/arm64/HTMLEntities-Swift.h -working-directory /Users/admin/builder/spi-builder-workspace/.swiftpm/xcode -experimental-emit-module-separately -disable-cmo
SwiftExplicitDependencyGeneratePcm arm64_32 /Users/admin/builder/spi-builder-workspace/.derivedData/SDKExplicitPrecompiledModules/SwiftShims-9CQQGWTSNTN9EB5NSHDWUJICH.pcm
SwiftExplicitDependencyGeneratePcm arm64 /Users/admin/builder/spi-builder-workspace/.derivedData/SDKExplicitPrecompiledModules/_SwiftConcurrencyShims-659N52XSKR5F0QSB880BH2FJR.pcm
SwiftExplicitDependencyGeneratePcm arm64 /Users/admin/builder/spi-builder-workspace/.derivedData/SDKExplicitPrecompiledModules/SwiftShims-4MXFZPV6FEB0XBYXCGPWAMQGL.pcm
SwiftExplicitDependencyGeneratePcm arm64_32 /Users/admin/builder/spi-builder-workspace/.derivedData/SDKExplicitPrecompiledModules/_SwiftConcurrencyShims-6RTBPQ03V7BM9SPRK8SUE055H.pcm
SwiftCompile normal arm64_32 Compiling\ String+HTMLEntities.swift /Users/admin/builder/spi-builder-workspace/.dependencies/checkouts/swift-html-entities/Sources/HTMLEntities/String+HTMLEntities.swift (in target 'HTMLEntities' from project 'HTMLEntities')
SwiftCompile normal arm64_32 /Users/admin/builder/spi-builder-workspace/.dependencies/checkouts/swift-html-entities/Sources/HTMLEntities/String+HTMLEntities.swift (in target 'HTMLEntities' from project 'HTMLEntities')
    cd /Users/admin/builder/spi-builder-workspace/.swiftpm/xcode
    builtin-SwiftPerFileCompile String+HTMLEntities.swift
SwiftCompile normal arm64_32 Compiling\ Utilities.swift /Users/admin/builder/spi-builder-workspace/.dependencies/checkouts/swift-html-entities/Sources/HTMLEntities/Utilities.swift (in target 'HTMLEntities' from project 'HTMLEntities')
SwiftCompile normal arm64_32 /Users/admin/builder/spi-builder-workspace/.dependencies/checkouts/swift-html-entities/Sources/HTMLEntities/Utilities.swift (in target 'HTMLEntities' from project 'HTMLEntities')
    cd /Users/admin/builder/spi-builder-workspace/.swiftpm/xcode
    builtin-SwiftPerFileCompile Utilities.swift
SwiftCompile normal arm64_32 Compiling\ ParseError.swift /Users/admin/builder/spi-builder-workspace/.dependencies/checkouts/swift-html-entities/Sources/HTMLEntities/ParseError.swift (in target 'HTMLEntities' from project 'HTMLEntities')
SwiftCompile normal arm64_32 /Users/admin/builder/spi-builder-workspace/.dependencies/checkouts/swift-html-entities/Sources/HTMLEntities/ParseError.swift (in target 'HTMLEntities' from project 'HTMLEntities')
    cd /Users/admin/builder/spi-builder-workspace/.swiftpm/xcode
    builtin-SwiftPerFileCompile ParseError.swift
SwiftEmitModule normal arm64_32 Emitting\ module\ for\ HTMLEntities (in target 'HTMLEntities' from project 'HTMLEntities')
SwiftCompile normal arm64_32 (in target 'HTMLEntities' from project 'HTMLEntities')
    cd /Users/admin/builder/spi-builder-workspace/.swiftpm/xcode

SwiftCompile normal arm64_32 Compiling\ Constants.swift /Users/admin/builder/spi-builder-workspace/.dependencies/checkouts/swift-html-entities/Sources/HTMLEntities/Constants.swift (in target 'HTMLEntities' from project 'HTMLEntities')
SwiftCompile normal arm64_32 /Users/admin/builder/spi-builder-workspace/.dependencies/checkouts/swift-html-entities/Sources/HTMLEntities/Constants.swift (in target 'HTMLEntities' from project 'HTMLEntities')
    cd /Users/admin/builder/spi-builder-workspace/.swiftpm/xcode
    builtin-SwiftPerFileCompile Constants.swift
SwiftEmitModule normal arm64 Emitting\ module\ for\ HTMLEntities (in target 'HTMLEntities' from project 'HTMLEntities')
SwiftCompile normal arm64 (in target 'HTMLEntities' from project 'HTMLEntities')
    cd /Users/admin/builder/spi-builder-workspace/.swiftpm/xcode

SwiftCompile normal arm64 Compiling\ ParseError.swift /Users/admin/builder/spi-builder-workspace/.dependencies/checkouts/swift-html-entities/Sources/HTMLEntities/ParseError.swift (in target 'HTMLEntities' from project 'HTMLEntities')
SwiftCompile normal arm64 /Users/admin/builder/spi-builder-workspace/.dependencies/checkouts/swift-html-entities/Sources/HTMLEntities/ParseError.swift (in target 'HTMLEntities' from project 'HTMLEntities')
    cd /Users/admin/builder/spi-builder-workspace/.swiftpm/xcode
    builtin-SwiftPerFileCompile ParseError.swift
SwiftCompile normal arm64 Compiling\ String+HTMLEntities.swift /Users/admin/builder/spi-builder-workspace/.dependencies/checkouts/swift-html-entities/Sources/HTMLEntities/String+HTMLEntities.swift (in target 'HTMLEntities' from project 'HTMLEntities')
SwiftCompile normal arm64 /Users/admin/builder/spi-builder-workspace/.dependencies/checkouts/swift-html-entities/Sources/HTMLEntities/String+HTMLEntities.swift (in target 'HTMLEntities' from project 'HTMLEntities')
    cd /Users/admin/builder/spi-builder-workspace/.swiftpm/xcode
    builtin-SwiftPerFileCompile String+HTMLEntities.swift
SwiftCompile normal arm64 Compiling\ Utilities.swift /Users/admin/builder/spi-builder-workspace/.dependencies/checkouts/swift-html-entities/Sources/HTMLEntities/Utilities.swift (in target 'HTMLEntities' from project 'HTMLEntities')
SwiftCompile normal arm64 /Users/admin/builder/spi-builder-workspace/.dependencies/checkouts/swift-html-entities/Sources/HTMLEntities/Utilities.swift (in target 'HTMLEntities' from project 'HTMLEntities')
    cd /Users/admin/builder/spi-builder-workspace/.swiftpm/xcode
    builtin-SwiftPerFileCompile Utilities.swift
SwiftCompile normal arm64 Compiling\ Constants.swift /Users/admin/builder/spi-builder-workspace/.dependencies/checkouts/swift-html-entities/Sources/HTMLEntities/Constants.swift (in target 'HTMLEntities' from project 'HTMLEntities')
SwiftCompile normal arm64 /Users/admin/builder/spi-builder-workspace/.dependencies/checkouts/swift-html-entities/Sources/HTMLEntities/Constants.swift (in target 'HTMLEntities' from project 'HTMLEntities')
    cd /Users/admin/builder/spi-builder-workspace/.swiftpm/xcode
    builtin-SwiftPerFileCompile Constants.swift
SwiftDriverJobDiscovery normal arm64_32 Compiling ParseError.swift (in target 'HTMLEntities' from project 'HTMLEntities')
SwiftDriverJobDiscovery normal arm64 Compiling ParseError.swift (in target 'HTMLEntities' from project 'HTMLEntities')
SwiftDriverJobDiscovery normal arm64 Compiling Utilities.swift (in target 'HTMLEntities' from project 'HTMLEntities')
SwiftDriverJobDiscovery normal arm64_32 Compiling Utilities.swift (in target 'HTMLEntities' from project 'HTMLEntities')
SwiftDriverJobDiscovery normal arm64 Compiling String+HTMLEntities.swift (in target 'HTMLEntities' from project 'HTMLEntities')
SwiftDriverJobDiscovery normal arm64_32 Compiling String+HTMLEntities.swift (in target 'HTMLEntities' from project 'HTMLEntities')
SwiftDriverJobDiscovery normal arm64 Emitting module for HTMLEntities (in target 'HTMLEntities' from project 'HTMLEntities')
SwiftDriver\ Compilation\ Requirements HTMLEntities normal arm64 com.apple.xcode.tools.swift.compiler (in target 'HTMLEntities' from project 'HTMLEntities')
    cd /Users/admin/builder/spi-builder-workspace/.swiftpm/xcode
    builtin-Swift-Compilation-Requirements -- /Applications/Xcode-27.0.0-Release.Candidate.app/Contents/Developer/Toolchains/XcodeDefault.xctoolchain/usr/bin/swiftc -parse-as-library -module-name HTMLEntities -Onone @/Users/admin/builder/spi-builder-workspace/.derivedData/Build/Intermediates.noindex/HTMLEntities.build/Debug-watchos/HTMLEntities-t.build/Objects-normal/arm64/HTMLEntities.SwiftFileList -DSWIFT_PACKAGE -DDEBUG -DSWIFT_MODULE_RESOURCE_BUNDLE_UNAVAILABLE -DXcode -plugin-path /Applications/Xcode-27.0.0-Release.Candidate.app/Contents/Developer/Toolchains/XcodeDefault.xctoolchain/usr/lib/swift/host/plugins/testing -enable-experimental-feature DebugDescriptionMacro -sdk /Applications/Xcode-27.0.0-Release.Candidate.app/Contents/Developer/Platforms/WatchOS.platform/Developer/SDKs/WatchOS27.0.sdk -target arm64-apple-watchos9.0 -g -module-cache-path /Users/admin/builder/spi-builder-workspace/.derivedData/ModuleCache.noindex -Xfrontend -serialize-debugging-options -profile-coverage-mapping -profile-generate -enable-testing -suppress-warnings -index-store-path /Users/admin/builder/spi-builder-workspace/.derivedData/Index.noindex/DataStore -Xcc -D_LIBCPP_HARDENING_MODE\=_LIBCPP_HARDENING_MODE_DEBUG -swift-version 5 -I /Users/admin/builder/spi-builder-workspace/.derivedData/Build/Products/Debug-watchos -Isystem /Applications/Xcode-27.0.0-Release.Candidate.app/Contents/Developer/Platforms/WatchOS.platform/Developer/usr/lib -F /Users/admin/builder/spi-builder-workspace/.derivedData/Build/Products/Debug-watchos -F /Applications/Xcode-27.0.0-Release.Candidate.app/Contents/Developer/Platforms/WatchOS.platform/Developer/Library/Frameworks -F /Applications/Xcode-27.0.0-Release.Candidate.app/Contents/Developer/Platforms/WatchOS.platform/Developer/SDKs/WatchOS27.0.sdk/Developer/Library/Frameworks -c -j10 -enable-batch-mode -incremental -Xcc -ivfsstatcache -Xcc /Users/admin/builder/spi-builder-workspace/.derivedData/SDKStatCaches.noindex/watchos27.0-24R360-e829b21a6f8c9b70876ba0858053c04477534ef55a1706bf4c1112bbb242f0a2.sdkstatcache -output-file-map /Users/admin/builder/spi-builder-workspace/.derivedData/Build/Intermediates.noindex/HTMLEntities.build/Debug-watchos/HTMLEntities-t.build/Objects-normal/arm64/HTMLEntities-OutputFileMap.json -save-temps -no-color-diagnostics -explicit-module-build -module-cache-path /Users/admin/builder/spi-builder-workspace/.derivedData/Build/Intermediates.noindex/SwiftExplicitPrecompiledModules -clang-scanner-module-cache-path /Users/admin/builder/spi-builder-workspace/.derivedData/ModuleCache.noindex -sdk-module-cache-path /Users/admin/builder/spi-builder-workspace/.derivedData/SDKExplicitPrecompiledModules -emit-dependencies -emit-module -emit-module-path /Users/admin/builder/spi-builder-workspace/.derivedData/Build/Intermediates.noindex/HTMLEntities.build/Debug-watchos/HTMLEntities-t.build/Objects-normal/arm64/HTMLEntities.swiftmodule -serialize-diagnostics -dependency-scan-serialize-diagnostics-path /Users/admin/builder/spi-builder-workspace/.derivedData/Build/Intermediates.noindex/HTMLEntities.build/Debug-watchos/HTMLEntities-t.build/Objects-normal/arm64/HTMLEntities-dependency-scan.dia -validate-clang-modules-once -clang-build-session-file /Users/admin/builder/spi-builder-workspace/.derivedData/ModuleCache.noindex/Session.modulevalidation -Xcc -fmodules-prune-interval\=86400 -Xcc -fmodules-prune-after\=345600 -emit-const-values -const-gather-protocols-list /Users/admin/builder/spi-builder-workspace/.derivedData/Build/Intermediates.noindex/HTMLEntities.build/Debug-watchos/HTMLEntities-t.build/Objects-normal/arm64/HTMLEntities_const_extract_protocols.json -Xcc -I/Users/admin/builder/spi-builder-workspace/.derivedData/Build/Products/Debug-watchos/include -Xcc -I/Users/admin/builder/spi-builder-workspace/.derivedData/Build/Intermediates.noindex/HTMLEntities.build/Debug-watchos/HTMLEntities-t.build/DerivedSources-normal/arm64 -Xcc -I/Users/admin/builder/spi-builder-workspace/.derivedData/Build/Intermediates.noindex/HTMLEntities.build/Debug-watchos/HTMLEntities-t.build/DerivedSources/arm64 -Xcc -I/Users/admin/builder/spi-builder-workspace/.derivedData/Build/Intermediates.noindex/HTMLEntities.build/Debug-watchos/HTMLEntities-t.build/DerivedSources -Xcc -DSWIFT_PACKAGE -Xcc -DDEBUG\=1 -emit-objc-header -emit-objc-header-path /Users/admin/builder/spi-builder-workspace/.derivedData/Build/Intermediates.noindex/HTMLEntities.build/Debug-watchos/HTMLEntities-t.build/Objects-normal/arm64/HTMLEntities-Swift.h -working-directory /Users/admin/builder/spi-builder-workspace/.swiftpm/xcode -experimental-emit-module-separately -disable-cmo
Copy /Users/admin/builder/spi-builder-workspace/.derivedData/Build/Products/Debug-watchos/HTMLEntities.swiftmodule/arm64-apple-watchos.swiftmodule /Users/admin/builder/spi-builder-workspace/.derivedData/Build/Intermediates.noindex/HTMLEntities.build/Debug-watchos/HTMLEntities-t.build/Objects-normal/arm64/HTMLEntities.swiftmodule (in target 'HTMLEntities' from project 'HTMLEntities')
    cd /Users/admin/builder/spi-builder-workspace/.dependencies/checkouts/swift-html-entities
    builtin-copy -exclude .DS_Store -exclude CVS -exclude .svn -exclude .git -exclude .hg -resolve-src-symlinks -rename /Users/admin/builder/spi-builder-workspace/.derivedData/Build/Intermediates.noindex/HTMLEntities.build/Debug-watchos/HTMLEntities-t.build/Objects-normal/arm64/HTMLEntities.swiftmodule /Users/admin/builder/spi-builder-workspace/.derivedData/Build/Products/Debug-watchos/HTMLEntities.swiftmodule/arm64-apple-watchos.swiftmodule
Copy /Users/admin/builder/spi-builder-workspace/.derivedData/Build/Products/Debug-watchos/HTMLEntities.swiftmodule/arm64-apple-watchos.abi.json /Users/admin/builder/spi-builder-workspace/.derivedData/Build/Intermediates.noindex/HTMLEntities.build/Debug-watchos/HTMLEntities-t.build/Objects-normal/arm64/HTMLEntities.abi.json (in target 'HTMLEntities' from project 'HTMLEntities')
    cd /Users/admin/builder/spi-builder-workspace/.dependencies/checkouts/swift-html-entities
    builtin-copy -exclude .DS_Store -exclude CVS -exclude .svn -exclude .git -exclude .hg -resolve-src-symlinks -rename /Users/admin/builder/spi-builder-workspace/.derivedData/Build/Intermediates.noindex/HTMLEntities.build/Debug-watchos/HTMLEntities-t.build/Objects-normal/arm64/HTMLEntities.abi.json /Users/admin/builder/spi-builder-workspace/.derivedData/Build/Products/Debug-watchos/HTMLEntities.swiftmodule/arm64-apple-watchos.abi.json
Copy /Users/admin/builder/spi-builder-workspace/.derivedData/Build/Products/Debug-watchos/HTMLEntities.swiftmodule/arm64-apple-watchos.swiftdoc /Users/admin/builder/spi-builder-workspace/.derivedData/Build/Intermediates.noindex/HTMLEntities.build/Debug-watchos/HTMLEntities-t.build/Objects-normal/arm64/HTMLEntities.swiftdoc (in target 'HTMLEntities' from project 'HTMLEntities')
    cd /Users/admin/builder/spi-builder-workspace/.dependencies/checkouts/swift-html-entities
    builtin-copy -exclude .DS_Store -exclude CVS -exclude .svn -exclude .git -exclude .hg -resolve-src-symlinks -rename /Users/admin/builder/spi-builder-workspace/.derivedData/Build/Intermediates.noindex/HTMLEntities.build/Debug-watchos/HTMLEntities-t.build/Objects-normal/arm64/HTMLEntities.swiftdoc /Users/admin/builder/spi-builder-workspace/.derivedData/Build/Products/Debug-watchos/HTMLEntities.swiftmodule/arm64-apple-watchos.swiftdoc
Copy /Users/admin/builder/spi-builder-workspace/.derivedData/Build/Products/Debug-watchos/HTMLEntities.swiftmodule/Project/arm64-apple-watchos.swiftsourceinfo /Users/admin/builder/spi-builder-workspace/.derivedData/Build/Intermediates.noindex/HTMLEntities.build/Debug-watchos/HTMLEntities-t.build/Objects-normal/arm64/HTMLEntities.swiftsourceinfo (in target 'HTMLEntities' from project 'HTMLEntities')
    cd /Users/admin/builder/spi-builder-workspace/.dependencies/checkouts/swift-html-entities
    builtin-copy -exclude .DS_Store -exclude CVS -exclude .svn -exclude .git -exclude .hg -resolve-src-symlinks -rename /Users/admin/builder/spi-builder-workspace/.derivedData/Build/Intermediates.noindex/HTMLEntities.build/Debug-watchos/HTMLEntities-t.build/Objects-normal/arm64/HTMLEntities.swiftsourceinfo /Users/admin/builder/spi-builder-workspace/.derivedData/Build/Products/Debug-watchos/HTMLEntities.swiftmodule/Project/arm64-apple-watchos.swiftsourceinfo
SwiftDriverJobDiscovery normal arm64_32 Emitting module for HTMLEntities (in target 'HTMLEntities' from project 'HTMLEntities')
SwiftDriver\ Compilation\ Requirements HTMLEntities normal arm64_32 com.apple.xcode.tools.swift.compiler (in target 'HTMLEntities' from project 'HTMLEntities')
    cd /Users/admin/builder/spi-builder-workspace/.swiftpm/xcode
    builtin-Swift-Compilation-Requirements -- /Applications/Xcode-27.0.0-Release.Candidate.app/Contents/Developer/Toolchains/XcodeDefault.xctoolchain/usr/bin/swiftc -parse-as-library -module-name HTMLEntities -Onone @/Users/admin/builder/spi-builder-workspace/.derivedData/Build/Intermediates.noindex/HTMLEntities.build/Debug-watchos/HTMLEntities-t.build/Objects-normal/arm64_32/HTMLEntities.SwiftFileList -DSWIFT_PACKAGE -DDEBUG -DSWIFT_MODULE_RESOURCE_BUNDLE_UNAVAILABLE -DXcode -plugin-path /Applications/Xcode-27.0.0-Release.Candidate.app/Contents/Developer/Toolchains/XcodeDefault.xctoolchain/usr/lib/swift/host/plugins/testing -enable-experimental-feature DebugDescriptionMacro -sdk /Applications/Xcode-27.0.0-Release.Candidate.app/Contents/Developer/Platforms/WatchOS.platform/Developer/SDKs/WatchOS27.0.sdk -target arm64_32-apple-watchos9.0 -g -module-cache-path /Users/admin/builder/spi-builder-workspace/.derivedData/ModuleCache.noindex -Xfrontend -serialize-debugging-options -profile-coverage-mapping -profile-generate -enable-testing -suppress-warnings -index-store-path /Users/admin/builder/spi-builder-workspace/.derivedData/Index.noindex/DataStore -Xcc -D_LIBCPP_HARDENING_MODE\=_LIBCPP_HARDENING_MODE_DEBUG -swift-version 5 -I /Users/admin/builder/spi-builder-workspace/.derivedData/Build/Products/Debug-watchos -Isystem /Applications/Xcode-27.0.0-Release.Candidate.app/Contents/Developer/Platforms/WatchOS.platform/Developer/usr/lib -F /Users/admin/builder/spi-builder-workspace/.derivedData/Build/Products/Debug-watchos -F /Applications/Xcode-27.0.0-Release.Candidate.app/Contents/Developer/Platforms/WatchOS.platform/Developer/Library/Frameworks -F /Applications/Xcode-27.0.0-Release.Candidate.app/Contents/Developer/Platforms/WatchOS.platform/Developer/SDKs/WatchOS27.0.sdk/Developer/Library/Frameworks -c -j10 -enable-batch-mode -incremental -Xcc -ivfsstatcache -Xcc /Users/admin/builder/spi-builder-workspace/.derivedData/SDKStatCaches.noindex/watchos27.0-24R360-e829b21a6f8c9b70876ba0858053c04477534ef55a1706bf4c1112bbb242f0a2.sdkstatcache -output-file-map /Users/admin/builder/spi-builder-workspace/.derivedData/Build/Intermediates.noindex/HTMLEntities.build/Debug-watchos/HTMLEntities-t.build/Objects-normal/arm64_32/HTMLEntities-OutputFileMap.json -save-temps -no-color-diagnostics -explicit-module-build -module-cache-path /Users/admin/builder/spi-builder-workspace/.derivedData/Build/Intermediates.noindex/SwiftExplicitPrecompiledModules -clang-scanner-module-cache-path /Users/admin/builder/spi-builder-workspace/.derivedData/ModuleCache.noindex -sdk-module-cache-path /Users/admin/builder/spi-builder-workspace/.derivedData/SDKExplicitPrecompiledModules -emit-dependencies -emit-module -emit-module-path /Users/admin/builder/spi-builder-workspace/.derivedData/Build/Intermediates.noindex/HTMLEntities.build/Debug-watchos/HTMLEntities-t.build/Objects-normal/arm64_32/HTMLEntities.swiftmodule -serialize-diagnostics -dependency-scan-serialize-diagnostics-path /Users/admin/builder/spi-builder-workspace/.derivedData/Build/Intermediates.noindex/HTMLEntities.build/Debug-watchos/HTMLEntities-t.build/Objects-normal/arm64_32/HTMLEntities-dependency-scan.dia -validate-clang-modules-once -clang-build-session-file /Users/admin/builder/spi-builder-workspace/.derivedData/ModuleCache.noindex/Session.modulevalidation -Xcc -fmodules-prune-interval\=86400 -Xcc -fmodules-prune-after\=345600 -emit-const-values -const-gather-protocols-list /Users/admin/builder/spi-builder-workspace/.derivedData/Build/Intermediates.noindex/HTMLEntities.build/Debug-watchos/HTMLEntities-t.build/Objects-normal/arm64_32/HTMLEntities_const_extract_protocols.json -Xcc -I/Users/admin/builder/spi-builder-workspace/.derivedData/Build/Products/Debug-watchos/include -Xcc -I/Users/admin/builder/spi-builder-workspace/.derivedData/Build/Intermediates.noindex/HTMLEntities.build/Debug-watchos/HTMLEntities-t.build/DerivedSources-normal/arm64_32 -Xcc -I/Users/admin/builder/spi-builder-workspace/.derivedData/Build/Intermediates.noindex/HTMLEntities.build/Debug-watchos/HTMLEntities-t.build/DerivedSources/arm64_32 -Xcc -I/Users/admin/builder/spi-builder-workspace/.derivedData/Build/Intermediates.noindex/HTMLEntities.build/Debug-watchos/HTMLEntities-t.build/DerivedSources -Xcc -DSWIFT_PACKAGE -Xcc -DDEBUG\=1 -emit-objc-header -emit-objc-header-path /Users/admin/builder/spi-builder-workspace/.derivedData/Build/Intermediates.noindex/HTMLEntities.build/Debug-watchos/HTMLEntities-t.build/Objects-normal/arm64_32/HTMLEntities-Swift.h -working-directory /Users/admin/builder/spi-builder-workspace/.swiftpm/xcode -experimental-emit-module-separately -disable-cmo
SwiftMergeGeneratedHeaders /Users/admin/builder/spi-builder-workspace/.derivedData/Build/Intermediates.noindex/GeneratedModuleMaps-watchos/HTMLEntities-Swift.h /Users/admin/builder/spi-builder-workspace/.derivedData/Build/Intermediates.noindex/HTMLEntities.build/Debug-watchos/HTMLEntities-t.build/Objects-normal/arm64/HTMLEntities-Swift.h /Users/admin/builder/spi-builder-workspace/.derivedData/Build/Intermediates.noindex/HTMLEntities.build/Debug-watchos/HTMLEntities-t.build/Objects-normal/arm64_32/HTMLEntities-Swift.h (in target 'HTMLEntities' from project 'HTMLEntities')
    cd /Users/admin/builder/spi-builder-workspace/.dependencies/checkouts/swift-html-entities
    builtin-swiftHeaderTool -arch arm64 /Users/admin/builder/spi-builder-workspace/.derivedData/Build/Intermediates.noindex/HTMLEntities.build/Debug-watchos/HTMLEntities-t.build/Objects-normal/arm64/HTMLEntities-Swift.h -arch arm64_32 /Users/admin/builder/spi-builder-workspace/.derivedData/Build/Intermediates.noindex/HTMLEntities.build/Debug-watchos/HTMLEntities-t.build/Objects-normal/arm64_32/HTMLEntities-Swift.h -o /Users/admin/builder/spi-builder-workspace/.derivedData/Build/Intermediates.noindex/GeneratedModuleMaps-watchos/HTMLEntities-Swift.h
Copy /Users/admin/builder/spi-builder-workspace/.derivedData/Build/Products/Debug-watchos/HTMLEntities.swiftmodule/arm64_32-apple-watchos.swiftmodule /Users/admin/builder/spi-builder-workspace/.derivedData/Build/Intermediates.noindex/HTMLEntities.build/Debug-watchos/HTMLEntities-t.build/Objects-normal/arm64_32/HTMLEntities.swiftmodule (in target 'HTMLEntities' from project 'HTMLEntities')
    cd /Users/admin/builder/spi-builder-workspace/.dependencies/checkouts/swift-html-entities
    builtin-copy -exclude .DS_Store -exclude CVS -exclude .svn -exclude .git -exclude .hg -resolve-src-symlinks -rename /Users/admin/builder/spi-builder-workspace/.derivedData/Build/Intermediates.noindex/HTMLEntities.build/Debug-watchos/HTMLEntities-t.build/Objects-normal/arm64_32/HTMLEntities.swiftmodule /Users/admin/builder/spi-builder-workspace/.derivedData/Build/Products/Debug-watchos/HTMLEntities.swiftmodule/arm64_32-apple-watchos.swiftmodule
Copy /Users/admin/builder/spi-builder-workspace/.derivedData/Build/Products/Debug-watchos/HTMLEntities.swiftmodule/arm64_32-apple-watchos.swiftdoc /Users/admin/builder/spi-builder-workspace/.derivedData/Build/Intermediates.noindex/HTMLEntities.build/Debug-watchos/HTMLEntities-t.build/Objects-normal/arm64_32/HTMLEntities.swiftdoc (in target 'HTMLEntities' from project 'HTMLEntities')
    cd /Users/admin/builder/spi-builder-workspace/.dependencies/checkouts/swift-html-entities
    builtin-copy -exclude .DS_Store -exclude CVS -exclude .svn -exclude .git -exclude .hg -resolve-src-symlinks -rename /Users/admin/builder/spi-builder-workspace/.derivedData/Build/Intermediates.noindex/HTMLEntities.build/Debug-watchos/HTMLEntities-t.build/Objects-normal/arm64_32/HTMLEntities.swiftdoc /Users/admin/builder/spi-builder-workspace/.derivedData/Build/Products/Debug-watchos/HTMLEntities.swiftmodule/arm64_32-apple-watchos.swiftdoc
Copy /Users/admin/builder/spi-builder-workspace/.derivedData/Build/Products/Debug-watchos/HTMLEntities.swiftmodule/Project/arm64_32-apple-watchos.swiftsourceinfo /Users/admin/builder/spi-builder-workspace/.derivedData/Build/Intermediates.noindex/HTMLEntities.build/Debug-watchos/HTMLEntities-t.build/Objects-normal/arm64_32/HTMLEntities.swiftsourceinfo (in target 'HTMLEntities' from project 'HTMLEntities')
    cd /Users/admin/builder/spi-builder-workspace/.dependencies/checkouts/swift-html-entities
    builtin-copy -exclude .DS_Store -exclude CVS -exclude .svn -exclude .git -exclude .hg -resolve-src-symlinks -rename /Users/admin/builder/spi-builder-workspace/.derivedData/Build/Intermediates.noindex/HTMLEntities.build/Debug-watchos/HTMLEntities-t.build/Objects-normal/arm64_32/HTMLEntities.swiftsourceinfo /Users/admin/builder/spi-builder-workspace/.derivedData/Build/Products/Debug-watchos/HTMLEntities.swiftmodule/Project/arm64_32-apple-watchos.swiftsourceinfo
Copy /Users/admin/builder/spi-builder-workspace/.derivedData/Build/Products/Debug-watchos/HTMLEntities.swiftmodule/arm64_32-apple-watchos.abi.json /Users/admin/builder/spi-builder-workspace/.derivedData/Build/Intermediates.noindex/HTMLEntities.build/Debug-watchos/HTMLEntities-t.build/Objects-normal/arm64_32/HTMLEntities.abi.json (in target 'HTMLEntities' from project 'HTMLEntities')
    cd /Users/admin/builder/spi-builder-workspace/.dependencies/checkouts/swift-html-entities
    builtin-copy -exclude .DS_Store -exclude CVS -exclude .svn -exclude .git -exclude .hg -resolve-src-symlinks -rename /Users/admin/builder/spi-builder-workspace/.derivedData/Build/Intermediates.noindex/HTMLEntities.build/Debug-watchos/HTMLEntities-t.build/Objects-normal/arm64_32/HTMLEntities.abi.json /Users/admin/builder/spi-builder-workspace/.derivedData/Build/Products/Debug-watchos/HTMLEntities.swiftmodule/arm64_32-apple-watchos.abi.json
SwiftDriver BrilliantHTML5Parser normal arm64_32 com.apple.xcode.tools.swift.compiler (in target 'BrilliantHTML5Parser' from project 'BrilliantHTML5Parser')
    cd /Users/admin/builder/spi-builder-workspace/.swiftpm/xcode
    builtin-SwiftDriver -- /Applications/Xcode-27.0.0-Release.Candidate.app/Contents/Developer/Toolchains/XcodeDefault.xctoolchain/usr/bin/swiftc -parse-as-library -module-name BrilliantHTML5Parser -Onone @/Users/admin/builder/spi-builder-workspace/.derivedData/Build/Intermediates.noindex/BrilliantHTML5Parser.build/Debug-watchos/BrilliantHTML5Parser-t.build/Objects-normal/arm64_32/BrilliantHTML5Parser.SwiftFileList -DSWIFT_PACKAGE -DDEBUG -DSWIFT_MODULE_RESOURCE_BUNDLE_UNAVAILABLE -DXcode -plugin-path /Applications/Xcode-27.0.0-Release.Candidate.app/Contents/Developer/Toolchains/XcodeDefault.xctoolchain/usr/lib/swift/host/plugins/testing -enable-experimental-feature DebugDescriptionMacro -sdk /Applications/Xcode-27.0.0-Release.Candidate.app/Contents/Developer/Platforms/WatchOS.platform/Developer/SDKs/WatchOS27.0.sdk -target arm64_32-apple-watchos9.0 -g -module-cache-path /Users/admin/builder/spi-builder-workspace/.derivedData/ModuleCache.noindex -Xfrontend -serialize-debugging-options -profile-coverage-mapping -profile-generate -enable-testing -index-store-path /Users/admin/builder/spi-builder-workspace/.derivedData/Index.noindex/DataStore -Xcc -D_LIBCPP_HARDENING_MODE\=_LIBCPP_HARDENING_MODE_DEBUG -swift-version 4 -I /Users/admin/builder/spi-builder-workspace/.derivedData/Build/Products/Debug-watchos -Isystem /Applications/Xcode-27.0.0-Release.Candidate.app/Contents/Developer/Platforms/WatchOS.platform/Developer/usr/lib -F /Users/admin/builder/spi-builder-workspace/.derivedData/Build/Products/Debug-watchos/PackageFrameworks -F /Users/admin/builder/spi-builder-workspace/.derivedData/Build/Products/Debug-watchos -F /Applications/Xcode-27.0.0-Release.Candidate.app/Contents/Developer/Platforms/WatchOS.platform/Developer/Library/Frameworks -F /Applications/Xcode-27.0.0-Release.Candidate.app/Contents/Developer/Platforms/WatchOS.platform/Developer/SDKs/WatchOS27.0.sdk/Developer/Library/Frameworks -c -j10 -enable-batch-mode -incremental -Xcc -ivfsstatcache -Xcc /Users/admin/builder/spi-builder-workspace/.derivedData/SDKStatCaches.noindex/watchos27.0-24R360-e829b21a6f8c9b70876ba0858053c04477534ef55a1706bf4c1112bbb242f0a2.sdkstatcache -output-file-map /Users/admin/builder/spi-builder-workspace/.derivedData/Build/Intermediates.noindex/BrilliantHTML5Parser.build/Debug-watchos/BrilliantHTML5Parser-t.build/Objects-normal/arm64_32/BrilliantHTML5Parser-OutputFileMap.json -save-temps -no-color-diagnostics -emit-dependencies -emit-module -emit-module-path /Users/admin/builder/spi-builder-workspace/.derivedData/Build/Intermediates.noindex/BrilliantHTML5Parser.build/Debug-watchos/BrilliantHTML5Parser-t.build/Objects-normal/arm64_32/BrilliantHTML5Parser.swiftmodule -serialize-diagnostics -validate-clang-modules-once -clang-build-session-file /Users/admin/builder/spi-builder-workspace/.derivedData/ModuleCache.noindex/Session.modulevalidation -Xcc -fmodules-prune-interval\=86400 -Xcc -fmodules-prune-after\=345600 -emit-const-values -const-gather-protocols-list /Users/admin/builder/spi-builder-workspace/.derivedData/Build/Intermediates.noindex/BrilliantHTML5Parser.build/Debug-watchos/BrilliantHTML5Parser-t.build/Objects-normal/arm64_32/BrilliantHTML5Parser_const_extract_protocols.json -Xcc -I/Users/admin/builder/spi-builder-workspace/.derivedData/Build/Products/Debug-watchos/include -Xcc -I/Users/admin/builder/spi-builder-workspace/.derivedData/Build/Intermediates.noindex/BrilliantHTML5Parser.build/Debug-watchos/BrilliantHTML5Parser-t.build/DerivedSources-normal/arm64_32 -Xcc -I/Users/admin/builder/spi-builder-workspace/.derivedData/Build/Intermediates.noindex/BrilliantHTML5Parser.build/Debug-watchos/BrilliantHTML5Parser-t.build/DerivedSources/arm64_32 -Xcc -I/Users/admin/builder/spi-builder-workspace/.derivedData/Build/Intermediates.noindex/BrilliantHTML5Parser.build/Debug-watchos/BrilliantHTML5Parser-t.build/DerivedSources -Xcc -DSWIFT_PACKAGE -Xcc -DDEBUG\=1 -emit-objc-header -emit-objc-header-path /Users/admin/builder/spi-builder-workspace/.derivedData/Build/Intermediates.noindex/BrilliantHTML5Parser.build/Debug-watchos/BrilliantHTML5Parser-t.build/Objects-normal/arm64_32/BrilliantHTML5Parser-Swift.h -working-directory /Users/admin/builder/spi-builder-workspace/.swiftpm/xcode -experimental-emit-module-separately -disable-cmo
SwiftDriver BrilliantHTML5Parser normal arm64 com.apple.xcode.tools.swift.compiler (in target 'BrilliantHTML5Parser' from project 'BrilliantHTML5Parser')
    cd /Users/admin/builder/spi-builder-workspace/.swiftpm/xcode
    builtin-SwiftDriver -- /Applications/Xcode-27.0.0-Release.Candidate.app/Contents/Developer/Toolchains/XcodeDefault.xctoolchain/usr/bin/swiftc -parse-as-library -module-name BrilliantHTML5Parser -Onone @/Users/admin/builder/spi-builder-workspace/.derivedData/Build/Intermediates.noindex/BrilliantHTML5Parser.build/Debug-watchos/BrilliantHTML5Parser-t.build/Objects-normal/arm64/BrilliantHTML5Parser.SwiftFileList -DSWIFT_PACKAGE -DDEBUG -DSWIFT_MODULE_RESOURCE_BUNDLE_UNAVAILABLE -DXcode -plugin-path /Applications/Xcode-27.0.0-Release.Candidate.app/Contents/Developer/Toolchains/XcodeDefault.xctoolchain/usr/lib/swift/host/plugins/testing -enable-experimental-feature DebugDescriptionMacro -sdk /Applications/Xcode-27.0.0-Release.Candidate.app/Contents/Developer/Platforms/WatchOS.platform/Developer/SDKs/WatchOS27.0.sdk -target arm64-apple-watchos9.0 -g -module-cache-path /Users/admin/builder/spi-builder-workspace/.derivedData/ModuleCache.noindex -Xfrontend -serialize-debugging-options -profile-coverage-mapping -profile-generate -enable-testing -index-store-path /Users/admin/builder/spi-builder-workspace/.derivedData/Index.noindex/DataStore -Xcc -D_LIBCPP_HARDENING_MODE\=_LIBCPP_HARDENING_MODE_DEBUG -swift-version 4 -I /Users/admin/builder/spi-builder-workspace/.derivedData/Build/Products/Debug-watchos -Isystem /Applications/Xcode-27.0.0-Release.Candidate.app/Contents/Developer/Platforms/WatchOS.platform/Developer/usr/lib -F /Users/admin/builder/spi-builder-workspace/.derivedData/Build/Products/Debug-watchos/PackageFrameworks -F /Users/admin/builder/spi-builder-workspace/.derivedData/Build/Products/Debug-watchos -F /Applications/Xcode-27.0.0-Release.Candidate.app/Contents/Developer/Platforms/WatchOS.platform/Developer/Library/Frameworks -F /Applications/Xcode-27.0.0-Release.Candidate.app/Contents/Developer/Platforms/WatchOS.platform/Developer/SDKs/WatchOS27.0.sdk/Developer/Library/Frameworks -c -j10 -enable-batch-mode -incremental -Xcc -ivfsstatcache -Xcc /Users/admin/builder/spi-builder-workspace/.derivedData/SDKStatCaches.noindex/watchos27.0-24R360-e829b21a6f8c9b70876ba0858053c04477534ef55a1706bf4c1112bbb242f0a2.sdkstatcache -output-file-map /Users/admin/builder/spi-builder-workspace/.derivedData/Build/Intermediates.noindex/BrilliantHTML5Parser.build/Debug-watchos/BrilliantHTML5Parser-t.build/Objects-normal/arm64/BrilliantHTML5Parser-OutputFileMap.json -save-temps -no-color-diagnostics -emit-dependencies -emit-module -emit-module-path /Users/admin/builder/spi-builder-workspace/.derivedData/Build/Intermediates.noindex/BrilliantHTML5Parser.build/Debug-watchos/BrilliantHTML5Parser-t.build/Objects-normal/arm64/BrilliantHTML5Parser.swiftmodule -serialize-diagnostics -validate-clang-modules-once -clang-build-session-file /Users/admin/builder/spi-builder-workspace/.derivedData/ModuleCache.noindex/Session.modulevalidation -Xcc -fmodules-prune-interval\=86400 -Xcc -fmodules-prune-after\=345600 -emit-const-values -const-gather-protocols-list /Users/admin/builder/spi-builder-workspace/.derivedData/Build/Intermediates.noindex/BrilliantHTML5Parser.build/Debug-watchos/BrilliantHTML5Parser-t.build/Objects-normal/arm64/BrilliantHTML5Parser_const_extract_protocols.json -Xcc -I/Users/admin/builder/spi-builder-workspace/.derivedData/Build/Products/Debug-watchos/include -Xcc -I/Users/admin/builder/spi-builder-workspace/.derivedData/Build/Intermediates.noindex/BrilliantHTML5Parser.build/Debug-watchos/BrilliantHTML5Parser-t.build/DerivedSources-normal/arm64 -Xcc -I/Users/admin/builder/spi-builder-workspace/.derivedData/Build/Intermediates.noindex/BrilliantHTML5Parser.build/Debug-watchos/BrilliantHTML5Parser-t.build/DerivedSources/arm64 -Xcc -I/Users/admin/builder/spi-builder-workspace/.derivedData/Build/Intermediates.noindex/BrilliantHTML5Parser.build/Debug-watchos/BrilliantHTML5Parser-t.build/DerivedSources -Xcc -DSWIFT_PACKAGE -Xcc -DDEBUG\=1 -emit-objc-header -emit-objc-header-path /Users/admin/builder/spi-builder-workspace/.derivedData/Build/Intermediates.noindex/BrilliantHTML5Parser.build/Debug-watchos/BrilliantHTML5Parser-t.build/Objects-normal/arm64/BrilliantHTML5Parser-Swift.h -working-directory /Users/admin/builder/spi-builder-workspace/.swiftpm/xcode -experimental-emit-module-separately -disable-cmo
SwiftEmitModule normal arm64 Emitting\ module\ for\ BrilliantHTML5Parser (in target 'BrilliantHTML5Parser' from project 'BrilliantHTML5Parser')
SwiftCompile normal arm64 (in target 'BrilliantHTML5Parser' from project 'BrilliantHTML5Parser')
    cd /Users/admin/builder/spi-builder-workspace/.swiftpm/xcode

/Users/admin/builder/spi-builder-workspace/Sources/BrilliantHTML5Parser/SearchableTree.swift:15:5: warning: 'weak' cannot be applied to a property declaration in a protocol; this is an error in the Swift 5 language mode
 13 |
 14 | public protocol Node: class {
 15 |     weak var _parentNode: Node? { get set }
    |     `- warning: 'weak' cannot be applied to a property declaration in a protocol; this is an error in the Swift 5 language mode
 16 |     var parentNode: Node? { get set }
 17 |     var root: Bool { get }
SwiftEmitModule normal arm64_32 Emitting\ module\ for\ BrilliantHTML5Parser (in target 'BrilliantHTML5Parser' from project 'BrilliantHTML5Parser')
/Users/admin/builder/spi-builder-workspace/Sources/BrilliantHTML5Parser/SearchableTree.swift:15:5: warning: 'weak' cannot be applied to a property declaration in a protocol; this is an error in the Swift 5 language mode
 13 |
 14 | public protocol Node: class {
 15 |     weak var _parentNode: Node? { get set }
    |     `- warning: 'weak' cannot be applied to a property declaration in a protocol; this is an error in the Swift 5 language mode
 16 |     var parentNode: Node? { get set }
 17 |     var root: Bool { get }
SwiftCompile normal arm64_32 (in target 'BrilliantHTML5Parser' from project 'BrilliantHTML5Parser')
    cd /Users/admin/builder/spi-builder-workspace/.swiftpm/xcode

SwiftCompile normal arm64_32 Compiling\ SearchableTree.swift /Users/admin/builder/spi-builder-workspace/Sources/BrilliantHTML5Parser/SearchableTree.swift (in target 'BrilliantHTML5Parser' from project 'BrilliantHTML5Parser')
SwiftCompile normal arm64_32 /Users/admin/builder/spi-builder-workspace/Sources/BrilliantHTML5Parser/SearchableTree.swift (in target 'BrilliantHTML5Parser' from project 'BrilliantHTML5Parser')
    cd /Users/admin/builder/spi-builder-workspace/.swiftpm/xcode
    builtin-SwiftPerFileCompile SearchableTree.swift
SwiftCompile normal arm64_32 Compiling\ HTMLEntity.swift /Users/admin/builder/spi-builder-workspace/Sources/BrilliantHTML5Parser/HTMLEntity.swift (in target 'BrilliantHTML5Parser' from project 'BrilliantHTML5Parser')
SwiftCompile normal arm64_32 /Users/admin/builder/spi-builder-workspace/Sources/BrilliantHTML5Parser/HTMLEntity.swift (in target 'BrilliantHTML5Parser' from project 'BrilliantHTML5Parser')
    cd /Users/admin/builder/spi-builder-workspace/.swiftpm/xcode
    builtin-SwiftPerFileCompile HTMLEntity.swift
SwiftCompile normal arm64 Compiling\ HTMLEntity.swift /Users/admin/builder/spi-builder-workspace/Sources/BrilliantHTML5Parser/HTMLEntity.swift (in target 'BrilliantHTML5Parser' from project 'BrilliantHTML5Parser')
SwiftCompile normal arm64 /Users/admin/builder/spi-builder-workspace/Sources/BrilliantHTML5Parser/HTMLEntity.swift (in target 'BrilliantHTML5Parser' from project 'BrilliantHTML5Parser')
    cd /Users/admin/builder/spi-builder-workspace/.swiftpm/xcode
    builtin-SwiftPerFileCompile HTMLEntity.swift
SwiftCompile normal arm64 Compiling\ SearchableTree.swift /Users/admin/builder/spi-builder-workspace/Sources/BrilliantHTML5Parser/SearchableTree.swift (in target 'BrilliantHTML5Parser' from project 'BrilliantHTML5Parser')
SwiftCompile normal arm64 /Users/admin/builder/spi-builder-workspace/Sources/BrilliantHTML5Parser/SearchableTree.swift (in target 'BrilliantHTML5Parser' from project 'BrilliantHTML5Parser')
    cd /Users/admin/builder/spi-builder-workspace/.swiftpm/xcode
    builtin-SwiftPerFileCompile SearchableTree.swift
SwiftCompile normal arm64_32 Compiling\ ParseHTML5.swift /Users/admin/builder/spi-builder-workspace/Sources/BrilliantHTML5Parser/ParseHTML5.swift (in target 'BrilliantHTML5Parser' from project 'BrilliantHTML5Parser')
/Users/admin/builder/spi-builder-workspace/Sources/BrilliantHTML5Parser/ParseHTML5.swift:25:78: warning: 'characters' is deprecated: Please use String directly [#DeprecatedDeclaration]
 23 |             self = ""
 24 |         } else {
 25 |             removeSubrange(startIndex ... index(startIndex, offsetBy: prefix.characters.count-1))
    |                                                                              `- warning: 'characters' is deprecated: Please use String directly [#DeprecatedDeclaration]
 26 |         }
 27 |     }
/Users/admin/builder/spi-builder-workspace/Sources/BrilliantHTML5Parser/ParseHTML5.swift:33:62: warning: 'characters' is deprecated: Please use String directly [#DeprecatedDeclaration]
 31 |             self = ""
 32 |         } else {
 33 |             removeSubrange(index(endIndex, offsetBy: -suffix.characters.count) ..< endIndex)
    |                                                              `- warning: 'characters' is deprecated: Please use String directly [#DeprecatedDeclaration]
 34 |         }
 35 |     }
/Users/admin/builder/spi-builder-workspace/Sources/BrilliantHTML5Parser/ParseHTML5.swift:144:51: error: referencing instance method 'popFirst()' on 'Collection' requires the types 'String' and 'String.SubSequence' (aka 'Substring') be equivalent
142 |                 continue
143 |             }
144 |             if let c: Character = html.characters.popFirst() {
    |                                                   `- error: referencing instance method 'popFirst()' on 'Collection' requires the types 'String' and 'String.SubSequence' (aka 'Substring') be equivalent
145 |                 switch c {
146 |                         // PRE TAG
Swift.Collection:1:11: note: where 'Self' = 'String', 'Self.SubSequence' = 'String.SubSequence' (aka 'Substring')
1 | extension Collection where Self == Self.SubSequence {
  |           `- note: where 'Self' = 'String', 'Self.SubSequence' = 'String.SubSequence' (aka 'Substring')
2 |     @inlinable public mutating func popFirst() -> Self.Element?
3 | }
[#DeprecatedDeclaration]: <https://docs.swift.org/compiler/documentation/diagnostics/deprecated-declaration>
Failed frontend command:
/Applications/Xcode-27.0.0-Release.Candidate.app/Contents/Developer/Toolchains/XcodeDefault.xctoolchain/usr/bin/swift-frontend -frontend -c /Users/admin/builder/spi-builder-workspace/Sources/BrilliantHTML5Parser/HTMLEntity.swift -primary-file /Users/admin/builder/spi-builder-workspace/Sources/BrilliantHTML5Parser/ParseHTML5.swift /Users/admin/builder/spi-builder-workspace/Sources/BrilliantHTML5Parser/SearchableTree.swift -emit-dependencies-path /Users/admin/builder/spi-builder-workspace/.derivedData/Build/Intermediates.noindex/BrilliantHTML5Parser.build/Debug-watchos/BrilliantHTML5Parser-t.build/Objects-normal/arm64_32/ParseHTML5.d -emit-const-values-path /Users/admin/builder/spi-builder-workspace/.derivedData/Build/Intermediates.noindex/BrilliantHTML5Parser.build/Debug-watchos/BrilliantHTML5Parser-t.build/Objects-normal/arm64_32/ParseHTML5.swiftconstvalues -emit-reference-dependencies-path /Users/admin/builder/spi-builder-workspace/.derivedData/Build/Intermediates.noindex/BrilliantHTML5Parser.build/Debug-watchos/BrilliantHTML5Parser-t.build/Objects-normal/arm64_32/ParseHTML5.swiftdeps -serialize-diagnostics-path /Users/admin/builder/spi-builder-workspace/.derivedData/Build/Intermediates.noindex/BrilliantHTML5Parser.build/Debug-watchos/BrilliantHTML5Parser-t.build/Objects-normal/arm64_32/ParseHTML5.dia -target arm64_32-apple-watchos9.0 -enable-objc-interop -sdk /Applications/Xcode-27.0.0-Release.Candidate.app/Contents/Developer/Platforms/WatchOS.platform/Developer/SDKs/WatchOS27.0.sdk -I /Users/admin/builder/spi-builder-workspace/.derivedData/Build/Products/Debug-watchos -Isystem /Applications/Xcode-27.0.0-Release.Candidate.app/Contents/Developer/Platforms/WatchOS.platform/Developer/usr/lib -F /Users/admin/builder/spi-builder-workspace/.derivedData/Build/Products/Debug-watchos/PackageFrameworks -F /Users/admin/builder/spi-builder-workspace/.derivedData/Build/Products/Debug-watchos -F /Applications/Xcode-27.0.0-Release.Candidate.app/Contents/Developer/Platforms/WatchOS.platform/Developer/Library/Frameworks -F /Applications/Xcode-27.0.0-Release.Candidate.app/Contents/Developer/Platforms/WatchOS.platform/Developer/SDKs/WatchOS27.0.sdk/Developer/Library/Frameworks -module-cache-path /Users/admin/builder/spi-builder-workspace/.derivedData/ModuleCache.noindex -no-color-diagnostics -Xcc -fno-color-diagnostics -enable-testing -g -debug-info-format\=dwarf -dwarf-version\=4 -profile-generate -profile-coverage-mapping -swift-version 4 -Onone -D SWIFT_PACKAGE -D DEBUG -D SWIFT_MODULE_RESOURCE_BUNDLE_UNAVAILABLE -D Xcode -serialize-debugging-options -enable-experimental-feature DebugDescriptionMacro -empty-abi-descriptor -plugin-path /Applications/Xcode-27.0.0-Release.Candidate.app/Contents/Developer/Toolchains/XcodeDefault.xctoolchain/usr/lib/swift/host/plugins/testing -validate-clang-modules-once -clang-build-session-file /Users/admin/builder/spi-builder-workspace/.derivedData/ModuleCache.noindex/Session.modulevalidation -Xcc -working-directory -Xcc /Users/admin/builder/spi-builder-workspace/.swiftpm/xcode -enable-anonymous-context-mangled-names -file-compilation-dir /Users/admin/builder/spi-builder-workspace/.swiftpm/xcode -Xcc -D_LIBCPP_HARDENING_MODE\=_LIBCPP_HARDENING_MODE_DEBUG -Xcc -ivfsstatcache -Xcc /Users/admin/builder/spi-builder-workspace/.derivedData/SDKStatCaches.noindex/watchos27.0-24R360-e829b21a6f8c9b70876ba0858053c04477534ef55a1706bf4c1112bbb242f0a2.sdkstatcache -Xcc -fmodules-prune-interval\=86400 -Xcc -fmodules-prune-after\=345600 -Xcc -I/Users/admin/builder/spi-builder-workspace/.derivedData/Build/Products/Debug-watchos/include -Xcc -I/Users/admin/builder/spi-builder-workspace/.derivedData/Build/Intermediates.noindex/BrilliantHTML5Parser.build/Debug-watchos/BrilliantHTML5Parser-t.build/DerivedSources-normal/arm64_32 -Xcc -I/Users/admin/builder/spi-builder-workspace/.derivedData/Build/Intermediates.noindex/BrilliantHTML5Parser.build/Debug-watchos/BrilliantHTML5Parser-t.build/DerivedSources/arm64_32 -Xcc -I/Users/admin/builder/spi-builder-workspace/.derivedData/Build/Intermediates.noindex/BrilliantHTML5Parser.build/Debug-watchos/BrilliantHTML5Parser-t.build/DerivedSources -Xcc -DSWIFT_PACKAGE -Xcc -DDEBUG\=1 -no-auto-bridging-header-chaining -module-name BrilliantHTML5Parser -const-gather-protocols-file /Users/admin/builder/spi-builder-workspace/.derivedData/Build/Intermediates.noindex/BrilliantHTML5Parser.build/Debug-watchos/BrilliantHTML5Parser-t.build/Objects-normal/arm64_32/BrilliantHTML5Parser_const_extract_protocols.json -disable-clang-spi -target-sdk-version 27.0 -target-sdk-name watchos27.0 -external-plugin-path /Applications/Xcode-27.0.0-Release.Candidate.app/Contents/Developer/Platforms/WatchOS.platform/Developer/usr/lib/swift/host/plugins\#/Applications/Xcode-27.0.0-Release.Candidate.app/Contents/Developer/Platforms/WatchOS.platform/Developer/usr/bin/swift-plugin-server -external-plugin-path /Applications/Xcode-27.0.0-Release.Candidate.app/Contents/Developer/Platforms/WatchOS.platform/Developer/usr/local/lib/swift/host/plugins\#/Applications/Xcode-27.0.0-Release.Candidate.app/Contents/Developer/Platforms/WatchOS.platform/Developer/usr/bin/swift-plugin-server -in-process-plugin-server-path /Applications/Xcode-27.0.0-Release.Candidate.app/Contents/Developer/Toolchains/XcodeDefault.xctoolchain/usr/lib/swift/host/libSwiftInProcPluginServer.dylib -plugin-path /Applications/Xcode-27.0.0-Release.Candidate.app/Contents/Developer/Toolchains/XcodeDefault.xctoolchain/usr/lib/swift/host/plugins -plugin-path /Applications/Xcode-27.0.0-Release.Candidate.app/Contents/Developer/Toolchains/XcodeDefault.xctoolchain/usr/local/lib/swift/host/plugins -parse-as-library -o /Users/admin/builder/spi-builder-workspace/.derivedData/Build/Intermediates.noindex/BrilliantHTML5Parser.build/Debug-watchos/BrilliantHTML5Parser-t.build/Objects-normal/arm64_32/ParseHTML5.o -index-unit-output-path /BrilliantHTML5Parser.build/Debug-watchos/BrilliantHTML5Parser-t.build/Objects-normal/arm64_32/ParseHTML5.o -index-store-path /Users/admin/builder/spi-builder-workspace/.derivedData/Index.noindex/DataStore -index-system-modules
SwiftCompile normal arm64_32 /Users/admin/builder/spi-builder-workspace/Sources/BrilliantHTML5Parser/ParseHTML5.swift (in target 'BrilliantHTML5Parser' from project 'BrilliantHTML5Parser')
    cd /Users/admin/builder/spi-builder-workspace/.swiftpm/xcode
    builtin-SwiftPerFileCompile ParseHTML5.swift
SwiftCompile normal arm64 Compiling\ ParseHTML5.swift /Users/admin/builder/spi-builder-workspace/Sources/BrilliantHTML5Parser/ParseHTML5.swift (in target 'BrilliantHTML5Parser' from project 'BrilliantHTML5Parser')
/Users/admin/builder/spi-builder-workspace/Sources/BrilliantHTML5Parser/ParseHTML5.swift:25:78: warning: 'characters' is deprecated: Please use String directly [#DeprecatedDeclaration]
 23 |             self = ""
 24 |         } else {
 25 |             removeSubrange(startIndex ... index(startIndex, offsetBy: prefix.characters.count-1))
    |                                                                              `- warning: 'characters' is deprecated: Please use String directly [#DeprecatedDeclaration]
 26 |         }
 27 |     }
/Users/admin/builder/spi-builder-workspace/Sources/BrilliantHTML5Parser/ParseHTML5.swift:33:62: warning: 'characters' is deprecated: Please use String directly [#DeprecatedDeclaration]
 31 |             self = ""
 32 |         } else {
 33 |             removeSubrange(index(endIndex, offsetBy: -suffix.characters.count) ..< endIndex)
    |                                                              `- warning: 'characters' is deprecated: Please use String directly [#DeprecatedDeclaration]
 34 |         }
 35 |     }
/Users/admin/builder/spi-builder-workspace/Sources/BrilliantHTML5Parser/ParseHTML5.swift:144:51: error: referencing instance method 'popFirst()' on 'Collection' requires the types 'String' and 'String.SubSequence' (aka 'Substring') be equivalent
142 |                 continue
143 |             }
144 |             if let c: Character = html.characters.popFirst() {
    |                                                   `- error: referencing instance method 'popFirst()' on 'Collection' requires the types 'String' and 'String.SubSequence' (aka 'Substring') be equivalent
145 |                 switch c {
146 |                         // PRE TAG
Swift.Collection:1:11: note: where 'Self' = 'String', 'Self.SubSequence' = 'String.SubSequence' (aka 'Substring')
1 | extension Collection where Self == Self.SubSequence {
  |           `- note: where 'Self' = 'String', 'Self.SubSequence' = 'String.SubSequence' (aka 'Substring')
2 |     @inlinable public mutating func popFirst() -> Self.Element?
3 | }
[#DeprecatedDeclaration]: <https://docs.swift.org/compiler/documentation/diagnostics/deprecated-declaration>
Failed frontend command:
/Applications/Xcode-27.0.0-Release.Candidate.app/Contents/Developer/Toolchains/XcodeDefault.xctoolchain/usr/bin/swift-frontend -frontend -c /Users/admin/builder/spi-builder-workspace/Sources/BrilliantHTML5Parser/HTMLEntity.swift -primary-file /Users/admin/builder/spi-builder-workspace/Sources/BrilliantHTML5Parser/ParseHTML5.swift /Users/admin/builder/spi-builder-workspace/Sources/BrilliantHTML5Parser/SearchableTree.swift -emit-dependencies-path /Users/admin/builder/spi-builder-workspace/.derivedData/Build/Intermediates.noindex/BrilliantHTML5Parser.build/Debug-watchos/BrilliantHTML5Parser-t.build/Objects-normal/arm64/ParseHTML5.d -emit-const-values-path /Users/admin/builder/spi-builder-workspace/.derivedData/Build/Intermediates.noindex/BrilliantHTML5Parser.build/Debug-watchos/BrilliantHTML5Parser-t.build/Objects-normal/arm64/ParseHTML5.swiftconstvalues -emit-reference-dependencies-path /Users/admin/builder/spi-builder-workspace/.derivedData/Build/Intermediates.noindex/BrilliantHTML5Parser.build/Debug-watchos/BrilliantHTML5Parser-t.build/Objects-normal/arm64/ParseHTML5.swiftdeps -serialize-diagnostics-path /Users/admin/builder/spi-builder-workspace/.derivedData/Build/Intermediates.noindex/BrilliantHTML5Parser.build/Debug-watchos/BrilliantHTML5Parser-t.build/Objects-normal/arm64/ParseHTML5.dia -target arm64-apple-watchos9.0 -Xllvm -aarch64-use-tbi -enable-objc-interop -stack-check -sdk /Applications/Xcode-27.0.0-Release.Candidate.app/Contents/Developer/Platforms/WatchOS.platform/Developer/SDKs/WatchOS27.0.sdk -I /Users/admin/builder/spi-builder-workspace/.derivedData/Build/Products/Debug-watchos -Isystem /Applications/Xcode-27.0.0-Release.Candidate.app/Contents/Developer/Platforms/WatchOS.platform/Developer/usr/lib -F /Users/admin/builder/spi-builder-workspace/.derivedData/Build/Products/Debug-watchos/PackageFrameworks -F /Users/admin/builder/spi-builder-workspace/.derivedData/Build/Products/Debug-watchos -F /Applications/Xcode-27.0.0-Release.Candidate.app/Contents/Developer/Platforms/WatchOS.platform/Developer/Library/Frameworks -F /Applications/Xcode-27.0.0-Release.Candidate.app/Contents/Developer/Platforms/WatchOS.platform/Developer/SDKs/WatchOS27.0.sdk/Developer/Library/Frameworks -module-cache-path /Users/admin/builder/spi-builder-workspace/.derivedData/ModuleCache.noindex -no-color-diagnostics -Xcc -fno-color-diagnostics -enable-testing -g -debug-info-format\=dwarf -dwarf-version\=4 -profile-generate -profile-coverage-mapping -swift-version 4 -Onone -D SWIFT_PACKAGE -D DEBUG -D SWIFT_MODULE_RESOURCE_BUNDLE_UNAVAILABLE -D Xcode -serialize-debugging-options -enable-experimental-feature DebugDescriptionMacro -empty-abi-descriptor -plugin-path /Applications/Xcode-27.0.0-Release.Candidate.app/Contents/Developer/Toolchains/XcodeDefault.xctoolchain/usr/lib/swift/host/plugins/testing -validate-clang-modules-once -clang-build-session-file /Users/admin/builder/spi-builder-workspace/.derivedData/ModuleCache.noindex/Session.modulevalidation -Xcc -working-directory -Xcc /Users/admin/builder/spi-builder-workspace/.swiftpm/xcode -enable-anonymous-context-mangled-names -file-compilation-dir /Users/admin/builder/spi-builder-workspace/.swiftpm/xcode -Xcc -D_LIBCPP_HARDENING_MODE\=_LIBCPP_HARDENING_MODE_DEBUG -Xcc -ivfsstatcache -Xcc /Users/admin/builder/spi-builder-workspace/.derivedData/SDKStatCaches.noindex/watchos27.0-24R360-e829b21a6f8c9b70876ba0858053c04477534ef55a1706bf4c1112bbb242f0a2.sdkstatcache -Xcc -fmodules-prune-interval\=86400 -Xcc -fmodules-prune-after\=345600 -Xcc -I/Users/admin/builder/spi-builder-workspace/.derivedData/Build/Products/Debug-watchos/include -Xcc -I/Users/admin/builder/spi-builder-workspace/.derivedData/Build/Intermediates.noindex/BrilliantHTML5Parser.build/Debug-watchos/BrilliantHTML5Parser-t.build/DerivedSources-normal/arm64 -Xcc -I/Users/admin/builder/spi-builder-workspace/.derivedData/Build/Intermediates.noindex/BrilliantHTML5Parser.build/Debug-watchos/BrilliantHTML5Parser-t.build/DerivedSources/arm64 -Xcc -I/Users/admin/builder/spi-builder-workspace/.derivedData/Build/Intermediates.noindex/BrilliantHTML5Parser.build/Debug-watchos/BrilliantHTML5Parser-t.build/DerivedSources -Xcc -DSWIFT_PACKAGE -Xcc -DDEBUG\=1 -no-auto-bridging-header-chaining -module-name BrilliantHTML5Parser -const-gather-protocols-file /Users/admin/builder/spi-builder-workspace/.derivedData/Build/Intermediates.noindex/BrilliantHTML5Parser.build/Debug-watchos/BrilliantHTML5Parser-t.build/Objects-normal/arm64/BrilliantHTML5Parser_const_extract_protocols.json -disable-clang-spi -target-sdk-version 27.0 -target-sdk-name watchos27.0 -external-plugin-path /Applications/Xcode-27.0.0-Release.Candidate.app/Contents/Developer/Platforms/WatchOS.platform/Developer/usr/lib/swift/host/plugins\#/Applications/Xcode-27.0.0-Release.Candidate.app/Contents/Developer/Platforms/WatchOS.platform/Developer/usr/bin/swift-plugin-server -external-plugin-path /Applications/Xcode-27.0.0-Release.Candidate.app/Contents/Developer/Platforms/WatchOS.platform/Developer/usr/local/lib/swift/host/plugins\#/Applications/Xcode-27.0.0-Release.Candidate.app/Contents/Developer/Platforms/WatchOS.platform/Developer/usr/bin/swift-plugin-server -in-process-plugin-server-path /Applications/Xcode-27.0.0-Release.Candidate.app/Contents/Developer/Toolchains/XcodeDefault.xctoolchain/usr/lib/swift/host/libSwiftInProcPluginServer.dylib -plugin-path /Applications/Xcode-27.0.0-Release.Candidate.app/Contents/Developer/Toolchains/XcodeDefault.xctoolchain/usr/lib/swift/host/plugins -plugin-path /Applications/Xcode-27.0.0-Release.Candidate.app/Contents/Developer/Toolchains/XcodeDefault.xctoolchain/usr/local/lib/swift/host/plugins -parse-as-library -o /Users/admin/builder/spi-builder-workspace/.derivedData/Build/Intermediates.noindex/BrilliantHTML5Parser.build/Debug-watchos/BrilliantHTML5Parser-t.build/Objects-normal/arm64/ParseHTML5.o -index-unit-output-path /BrilliantHTML5Parser.build/Debug-watchos/BrilliantHTML5Parser-t.build/Objects-normal/arm64/ParseHTML5.o -index-store-path /Users/admin/builder/spi-builder-workspace/.derivedData/Index.noindex/DataStore -index-system-modules
SwiftCompile normal arm64 /Users/admin/builder/spi-builder-workspace/Sources/BrilliantHTML5Parser/ParseHTML5.swift (in target 'BrilliantHTML5Parser' from project 'BrilliantHTML5Parser')
    cd /Users/admin/builder/spi-builder-workspace/.swiftpm/xcode
    builtin-SwiftPerFileCompile ParseHTML5.swift
SwiftDriverJobDiscovery normal arm64 Compiling Constants.swift (in target 'HTMLEntities' from project 'HTMLEntities')
SwiftDriver\ Compilation HTMLEntities normal arm64 com.apple.xcode.tools.swift.compiler (in target 'HTMLEntities' from project 'HTMLEntities')
    cd /Users/admin/builder/spi-builder-workspace/.swiftpm/xcode
    builtin-Swift-Compilation -- /Applications/Xcode-27.0.0-Release.Candidate.app/Contents/Developer/Toolchains/XcodeDefault.xctoolchain/usr/bin/swiftc -parse-as-library -module-name HTMLEntities -Onone @/Users/admin/builder/spi-builder-workspace/.derivedData/Build/Intermediates.noindex/HTMLEntities.build/Debug-watchos/HTMLEntities-t.build/Objects-normal/arm64/HTMLEntities.SwiftFileList -DSWIFT_PACKAGE -DDEBUG -DSWIFT_MODULE_RESOURCE_BUNDLE_UNAVAILABLE -DXcode -plugin-path /Applications/Xcode-27.0.0-Release.Candidate.app/Contents/Developer/Toolchains/XcodeDefault.xctoolchain/usr/lib/swift/host/plugins/testing -enable-experimental-feature DebugDescriptionMacro -sdk /Applications/Xcode-27.0.0-Release.Candidate.app/Contents/Developer/Platforms/WatchOS.platform/Developer/SDKs/WatchOS27.0.sdk -target arm64-apple-watchos9.0 -g -module-cache-path /Users/admin/builder/spi-builder-workspace/.derivedData/ModuleCache.noindex -Xfrontend -serialize-debugging-options -profile-coverage-mapping -profile-generate -enable-testing -suppress-warnings -index-store-path /Users/admin/builder/spi-builder-workspace/.derivedData/Index.noindex/DataStore -Xcc -D_LIBCPP_HARDENING_MODE\=_LIBCPP_HARDENING_MODE_DEBUG -swift-version 5 -I /Users/admin/builder/spi-builder-workspace/.derivedData/Build/Products/Debug-watchos -Isystem /Applications/Xcode-27.0.0-Release.Candidate.app/Contents/Developer/Platforms/WatchOS.platform/Developer/usr/lib -F /Users/admin/builder/spi-builder-workspace/.derivedData/Build/Products/Debug-watchos -F /Applications/Xcode-27.0.0-Release.Candidate.app/Contents/Developer/Platforms/WatchOS.platform/Developer/Library/Frameworks -F /Applications/Xcode-27.0.0-Release.Candidate.app/Contents/Developer/Platforms/WatchOS.platform/Developer/SDKs/WatchOS27.0.sdk/Developer/Library/Frameworks -c -j10 -enable-batch-mode -incremental -Xcc -ivfsstatcache -Xcc /Users/admin/builder/spi-builder-workspace/.derivedData/SDKStatCaches.noindex/watchos27.0-24R360-e829b21a6f8c9b70876ba0858053c04477534ef55a1706bf4c1112bbb242f0a2.sdkstatcache -output-file-map /Users/admin/builder/spi-builder-workspace/.derivedData/Build/Intermediates.noindex/HTMLEntities.build/Debug-watchos/HTMLEntities-t.build/Objects-normal/arm64/HTMLEntities-OutputFileMap.json -save-temps -no-color-diagnostics -explicit-module-build -module-cache-path /Users/admin/builder/spi-builder-workspace/.derivedData/Build/Intermediates.noindex/SwiftExplicitPrecompiledModules -clang-scanner-module-cache-path /Users/admin/builder/spi-builder-workspace/.derivedData/ModuleCache.noindex -sdk-module-cache-path /Users/admin/builder/spi-builder-workspace/.derivedData/SDKExplicitPrecompiledModules -emit-dependencies -emit-module -emit-module-path /Users/admin/builder/spi-builder-workspace/.derivedData/Build/Intermediates.noindex/HTMLEntities.build/Debug-watchos/HTMLEntities-t.build/Objects-normal/arm64/HTMLEntities.swiftmodule -serialize-diagnostics -dependency-scan-serialize-diagnostics-path /Users/admin/builder/spi-builder-workspace/.derivedData/Build/Intermediates.noindex/HTMLEntities.build/Debug-watchos/HTMLEntities-t.build/Objects-normal/arm64/HTMLEntities-dependency-scan.dia -validate-clang-modules-once -clang-build-session-file /Users/admin/builder/spi-builder-workspace/.derivedData/ModuleCache.noindex/Session.modulevalidation -Xcc -fmodules-prune-interval\=86400 -Xcc -fmodules-prune-after\=345600 -emit-const-values -const-gather-protocols-list /Users/admin/builder/spi-builder-workspace/.derivedData/Build/Intermediates.noindex/HTMLEntities.build/Debug-watchos/HTMLEntities-t.build/Objects-normal/arm64/HTMLEntities_const_extract_protocols.json -Xcc -I/Users/admin/builder/spi-builder-workspace/.derivedData/Build/Products/Debug-watchos/include -Xcc -I/Users/admin/builder/spi-builder-workspace/.derivedData/Build/Intermediates.noindex/HTMLEntities.build/Debug-watchos/HTMLEntities-t.build/DerivedSources-normal/arm64 -Xcc -I/Users/admin/builder/spi-builder-workspace/.derivedData/Build/Intermediates.noindex/HTMLEntities.build/Debug-watchos/HTMLEntities-t.build/DerivedSources/arm64 -Xcc -I/Users/admin/builder/spi-builder-workspace/.derivedData/Build/Intermediates.noindex/HTMLEntities.build/Debug-watchos/HTMLEntities-t.build/DerivedSources -Xcc -DSWIFT_PACKAGE -Xcc -DDEBUG\=1 -emit-objc-header -emit-objc-header-path /Users/admin/builder/spi-builder-workspace/.derivedData/Build/Intermediates.noindex/HTMLEntities.build/Debug-watchos/HTMLEntities-t.build/Objects-normal/arm64/HTMLEntities-Swift.h -working-directory /Users/admin/builder/spi-builder-workspace/.swiftpm/xcode -experimental-emit-module-separately -disable-cmo
Ld /Users/admin/builder/spi-builder-workspace/.derivedData/Build/Intermediates.noindex/HTMLEntities.build/Debug-watchos/HTMLEntities-t.build/Objects-normal/arm64/Binary/HTMLEntities.o normal arm64 (in target 'HTMLEntities' from project 'HTMLEntities')
    cd /Users/admin/builder/spi-builder-workspace/.dependencies/checkouts/swift-html-entities
    /Applications/Xcode-27.0.0-Release.Candidate.app/Contents/Developer/Toolchains/XcodeDefault.xctoolchain/usr/bin/clang -Xlinker -reproducible -target arm64-apple-watchos9.0 -r -isysroot /Applications/Xcode-27.0.0-Release.Candidate.app/Contents/Developer/Platforms/WatchOS.platform/Developer/SDKs/WatchOS27.0.sdk -O0 -w -Xlinker -no_warn_duplicate_libraries -F/Users/admin/builder/spi-builder-workspace/.derivedData/Build/Intermediates.noindex/EagerLinkingTBDs/Debug-watchos -F/Users/admin/builder/spi-builder-workspace/.derivedData/Build/Products/Debug-watchos -iframework /Applications/Xcode-27.0.0-Release.Candidate.app/Contents/Developer/Platforms/WatchOS.platform/Developer/Library/Frameworks -iframework /Applications/Xcode-27.0.0-Release.Candidate.app/Contents/Developer/Platforms/WatchOS.platform/Developer/SDKs/WatchOS27.0.sdk/Developer/Library/Frameworks -filelist /Users/admin/builder/spi-builder-workspace/.derivedData/Build/Intermediates.noindex/HTMLEntities.build/Debug-watchos/HTMLEntities-t.build/Objects-normal/arm64/HTMLEntities.LinkFileList -nostdlib -Xlinker -object_path_lto -Xlinker /Users/admin/builder/spi-builder-workspace/.derivedData/Build/Intermediates.noindex/HTMLEntities.build/Debug-watchos/HTMLEntities-t.build/Objects-normal/arm64/HTMLEntities_lto.o -Xlinker -no_deduplicate -Xlinker -debug_variant -Xlinker -dependency_info -Xlinker /Users/admin/builder/spi-builder-workspace/.derivedData/Build/Intermediates.noindex/HTMLEntities.build/Debug-watchos/HTMLEntities-t.build/Objects-normal/arm64/HTMLEntities_dependency_info.dat -fobjc-link-runtime -L/Applications/Xcode-27.0.0-Release.Candidate.app/Contents/Developer/Toolchains/XcodeDefault.xctoolchain/usr/lib/swift/watchos -L/usr/lib/swift -Xlinker -add_ast_path -Xlinker /Users/admin/builder/spi-builder-workspace/.derivedData/Build/Intermediates.noindex/HTMLEntities.build/Debug-watchos/HTMLEntities-t.build/Objects-normal/arm64/HTMLEntities.swiftmodule -o /Users/admin/builder/spi-builder-workspace/.derivedData/Build/Intermediates.noindex/HTMLEntities.build/Debug-watchos/HTMLEntities-t.build/Objects-normal/arm64/Binary/HTMLEntities.o
SwiftDriverJobDiscovery normal arm64_32 Compiling Constants.swift (in target 'HTMLEntities' from project 'HTMLEntities')
SwiftDriver\ Compilation HTMLEntities normal arm64_32 com.apple.xcode.tools.swift.compiler (in target 'HTMLEntities' from project 'HTMLEntities')
    cd /Users/admin/builder/spi-builder-workspace/.swiftpm/xcode
    builtin-Swift-Compilation -- /Applications/Xcode-27.0.0-Release.Candidate.app/Contents/Developer/Toolchains/XcodeDefault.xctoolchain/usr/bin/swiftc -parse-as-library -module-name HTMLEntities -Onone @/Users/admin/builder/spi-builder-workspace/.derivedData/Build/Intermediates.noindex/HTMLEntities.build/Debug-watchos/HTMLEntities-t.build/Objects-normal/arm64_32/HTMLEntities.SwiftFileList -DSWIFT_PACKAGE -DDEBUG -DSWIFT_MODULE_RESOURCE_BUNDLE_UNAVAILABLE -DXcode -plugin-path /Applications/Xcode-27.0.0-Release.Candidate.app/Contents/Developer/Toolchains/XcodeDefault.xctoolchain/usr/lib/swift/host/plugins/testing -enable-experimental-feature DebugDescriptionMacro -sdk /Applications/Xcode-27.0.0-Release.Candidate.app/Contents/Developer/Platforms/WatchOS.platform/Developer/SDKs/WatchOS27.0.sdk -target arm64_32-apple-watchos9.0 -g -module-cache-path /Users/admin/builder/spi-builder-workspace/.derivedData/ModuleCache.noindex -Xfrontend -serialize-debugging-options -profile-coverage-mapping -profile-generate -enable-testing -suppress-warnings -index-store-path /Users/admin/builder/spi-builder-workspace/.derivedData/Index.noindex/DataStore -Xcc -D_LIBCPP_HARDENING_MODE\=_LIBCPP_HARDENING_MODE_DEBUG -swift-version 5 -I /Users/admin/builder/spi-builder-workspace/.derivedData/Build/Products/Debug-watchos -Isystem /Applications/Xcode-27.0.0-Release.Candidate.app/Contents/Developer/Platforms/WatchOS.platform/Developer/usr/lib -F /Users/admin/builder/spi-builder-workspace/.derivedData/Build/Products/Debug-watchos -F /Applications/Xcode-27.0.0-Release.Candidate.app/Contents/Developer/Platforms/WatchOS.platform/Developer/Library/Frameworks -F /Applications/Xcode-27.0.0-Release.Candidate.app/Contents/Developer/Platforms/WatchOS.platform/Developer/SDKs/WatchOS27.0.sdk/Developer/Library/Frameworks -c -j10 -enable-batch-mode -incremental -Xcc -ivfsstatcache -Xcc /Users/admin/builder/spi-builder-workspace/.derivedData/SDKStatCaches.noindex/watchos27.0-24R360-e829b21a6f8c9b70876ba0858053c04477534ef55a1706bf4c1112bbb242f0a2.sdkstatcache -output-file-map /Users/admin/builder/spi-builder-workspace/.derivedData/Build/Intermediates.noindex/HTMLEntities.build/Debug-watchos/HTMLEntities-t.build/Objects-normal/arm64_32/HTMLEntities-OutputFileMap.json -save-temps -no-color-diagnostics -explicit-module-build -module-cache-path /Users/admin/builder/spi-builder-workspace/.derivedData/Build/Intermediates.noindex/SwiftExplicitPrecompiledModules -clang-scanner-module-cache-path /Users/admin/builder/spi-builder-workspace/.derivedData/ModuleCache.noindex -sdk-module-cache-path /Users/admin/builder/spi-builder-workspace/.derivedData/SDKExplicitPrecompiledModules -emit-dependencies -emit-module -emit-module-path /Users/admin/builder/spi-builder-workspace/.derivedData/Build/Intermediates.noindex/HTMLEntities.build/Debug-watchos/HTMLEntities-t.build/Objects-normal/arm64_32/HTMLEntities.swiftmodule -serialize-diagnostics -dependency-scan-serialize-diagnostics-path /Users/admin/builder/spi-builder-workspace/.derivedData/Build/Intermediates.noindex/HTMLEntities.build/Debug-watchos/HTMLEntities-t.build/Objects-normal/arm64_32/HTMLEntities-dependency-scan.dia -validate-clang-modules-once -clang-build-session-file /Users/admin/builder/spi-builder-workspace/.derivedData/ModuleCache.noindex/Session.modulevalidation -Xcc -fmodules-prune-interval\=86400 -Xcc -fmodules-prune-after\=345600 -emit-const-values -const-gather-protocols-list /Users/admin/builder/spi-builder-workspace/.derivedData/Build/Intermediates.noindex/HTMLEntities.build/Debug-watchos/HTMLEntities-t.build/Objects-normal/arm64_32/HTMLEntities_const_extract_protocols.json -Xcc -I/Users/admin/builder/spi-builder-workspace/.derivedData/Build/Products/Debug-watchos/include -Xcc -I/Users/admin/builder/spi-builder-workspace/.derivedData/Build/Intermediates.noindex/HTMLEntities.build/Debug-watchos/HTMLEntities-t.build/DerivedSources-normal/arm64_32 -Xcc -I/Users/admin/builder/spi-builder-workspace/.derivedData/Build/Intermediates.noindex/HTMLEntities.build/Debug-watchos/HTMLEntities-t.build/DerivedSources/arm64_32 -Xcc -I/Users/admin/builder/spi-builder-workspace/.derivedData/Build/Intermediates.noindex/HTMLEntities.build/Debug-watchos/HTMLEntities-t.build/DerivedSources -Xcc -DSWIFT_PACKAGE -Xcc -DDEBUG\=1 -emit-objc-header -emit-objc-header-path /Users/admin/builder/spi-builder-workspace/.derivedData/Build/Intermediates.noindex/HTMLEntities.build/Debug-watchos/HTMLEntities-t.build/Objects-normal/arm64_32/HTMLEntities-Swift.h -working-directory /Users/admin/builder/spi-builder-workspace/.swiftpm/xcode -experimental-emit-module-separately -disable-cmo
Ld /Users/admin/builder/spi-builder-workspace/.derivedData/Build/Intermediates.noindex/HTMLEntities.build/Debug-watchos/HTMLEntities-t.build/Objects-normal/arm64_32/Binary/HTMLEntities.o normal arm64_32 (in target 'HTMLEntities' from project 'HTMLEntities')
    cd /Users/admin/builder/spi-builder-workspace/.dependencies/checkouts/swift-html-entities
    /Applications/Xcode-27.0.0-Release.Candidate.app/Contents/Developer/Toolchains/XcodeDefault.xctoolchain/usr/bin/clang -Xlinker -reproducible -target arm64_32-apple-watchos9.0 -r -isysroot /Applications/Xcode-27.0.0-Release.Candidate.app/Contents/Developer/Platforms/WatchOS.platform/Developer/SDKs/WatchOS27.0.sdk -O0 -w -Xlinker -no_warn_duplicate_libraries -F/Users/admin/builder/spi-builder-workspace/.derivedData/Build/Intermediates.noindex/EagerLinkingTBDs/Debug-watchos -F/Users/admin/builder/spi-builder-workspace/.derivedData/Build/Products/Debug-watchos -iframework /Applications/Xcode-27.0.0-Release.Candidate.app/Contents/Developer/Platforms/WatchOS.platform/Developer/Library/Frameworks -iframework /Applications/Xcode-27.0.0-Release.Candidate.app/Contents/Developer/Platforms/WatchOS.platform/Developer/SDKs/WatchOS27.0.sdk/Developer/Library/Frameworks -filelist /Users/admin/builder/spi-builder-workspace/.derivedData/Build/Intermediates.noindex/HTMLEntities.build/Debug-watchos/HTMLEntities-t.build/Objects-normal/arm64_32/HTMLEntities.LinkFileList -nostdlib -Xlinker -object_path_lto -Xlinker /Users/admin/builder/spi-builder-workspace/.derivedData/Build/Intermediates.noindex/HTMLEntities.build/Debug-watchos/HTMLEntities-t.build/Objects-normal/arm64_32/HTMLEntities_lto.o -Xlinker -no_deduplicate -Xlinker -debug_variant -Xlinker -dependency_info -Xlinker /Users/admin/builder/spi-builder-workspace/.derivedData/Build/Intermediates.noindex/HTMLEntities.build/Debug-watchos/HTMLEntities-t.build/Objects-normal/arm64_32/HTMLEntities_dependency_info.dat -fobjc-link-runtime -L/Applications/Xcode-27.0.0-Release.Candidate.app/Contents/Developer/Toolchains/XcodeDefault.xctoolchain/usr/lib/swift/watchos -L/usr/lib/swift -Xlinker -add_ast_path -Xlinker /Users/admin/builder/spi-builder-workspace/.derivedData/Build/Intermediates.noindex/HTMLEntities.build/Debug-watchos/HTMLEntities-t.build/Objects-normal/arm64_32/HTMLEntities.swiftmodule -o /Users/admin/builder/spi-builder-workspace/.derivedData/Build/Intermediates.noindex/HTMLEntities.build/Debug-watchos/HTMLEntities-t.build/Objects-normal/arm64_32/Binary/HTMLEntities.o
CreateUniversalBinary /Users/admin/builder/spi-builder-workspace/.derivedData/Build/Products/Debug-watchos/HTMLEntities.o normal arm64\ arm64_32 (in target 'HTMLEntities' from project 'HTMLEntities')
    cd /Users/admin/builder/spi-builder-workspace/.dependencies/checkouts/swift-html-entities
    /Applications/Xcode-27.0.0-Release.Candidate.app/Contents/Developer/Toolchains/XcodeDefault.xctoolchain/usr/bin/lipo -create /Users/admin/builder/spi-builder-workspace/.derivedData/Build/Intermediates.noindex/HTMLEntities.build/Debug-watchos/HTMLEntities-t.build/Objects-normal/arm64/Binary/HTMLEntities.o /Users/admin/builder/spi-builder-workspace/.derivedData/Build/Intermediates.noindex/HTMLEntities.build/Debug-watchos/HTMLEntities-t.build/Objects-normal/arm64_32/Binary/HTMLEntities.o -output /Users/admin/builder/spi-builder-workspace/.derivedData/Build/Products/Debug-watchos/HTMLEntities.o
ExtractAppIntentsMetadata (in target 'HTMLEntities' from project 'HTMLEntities')
    cd /Users/admin/builder/spi-builder-workspace/.dependencies/checkouts/swift-html-entities
    /Applications/Xcode-27.0.0-Release.Candidate.app/Contents/Developer/Toolchains/XcodeDefault.xctoolchain/usr/bin/appintentsmetadataprocessor --toolchain-dir /var/run/com.apple.security.cryptexd/mnt/com.apple.MobileAsset.MetalToolchain-v27.1.266.1.qgmOPN/Metal.xctoolchain --module-name HTMLEntities --sdk-root /Applications/Xcode-27.0.0-Release.Candidate.app/Contents/Developer/Platforms/WatchOS.platform/Developer/SDKs/WatchOS27.0.sdk --xcode-version 27A266a --platform-family watchOS --deployment-target 9.0 --bundle-identifier swift-html-entities.HTMLEntities --output /Users/admin/builder/spi-builder-workspace/.derivedData/Build/Products/Debug-watchos/HTMLEntities.appintents --target-triple arm64-apple-watchos9.0 --target-triple arm64_32-apple-watchos9.0 --binary-file /Users/admin/builder/spi-builder-workspace/.derivedData/Build/Products/Debug-watchos/HTMLEntities.o --dependency-file /Users/admin/builder/spi-builder-workspace/.derivedData/Build/Intermediates.noindex/HTMLEntities.build/Debug-watchos/HTMLEntities-t.build/Objects-normal/arm64/HTMLEntities_dependency_info.dat --dependency-file /Users/admin/builder/spi-builder-workspace/.derivedData/Build/Intermediates.noindex/HTMLEntities.build/Debug-watchos/HTMLEntities-t.build/Objects-normal/arm64_32/HTMLEntities_dependency_info.dat --stringsdata-file /Users/admin/builder/spi-builder-workspace/.derivedData/Build/Intermediates.noindex/HTMLEntities.build/Debug-watchos/HTMLEntities-t.build/Objects-normal/arm64/ExtractedAppShortcutsMetadata.stringsdata --stringsdata-file /Users/admin/builder/spi-builder-workspace/.derivedData/Build/Intermediates.noindex/HTMLEntities.build/Debug-watchos/HTMLEntities-t.build/Objects-normal/arm64_32/ExtractedAppShortcutsMetadata.stringsdata --source-file-list /Users/admin/builder/spi-builder-workspace/.derivedData/Build/Intermediates.noindex/HTMLEntities.build/Debug-watchos/HTMLEntities-t.build/Objects-normal/arm64/HTMLEntities.SwiftFileList --source-file-list /Users/admin/builder/spi-builder-workspace/.derivedData/Build/Intermediates.noindex/HTMLEntities.build/Debug-watchos/HTMLEntities-t.build/Objects-normal/arm64_32/HTMLEntities.SwiftFileList --metadata-file-list /Users/admin/builder/spi-builder-workspace/.derivedData/Build/Intermediates.noindex/HTMLEntities.build/Debug-watchos/HTMLEntities-t.build/HTMLEntities.DependencyMetadataFileList --static-metadata-file-list /Users/admin/builder/spi-builder-workspace/.derivedData/Build/Intermediates.noindex/HTMLEntities.build/Debug-watchos/HTMLEntities-t.build/HTMLEntities.DependencyStaticMetadataFileList --swift-const-vals-list /Users/admin/builder/spi-builder-workspace/.derivedData/Build/Intermediates.noindex/HTMLEntities.build/Debug-watchos/HTMLEntities-t.build/Objects-normal/arm64/HTMLEntities.SwiftConstValuesFileList --swift-const-vals-list /Users/admin/builder/spi-builder-workspace/.derivedData/Build/Intermediates.noindex/HTMLEntities.build/Debug-watchos/HTMLEntities-t.build/Objects-normal/arm64_32/HTMLEntities.SwiftConstValuesFileList --force --compile-time-extraction --deployment-aware-processing --no-app-shortcuts-localization
2026-09-16 10:27:56.599 appintentsmetadataprocessor[737:4735] Starting appintentsmetadataprocessor export
2026-09-16 10:27:56.695 appintentsmetadataprocessor[737:4735] Extracted no relevant App Intents symbols, skipping writing output
SwiftDriverJobDiscovery normal arm64_32 Emitting module for BrilliantHTML5Parser (in target 'BrilliantHTML5Parser' from project 'BrilliantHTML5Parser')
SwiftDriver\ Compilation\ Requirements BrilliantHTML5Parser normal arm64_32 com.apple.xcode.tools.swift.compiler (in target 'BrilliantHTML5Parser' from project 'BrilliantHTML5Parser')
    cd /Users/admin/builder/spi-builder-workspace/.swiftpm/xcode
    builtin-Swift-Compilation-Requirements -- /Applications/Xcode-27.0.0-Release.Candidate.app/Contents/Developer/Toolchains/XcodeDefault.xctoolchain/usr/bin/swiftc -parse-as-library -module-name BrilliantHTML5Parser -Onone @/Users/admin/builder/spi-builder-workspace/.derivedData/Build/Intermediates.noindex/BrilliantHTML5Parser.build/Debug-watchos/BrilliantHTML5Parser-t.build/Objects-normal/arm64_32/BrilliantHTML5Parser.SwiftFileList -DSWIFT_PACKAGE -DDEBUG -DSWIFT_MODULE_RESOURCE_BUNDLE_UNAVAILABLE -DXcode -plugin-path /Applications/Xcode-27.0.0-Release.Candidate.app/Contents/Developer/Toolchains/XcodeDefault.xctoolchain/usr/lib/swift/host/plugins/testing -enable-experimental-feature DebugDescriptionMacro -sdk /Applications/Xcode-27.0.0-Release.Candidate.app/Contents/Developer/Platforms/WatchOS.platform/Developer/SDKs/WatchOS27.0.sdk -target arm64_32-apple-watchos9.0 -g -module-cache-path /Users/admin/builder/spi-builder-workspace/.derivedData/ModuleCache.noindex -Xfrontend -serialize-debugging-options -profile-coverage-mapping -profile-generate -enable-testing -index-store-path /Users/admin/builder/spi-builder-workspace/.derivedData/Index.noindex/DataStore -Xcc -D_LIBCPP_HARDENING_MODE\=_LIBCPP_HARDENING_MODE_DEBUG -swift-version 4 -I /Users/admin/builder/spi-builder-workspace/.derivedData/Build/Products/Debug-watchos -Isystem /Applications/Xcode-27.0.0-Release.Candidate.app/Contents/Developer/Platforms/WatchOS.platform/Developer/usr/lib -F /Users/admin/builder/spi-builder-workspace/.derivedData/Build/Products/Debug-watchos/PackageFrameworks -F /Users/admin/builder/spi-builder-workspace/.derivedData/Build/Products/Debug-watchos -F /Applications/Xcode-27.0.0-Release.Candidate.app/Contents/Developer/Platforms/WatchOS.platform/Developer/Library/Frameworks -F /Applications/Xcode-27.0.0-Release.Candidate.app/Contents/Developer/Platforms/WatchOS.platform/Developer/SDKs/WatchOS27.0.sdk/Developer/Library/Frameworks -c -j10 -enable-batch-mode -incremental -Xcc -ivfsstatcache -Xcc /Users/admin/builder/spi-builder-workspace/.derivedData/SDKStatCaches.noindex/watchos27.0-24R360-e829b21a6f8c9b70876ba0858053c04477534ef55a1706bf4c1112bbb242f0a2.sdkstatcache -output-file-map /Users/admin/builder/spi-builder-workspace/.derivedData/Build/Intermediates.noindex/BrilliantHTML5Parser.build/Debug-watchos/BrilliantHTML5Parser-t.build/Objects-normal/arm64_32/BrilliantHTML5Parser-OutputFileMap.json -save-temps -no-color-diagnostics -emit-dependencies -emit-module -emit-module-path /Users/admin/builder/spi-builder-workspace/.derivedData/Build/Intermediates.noindex/BrilliantHTML5Parser.build/Debug-watchos/BrilliantHTML5Parser-t.build/Objects-normal/arm64_32/BrilliantHTML5Parser.swiftmodule -serialize-diagnostics -validate-clang-modules-once -clang-build-session-file /Users/admin/builder/spi-builder-workspace/.derivedData/ModuleCache.noindex/Session.modulevalidation -Xcc -fmodules-prune-interval\=86400 -Xcc -fmodules-prune-after\=345600 -emit-const-values -const-gather-protocols-list /Users/admin/builder/spi-builder-workspace/.derivedData/Build/Intermediates.noindex/BrilliantHTML5Parser.build/Debug-watchos/BrilliantHTML5Parser-t.build/Objects-normal/arm64_32/BrilliantHTML5Parser_const_extract_protocols.json -Xcc -I/Users/admin/builder/spi-builder-workspace/.derivedData/Build/Products/Debug-watchos/include -Xcc -I/Users/admin/builder/spi-builder-workspace/.derivedData/Build/Intermediates.noindex/BrilliantHTML5Parser.build/Debug-watchos/BrilliantHTML5Parser-t.build/DerivedSources-normal/arm64_32 -Xcc -I/Users/admin/builder/spi-builder-workspace/.derivedData/Build/Intermediates.noindex/BrilliantHTML5Parser.build/Debug-watchos/BrilliantHTML5Parser-t.build/DerivedSources/arm64_32 -Xcc -I/Users/admin/builder/spi-builder-workspace/.derivedData/Build/Intermediates.noindex/BrilliantHTML5Parser.build/Debug-watchos/BrilliantHTML5Parser-t.build/DerivedSources -Xcc -DSWIFT_PACKAGE -Xcc -DDEBUG\=1 -emit-objc-header -emit-objc-header-path /Users/admin/builder/spi-builder-workspace/.derivedData/Build/Intermediates.noindex/BrilliantHTML5Parser.build/Debug-watchos/BrilliantHTML5Parser-t.build/Objects-normal/arm64_32/BrilliantHTML5Parser-Swift.h -working-directory /Users/admin/builder/spi-builder-workspace/.swiftpm/xcode -experimental-emit-module-separately -disable-cmo
SwiftDriverJobDiscovery normal arm64 Emitting module for BrilliantHTML5Parser (in target 'BrilliantHTML5Parser' from project 'BrilliantHTML5Parser')
SwiftDriver\ Compilation\ Requirements BrilliantHTML5Parser normal arm64 com.apple.xcode.tools.swift.compiler (in target 'BrilliantHTML5Parser' from project 'BrilliantHTML5Parser')
    cd /Users/admin/builder/spi-builder-workspace/.swiftpm/xcode
    builtin-Swift-Compilation-Requirements -- /Applications/Xcode-27.0.0-Release.Candidate.app/Contents/Developer/Toolchains/XcodeDefault.xctoolchain/usr/bin/swiftc -parse-as-library -module-name BrilliantHTML5Parser -Onone @/Users/admin/builder/spi-builder-workspace/.derivedData/Build/Intermediates.noindex/BrilliantHTML5Parser.build/Debug-watchos/BrilliantHTML5Parser-t.build/Objects-normal/arm64/BrilliantHTML5Parser.SwiftFileList -DSWIFT_PACKAGE -DDEBUG -DSWIFT_MODULE_RESOURCE_BUNDLE_UNAVAILABLE -DXcode -plugin-path /Applications/Xcode-27.0.0-Release.Candidate.app/Contents/Developer/Toolchains/XcodeDefault.xctoolchain/usr/lib/swift/host/plugins/testing -enable-experimental-feature DebugDescriptionMacro -sdk /Applications/Xcode-27.0.0-Release.Candidate.app/Contents/Developer/Platforms/WatchOS.platform/Developer/SDKs/WatchOS27.0.sdk -target arm64-apple-watchos9.0 -g -module-cache-path /Users/admin/builder/spi-builder-workspace/.derivedData/ModuleCache.noindex -Xfrontend -serialize-debugging-options -profile-coverage-mapping -profile-generate -enable-testing -index-store-path /Users/admin/builder/spi-builder-workspace/.derivedData/Index.noindex/DataStore -Xcc -D_LIBCPP_HARDENING_MODE\=_LIBCPP_HARDENING_MODE_DEBUG -swift-version 4 -I /Users/admin/builder/spi-builder-workspace/.derivedData/Build/Products/Debug-watchos -Isystem /Applications/Xcode-27.0.0-Release.Candidate.app/Contents/Developer/Platforms/WatchOS.platform/Developer/usr/lib -F /Users/admin/builder/spi-builder-workspace/.derivedData/Build/Products/Debug-watchos/PackageFrameworks -F /Users/admin/builder/spi-builder-workspace/.derivedData/Build/Products/Debug-watchos -F /Applications/Xcode-27.0.0-Release.Candidate.app/Contents/Developer/Platforms/WatchOS.platform/Developer/Library/Frameworks -F /Applications/Xcode-27.0.0-Release.Candidate.app/Contents/Developer/Platforms/WatchOS.platform/Developer/SDKs/WatchOS27.0.sdk/Developer/Library/Frameworks -c -j10 -enable-batch-mode -incremental -Xcc -ivfsstatcache -Xcc /Users/admin/builder/spi-builder-workspace/.derivedData/SDKStatCaches.noindex/watchos27.0-24R360-e829b21a6f8c9b70876ba0858053c04477534ef55a1706bf4c1112bbb242f0a2.sdkstatcache -output-file-map /Users/admin/builder/spi-builder-workspace/.derivedData/Build/Intermediates.noindex/BrilliantHTML5Parser.build/Debug-watchos/BrilliantHTML5Parser-t.build/Objects-normal/arm64/BrilliantHTML5Parser-OutputFileMap.json -save-temps -no-color-diagnostics -emit-dependencies -emit-module -emit-module-path /Users/admin/builder/spi-builder-workspace/.derivedData/Build/Intermediates.noindex/BrilliantHTML5Parser.build/Debug-watchos/BrilliantHTML5Parser-t.build/Objects-normal/arm64/BrilliantHTML5Parser.swiftmodule -serialize-diagnostics -validate-clang-modules-once -clang-build-session-file /Users/admin/builder/spi-builder-workspace/.derivedData/ModuleCache.noindex/Session.modulevalidation -Xcc -fmodules-prune-interval\=86400 -Xcc -fmodules-prune-after\=345600 -emit-const-values -const-gather-protocols-list /Users/admin/builder/spi-builder-workspace/.derivedData/Build/Intermediates.noindex/BrilliantHTML5Parser.build/Debug-watchos/BrilliantHTML5Parser-t.build/Objects-normal/arm64/BrilliantHTML5Parser_const_extract_protocols.json -Xcc -I/Users/admin/builder/spi-builder-workspace/.derivedData/Build/Products/Debug-watchos/include -Xcc -I/Users/admin/builder/spi-builder-workspace/.derivedData/Build/Intermediates.noindex/BrilliantHTML5Parser.build/Debug-watchos/BrilliantHTML5Parser-t.build/DerivedSources-normal/arm64 -Xcc -I/Users/admin/builder/spi-builder-workspace/.derivedData/Build/Intermediates.noindex/BrilliantHTML5Parser.build/Debug-watchos/BrilliantHTML5Parser-t.build/DerivedSources/arm64 -Xcc -I/Users/admin/builder/spi-builder-workspace/.derivedData/Build/Intermediates.noindex/BrilliantHTML5Parser.build/Debug-watchos/BrilliantHTML5Parser-t.build/DerivedSources -Xcc -DSWIFT_PACKAGE -Xcc -DDEBUG\=1 -emit-objc-header -emit-objc-header-path /Users/admin/builder/spi-builder-workspace/.derivedData/Build/Intermediates.noindex/BrilliantHTML5Parser.build/Debug-watchos/BrilliantHTML5Parser-t.build/Objects-normal/arm64/BrilliantHTML5Parser-Swift.h -working-directory /Users/admin/builder/spi-builder-workspace/.swiftpm/xcode -experimental-emit-module-separately -disable-cmo
Copy /Users/admin/builder/spi-builder-workspace/.derivedData/Build/Products/Debug-watchos/BrilliantHTML5Parser.swiftmodule/arm64_32-apple-watchos.swiftdoc /Users/admin/builder/spi-builder-workspace/.derivedData/Build/Intermediates.noindex/BrilliantHTML5Parser.build/Debug-watchos/BrilliantHTML5Parser-t.build/Objects-normal/arm64_32/BrilliantHTML5Parser.swiftdoc (in target 'BrilliantHTML5Parser' from project 'BrilliantHTML5Parser')
    cd /Users/admin/builder/spi-builder-workspace
    builtin-copy -exclude .DS_Store -exclude CVS -exclude .svn -exclude .git -exclude .hg -resolve-src-symlinks -rename /Users/admin/builder/spi-builder-workspace/.derivedData/Build/Intermediates.noindex/BrilliantHTML5Parser.build/Debug-watchos/BrilliantHTML5Parser-t.build/Objects-normal/arm64_32/BrilliantHTML5Parser.swiftdoc /Users/admin/builder/spi-builder-workspace/.derivedData/Build/Products/Debug-watchos/BrilliantHTML5Parser.swiftmodule/arm64_32-apple-watchos.swiftdoc
Copy /Users/admin/builder/spi-builder-workspace/.derivedData/Build/Products/Debug-watchos/BrilliantHTML5Parser.swiftmodule/arm64_32-apple-watchos.abi.json /Users/admin/builder/spi-builder-workspace/.derivedData/Build/Intermediates.noindex/BrilliantHTML5Parser.build/Debug-watchos/BrilliantHTML5Parser-t.build/Objects-normal/arm64_32/BrilliantHTML5Parser.abi.json (in target 'BrilliantHTML5Parser' from project 'BrilliantHTML5Parser')
    cd /Users/admin/builder/spi-builder-workspace
    builtin-copy -exclude .DS_Store -exclude CVS -exclude .svn -exclude .git -exclude .hg -resolve-src-symlinks -rename /Users/admin/builder/spi-builder-workspace/.derivedData/Build/Intermediates.noindex/BrilliantHTML5Parser.build/Debug-watchos/BrilliantHTML5Parser-t.build/Objects-normal/arm64_32/BrilliantHTML5Parser.abi.json /Users/admin/builder/spi-builder-workspace/.derivedData/Build/Products/Debug-watchos/BrilliantHTML5Parser.swiftmodule/arm64_32-apple-watchos.abi.json
Copy /Users/admin/builder/spi-builder-workspace/.derivedData/Build/Products/Debug-watchos/BrilliantHTML5Parser.swiftmodule/arm64_32-apple-watchos.swiftmodule /Users/admin/builder/spi-builder-workspace/.derivedData/Build/Intermediates.noindex/BrilliantHTML5Parser.build/Debug-watchos/BrilliantHTML5Parser-t.build/Objects-normal/arm64_32/BrilliantHTML5Parser.swiftmodule (in target 'BrilliantHTML5Parser' from project 'BrilliantHTML5Parser')
    cd /Users/admin/builder/spi-builder-workspace
    builtin-copy -exclude .DS_Store -exclude CVS -exclude .svn -exclude .git -exclude .hg -resolve-src-symlinks -rename /Users/admin/builder/spi-builder-workspace/.derivedData/Build/Intermediates.noindex/BrilliantHTML5Parser.build/Debug-watchos/BrilliantHTML5Parser-t.build/Objects-normal/arm64_32/BrilliantHTML5Parser.swiftmodule /Users/admin/builder/spi-builder-workspace/.derivedData/Build/Products/Debug-watchos/BrilliantHTML5Parser.swiftmodule/arm64_32-apple-watchos.swiftmodule
Copy /Users/admin/builder/spi-builder-workspace/.derivedData/Build/Products/Debug-watchos/BrilliantHTML5Parser.swiftmodule/Project/arm64_32-apple-watchos.swiftsourceinfo /Users/admin/builder/spi-builder-workspace/.derivedData/Build/Intermediates.noindex/BrilliantHTML5Parser.build/Debug-watchos/BrilliantHTML5Parser-t.build/Objects-normal/arm64_32/BrilliantHTML5Parser.swiftsourceinfo (in target 'BrilliantHTML5Parser' from project 'BrilliantHTML5Parser')
    cd /Users/admin/builder/spi-builder-workspace
    builtin-copy -exclude .DS_Store -exclude CVS -exclude .svn -exclude .git -exclude .hg -resolve-src-symlinks -rename /Users/admin/builder/spi-builder-workspace/.derivedData/Build/Intermediates.noindex/BrilliantHTML5Parser.build/Debug-watchos/BrilliantHTML5Parser-t.build/Objects-normal/arm64_32/BrilliantHTML5Parser.swiftsourceinfo /Users/admin/builder/spi-builder-workspace/.derivedData/Build/Products/Debug-watchos/BrilliantHTML5Parser.swiftmodule/Project/arm64_32-apple-watchos.swiftsourceinfo
SwiftMergeGeneratedHeaders /Users/admin/builder/spi-builder-workspace/.derivedData/Build/Intermediates.noindex/GeneratedModuleMaps-watchos/BrilliantHTML5Parser-Swift.h /Users/admin/builder/spi-builder-workspace/.derivedData/Build/Intermediates.noindex/BrilliantHTML5Parser.build/Debug-watchos/BrilliantHTML5Parser-t.build/Objects-normal/arm64/BrilliantHTML5Parser-Swift.h /Users/admin/builder/spi-builder-workspace/.derivedData/Build/Intermediates.noindex/BrilliantHTML5Parser.build/Debug-watchos/BrilliantHTML5Parser-t.build/Objects-normal/arm64_32/BrilliantHTML5Parser-Swift.h (in target 'BrilliantHTML5Parser' from project 'BrilliantHTML5Parser')
    cd /Users/admin/builder/spi-builder-workspace
    builtin-swiftHeaderTool -arch arm64 /Users/admin/builder/spi-builder-workspace/.derivedData/Build/Intermediates.noindex/BrilliantHTML5Parser.build/Debug-watchos/BrilliantHTML5Parser-t.build/Objects-normal/arm64/BrilliantHTML5Parser-Swift.h -arch arm64_32 /Users/admin/builder/spi-builder-workspace/.derivedData/Build/Intermediates.noindex/BrilliantHTML5Parser.build/Debug-watchos/BrilliantHTML5Parser-t.build/Objects-normal/arm64_32/BrilliantHTML5Parser-Swift.h -o /Users/admin/builder/spi-builder-workspace/.derivedData/Build/Intermediates.noindex/GeneratedModuleMaps-watchos/BrilliantHTML5Parser-Swift.h
Copy /Users/admin/builder/spi-builder-workspace/.derivedData/Build/Products/Debug-watchos/BrilliantHTML5Parser.swiftmodule/arm64-apple-watchos.swiftmodule /Users/admin/builder/spi-builder-workspace/.derivedData/Build/Intermediates.noindex/BrilliantHTML5Parser.build/Debug-watchos/BrilliantHTML5Parser-t.build/Objects-normal/arm64/BrilliantHTML5Parser.swiftmodule (in target 'BrilliantHTML5Parser' from project 'BrilliantHTML5Parser')
    cd /Users/admin/builder/spi-builder-workspace
    builtin-copy -exclude .DS_Store -exclude CVS -exclude .svn -exclude .git -exclude .hg -resolve-src-symlinks -rename /Users/admin/builder/spi-builder-workspace/.derivedData/Build/Intermediates.noindex/BrilliantHTML5Parser.build/Debug-watchos/BrilliantHTML5Parser-t.build/Objects-normal/arm64/BrilliantHTML5Parser.swiftmodule /Users/admin/builder/spi-builder-workspace/.derivedData/Build/Products/Debug-watchos/BrilliantHTML5Parser.swiftmodule/arm64-apple-watchos.swiftmodule
Copy /Users/admin/builder/spi-builder-workspace/.derivedData/Build/Products/Debug-watchos/BrilliantHTML5Parser.swiftmodule/arm64-apple-watchos.swiftdoc /Users/admin/builder/spi-builder-workspace/.derivedData/Build/Intermediates.noindex/BrilliantHTML5Parser.build/Debug-watchos/BrilliantHTML5Parser-t.build/Objects-normal/arm64/BrilliantHTML5Parser.swiftdoc (in target 'BrilliantHTML5Parser' from project 'BrilliantHTML5Parser')
    cd /Users/admin/builder/spi-builder-workspace
    builtin-copy -exclude .DS_Store -exclude CVS -exclude .svn -exclude .git -exclude .hg -resolve-src-symlinks -rename /Users/admin/builder/spi-builder-workspace/.derivedData/Build/Intermediates.noindex/BrilliantHTML5Parser.build/Debug-watchos/BrilliantHTML5Parser-t.build/Objects-normal/arm64/BrilliantHTML5Parser.swiftdoc /Users/admin/builder/spi-builder-workspace/.derivedData/Build/Products/Debug-watchos/BrilliantHTML5Parser.swiftmodule/arm64-apple-watchos.swiftdoc
Copy /Users/admin/builder/spi-builder-workspace/.derivedData/Build/Products/Debug-watchos/BrilliantHTML5Parser.swiftmodule/arm64-apple-watchos.abi.json /Users/admin/builder/spi-builder-workspace/.derivedData/Build/Intermediates.noindex/BrilliantHTML5Parser.build/Debug-watchos/BrilliantHTML5Parser-t.build/Objects-normal/arm64/BrilliantHTML5Parser.abi.json (in target 'BrilliantHTML5Parser' from project 'BrilliantHTML5Parser')
    cd /Users/admin/builder/spi-builder-workspace
    builtin-copy -exclude .DS_Store -exclude CVS -exclude .svn -exclude .git -exclude .hg -resolve-src-symlinks -rename /Users/admin/builder/spi-builder-workspace/.derivedData/Build/Intermediates.noindex/BrilliantHTML5Parser.build/Debug-watchos/BrilliantHTML5Parser-t.build/Objects-normal/arm64/BrilliantHTML5Parser.abi.json /Users/admin/builder/spi-builder-workspace/.derivedData/Build/Products/Debug-watchos/BrilliantHTML5Parser.swiftmodule/arm64-apple-watchos.abi.json
Copy /Users/admin/builder/spi-builder-workspace/.derivedData/Build/Products/Debug-watchos/BrilliantHTML5Parser.swiftmodule/Project/arm64-apple-watchos.swiftsourceinfo /Users/admin/builder/spi-builder-workspace/.derivedData/Build/Intermediates.noindex/BrilliantHTML5Parser.build/Debug-watchos/BrilliantHTML5Parser-t.build/Objects-normal/arm64/BrilliantHTML5Parser.swiftsourceinfo (in target 'BrilliantHTML5Parser' from project 'BrilliantHTML5Parser')
    cd /Users/admin/builder/spi-builder-workspace
    builtin-copy -exclude .DS_Store -exclude CVS -exclude .svn -exclude .git -exclude .hg -resolve-src-symlinks -rename /Users/admin/builder/spi-builder-workspace/.derivedData/Build/Intermediates.noindex/BrilliantHTML5Parser.build/Debug-watchos/BrilliantHTML5Parser-t.build/Objects-normal/arm64/BrilliantHTML5Parser.swiftsourceinfo /Users/admin/builder/spi-builder-workspace/.derivedData/Build/Products/Debug-watchos/BrilliantHTML5Parser.swiftmodule/Project/arm64-apple-watchos.swiftsourceinfo
PruneExplicitPrecompiledModules /Users/admin/builder/spi-builder-workspace/.derivedData/Build/Intermediates.noindex/ExplicitPrecompiledModules
PruneExplicitPrecompiledModules /Users/admin/builder/spi-builder-workspace/.derivedData/Build/Intermediates.noindex/SwiftExplicitPrecompiledModules
PruneExplicitPrecompiledModules /Users/admin/builder/spi-builder-workspace/.derivedData/SDKExplicitPrecompiledModules
2026-09-16 10:27:48.366 xcodebuild[687:4434] [MT] IDERunDestination: Supported platforms for the buildables in the current scheme is empty.
** BUILD FAILED **
The following build commands failed:
	SwiftCompile normal arm64_32 Compiling\ ParseHTML5.swift /Users/admin/builder/spi-builder-workspace/Sources/BrilliantHTML5Parser/ParseHTML5.swift (in target 'BrilliantHTML5Parser' from project 'BrilliantHTML5Parser')
	SwiftCompile normal arm64_32 /Users/admin/builder/spi-builder-workspace/Sources/BrilliantHTML5Parser/ParseHTML5.swift (in target 'BrilliantHTML5Parser' from project 'BrilliantHTML5Parser')
	SwiftCompile normal arm64 Compiling\ ParseHTML5.swift /Users/admin/builder/spi-builder-workspace/Sources/BrilliantHTML5Parser/ParseHTML5.swift (in target 'BrilliantHTML5Parser' from project 'BrilliantHTML5Parser')
	SwiftCompile normal arm64 /Users/admin/builder/spi-builder-workspace/Sources/BrilliantHTML5Parser/ParseHTML5.swift (in target 'BrilliantHTML5Parser' from project 'BrilliantHTML5Parser')
	Building workspace BrilliantHTML5Parser with scheme BrilliantHTML5Parser
(5 failures)
Command line invocation:
    /Applications/Xcode-27.0.0-Release.Candidate.app/Contents/Developer/usr/bin/xcodebuild -IDEClonedSourcePackagesDirPathOverride=/Users/admin/builder/spi-builder-workspace/.dependencies -resolvePackageDependencies
Resolve Package Graph
Resolved source packages:
  BrilliantHTML5Parser: /Users/admin/builder/spi-builder-workspace
  HTMLEntities: https://github.com/IBM-Swift/swift-html-entities.git @ 3.0.200
resolved source packages: BrilliantHTML5Parser, HTMLEntities
2026-09-16 10:27:58.671 xcodebuild[738:4782] [MT] IDERunDestination: Supported platforms for the buildables in the current scheme is empty.
{
  "dependencies" : [
    {
      "identity" : "swift-html-entities",
      "requirement" : {
        "range" : [
          {
            "lower_bound" : "3.0.0",
            "upper_bound" : "4.0.0"
          }
        ]
      },
      "type" : "sourceControl",
      "url" : "https://github.com/IBM-Swift/swift-html-entities.git"
    }
  ],
  "manifest_display_name" : "BrilliantHTML5Parser",
  "name" : "BrilliantHTML5Parser",
  "path" : "/Users/admin/builder/spi-builder-workspace",
  "platforms" : [
  ],
  "products" : [
    {
      "name" : "BrilliantHTML5Parser",
      "targets" : [
        "BrilliantHTML5Parser"
      ],
      "type" : {
        "library" : [
          "automatic"
        ]
      }
    }
  ],
  "targets" : [
    {
      "c99name" : "BrilliantHTML5ParserTests",
      "module_type" : "SwiftTarget",
      "name" : "BrilliantHTML5ParserTests",
      "path" : "Tests/BrilliantHTML5ParserTests",
      "product_dependencies" : [
        "HTMLEntities"
      ],
      "sources" : [
        "BrilliantHTML5ParserTests.swift"
      ],
      "target_dependencies" : [
        "BrilliantHTML5Parser"
      ],
      "type" : "test"
    },
    {
      "c99name" : "BrilliantHTML5Parser",
      "module_type" : "SwiftTarget",
      "name" : "BrilliantHTML5Parser",
      "path" : "Sources/BrilliantHTML5Parser",
      "product_dependencies" : [
        "HTMLEntities"
      ],
      "product_memberships" : [
        "BrilliantHTML5Parser"
      ],
      "sources" : [
        "HTMLEntity.swift",
        "ParseHTML5.swift",
        "SearchableTree.swift"
      ],
      "type" : "library"
    }
  ],
  "tools_version" : "4.0"
}
{
  "workspace" : {
    "name" : "BrilliantHTML5Parser",
    "schemes" : [
      "BrilliantHTML5Parser"
    ]
  }
}
2026-09-16 10:27:59.893 xcodebuild[746:4853] [MT] IDERunDestination: Supported platforms for the buildables in the current scheme is empty.
Running build ...
env DEVELOPER_DIR=/Applications/Xcode-27.0.0-Release.Candidate.app xcrun xcodebuild -IDEClonedSourcePackagesDirPathOverride=$PWD/.dependencies -skipMacroValidation -skipPackagePluginValidation -derivedDataPath $PWD/.derivedData build -scheme BrilliantHTML5Parser -destination generic/platform=watchOS
Command line invocation:
    /Applications/Xcode-27.0.0-Release.Candidate.app/Contents/Developer/usr/bin/xcodebuild -IDEClonedSourcePackagesDirPathOverride=/Users/admin/builder/spi-builder-workspace/.dependencies -skipMacroValidation -skipPackagePluginValidation -derivedDataPath /Users/admin/builder/spi-builder-workspace/.derivedData build -scheme BrilliantHTML5Parser -destination generic/platform=watchOS
Resolve Package Graph
Resolved source packages:
  HTMLEntities: https://github.com/IBM-Swift/swift-html-entities.git @ 3.0.200
  BrilliantHTML5Parser: /Users/admin/builder/spi-builder-workspace
ComputePackagePrebuildTargetDependencyGraph
Prepare packages
CreateBuildRequest
SendProjectDescription
CreateBuildOperation
ComputeTargetDependencyGraph
note: Building targets in dependency order
note: Target dependency graph (4 targets)
    Target 'BrilliantHTML5Parser-product' in project 'BrilliantHTML5Parser'
        ➜ Explicit dependency on target 'BrilliantHTML5Parser' in project 'BrilliantHTML5Parser'
        ➜ Explicit dependency on target 'HTMLEntities-product' in project 'HTMLEntities'
    Target 'BrilliantHTML5Parser' in project 'BrilliantHTML5Parser'
        ➜ Explicit dependency on target 'HTMLEntities-product' in project 'HTMLEntities'
    Target 'HTMLEntities-product' in project 'HTMLEntities'
        ➜ Explicit dependency on target 'HTMLEntities' in project 'HTMLEntities'
    Target 'HTMLEntities' in project 'HTMLEntities' (no dependencies)
GatherProvisioningInputs
CreateBuildDescription
ClangStatCache /Applications/Xcode-27.0.0-Release.Candidate.app/Contents/Developer/Toolchains/XcodeDefault.xctoolchain/usr/bin/clang-stat-cache /Applications/Xcode-27.0.0-Release.Candidate.app/Contents/Developer/Platforms/WatchOS.platform/Developer/SDKs/WatchOS27.0.sdk /Users/admin/builder/spi-builder-workspace/.derivedData/SDKStatCaches.noindex/watchos27.0-24R360-e829b21a6f8c9b70876ba0858053c04477534ef55a1706bf4c1112bbb242f0a2.sdkstatcache
    cd /Users/admin/builder/spi-builder-workspace/.swiftpm/xcode
    /Applications/Xcode-27.0.0-Release.Candidate.app/Contents/Developer/Toolchains/XcodeDefault.xctoolchain/usr/bin/clang-stat-cache /Applications/Xcode-27.0.0-Release.Candidate.app/Contents/Developer/Platforms/WatchOS.platform/Developer/SDKs/WatchOS27.0.sdk -o /Users/admin/builder/spi-builder-workspace/.derivedData/SDKStatCaches.noindex/watchos27.0-24R360-e829b21a6f8c9b70876ba0858053c04477534ef55a1706bf4c1112bbb242f0a2.sdkstatcache
SwiftDriver BrilliantHTML5Parser normal arm64_32 com.apple.xcode.tools.swift.compiler (in target 'BrilliantHTML5Parser' from project 'BrilliantHTML5Parser')
    cd /Users/admin/builder/spi-builder-workspace/.swiftpm/xcode
    builtin-SwiftDriver -- /Applications/Xcode-27.0.0-Release.Candidate.app/Contents/Developer/Toolchains/XcodeDefault.xctoolchain/usr/bin/swiftc -parse-as-library -module-name BrilliantHTML5Parser -Onone @/Users/admin/builder/spi-builder-workspace/.derivedData/Build/Intermediates.noindex/BrilliantHTML5Parser.build/Debug-watchos/BrilliantHTML5Parser-t.build/Objects-normal/arm64_32/BrilliantHTML5Parser.SwiftFileList -DSWIFT_PACKAGE -DDEBUG -DSWIFT_MODULE_RESOURCE_BUNDLE_UNAVAILABLE -DXcode -plugin-path /Applications/Xcode-27.0.0-Release.Candidate.app/Contents/Developer/Toolchains/XcodeDefault.xctoolchain/usr/lib/swift/host/plugins/testing -enable-experimental-feature DebugDescriptionMacro -sdk /Applications/Xcode-27.0.0-Release.Candidate.app/Contents/Developer/Platforms/WatchOS.platform/Developer/SDKs/WatchOS27.0.sdk -target arm64_32-apple-watchos9.0 -g -module-cache-path /Users/admin/builder/spi-builder-workspace/.derivedData/ModuleCache.noindex -Xfrontend -serialize-debugging-options -profile-coverage-mapping -profile-generate -enable-testing -index-store-path /Users/admin/builder/spi-builder-workspace/.derivedData/Index.noindex/DataStore -Xcc -D_LIBCPP_HARDENING_MODE\=_LIBCPP_HARDENING_MODE_DEBUG -swift-version 4 -I /Users/admin/builder/spi-builder-workspace/.derivedData/Build/Products/Debug-watchos -Isystem /Applications/Xcode-27.0.0-Release.Candidate.app/Contents/Developer/Platforms/WatchOS.platform/Developer/usr/lib -F /Users/admin/builder/spi-builder-workspace/.derivedData/Build/Products/Debug-watchos/PackageFrameworks -F /Users/admin/builder/spi-builder-workspace/.derivedData/Build/Products/Debug-watchos -F /Applications/Xcode-27.0.0-Release.Candidate.app/Contents/Developer/Platforms/WatchOS.platform/Developer/Library/Frameworks -F /Applications/Xcode-27.0.0-Release.Candidate.app/Contents/Developer/Platforms/WatchOS.platform/Developer/SDKs/WatchOS27.0.sdk/Developer/Library/Frameworks -c -j10 -enable-batch-mode -incremental -Xcc -ivfsstatcache -Xcc /Users/admin/builder/spi-builder-workspace/.derivedData/SDKStatCaches.noindex/watchos27.0-24R360-e829b21a6f8c9b70876ba0858053c04477534ef55a1706bf4c1112bbb242f0a2.sdkstatcache -output-file-map /Users/admin/builder/spi-builder-workspace/.derivedData/Build/Intermediates.noindex/BrilliantHTML5Parser.build/Debug-watchos/BrilliantHTML5Parser-t.build/Objects-normal/arm64_32/BrilliantHTML5Parser-OutputFileMap.json -save-temps -no-color-diagnostics -emit-dependencies -emit-module -emit-module-path /Users/admin/builder/spi-builder-workspace/.derivedData/Build/Intermediates.noindex/BrilliantHTML5Parser.build/Debug-watchos/BrilliantHTML5Parser-t.build/Objects-normal/arm64_32/BrilliantHTML5Parser.swiftmodule -serialize-diagnostics -validate-clang-modules-once -clang-build-session-file /Users/admin/builder/spi-builder-workspace/.derivedData/ModuleCache.noindex/Session.modulevalidation -Xcc -fmodules-prune-interval\=86400 -Xcc -fmodules-prune-after\=345600 -emit-const-values -const-gather-protocols-list /Users/admin/builder/spi-builder-workspace/.derivedData/Build/Intermediates.noindex/BrilliantHTML5Parser.build/Debug-watchos/BrilliantHTML5Parser-t.build/Objects-normal/arm64_32/BrilliantHTML5Parser_const_extract_protocols.json -Xcc -I/Users/admin/builder/spi-builder-workspace/.derivedData/Build/Products/Debug-watchos/include -Xcc -I/Users/admin/builder/spi-builder-workspace/.derivedData/Build/Intermediates.noindex/BrilliantHTML5Parser.build/Debug-watchos/BrilliantHTML5Parser-t.build/DerivedSources-normal/arm64_32 -Xcc -I/Users/admin/builder/spi-builder-workspace/.derivedData/Build/Intermediates.noindex/BrilliantHTML5Parser.build/Debug-watchos/BrilliantHTML5Parser-t.build/DerivedSources/arm64_32 -Xcc -I/Users/admin/builder/spi-builder-workspace/.derivedData/Build/Intermediates.noindex/BrilliantHTML5Parser.build/Debug-watchos/BrilliantHTML5Parser-t.build/DerivedSources -Xcc -DSWIFT_PACKAGE -Xcc -DDEBUG\=1 -emit-objc-header -emit-objc-header-path /Users/admin/builder/spi-builder-workspace/.derivedData/Build/Intermediates.noindex/BrilliantHTML5Parser.build/Debug-watchos/BrilliantHTML5Parser-t.build/Objects-normal/arm64_32/BrilliantHTML5Parser-Swift.h -working-directory /Users/admin/builder/spi-builder-workspace/.swiftpm/xcode -experimental-emit-module-separately -disable-cmo
SwiftDriver BrilliantHTML5Parser normal arm64 com.apple.xcode.tools.swift.compiler (in target 'BrilliantHTML5Parser' from project 'BrilliantHTML5Parser')
    cd /Users/admin/builder/spi-builder-workspace/.swiftpm/xcode
    builtin-SwiftDriver -- /Applications/Xcode-27.0.0-Release.Candidate.app/Contents/Developer/Toolchains/XcodeDefault.xctoolchain/usr/bin/swiftc -parse-as-library -module-name BrilliantHTML5Parser -Onone @/Users/admin/builder/spi-builder-workspace/.derivedData/Build/Intermediates.noindex/BrilliantHTML5Parser.build/Debug-watchos/BrilliantHTML5Parser-t.build/Objects-normal/arm64/BrilliantHTML5Parser.SwiftFileList -DSWIFT_PACKAGE -DDEBUG -DSWIFT_MODULE_RESOURCE_BUNDLE_UNAVAILABLE -DXcode -plugin-path /Applications/Xcode-27.0.0-Release.Candidate.app/Contents/Developer/Toolchains/XcodeDefault.xctoolchain/usr/lib/swift/host/plugins/testing -enable-experimental-feature DebugDescriptionMacro -sdk /Applications/Xcode-27.0.0-Release.Candidate.app/Contents/Developer/Platforms/WatchOS.platform/Developer/SDKs/WatchOS27.0.sdk -target arm64-apple-watchos9.0 -g -module-cache-path /Users/admin/builder/spi-builder-workspace/.derivedData/ModuleCache.noindex -Xfrontend -serialize-debugging-options -profile-coverage-mapping -profile-generate -enable-testing -index-store-path /Users/admin/builder/spi-builder-workspace/.derivedData/Index.noindex/DataStore -Xcc -D_LIBCPP_HARDENING_MODE\=_LIBCPP_HARDENING_MODE_DEBUG -swift-version 4 -I /Users/admin/builder/spi-builder-workspace/.derivedData/Build/Products/Debug-watchos -Isystem /Applications/Xcode-27.0.0-Release.Candidate.app/Contents/Developer/Platforms/WatchOS.platform/Developer/usr/lib -F /Users/admin/builder/spi-builder-workspace/.derivedData/Build/Products/Debug-watchos/PackageFrameworks -F /Users/admin/builder/spi-builder-workspace/.derivedData/Build/Products/Debug-watchos -F /Applications/Xcode-27.0.0-Release.Candidate.app/Contents/Developer/Platforms/WatchOS.platform/Developer/Library/Frameworks -F /Applications/Xcode-27.0.0-Release.Candidate.app/Contents/Developer/Platforms/WatchOS.platform/Developer/SDKs/WatchOS27.0.sdk/Developer/Library/Frameworks -c -j10 -enable-batch-mode -incremental -Xcc -ivfsstatcache -Xcc /Users/admin/builder/spi-builder-workspace/.derivedData/SDKStatCaches.noindex/watchos27.0-24R360-e829b21a6f8c9b70876ba0858053c04477534ef55a1706bf4c1112bbb242f0a2.sdkstatcache -output-file-map /Users/admin/builder/spi-builder-workspace/.derivedData/Build/Intermediates.noindex/BrilliantHTML5Parser.build/Debug-watchos/BrilliantHTML5Parser-t.build/Objects-normal/arm64/BrilliantHTML5Parser-OutputFileMap.json -save-temps -no-color-diagnostics -emit-dependencies -emit-module -emit-module-path /Users/admin/builder/spi-builder-workspace/.derivedData/Build/Intermediates.noindex/BrilliantHTML5Parser.build/Debug-watchos/BrilliantHTML5Parser-t.build/Objects-normal/arm64/BrilliantHTML5Parser.swiftmodule -serialize-diagnostics -validate-clang-modules-once -clang-build-session-file /Users/admin/builder/spi-builder-workspace/.derivedData/ModuleCache.noindex/Session.modulevalidation -Xcc -fmodules-prune-interval\=86400 -Xcc -fmodules-prune-after\=345600 -emit-const-values -const-gather-protocols-list /Users/admin/builder/spi-builder-workspace/.derivedData/Build/Intermediates.noindex/BrilliantHTML5Parser.build/Debug-watchos/BrilliantHTML5Parser-t.build/Objects-normal/arm64/BrilliantHTML5Parser_const_extract_protocols.json -Xcc -I/Users/admin/builder/spi-builder-workspace/.derivedData/Build/Products/Debug-watchos/include -Xcc -I/Users/admin/builder/spi-builder-workspace/.derivedData/Build/Intermediates.noindex/BrilliantHTML5Parser.build/Debug-watchos/BrilliantHTML5Parser-t.build/DerivedSources-normal/arm64 -Xcc -I/Users/admin/builder/spi-builder-workspace/.derivedData/Build/Intermediates.noindex/BrilliantHTML5Parser.build/Debug-watchos/BrilliantHTML5Parser-t.build/DerivedSources/arm64 -Xcc -I/Users/admin/builder/spi-builder-workspace/.derivedData/Build/Intermediates.noindex/BrilliantHTML5Parser.build/Debug-watchos/BrilliantHTML5Parser-t.build/DerivedSources -Xcc -DSWIFT_PACKAGE -Xcc -DDEBUG\=1 -emit-objc-header -emit-objc-header-path /Users/admin/builder/spi-builder-workspace/.derivedData/Build/Intermediates.noindex/BrilliantHTML5Parser.build/Debug-watchos/BrilliantHTML5Parser-t.build/Objects-normal/arm64/BrilliantHTML5Parser-Swift.h -working-directory /Users/admin/builder/spi-builder-workspace/.swiftpm/xcode -experimental-emit-module-separately -disable-cmo
SwiftCompile normal arm64_32 Compiling\ SearchableTree.swift /Users/admin/builder/spi-builder-workspace/Sources/BrilliantHTML5Parser/SearchableTree.swift (in target 'BrilliantHTML5Parser' from project 'BrilliantHTML5Parser')
SwiftCompile normal arm64_32 /Users/admin/builder/spi-builder-workspace/Sources/BrilliantHTML5Parser/SearchableTree.swift (in target 'BrilliantHTML5Parser' from project 'BrilliantHTML5Parser')
    cd /Users/admin/builder/spi-builder-workspace/.swiftpm/xcode
    builtin-SwiftPerFileCompile SearchableTree.swift
/Users/admin/builder/spi-builder-workspace/Sources/BrilliantHTML5Parser/SearchableTree.swift:15:5: warning: 'weak' cannot be applied to a property declaration in a protocol; this is an error in the Swift 5 language mode
 13 |
 14 | public protocol Node: class {
 15 |     weak var _parentNode: Node? { get set }
    |     `- warning: 'weak' cannot be applied to a property declaration in a protocol; this is an error in the Swift 5 language mode
 16 |     var parentNode: Node? { get set }
 17 |     var root: Bool { get }
SwiftCompile normal arm64_32 Compiling\ ParseHTML5.swift /Users/admin/builder/spi-builder-workspace/Sources/BrilliantHTML5Parser/ParseHTML5.swift (in target 'BrilliantHTML5Parser' from project 'BrilliantHTML5Parser')
SwiftCompile normal arm64_32 /Users/admin/builder/spi-builder-workspace/Sources/BrilliantHTML5Parser/ParseHTML5.swift (in target 'BrilliantHTML5Parser' from project 'BrilliantHTML5Parser')
    cd /Users/admin/builder/spi-builder-workspace/.swiftpm/xcode
    builtin-SwiftPerFileCompile ParseHTML5.swift
/Users/admin/builder/spi-builder-workspace/Sources/BrilliantHTML5Parser/ParseHTML5.swift:25:78: warning: 'characters' is deprecated: Please use String directly [#DeprecatedDeclaration]
 23 |             self = ""
 24 |         } else {
 25 |             removeSubrange(startIndex ... index(startIndex, offsetBy: prefix.characters.count-1))
    |                                                                              `- warning: 'characters' is deprecated: Please use String directly [#DeprecatedDeclaration]
 26 |         }
 27 |     }
/Users/admin/builder/spi-builder-workspace/Sources/BrilliantHTML5Parser/ParseHTML5.swift:33:62: warning: 'characters' is deprecated: Please use String directly [#DeprecatedDeclaration]
 31 |             self = ""
 32 |         } else {
 33 |             removeSubrange(index(endIndex, offsetBy: -suffix.characters.count) ..< endIndex)
    |                                                              `- warning: 'characters' is deprecated: Please use String directly [#DeprecatedDeclaration]
 34 |         }
 35 |     }
/Users/admin/builder/spi-builder-workspace/Sources/BrilliantHTML5Parser/ParseHTML5.swift:144:51: error: referencing instance method 'popFirst()' on 'Collection' requires the types 'String' and 'String.SubSequence' (aka 'Substring') be equivalent
142 |                 continue
143 |             }
144 |             if let c: Character = html.characters.popFirst() {
    |                                                   `- error: referencing instance method 'popFirst()' on 'Collection' requires the types 'String' and 'String.SubSequence' (aka 'Substring') be equivalent
145 |                 switch c {
146 |                         // PRE TAG
Swift.Collection:1:11: note: where 'Self' = 'String', 'Self.SubSequence' = 'String.SubSequence' (aka 'Substring')
1 | extension Collection where Self == Self.SubSequence {
  |           `- note: where 'Self' = 'String', 'Self.SubSequence' = 'String.SubSequence' (aka 'Substring')
2 |     @inlinable public mutating func popFirst() -> Self.Element?
3 | }
[#DeprecatedDeclaration]: <https://docs.swift.org/compiler/documentation/diagnostics/deprecated-declaration>
Failed frontend command:
/Applications/Xcode-27.0.0-Release.Candidate.app/Contents/Developer/Toolchains/XcodeDefault.xctoolchain/usr/bin/swift-frontend -frontend -c /Users/admin/builder/spi-builder-workspace/Sources/BrilliantHTML5Parser/HTMLEntity.swift -primary-file /Users/admin/builder/spi-builder-workspace/Sources/BrilliantHTML5Parser/ParseHTML5.swift /Users/admin/builder/spi-builder-workspace/Sources/BrilliantHTML5Parser/SearchableTree.swift -emit-dependencies-path /Users/admin/builder/spi-builder-workspace/.derivedData/Build/Intermediates.noindex/BrilliantHTML5Parser.build/Debug-watchos/BrilliantHTML5Parser-t.build/Objects-normal/arm64_32/ParseHTML5.d -emit-const-values-path /Users/admin/builder/spi-builder-workspace/.derivedData/Build/Intermediates.noindex/BrilliantHTML5Parser.build/Debug-watchos/BrilliantHTML5Parser-t.build/Objects-normal/arm64_32/ParseHTML5.swiftconstvalues -emit-reference-dependencies-path /Users/admin/builder/spi-builder-workspace/.derivedData/Build/Intermediates.noindex/BrilliantHTML5Parser.build/Debug-watchos/BrilliantHTML5Parser-t.build/Objects-normal/arm64_32/ParseHTML5.swiftdeps -serialize-diagnostics-path /Users/admin/builder/spi-builder-workspace/.derivedData/Build/Intermediates.noindex/BrilliantHTML5Parser.build/Debug-watchos/BrilliantHTML5Parser-t.build/Objects-normal/arm64_32/ParseHTML5.dia -target arm64_32-apple-watchos9.0 -enable-objc-interop -sdk /Applications/Xcode-27.0.0-Release.Candidate.app/Contents/Developer/Platforms/WatchOS.platform/Developer/SDKs/WatchOS27.0.sdk -I /Users/admin/builder/spi-builder-workspace/.derivedData/Build/Products/Debug-watchos -Isystem /Applications/Xcode-27.0.0-Release.Candidate.app/Contents/Developer/Platforms/WatchOS.platform/Developer/usr/lib -F /Users/admin/builder/spi-builder-workspace/.derivedData/Build/Products/Debug-watchos/PackageFrameworks -F /Users/admin/builder/spi-builder-workspace/.derivedData/Build/Products/Debug-watchos -F /Applications/Xcode-27.0.0-Release.Candidate.app/Contents/Developer/Platforms/WatchOS.platform/Developer/Library/Frameworks -F /Applications/Xcode-27.0.0-Release.Candidate.app/Contents/Developer/Platforms/WatchOS.platform/Developer/SDKs/WatchOS27.0.sdk/Developer/Library/Frameworks -module-cache-path /Users/admin/builder/spi-builder-workspace/.derivedData/ModuleCache.noindex -no-color-diagnostics -Xcc -fno-color-diagnostics -enable-testing -g -debug-info-format\=dwarf -dwarf-version\=4 -profile-generate -profile-coverage-mapping -swift-version 4 -Onone -D SWIFT_PACKAGE -D DEBUG -D SWIFT_MODULE_RESOURCE_BUNDLE_UNAVAILABLE -D Xcode -serialize-debugging-options -enable-experimental-feature DebugDescriptionMacro -empty-abi-descriptor -plugin-path /Applications/Xcode-27.0.0-Release.Candidate.app/Contents/Developer/Toolchains/XcodeDefault.xctoolchain/usr/lib/swift/host/plugins/testing -validate-clang-modules-once -clang-build-session-file /Users/admin/builder/spi-builder-workspace/.derivedData/ModuleCache.noindex/Session.modulevalidation -Xcc -working-directory -Xcc /Users/admin/builder/spi-builder-workspace/.swiftpm/xcode -enable-anonymous-context-mangled-names -file-compilation-dir /Users/admin/builder/spi-builder-workspace/.swiftpm/xcode -Xcc -D_LIBCPP_HARDENING_MODE\=_LIBCPP_HARDENING_MODE_DEBUG -Xcc -ivfsstatcache -Xcc /Users/admin/builder/spi-builder-workspace/.derivedData/SDKStatCaches.noindex/watchos27.0-24R360-e829b21a6f8c9b70876ba0858053c04477534ef55a1706bf4c1112bbb242f0a2.sdkstatcache -Xcc -fmodules-prune-interval\=86400 -Xcc -fmodules-prune-after\=345600 -Xcc -I/Users/admin/builder/spi-builder-workspace/.derivedData/Build/Products/Debug-watchos/include -Xcc -I/Users/admin/builder/spi-builder-workspace/.derivedData/Build/Intermediates.noindex/BrilliantHTML5Parser.build/Debug-watchos/BrilliantHTML5Parser-t.build/DerivedSources-normal/arm64_32 -Xcc -I/Users/admin/builder/spi-builder-workspace/.derivedData/Build/Intermediates.noindex/BrilliantHTML5Parser.build/Debug-watchos/BrilliantHTML5Parser-t.build/DerivedSources/arm64_32 -Xcc -I/Users/admin/builder/spi-builder-workspace/.derivedData/Build/Intermediates.noindex/BrilliantHTML5Parser.build/Debug-watchos/BrilliantHTML5Parser-t.build/DerivedSources -Xcc -DSWIFT_PACKAGE -Xcc -DDEBUG\=1 -no-auto-bridging-header-chaining -module-name BrilliantHTML5Parser -const-gather-protocols-file /Users/admin/builder/spi-builder-workspace/.derivedData/Build/Intermediates.noindex/BrilliantHTML5Parser.build/Debug-watchos/BrilliantHTML5Parser-t.build/Objects-normal/arm64_32/BrilliantHTML5Parser_const_extract_protocols.json -disable-clang-spi -target-sdk-version 27.0 -target-sdk-name watchos27.0 -external-plugin-path /Applications/Xcode-27.0.0-Release.Candidate.app/Contents/Developer/Platforms/WatchOS.platform/Developer/usr/lib/swift/host/plugins\#/Applications/Xcode-27.0.0-Release.Candidate.app/Contents/Developer/Platforms/WatchOS.platform/Developer/usr/bin/swift-plugin-server -external-plugin-path /Applications/Xcode-27.0.0-Release.Candidate.app/Contents/Developer/Platforms/WatchOS.platform/Developer/usr/local/lib/swift/host/plugins\#/Applications/Xcode-27.0.0-Release.Candidate.app/Contents/Developer/Platforms/WatchOS.platform/Developer/usr/bin/swift-plugin-server -in-process-plugin-server-path /Applications/Xcode-27.0.0-Release.Candidate.app/Contents/Developer/Toolchains/XcodeDefault.xctoolchain/usr/lib/swift/host/libSwiftInProcPluginServer.dylib -plugin-path /Applications/Xcode-27.0.0-Release.Candidate.app/Contents/Developer/Toolchains/XcodeDefault.xctoolchain/usr/lib/swift/host/plugins -plugin-path /Applications/Xcode-27.0.0-Release.Candidate.app/Contents/Developer/Toolchains/XcodeDefault.xctoolchain/usr/local/lib/swift/host/plugins -parse-as-library -o /Users/admin/builder/spi-builder-workspace/.derivedData/Build/Intermediates.noindex/BrilliantHTML5Parser.build/Debug-watchos/BrilliantHTML5Parser-t.build/Objects-normal/arm64_32/ParseHTML5.o -index-unit-output-path /BrilliantHTML5Parser.build/Debug-watchos/BrilliantHTML5Parser-t.build/Objects-normal/arm64_32/ParseHTML5.o -index-store-path /Users/admin/builder/spi-builder-workspace/.derivedData/Index.noindex/DataStore -index-system-modules
SwiftEmitModule normal arm64_32 Emitting\ module\ for\ BrilliantHTML5Parser (in target 'BrilliantHTML5Parser' from project 'BrilliantHTML5Parser')
/Users/admin/builder/spi-builder-workspace/Sources/BrilliantHTML5Parser/SearchableTree.swift:15:5: warning: 'weak' cannot be applied to a property declaration in a protocol; this is an error in the Swift 5 language mode
 13 |
 14 | public protocol Node: class {
 15 |     weak var _parentNode: Node? { get set }
    |     `- warning: 'weak' cannot be applied to a property declaration in a protocol; this is an error in the Swift 5 language mode
 16 |     var parentNode: Node? { get set }
 17 |     var root: Bool { get }
SwiftCompile normal arm64_32 (in target 'BrilliantHTML5Parser' from project 'BrilliantHTML5Parser')
    cd /Users/admin/builder/spi-builder-workspace/.swiftpm/xcode

SwiftCompile normal arm64_32 Compiling\ HTMLEntity.swift /Users/admin/builder/spi-builder-workspace/Sources/BrilliantHTML5Parser/HTMLEntity.swift (in target 'BrilliantHTML5Parser' from project 'BrilliantHTML5Parser')
SwiftCompile normal arm64_32 /Users/admin/builder/spi-builder-workspace/Sources/BrilliantHTML5Parser/HTMLEntity.swift (in target 'BrilliantHTML5Parser' from project 'BrilliantHTML5Parser')
    cd /Users/admin/builder/spi-builder-workspace/.swiftpm/xcode
    builtin-SwiftPerFileCompile HTMLEntity.swift
SwiftCompile normal arm64 Compiling\ SearchableTree.swift /Users/admin/builder/spi-builder-workspace/Sources/BrilliantHTML5Parser/SearchableTree.swift (in target 'BrilliantHTML5Parser' from project 'BrilliantHTML5Parser')
/Users/admin/builder/spi-builder-workspace/Sources/BrilliantHTML5Parser/SearchableTree.swift:15:5: warning: 'weak' cannot be applied to a property declaration in a protocol; this is an error in the Swift 5 language mode
 13 |
 14 | public protocol Node: class {
 15 |     weak var _parentNode: Node? { get set }
    |     `- warning: 'weak' cannot be applied to a property declaration in a protocol; this is an error in the Swift 5 language mode
 16 |     var parentNode: Node? { get set }
 17 |     var root: Bool { get }
SwiftCompile normal arm64 /Users/admin/builder/spi-builder-workspace/Sources/BrilliantHTML5Parser/SearchableTree.swift (in target 'BrilliantHTML5Parser' from project 'BrilliantHTML5Parser')
    cd /Users/admin/builder/spi-builder-workspace/.swiftpm/xcode
    builtin-SwiftPerFileCompile SearchableTree.swift
SwiftEmitModule normal arm64 Emitting\ module\ for\ BrilliantHTML5Parser (in target 'BrilliantHTML5Parser' from project 'BrilliantHTML5Parser')
/Users/admin/builder/spi-builder-workspace/Sources/BrilliantHTML5Parser/SearchableTree.swift:15:5: warning: 'weak' cannot be applied to a property declaration in a protocol; this is an error in the Swift 5 language mode
 13 |
 14 | public protocol Node: class {
 15 |     weak var _parentNode: Node? { get set }
    |     `- warning: 'weak' cannot be applied to a property declaration in a protocol; this is an error in the Swift 5 language mode
 16 |     var parentNode: Node? { get set }
 17 |     var root: Bool { get }
SwiftCompile normal arm64 (in target 'BrilliantHTML5Parser' from project 'BrilliantHTML5Parser')
    cd /Users/admin/builder/spi-builder-workspace/.swiftpm/xcode

SwiftCompile normal arm64 Compiling\ HTMLEntity.swift /Users/admin/builder/spi-builder-workspace/Sources/BrilliantHTML5Parser/HTMLEntity.swift (in target 'BrilliantHTML5Parser' from project 'BrilliantHTML5Parser')
SwiftCompile normal arm64 /Users/admin/builder/spi-builder-workspace/Sources/BrilliantHTML5Parser/HTMLEntity.swift (in target 'BrilliantHTML5Parser' from project 'BrilliantHTML5Parser')
    cd /Users/admin/builder/spi-builder-workspace/.swiftpm/xcode
    builtin-SwiftPerFileCompile HTMLEntity.swift
SwiftCompile normal arm64 Compiling\ ParseHTML5.swift /Users/admin/builder/spi-builder-workspace/Sources/BrilliantHTML5Parser/ParseHTML5.swift (in target 'BrilliantHTML5Parser' from project 'BrilliantHTML5Parser')
SwiftCompile normal arm64 /Users/admin/builder/spi-builder-workspace/Sources/BrilliantHTML5Parser/ParseHTML5.swift (in target 'BrilliantHTML5Parser' from project 'BrilliantHTML5Parser')
    cd /Users/admin/builder/spi-builder-workspace/.swiftpm/xcode
    builtin-SwiftPerFileCompile ParseHTML5.swift
/Users/admin/builder/spi-builder-workspace/Sources/BrilliantHTML5Parser/ParseHTML5.swift:25:78: warning: 'characters' is deprecated: Please use String directly [#DeprecatedDeclaration]
 23 |             self = ""
 24 |         } else {
 25 |             removeSubrange(startIndex ... index(startIndex, offsetBy: prefix.characters.count-1))
    |                                                                              `- warning: 'characters' is deprecated: Please use String directly [#DeprecatedDeclaration]
 26 |         }
 27 |     }
/Users/admin/builder/spi-builder-workspace/Sources/BrilliantHTML5Parser/ParseHTML5.swift:33:62: warning: 'characters' is deprecated: Please use String directly [#DeprecatedDeclaration]
 31 |             self = ""
 32 |         } else {
 33 |             removeSubrange(index(endIndex, offsetBy: -suffix.characters.count) ..< endIndex)
    |                                                              `- warning: 'characters' is deprecated: Please use String directly [#DeprecatedDeclaration]
 34 |         }
 35 |     }
/Users/admin/builder/spi-builder-workspace/Sources/BrilliantHTML5Parser/ParseHTML5.swift:144:51: error: referencing instance method 'popFirst()' on 'Collection' requires the types 'String' and 'String.SubSequence' (aka 'Substring') be equivalent
142 |                 continue
143 |             }
144 |             if let c: Character = html.characters.popFirst() {
    |                                                   `- error: referencing instance method 'popFirst()' on 'Collection' requires the types 'String' and 'String.SubSequence' (aka 'Substring') be equivalent
145 |                 switch c {
146 |                         // PRE TAG
Swift.Collection:1:11: note: where 'Self' = 'String', 'Self.SubSequence' = 'String.SubSequence' (aka 'Substring')
1 | extension Collection where Self == Self.SubSequence {
  |           `- note: where 'Self' = 'String', 'Self.SubSequence' = 'String.SubSequence' (aka 'Substring')
2 |     @inlinable public mutating func popFirst() -> Self.Element?
3 | }
[#DeprecatedDeclaration]: <https://docs.swift.org/compiler/documentation/diagnostics/deprecated-declaration>
SwiftDriverJobDiscovery normal arm64 Compiling SearchableTree.swift (in target 'BrilliantHTML5Parser' from project 'BrilliantHTML5Parser')
SwiftDriverJobDiscovery normal arm64_32 Compiling SearchableTree.swift (in target 'BrilliantHTML5Parser' from project 'BrilliantHTML5Parser')
PruneExplicitPrecompiledModules /Users/admin/builder/spi-builder-workspace/.derivedData/SDKExplicitPrecompiledModules
PruneExplicitPrecompiledModules /Users/admin/builder/spi-builder-workspace/.derivedData/Build/Intermediates.noindex/ExplicitPrecompiledModules
PruneExplicitPrecompiledModules /Users/admin/builder/spi-builder-workspace/.derivedData/Build/Intermediates.noindex/SwiftExplicitPrecompiledModules
2026-09-16 10:28:00.903 xcodebuild[747:4882] [MT] IDERunDestination: Supported platforms for the buildables in the current scheme is empty.
** BUILD FAILED **
The following build commands failed:
	SwiftCompile normal arm64_32 /Users/admin/builder/spi-builder-workspace/Sources/BrilliantHTML5Parser/ParseHTML5.swift (in target 'BrilliantHTML5Parser' from project 'BrilliantHTML5Parser')
	SwiftCompile normal arm64_32 Compiling\ ParseHTML5.swift /Users/admin/builder/spi-builder-workspace/Sources/BrilliantHTML5Parser/ParseHTML5.swift (in target 'BrilliantHTML5Parser' from project 'BrilliantHTML5Parser')
	Building workspace BrilliantHTML5Parser with scheme BrilliantHTML5Parser
(3 failures)
BUILD FAILURE 6.4 watchOS