Build Information
Failed to build GoogleCloudPolicyTroubleshooterIAMV3, reference main (f223ab), with Swift 6.2 for Android on 12 Oct 2026 03:30:26 UTC.
Build Command
bash -c docker run --pull=always --rm -v "checkouts-54344847-2":/host -w "$PWD" -e JAVA_HOME="/root/.sdkman/candidates/java/current" -e SPI_BUILD="1" -e SPI_PROCESSING="1" registry.gitlab.com/saguaro1/spi-images:android-6.2-latest swift build --swift-sdk aarch64-unknown-linux-android28 2>&1Build Log
========================================
RunAll
========================================
Builder version: 5.1.1
Interrupt handler set up.
========================================
Checkout
========================================
Clone URL: https://github.com/googleapis/swift-google-cloud-policytroubleshooter-iam-v3.git
Reference: main
Initialized empty Git repository in /host/spi-builder-workspace/.git/
hint: Using 'master' as the name for the initial branch. This default branch name
hint: is subject to change. To configure the initial branch name to use in all
hint: of your new repositories, which will suppress this warning, call:
hint:
hint: git config --global init.defaultBranch <name>
hint:
hint: Names commonly chosen instead of 'master' are 'main', 'trunk' and
hint: 'development'. The just-created branch can be renamed via this command:
hint:
hint: git branch -m <name>
From https://github.com/googleapis/swift-google-cloud-policytroubleshooter-iam-v3
* branch main -> FETCH_HEAD
* [new branch] main -> origin/main
HEAD is now at f223ab7 chore: release circa 2026-10-07 (#1382)
Cloned https://github.com/googleapis/swift-google-cloud-policytroubleshooter-iam-v3.git
Revision (git rev-parse @):
f223ab7545e4e7ee2aa39f43b3ef9951148e72e1
SPI manifest file found: $PWD/.spi.yml
SUCCESS checkout https://github.com/googleapis/swift-google-cloud-policytroubleshooter-iam-v3.git at main
========================================
Build
========================================
Selected platform: android
Swift version: 6.2
Building package at path: $PWD
https://github.com/googleapis/swift-google-cloud-policytroubleshooter-iam-v3.git
Running build ...
bash -c docker run --pull=always --rm -v "checkouts-54344847-2":/host -w "$PWD" -e JAVA_HOME="/root/.sdkman/candidates/java/current" -e SPI_BUILD="1" -e SPI_PROCESSING="1" registry.gitlab.com/saguaro1/spi-images:android-6.2-latest swift build --swift-sdk aarch64-unknown-linux-android28 2>&1
android-6.2-latest: Pulling from saguaro1/spi-images
Digest: sha256:a839c9ce201f1dacc8eb056626ec7ab0a1c6d53d7b77c83feda395f4507c51be
Status: Image is up to date for registry.gitlab.com/saguaro1/spi-images:android-6.2-latest
Fetching https://github.com/googleapis/swift-google-wkt
Fetching https://github.com/googleapis/swift-google-iam-v1
Fetching https://github.com/apple/swift-log
Fetching https://github.com/googleapis/swift-google-rpc
Fetching https://github.com/googleapis/swift-google-gax
[1/422] Fetching swift-google-rpc
[191/1128] Fetching swift-google-rpc, swift-google-iam-v1
[305/9385] Fetching swift-google-rpc, swift-google-iam-v1, swift-log
[1119/10408] Fetching swift-google-rpc, swift-google-iam-v1, swift-log, swift-google-wkt
[1542/12156] Fetching swift-google-rpc, swift-google-iam-v1, swift-log, swift-google-wkt, swift-google-gax
Fetched https://github.com/googleapis/swift-google-iam-v1 from cache (0.44s)
[1646/11450] Fetching swift-google-rpc, swift-log, swift-google-wkt, swift-google-gax
Fetching https://github.com/googleapis/swift-google-iam-v2
Fetching https://github.com/googleapis/swift-google-type
Fetched https://github.com/googleapis/swift-google-wkt from cache (0.50s)
[5638/10427] Fetching swift-google-rpc, swift-log, swift-google-gax
Fetched https://github.com/googleapis/swift-google-gax from cache (0.52s)
[7524/8679] Fetching swift-google-rpc, swift-log
Fetched https://github.com/googleapis/swift-google-rpc from cache (0.62s)
Fetched https://github.com/apple/swift-log from cache (0.62s)
[1/512] Fetching swift-google-iam-v2
[406/949] Fetching swift-google-iam-v2, swift-google-type
Fetched https://github.com/googleapis/swift-google-iam-v2 from cache (0.43s)
[263/437] Fetching swift-google-type
Fetched https://github.com/googleapis/swift-google-type from cache (0.42s)
Fetching https://github.com/googleapis/swift-google-auth
[11/1023] Fetching swift-google-auth
Fetched https://github.com/googleapis/swift-google-auth from cache (0.47s)
Computing version for https://github.com/googleapis/swift-google-wkt
Computed https://github.com/googleapis/swift-google-wkt at 0.5.0 (1.63s)
Fetching https://github.com/swift-extras/swift-extras-base64
[1/954] Fetching swift-extras-base64
Fetched https://github.com/swift-extras/swift-extras-base64 from cache (0.44s)
Computing version for https://github.com/googleapis/swift-google-type
Computed https://github.com/googleapis/swift-google-type at 0.5.0 (0.77s)
Computing version for https://github.com/googleapis/swift-google-rpc
Computed https://github.com/googleapis/swift-google-rpc at 0.5.0 (0.28s)
Computing version for https://github.com/googleapis/swift-google-iam-v2
Computed https://github.com/googleapis/swift-google-iam-v2 at 0.5.0 (0.26s)
Fetching https://github.com/googleapis/swift-google-longrunning
[1/619] Fetching swift-google-longrunning
Fetched https://github.com/googleapis/swift-google-longrunning from cache (0.42s)
Computing version for https://github.com/googleapis/swift-google-iam-v1
Computed https://github.com/googleapis/swift-google-iam-v1 at 0.5.0 (0.70s)
Computing version for https://github.com/googleapis/swift-google-gax
Computed https://github.com/googleapis/swift-google-gax at 0.5.0 (0.31s)
Fetching https://github.com/apple/swift-nio
Fetching https://github.com/swift-server/async-http-client.git
[1/16464] Fetching async-http-client
[16465/102838] Fetching async-http-client, swift-nio
Fetched https://github.com/swift-server/async-http-client.git from cache (1.23s)
[13820/86374] Fetching swift-nio
Fetched https://github.com/apple/swift-nio from cache (5.10s)
Computing version for https://github.com/googleapis/swift-google-auth
Computed https://github.com/googleapis/swift-google-auth at 0.5.0 (5.28s)
Fetching https://github.com/vapor/jwt-kit.git
Fetching https://github.com/apple/swift-system.git
[1/7241] Fetching swift-system
[1015/17495] Fetching swift-system, jwt-kit
Fetched https://github.com/apple/swift-system.git from cache (1.20s)
Fetched https://github.com/vapor/jwt-kit.git from cache (1.21s)
Computing version for https://github.com/googleapis/swift-google-longrunning
Computed https://github.com/googleapis/swift-google-longrunning at 0.5.0 (1.48s)
Computing version for https://github.com/swift-extras/swift-extras-base64
Computed https://github.com/swift-extras/swift-extras-base64 at 1.2.0 (0.30s)
Computing version for https://github.com/swift-server/async-http-client.git
Computed https://github.com/swift-server/async-http-client.git at 1.36.2 (0.32s)
Fetching https://github.com/apple/swift-configuration.git
Fetching https://github.com/apple/swift-nio-ssl.git
Fetching https://github.com/apple/swift-algorithms.git
Fetching https://github.com/apple/swift-atomics.git
Fetching https://github.com/apple/swift-nio-http2.git
Fetching https://github.com/apple/swift-service-context.git
[1/1501] Fetching swift-service-context
[272/3390] Fetching swift-service-context, swift-atomics
[1284/20270] Fetching swift-service-context, swift-atomics, swift-nio-ssl
[3482/26434] Fetching swift-service-context, swift-atomics, swift-nio-ssl, swift-algorithms
[6932/38728] Fetching swift-service-context, swift-atomics, swift-nio-ssl, swift-algorithms, swift-nio-http2
Fetched https://github.com/apple/swift-algorithms.git from cache (0.75s)
Fetching https://github.com/apple/swift-nio-extras.git
[7492/32564] Fetching swift-service-context, swift-atomics, swift-nio-ssl, swift-nio-http2
[8583/36492] Fetching swift-service-context, swift-atomics, swift-nio-ssl, swift-nio-http2, swift-configuration
[29910/43196] Fetching swift-service-context, swift-atomics, swift-nio-ssl, swift-nio-http2, swift-configuration, swift-nio-extras
Fetched https://github.com/apple/swift-nio-extras.git from cache (0.73s)
Fetching https://github.com/apple/swift-nio-transport-services.git
[1/2867] Fetching swift-nio-transport-services
Fetched https://github.com/apple/swift-service-context.git from cache (1.92s)
Fetched https://github.com/apple/swift-atomics.git from cache (1.93s)
Fetching https://github.com/apple/swift-distributed-tracing.git
Fetched https://github.com/apple/swift-nio-http2.git from cache (1.94s)
Fetched https://github.com/apple/swift-nio-transport-services.git from cache (0.62s)
[1/6551] Fetching swift-distributed-tracing
Fetched https://github.com/apple/swift-configuration.git from cache (2.56s)
Fetched https://github.com/apple/swift-nio-ssl.git from cache (2.59s)
Fetched https://github.com/apple/swift-distributed-tracing.git from cache (0.72s)
Computing version for https://github.com/apple/swift-service-context.git
Computed https://github.com/apple/swift-service-context.git at 1.3.0 (2.95s)
Computing version for https://github.com/apple/swift-algorithms.git
Computed https://github.com/apple/swift-algorithms.git at 1.2.1 (1.21s)
Fetching https://github.com/apple/swift-numerics.git
[1/6742] Fetching swift-numerics
Fetched https://github.com/apple/swift-numerics.git from cache (0.55s)
Computing version for https://github.com/apple/swift-log
Computed https://github.com/apple/swift-log at 1.16.1 (0.71s)
Computing version for https://github.com/apple/swift-distributed-tracing.git
Computed https://github.com/apple/swift-distributed-tracing.git at 1.5.0 (0.17s)
Computing version for https://github.com/apple/swift-atomics.git
Computed https://github.com/apple/swift-atomics.git at 1.3.1 (0.15s)
Computing version for https://github.com/apple/swift-numerics.git
Computed https://github.com/apple/swift-numerics.git at 1.1.1 (0.14s)
Computing version for https://github.com/apple/swift-nio
Computed https://github.com/apple/swift-nio at 2.104.0 (0.42s)
Fetching https://github.com/apple/swift-collections.git
[1/28703] Fetching swift-collections
Fetched https://github.com/apple/swift-collections.git from cache (1.76s)
Computing version for https://github.com/apple/swift-configuration.git
Computed https://github.com/apple/swift-configuration.git at 1.2.2 (3.01s)
Fetching https://github.com/swift-server/swift-service-lifecycle
[1/2867] Fetching swift-service-lifecycle
Fetched https://github.com/swift-server/swift-service-lifecycle from cache (0.57s)
Computing version for https://github.com/apple/swift-nio-transport-services.git
Computed https://github.com/apple/swift-nio-transport-services.git at 1.28.0 (0.88s)
Computing version for https://github.com/swift-server/swift-service-lifecycle
Computed https://github.com/swift-server/swift-service-lifecycle at 2.12.1 (0.26s)
Fetching https://github.com/apple/swift-async-algorithms.git
[1/6820] Fetching swift-async-algorithms
Fetched https://github.com/apple/swift-async-algorithms.git from cache (0.79s)
Computing version for https://github.com/apple/swift-async-algorithms.git
Computed https://github.com/apple/swift-async-algorithms.git at 1.1.7 (1.11s)
Computing version for https://github.com/apple/swift-collections.git
Computed https://github.com/apple/swift-collections.git at 1.7.2 (0.37s)
Computing version for https://github.com/apple/swift-nio-http2.git
Computed https://github.com/apple/swift-nio-http2.git at 1.46.0 (0.21s)
Computing version for https://github.com/vapor/jwt-kit.git
Computed https://github.com/vapor/jwt-kit.git at 5.7.1 (0.29s)
Fetching https://github.com/apple/swift-certificates.git
Fetching https://github.com/apple/swift-crypto.git
[1/18629] Fetching swift-crypto
[2/26242] Fetching swift-crypto, swift-certificates
Fetched https://github.com/apple/swift-certificates.git from cache (1.80s)
Fetched https://github.com/apple/swift-crypto.git from cache (1.81s)
Computing version for https://github.com/apple/swift-crypto.git
Computed https://github.com/apple/swift-crypto.git at 4.5.2 (2.78s)
Fetching https://github.com/apple/swift-asn1.git
[1/2009] Fetching swift-asn1
Fetched https://github.com/apple/swift-asn1.git from cache (0.51s)
Computing version for https://github.com/apple/swift-asn1.git
Computed https://github.com/apple/swift-asn1.git at 1.7.3 (0.79s)
Computing version for https://github.com/apple/swift-certificates.git
Computed https://github.com/apple/swift-certificates.git at 1.21.0 (0.31s)
Computing version for https://github.com/apple/swift-nio-ssl.git
Computed https://github.com/apple/swift-nio-ssl.git at 2.37.5 (0.27s)
Computing version for https://github.com/apple/swift-system.git
Computed https://github.com/apple/swift-system.git at 1.8.1 (0.45s)
Computing version for https://github.com/apple/swift-nio-extras.git
Computed https://github.com/apple/swift-nio-extras.git at 1.35.1 (0.46s)
Fetching https://github.com/apple/swift-http-structured-headers.git
Fetching https://github.com/apple/swift-http-types.git
[1/1253] Fetching swift-http-structured-headers
[1254/3192] Fetching swift-http-structured-headers, swift-http-types
Fetched https://github.com/apple/swift-http-structured-headers.git from cache (0.66s)
Fetched https://github.com/apple/swift-http-types.git from cache (0.66s)
Computing version for https://github.com/apple/swift-http-structured-headers.git
Computed https://github.com/apple/swift-http-structured-headers.git at 1.7.0 (0.81s)
Computing version for https://github.com/apple/swift-http-types.git
Computed https://github.com/apple/swift-http-types.git at 1.8.0 (0.17s)
Creating working copy for https://github.com/swift-server/swift-service-lifecycle
Working copy of https://github.com/swift-server/swift-service-lifecycle resolved at 2.12.1
Creating working copy for https://github.com/apple/swift-log
Working copy of https://github.com/apple/swift-log resolved at 1.16.1
Creating working copy for https://github.com/apple/swift-nio-extras.git
Working copy of https://github.com/apple/swift-nio-extras.git resolved at 1.35.1
Creating working copy for https://github.com/apple/swift-certificates.git
Working copy of https://github.com/apple/swift-certificates.git resolved at 1.21.0
Creating working copy for https://github.com/vapor/jwt-kit.git
Working copy of https://github.com/vapor/jwt-kit.git resolved at 5.7.1
Creating working copy for https://github.com/apple/swift-service-context.git
Working copy of https://github.com/apple/swift-service-context.git resolved at 1.3.0
Creating working copy for https://github.com/googleapis/swift-google-rpc
Working copy of https://github.com/googleapis/swift-google-rpc resolved at 0.5.0
Creating working copy for https://github.com/swift-extras/swift-extras-base64
Working copy of https://github.com/swift-extras/swift-extras-base64 resolved at 1.2.0
Creating working copy for https://github.com/swift-server/async-http-client.git
Working copy of https://github.com/swift-server/async-http-client.git resolved at 1.36.2
Creating working copy for https://github.com/apple/swift-atomics.git
Working copy of https://github.com/apple/swift-atomics.git resolved at 1.3.1
Creating working copy for https://github.com/apple/swift-http-structured-headers.git
Working copy of https://github.com/apple/swift-http-structured-headers.git resolved at 1.7.0
Creating working copy for https://github.com/apple/swift-async-algorithms.git
Working copy of https://github.com/apple/swift-async-algorithms.git resolved at 1.1.7
Creating working copy for https://github.com/apple/swift-asn1.git
Working copy of https://github.com/apple/swift-asn1.git resolved at 1.7.3
Creating working copy for https://github.com/apple/swift-crypto.git
Working copy of https://github.com/apple/swift-crypto.git resolved at 4.5.2
Creating working copy for https://github.com/apple/swift-algorithms.git
Working copy of https://github.com/apple/swift-algorithms.git resolved at 1.2.1
Creating working copy for https://github.com/apple/swift-system.git
Working copy of https://github.com/apple/swift-system.git resolved at 1.8.1
Creating working copy for https://github.com/googleapis/swift-google-iam-v1
Working copy of https://github.com/googleapis/swift-google-iam-v1 resolved at 0.5.0
Creating working copy for https://github.com/googleapis/swift-google-wkt
Working copy of https://github.com/googleapis/swift-google-wkt resolved at 0.5.0
Creating working copy for https://github.com/apple/swift-distributed-tracing.git
Working copy of https://github.com/apple/swift-distributed-tracing.git resolved at 1.5.0
Creating working copy for https://github.com/apple/swift-nio-http2.git
Working copy of https://github.com/apple/swift-nio-http2.git resolved at 1.46.0
Creating working copy for https://github.com/apple/swift-nio-ssl.git
Working copy of https://github.com/apple/swift-nio-ssl.git resolved at 2.37.5
Creating working copy for https://github.com/apple/swift-numerics.git
Working copy of https://github.com/apple/swift-numerics.git resolved at 1.1.1
Creating working copy for https://github.com/googleapis/swift-google-longrunning
Working copy of https://github.com/googleapis/swift-google-longrunning resolved at 0.5.0
Creating working copy for https://github.com/apple/swift-nio
Working copy of https://github.com/apple/swift-nio resolved at 2.104.0
Creating working copy for https://github.com/apple/swift-nio-transport-services.git
Working copy of https://github.com/apple/swift-nio-transport-services.git resolved at 1.28.0
Creating working copy for https://github.com/googleapis/swift-google-iam-v2
Working copy of https://github.com/googleapis/swift-google-iam-v2 resolved at 0.5.0
Creating working copy for https://github.com/googleapis/swift-google-auth
Working copy of https://github.com/googleapis/swift-google-auth resolved at 0.5.0
Creating working copy for https://github.com/apple/swift-configuration.git
Working copy of https://github.com/apple/swift-configuration.git resolved at 1.2.2
Creating working copy for https://github.com/apple/swift-http-types.git
Working copy of https://github.com/apple/swift-http-types.git resolved at 1.8.0
Creating working copy for https://github.com/googleapis/swift-google-type
Working copy of https://github.com/googleapis/swift-google-type resolved at 0.5.0
Creating working copy for https://github.com/googleapis/swift-google-gax
Working copy of https://github.com/googleapis/swift-google-gax resolved at 0.5.0
Creating working copy for https://github.com/apple/swift-collections.git
Working copy of https://github.com/apple/swift-collections.git resolved at 1.7.2
Building for debugging...
[0/902] Write sources
[14/902] Compiling _NumericsShims _NumericsShims.c
[14/902] Write sources
[19/902] Compiling _AtomicsShims.c
[20/902] Write sources
[51/902] Write swift-version--11D90AFD9DD3AB2.txt
[52/902] Compiling CXKCPShims shims.c
[53/908] Compiling a_i2d_fp.cc
[54/908] Compiling a_octet.cc
[54/908] Compiling a_dup.cc
[56/914] Compiling a_mbstr.cc
[57/941] Compiling a_int.cc
[58/941] Compiling a_object.cc
[60/980] Emitting module _NIODataStructures
[61/980] Compiling RealModule RealFunctions.swift
[62/981] Compiling InternalCollectionsUtilities UnsafeMutablePointer+Extras.swift
[63/981] Compiling InternalCollectionsUtilities UnsafeMutableRawBufferPointer+Extras.swift
[64/981] Compiling InternalCollectionsUtilities UnsafePointer+Extras.swift
[65/984] Compiling InternalCollectionsUtilities FixedWidthInteger+roundUpToPowerOfTwo.swift
[66/984] Compiling InternalCollectionsUtilities Integer rank.swift
[67/984] Compiling InternalCollectionsUtilities UInt+first and last set bit.swift
[68/984] Compiling InternalCollectionsUtilities UInt+reversed.swift
[69/984] Emitting module InternalCollectionsUtilities
[70/984] Compiling RealModule Real.swift
[71/984] Compiling InternalCollectionsUtilities Iterable+CopyContents.swift
[72/984] Compiling InternalCollectionsUtilities Iterable+Equality.swift
[73/984] Compiling InternalCollectionsUtilities LifetimeOverride.swift
[74/984] Compiling InternalCollectionsUtilities MutableRef.swift
[75/984] Compiling InternalCollectionsUtilities BorrowingIteratorProtocol+Equality.swift
[76/984] Compiling InternalCollectionsUtilities BorrowingIteratorProtocol+Extras.swift
[77/984] Compiling InternalCollectionsUtilities Debugging.swift
[78/984] Compiling InternalCollectionsUtilities Descriptions.swift
[79/984] Compiling _NIODataStructures PriorityQueue.swift
[80/984] Emitting module ServiceContextModule
[81/984] Compiling ServiceContextModule ServiceContext.swift
[82/984] Compiling InternalCollectionsUtilities MutableSpan+Extras.swift
[83/984] Compiling InternalCollectionsUtilities OutputSpan+Extras.swift
[84/984] Compiling InternalCollectionsUtilities RandomAccessCollection+Offsets.swift
[85/984] Compiling InternalCollectionsUtilities Span+Extras.swift
[86/984] Compiling ServiceContextModule ServiceContextKey.swift
[88/985] Compiling RealModule RelaxedArithmetic.swift
[89/985] Compiling InternalCollectionsUtilities UnsafeRawBufferPointer+Extras.swift
[90/985] Compiling InternalCollectionsUtilities _SortedCollection.swift
[91/985] Compiling InternalCollectionsUtilities _UniqueCollection.swift
[92/985] Compiling InternalCollectionsUtilities Strideable+LimitHelpers.swift
[93/985] Compiling InternalCollectionsUtilities String+Padding.swift
[94/985] Compiling InternalCollectionsUtilities TemporaryAllocation.swift
[95/985] Compiling InternalCollectionsUtilities _UnsafeBitSet+Index.swift
[96/985] Compiling InternalCollectionsUtilities _UnsafeBitSet+_Word.swift
[97/985] Compiling InternalCollectionsUtilities _UnsafeBitSet.swift
[98/985] Compiling InternalCollectionsUtilities UnsafeBufferPointer+Extras.swift
[99/985] Compiling InternalCollectionsUtilities UnsafeMutableBufferPointer+Extras.swift
[104/986] Compiling _NIOBase64 Base64.swift
[105/986] Emitting module _NIOBase64
[108/986] Compiling Logging Logger+Attributes.swift
[109/988] Compiling RealModule Float16+Real.swift
[112/988] Emitting module RealModule
[113/988] Compiling RealModule Float80+Real.swift
[114/988] Compiling Logging LoggingSystem.swift
[115/988] Emitting module _CertificateInternals
[116/988] Compiling _CertificateInternals _TinyArray.swift
[117/990] Compiling Logging Logger.swift
[118/990] Compiling Logging Logger+With.swift
[130/997] Compiling _NIODataStructures Heap.swift
[134/997] Compiling _NIODataStructures _TinyArray.swift
[136/1009] Compiling SpanPreview InputSpan.swift
[137/1026] Compiling SpanPreview OutputSpan+InputSpanHelpers.swift
[138/1026] Compiling SpanPreview MutableSpan+InputSpanHelpers.swift
[139/1026] Emitting module SpanPreview
[139/1049] Wrapping AST for _NIOBase64 for debugging
[141/1052] Emitting module Instrumentation
[142/1052] Compiling Instrumentation Instrument.swift
[142/1052] Wrapping AST for _NIODataStructures for debugging
[144/1052] Wrapping AST for _CertificateInternals for debugging
[145/1052] Wrapping AST for ServiceContextModule for debugging
[147/1052] Compiling Instrumentation NoOpInstrument.swift
[148/1052] Compiling Instrumentation MultiplexInstrument.swift
[148/1052] Wrapping AST for SpanPreview for debugging
[149/1089] Wrapping AST for RealModule for debugging
[150/1094] Wrapping AST for InternalCollectionsUtilities for debugging
[151/1094] Compiling SimpleFIPS202.c
[153/1094] Compiling DequeModule Deque.swift
[154/1094] Compiling DequeModule _DequeBuffer.swift
[155/1094] Compiling DequeModule RigidDeque+Consumption.swift
[156/1094] Compiling DequeModule RigidDeque+ContainerOperations.swift
[156/1096] Compiling KeccakSponge.c
[158/1096] Compiling DequeModule _DequeBufferHeader.swift
[159/1096] Compiling DequeModule RigidDeque+Append.swift
[160/1096] Compiling DequeModule Deque._Storage.swift
[161/1096] Compiling DequeModule Deque._UnsafeHandle.swift
[161/1096] Compiling KeccakP-1600-opt64.c
[162/1096] Compiling KeccakHash.c
[163/1096] Compiling CSystem shims.c
[164/1096] Compiling CNIOWindows shim.c
[166/1096] Compiling DequeModule Deque+Extras.swift
[167/1096] Compiling DequeModule Deque+Hashable.swift
[168/1096] Compiling DequeModule Deque+Testing.swift
[169/1133] Compiling SystemPackage Identifiers.swift
[170/1133] Compiling SystemPackage Stat.swift
[171/1133] Compiling SystemPackage RawBuffer.swift
[172/1133] Compiling SystemPackage Syscalls.swift
[173/1133] Compiling SystemPackage WindowsSyscallAdapters.swift
[174/1133] Compiling SystemPackage MachPort.swift
[175/1138] Compiling SystemPackage IORing+Util.swift
[176/1138] Compiling SystemPackage IORing.swift
[177/1138] Compiling SystemPackage RawIORequest.swift
[181/1141] Compiling SystemPackage FileFlags.swift
[182/1141] Compiling SystemPackage FileMode.swift
[183/1141] Compiling SystemPackage FileType.swift
[184/1141] Compiling SystemPackage FilePathComponents.swift
[185/1141] Compiling SystemPackage FilePathParsing.swift
[186/1141] Compiling SystemPackage FilePathString.swift
[187/1141] Compiling SystemPackage FilePathSyntax.swift
[188/1141] Compiling SystemPackage IOCompletion.swift
[189/1141] Compiling SystemPackage IORequest.swift
[192/1141] Compiling SystemPackage PlatformString.swift
[193/1141] Compiling SystemPackage Backcompat.swift
[194/1141] Compiling SystemPackage CInterop.swift
[195/1141] Compiling SystemPackage Constants.swift
[196/1141] Compiling SystemPackage Exports.swift
[197/1141] Compiling SystemPackage Mocking.swift
[198/1141] Compiling DequeModule UniqueDeque+Initializers.swift
[199/1141] Compiling DequeModule UniqueDeque+Insertions.swift
[200/1141] Compiling DequeModule UniqueDeque+Iterable.swift
[201/1141] Compiling DequeModule UniqueDeque+Prepend.swift
[202/1141] Compiling DequeModule UniqueDeque+Removals.swift
[208/1141] Emitting module SwiftASN1
[209/1141] Compiling Algorithms Trim.swift
[210/1141] Compiling Algorithms Unique.swift
[211/1141] Compiling Algorithms Windows.swift
[212/1141] Compiling SystemPackage FilePathTemp.swift
[213/1141] Compiling SystemPackage FilePathTempPosix.swift
[214/1141] Compiling SystemPackage FilePathTempWindows.swift
[215/1141] Compiling SystemPackage FilePathWindows.swift
[216/1141] Compiling SystemPackage FilePermissions.swift
[217/1141] Compiling SystemPackage FilePathComponentView.swift
[221/1141] Compiling ExtrasBase64 Base32.swift
[222/1141] Compiling SystemPackage Errno.swift
[223/1141] Compiling SystemPackage ErrnoWindows.swift
[224/1141] Compiling Instrumentation InstrumentationSystem.swift
[225/1141] Compiling Instrumentation Locks.swift
[227/1142] Emitting module Logging
[228/1142] Compiling SystemPackage FileDescriptor.swift
[229/1142] Compiling SystemPackage FileHelpers.swift
[230/1142] Compiling Logging MetadataProvider.swift
[234/1143] Compiling CNIOWindows WSAStartup.c
[259/1157] Wrapping AST for Instrumentation for debugging
[263/1157] Wrapping AST for SwiftASN1 for debugging
[264/1157] Compiling CNIOWASI CNIOWASI.c
[265/1157] Compiling CNIOPosix event_loop_id.c
[267/1157] Emitting module Atomics
[272/1157] Compiling SystemPackage FileOperations.swift
[273/1157] Compiling SystemPackage FilePath.swift
[273/1157] Wrapping AST for Logging for debugging
[274/1157] Compiling CNIOOpenBSD shim.c
[275/1157] Compiling CNIOLinux liburing_shims.c
[277/1157] Emitting module Tracing
[277/1158] Compiling CNIOLinux shim.c
[279/1158] Compiling Tracing TracingTime.swift
[279/1158] Compiling CNIOLLHTTP c_nio_llhttp.c
[280/1158] Compiling CNIOLLHTTP c_nio_http.c
[281/1158] Compiling CNIOLLHTTP c_nio_api.c
[282/1158] Compiling CNIOFreeBSD shim.c
[291/1158] Compiling CNIOExtrasZlib zutil.c
[293/1158] Compiling Tracing WithTracer.swift
[298/1158] Compiling CNIOExtrasZlib trees.c
[299/1158] Compiling CNIOExtrasZlib inftrees.c
[301/1158] Compiling Tracing TracerProtocol.swift
[302/1158] Compiling Tracing TracerProtocol+Legacy.swift
[303/1158] Compiling Tracing Tracer.swift
[303/1158] Compiling CNIOExtrasZlib inflate.c
[304/1158] Compiling CNIOExtrasZlib inffast.c
[305/1158] Compiling CNIOExtrasZlib deflate.c
[306/1158] Compiling CNIOExtrasZlib adler32.c
[307/1158] Compiling CNIODarwin shim.c
[308/1158] Compiling CNIOExtrasZlib crc32.c
[309/1158] Compiling fiat_p256_adx_sqr.S
[310/1158] Compiling fiat_p256_adx_mul.S
[311/1158] Compiling fiat_curve25519_adx_square.S
[312/1158] Compiling CNIOBoringSSLShims shims.c
[313/1158] Compiling fiat_curve25519_adx_mul.S
[319/1158] Compiling SystemPackage SystemString.swift
[320/1158] Compiling SystemPackage Util+StringArray.swift
[321/1158] Compiling SystemPackage Util.swift
[322/1158] Compiling SystemPackage UtilConsumers.swift
[323/1158] Compiling SystemPackage WinSDK+Overlay.swift
[324/1158] Emitting module Algorithms
[325/1159] Compiling Tracing InstrumentationSystem+Tracing.swift
[326/1159] Compiling Tracing SpanProtocol.swift
[327/1159] Compiling Tracing NoOpTracer.swift
[341/1160] Emitting module SystemPackage
[349/1162] Wrapping AST for Tracing for debugging
[350/1162] Wrapping AST for SystemPackage for debugging
[351/1162] Compiling tls_method.cc
[352/1162] Compiling tls_record.cc
[353/1162] Compiling tls13_server.cc
[355/1162] Emitting module DequeModule
[355/1162] Compiling tls13_enc.cc
[357/1162] Compiling DequeModule UniqueDeque+Replacements.swift
[358/1162] Compiling DequeModule UniqueDeque.swift
[359/1162] Compiling DequeModule _DequeSlot.swift
[360/1162] Compiling DequeModule _UnsafeDequeHandle.swift
[361/1162] Compiling DequeModule _UnsafeDequeSegments.swift
[362/1163] Compiling tls13_both.cc
[363/1163] Compiling tls13_client.cc
[364/1174] Wrapping AST for DequeModule for debugging
[365/1206] Compiling t1_enc.cc
[367/1206] Emitting module ExtrasBase64
[367/1206] Compiling ssl_x509.cc
[369/1206] Emitting module Configuration
[369/1211] Compiling ssl_transcript.cc
[370/1211] Compiling ssl_versions.cc
[371/1211] Compiling ssl_stat.cc
[372/1211] Compiling ssl_privkey.cc
[373/1211] Compiling ssl_key_share.cc
[374/1211] Compiling ssl_session.cc
[376/1211] Compiling Configuration SeparatorKeyEncoder.swift
[377/1211] Compiling Configuration MultiProvider.swift
[378/1211] Compiling Configuration CLIArgumentParser.swift
[379/1211] Compiling Configuration CLISnapshot.swift
[380/1211] Compiling Configuration CommandLineArgumentsProvider.swift
[381/1211] Compiling Configuration EnvironmentFileParser.swift
[382/1211] Compiling ExtrasBase64 Base64+Span.swift
[383/1211] Compiling ExtrasBase64 Base32+Span.swift
[384/1211] Compiling ExtrasBase64 Base64.swift
[384/1212] Compiling ssl_lib.cc
[387/1212] Compiling Configuration CombineLatestManyStorage.swift
[388/1212] Compiling Configuration AsyncSequences.swift
[389/1212] Compiling Configuration FoundationExtensions.swift
[390/1212] Compiling Configuration Span.swift
[391/1212] Compiling Configuration ConfigBytesFromStringDecoder.swift
[392/1212] Compiling Configuration EnvironmentKeyEncoder.swift
[393/1212] Compiling Configuration EnvironmentVariablesProvider.swift
[394/1212] Compiling Configuration CommonProviderFileSystem.swift
[395/1212] Compiling Configuration DirectoryFilesProvider.swift
[396/1212] Compiling Configuration FileProvider.swift
[397/1212] Compiling Configuration FileProviderSnapshot.swift
[398/1212] Compiling Configuration JSONSnapshot.swift
[399/1212] Compiling Configuration PropertyListSnapshot.swift
[400/1212] Compiling Configuration ReloadingFileProvider.swift
[401/1212] Compiling Configuration ReloadingFileProviderMetrics.swift
[402/1212] Compiling Configuration YAMLSnapshot.swift
[403/1212] Compiling Configuration InMemoryProvider.swift
[404/1212] Compiling Configuration MutableInMemoryProvider.swift
[405/1212] Compiling Configuration ConfigProvider+Operators.swift
[406/1212] Compiling Configuration KeyMappingProvider.swift
[407/1212] Compiling Configuration SecretsSpecifier.swift
[408/1212] Compiling Configuration AsyncCombineLatestManySequence.swift
[409/1212] Compiling Configuration CombineLatestManyStateMachine.swift
[410/1212] Compiling Configuration AccessReporter.swift
[411/1212] Compiling Configuration AccessLogger.swift
[412/1212] Compiling Configuration FileAccessLogger.swift
[413/1212] Compiling Configuration ConfigContext.swift
[414/1212] Compiling Configuration ConfigKey.swift
[415/1212] Compiling Configuration ConfigProvider.swift
[415/1212] Compiling ssl_credential.cc
[416/1212] Compiling ssl_cipher.cc
[417/1212] Wrapping AST for ExtrasBase64 for debugging
[418/1243] Compiling ssl_cert.cc
[419/1243] Compiling ssl_file.cc
[420/1243] Compiling ssl_buffer.cc
[422/1243] Emitting module GoogleWKT
[422/1247] Compiling ssl_asn1.cc
[424/1247] Compiling GoogleWKT WKTDoubleValue.swift
[425/1247] Compiling GoogleWKT WKTDuration.swift
[426/1247] Compiling GoogleWKT WKTEmpty.swift
[427/1247] Compiling GoogleWKT WKTFieldMask.swift
[428/1247] Compiling GoogleWKT UnknownFields.swift
[429/1247] Compiling GoogleWKT WKTAny.swift
[430/1247] Compiling GoogleWKT WKTMethod.swift
[431/1247] Compiling GoogleWKT WKTMixin.swift
[432/1247] Compiling GoogleWKT WKTOption.swift
[433/1247] Compiling GoogleWKT AnyPackable.swift
[434/1247] Compiling GoogleWKT DecodeToDefault.swift
[435/1247] Compiling GoogleWKT DiscoveryBase64.swift
[441/1248] Compiling GoogleWKT WKTSourceContext.swift
[442/1248] Compiling GoogleWKT WKTSyntax.swift
[443/1248] Compiling GoogleWKT WKTType.swift
[444/1248] Compiling GoogleWKT PackageVersion.swift
[444/1248] Compiling ssl_aead_ctx.cc
[446/1248] Compiling GoogleWKT WKTStringValue.swift
[447/1248] Compiling GoogleWKT WKTTimestamp.swift
[448/1248] Compiling GoogleWKT WKTUInt32Value.swift
[449/1248] Compiling GoogleWKT WKTUInt64Value.swift
[450/1248] Compiling GoogleWKT WKTFloatValue.swift
[451/1248] Compiling GoogleWKT WKTInt32Value.swift
[452/1248] Compiling GoogleWKT WKTInt64Value.swift
[453/1248] Compiling GoogleWKT WKTRecursive.swift
[456/1248] Compiling GoogleWKT WKTAnyError.swift
[457/1248] Compiling GoogleWKT WKTBoolValue.swift
[458/1248] Compiling GoogleWKT WKTBytesValue.swift
[458/1248] Wrapping AST for Configuration for debugging
[459/1248] Compiling s3_pkt.cc
[461/1248] Compiling GoogleWKT WKTField.swift
[465/1248] Compiling GoogleWKT WKTValue.swift
[466/1248] Compiling GoogleWKT WKTApi.swift
[467/1248] Compiling GoogleWKT WKTEnum.swift
[468/1248] Compiling GoogleWKT WKTEnumValue.swift
[468/1248] Compiling s3_lib.cc
[473/1248] Compiling GoogleWKT ProtoJSONDecoder.swift
[474/1248] Compiling GoogleWKT ProtoJSONEncoder.swift
[475/1249] Compiling handshake_server.cc
[476/1249] Compiling s3_both.cc
[477/1267] Compiling handshake_client.cc
[479/1282] Compiling GoogleType PostalAddress.swift
[480/1282] Compiling GoogleType Quaternion.swift
[481/1284] Compiling GoogleRpc QuotaFailure.swift
[482/1284] Compiling GoogleType PhoneNumber.swift
[483/1284] Compiling GoogleRpc HttpHeader.swift
[484/1284] Compiling GoogleRpc PreconditionFailure.swift
[484/1284] Compiling handshake.cc
[486/1284] Compiling GoogleRpc ResourceInfo.swift
[487/1284] Compiling GoogleRpc Help.swift
[488/1284] Compiling GoogleRpc LocalizedMessage.swift
[489/1284] Compiling GoogleRpc PackageVersion.swift
[490/1284] Compiling GoogleRpc RequestInfo.swift
[490/1284] Wrapping AST for GoogleWKT for debugging
[492/1284] Emitting module GoogleType
[494/1286] Compiling handoff.cc
[496/1286] Compiling GoogleRpc BadRequest.swift
[497/1286] Compiling GoogleRpc Code.swift
[498/1286] Compiling GoogleRpc HttpRequest.swift
[499/1286] Compiling GoogleRpc HttpResponse.swift
[500/1286] Compiling GoogleRpc DebugInfo.swift
[501/1286] Compiling GoogleRpc ErrorInfo.swift
[506/1286] Compiling GoogleType TimeOfDay.swift
[507/1286] Compiling GoogleType TimeZone.swift
[508/1287] Compiling encrypted_client_hello.cc
[511/1287] Wrapping AST for GoogleType for debugging
[515/1287] Emitting module GoogleRpc
[516/1287] Compiling GoogleRpc RetryInfo.swift
[517/1287] Compiling GoogleRpc Status.swift
[522/1288] Compiling extensions.cc
[523/1288] Compiling dtls_record.cc
[524/1288] Compiling md5-x86_64-linux.S
[525/1288] Wrapping AST for GoogleRpc for debugging
[526/1288] Compiling md5-x86_64-apple.S
[527/1288] Compiling md5-586-linux.S
[528/1288] Compiling dtls_method.cc
[529/1288] Compiling md5-586-apple.S
[530/1288] Compiling chacha20_poly1305_x86_64-linux.S
[531/1288] Compiling chacha20_poly1305_x86_64-apple.S
[532/1288] Compiling chacha20_poly1305_armv8-win.S
[533/1288] Compiling chacha20_poly1305_armv8-apple.S
[534/1288] Compiling chacha20_poly1305_armv8-linux.S
[535/1288] Compiling chacha-x86_64-linux.S
[536/1288] Compiling chacha-x86_64-apple.S
[537/1288] Compiling chacha-x86-linux.S
[538/1288] Compiling chacha-x86-apple.S
[539/1288] Compiling chacha-armv8-win.S
[540/1288] Compiling chacha-armv8-linux.S
[541/1288] Compiling chacha-armv8-apple.S
[542/1288] Compiling chacha-armv4-linux.S
[543/1288] Compiling aes128gcmsiv-x86_64-linux.S
[544/1288] Compiling aes128gcmsiv-x86_64-apple.S
[545/1288] Compiling x86_64-mont5-linux.S
[546/1288] Compiling x86_64-mont5-apple.S
[547/1288] Compiling x86_64-mont-linux.S
[548/1288] Compiling x86_64-mont-apple.S
[549/1288] Compiling d1_srtp.cc
[550/1288] Compiling err_data.cc
[551/1288] Compiling x86-mont-linux.S
[552/1288] Compiling vpaes-x86_64-linux.S
[553/1288] Compiling x86-mont-apple.S
[554/1288] Compiling vpaes-x86_64-apple.S
[555/1288] Compiling vpaes-x86-apple.S
[556/1288] Compiling vpaes-x86-linux.S
[557/1288] Compiling vpaes-armv8-win.S
[558/1288] Compiling vpaes-armv8-linux.S
[559/1288] Compiling vpaes-armv8-apple.S
[560/1288] Compiling sha512-x86_64-linux.S
[561/1288] Compiling vpaes-armv7-linux.S
[562/1288] Compiling sha512-x86_64-apple.S
[563/1288] Compiling sha512-armv8-linux.S
[564/1288] Compiling sha512-armv8-win.S
[565/1288] Compiling sha512-586-linux.S
[566/1288] Compiling sha512-armv8-apple.S
[567/1288] Compiling sha256-x86_64-linux.S
[568/1288] Compiling sha512-586-apple.S
[569/1288] Compiling sha512-armv4-linux.S
[570/1288] Compiling sha256-armv8-win.S
[571/1288] Compiling sha256-x86_64-apple.S
[572/1288] Compiling sha256-armv4-linux.S
[573/1288] Compiling sha256-armv8-apple.S
[574/1288] Compiling sha256-armv8-linux.S
[575/1288] Compiling sha256-586-linux.S
[576/1288] Compiling sha256-586-apple.S
[577/1288] Compiling sha1-x86_64-linux.S
[578/1288] Compiling sha1-x86_64-apple.S
[579/1288] Compiling d1_pkt.cc
[580/1288] Compiling sha1-armv8-win.S
[581/1288] Compiling sha1-armv8-linux.S
[582/1288] Compiling sha1-586-linux.S
[583/1288] Compiling sha1-armv8-apple.S
[584/1288] Compiling sha1-armv4-large-linux.S
[585/1288] Compiling rsaz-avx2-linux.S
[586/1288] Compiling sha1-586-apple.S
[587/1288] Compiling rdrand-x86_64-linux.S
[588/1288] Compiling rsaz-avx2-apple.S
[589/1288] Compiling rdrand-x86_64-apple.S
[590/1288] Compiling d1_lib.cc
[591/1288] Compiling p256_beeu-armv8-asm-win.S
[592/1288] Compiling p256_beeu-x86_64-asm-linux.S
[593/1288] Compiling p256_beeu-x86_64-asm-apple.S
[594/1288] Compiling p256_beeu-armv8-asm-linux.S
[595/1288] Compiling p256_beeu-armv8-asm-apple.S
[596/1288] Compiling p256-x86_64-asm-linux.S
[597/1288] Compiling p256-x86_64-asm-apple.S
[598/1288] Compiling bio_ssl.cc
[599/1288] Compiling p256-armv8-asm-win.S
[600/1288] Compiling p256-armv8-asm-apple.S
[601/1288] Compiling ghashv8-armv8-win.S
[602/1288] Compiling ghashv8-armv8-linux.S
[603/1288] Compiling ghashv8-armv8-apple.S
[604/1288] Compiling p256-armv8-asm-linux.S
[605/1288] Compiling ghash-x86_64-apple.S
[606/1288] Compiling ghashv8-armv7-linux.S
[607/1288] Compiling ghash-ssse3-x86_64-linux.S
[608/1288] Compiling ghash-x86-apple.S
[609/1288] Compiling ghash-x86_64-linux.S
[610/1288] Compiling d1_both.cc
[611/1288] Compiling ghash-ssse3-x86_64-apple.S
[612/1288] Compiling ghash-ssse3-x86-apple.S
[613/1288] Compiling ghash-x86-linux.S
[614/1288] Compiling ghash-neon-armv8-win.S
[615/1288] Compiling ghash-ssse3-x86-linux.S
[616/1288] Compiling ghash-neon-armv8-apple.S
[617/1288] Compiling ghash-neon-armv8-linux.S
[617/1288] Compiling ghash-armv4-linux.S
[618/1288] Compiling bn-armv8-win.S
[620/1288] Compiling co-586-linux.S
[621/1288] Compiling co-586-apple.S
[622/1288] Compiling bn-armv8-linux.S
[623/1288] Compiling bsaes-armv7-linux.S
[624/1288] Compiling armv8-mont-linux.S
[625/1288] Compiling armv8-mont-apple.S
[626/1288] Compiling bn-armv8-apple.S
[627/1288] Compiling bn-586-linux.S
[628/1288] Compiling bn-586-apple.S
[629/1288] Compiling armv8-mont-win.S
[630/1288] Compiling aesv8-gcm-armv8-win.S
[631/1288] Compiling armv4-mont-linux.S
[632/1288] Compiling aesv8-armv8-win.S
[633/1288] Compiling aesv8-gcm-armv8-apple.S
[634/1288] Compiling aesv8-gcm-armv8-linux.S
[635/1288] Compiling aesv8-armv7-linux.S
[636/1288] Compiling aesv8-armv8-apple.S
[637/1288] Compiling aesv8-armv8-linux.S
[638/1288] Compiling aesni-x86_64-linux.S
[639/1288] Compiling aesni-x86_64-apple.S
[640/1288] Compiling aesni-x86-apple.S
[641/1288] Compiling aesni-gcm-x86_64-linux.S
[642/1288] Compiling aesni-x86-linux.S
[643/1288] Compiling aesni-gcm-x86_64-apple.S
[644/1288] Compiling aes-gcm-avx2-x86_64-apple.S
[645/1288] Compiling aes-gcm-avx2-x86_64-linux.S
[646/1288] Compiling aes-gcm-avx10-x86_64-linux.S
[647/1288] Compiling aes-gcm-avx10-x86_64-apple.S
[648/1288] Compiling x_val.cc
[649/1288] Compiling x_name.cc
[650/1288] Compiling x_x509a.cc
[651/1288] Compiling x_pubkey.cc
[652/1288] Compiling x_sig.cc
[653/1288] Compiling x_req.cc
[654/1288] Compiling x_x509.cc
[655/1288] Compiling x_spki.cc
[656/1288] Compiling x_all.cc
[657/1288] Compiling x_exten.cc
[658/1288] Compiling x_algor.cc
[659/1288] Compiling x509name.cc
[660/1288] Compiling x_crl.cc
[661/1288] Compiling x_attrib.cc
[662/1288] Compiling x509spki.cc
[663/1288] Compiling x509rset.cc
[664/1288] Compiling x509cset.cc
[665/1288] Compiling x509_vpm.cc
[666/1288] Compiling x509_v3.cc
[667/1288] Compiling x509_vfy.cc
[668/1288] Compiling x509_txt.cc
[669/1288] Compiling x509_set.cc
[670/1288] Compiling x509_trs.cc
[671/1288] Compiling x509_req.cc
[672/1288] Compiling x509_obj.cc
[673/1288] Compiling x509_lu.cc
[674/1288] Compiling x509_ext.cc
[675/1288] Compiling x509_def.cc
[676/1288] Compiling x509_d2.cc
[677/1288] Compiling x509_cmp.cc
[678/1288] Compiling x509_att.cc
[679/1288] Compiling x509.cc
[680/1288] Compiling v3_utl.cc
[681/1288] Compiling v3_skey.cc
[682/1288] Compiling v3_purp.cc
[683/1288] Compiling v3_prn.cc
[684/1288] Compiling v3_pmaps.cc
[685/1288] Compiling v3_pcons.cc
[686/1288] Compiling v3_ocsp.cc
[687/1288] Compiling v3_ncons.cc
[688/1288] Compiling v3_lib.cc
[689/1288] Compiling v3_int.cc
[690/1288] Compiling v3_info.cc
[691/1288] Compiling v3_enum.cc
[691/1288] Compiling v3_ia5.cc
[693/1288] Compiling v3_genn.cc
[694/1288] Compiling v3_extku.cc
[695/1288] Compiling v3_crld.cc
[696/1288] Compiling v3_cpols.cc
[697/1288] Compiling v3_bcons.cc
[698/1288] Compiling v3_conf.cc
[699/1288] Compiling v3_alt.cc
[700/1288] Compiling v3_bitst.cc
[701/1288] Compiling v3_akeya.cc
[702/1288] Compiling v3_akey.cc
[703/1288] Compiling t_x509.cc
[704/1288] Compiling t_x509a.cc
[705/1288] Compiling t_crl.cc
[706/1288] Compiling t_req.cc
[707/1288] Compiling name_print.cc
[708/1288] Compiling i2d_pr.cc
[709/1288] Compiling policy.cc
[710/1288] Compiling rsa_pss.cc
[711/1288] Compiling by_dir.cc
[712/1288] Compiling by_file.cc
[713/1288] Compiling a_verify.cc
[714/1288] Compiling algorithm.cc
[715/1288] Compiling a_digest.cc
[716/1288] Compiling asn1_gen.cc
[717/1288] Compiling voprf.cc
[718/1288] Compiling a_sign.cc
[719/1288] Compiling thread_pthread.cc
[720/1288] Compiling thread_win.cc
[721/1288] Compiling trust_token.cc
[722/1288] Compiling thread_none.cc
[723/1288] Compiling pmbtoken.cc
[724/1288] Compiling thread.cc
[725/1288] Compiling stack.cc
[726/1288] Compiling siphash.cc
[727/1288] Compiling spake2plus.cc
[728/1288] Compiling rsa_print.cc
[729/1288] Compiling sha256.cc
[730/1288] Compiling sha1.cc
[731/1288] Compiling sha512.cc
[732/1288] Compiling slhdsa.cc
[733/1288] Compiling rsa_extra.cc
[734/1288] Compiling rsa_crypt.cc
[735/1288] Compiling windows.cc
[736/1288] Compiling rc4.cc
[737/1288] Compiling refcount.cc
[738/1288] Compiling urandom.cc
[739/1288] Compiling ios.cc
[740/1288] Compiling trusty.cc
[741/1288] Compiling rand.cc
[742/1288] Compiling rsa_asn1.cc
[743/1288] Compiling poly1305_arm_asm.S
[744/1288] Compiling deterministic.cc
[745/1288] Compiling passive.cc
[746/1288] Compiling forkunsafe.cc
[747/1288] Compiling getentropy.cc
[748/1288] Compiling pool.cc
[749/1288] Compiling fork_detect.cc
[750/1288] Compiling poly1305_vec.cc
[751/1288] Compiling poly1305.cc
[752/1288] Compiling poly1305_arm.cc
[753/1288] Compiling pkcs8.cc
[754/1288] Compiling p5_pbev2.cc
[755/1288] Compiling pkcs7.cc
[756/1288] Compiling pem_xaux.cc
[757/1288] Compiling pkcs8_x509.cc
[758/1288] Compiling pkcs7_x509.cc
[759/1288] Compiling pem_x509.cc
[760/1288] Compiling pem_pkey.cc
[761/1288] Compiling pem_pk8.cc
[762/1288] Compiling pem_oth.cc
[763/1288] Compiling obj_xref.cc
[764/1288] Compiling mlkem.cc
[765/1288] Compiling pem_lib.cc
[766/1288] Compiling pem_info.cc
[767/1288] Compiling mldsa.cc
[768/1288] Compiling obj.cc
[769/1288] Compiling poly_rq_mul.S
[770/1288] Compiling pem_all.cc
[771/1288] Compiling fips_shared_support.cc
[772/1288] Compiling mem.cc
[773/1288] Compiling md4.cc
[774/1288] Compiling lhash.cc
[775/1288] Compiling md5.cc
[776/1288] Compiling ex_data.cc
[777/1288] Compiling sign.cc
[778/1288] Compiling kyber.cc
[779/1288] Compiling hpke.cc
[780/1288] Compiling print.cc
[781/1288] Compiling scrypt.cc
[782/1288] Compiling hrss.cc
[783/1288] Compiling pbkdf.cc
[784/1288] Compiling p_x25519.cc
[785/1288] Compiling p_ed25519_asn1.cc
[786/1288] Compiling p_rsa_asn1.cc
[787/1288] Compiling p_x25519_asn1.cc
[788/1288] Compiling p_rsa.cc
[789/1288] Compiling p_hkdf.cc
[790/1288] Compiling p_dh.cc
[791/1288] Compiling p_ed25519.cc
[792/1288] Compiling p_dh_asn1.cc
[793/1288] Compiling p_ec.cc
[794/1288] Compiling p_dsa_asn1.cc
[795/1288] Compiling p_ec_asn1.cc
[796/1288] Compiling evp_ctx.cc
[797/1288] Compiling err.cc
[798/1288] Compiling evp.cc
[799/1288] Compiling evp_asn1.cc
[800/1288] Compiling engine.cc
[801/1288] Compiling ecdh.cc
[802/1288] Compiling ecdsa_asn1.cc
[803/1288] Compiling hash_to_curve.cc
[804/1288] Compiling ec_derive.cc
[805/1288] Compiling dsa.cc
[806/1288] Compiling ec_asn1.cc
[807/1288] Compiling digest_extra.cc
[808/1288] Compiling bcm.cc
[809/1288] Compiling dsa_asn1.cc
[810/1288] Compiling x25519-asm-arm.S
[811/1288] Compiling params.cc
[812/1288] Compiling des.cc
[813/1288] Compiling curve25519_64_adx.cc
[814/1288] Compiling dh_asn1.cc
[815/1288] Compiling cpu_intel.cc
[816/1288] Compiling cpu_arm_freebsd.cc
[817/1288] Compiling crypto.cc
[818/1288] Compiling spake25519.cc
[819/1288] Compiling curve25519.cc
[820/1288] Compiling cpu_aarch64_win.cc
[821/1288] Compiling cpu_arm_linux.cc
[822/1288] Compiling tls_cbc.cc
[823/1288] Compiling cpu_aarch64_sysreg.cc
[824/1288] Compiling cpu_aarch64_apple.cc
[825/1288] Compiling cpu_aarch64_openbsd.cc
[826/1288] Compiling cpu_aarch64_linux.cc
[827/1288] Compiling cpu_aarch64_fuchsia.cc
[828/1288] Compiling e_tls.cc
[829/1288] Compiling conf.cc
[830/1288] Compiling get_cipher.cc
[831/1288] Compiling e_rc4.cc
[832/1288] Compiling e_rc2.cc
[833/1288] Compiling e_aesctrhmac.cc
[834/1288] Compiling e_chacha20poly1305.cc
[835/1288] Compiling e_null.cc
[836/1288] Compiling e_aesgcmsiv.cc
[837/1288] Compiling e_des.cc
[838/1288] Compiling derive_key.cc
[839/1288] Compiling chacha.cc
[840/1288] Compiling ber.cc
[841/1288] Compiling cbs.cc
[842/1288] Compiling unicode.cc
[843/1288] Compiling asn1_compat.cc
[844/1288] Compiling cbb.cc
[845/1288] Compiling buf.cc
[846/1288] Compiling socket_helper.cc
[847/1288] Compiling blake2.cc
[848/1288] Compiling convert.cc
[849/1288] Compiling bn_asn1.cc
[849/1288] Compiling hexdump.cc
[851/1288] Compiling socket.cc
[852/1288] Compiling pair.cc
[853/1288] Compiling printf.cc
[854/1288] Compiling file.cc
[855/1288] Compiling errno.cc
[856/1288] Compiling fd.cc
[857/1288] Compiling bio.cc
[858/1288] Compiling bio_mem.cc
[859/1288] Compiling connect.cc
[860/1288] Compiling base64.cc
[861/1288] Compiling tasn_typ.cc
[862/1288] Compiling posix_time.cc
[863/1288] Compiling tasn_utl.cc
[864/1288] Compiling tasn_enc.cc
[865/1288] Compiling f_int.cc
[866/1288] Compiling f_string.cc
[867/1288] Compiling tasn_fre.cc
[868/1288] Compiling tasn_new.cc
[869/1288] Compiling tasn_dec.cc
[870/1288] Compiling asn1_par.cc
[871/1288] Compiling asn_pack.cc
[872/1288] Compiling asn1_lib.cc
[873/1288] Compiling a_type.cc
[874/1288] Compiling a_utctm.cc
[875/1288] Compiling a_time.cc
[876/1288] Compiling a_octet.cc
[877/1288] Compiling a_strnid.cc
[878/1288] Compiling a_strex.cc
[879/1288] Compiling a_i2d_fp.cc
[880/1288] Compiling a_object.cc
[881/1288] Compiling a_mbstr.cc
[882/1288] Compiling a_gentm.cc
[883/1288] Compiling a_d2i_fp.cc
[884/1288] Compiling CGoogleGaxCRC32C CGoogleGaxCRC32C.c
[885/1288] Compiling a_dup.cc
[885/1288] Compiling fiat_p256_adx_sqr.S
[887/1288] Compiling fiat_p256_adx_mul.S
[888/1288] Compiling fiat_curve25519_adx_square.S
[889/1288] Compiling fiat_curve25519_adx_mul.S
[890/1288] Compiling md5-x86_64-linux.S
[891/1288] Compiling md5-x86_64-apple.S
[892/1288] Compiling md5-586-linux.S
[893/1288] Compiling a_int.cc
[894/1288] Compiling md5-586-apple.S
[895/1288] Compiling chacha20_poly1305_x86_64-apple.S
[896/1288] Compiling chacha20_poly1305_x86_64-linux.S
[897/1288] Compiling CCryptoBoringSSLShims shims.c
[898/1288] Compiling chacha20_poly1305_armv8-win.S
[899/1288] Compiling chacha20_poly1305_armv8-apple.S
[900/1288] Compiling chacha20_poly1305_armv8-linux.S
[900/1288] Compiling chacha-x86_64-linux.S
[902/1288] Compiling chacha-x86-apple.S
[903/1288] Compiling chacha-x86-linux.S
[904/1288] Compiling chacha-x86_64-apple.S
[905/1288] Compiling chacha-armv8-win.S
[906/1288] Compiling chacha-armv8-apple.S
[907/1288] Compiling chacha-armv8-linux.S
[908/1288] Compiling aes128gcmsiv-x86_64-linux.S
[909/1288] Compiling chacha-armv4-linux.S
[910/1288] Compiling aes128gcmsiv-x86_64-apple.S
[911/1288] Compiling a_bitstr.cc
[912/1288] Compiling x86_64-mont5-apple.S
[913/1288] Compiling x86_64-mont5-linux.S
[914/1288] Compiling x86_64-mont-linux.S
[915/1288] Compiling x86_64-mont-apple.S
[915/1288] Compiling x86-mont-linux.S
[917/1288] Compiling x86-mont-apple.S
[918/1288] Compiling vpaes-x86_64-linux.S
[919/1288] Compiling vpaes-x86-linux.S
[920/1288] Compiling vpaes-x86_64-apple.S
[921/1288] Compiling vpaes-x86-apple.S
[922/1288] Compiling vpaes-armv8-linux.S
[923/1288] Compiling a_bool.cc
[924/1288] Compiling vpaes-armv8-apple.S
[925/1288] Compiling vpaes-armv8-win.S
[926/1288] Compiling vpaes-armv7-linux.S
[927/1288] Compiling sha512-x86_64-linux.S
[928/1288] Compiling sha512-x86_64-apple.S
[929/1288] Compiling sha512-armv8-win.S
[930/1288] Compiling sha512-586-linux.S
[931/1288] Compiling sha512-586-apple.S
[932/1288] Compiling sha512-armv8-apple.S
[933/1288] Compiling sha512-armv4-linux.S
[934/1288] Compiling sha256-x86_64-linux.S
[935/1288] Compiling sha512-armv8-linux.S
[936/1288] Compiling sha256-armv8-win.S
[937/1288] Compiling sha256-x86_64-apple.S
[938/1288] Compiling sha256-armv8-linux.S
[939/1288] Compiling sha256-armv4-linux.S
[940/1288] Compiling sha256-armv8-apple.S
[941/1288] Compiling sha256-586-apple.S
[942/1288] Compiling sha256-586-linux.S
[943/1288] Compiling sha1-x86_64-apple.S
[944/1288] Compiling sha1-x86_64-linux.S
[945/1288] Compiling sha1-armv8-win.S
[946/1288] Compiling sha1-586-linux.S
[947/1288] Compiling sha1-armv8-linux.S
[948/1288] Compiling sha1-armv8-apple.S
[949/1288] Compiling sha1-armv4-large-linux.S
[950/1288] Compiling err_data.cc
[951/1288] Compiling sha1-586-apple.S
[952/1288] Compiling rsaz-avx2-linux.S
[953/1288] Compiling rsaz-avx2-apple.S
[954/1288] Compiling rdrand-x86_64-linux.S
[955/1288] Compiling rdrand-x86_64-apple.S
[956/1288] Compiling p256_beeu-x86_64-asm-apple.S
[957/1288] Compiling p256_beeu-x86_64-asm-linux.S
[958/1288] Compiling p256_beeu-armv8-asm-linux.S
[959/1288] Compiling p256_beeu-armv8-asm-win.S
[960/1288] Compiling p256_beeu-armv8-asm-apple.S
[961/1288] Compiling p256-x86_64-asm-apple.S
[962/1288] Compiling p256-armv8-asm-apple.S
[963/1288] Compiling p256-x86_64-asm-linux.S
[964/1288] Compiling p256-armv8-asm-win.S
[965/1288] Compiling ghashv8-armv8-win.S
[966/1288] Compiling ghashv8-armv8-linux.S
[967/1288] Compiling ghashv8-armv8-apple.S
[968/1288] Compiling p256-armv8-asm-linux.S
[969/1288] Compiling ghashv8-armv7-linux.S
[970/1288] Compiling ghash-x86_64-linux.S
[971/1288] Compiling ghash-x86_64-apple.S
[972/1288] Compiling ghash-x86-linux.S
[973/1288] Compiling ghash-x86-apple.S
[973/1288] Compiling ghash-ssse3-x86_64-linux.S
[975/1288] Compiling ghash-neon-armv8-win.S
[976/1288] Compiling ghash-ssse3-x86-linux.S
[977/1288] Compiling ghash-ssse3-x86_64-apple.S
[978/1288] Compiling ghash-ssse3-x86-apple.S
[979/1288] Compiling ghash-neon-armv8-apple.S
[980/1288] Compiling ghash-neon-armv8-linux.S
[981/1288] Compiling co-586-linux.S
[982/1288] Compiling co-586-apple.S
[983/1288] Compiling ghash-armv4-linux.S
[984/1288] Compiling bn-armv8-win.S
[985/1288] Compiling bsaes-armv7-linux.S
[986/1288] Compiling bn-armv8-linux.S
[987/1288] Compiling bn-586-apple.S
[988/1288] Compiling armv8-mont-apple.S
[989/1288] Compiling armv8-mont-win.S
[990/1288] Compiling bn-armv8-apple.S
[991/1288] Compiling bn-586-linux.S
[992/1288] Compiling armv8-mont-linux.S
[993/1288] Compiling aesv8-gcm-armv8-win.S
[994/1288] Compiling armv4-mont-linux.S
[995/1288] Compiling aesv8-gcm-armv8-apple.S
[996/1288] Compiling aesv8-armv8-win.S
[997/1288] Compiling aesv8-armv8-linux.S
[998/1288] Compiling aesv8-armv7-linux.S
[999/1288] Compiling aesv8-gcm-armv8-linux.S
[1000/1288] Compiling aesv8-armv8-apple.S
[1001/1288] Compiling aesni-x86-apple.S
[1002/1288] Compiling aesni-gcm-x86_64-linux.S
[1003/1288] Compiling aesni-x86_64-linux.S
[1004/1288] Compiling aesni-x86-linux.S
[1005/1288] Compiling aesni-x86_64-apple.S
[1006/1288] Compiling aesni-gcm-x86_64-apple.S
[1007/1288] Compiling aes-gcm-avx512-x86_64-apple.S
[1008/1288] Compiling aes-gcm-avx2-x86_64-linux.S
[1009/1288] Compiling aes-gcm-avx512-x86_64-linux.S
[1010/1288] Compiling aes-gcm-avx2-x86_64-apple.S
[1011/1288] Compiling x_spki.cc
[1012/1288] Compiling xwing.cc
[1013/1288] Compiling x_sig.cc
[1014/1288] Compiling x_x509a.cc
[1015/1288] Compiling x_req.cc
[1016/1288] Compiling x_x509.cc
[1017/1288] Compiling c-nioatomics.c
[1018/1288] Compiling x_name.cc
[1019/1288] Compiling x_pubkey.cc
[1020/1288] Compiling x_exten.cc
[1021/1288] Compiling x_attrib.cc
[1022/1288] Compiling c-atomics.c
[1023/1288] Compiling x_crl.cc
[1024/1295] Compiling x_all.cc
[1026/1295] Compiling NIOConcurrencyHelpers NIOLockedValueBox.swift
[1026/1295] Compiling x_algor.cc
[1028/1295] Compiling NIOConcurrencyHelpers NIOLock.swift
[1029/1295] Compiling NIOConcurrencyHelpers lock.swift
[1030/1295] Compiling NIOConcurrencyHelpers atomics.swift
[1031/1295] Compiling NIOConcurrencyHelpers NIOThreadPoolWorkAvailable.swift
[1032/1295] Emitting module NIOConcurrencyHelpers
[1033/1295] Compiling NIOConcurrencyHelpers NIOAtomic.swift
[1034/1296] Compiling x509rset.cc
[1034/1296] Compiling x509name.cc
[1036/1296] Compiling x509cset.cc
[1037/1296] Wrapping AST for NIOConcurrencyHelpers for debugging
[1038/1296] Compiling x509spki.cc
[1039/1360] Compiling x509_vpm.cc
[1040/1360] Compiling x509_vfy.cc
[1041/1360] Compiling x509_v3.cc
[1042/1360] Compiling x509_txt.cc
[1043/1360] Compiling x509_set.cc
[1044/1360] Compiling x509_trs.cc
[1045/1360] Compiling x509_req.cc
[1046/1360] Compiling x509_obj.cc
[1047/1360] Compiling x509_lu.cc
[1048/1360] Compiling x509_ext.cc
[1049/1360] Compiling x509_def.cc
[1050/1360] Compiling x509_cmp.cc
[1052/1360] Compiling NIOCore EventLoopFuture+Deprecated.swift
[1053/1360] Compiling NIOCore EventLoopFuture+WithEventLoop.swift
[1054/1360] Compiling NIOCore EventLoopFuture.swift
[1055/1360] Compiling NIOCore FileDescriptor.swift
[1056/1360] Compiling NIOCore FileHandle.swift
[1057/1360] Compiling NIOCore FileRegion.swift
[1058/1360] Compiling NIOCore GlobalSingletons.swift
[1059/1360] Compiling NIOCore IO.swift
[1060/1360] Compiling NIOCore IOData.swift
[1060/1368] Compiling x509_d2.cc
[1061/1368] Compiling x509_att.cc
[1062/1368] Compiling x509.cc
[1063/1368] Compiling v3_utl.cc
[1064/1368] Compiling v3_skey.cc
[1065/1368] Compiling v3_prn.cc
[1066/1368] Compiling v3_purp.cc
[1067/1368] Compiling v3_pmaps.cc
[1068/1368] Compiling v3_pcons.cc
[1069/1368] Compiling v3_ocsp.cc
[1071/1368] Compiling NIOCore CircularBuffer.swift
[1072/1368] Compiling NIOCore Codec.swift
[1073/1368] Compiling NIOCore ConvenienceOptionSupport.swift
[1074/1368] Compiling NIOCore DeadChannel.swift
[1075/1368] Compiling NIOCore DispatchQueue+WithFuture.swift
[1076/1368] Compiling NIOCore EventLoop+Deprecated.swift
[1077/1368] Compiling NIOCore EventLoop+SerialExecutor.swift
[1078/1368] Compiling NIOCore EventLoop.swift
[1079/1368] Compiling NIOCore EventLoopFuture+AssumeIsolated.swift
[1080/1368] Compiling NIOCore IPProtocol.swift
[1081/1368] Compiling NIOCore IntegerBitPacking.swift
[1082/1368] Compiling NIOCore IntegerTypes.swift
[1083/1368] Compiling NIOCore Interfaces.swift
[1084/1368] Compiling NIOCore Linux.swift
[1085/1368] Compiling NIOCore MarkedCircularBuffer.swift
[1086/1368] Compiling NIOCore MulticastChannel.swift
[1087/1368] Compiling NIOCore NIOAny.swift
[1088/1368] Compiling NIOCore NIOCloseOnErrorHandler.swift
[1089/1368] Compiling NIOCore NIOCoreSendableMetatype.swift
[1090/1368] Compiling NIOCore NIODecodedAsyncSequence.swift
[1091/1368] Compiling NIOCore NIOLoopBound.swift
[1092/1368] Compiling NIOCore NIOPooledRecvBufferAllocator.swift
[1093/1368] Compiling NIOCore NIOScheduledCallback.swift
[1094/1368] Compiling NIOCore NIOSendable.swift
[1095/1368] Compiling NIOCore NIOSplitLinesMessageDecoder.swift
[1096/1368] Compiling NIOCore NIOTransportAccessibleChannelCore.swift
[1097/1368] Compiling NIOCore RecvByteBufferAllocator.swift
[1097/1368] Compiling v3_ncons.cc
[1098/1368] Compiling v3_lib.cc
[1099/1368] Compiling v3_int.cc
[1100/1368] Compiling v3_info.cc
[1102/1368] Compiling NIOCore AddressedEnvelope.swift
[1103/1368] Compiling NIOCore AsyncAwaitSupport.swift
[1104/1368] Compiling NIOCore AsyncChannel.swift
[1105/1368] Compiling NIOCore AsyncChannelHandler.swift
[1106/1368] Compiling NIOCore AsyncChannelInboundStream.swift
[1107/1368] Compiling NIOCore AsyncChannelOutboundWriter.swift
[1108/1368] Compiling NIOCore NIOAsyncSequenceProducer.swift
[1109/1368] Compiling NIOCore NIOAsyncSequenceProducerStrategies.swift
[1110/1368] Compiling NIOCore NIOAsyncWriter.swift
[1110/1368] Compiling v3_extku.cc
[1111/1368] Compiling v3_ia5.cc
[1112/1368] Compiling v3_genn.cc
[1114/1368] Compiling NIOCore SingleStepByteToMessageDecoder.swift
[1115/1368] Compiling NIOCore SocketAddresses.swift
[1116/1368] Compiling NIOCore SocketOptionProvider.swift
[1117/1368] Compiling NIOCore SystemCallHelpers.swift
[1118/1368] Compiling NIOCore TimeAmount+Duration.swift
[1119/1368] Compiling NIOCore TypeAssistedChannelHandler.swift
[1120/1368] Compiling NIOCore UniversalBootstrapSupport.swift
[1121/1368] Compiling NIOCore Utilities.swift
[1121/1368] Compiling v3_cpols.cc
[1122/1368] Compiling v3_enum.cc
[1123/1368] Compiling v3_crld.cc
[1124/1368] Compiling v3_conf.cc
[1125/1368] Compiling v3_bcons.cc
[1126/1368] Compiling v3_bitst.cc
[1127/1368] Compiling v3_alt.cc
[1128/1368] Compiling t_x509.cc
[1129/1368] Compiling v3_akeya.cc
[1130/1368] Compiling v3_akey.cc
[1131/1368] Compiling t_x509a.cc
[1132/1368] Compiling t_crl.cc
[1133/1368] Compiling t_req.cc
[1134/1368] Compiling i2d_pr.cc
[1135/1368] Compiling rsa_pss.cc
[1136/1368] Compiling name_print.cc
[1137/1368] Compiling policy.cc
[1138/1368] Compiling by_file.cc
[1139/1368] Compiling a_verify.cc
[1140/1368] Compiling algorithm.cc
[1141/1368] Compiling by_dir.cc
[1142/1368] Compiling asn1_gen.cc
[1143/1368] Compiling a_sign.cc
[1144/1368] Compiling a_digest.cc
[1145/1368] Compiling thread_win.cc
[1146/1368] Compiling voprf.cc
[1147/1368] Compiling thread_pthread.cc
[1148/1368] Compiling trust_token.cc
[1149/1368] Compiling thread_none.cc
[1150/1368] Compiling thread.cc
[1151/1368] Compiling pmbtoken.cc
[1153/1368] Compiling NIOCore NIOThrowingAsyncSequenceProducer.swift
[1154/1368] Compiling NIOCore BSDSocketAPI.swift
[1155/1368] Compiling NIOCore ByteBuffer-aux.swift
[1156/1368] Compiling NIOCore ByteBuffer-binaryEncodedLengthPrefix.swift
[1157/1368] Compiling NIOCore ByteBuffer-conversions.swift
[1158/1368] Compiling NIOCore ByteBuffer-core.swift
[1159/1368] Compiling NIOCore ByteBuffer-hex.swift
[1160/1368] Compiling NIOCore ByteBuffer-int.swift
[1161/1368] Compiling NIOCore ByteBuffer-lengthPrefix.swift
[1162/1368] Compiling NIOCore ByteBuffer-multi-int.swift
[1163/1368] Compiling NIOCore ByteBuffer-quicBinaryEncodingStrategy.swift
[1164/1368] Compiling NIOCore ByteBuffer-views.swift
[1165/1368] Compiling NIOCore Channel.swift
[1166/1368] Compiling NIOCore ChannelHandler.swift
[1167/1368] Compiling NIOCore ChannelHandlers.swift
[1168/1368] Compiling NIOCore ChannelInvoker.swift
[1169/1368] Compiling NIOCore ChannelOption.swift
[1170/1368] Compiling NIOCore ChannelPipeline.swift
[1170/1368] Compiling stack.cc
[1172/1368] Emitting module NIOCore
[1173/1369] Compiling siphash.cc
[1174/1369] Compiling sha256.cc
[1175/1383] Compiling spake2plus.cc
[1176/1397] Compiling sha512.cc
[1177/1419] Compiling sha1.cc
[1178/1425] Wrapping AST for NIOCore for debugging
[1179/1426] Compiling slhdsa.cc
[1180/1426] Compiling rsa_print.cc
[1182/1426] Compiling NIOFoundationEssentialsCompat Codable+ByteBuffer.swift
[1182/1426] Compiling rsa_extra.cc
[1184/1426] Emitting module NIOFoundationEssentialsCompat
[1184/1426] Compiling refcount.cc
[1185/1426] Compiling rc4.cc
[1187/1426] Compiling NIOEmbedded AsyncTestingEventLoop.swift
[1187/1426] Compiling rsa_crypt.cc
[1189/1426] Compiling NIOEmbedded AsyncTestingChannel.swift
[1190/1426] Emitting module NIOEmbedded
[1191/1426] Compiling NIOFoundationEssentialsCompat ByteBuffer-foundation.swift
[1191/1426] Compiling windows.cc
[1193/1427] Compiling rsa_asn1.cc
[1194/1427] Wrapping AST for NIOFoundationEssentialsCompat for debugging
[1195/1427] Compiling urandom.cc
[1196/1427] Compiling trusty.cc
[1197/1427] Compiling rand.cc
[1199/1427] Compiling NIOEmbedded Embedded.swift
[1200/1428] Compiling passive.cc
[1201/1428] Compiling ios.cc
[1202/1428] Wrapping AST for NIOEmbedded for debugging
[1203/1428] Compiling poly1305_arm_asm.S
[1205/1428] Compiling NIOPosix PipeChannel.swift
[1206/1428] Compiling NIOPosix PipePair.swift
[1207/1428] Compiling NIOPosix Pool.swift
[1208/1428] Compiling NIOPosix PosixSingletons+ConcurrencyTakeOver.swift
[1209/1428] Compiling NIOPosix PosixSingletons.swift
[1210/1428] Compiling NIOPosix RawSocketBootstrap.swift
[1211/1428] Compiling NIOPosix Resolver.swift
[1211/1435] Compiling getentropy.cc
[1212/1435] Compiling fork_detect.cc
[1213/1435] Compiling forkunsafe.cc
[1214/1435] Compiling deterministic.cc
[1215/1435] Compiling poly1305_vec.cc
[1216/1435] Compiling poly1305_arm.cc
[1217/1435] Compiling poly1305.cc
[1218/1435] Compiling pool.cc
[1220/1435] Emitting module NIOPosix
[1221/1435] Compiling NIOPosix Selectable.swift
[1222/1435] Compiling NIOPosix SelectableChannel.swift
[1223/1435] Compiling NIOPosix SelectableEventLoop.swift
[1224/1435] Compiling NIOPosix SelectorEpoll.swift
[1225/1435] Compiling NIOPosix SelectorGeneric.swift
[1226/1435] Compiling NIOPosix SelectorKqueue.swift
[1227/1435] Compiling NIOPosix SelectorUring.swift
[1227/1435] Compiling pkcs8.cc
[1229/1435] Compiling NIOPosix Thread.swift
[1230/1435] Compiling NIOPosix ThreadPosix.swift
[1231/1435] Compiling NIOPosix ThreadWindows.swift
[1232/1435] Compiling NIOPosix Utilities.swift
[1233/1435] Compiling NIOPosix VsockAddress.swift
[1234/1435] Compiling NIOPosix VsockChannelEvents.swift
[1235/1435] Compiling NIOPosix Windows.swift
[1235/1435] Compiling p5_pbev2.cc
[1237/1435] Compiling NIOPosix SelectorWSAPoll.swift
[1238/1435] Compiling NIOPosix ServerSocket.swift
[1239/1435] Compiling NIOPosix Socket.swift
[1240/1435] Compiling NIOPosix SocketChannel.swift
[1241/1435] Compiling NIOPosix SocketProtocols.swift
[1242/1435] Compiling NIOPosix StructuredConcurrencyHelpers.swift
[1243/1435] Compiling NIOPosix System.swift
[1243/1435] Compiling pkcs8_x509.cc
[1244/1435] Compiling pkcs7.cc
[1245/1435] Compiling pkcs7_x509.cc
[1246/1435] Compiling pem_xaux.cc
[1247/1435] Compiling pem_x509.cc
[1249/1435] Compiling NIOPosix BSDSocketAPICommon.swift
[1250/1435] Compiling NIOPosix BSDSocketAPIPosix.swift
[1251/1435] Compiling NIOPosix BSDSocketAPIWindows.swift
[1252/1435] Compiling NIOPosix BaseSocket.swift
[1253/1435] Compiling NIOPosix BaseSocketChannel+AccessibleTransport.swift
[1254/1435] Compiling NIOPosix BaseSocketChannel+SocketOptionProvider.swift
[1255/1435] Compiling NIOPosix BaseSocketChannel.swift
[1256/1435] Compiling NIOPosix BaseStreamSocketChannel.swift
[1257/1435] Compiling NIOPosix Bootstrap.swift
[1258/1435] Compiling NIOPosix ControlMessage.swift
[1259/1435] Compiling NIOPosix DatagramVectorReadManager.swift
[1260/1435] Compiling NIOPosix Errors+Any.swift
[1261/1435] Compiling NIOPosix FileDescriptor.swift
[1262/1435] Compiling NIOPosix GetaddrinfoResolver.swift
[1262/1435] Compiling pem_pkey.cc
[1263/1435] Compiling pem_pk8.cc
[1264/1435] Compiling pem_oth.cc
[1265/1435] Compiling pem_lib.cc
[1266/1435] Compiling obj_xref.cc
[1267/1435] Compiling pem_info.cc
[1269/1435] Compiling NIOPosix MultiThreadedEventLoopGroup.swift
[1270/1435] Compiling NIOPosix NIOPosixSendableMetatype.swift
[1271/1435] Compiling NIOPosix NIORandomizedDNSResolver.swift
[1272/1435] Compiling NIOPosix NIOThreadPool.swift
[1273/1435] Compiling NIOPosix NonBlockingFileIO.swift
[1274/1435] Compiling NIOPosix PendingDatagramWritesManager.swift
[1275/1435] Compiling NIOPosix PendingWritesManager.swift
[1276/1435] Compiling NIOPosix HappyEyeballs.swift
[1277/1435] Compiling NIOPosix IO.swift
[1278/1435] Compiling NIOPosix IntegerBitPacking.swift
[1279/1435] Compiling NIOPosix IntegerTypes.swift
[1280/1435] Compiling NIOPosix Linux.swift
[1281/1435] Compiling NIOPosix LinuxCPUSet.swift
[1282/1435] Compiling NIOPosix LinuxUring.swift
[1283/1436] Compiling pem_all.cc
[1284/1436] Compiling mlkem.cc
[1285/1438] Compiling mldsa.cc
[1286/1438] Wrapping AST for NIOPosix for debugging
[1287/1438] Compiling obj.cc
[1289/1438] Compiling NIO Exports.swift
[1290/1438] Emitting module NIO
[1290/1438] Compiling poly_rq_mul.S
[1291/1438] Compiling mem.cc
[1292/1438] Compiling md4.cc
[1293/1439] Compiling fips_shared_support.cc
[1295/1439] Compiling lhash.cc
[1296/1445] Compiling md5.cc
[1298/1457] Compiling NIOTLS TLSEvents.swift
[1298/1457] Compiling fuzzer_mode.cc
[1300/1457] Emitting module NIOTLS
[1301/1457] Compiling NIOTLS NIOTypedApplicationProtocolNegotiationHandler.swift
[1302/1457] Compiling NIOTLS ApplicationProtocolNegotiationHandler.swift
[1302/1474] Compiling kyber.cc
[1303/1474] Compiling ex_data.cc
[1305/1478] Compiling NIOSOCKS SelectedAuthenticationMethod.swift
[1306/1478] Compiling NIOSOCKS SOCKSResponse.swift
[1307/1478] Compiling NIOSOCKS ClientStateMachine.swift
[1308/1479] Compiling NIOHTTP1 HTTPHeaderValidator.swift
[1309/1479] Compiling NIOHTTP1 HTTPHeaders+Validation.swift
[1309/1479] Wrapping AST for NIO for debugging
[1310/1479] Compiling hpke.cc
[1311/1479] Compiling hrss.cc
[1313/1479] Compiling NIOHTTP1 HTTPPipelineSetup.swift
[1314/1479] Compiling NIOHTTP1 ByteCollectionUtils.swift
[1315/1479] Compiling NIOTLS SNIHandler.swift
[1316/1479] Compiling NIOTLS ProtocolNegotiationHandlerStateMachine.swift
[1318/1480] Emitting module NIOFoundationCompat
[1319/1480] Compiling NIOFoundationCompat JSONSerialization+ByteBuffer.swift
[1320/1480] Compiling NIOFoundationCompat Exports.swift
[1321/1480] Compiling NIOFoundationCompat WaitSpinningRunLoop.swift
[1322/1480] Emitting module NIOSOCKS
[1323/1480] Compiling NIOHTTP1 HTTPDecoder.swift
[1324/1480] Compiling NIOHTTP1 HTTPEncoder.swift
[1325/1480] Compiling NIOHTTP1 HTTPServerPipelineHandler.swift
[1326/1480] Compiling NIOHTTP1 HTTPServerProtocolErrorHandler.swift
[1327/1480] Compiling NIOSOCKS ServerStateMachine.swift
[1329/1504] Wrapping AST for NIOTLS for debugging
[1330/1512] Wrapping AST for NIOSOCKS for debugging
[1331/1512] Wrapping AST for NIOFoundationCompat for debugging
[1333/1512] Compiling NIOSSL AndroidCABundle.swift
[1334/1512] Compiling NIOSSL ByteBufferBIO.swift
[1335/1512] Compiling NIOSSL CustomPrivateKey.swift
[1336/1512] Compiling NIOSSL NIOSSLClientHandler.swift
[1337/1512] Compiling NIOSSL NIOSSLHandler+Configuration.swift
[1337/1514] Compiling scrypt.cc
[1338/1514] Compiling print.cc
[1340/1514] Emitting module NIOHTTP1
[1340/1514] Compiling pbkdf.cc
[1341/1514] Compiling sign.cc
[1342/1514] Compiling NIOSSL NIOSSLHandler.swift
[1343/1514] Compiling NIOSSL NIOSSLServerHandler.swift
[1345/1514] Compiling NIOSSL ObjectIdentifier.swift
[1346/1514] Compiling NIOSSL PosixPort.swift
[1346/1514] Compiling p_x25519_asn1.cc
[1347/1514] Compiling p_x25519.cc
[1348/1514] Compiling p_rsa_asn1.cc
[1350/1514] Compiling NIOHTTP1 NIOTypedHTTPServerUpgradeHandler.swift
[1351/1514] Compiling NIOHTTP1 NIOTypedHTTPServerUpgraderStateMachine.swift
[1352/1514] Compiling NIOSSL SSLCallbacks.swift
[1353/1514] Compiling NIOSSL SSLCertificate.swift
[1354/1514] Compiling NIOSSL SSLCertificateExtensions.swift
[1355/1514] Compiling NIOSSL SSLCertificateName.swift
[1355/1514] Compiling p_rsa.cc
[1356/1514] Compiling p_hkdf.cc
[1358/1514] Compiling NIOSSL FreeBSDCABundle.swift
[1359/1514] Compiling NIOSSL IdentityVerification.swift
[1360/1514] Compiling NIOSSL LinuxCABundle.swift
[1367/1519] Emitting module NIOSSL
[1371/1519] Compiling p_ed25519_asn1.cc
[1373/1525] Compiling NIOSSL SubjectAlternativeName.swift
[1374/1525] Compiling NIOSSL NIOSSLSecureBytes.swift
[1375/1525] Compiling NIOSSL RNG.swift
[1376/1525] Compiling NIOSSL SafeCompare.swift
[1377/1525] Compiling NIOSSL SSLPrivateKey.swift
[1378/1525] Compiling NIOSSL SSLPublicKey.swift
[1379/1525] Compiling NIOSSL SecurityFrameworkCertificateVerification.swift
[1380/1525] Compiling NIOSSL String+unsafeUninitializedCapacity.swift
[1384/1525] Compiling p_ed25519.cc
[1385/1530] Compiling p_ec_asn1.cc
[1386/1536] Wrapping AST for NIOHTTP1 for debugging
[1387/1536] Compiling p_ec.cc
[1388/1536] Compiling p_dsa_asn1.cc
[1390/1536] Compiling NIOHTTPCompression HTTPRequestCompressor.swift
[1391/1536] Compiling NIOHTTPCompression HTTPDecompressor.swift
[1392/1536] Compiling NIOHPACK IndexedHeaderTable.swift
[1393/1537] Compiling NIOHTTPCompression HTTPDecompression.swift
[1394/1537] Compiling NIOHTTPCompression HTTPResponseCompressor.swift
[1395/1537] Compiling NIOHTTPCompression HTTPCompression.swift
[1396/1537] Emitting module NIOHTTPCompression
[1397/1537] Compiling NIOHPACK IntegerCoding.swift
[1403/1538] Compiling NIOSSL SSLErrors.swift
[1404/1538] Compiling NIOSSL SSLInit.swift
[1405/1538] Compiling NIOSSL SSLPKCS12Bundle.swift
[1405/1538] Compiling p_dh_asn1.cc
[1408/1538] Emitting module NIOHPACK
[1409/1538] Compiling NIOHPACK DynamicHeaderTable.swift
[1410/1538] Compiling NIOHPACK HPACKDecoder.swift
[1411/1538] Compiling NIOHPACK HuffmanTables.swift
[1412/1538] Compiling NIOHPACK StaticHeaderTable.swift
[1413/1538] Compiling NIOHPACK HuffmanCoding.swift
[1413/1538] Compiling p_dh.cc
[1415/1538] Compiling NIOHPACK HPACKHeader.swift
[1416/1538] Compiling NIOHPACK HeaderTables.swift
[1417/1538] Compiling NIOHPACK HPACKEncoder.swift
[1418/1538] Compiling NIOHPACK HPACKErrors.swift
[1418/1539] Wrapping AST for NIOHTTPCompression for debugging
[1420/1539] Compiling evp_ctx.cc
[1421/1539] Compiling err.cc
[1422/1588] Wrapping AST for NIOHPACK for debugging
[1423/1602] Compiling evp_asn1.cc
[1424/1602] Compiling evp.cc
[1426/1602] Compiling NIOHTTP2 ConcurrentStreamBuffer.swift
[1427/1602] Compiling NIOHTTP2 ControlFrameBuffer.swift
[1428/1602] Compiling NIOHTTP2 OutboundFlowControlBuffer.swift
[1429/1602] Compiling NIOHTTP2 OutboundFrameBuffer.swift
[1430/1603] Compiling engine.cc
[1431/1603] Compiling ecdsa_p1363.cc
[1432/1603] Wrapping AST for NIOSSL for debugging
[1433/1603] Compiling ecdh.cc
[1434/1603] Compiling ec_derive.cc
[1435/1603] Compiling ecdsa_asn1.cc
[1436/1603] Compiling hash_to_curve.cc
[1437/1603] Compiling dsa_asn1.cc
[1438/1603] Compiling ec_asn1.cc
[1439/1603] Compiling dsa.cc
[1440/1603] Compiling params.cc
[1441/1603] Compiling digest_extra.cc
[1442/1603] Compiling x25519-asm-arm.S
[1443/1603] Compiling des.cc
[1444/1603] Compiling curve25519_64_adx.cc
[1445/1603] Compiling dh_asn1.cc
[1446/1603] Compiling spake25519.cc
[1448/1603] Compiling NIOHTTP2 MaySendFrames.swift
[1449/1603] Compiling NIOHTTP2 SendingDataState.swift
[1450/1603] Compiling NIOHTTP2 SendingGoawayState.swift
[1451/1603] Compiling NIOHTTP2 SendingHeadersState.swift
[1452/1603] Compiling NIOHTTP2 SendingPushPromiseState.swift
[1453/1603] Compiling NIOHTTP2 SendingRstStreamState.swift
[1454/1603] Compiling NIOHTTP2 SendingWindowUpdateState.swift
[1455/1603] Compiling NIOHTTP2 HTTP2SettingsState.swift
[1456/1603] Compiling NIOHTTP2 HasExtendedConnectSettings.swift
[1457/1603] Compiling NIOHTTP2 DOSHeuristics.swift
[1458/1603] Compiling NIOHTTP2 Error+Any.swift
[1463/1603] Compiling NIOHTTP2 GlitchesMonitor.swift
[1464/1603] Compiling NIOHTTP2 HPACKHeaders+Validation.swift
[1465/1603] Compiling NIOHTTP2 HTTP2ChannelHandler+InboundStreamMultiplexer.swift
[1466/1603] Compiling NIOHTTP2 HasFlowControlWindows.swift
[1467/1603] Compiling NIOHTTP2 HasLocalSettings.swift
[1468/1603] Compiling NIOHTTP2 HasRemoteSettings.swift
[1469/1603] Compiling NIOHTTP2 LocallyQuiescingState.swift
[1470/1603] Compiling NIOHTTP2 QuiescingState.swift
[1471/1603] Compiling NIOHTTP2 RemotelyQuiescingState.swift
[1472/1603] Compiling NIOHTTP2 SendAndReceiveGoawayState.swift
[1473/1603] Compiling NIOHTTP2 StateMachineResult.swift
[1474/1603] Compiling NIOHTTP2 ContentLengthVerifier.swift
[1475/1611] Compiling NIOHTTP2 HTTP2StreamMultiplexer.swift
[1476/1611] Compiling NIOHTTP2 HTTP2ToHTTP1Codec.swift
[1477/1611] Compiling NIOHTTP2 HTTP2UserEvents.swift
[1478/1611] Compiling NIOHTTP2 InboundEventBuffer.swift
[1479/1611] Compiling NIOHTTP2 InboundWindowManager.swift
[1480/1611] Compiling NIOHTTP2 MultiplexerAbstractChannel.swift
[1481/1611] Compiling NIOHTTP2 NIOHTTP2FrameDelegate.swift
[1482/1611] Compiling NIOHTTP2 NIOHTTP2ServerConnectionManagementHandler+StateMachine.swift
[1482/1611] Compiling crypto.cc
[1483/1611] Compiling cpu_intel.cc
[1484/1611] Compiling cpu_arm_linux.cc
[1485/1611] Compiling cpu_arm_freebsd.cc
[1486/1611] Compiling curve25519.cc
[1487/1611] Compiling cpu_aarch64_win.cc
[1488/1611] Compiling cpu_aarch64_sysreg.cc
[1489/1611] Compiling cpu_aarch64_openbsd.cc
[1491/1611] Compiling NIOHTTP2 ConnectionStateMachine.swift
[1492/1611] Compiling NIOHTTP2 ConnectionStreamsState.swift
[1493/1611] Compiling NIOHTTP2 MayReceiveFrames.swift
[1494/1611] Compiling NIOHTTP2 ReceivingDataState.swift
[1495/1611] Compiling NIOHTTP2 ReceivingGoAwayState.swift
[1496/1611] Compiling NIOHTTP2 ReceivingHeadersState.swift
[1497/1611] Compiling NIOHTTP2 ReceivingPushPromiseState.swift
[1498/1611] Compiling NIOHTTP2 ReceivingRstStreamState.swift
[1499/1611] Compiling NIOHTTP2 ReceivingWindowUpdateState.swift
[1500/1611] Emitting module NIOHTTP2
[1500/1611] Compiling cpu_aarch64_linux.cc
[1501/1611] Compiling cpu_aarch64_fuchsia.cc
[1502/1611] Compiling cpu_aarch64_apple.cc
[1503/1611] Compiling conf.cc
[1504/1611] Compiling tls_cbc.cc
[1505/1611] Compiling get_cipher.cc
[1506/1611] Compiling e_rc2.cc
[1507/1611] Compiling e_rc4.cc
[1508/1611] Compiling e_tls.cc
[1509/1611] Compiling cms.cc
[1511/1611] Compiling NIOHTTP2 NIOHTTP2ServerConnectionManagementHandler.swift
[1512/1611] Compiling NIOHTTP2 StreamChannelFlowController.swift
[1513/1611] Compiling NIOHTTP2 StreamChannelList.swift
[1514/1611] Compiling NIOHTTP2 StreamMap.swift
[1515/1611] Compiling NIOHTTP2 StreamStateMachine.swift
[1516/1611] Compiling NIOHTTP2 Timer.swift
[1517/1611] Compiling NIOHTTP2 UnsafeTransfer.swift
[1518/1611] Compiling NIOHTTP2 WatermarkedFlowController.swift
[1518/1611] Compiling e_des.cc
[1520/1611] Compiling NIOHTTP2 HTTP2FrameParser.swift
[1521/1611] Compiling NIOHTTP2 HTTP2PingData.swift
[1522/1611] Compiling NIOHTTP2 HTTP2PipelineHelpers.swift
[1523/1611] Compiling NIOHTTP2 HTTP2Settings.swift
[1524/1611] Compiling NIOHTTP2 HTTP2Stream.swift
[1525/1611] Compiling NIOHTTP2 HTTP2StreamChannel+OutboundStreamMultiplexer.swift
[1526/1611] Compiling NIOHTTP2 HTTP2StreamChannel.swift
[1527/1611] Compiling NIOHTTP2 HTTP2StreamDelegate.swift
[1528/1611] Compiling NIOHTTP2 HTTP2StreamID.swift
[1528/1611] Compiling e_null.cc
[1529/1611] Compiling e_chacha20poly1305.cc
[1530/1611] Compiling e_aesgcmsiv.cc
[1531/1611] Compiling e_aeseax.cc
[1532/1611] Compiling e_aesctrhmac.cc
[1533/1611] Compiling derive_key.cc
[1534/1611] Compiling chacha.cc
[1535/1611] Compiling unicode.cc
[1536/1611] Compiling cbb.cc
[1537/1611] Compiling cbs.cc
[1538/1611] Compiling ber.cc
[1539/1611] Compiling buf.cc
[1540/1611] Compiling asn1_compat.cc
[1541/1611] Compiling bcm.cc
[1542/1611] Compiling sqrt.cc
[1544/1611] Compiling NIOHTTP2 HTTP2ChannelHandler+InlineStreamMultiplexer.swift
[1545/1611] Compiling NIOHTTP2 HTTP2ChannelHandler.swift
[1546/1611] Compiling NIOHTTP2 HTTP2CommonInboundStreamMultiplexer.swift
[1547/1611] Compiling NIOHTTP2 HTTP2ConnectionStateChange.swift
[1548/1611] Compiling NIOHTTP2 HTTP2Error.swift
[1549/1611] Compiling NIOHTTP2 HTTP2ErrorCode.swift
[1550/1611] Compiling NIOHTTP2 HTTP2FlowControlWindow.swift
[1551/1611] Compiling NIOHTTP2 HTTP2Frame.swift
[1552/1611] Compiling NIOHTTP2 HTTP2FrameEncoder.swift
[1552/1611] Compiling exponentiation.cc
[1553/1612] Compiling div.cc
[1555/1612] Compiling blake2.cc
[1556/1612] Wrapping AST for NIOHTTP2 for debugging
[1557/1612] Compiling printf.cc
[1558/1612] Compiling pair.cc
[1559/1612] Compiling convert.cc
[1560/1612] Compiling bn_asn1.cc
[1561/1612] Compiling file.cc
[1562/1612] Compiling hexdump.cc
[1563/1612] Compiling fd.cc
[1564/1612] Compiling errno.cc
[1565/1612] Compiling bio_mem.cc
[1566/1612] Compiling base64.cc
[1567/1612] Compiling bio.cc
[1568/1612] Compiling tasn_typ.cc
[1569/1612] Compiling tasn_fre.cc
[1570/1612] Compiling tasn_new.cc
[1571/1612] Compiling tasn_utl.cc
[1572/1612] Compiling tasn_enc.cc
[1573/1612] Compiling posix_time.cc
[1574/1612] Compiling f_string.cc
[1575/1612] Compiling f_int.cc
[1576/1612] Compiling tasn_dec.cc
[1577/1612] Compiling asn_pack.cc
[1578/1612] Compiling asn1_par.cc
[1579/1612] Compiling asn1_lib.cc
[1580/1612] Compiling a_utctm.cc
[1581/1612] Compiling a_type.cc
[1582/1612] Compiling a_time.cc
[1583/1612] Compiling a_d2i_fp.cc
[1584/1612] Compiling CAsyncHTTPClient CAsyncHTTPClient.c
[1585/1612] Wrapping AST for Atomics for debugging
[1586/1612] Wrapping AST for Algorithms for debugging
[1587/1612] Compiling a_strnid.cc
[1588/1676] Compiling a_gentm.cc
[1589/1676] Compiling a_strex.cc
[1590/1676] Compiling aes.cc
[1591/1676] Compiling a_bool.cc
[1592/1676] Compiling a_bitstr.cc
[1594/1684] Compiling CryptoBoringWrapper RandomBytes.swift
[1595/1684] Emitting module CryptoBoringWrapper
[1596/1684] Compiling CryptoBoringWrapper CryptoKitErrors_boring.swift
[1597/1684] Emitting module AsyncHTTPClient
[1598/1692] Compiling CryptoBoringWrapper FiniteFieldArithmeticContext.swift
[1599/1692] Compiling CryptoBoringWrapper EllipticCurvePoint.swift
[1600/1692] Compiling CryptoBoringWrapper BoringSSLAEAD.swift
[1601/1692] Compiling CryptoBoringWrapper ArbitraryPrecisionInteger.swift
[1602/1692] Compiling CryptoBoringWrapper EllipticCurve.swift
[1603/1693] Wrapping AST for CryptoBoringWrapper for debugging
[1605/1693] Compiling AsyncHTTPClient AnyAsyncSequence.swift
[1606/1693] Compiling AsyncHTTPClient AnyAsyncSequenceProucerDelete.swift
[1607/1693] Compiling AsyncHTTPClient AsyncLazySequence.swift
[1608/1693] Compiling AsyncHTTPClient HTTPClient+execute.swift
[1609/1693] Compiling AsyncHTTPClient HTTPClient+shutdown.swift
[1610/1693] Compiling AsyncHTTPClient HTTPClient+tracing.swift
[1611/1693] Compiling AsyncHTTPClient HTTPClientRequest+Prepared.swift
[1612/1693] Compiling AsyncHTTPClient HTTPClientRequest+auth.swift
[1613/1693] Compiling AsyncHTTPClient HTTPClientRequest.swift
[1614/1777] Compiling Crypto ASN1Boolean.swift
[1615/1777] Compiling Crypto ASN1Identifier.swift
[1616/1777] Compiling Crypto ASN1Integer.swift
[1617/1777] Compiling Crypto ASN1Null.swift
[1618/1777] Compiling Crypto ASN1OctetString.swift
[1619/1777] Compiling Crypto ASN1Strings.swift
[1620/1777] Compiling Crypto ArraySliceBigint.swift
[1621/1777] Compiling Crypto GeneralizedTime.swift
[1622/1777] Compiling Crypto ObjectIdentifier.swift
[1623/1777] Compiling Crypto ECDSASignature_boring.swift
[1624/1777] Compiling Crypto ECDSA_boring.swift
[1625/1777] Compiling Crypto EdDSA_boring.swift
[1626/1777] Compiling Crypto MLDSA_boring.swift
[1627/1777] Compiling Crypto MLDSA_wrapper.swift
[1628/1777] Compiling Crypto ECDSA.swift
[1629/1777] Compiling Crypto Ed25519.swift
[1630/1777] Compiling Crypto MLDSA.swift
[1631/1777] Compiling Crypto ECDSASignature.swift
[1632/1777] Compiling Crypto PEMDocument.swift
[1633/1777] Compiling Crypto PKCS8PrivateKey.swift
[1634/1777] Compiling Crypto SEC1PrivateKey.swift
[1635/1777] Compiling Crypto SubjectPublicKeyInfo.swift
[1636/1777] Compiling Crypto CryptoError_boring.swift
[1637/1777] Compiling Crypto CryptoKitErrors.swift
[1638/1777] Compiling Crypto Digest_boring.swift
[1639/1777] Compiling Crypto Digest.swift
[1640/1777] Compiling Crypto Digests.swift
[1641/1777] Compiling Crypto HashFunctions.swift
[1642/1777] Compiling Crypto HashFunctions_SHA2.swift
[1643/1777] Compiling Crypto HashFunctions_SHA3.swift
[1644/1777] Compiling Crypto Digest_xkcp.swift
[1645/1777] Compiling Crypto HPKE-AEAD.swift
[1646/1777] Compiling Crypto HPKE-Ciphersuite.swift
[1647/1777] Compiling Crypto HPKE-KDF.swift
[1648/1777] Compiling Crypto HPKE-KexKeyDerivation.swift
[1649/1777] Compiling Crypto HKDF.swift
[1650/1777] Compiling Crypto AESWrap.swift
[1651/1777] Compiling Crypto AESWrap_boring.swift
[1652/1777] Compiling Crypto Ed25519_boring.swift
[1653/1777] Compiling Crypto NISTCurvesKeys_boring.swift
[1654/1777] Compiling Crypto X25519Keys_boring.swift
[1655/1777] Compiling Crypto Curve25519.swift
[1656/1777] Compiling Crypto Ed25519Keys.swift
[1657/1777] Compiling Crypto NISTCurvesKeys.swift
[1658/1777] Compiling Crypto X25519Keys.swift
[1659/1777] Compiling Crypto SymmetricKeys.swift
[1660/1777] Compiling Crypto HMAC.swift
[1685/1788] Compiling Crypto AES-GCM.swift
[1686/1788] Compiling Crypto AES-GCM_boring.swift
[1687/1788] Compiling Crypto ChaChaPoly_boring.swift
[1688/1788] Compiling Crypto ChaChaPoly.swift
[1689/1788] Compiling Crypto Cipher.swift
[1690/1788] Compiling Crypto Nonces.swift
[1691/1788] Compiling Crypto ASN1.swift
[1692/1788] Compiling Crypto ASN1Any.swift
[1693/1788] Compiling Crypto ASN1BitString.swift
[1697/1788] Emitting module Crypto
[1704/1788] Compiling Crypto MACFunctions.swift
[1705/1788] Compiling Crypto MessageAuthenticationCode.swift
[1706/1788] Compiling Crypto AES.swift
[1707/1788] Compiling Crypto HPKE-KeySchedule.swift
[1708/1788] Compiling Crypto HPKE-Modes.swift
[1709/1788] Compiling Crypto Insecure.swift
[1716/1788] Compiling Crypto HPKE-LabeledExtract.swift
[1717/1788] Compiling Crypto HPKE-Utils.swift
[1718/1788] Compiling Crypto DHKEM.swift
[1719/1788] Compiling Crypto HPKE-KEM-Curve25519.swift
[1720/1788] Compiling Crypto HPKE-NIST-EC-KEMs.swift
[1721/1788] Compiling Crypto HPKE-KEM.swift
[1722/1788] Compiling Crypto HPKE-Errors.swift
[1723/1788] Compiling Crypto HPKE.swift
[1724/1788] Compiling Crypto HPKE-Context.swift
[1725/1789] Wrapping AST for AsyncHTTPClient for debugging
[1738/1789] Compiling Crypto Signature.swift
[1739/1789] Compiling Crypto CryptoKitErrors_boring.swift
[1740/1789] Compiling Crypto Optional+withUnsafeBytes_boring.swift
[1741/1789] Compiling Crypto RNG_boring.swift
[1742/1789] Compiling Crypto SafeCompare_boring.swift
[1743/1789] Compiling Crypto Zeroization_boring.swift
[1744/1789] Compiling Crypto _CryptoModuleAnchor.swift
[1745/1789] Compiling Crypto PrettyBytes.swift
[1746/1789] Compiling Crypto SafeCompare.swift
[1747/1789] Compiling Crypto SecureBytes.swift
[1748/1789] Compiling Crypto Zeroization.swift
[1749/1789] Compiling Crypto Insecure_HashFunctions.swift
[1750/1789] Compiling Crypto MLKEM_boring.swift
[1751/1789] Compiling Crypto MLKEM_wrapper.swift
[1752/1789] Compiling Crypto XWing_boring.swift
[1753/1789] Compiling Crypto KEM-Errors.swift
[1754/1789] Compiling Crypto KEM.swift
[1755/1789] Compiling Crypto MLKEM.swift
[1756/1789] Compiling Crypto XWing.swift
[1757/1789] Compiling Crypto ECDH_boring.swift
[1758/1789] Compiling Crypto DH.swift
[1759/1789] Compiling Crypto ECDH.swift
[1760/1789] Compiling Crypto ANSIx963.swift
[1773/1790] Wrapping AST for Crypto for debugging
[1775/1852] Compiling CryptoExtras Data+Extensions.swift
[1776/1852] Compiling CryptoExtras DigestType.swift
[1777/1852] Compiling CryptoExtras Error.swift
[1778/1852] Compiling CryptoExtras I2OSP.swift
[1779/1852] Compiling CryptoExtras IntegerEncoding.swift
[1780/1852] Compiling CryptoExtras PEMDocument.swift
[1781/1852] Compiling CryptoExtras PrettyBytes.swift
[1782/1852] Compiling CryptoExtras SubjectPublicKeyInfo.swift
[1783/1860] Compiling CryptoExtras ThreadOps.swift
[1784/1860] Compiling CryptoExtras ThreadPosix.swift
[1785/1860] Compiling CryptoExtras ThreadSpecific.swift
[1786/1860] Compiling CryptoExtras ThreadWindows.swift
[1787/1860] Compiling CryptoExtras DLEQ.swift
[1788/1860] Compiling CryptoExtras Prover.swift
[1789/1860] Compiling CryptoExtras Verifier.swift
[1790/1860] Compiling CryptoExtras ZKPToolbox.swift
[1791/1860] Compiling CryptoExtras CMAC.swift
[1792/1860] Compiling CryptoExtras ARC+API.swift
[1793/1860] Compiling CryptoExtras ARC.swift
[1794/1860] Compiling CryptoExtras ARCCredential.swift
[1795/1860] Compiling CryptoExtras ARCEncoding.swift
[1796/1860] Compiling CryptoExtras ARCPrecredential.swift
[1797/1860] Compiling CryptoExtras ARCPresentation.swift
[1798/1860] Compiling CryptoExtras ARCRequest.swift
[1799/1860] Compiling CryptoExtras ARCResponse.swift
[1800/1860] Emitting module CryptoExtras
[1801/1860] Compiling CryptoExtras AES_CBC.swift
[1802/1860] Compiling CryptoExtras AES_CFB.swift
[1803/1860] Compiling CryptoExtras AES_CTR.swift
[1804/1860] Compiling CryptoExtras AES_GCM_SIV.swift
[1805/1860] Compiling CryptoExtras Block Function.swift
[1806/1860] Compiling CryptoExtras AES_CBC_boring.swift
[1807/1860] Compiling CryptoExtras AES_CFB_boring.swift
[1808/1860] Compiling CryptoExtras AES_CTR_boring.swift
[1809/1860] Compiling CryptoExtras AES_GCM_SIV_boring.swift
[1810/1860] Compiling CryptoExtras ARCServer.swift
[1811/1860] Compiling CryptoExtras ChaCha20CTR_boring.swift
[1812/1860] Compiling CryptoExtras ChaCha20CTR.swift
[1813/1860] Compiling CryptoExtras BoringSSLSHA512256Context.swift
[1814/1860] Compiling CryptoExtras BoringSSLSHA512256HashFunction.swift
[1815/1860] Compiling CryptoExtras SHA512256.swift
[1816/1860] Compiling CryptoExtras SHA512256Digest.swift
[1817/1860] Compiling CryptoExtras Curve25519+PEM.swift
[1818/1860] Compiling CryptoExtras ObjectIdentifier.swift
[1819/1860] Compiling CryptoExtras PKCS8DERRepresentation.swift
[1820/1860] Compiling CryptoExtras PKCS8PrivateKey.swift
[1821/1860] Compiling CryptoExtras RFC8410AlgorithmIdentifier.swift
[1822/1860] Compiling CryptoExtras ECToolbox_boring.swift
[1823/1860] Compiling CryptoExtras ECToolbox.swift
[1824/1860] Compiling CryptoExtras HashToField.swift
[1825/1860] Compiling CryptoExtras KDF.swift
[1826/1860] Compiling CryptoExtras PBKDF2_boring.swift
[1827/1860] Compiling CryptoExtras PBKDF2_commoncrypto.swift
[1828/1860] Compiling CryptoExtras BoringSSLPassphraseCallbackManager.swift
[1829/1860] Compiling CryptoExtras RSA+BlindSigning.swift
[1830/1860] Compiling CryptoExtras RSA.swift
[1831/1860] Compiling CryptoExtras RSA_boring.swift
[1832/1860] Compiling CryptoExtras Reexport.swift
[1833/1860] Compiling CryptoExtras Zeroization_boring.swift
[1834/1860] Compiling CryptoExtras BoringSSLHelpers.swift
[1835/1860] Compiling CryptoExtras CryptoKitErrors_boring.swift
[1836/1860] Compiling CryptoExtras PBKDF2.swift
[1837/1860] Compiling CryptoExtras Scrypt_boring.swift
[1838/1860] Compiling CryptoExtras Scrypt.swift
[1839/1860] Compiling CryptoExtras OPRF.swift
[1840/1860] Compiling CryptoExtras OPRFClient.swift
[1841/1860] Compiling CryptoExtras OPRFServer.swift
[1842/1860] Compiling CryptoExtras VOPRF+API.swift
[1843/1860] Compiling CryptoExtras VOPRFClient.swift
[1844/1860] Compiling CryptoExtras VOPRFServer.swift
[1845/1861] Wrapping AST for CryptoExtras for debugging
[1847/1863] Compiling _CryptoExtras Exports.swift
[1848/1863] Emitting module _CryptoExtras
[1849/1864] Wrapping AST for _CryptoExtras for debugging
[1851/1959] Compiling X509 PKCS8PrivateKey.swift
[1852/1959] Compiling X509 PromiseAndFuture.swift
[1853/1959] Compiling X509 RDNAttribute.swift
[1854/1959] Compiling X509 RandomNumberGenerator+bytes.swift
[1855/1959] Compiling X509 RelativeDistinguishedName.swift
[1856/1959] Compiling X509 SEC1PrivateKey.swift
[1857/1959] Compiling X509 SecKeyWrapper.swift
[1858/1959] Compiling X509 Signature.swift
[1859/1959] Compiling X509 SignatureAlgorithm.swift
[1860/1959] Compiling X509 AllOfPolicies.swift
[1861/1959] Compiling X509 AnyPolicy.swift
[1862/1959] Compiling X509 CertificateStore.swift
[1863/1959] Compiling X509 CustomCertificateStore.swift
[1864/1972] Compiling X509 CSRAttribute.swift
[1865/1972] Compiling X509 CSRAttributes.swift
[1866/1972] Compiling X509 CSRVersion.swift
[1867/1972] Compiling X509 CertificateSigningRequest.swift
[1868/1972] Compiling X509 CertificationRequestInfo.swift
[1869/1972] Compiling X509 ExtensionRequest.swift
[1870/1972] Compiling X509 Certificate.swift
[1871/1972] Compiling X509 CertificatePrivateKey.swift
[1872/1972] Compiling X509 CertificatePublicKey.swift
[1873/1972] Compiling X509 CertificateSerialNumber.swift
[1874/1972] Compiling X509 CertificateVersion.swift
[1875/1972] Compiling X509 CMSAttribute.swift
[1876/1972] Compiling X509 CMSContentInfo.swift
[1877/1972] Compiling X509 CMSEncapsulatedContentInfo.swift
[1878/1972] Compiling X509 OCSPExtensionID.swift
[1879/1972] Compiling X509 OCSPNonce.swift
[1880/1972] Compiling X509 OCSPPolicy.swift
[1881/1972] Compiling X509 OCSPRequest.swift
[1882/1972] Compiling X509 OCSPResponse.swift
[1883/1972] Compiling X509 OCSPResponseBytes.swift
[1884/1972] Compiling X509 OCSPResponseData.swift
[1885/1972] Compiling X509 OCSPResponseStatus.swift
[1886/1972] Compiling X509 OCSPSignature.swift
[1887/1972] Compiling X509 OCSPSingleRequest.swift
[1888/1972] Compiling X509 OCSPSingleResponse.swift
[1889/1972] Compiling X509 OCSPTBSRequest.swift
[1890/1972] Compiling X509 OCSPVersion.swift
[1891/1972] Compiling X509 DomainComponent.swift
[1892/1972] Compiling X509 EmailAddress.swift
[1893/1972] Compiling X509 LocalityName.swift
[1894/1972] Compiling X509 OrganizationName.swift
[1895/1972] Compiling X509 OrganizationalUnitName.swift
[1896/1972] Compiling X509 StateOrProvinceName.swift
[1897/1972] Compiling X509 StreetAddress.swift
[1898/1972] Compiling X509 Error.swift
[1899/1972] Compiling X509 AuthorityInformationAccess.swift
[1900/1972] Compiling X509 AuthorityKeyIdentifier.swift
[1901/1972] Compiling X509 BasicConstraints.swift
[1902/1972] Compiling X509 ExtendedKeyUsage.swift
[1903/1972] Compiling X509 ExtensionIdentifiers.swift
[1904/1972] Compiling X509 KeyUsage.swift
[1905/1972] Compiling X509 OneOfPolicies.swift
[1906/1972] Compiling X509 PolicyBuilder.swift
[1907/1972] Compiling X509 BasicConstraintsPolicy.swift
[1908/1972] Compiling X509 DNSNames.swift
[1909/1972] Compiling X509 ExpiryPolicy.swift
[1910/1972] Compiling X509 IPConstraints.swift
[1911/1972] Compiling X509 NameConstraintsPolicy.swift
[1912/1972] Compiling X509 RFC5280Policy.swift
[1913/1972] Compiling X509 URIConstraints.swift
[1914/1972] Compiling X509 VersionPolicy.swift
[1915/1972] Compiling X509 ServerIdentityPolicy.swift
[1916/1972] Compiling X509 TrustRootLoading.swift
[1917/1972] Compiling X509 UnverifiedChain.swift
[1918/1972] Compiling X509 CMSIssuerAndSerialNumber.swift
[1919/1972] Compiling X509 CMSOperations.swift
[1920/1972] Compiling X509 CMSSignature.swift
[1921/1972] Compiling X509 CMSSignedData.swift
[1922/1972] Compiling X509 CMSSignerIdentifier.swift
[1923/1972] Compiling X509 CMSSignerInfo.swift
[1924/1972] Compiling X509 CMSVersion.swift
[1925/1972] Compiling X509 Curve25519+DER.swift
[1926/1972] Compiling X509 CustomPrivateKey.swift
[1927/1972] Compiling X509 Digests.swift
[1928/1972] Compiling X509 DistinguishedName.swift
[1929/1972] Compiling X509 CommonName.swift
[1930/1972] Compiling X509 CountryName.swift
[1931/1972] Compiling X509 DNBuilder.swift
[1932/1972] Compiling X509 NameConstraints.swift
[1933/1972] Compiling X509 SubjectAlternativeName.swift
[1934/1972] Compiling X509 SubjectKeyIdentifier.swift
[1935/1972] Compiling X509 Extension.swift
[1936/1972] Compiling X509 Extensions.swift
[1937/1972] Compiling X509 ExtensionsBuilder.swift
[1938/1972] Compiling X509 GeneralName.swift
[1939/1972] Compiling X509 Lock.swift
[1940/1972] Compiling X509 LockedValueBox.swift
[1941/1972] Compiling X509 BasicOCSPResponse.swift
[1942/1972] Compiling X509 DirectoryString.swift
[1943/1972] Compiling X509 OCSPCertID.swift
[1944/1972] Compiling X509 OCSPCertStatus.swift
[1945/1972] Emitting module X509
[1946/1972] Compiling X509 ValidatedCertificateChain.swift
[1947/1972] Compiling X509 VerificationDiagnostic.swift
[1948/1972] Compiling X509 Verifier.swift
[1949/1972] Compiling X509 VerifierPolicy.swift
[1950/1972] Compiling X509 AlgorithmIdentifier.swift
[1951/1972] Compiling X509 ECDSASignature.swift
[1952/1972] Compiling X509 RSAPKCS1PublicKey.swift
[1953/1972] Compiling X509 SubjectPublicKeyInfo.swift
[1954/1972] Compiling X509 TBSCertificate.swift
[1955/1972] Compiling X509 Time.swift
[1956/1972] Compiling X509 TimeCalculations.swift
[1957/1972] Compiling X509 Validity.swift
[1958/1972] Compiling X509 X509SendableMetatype.swift
[1959/1973] Wrapping AST for X509 for debugging
[1961/2040] Compiling JWTKit AudienceClaim.swift
[1962/2040] Compiling JWTKit BoolClaim.swift
[1963/2040] Compiling JWTKit ExpirationClaim.swift
[1964/2040] Compiling JWTKit GoogleHostedDomainClaim.swift
[1965/2040] Compiling JWTKit IDClaim.swift
[1966/2040] Compiling JWTKit IssuedAtClaim.swift
[1967/2040] Compiling JWTKit IssuerClaim.swift
[1968/2040] Compiling JWTKit JWTClaim.swift
[1969/2040] Compiling JWTKit JWTMultiValueClaim.swift
[1970/2040] Compiling JWTKit JWTUnixEpochClaim.swift
[1971/2049] Emitting module JWTKit
[1972/2049] Compiling JWTKit JWTSerializer.swift
[1973/2049] Compiling JWTKit JWTSigner.swift
[1974/2049] Compiling JWTKit JWTKeyCollection+MLDSA.swift
[1975/2049] Compiling JWTKit MLDSA.swift
[1976/2049] Compiling JWTKit MLDSA65+MLDSAKey.swift
[1977/2049] Compiling JWTKit MLDSA87+MLDSAKey.swift
[1978/2049] Compiling JWTKit MLDSAError.swift
[1979/2049] Compiling JWTKit MLDSAKey.swift
[1980/2049] Compiling JWTKit MLDSASigner.swift
[1981/2049] Compiling JWTKit MLDSAType.swift
[1982/2049] Compiling JWTKit JWTKeyCollection+UnsecuredNone.swift
[1983/2049] Compiling JWTKit UnsecuredNoneSigner.swift
[1984/2049] Compiling JWTKit JWTKeyCollection+RSA.swift
[1985/2049] Compiling JWTKit RSA.swift
[1986/2049] Compiling JWTKit RSAError.swift
[1987/2049] Compiling JWTKit RSASigner.swift
[1988/2049] Compiling JWTKit Base64URL.swift
[1989/2049] Compiling JWTKit CryptoSigner.swift
[1990/2049] Compiling JWTKit ECDSASigningAlgorithm.swift
[1991/2049] Compiling JWTKit JWTKeyCollection+ECDSA.swift
[1992/2049] Compiling JWTKit P256+CurveType.swift
[1993/2049] Compiling JWTKit P384+CurveType.swift
[1994/2049] Compiling JWTKit P521+CurveType.swift
[1995/2049] Compiling JWTKit EdDSA.swift
[1996/2049] Compiling JWTKit EdDSACurve.swift
[1997/2049] Compiling JWTKit EdDSAError.swift
[1998/2049] Compiling JWTKit EdDSASigner.swift
[1999/2049] Compiling JWTKit JWTKeyCollection+EdDSA.swift
[2000/2049] Compiling JWTKit JWTAlgorithm.swift
[2001/2049] Compiling JWTKit JWTError.swift
[2002/2049] Compiling JWTKit JWTHeader+CommonFields.swift
[2003/2049] Compiling JWTKit JWTHeader.swift
[2004/2049] Compiling JWTKit JWTHeaderField.swift
[2005/2049] Compiling JWTKit JWTKeyCollection.swift
[2006/2049] Compiling JWTKit JWTParser+MandatoryVerificationFields.swift
[2007/2049] Compiling JWTKit JWTParser.swift
[2008/2049] Compiling JWTKit JWTPayload.swift
[2009/2049] Compiling JWTKit LocaleClaim.swift
[2010/2049] Compiling JWTKit NotBeforeClaim.swift
[2011/2049] Compiling JWTKit SubjectClaim.swift
[2012/2049] Compiling JWTKit TenantIDClaim.swift
[2013/2049] Compiling JWTKit ECDSA.swift
[2014/2049] Compiling JWTKit ECDSACurve.swift
[2015/2049] Compiling JWTKit ECDSACurveType.swift
[2016/2049] Compiling JWTKit ECDSAError.swift
[2017/2049] Compiling JWTKit ECDSAKeyTypes.swift
[2018/2049] Compiling JWTKit ECDSASigner.swift
[2019/2049] Compiling JWTKit HMAC.swift
[2020/2049] Compiling JWTKit HMACError.swift
[2021/2049] Compiling JWTKit HMACSigner.swift
[2022/2049] Compiling JWTKit JWTKeyCollection+HMAC.swift
[2023/2049] Compiling JWTKit Insecure.swift
[2024/2049] Compiling JWTKit JWK.swift
[2025/2049] Compiling JWTKit JWKIdentifier.swift
[2026/2049] Compiling JWTKit JWKS.swift
[2027/2049] Compiling JWTKit JWKSigner.swift
[2028/2049] Compiling JWTKit CustomizedJSONCoders.swift
[2029/2049] Compiling JWTKit Utilities.swift
[2030/2049] Compiling JWTKit AppleIdentityToken.swift
[2031/2049] Compiling JWTKit FirebaseAuthIdentityToken.swift
[2032/2049] Compiling JWTKit GoogleIdentityToken.swift
[2033/2049] Compiling JWTKit MicrosoftIdentityToken.swift
[2034/2049] Compiling JWTKit EmptyPolicy.swift
[2035/2049] Compiling JWTKit ValidationTimePayload.swift
[2036/2049] Compiling JWTKit X5CVerifier.swift
[2037/2050] Wrapping AST for JWTKit for debugging
[2039/2073] Emitting module GoogleAuth
[2040/2076] Compiling GoogleAuth CredentialParserRegistry.swift
[2041/2076] Compiling GoogleAuth Credentials.swift
[2042/2076] Compiling GoogleAuth CredentialsError.swift
[2043/2076] Compiling GoogleAuth SubjectTokenProvider.swift
[2044/2076] Compiling GoogleAuth MDSAccessTokenProvider.swift
[2045/2076] Compiling GoogleAuth MDSCredentials.swift
[2046/2076] Compiling GoogleAuth ServiceAccountCredentials.swift
[2047/2076] Compiling GoogleAuth ServiceAccountData.swift
[2048/2076] Compiling GoogleAuth ServiceAccountTokenProvider.swift
[2049/2076] Compiling GoogleAuth ADC.swift
[2050/2076] Compiling GoogleAuth ADCPath.swift
[2051/2076] Compiling GoogleAuth ADCResolver.swift
[2052/2076] Compiling GoogleAuth AuthHeaders.swift
[2053/2076] Compiling GoogleAuth AuthHTTPClient.swift
[2054/2076] Compiling GoogleAuth AuthHTTPError.swift
[2055/2076] Compiling GoogleAuth RetryEngine.swift
[2056/2076] Compiling GoogleAuth UserAccountData.swift
[2057/2076] Compiling GoogleAuth UserAccountTokenProvider.swift
[2058/2076] Compiling GoogleAuth UserCredentials.swift
[2059/2076] Compiling GoogleAuth AnonymousCredentials.swift
[2060/2076] Compiling GoogleAuth ApiKeyCredentials.swift
[2061/2076] Compiling GoogleAuth ExternalAccountCredentials.swift
[2062/2076] Compiling GoogleAuth STSHandler.swift
[2063/2076] Compiling GoogleAuth TokenCache.swift
[2064/2076] Compiling GoogleAuth PackageVersion.swift
[2065/2077] Wrapping AST for GoogleAuth for debugging
[2067/2135] Compiling GoogleGax LimitedAttemptCount+PollingErrorPolicy.swift
[2068/2135] Compiling GoogleGax LimitedAttemptCount+RetryPolicy.swift
[2069/2135] Compiling GoogleGax LimitedAttemptCount.swift
[2070/2135] Compiling GoogleGax LimitedElapsedTime+PollingErrorPolicy.swift
[2071/2135] Compiling GoogleGax LimitedElapsedTime+RetryPolicy.swift
[2072/2135] Compiling GoogleGax LimitedElapsedTime.swift
[2073/2135] Compiling GoogleGax LongRunningOperations.swift
[2074/2135] Compiling GoogleGax NeverRetry.swift
[2075/2143] Compiling GoogleGax Pagination.swift
/host/spi-builder-workspace/.build/checkouts/swift-google-gax/Sources/GoogleGax/Pagination.swift:44:22: error: cannot convert '@Sendable (String) async throws -> (response: ResponseType, items: [Item], nextToken: String)' to 'nonisolated(nonsending) @Sendable (String) async throws -> (response: ResponseType, items: [Item], nextToken: String)' because crossing of an isolation boundary requires parameter and result types to conform to 'Sendable' protocol
42 | ) where ResponseType: _PaginatedResponse<Item> {
43 | self.initialPageToken = initialPageToken ?? ""
44 | self.fetchPage = { token in
| |- error: cannot convert '@Sendable (String) async throws -> (response: ResponseType, items: [Item], nextToken: String)' to 'nonisolated(nonsending) @Sendable (String) async throws -> (response: ResponseType, items: [Item], nextToken: String)' because crossing of an isolation boundary requires parameter and result types to conform to 'Sendable' protocol
| `- note: type 'Item' does not conform to 'Sendable' protocol
45 | let response = try await listRpc(token)
46 | return (response, response._getPaginatedItems(), response._nextPageToken())
[2076/2143] Compiling GoogleGax PollingBackoffPolicy.swift
/host/spi-builder-workspace/.build/checkouts/swift-google-gax/Sources/GoogleGax/Pagination.swift:44:22: error: cannot convert '@Sendable (String) async throws -> (response: ResponseType, items: [Item], nextToken: String)' to 'nonisolated(nonsending) @Sendable (String) async throws -> (response: ResponseType, items: [Item], nextToken: String)' because crossing of an isolation boundary requires parameter and result types to conform to 'Sendable' protocol
42 | ) where ResponseType: _PaginatedResponse<Item> {
43 | self.initialPageToken = initialPageToken ?? ""
44 | self.fetchPage = { token in
| |- error: cannot convert '@Sendable (String) async throws -> (response: ResponseType, items: [Item], nextToken: String)' to 'nonisolated(nonsending) @Sendable (String) async throws -> (response: ResponseType, items: [Item], nextToken: String)' because crossing of an isolation boundary requires parameter and result types to conform to 'Sendable' protocol
| `- note: type 'Item' does not conform to 'Sendable' protocol
45 | let response = try await listRpc(token)
46 | return (response, response._getPaginatedItems(), response._nextPageToken())
[2077/2143] Compiling GoogleGax PollingErrorPolicy.swift
/host/spi-builder-workspace/.build/checkouts/swift-google-gax/Sources/GoogleGax/Pagination.swift:44:22: error: cannot convert '@Sendable (String) async throws -> (response: ResponseType, items: [Item], nextToken: String)' to 'nonisolated(nonsending) @Sendable (String) async throws -> (response: ResponseType, items: [Item], nextToken: String)' because crossing of an isolation boundary requires parameter and result types to conform to 'Sendable' protocol
42 | ) where ResponseType: _PaginatedResponse<Item> {
43 | self.initialPageToken = initialPageToken ?? ""
44 | self.fetchPage = { token in
| |- error: cannot convert '@Sendable (String) async throws -> (response: ResponseType, items: [Item], nextToken: String)' to 'nonisolated(nonsending) @Sendable (String) async throws -> (response: ResponseType, items: [Item], nextToken: String)' because crossing of an isolation boundary requires parameter and result types to conform to 'Sendable' protocol
| `- note: type 'Item' does not conform to 'Sendable' protocol
45 | let response = try await listRpc(token)
46 | return (response, response._getPaginatedItems(), response._nextPageToken())
[2078/2143] Compiling GoogleGax PollingResult.swift
/host/spi-builder-workspace/.build/checkouts/swift-google-gax/Sources/GoogleGax/Pagination.swift:44:22: error: cannot convert '@Sendable (String) async throws -> (response: ResponseType, items: [Item], nextToken: String)' to 'nonisolated(nonsending) @Sendable (String) async throws -> (response: ResponseType, items: [Item], nextToken: String)' because crossing of an isolation boundary requires parameter and result types to conform to 'Sendable' protocol
42 | ) where ResponseType: _PaginatedResponse<Item> {
43 | self.initialPageToken = initialPageToken ?? ""
44 | self.fetchPage = { token in
| |- error: cannot convert '@Sendable (String) async throws -> (response: ResponseType, items: [Item], nextToken: String)' to 'nonisolated(nonsending) @Sendable (String) async throws -> (response: ResponseType, items: [Item], nextToken: String)' because crossing of an isolation boundary requires parameter and result types to conform to 'Sendable' protocol
| `- note: type 'Item' does not conform to 'Sendable' protocol
45 | let response = try await listRpc(token)
46 | return (response, response._getPaginatedItems(), response._nextPageToken())
[2079/2143] Compiling GoogleGax PollingState.swift
/host/spi-builder-workspace/.build/checkouts/swift-google-gax/Sources/GoogleGax/Pagination.swift:44:22: error: cannot convert '@Sendable (String) async throws -> (response: ResponseType, items: [Item], nextToken: String)' to 'nonisolated(nonsending) @Sendable (String) async throws -> (response: ResponseType, items: [Item], nextToken: String)' because crossing of an isolation boundary requires parameter and result types to conform to 'Sendable' protocol
42 | ) where ResponseType: _PaginatedResponse<Item> {
43 | self.initialPageToken = initialPageToken ?? ""
44 | self.fetchPage = { token in
| |- error: cannot convert '@Sendable (String) async throws -> (response: ResponseType, items: [Item], nextToken: String)' to 'nonisolated(nonsending) @Sendable (String) async throws -> (response: ResponseType, items: [Item], nextToken: String)' because crossing of an isolation boundary requires parameter and result types to conform to 'Sendable' protocol
| `- note: type 'Item' does not conform to 'Sendable' protocol
45 | let response = try await listRpc(token)
46 | return (response, response._getPaginatedItems(), response._nextPageToken())
[2080/2143] Compiling GoogleGax ProtobufConversionError.swift
/host/spi-builder-workspace/.build/checkouts/swift-google-gax/Sources/GoogleGax/Pagination.swift:44:22: error: cannot convert '@Sendable (String) async throws -> (response: ResponseType, items: [Item], nextToken: String)' to 'nonisolated(nonsending) @Sendable (String) async throws -> (response: ResponseType, items: [Item], nextToken: String)' because crossing of an isolation boundary requires parameter and result types to conform to 'Sendable' protocol
42 | ) where ResponseType: _PaginatedResponse<Item> {
43 | self.initialPageToken = initialPageToken ?? ""
44 | self.fetchPage = { token in
| |- error: cannot convert '@Sendable (String) async throws -> (response: ResponseType, items: [Item], nextToken: String)' to 'nonisolated(nonsending) @Sendable (String) async throws -> (response: ResponseType, items: [Item], nextToken: String)' because crossing of an isolation boundary requires parameter and result types to conform to 'Sendable' protocol
| `- note: type 'Item' does not conform to 'Sendable' protocol
45 | let response = try await listRpc(token)
46 | return (response, response._getPaginatedItems(), response._nextPageToken())
[2081/2143] Compiling GoogleGax QueryParameter.swift
/host/spi-builder-workspace/.build/checkouts/swift-google-gax/Sources/GoogleGax/Pagination.swift:44:22: error: cannot convert '@Sendable (String) async throws -> (response: ResponseType, items: [Item], nextToken: String)' to 'nonisolated(nonsending) @Sendable (String) async throws -> (response: ResponseType, items: [Item], nextToken: String)' because crossing of an isolation boundary requires parameter and result types to conform to 'Sendable' protocol
42 | ) where ResponseType: _PaginatedResponse<Item> {
43 | self.initialPageToken = initialPageToken ?? ""
44 | self.fetchPage = { token in
| |- error: cannot convert '@Sendable (String) async throws -> (response: ResponseType, items: [Item], nextToken: String)' to 'nonisolated(nonsending) @Sendable (String) async throws -> (response: ResponseType, items: [Item], nextToken: String)' because crossing of an isolation boundary requires parameter and result types to conform to 'Sendable' protocol
| `- note: type 'Item' does not conform to 'Sendable' protocol
45 | let response = try await listRpc(token)
46 | return (response, response._getPaginatedItems(), response._nextPageToken())
[2082/2143] Compiling GoogleGax RequestError.swift
/host/spi-builder-workspace/.build/checkouts/swift-google-gax/Sources/GoogleGax/Pagination.swift:44:22: error: cannot convert '@Sendable (String) async throws -> (response: ResponseType, items: [Item], nextToken: String)' to 'nonisolated(nonsending) @Sendable (String) async throws -> (response: ResponseType, items: [Item], nextToken: String)' because crossing of an isolation boundary requires parameter and result types to conform to 'Sendable' protocol
42 | ) where ResponseType: _PaginatedResponse<Item> {
43 | self.initialPageToken = initialPageToken ?? ""
44 | self.fetchPage = { token in
| |- error: cannot convert '@Sendable (String) async throws -> (response: ResponseType, items: [Item], nextToken: String)' to 'nonisolated(nonsending) @Sendable (String) async throws -> (response: ResponseType, items: [Item], nextToken: String)' because crossing of an isolation boundary requires parameter and result types to conform to 'Sendable' protocol
| `- note: type 'Item' does not conform to 'Sendable' protocol
45 | let response = try await listRpc(token)
46 | return (response, response._getPaginatedItems(), response._nextPageToken())
[2083/2143] Compiling GoogleGax RequestOptions.swift
[2084/2143] Compiling GoogleGax RetryLoop.swift
[2085/2143] Compiling GoogleGax RetryPolicy.swift
[2086/2143] Compiling GoogleGax RetryResult.swift
[2087/2143] Compiling GoogleGax RetryState.swift
[2088/2143] Compiling GoogleGax RetryThrottler.swift
[2089/2143] Compiling GoogleGax RetryThrottlerError.swift
[2090/2143] Compiling GoogleGax RoutingMatcher.swift
[2091/2143] Compiling GoogleGax AIP194+PollingErrorPolicy.swift
[2092/2143] Compiling GoogleGax AIP194+RetryPolicy.swift
[2093/2143] Compiling GoogleGax AIP194.swift
[2094/2143] Compiling GoogleGax AdaptiveThrottler.swift
[2095/2143] Compiling GoogleGax AlwaysPoll.swift
[2096/2143] Compiling GoogleGax AlwaysRetry.swift
[2097/2143] Compiling GoogleGax ApiClientHeader.swift
[2098/2143] Compiling GoogleGax BackoffPolicy.swift
[2099/2143] Compiling GoogleGax BasePollingErrorPolicy.swift
[2100/2143] Compiling GoogleGax ContinueOnIO.swift
[2101/2143] Compiling GoogleGax CredentialsProtocol.swift
[2102/2143] Compiling GoogleGax ErrorWrapper.swift
[2103/2143] Compiling GoogleGax ExponentialBackoff+BackoffPolicy.swift
[2104/2143] Compiling GoogleGax ExponentialBackoff+PollingBackoffPolicy.swift
[2105/2143] Compiling GoogleGax ExponentialBackoff.swift
[2106/2143] Compiling GoogleGax HTTPClient.swift
[2107/2143] Compiling GoogleGax HTTPClientHolder.swift
[2108/2143] Emitting module GoogleGax
[2109/2143] Compiling GoogleGax BaseRetryPolicy.swift
[2110/2143] Compiling GoogleGax BindingError.swift
[2111/2143] Compiling GoogleGax CRC32C.swift
[2112/2143] Compiling GoogleGax CircuitBreaker.swift
[2113/2143] Compiling GoogleGax ClientError.swift
[2114/2143] Compiling GoogleGax ClientOptions.swift
[2115/2143] Compiling GoogleGax ContinueOnIO+PollingErrorPolicy.swift
[2116/2143] Compiling GoogleGax ContinueOnIO+RetryPolicy.swift
[2117/2143] Compiling GoogleGax HTTPClientProtocol.swift
[2118/2143] Compiling GoogleGax HTTPClientRequest.swift
[2119/2143] Compiling GoogleGax HTTPClientResponse.swift
[2120/2143] Compiling GoogleGax HTTPHeaders.swift
[2121/2143] Compiling GoogleGax HTTPResponseBody.swift
[2122/2143] Compiling GoogleGax HeaderNames.swift
[2123/2143] Compiling GoogleGax Host.swift
[2124/2143] Compiling GoogleGax InProgressResult.swift
[2125/2143] Compiling GoogleGax ServiceError.swift
[2126/2143] Compiling GoogleGax StatusDetail.swift
[2127/2143] Compiling GoogleGax StrictIdempotency.swift
[2128/2143] Compiling GoogleGax ThrottleResult.swift
[2129/2143] Compiling GoogleGax TooManyRequests+PollingErrorPolicy.swift
[2130/2143] Compiling GoogleGax TooManyRequests+RetryPolicy.swift
[2131/2143] Compiling GoogleGax TooManyRequests.swift
[2132/2143] Compiling GoogleGax PackageVersion.swift
BUILD FAILURE 6.2 android