Build Information
Failed to build SwiftTrace, reference 8.6.1 (589f37), with Swift 6.4 for watchOS using Xcode 27.0 on 20 Sep 2026 21:38:04 UTC.
Build Command
env DEVELOPER_DIR=/Applications/Xcode-27.0.0-Release.Candidate.app xcrun xcodebuild -IDEClonedSourcePackagesDirPathOverride=$PWD/.dependencies -skipMacroValidation -skipPackagePluginValidation -derivedDataPath $PWD/.derivedData build -scheme SwiftTrace-Package -destination generic/platform=watchOSBuild Log
SwiftExplicitDependencyGeneratePcm arm64 /Users/admin/builder/spi-builder-workspace/.derivedData/SDKExplicitPrecompiledModules/_DarwinFoundation2-D0XAPJU49S5E9XMKYOFGSTB1Q.pcm
SwiftExplicitDependencyGeneratePcm arm64 /Users/admin/builder/spi-builder-workspace/.derivedData/SDKExplicitPrecompiledModules/_Builtin_limits-9GWPA2B0H20DYUNYHYCWKABJG.pcm
CompileC /Users/admin/builder/spi-builder-workspace/.derivedData/Build/Intermediates.noindex/SwiftTrace.build/Debug-watchos/SwiftTraceGuts-t.build/Objects-normal/arm64/xt_forwarding_trampoline_arm64.o /Users/admin/builder/spi-builder-workspace/SwiftTraceGuts/xt_forwarding_trampoline_arm64.s normal arm64 assembler-with-cpp com.apple.compilers.llvm.clang.1_0.compiler (in target 'SwiftTraceGuts' from project 'SwiftTrace')
cd /Users/admin/builder/spi-builder-workspace/.swiftpm/xcode
Using response file: /Users/admin/builder/spi-builder-workspace/.derivedData/Build/Intermediates.noindex/SwiftTrace.build/Debug-watchos/SwiftTraceGuts-t.build/Objects-normal/arm64/533656923a283fa776881f304837ed9e-common-args.resp
/Applications/Xcode-27.0.0-Release.Candidate.app/Contents/Developer/Toolchains/XcodeDefault.xctoolchain/usr/bin/clang -x assembler-with-cpp -ivfsstatcache /Users/admin/builder/spi-builder-workspace/.derivedData/SDKStatCaches.noindex/watchos27.0-24R360-e829b21a6f8c9b70876ba0858053c04477534ef55a1706bf4c1112bbb242f0a2.sdkstatcache -target arm64-apple-watchos9.0 -fmessage-length\=0 -fdiagnostics-show-note-include-stack -fmacro-backtrace-limit\=0 -fno-color-diagnostics -fmodules-prune-interval\=86400 -fmodules-prune-after\=345600 -fbuild-session-file\=/Users/admin/builder/spi-builder-workspace/.derivedData/ModuleCache.noindex/Session.modulevalidation -fmodules-validate-once-per-build-session -Wnon-modular-include-in-framework-module -Werror\=non-modular-include-in-framework-module -Wno-trigraphs -Wno-missing-field-initializers -Wno-missing-prototypes -Wno-return-type -Wno-missing-braces -Wparentheses -Wswitch -Wno-unused-function -Wno-unused-label -Wno-unused-parameter -Wno-unused-variable -Wunused-value -Wno-empty-body -Wno-uninitialized -Wno-unknown-pragmas -Wno-shadow -Wno-four-char-constants -Wno-conversion -Wno-constant-conversion -Wno-int-conversion -Wno-bool-conversion -Wno-enum-conversion -Wno-float-conversion -Wno-non-literal-null-conversion -Wno-objc-literal-conversion -Wshorten-64-to-32 -Wno-newline-eof -Wno-implicit-fallthrough -isysroot /Applications/Xcode-27.0.0-Release.Candidate.app/Contents/Developer/Platforms/WatchOS.platform/Developer/SDKs/WatchOS27.0.sdk -fstrict-aliasing -Wdeprecated-declarations -Wno-sign-conversion -Wno-infinite-recursion -Wno-comma -Wno-block-capture-autoreleasing -Wno-strict-prototypes -Wno-semicolon-before-method-body -index-store-path /Users/admin/builder/spi-builder-workspace/.derivedData/Index.noindex/DataStore @/Users/admin/builder/spi-builder-workspace/.derivedData/Build/Intermediates.noindex/SwiftTrace.build/Debug-watchos/SwiftTraceGuts-t.build/Objects-normal/arm64/533656923a283fa776881f304837ed9e-common-args.resp -MMD -MT dependencies -MF /Users/admin/builder/spi-builder-workspace/.derivedData/Build/Intermediates.noindex/SwiftTrace.build/Debug-watchos/SwiftTraceGuts-t.build/Objects-normal/arm64/xt_forwarding_trampoline_arm64.d --serialize-diagnostics /Users/admin/builder/spi-builder-workspace/.derivedData/Build/Intermediates.noindex/SwiftTrace.build/Debug-watchos/SwiftTraceGuts-t.build/Objects-normal/arm64/xt_forwarding_trampoline_arm64.dia -c /Users/admin/builder/spi-builder-workspace/SwiftTraceGuts/xt_forwarding_trampoline_arm64.s -o /Users/admin/builder/spi-builder-workspace/.derivedData/Build/Intermediates.noindex/SwiftTrace.build/Debug-watchos/SwiftTraceGuts-t.build/Objects-normal/arm64/xt_forwarding_trampoline_arm64.o -index-unit-output-path /SwiftTrace.build/Debug-watchos/SwiftTraceGuts-t.build/Objects-normal/arm64/xt_forwarding_trampoline_arm64.o
CompileC /Users/admin/builder/spi-builder-workspace/.derivedData/Build/Intermediates.noindex/SwiftTrace.build/Debug-watchos/SwiftTraceGuts-t.build/Objects-normal/arm64/fast_dladdr.o /Users/admin/builder/spi-builder-workspace/SwiftTraceGuts/fast_dladdr.mm normal arm64 objective-c++ com.apple.compilers.llvm.clang.1_0.compiler (in target 'SwiftTraceGuts' from project 'SwiftTrace')
cd /Users/admin/builder/spi-builder-workspace/.swiftpm/xcode
Using response file: /Users/admin/builder/spi-builder-workspace/.derivedData/Build/Intermediates.noindex/SwiftTrace.build/Debug-watchos/SwiftTraceGuts-t.build/Objects-normal/arm64/af3fcb34312c57c0f52879cdce924b91-common-args.resp
/Applications/Xcode-27.0.0-Release.Candidate.app/Contents/Developer/Toolchains/XcodeDefault.xctoolchain/usr/bin/clang -x objective-c++ -ivfsstatcache /Users/admin/builder/spi-builder-workspace/.derivedData/SDKStatCaches.noindex/watchos27.0-24R360-e829b21a6f8c9b70876ba0858053c04477534ef55a1706bf4c1112bbb242f0a2.sdkstatcache -target arm64-apple-watchos9.0 -fmessage-length\=0 -fdiagnostics-show-note-include-stack -fmacro-backtrace-limit\=0 -fno-color-diagnostics -fmodules-prune-interval\=86400 -fmodules-prune-after\=345600 -fbuild-session-file\=/Users/admin/builder/spi-builder-workspace/.derivedData/ModuleCache.noindex/Session.modulevalidation -fmodules-validate-once-per-build-session -Wnon-modular-include-in-framework-module -Werror\=non-modular-include-in-framework-module -Wno-trigraphs -Wno-missing-field-initializers -Wno-missing-prototypes -Wno-return-type -Wno-implicit-atomic-properties -Wno-objc-interface-ivars -Wno-arc-repeated-use-of-weak -Wno-non-virtual-dtor -Wno-overloaded-virtual -Wno-exit-time-destructors -Wno-missing-braces -Wparentheses -Wswitch -Wno-unused-function -Wno-unused-label -Wno-unused-parameter -Wno-unused-variable -Wunused-value -Wno-empty-body -Wno-uninitialized -Wno-unknown-pragmas -Wno-shadow -Wno-four-char-constants -Wno-conversion -Wno-constant-conversion -Wno-int-conversion -Wno-bool-conversion -Wno-enum-conversion -Wno-float-conversion -Wno-non-literal-null-conversion -Wno-objc-literal-conversion -Wshorten-64-to-32 -Wno-newline-eof -Wno-selector -Wno-strict-selector-match -Wno-undeclared-selector -Wno-deprecated-implementations -Wno-c++11-extensions -Wno-implicit-fallthrough -isysroot /Applications/Xcode-27.0.0-Release.Candidate.app/Contents/Developer/Platforms/WatchOS.platform/Developer/SDKs/WatchOS27.0.sdk -fstrict-aliasing -Wprotocol -Wdeprecated-declarations -Winvalid-offsetof -Wno-sign-conversion -Wno-infinite-recursion -Wno-move -Wno-comma -Wno-block-capture-autoreleasing -Wno-strict-prototypes -Wno-range-loop-analysis -Wno-semicolon-before-method-body -index-store-path /Users/admin/builder/spi-builder-workspace/.derivedData/Index.noindex/DataStore @/Users/admin/builder/spi-builder-workspace/.derivedData/Build/Intermediates.noindex/SwiftTrace.build/Debug-watchos/SwiftTraceGuts-t.build/Objects-normal/arm64/af3fcb34312c57c0f52879cdce924b91-common-args.resp -MMD -MT dependencies -MF /Users/admin/builder/spi-builder-workspace/.derivedData/Build/Intermediates.noindex/SwiftTrace.build/Debug-watchos/SwiftTraceGuts-t.build/Objects-normal/arm64/fast_dladdr.d --serialize-diagnostics /Users/admin/builder/spi-builder-workspace/.derivedData/Build/Intermediates.noindex/SwiftTrace.build/Debug-watchos/SwiftTraceGuts-t.build/Objects-normal/arm64/fast_dladdr.dia -c /Users/admin/builder/spi-builder-workspace/SwiftTraceGuts/fast_dladdr.mm -o /Users/admin/builder/spi-builder-workspace/.derivedData/Build/Intermediates.noindex/SwiftTrace.build/Debug-watchos/SwiftTraceGuts-t.build/Objects-normal/arm64/fast_dladdr.o -index-unit-output-path /SwiftTrace.build/Debug-watchos/SwiftTraceGuts-t.build/Objects-normal/arm64/fast_dladdr.o
/Users/admin/builder/spi-builder-workspace/SwiftTraceGuts/fast_dladdr.mm:122:25: warning: 'getsectdatafromheader_64' is deprecated: first deprecated in watchOS 8.0 [-Wdeprecated-declarations]
122 | typeref_start = getsectdatafromheader_f(this->header, SEG_TEXT,
| ^~~~~~~~~~~~~~~~~~~~~~~
| use getsectiondata()
/Users/admin/builder/spi-builder-workspace/SwiftTraceGuts/fast_dladdr.mm:25:33: note: expanded from macro 'getsectdatafromheader_f'
25 | #define getsectdatafromheader_f getsectdatafromheader_64
| ^
In file included from /Users/admin/builder/spi-builder-workspace/SwiftTraceGuts/fast_dladdr.mm:15:
/Applications/Xcode-27.0.0-Release.Candidate.app/Contents/Developer/Platforms/WatchOS.platform/Developer/SDKs/WatchOS27.0.sdk/usr/include/mach-o/getsect.h:130:14: note: 'getsectdatafromheader_64' has been explicitly marked deprecated here
130 | extern char *getsectdatafromheader_64(
| ^
1 warning generated.
CompileC /Users/admin/builder/spi-builder-workspace/.derivedData/Build/Intermediates.noindex/SwiftTrace.build/Debug-watchos/SwiftTraceGuts-t.build/Objects-normal/arm64/Trampolines.o /Users/admin/builder/spi-builder-workspace/SwiftTraceGuts/Trampolines.mm normal arm64 objective-c++ com.apple.compilers.llvm.clang.1_0.compiler (in target 'SwiftTraceGuts' from project 'SwiftTrace')
cd /Users/admin/builder/spi-builder-workspace/.swiftpm/xcode
Using response file: /Users/admin/builder/spi-builder-workspace/.derivedData/Build/Intermediates.noindex/SwiftTrace.build/Debug-watchos/SwiftTraceGuts-t.build/Objects-normal/arm64/af3fcb34312c57c0f52879cdce924b91-common-args.resp
/Applications/Xcode-27.0.0-Release.Candidate.app/Contents/Developer/Toolchains/XcodeDefault.xctoolchain/usr/bin/clang -x objective-c++ -ivfsstatcache /Users/admin/builder/spi-builder-workspace/.derivedData/SDKStatCaches.noindex/watchos27.0-24R360-e829b21a6f8c9b70876ba0858053c04477534ef55a1706bf4c1112bbb242f0a2.sdkstatcache -target arm64-apple-watchos9.0 -fmessage-length\=0 -fdiagnostics-show-note-include-stack -fmacro-backtrace-limit\=0 -fno-color-diagnostics -fmodules-prune-interval\=86400 -fmodules-prune-after\=345600 -fbuild-session-file\=/Users/admin/builder/spi-builder-workspace/.derivedData/ModuleCache.noindex/Session.modulevalidation -fmodules-validate-once-per-build-session -Wnon-modular-include-in-framework-module -Werror\=non-modular-include-in-framework-module -Wno-trigraphs -Wno-missing-field-initializers -Wno-missing-prototypes -Wno-return-type -Wno-implicit-atomic-properties -Wno-objc-interface-ivars -Wno-arc-repeated-use-of-weak -Wno-non-virtual-dtor -Wno-overloaded-virtual -Wno-exit-time-destructors -Wno-missing-braces -Wparentheses -Wswitch -Wno-unused-function -Wno-unused-label -Wno-unused-parameter -Wno-unused-variable -Wunused-value -Wno-empty-body -Wno-uninitialized -Wno-unknown-pragmas -Wno-shadow -Wno-four-char-constants -Wno-conversion -Wno-constant-conversion -Wno-int-conversion -Wno-bool-conversion -Wno-enum-conversion -Wno-float-conversion -Wno-non-literal-null-conversion -Wno-objc-literal-conversion -Wshorten-64-to-32 -Wno-newline-eof -Wno-selector -Wno-strict-selector-match -Wno-undeclared-selector -Wno-deprecated-implementations -Wno-c++11-extensions -Wno-implicit-fallthrough -isysroot /Applications/Xcode-27.0.0-Release.Candidate.app/Contents/Developer/Platforms/WatchOS.platform/Developer/SDKs/WatchOS27.0.sdk -fstrict-aliasing -Wprotocol -Wdeprecated-declarations -Winvalid-offsetof -Wno-sign-conversion -Wno-infinite-recursion -Wno-move -Wno-comma -Wno-block-capture-autoreleasing -Wno-strict-prototypes -Wno-range-loop-analysis -Wno-semicolon-before-method-body -index-store-path /Users/admin/builder/spi-builder-workspace/.derivedData/Index.noindex/DataStore @/Users/admin/builder/spi-builder-workspace/.derivedData/Build/Intermediates.noindex/SwiftTrace.build/Debug-watchos/SwiftTraceGuts-t.build/Objects-normal/arm64/af3fcb34312c57c0f52879cdce924b91-common-args.resp -MMD -MT dependencies -MF /Users/admin/builder/spi-builder-workspace/.derivedData/Build/Intermediates.noindex/SwiftTrace.build/Debug-watchos/SwiftTraceGuts-t.build/Objects-normal/arm64/Trampolines.d --serialize-diagnostics /Users/admin/builder/spi-builder-workspace/.derivedData/Build/Intermediates.noindex/SwiftTrace.build/Debug-watchos/SwiftTraceGuts-t.build/Objects-normal/arm64/Trampolines.dia -c /Users/admin/builder/spi-builder-workspace/SwiftTraceGuts/Trampolines.mm -o /Users/admin/builder/spi-builder-workspace/.derivedData/Build/Intermediates.noindex/SwiftTrace.build/Debug-watchos/SwiftTraceGuts-t.build/Objects-normal/arm64/Trampolines.o -index-unit-output-path /SwiftTrace.build/Debug-watchos/SwiftTraceGuts-t.build/Objects-normal/arm64/Trampolines.o
CompileC /Users/admin/builder/spi-builder-workspace/.derivedData/Build/Intermediates.noindex/SwiftTrace.build/Debug-watchos/SwiftTraceGuts-t.build/Objects-normal/arm64/SwiftTrace.o /Users/admin/builder/spi-builder-workspace/SwiftTraceGuts/SwiftTrace.mm normal arm64 objective-c++ com.apple.compilers.llvm.clang.1_0.compiler (in target 'SwiftTraceGuts' from project 'SwiftTrace')
cd /Users/admin/builder/spi-builder-workspace/.swiftpm/xcode
Using response file: /Users/admin/builder/spi-builder-workspace/.derivedData/Build/Intermediates.noindex/SwiftTrace.build/Debug-watchos/SwiftTraceGuts-t.build/Objects-normal/arm64/af3fcb34312c57c0f52879cdce924b91-common-args.resp
/Applications/Xcode-27.0.0-Release.Candidate.app/Contents/Developer/Toolchains/XcodeDefault.xctoolchain/usr/bin/clang -x objective-c++ -ivfsstatcache /Users/admin/builder/spi-builder-workspace/.derivedData/SDKStatCaches.noindex/watchos27.0-24R360-e829b21a6f8c9b70876ba0858053c04477534ef55a1706bf4c1112bbb242f0a2.sdkstatcache -target arm64-apple-watchos9.0 -fmessage-length\=0 -fdiagnostics-show-note-include-stack -fmacro-backtrace-limit\=0 -fno-color-diagnostics -fmodules-prune-interval\=86400 -fmodules-prune-after\=345600 -fbuild-session-file\=/Users/admin/builder/spi-builder-workspace/.derivedData/ModuleCache.noindex/Session.modulevalidation -fmodules-validate-once-per-build-session -Wnon-modular-include-in-framework-module -Werror\=non-modular-include-in-framework-module -Wno-trigraphs -Wno-missing-field-initializers -Wno-missing-prototypes -Wno-return-type -Wno-implicit-atomic-properties -Wno-objc-interface-ivars -Wno-arc-repeated-use-of-weak -Wno-non-virtual-dtor -Wno-overloaded-virtual -Wno-exit-time-destructors -Wno-missing-braces -Wparentheses -Wswitch -Wno-unused-function -Wno-unused-label -Wno-unused-parameter -Wno-unused-variable -Wunused-value -Wno-empty-body -Wno-uninitialized -Wno-unknown-pragmas -Wno-shadow -Wno-four-char-constants -Wno-conversion -Wno-constant-conversion -Wno-int-conversion -Wno-bool-conversion -Wno-enum-conversion -Wno-float-conversion -Wno-non-literal-null-conversion -Wno-objc-literal-conversion -Wshorten-64-to-32 -Wno-newline-eof -Wno-selector -Wno-strict-selector-match -Wno-undeclared-selector -Wno-deprecated-implementations -Wno-c++11-extensions -Wno-implicit-fallthrough -isysroot /Applications/Xcode-27.0.0-Release.Candidate.app/Contents/Developer/Platforms/WatchOS.platform/Developer/SDKs/WatchOS27.0.sdk -fstrict-aliasing -Wprotocol -Wdeprecated-declarations -Winvalid-offsetof -Wno-sign-conversion -Wno-infinite-recursion -Wno-move -Wno-comma -Wno-block-capture-autoreleasing -Wno-strict-prototypes -Wno-range-loop-analysis -Wno-semicolon-before-method-body -index-store-path /Users/admin/builder/spi-builder-workspace/.derivedData/Index.noindex/DataStore @/Users/admin/builder/spi-builder-workspace/.derivedData/Build/Intermediates.noindex/SwiftTrace.build/Debug-watchos/SwiftTraceGuts-t.build/Objects-normal/arm64/af3fcb34312c57c0f52879cdce924b91-common-args.resp -MMD -MT dependencies -MF /Users/admin/builder/spi-builder-workspace/.derivedData/Build/Intermediates.noindex/SwiftTrace.build/Debug-watchos/SwiftTraceGuts-t.build/Objects-normal/arm64/SwiftTrace.d --serialize-diagnostics /Users/admin/builder/spi-builder-workspace/.derivedData/Build/Intermediates.noindex/SwiftTrace.build/Debug-watchos/SwiftTraceGuts-t.build/Objects-normal/arm64/SwiftTrace.dia -c /Users/admin/builder/spi-builder-workspace/SwiftTraceGuts/SwiftTrace.mm -o /Users/admin/builder/spi-builder-workspace/.derivedData/Build/Intermediates.noindex/SwiftTrace.build/Debug-watchos/SwiftTraceGuts-t.build/Objects-normal/arm64/SwiftTrace.o -index-unit-output-path /SwiftTrace.build/Debug-watchos/SwiftTraceGuts-t.build/Objects-normal/arm64/SwiftTrace.o
/Users/admin/builder/spi-builder-workspace/SwiftTraceGuts/SwiftTrace.mm:175:25: warning: 'getsectdatafromheader_64' is deprecated: first deprecated in watchOS 8.0 [-Wdeprecated-declarations]
175 | char *typeref = getsectdatafromheader_64((const mach_header_64 *)header,
| ^~~~~~~~~~~~~~~~~~~~~~~~
| use getsectiondata()
In file included from /Users/admin/builder/spi-builder-workspace/SwiftTraceGuts/SwiftTrace.mm:165:
/Applications/Xcode-27.0.0-Release.Candidate.app/Contents/Developer/Platforms/WatchOS.platform/Developer/SDKs/WatchOS27.0.sdk/usr/include/mach-o/getsect.h:130:14: note: 'getsectdatafromheader_64' has been explicitly marked deprecated here
130 | extern char *getsectdatafromheader_64(
| ^
1 warning generated.
CompileC /Users/admin/builder/spi-builder-workspace/.derivedData/Build/Intermediates.noindex/SwiftTrace.build/Debug-watchos/SwiftTraceGuts-t.build/Objects-normal/arm64/ObjCBridge.o /Users/admin/builder/spi-builder-workspace/SwiftTraceGuts/ObjCBridge.mm normal arm64 objective-c++ com.apple.compilers.llvm.clang.1_0.compiler (in target 'SwiftTraceGuts' from project 'SwiftTrace')
cd /Users/admin/builder/spi-builder-workspace/.swiftpm/xcode
Using response file: /Users/admin/builder/spi-builder-workspace/.derivedData/Build/Intermediates.noindex/SwiftTrace.build/Debug-watchos/SwiftTraceGuts-t.build/Objects-normal/arm64/af3fcb34312c57c0f52879cdce924b91-common-args.resp
/Applications/Xcode-27.0.0-Release.Candidate.app/Contents/Developer/Toolchains/XcodeDefault.xctoolchain/usr/bin/clang -x objective-c++ -ivfsstatcache /Users/admin/builder/spi-builder-workspace/.derivedData/SDKStatCaches.noindex/watchos27.0-24R360-e829b21a6f8c9b70876ba0858053c04477534ef55a1706bf4c1112bbb242f0a2.sdkstatcache -target arm64-apple-watchos9.0 -fmessage-length\=0 -fdiagnostics-show-note-include-stack -fmacro-backtrace-limit\=0 -fno-color-diagnostics -fmodules-prune-interval\=86400 -fmodules-prune-after\=345600 -fbuild-session-file\=/Users/admin/builder/spi-builder-workspace/.derivedData/ModuleCache.noindex/Session.modulevalidation -fmodules-validate-once-per-build-session -Wnon-modular-include-in-framework-module -Werror\=non-modular-include-in-framework-module -Wno-trigraphs -Wno-missing-field-initializers -Wno-missing-prototypes -Wno-return-type -Wno-implicit-atomic-properties -Wno-objc-interface-ivars -Wno-arc-repeated-use-of-weak -Wno-non-virtual-dtor -Wno-overloaded-virtual -Wno-exit-time-destructors -Wno-missing-braces -Wparentheses -Wswitch -Wno-unused-function -Wno-unused-label -Wno-unused-parameter -Wno-unused-variable -Wunused-value -Wno-empty-body -Wno-uninitialized -Wno-unknown-pragmas -Wno-shadow -Wno-four-char-constants -Wno-conversion -Wno-constant-conversion -Wno-int-conversion -Wno-bool-conversion -Wno-enum-conversion -Wno-float-conversion -Wno-non-literal-null-conversion -Wno-objc-literal-conversion -Wshorten-64-to-32 -Wno-newline-eof -Wno-selector -Wno-strict-selector-match -Wno-undeclared-selector -Wno-deprecated-implementations -Wno-c++11-extensions -Wno-implicit-fallthrough -isysroot /Applications/Xcode-27.0.0-Release.Candidate.app/Contents/Developer/Platforms/WatchOS.platform/Developer/SDKs/WatchOS27.0.sdk -fstrict-aliasing -Wprotocol -Wdeprecated-declarations -Winvalid-offsetof -Wno-sign-conversion -Wno-infinite-recursion -Wno-move -Wno-comma -Wno-block-capture-autoreleasing -Wno-strict-prototypes -Wno-range-loop-analysis -Wno-semicolon-before-method-body -index-store-path /Users/admin/builder/spi-builder-workspace/.derivedData/Index.noindex/DataStore @/Users/admin/builder/spi-builder-workspace/.derivedData/Build/Intermediates.noindex/SwiftTrace.build/Debug-watchos/SwiftTraceGuts-t.build/Objects-normal/arm64/af3fcb34312c57c0f52879cdce924b91-common-args.resp -MMD -MT dependencies -MF /Users/admin/builder/spi-builder-workspace/.derivedData/Build/Intermediates.noindex/SwiftTrace.build/Debug-watchos/SwiftTraceGuts-t.build/Objects-normal/arm64/ObjCBridge.d --serialize-diagnostics /Users/admin/builder/spi-builder-workspace/.derivedData/Build/Intermediates.noindex/SwiftTrace.build/Debug-watchos/SwiftTraceGuts-t.build/Objects-normal/arm64/ObjCBridge.dia -c /Users/admin/builder/spi-builder-workspace/SwiftTraceGuts/ObjCBridge.mm -o /Users/admin/builder/spi-builder-workspace/.derivedData/Build/Intermediates.noindex/SwiftTrace.build/Debug-watchos/SwiftTraceGuts-t.build/Objects-normal/arm64/ObjCBridge.o -index-unit-output-path /SwiftTrace.build/Debug-watchos/SwiftTraceGuts-t.build/Objects-normal/arm64/ObjCBridge.o
SwiftExplicitDependencyGeneratePcm arm64_32 /Users/admin/builder/spi-builder-workspace/.derivedData/SDKExplicitPrecompiledModules/_Builtin_tgmath-23PGCKURCQILXMK0MYZRYDCOU.pcm
SwiftExplicitDependencyGeneratePcm arm64_32 /Users/admin/builder/spi-builder-workspace/.derivedData/SDKExplicitPrecompiledModules/string_h-BFVLUQUSBZWYMLCU9QI7VZALW.pcm
SwiftExplicitDependencyGeneratePcm arm64 /Users/admin/builder/spi-builder-workspace/.derivedData/SDKExplicitPrecompiledModules/_Builtin_tgmath-8NQ96OZ0YHXEC24JI95P01UF8.pcm
SwiftExplicitDependencyGeneratePcm arm64 /Users/admin/builder/spi-builder-workspace/.derivedData/SDKExplicitPrecompiledModules/_Builtin_stdint-8XMILLJZEGRN2XG7XZUXZ5RLX.pcm
SwiftExplicitDependencyGeneratePcm arm64_32 /Users/admin/builder/spi-builder-workspace/.derivedData/SDKExplicitPrecompiledModules/_Builtin_stdint-1HMXWI3V0V4TXHRWZOMZGZ80Y.pcm
SwiftExplicitDependencyGeneratePcm arm64_32 /Users/admin/builder/spi-builder-workspace/.derivedData/SDKExplicitPrecompiledModules/sys_types-8TLLMW08ZJWDGIIPKOYFGHHZW.pcm
SwiftExplicitDependencyGeneratePcm arm64 /Users/admin/builder/spi-builder-workspace/.derivedData/SDKExplicitPrecompiledModules/_DarwinFoundation3-B97LRG0E9GON2NUE65TVG81HU.pcm
SwiftExplicitDependencyGeneratePcm arm64 /Users/admin/builder/spi-builder-workspace/.derivedData/SDKExplicitPrecompiledModules/_Builtin_stdatomic-7JEFA3KBJJJN6TKJWY3OG1VG5.pcm
SwiftExplicitDependencyGeneratePcm arm64_32 /Users/admin/builder/spi-builder-workspace/.derivedData/SDKExplicitPrecompiledModules/_Builtin_stdatomic-1TY035TURL76BF2U98PZPPZRX.pcm
SwiftExplicitDependencyGeneratePcm arm64_32 /Users/admin/builder/spi-builder-workspace/.derivedData/SDKExplicitPrecompiledModules/_DarwinFoundation3-3DUTYQDQSD9HUAAVY947NMWOI.pcm
SwiftExplicitDependencyGeneratePcm arm64_32 /Users/admin/builder/spi-builder-workspace/.derivedData/SDKExplicitPrecompiledModules/_Builtin_intrinsics-196IIAKDQVU42DLOZP9OQCV76.pcm
SwiftExplicitDependencyGeneratePcm arm64 /Users/admin/builder/spi-builder-workspace/.derivedData/SDKExplicitPrecompiledModules/string_h-E6PRXK75PHIPCZFWOFCQ3QBMK.pcm
SwiftExplicitDependencyGeneratePcm arm64_32 /Users/admin/builder/spi-builder-workspace/.derivedData/SDKExplicitPrecompiledModules/_Builtin_inttypes-D2KPCR4PEX9AQA33NGLUT5SBR.pcm
SwiftExplicitDependencyGeneratePcm arm64 /Users/admin/builder/spi-builder-workspace/.derivedData/SDKExplicitPrecompiledModules/sys_types-2KXQLI78OUCDP779AE68GZJ2.pcm
SwiftExplicitDependencyGeneratePcm arm64 /Users/admin/builder/spi-builder-workspace/.derivedData/SDKExplicitPrecompiledModules/_Builtin_intrinsics-75960HIPCIYA06IUW8FIIPQT.pcm
SwiftExplicitDependencyGeneratePcm arm64 /Users/admin/builder/spi-builder-workspace/.derivedData/SDKExplicitPrecompiledModules/_Builtin_inttypes-3UQSCM7WNM9EK4HZML8TY5J3D.pcm
PrecompileModule /Users/admin/builder/spi-builder-workspace/.derivedData/Build/Intermediates.noindex/ExplicitPrecompiledModules/_Builtin_stdbool-93D0C2HUJHOL36JA8TEZZZB5N.scan
cd /
builtin-precompileModule /Users/admin/builder/spi-builder-workspace/.derivedData/Build/Intermediates.noindex/ExplicitPrecompiledModules/_Builtin_stdbool-93D0C2HUJHOL36JA8TEZZZB5N.scan
SwiftExplicitDependencyGeneratePcm arm64_32 /Users/admin/builder/spi-builder-workspace/.derivedData/SDKExplicitPrecompiledModules/Darwin-3FVT1SKLN2ZQ5RVOABMTQBB34.pcm
PrecompileModule /Users/admin/builder/spi-builder-workspace/.derivedData/Build/Intermediates.noindex/ExplicitPrecompiledModules/ptrcheck-9BO6ZLB9K8ZFRJOJEVNBKOQX8.scan
cd /
builtin-precompileModule /Users/admin/builder/spi-builder-workspace/.derivedData/Build/Intermediates.noindex/ExplicitPrecompiledModules/ptrcheck-9BO6ZLB9K8ZFRJOJEVNBKOQX8.scan
PrecompileModule /Users/admin/builder/spi-builder-workspace/.derivedData/Build/Intermediates.noindex/ExplicitPrecompiledModules/ptrcheck-6DZX7Z2UL08TU1BYG28R5R2N9.scan
cd /
builtin-precompileModule /Users/admin/builder/spi-builder-workspace/.derivedData/Build/Intermediates.noindex/ExplicitPrecompiledModules/ptrcheck-6DZX7Z2UL08TU1BYG28R5R2N9.scan
SwiftExplicitDependencyGeneratePcm arm64 /Users/admin/builder/spi-builder-workspace/.derivedData/SDKExplicitPrecompiledModules/Darwin-3984OXKFNSPE77NT743WK8SEX.pcm
PrecompileModule /Users/admin/builder/spi-builder-workspace/.derivedData/Build/Intermediates.noindex/ExplicitPrecompiledModules/_Builtin_stdbool-2DLUOTAU70YCMLR7OH6SMXV5Z.scan
cd /
builtin-precompileModule /Users/admin/builder/spi-builder-workspace/.derivedData/Build/Intermediates.noindex/ExplicitPrecompiledModules/_Builtin_stdbool-2DLUOTAU70YCMLR7OH6SMXV5Z.scan
PrecompileModule /Users/admin/builder/spi-builder-workspace/.derivedData/Build/Intermediates.noindex/ExplicitPrecompiledModules/_Builtin_stddef-8DKIJFE8XNYZYMF7VSXKFFADO.scan
cd /
builtin-precompileModule /Users/admin/builder/spi-builder-workspace/.derivedData/Build/Intermediates.noindex/ExplicitPrecompiledModules/_Builtin_stddef-8DKIJFE8XNYZYMF7VSXKFFADO.scan
PrecompileModule /Users/admin/builder/spi-builder-workspace/.derivedData/Build/Intermediates.noindex/ExplicitPrecompiledModules/_Builtin_float-49I3C3SBLIOE030L1SLDCEU0A.scan
cd /
builtin-precompileModule /Users/admin/builder/spi-builder-workspace/.derivedData/Build/Intermediates.noindex/ExplicitPrecompiledModules/_Builtin_float-49I3C3SBLIOE030L1SLDCEU0A.scan
PrecompileModule /Users/admin/builder/spi-builder-workspace/.derivedData/Build/Intermediates.noindex/ExplicitPrecompiledModules/_AvailabilityInternal-65LQZQNGK5Z1ZPU96WS9LQ5LS.scan
cd /
builtin-precompileModule /Users/admin/builder/spi-builder-workspace/.derivedData/Build/Intermediates.noindex/ExplicitPrecompiledModules/_AvailabilityInternal-65LQZQNGK5Z1ZPU96WS9LQ5LS.scan
PrecompileModule /Users/admin/builder/spi-builder-workspace/.derivedData/Build/Intermediates.noindex/ExplicitPrecompiledModules/_Builtin_stdarg-1WATP8IOYWMIAL4DDQMELDSFC.scan
cd /
builtin-precompileModule /Users/admin/builder/spi-builder-workspace/.derivedData/Build/Intermediates.noindex/ExplicitPrecompiledModules/_Builtin_stdarg-1WATP8IOYWMIAL4DDQMELDSFC.scan
PrecompileModule /Users/admin/builder/spi-builder-workspace/.derivedData/Build/Intermediates.noindex/ExplicitPrecompiledModules/_Builtin_stddef-3062Y6YYHZYYM3DDYLBTFJ2SC.scan
cd /
builtin-precompileModule /Users/admin/builder/spi-builder-workspace/.derivedData/Build/Intermediates.noindex/ExplicitPrecompiledModules/_Builtin_stddef-3062Y6YYHZYYM3DDYLBTFJ2SC.scan
PrecompileModule /Users/admin/builder/spi-builder-workspace/.derivedData/Build/Intermediates.noindex/ExplicitPrecompiledModules/_Builtin_stdarg-5GV7LXCBMFTKQTNIWXP6FD8DU.scan
cd /
builtin-precompileModule /Users/admin/builder/spi-builder-workspace/.derivedData/Build/Intermediates.noindex/ExplicitPrecompiledModules/_Builtin_stdarg-5GV7LXCBMFTKQTNIWXP6FD8DU.scan
SwiftExplicitDependencyGeneratePcm arm64_32 /Users/admin/builder/spi-builder-workspace/.derivedData/SDKExplicitPrecompiledModules/simd-21UNWYOBUZI1LVSQ99S1XBLMO.pcm
PrecompileModule /Users/admin/builder/spi-builder-workspace/.derivedData/Build/Intermediates.noindex/ExplicitPrecompiledModules/_Builtin_float-23Z5S4FRFAAGGC8YU9Z104BV4.scan
cd /
builtin-precompileModule /Users/admin/builder/spi-builder-workspace/.derivedData/Build/Intermediates.noindex/ExplicitPrecompiledModules/_Builtin_float-23Z5S4FRFAAGGC8YU9Z104BV4.scan
PrecompileModule /Users/admin/builder/spi-builder-workspace/.derivedData/Build/Intermediates.noindex/ExplicitPrecompiledModules/_AvailabilityInternal-BN0NB6ANIANRTCD4BEW15RHAM.scan
cd /
builtin-precompileModule /Users/admin/builder/spi-builder-workspace/.derivedData/Build/Intermediates.noindex/ExplicitPrecompiledModules/_AvailabilityInternal-BN0NB6ANIANRTCD4BEW15RHAM.scan
ScanDependencies /Users/admin/builder/spi-builder-workspace/.derivedData/Build/Intermediates.noindex/SwiftTrace.build/Debug-watchos/SwiftTraceGuts-t.build/Objects-normal/arm64_32/fishhook.o /Users/admin/builder/spi-builder-workspace/SwiftTraceGuts/fishhook.c normal arm64_32 c com.apple.compilers.llvm.clang.1_0.compiler (in target 'SwiftTraceGuts' from project 'SwiftTrace')
cd /Users/admin/builder/spi-builder-workspace/.swiftpm/xcode
Using response file: /Users/admin/builder/spi-builder-workspace/.derivedData/Build/Intermediates.noindex/SwiftTrace.build/Debug-watchos/SwiftTraceGuts-t.build/Objects-normal/arm64_32/7187679823f38a2a940e0043cdf9d637-common-args.resp
builtin-ScanDependencies -o /Users/admin/builder/spi-builder-workspace/.derivedData/Build/Intermediates.noindex/SwiftTrace.build/Debug-watchos/SwiftTraceGuts-t.build/Objects-normal/arm64_32/fishhook.o.scan -- /Applications/Xcode-27.0.0-Release.Candidate.app/Contents/Developer/Toolchains/XcodeDefault.xctoolchain/usr/bin/clang -x c -ivfsstatcache /Users/admin/builder/spi-builder-workspace/.derivedData/SDKStatCaches.noindex/watchos27.0-24R360-e829b21a6f8c9b70876ba0858053c04477534ef55a1706bf4c1112bbb242f0a2.sdkstatcache -target arm64_32-apple-watchos9.0 -fmessage-length\=0 -fdiagnostics-show-note-include-stack -fmacro-backtrace-limit\=0 -fno-color-diagnostics -fmodules-prune-interval\=86400 -fmodules-prune-after\=345600 -fbuild-session-file\=/Users/admin/builder/spi-builder-workspace/.derivedData/ModuleCache.noindex/Session.modulevalidation -fmodules-validate-once-per-build-session -Wnon-modular-include-in-framework-module -Werror\=non-modular-include-in-framework-module -Wno-trigraphs -Wno-missing-field-initializers -Wno-missing-prototypes -Wno-return-type -Wno-missing-braces -Wparentheses -Wswitch -Wno-unused-function -Wno-unused-label -Wno-unused-parameter -Wno-unused-variable -Wunused-value -Wno-empty-body -Wno-uninitialized -Wno-unknown-pragmas -Wno-shadow -Wno-four-char-constants -Wno-conversion -Wno-constant-conversion -Wno-int-conversion -Wno-bool-conversion -Wno-enum-conversion -Wno-float-conversion -Wno-non-literal-null-conversion -Wno-objc-literal-conversion -Wno-shorten-64-to-32 -Wpointer-sign -Wno-newline-eof -Wno-implicit-fallthrough -isysroot /Applications/Xcode-27.0.0-Release.Candidate.app/Contents/Developer/Platforms/WatchOS.platform/Developer/SDKs/WatchOS27.0.sdk -fstrict-aliasing -Wdeprecated-declarations -Wno-sign-conversion -Wno-infinite-recursion -Wno-comma -Wno-block-capture-autoreleasing -Wno-strict-prototypes -Wno-semicolon-before-method-body -index-store-path /Users/admin/builder/spi-builder-workspace/.derivedData/Index.noindex/DataStore @/Users/admin/builder/spi-builder-workspace/.derivedData/Build/Intermediates.noindex/SwiftTrace.build/Debug-watchos/SwiftTraceGuts-t.build/Objects-normal/arm64_32/7187679823f38a2a940e0043cdf9d637-common-args.resp -MMD -MT dependencies -MF /Users/admin/builder/spi-builder-workspace/.derivedData/Build/Intermediates.noindex/SwiftTrace.build/Debug-watchos/SwiftTraceGuts-t.build/Objects-normal/arm64_32/fishhook.d --serialize-diagnostics /Users/admin/builder/spi-builder-workspace/.derivedData/Build/Intermediates.noindex/SwiftTrace.build/Debug-watchos/SwiftTraceGuts-t.build/Objects-normal/arm64_32/fishhook.dia -c /Users/admin/builder/spi-builder-workspace/SwiftTraceGuts/fishhook.c -o /Users/admin/builder/spi-builder-workspace/.derivedData/Build/Intermediates.noindex/SwiftTrace.build/Debug-watchos/SwiftTraceGuts-t.build/Objects-normal/arm64_32/fishhook.o -index-unit-output-path /SwiftTrace.build/Debug-watchos/SwiftTraceGuts-t.build/Objects-normal/arm64_32/fishhook.o
ScanDependencies /Users/admin/builder/spi-builder-workspace/.derivedData/Build/Intermediates.noindex/SwiftTrace.build/Debug-watchos/SwiftTraceGuts-t.build/Objects-normal/arm64/fishhook.o /Users/admin/builder/spi-builder-workspace/SwiftTraceGuts/fishhook.c normal arm64 c com.apple.compilers.llvm.clang.1_0.compiler (in target 'SwiftTraceGuts' from project 'SwiftTrace')
cd /Users/admin/builder/spi-builder-workspace/.swiftpm/xcode
Using response file: /Users/admin/builder/spi-builder-workspace/.derivedData/Build/Intermediates.noindex/SwiftTrace.build/Debug-watchos/SwiftTraceGuts-t.build/Objects-normal/arm64/7187679823f38a2a940e0043cdf9d637-common-args.resp
builtin-ScanDependencies -o /Users/admin/builder/spi-builder-workspace/.derivedData/Build/Intermediates.noindex/SwiftTrace.build/Debug-watchos/SwiftTraceGuts-t.build/Objects-normal/arm64/fishhook.o.scan -- /Applications/Xcode-27.0.0-Release.Candidate.app/Contents/Developer/Toolchains/XcodeDefault.xctoolchain/usr/bin/clang -x c -ivfsstatcache /Users/admin/builder/spi-builder-workspace/.derivedData/SDKStatCaches.noindex/watchos27.0-24R360-e829b21a6f8c9b70876ba0858053c04477534ef55a1706bf4c1112bbb242f0a2.sdkstatcache -target arm64-apple-watchos9.0 -fmessage-length\=0 -fdiagnostics-show-note-include-stack -fmacro-backtrace-limit\=0 -fno-color-diagnostics -fmodules-prune-interval\=86400 -fmodules-prune-after\=345600 -fbuild-session-file\=/Users/admin/builder/spi-builder-workspace/.derivedData/ModuleCache.noindex/Session.modulevalidation -fmodules-validate-once-per-build-session -Wnon-modular-include-in-framework-module -Werror\=non-modular-include-in-framework-module -Wno-trigraphs -Wno-missing-field-initializers -Wno-missing-prototypes -Wno-return-type -Wno-missing-braces -Wparentheses -Wswitch -Wno-unused-function -Wno-unused-label -Wno-unused-parameter -Wno-unused-variable -Wunused-value -Wno-empty-body -Wno-uninitialized -Wno-unknown-pragmas -Wno-shadow -Wno-four-char-constants -Wno-conversion -Wno-constant-conversion -Wno-int-conversion -Wno-bool-conversion -Wno-enum-conversion -Wno-float-conversion -Wno-non-literal-null-conversion -Wno-objc-literal-conversion -Wshorten-64-to-32 -Wpointer-sign -Wno-newline-eof -Wno-implicit-fallthrough -isysroot /Applications/Xcode-27.0.0-Release.Candidate.app/Contents/Developer/Platforms/WatchOS.platform/Developer/SDKs/WatchOS27.0.sdk -fstrict-aliasing -Wdeprecated-declarations -Wno-sign-conversion -Wno-infinite-recursion -Wno-comma -Wno-block-capture-autoreleasing -Wno-strict-prototypes -Wno-semicolon-before-method-body -index-store-path /Users/admin/builder/spi-builder-workspace/.derivedData/Index.noindex/DataStore @/Users/admin/builder/spi-builder-workspace/.derivedData/Build/Intermediates.noindex/SwiftTrace.build/Debug-watchos/SwiftTraceGuts-t.build/Objects-normal/arm64/7187679823f38a2a940e0043cdf9d637-common-args.resp -MMD -MT dependencies -MF /Users/admin/builder/spi-builder-workspace/.derivedData/Build/Intermediates.noindex/SwiftTrace.build/Debug-watchos/SwiftTraceGuts-t.build/Objects-normal/arm64/fishhook.d --serialize-diagnostics /Users/admin/builder/spi-builder-workspace/.derivedData/Build/Intermediates.noindex/SwiftTrace.build/Debug-watchos/SwiftTraceGuts-t.build/Objects-normal/arm64/fishhook.dia -c /Users/admin/builder/spi-builder-workspace/SwiftTraceGuts/fishhook.c -o /Users/admin/builder/spi-builder-workspace/.derivedData/Build/Intermediates.noindex/SwiftTrace.build/Debug-watchos/SwiftTraceGuts-t.build/Objects-normal/arm64/fishhook.o -index-unit-output-path /SwiftTrace.build/Debug-watchos/SwiftTraceGuts-t.build/Objects-normal/arm64/fishhook.o
PrecompileModule /Users/admin/builder/spi-builder-workspace/.derivedData/Build/Intermediates.noindex/ExplicitPrecompiledModules/_DarwinFoundation1-8OYDLOGFB5ZG8OCDX22JGZWPL.scan
cd /
builtin-precompileModule /Users/admin/builder/spi-builder-workspace/.derivedData/Build/Intermediates.noindex/ExplicitPrecompiledModules/_DarwinFoundation1-8OYDLOGFB5ZG8OCDX22JGZWPL.scan
PrecompileModule /Users/admin/builder/spi-builder-workspace/.derivedData/Build/Intermediates.noindex/ExplicitPrecompiledModules/_DarwinFoundation1-1BH5IVWIQ94FZUDHILRGHL7HR.scan
cd /
builtin-precompileModule /Users/admin/builder/spi-builder-workspace/.derivedData/Build/Intermediates.noindex/ExplicitPrecompiledModules/_DarwinFoundation1-1BH5IVWIQ94FZUDHILRGHL7HR.scan
PrecompileModule /Users/admin/builder/spi-builder-workspace/.derivedData/Build/Intermediates.noindex/ExplicitPrecompiledModules/_Builtin_limits-3DI9TXEH1YFWC01YI1QWCNO55.scan
cd /
builtin-precompileModule /Users/admin/builder/spi-builder-workspace/.derivedData/Build/Intermediates.noindex/ExplicitPrecompiledModules/_Builtin_limits-3DI9TXEH1YFWC01YI1QWCNO55.scan
PrecompileModule /Users/admin/builder/spi-builder-workspace/.derivedData/Build/Intermediates.noindex/ExplicitPrecompiledModules/_DarwinFoundation2-628SJZAC5P1L6AA3W4Y9T7ARP.scan
cd /
builtin-precompileModule /Users/admin/builder/spi-builder-workspace/.derivedData/Build/Intermediates.noindex/ExplicitPrecompiledModules/_DarwinFoundation2-628SJZAC5P1L6AA3W4Y9T7ARP.scan
PrecompileModule /Users/admin/builder/spi-builder-workspace/.derivedData/Build/Intermediates.noindex/ExplicitPrecompiledModules/_Builtin_limits-BQXQN6SL07AWU4RDPKJ49D4W8.scan
cd /
builtin-precompileModule /Users/admin/builder/spi-builder-workspace/.derivedData/Build/Intermediates.noindex/ExplicitPrecompiledModules/_Builtin_limits-BQXQN6SL07AWU4RDPKJ49D4W8.scan
SwiftExplicitDependencyGeneratePcm arm64 /Users/admin/builder/spi-builder-workspace/.derivedData/SDKExplicitPrecompiledModules/simd-EH08NODU6574T74ZKU61VP9BW.pcm
PrecompileModule /Users/admin/builder/spi-builder-workspace/.derivedData/Build/Intermediates.noindex/ExplicitPrecompiledModules/_DarwinFoundation2-852Z6TXEMQFPLVKIC9K7MRPM4.scan
cd /
builtin-precompileModule /Users/admin/builder/spi-builder-workspace/.derivedData/Build/Intermediates.noindex/ExplicitPrecompiledModules/_DarwinFoundation2-852Z6TXEMQFPLVKIC9K7MRPM4.scan
PrecompileModule /Users/admin/builder/spi-builder-workspace/.derivedData/Build/Intermediates.noindex/ExplicitPrecompiledModules/_Builtin_stddef-75642XNKWLPNPJ5UPO0GYQ48Z.scan
cd /
builtin-precompileModule /Users/admin/builder/spi-builder-workspace/.derivedData/Build/Intermediates.noindex/ExplicitPrecompiledModules/_Builtin_stddef-75642XNKWLPNPJ5UPO0GYQ48Z.scan
PrecompileModule /Users/admin/builder/spi-builder-workspace/.derivedData/Build/Intermediates.noindex/ExplicitPrecompiledModules/_Builtin_stdarg-BNBBJ92HYA671BK8FV57ZG305.scan
cd /
builtin-precompileModule /Users/admin/builder/spi-builder-workspace/.derivedData/Build/Intermediates.noindex/ExplicitPrecompiledModules/_Builtin_stdarg-BNBBJ92HYA671BK8FV57ZG305.scan
PrecompileModule /Users/admin/builder/spi-builder-workspace/.derivedData/Build/Intermediates.noindex/ExplicitPrecompiledModules/_Builtin_stdarg-18B7ED0JVEHZDMSMCBORZU8OZ.scan
cd /
builtin-precompileModule /Users/admin/builder/spi-builder-workspace/.derivedData/Build/Intermediates.noindex/ExplicitPrecompiledModules/_Builtin_stdarg-18B7ED0JVEHZDMSMCBORZU8OZ.scan
PrecompileModule /Users/admin/builder/spi-builder-workspace/.derivedData/Build/Intermediates.noindex/ExplicitPrecompiledModules/ptrcheck-92TOB8YGK0GETTDK46QVCE9JT.scan
cd /
builtin-precompileModule /Users/admin/builder/spi-builder-workspace/.derivedData/Build/Intermediates.noindex/ExplicitPrecompiledModules/ptrcheck-92TOB8YGK0GETTDK46QVCE9JT.scan
PrecompileModule /Users/admin/builder/spi-builder-workspace/.derivedData/Build/Intermediates.noindex/ExplicitPrecompiledModules/ptrcheck-8M4I0NAKXFLLD7USV5FQC2DWF.scan
cd /
builtin-precompileModule /Users/admin/builder/spi-builder-workspace/.derivedData/Build/Intermediates.noindex/ExplicitPrecompiledModules/ptrcheck-8M4I0NAKXFLLD7USV5FQC2DWF.scan
PrecompileModule /Users/admin/builder/spi-builder-workspace/.derivedData/Build/Intermediates.noindex/ExplicitPrecompiledModules/_Builtin_stdint-7H090PO5RD6B0IW20BITU1SD9.scan
cd /
builtin-precompileModule /Users/admin/builder/spi-builder-workspace/.derivedData/Build/Intermediates.noindex/ExplicitPrecompiledModules/_Builtin_stdint-7H090PO5RD6B0IW20BITU1SD9.scan
PrecompileModule /Users/admin/builder/spi-builder-workspace/.derivedData/Build/Intermediates.noindex/ExplicitPrecompiledModules/_AvailabilityInternal-639G2R9OHW79I32FJB9P954TI.scan
cd /
builtin-precompileModule /Users/admin/builder/spi-builder-workspace/.derivedData/Build/Intermediates.noindex/ExplicitPrecompiledModules/_AvailabilityInternal-639G2R9OHW79I32FJB9P954TI.scan
PrecompileModule /Users/admin/builder/spi-builder-workspace/.derivedData/Build/Intermediates.noindex/ExplicitPrecompiledModules/_AvailabilityInternal-1FFIMU92YDFIPMZ04UOZGMXOJ.scan
cd /
builtin-precompileModule /Users/admin/builder/spi-builder-workspace/.derivedData/Build/Intermediates.noindex/ExplicitPrecompiledModules/_AvailabilityInternal-1FFIMU92YDFIPMZ04UOZGMXOJ.scan
PrecompileModule /Users/admin/builder/spi-builder-workspace/.derivedData/Build/Intermediates.noindex/ExplicitPrecompiledModules/_Builtin_stddef-1XN21C1WAXFV78XO4YVEDFAYY.scan
cd /
builtin-precompileModule /Users/admin/builder/spi-builder-workspace/.derivedData/Build/Intermediates.noindex/ExplicitPrecompiledModules/_Builtin_stddef-1XN21C1WAXFV78XO4YVEDFAYY.scan
PrecompileModule /Users/admin/builder/spi-builder-workspace/.derivedData/Build/Intermediates.noindex/ExplicitPrecompiledModules/_Builtin_stdint-EYGNXH8PLB2U3RU7CDLMWVZ3A.scan
cd /
builtin-precompileModule /Users/admin/builder/spi-builder-workspace/.derivedData/Build/Intermediates.noindex/ExplicitPrecompiledModules/_Builtin_stdint-EYGNXH8PLB2U3RU7CDLMWVZ3A.scan
PrecompileModule /Users/admin/builder/spi-builder-workspace/.derivedData/Build/Intermediates.noindex/ExplicitPrecompiledModules/_Builtin_stdbool-6BSB5TG1UIWR9NCVBLIT1X5SW.scan
cd /
builtin-precompileModule /Users/admin/builder/spi-builder-workspace/.derivedData/Build/Intermediates.noindex/ExplicitPrecompiledModules/_Builtin_stdbool-6BSB5TG1UIWR9NCVBLIT1X5SW.scan
PrecompileModule /Users/admin/builder/spi-builder-workspace/.derivedData/Build/Intermediates.noindex/ExplicitPrecompiledModules/_DarwinFoundation3-EYJKQS2RR6KHZ0TLFHY1USF2T.scan
cd /
builtin-precompileModule /Users/admin/builder/spi-builder-workspace/.derivedData/Build/Intermediates.noindex/ExplicitPrecompiledModules/_DarwinFoundation3-EYJKQS2RR6KHZ0TLFHY1USF2T.scan
PrecompileModule /Users/admin/builder/spi-builder-workspace/.derivedData/Build/Intermediates.noindex/ExplicitPrecompiledModules/_Builtin_stdbool-4WJOQC89SNVBMCHJQM0R6DVM5.scan
cd /
builtin-precompileModule /Users/admin/builder/spi-builder-workspace/.derivedData/Build/Intermediates.noindex/ExplicitPrecompiledModules/_Builtin_stdbool-4WJOQC89SNVBMCHJQM0R6DVM5.scan
PrecompileModule /Users/admin/builder/spi-builder-workspace/.derivedData/Build/Intermediates.noindex/ExplicitPrecompiledModules/_Builtin_float-5J1WPPYU3S1KXQ19PC01GQPP8.scan
cd /
builtin-precompileModule /Users/admin/builder/spi-builder-workspace/.derivedData/Build/Intermediates.noindex/ExplicitPrecompiledModules/_Builtin_float-5J1WPPYU3S1KXQ19PC01GQPP8.scan
PrecompileModule /Users/admin/builder/spi-builder-workspace/.derivedData/Build/Intermediates.noindex/ExplicitPrecompiledModules/_Builtin_float-EC8OC0J3K68Z4XQ8PJSVC892U.scan
cd /
builtin-precompileModule /Users/admin/builder/spi-builder-workspace/.derivedData/Build/Intermediates.noindex/ExplicitPrecompiledModules/_Builtin_float-EC8OC0J3K68Z4XQ8PJSVC892U.scan
PrecompileModule /Users/admin/builder/spi-builder-workspace/.derivedData/Build/Intermediates.noindex/ExplicitPrecompiledModules/_DarwinFoundation3-CSNRANCB9K33NAEDNN80EQD3U.scan
cd /
builtin-precompileModule /Users/admin/builder/spi-builder-workspace/.derivedData/Build/Intermediates.noindex/ExplicitPrecompiledModules/_DarwinFoundation3-CSNRANCB9K33NAEDNN80EQD3U.scan
PrecompileModule /Users/admin/builder/spi-builder-workspace/.derivedData/Build/Intermediates.noindex/ExplicitPrecompiledModules/_DarwinFoundation1-85TG1O3R2HINVD9FCJHPS69BD.scan
cd /
builtin-precompileModule /Users/admin/builder/spi-builder-workspace/.derivedData/Build/Intermediates.noindex/ExplicitPrecompiledModules/_DarwinFoundation1-85TG1O3R2HINVD9FCJHPS69BD.scan
SwiftExplicitDependencyGeneratePcm arm64_32 /Users/admin/builder/spi-builder-workspace/.derivedData/SDKExplicitPrecompiledModules/ObjectiveC-6IJNELR2E80E7LUKESVCP2KET.pcm
SwiftExplicitDependencyGeneratePcm arm64_32 /Users/admin/builder/spi-builder-workspace/.derivedData/SDKExplicitPrecompiledModules/MachO-56838ZJ0NC1EBAJ0O6O8QMPDX.pcm
PrecompileModule /Users/admin/builder/spi-builder-workspace/.derivedData/Build/Intermediates.noindex/ExplicitPrecompiledModules/_DarwinFoundation1-5EHBOTYAQ2TYU03ZS18SPHMIB.scan
cd /
builtin-precompileModule /Users/admin/builder/spi-builder-workspace/.derivedData/Build/Intermediates.noindex/ExplicitPrecompiledModules/_DarwinFoundation1-5EHBOTYAQ2TYU03ZS18SPHMIB.scan
PrecompileModule /Users/admin/builder/spi-builder-workspace/.derivedData/Build/Intermediates.noindex/ExplicitPrecompiledModules/_Builtin_inttypes-DCW74H868SCLKC4CVQNV0VC41.scan
cd /
builtin-precompileModule /Users/admin/builder/spi-builder-workspace/.derivedData/Build/Intermediates.noindex/ExplicitPrecompiledModules/_Builtin_inttypes-DCW74H868SCLKC4CVQNV0VC41.scan
PrecompileModule /Users/admin/builder/spi-builder-workspace/.derivedData/Build/Intermediates.noindex/ExplicitPrecompiledModules/_Builtin_limits-108C04HZP5HR5BYR9CJGONASV.scan
cd /
builtin-precompileModule /Users/admin/builder/spi-builder-workspace/.derivedData/Build/Intermediates.noindex/ExplicitPrecompiledModules/_Builtin_limits-108C04HZP5HR5BYR9CJGONASV.scan
PrecompileModule /Users/admin/builder/spi-builder-workspace/.derivedData/Build/Intermediates.noindex/ExplicitPrecompiledModules/_DarwinFoundation2-C3V5GE1CQL0XVFGAYT10DZE6Y.scan
cd /
builtin-precompileModule /Users/admin/builder/spi-builder-workspace/.derivedData/Build/Intermediates.noindex/ExplicitPrecompiledModules/_DarwinFoundation2-C3V5GE1CQL0XVFGAYT10DZE6Y.scan
PrecompileModule /Users/admin/builder/spi-builder-workspace/.derivedData/Build/Intermediates.noindex/ExplicitPrecompiledModules/_DarwinFoundation2-CLNOJWR0DNIIP36M8ZG3P3HCS.scan
cd /
builtin-precompileModule /Users/admin/builder/spi-builder-workspace/.derivedData/Build/Intermediates.noindex/ExplicitPrecompiledModules/_DarwinFoundation2-CLNOJWR0DNIIP36M8ZG3P3HCS.scan
PrecompileModule /Users/admin/builder/spi-builder-workspace/.derivedData/Build/Intermediates.noindex/ExplicitPrecompiledModules/_Builtin_limits-AOY1WZAR4QG465X9RB2L5AHD7.scan
cd /
builtin-precompileModule /Users/admin/builder/spi-builder-workspace/.derivedData/Build/Intermediates.noindex/ExplicitPrecompiledModules/_Builtin_limits-AOY1WZAR4QG465X9RB2L5AHD7.scan
SwiftExplicitDependencyGeneratePcm arm64 /Users/admin/builder/spi-builder-workspace/.derivedData/SDKExplicitPrecompiledModules/ObjectiveC-72IVD3VS2RS8Q28D9PIMY0KQP.pcm
SwiftExplicitDependencyGeneratePcm arm64 /Users/admin/builder/spi-builder-workspace/.derivedData/SDKExplicitPrecompiledModules/MachO-2U90NNSAQILBNBPS1SA4F8TYP.pcm
PrecompileModule /Users/admin/builder/spi-builder-workspace/.derivedData/Build/Intermediates.noindex/ExplicitPrecompiledModules/_Builtin_inttypes-DMCELSMC04PM1XA4XPW677T3M.scan
cd /
builtin-precompileModule /Users/admin/builder/spi-builder-workspace/.derivedData/Build/Intermediates.noindex/ExplicitPrecompiledModules/_Builtin_inttypes-DMCELSMC04PM1XA4XPW677T3M.scan
PrecompileModule /Users/admin/builder/spi-builder-workspace/.derivedData/Build/Intermediates.noindex/ExplicitPrecompiledModules/Darwin-9SLJLK02VFUOGVR944MLZIMKR.scan
cd /
builtin-precompileModule /Users/admin/builder/spi-builder-workspace/.derivedData/Build/Intermediates.noindex/ExplicitPrecompiledModules/Darwin-9SLJLK02VFUOGVR944MLZIMKR.scan
SwiftExplicitDependencyGeneratePcm arm64_32 /Users/admin/builder/spi-builder-workspace/.derivedData/SDKExplicitPrecompiledModules/os_object-5YWTC6L4756IWSTPGXS5NM0D0.pcm
PrecompileModule /Users/admin/builder/spi-builder-workspace/.derivedData/Build/Intermediates.noindex/ExplicitPrecompiledModules/Darwin-9KLOUOFDXRR3MJDIDQGT8EXUD.scan
cd /
builtin-precompileModule /Users/admin/builder/spi-builder-workspace/.derivedData/Build/Intermediates.noindex/ExplicitPrecompiledModules/Darwin-9KLOUOFDXRR3MJDIDQGT8EXUD.scan
PrecompileModule /Users/admin/builder/spi-builder-workspace/.derivedData/Build/Intermediates.noindex/ExplicitPrecompiledModules/_Builtin_stdint-3SFTNDHLQH80H7VY3YPOL4R1B.scan
cd /
builtin-precompileModule /Users/admin/builder/spi-builder-workspace/.derivedData/Build/Intermediates.noindex/ExplicitPrecompiledModules/_Builtin_stdint-3SFTNDHLQH80H7VY3YPOL4R1B.scan
PrecompileModule /Users/admin/builder/spi-builder-workspace/.derivedData/Build/Intermediates.noindex/ExplicitPrecompiledModules/_Builtin_stdint-7KMBUVMAE4PWF2L6AA8GNKG13.scan
cd /
builtin-precompileModule /Users/admin/builder/spi-builder-workspace/.derivedData/Build/Intermediates.noindex/ExplicitPrecompiledModules/_Builtin_stdint-7KMBUVMAE4PWF2L6AA8GNKG13.scan
SwiftExplicitDependencyGeneratePcm arm64 /Users/admin/builder/spi-builder-workspace/.derivedData/SDKExplicitPrecompiledModules/os_object-3SDKD7F87FTZ26OON37DRYT6O.pcm
PrecompileModule /Users/admin/builder/spi-builder-workspace/.derivedData/Build/Intermediates.noindex/ExplicitPrecompiledModules/_DarwinFoundation3-8MT2U98ZXVCU2U4R1F1CGZQ2C.scan
cd /
builtin-precompileModule /Users/admin/builder/spi-builder-workspace/.derivedData/Build/Intermediates.noindex/ExplicitPrecompiledModules/_DarwinFoundation3-8MT2U98ZXVCU2U4R1F1CGZQ2C.scan
PrecompileModule /Users/admin/builder/spi-builder-workspace/.derivedData/Build/Intermediates.noindex/ExplicitPrecompiledModules/_DarwinFoundation3-F2LWPMCJ8H6UO5V8XFQJFKQVP.scan
cd /
builtin-precompileModule /Users/admin/builder/spi-builder-workspace/.derivedData/Build/Intermediates.noindex/ExplicitPrecompiledModules/_DarwinFoundation3-F2LWPMCJ8H6UO5V8XFQJFKQVP.scan
SwiftExplicitDependencyGeneratePcm arm64_32 /Users/admin/builder/spi-builder-workspace/.derivedData/SDKExplicitPrecompiledModules/os_workgroup-5JHTPDMNBUNHLJI8LPHKQK1JK.pcm
SwiftExplicitDependencyGeneratePcm arm64 /Users/admin/builder/spi-builder-workspace/.derivedData/SDKExplicitPrecompiledModules/os_workgroup-89GG5G7YC2D0ZTK6AZXXQ20DH.pcm
PrecompileModule /Users/admin/builder/spi-builder-workspace/.derivedData/Build/Intermediates.noindex/ExplicitPrecompiledModules/_Builtin_inttypes-A5NDML6KDKJ3I54C64WQZDI97.scan
cd /
builtin-precompileModule /Users/admin/builder/spi-builder-workspace/.derivedData/Build/Intermediates.noindex/ExplicitPrecompiledModules/_Builtin_inttypes-A5NDML6KDKJ3I54C64WQZDI97.scan
SwiftExplicitDependencyGeneratePcm arm64_32 /Users/admin/builder/spi-builder-workspace/.derivedData/SDKExplicitPrecompiledModules/Spatial-CWVWNML3T0NXVHZDKVLD3X1YZ.pcm
PrecompileModule /Users/admin/builder/spi-builder-workspace/.derivedData/Build/Intermediates.noindex/ExplicitPrecompiledModules/_Builtin_inttypes-BZ169EEI74ORNA37RZOVCBQHI.scan
cd /
builtin-precompileModule /Users/admin/builder/spi-builder-workspace/.derivedData/Build/Intermediates.noindex/ExplicitPrecompiledModules/_Builtin_inttypes-BZ169EEI74ORNA37RZOVCBQHI.scan
PrecompileModule /Users/admin/builder/spi-builder-workspace/.derivedData/Build/Intermediates.noindex/ExplicitPrecompiledModules/Darwin-61PA06U4UH3QL5AY1LQKJ42GY.scan
cd /
builtin-precompileModule /Users/admin/builder/spi-builder-workspace/.derivedData/Build/Intermediates.noindex/ExplicitPrecompiledModules/Darwin-61PA06U4UH3QL5AY1LQKJ42GY.scan
SwiftExplicitDependencyGeneratePcm arm64_32 /Users/admin/builder/spi-builder-workspace/.derivedData/SDKExplicitPrecompiledModules/Dispatch-2P62F1T4XV63S4P99TUDTOK2Q.pcm
PrecompileModule /Users/admin/builder/spi-builder-workspace/.derivedData/Build/Intermediates.noindex/ExplicitPrecompiledModules/Darwin-AQA966RT8KNAM9WW81IMD9Z6.scan
cd /
builtin-precompileModule /Users/admin/builder/spi-builder-workspace/.derivedData/Build/Intermediates.noindex/ExplicitPrecompiledModules/Darwin-AQA966RT8KNAM9WW81IMD9Z6.scan
SwiftExplicitDependencyGeneratePcm arm64 /Users/admin/builder/spi-builder-workspace/.derivedData/SDKExplicitPrecompiledModules/Dispatch-1NLJOVAK60XP0DUB05XA59EIM.pcm
SwiftExplicitDependencyGeneratePcm arm64_32 /Users/admin/builder/spi-builder-workspace/.derivedData/SDKExplicitPrecompiledModules/XPC-81Y45QFY96XYYFCW2GT6FY8S4.pcm
SwiftExplicitDependencyGeneratePcm arm64_32 /Users/admin/builder/spi-builder-workspace/.derivedData/SDKExplicitPrecompiledModules/CoreFoundation-8E6Y4BA3EXYKUGJ24GT9LGV3N.pcm
SwiftExplicitDependencyGeneratePcm arm64 /Users/admin/builder/spi-builder-workspace/.derivedData/SDKExplicitPrecompiledModules/Spatial-44FJGYXFAT2AQAW9Z6T7YS02U.pcm
PrecompileModule /Users/admin/builder/spi-builder-workspace/.derivedData/Build/Intermediates.noindex/ExplicitPrecompiledModules/MachO-9PGR2QGFRUYTSEWT2F1252B2O.scan
cd /
builtin-precompileModule /Users/admin/builder/spi-builder-workspace/.derivedData/Build/Intermediates.noindex/ExplicitPrecompiledModules/MachO-9PGR2QGFRUYTSEWT2F1252B2O.scan
PrecompileModule /Users/admin/builder/spi-builder-workspace/.derivedData/Build/Intermediates.noindex/ExplicitPrecompiledModules/MachO-4RHSENHPZHBMA4C6RJ4R0EDU1.scan
cd /
builtin-precompileModule /Users/admin/builder/spi-builder-workspace/.derivedData/Build/Intermediates.noindex/ExplicitPrecompiledModules/MachO-4RHSENHPZHBMA4C6RJ4R0EDU1.scan
SwiftExplicitDependencyGeneratePcm arm64 /Users/admin/builder/spi-builder-workspace/.derivedData/SDKExplicitPrecompiledModules/XPC-40DR0X1DHKGCV4J1IOLFS8MOU.pcm
SwiftExplicitDependencyGeneratePcm arm64 /Users/admin/builder/spi-builder-workspace/.derivedData/SDKExplicitPrecompiledModules/CoreFoundation-8T2L24YC5NU7WO6WQJWRY7W08.pcm
CompileC /Users/admin/builder/spi-builder-workspace/.derivedData/Build/Intermediates.noindex/SwiftTrace.build/Debug-watchos/SwiftTraceGutsD-t.build/Objects-normal/arm64/fishhook.o /Users/admin/builder/spi-builder-workspace/SwiftTraceGutsD/fishhook.c normal arm64 c com.apple.compilers.llvm.clang.1_0.compiler (in target 'SwiftTraceGutsD' from project 'SwiftTrace')
cd /Users/admin/builder/spi-builder-workspace/.swiftpm/xcode
Using response file: /Users/admin/builder/spi-builder-workspace/.derivedData/Build/Intermediates.noindex/SwiftTrace.build/Debug-watchos/SwiftTraceGutsD-t.build/Objects-normal/arm64/7187679823f38a2a940e0043cdf9d637-common-args.resp
/Applications/Xcode-27.0.0-Release.Candidate.app/Contents/Developer/Toolchains/XcodeDefault.xctoolchain/usr/bin/clang -x c -ivfsstatcache /Users/admin/builder/spi-builder-workspace/.derivedData/SDKStatCaches.noindex/watchos27.0-24R360-e829b21a6f8c9b70876ba0858053c04477534ef55a1706bf4c1112bbb242f0a2.sdkstatcache -target arm64-apple-watchos9.0 -fmessage-length\=0 -fdiagnostics-show-note-include-stack -fmacro-backtrace-limit\=0 -fno-color-diagnostics -fmodules-prune-interval\=86400 -fmodules-prune-after\=345600 -fbuild-session-file\=/Users/admin/builder/spi-builder-workspace/.derivedData/ModuleCache.noindex/Session.modulevalidation -fmodules-validate-once-per-build-session -Wnon-modular-include-in-framework-module -Werror\=non-modular-include-in-framework-module -Wno-trigraphs -Wno-missing-field-initializers -Wno-missing-prototypes -Wno-return-type -Wno-missing-braces -Wparentheses -Wswitch -Wno-unused-function -Wno-unused-label -Wno-unused-parameter -Wno-unused-variable -Wunused-value -Wno-empty-body -Wno-uninitialized -Wno-unknown-pragmas -Wno-shadow -Wno-four-char-constants -Wno-conversion -Wno-constant-conversion -Wno-int-conversion -Wno-bool-conversion -Wno-enum-conversion -Wno-float-conversion -Wno-non-literal-null-conversion -Wno-objc-literal-conversion -Wshorten-64-to-32 -Wpointer-sign -Wno-newline-eof -Wno-implicit-fallthrough -isysroot /Applications/Xcode-27.0.0-Release.Candidate.app/Contents/Developer/Platforms/WatchOS.platform/Developer/SDKs/WatchOS27.0.sdk -fstrict-aliasing -Wdeprecated-declarations -Wno-sign-conversion -Wno-infinite-recursion -Wno-comma -Wno-block-capture-autoreleasing -Wno-strict-prototypes -Wno-semicolon-before-method-body -index-store-path /Users/admin/builder/spi-builder-workspace/.derivedData/Index.noindex/DataStore @/Users/admin/builder/spi-builder-workspace/.derivedData/Build/Intermediates.noindex/SwiftTrace.build/Debug-watchos/SwiftTraceGutsD-t.build/Objects-normal/arm64/7187679823f38a2a940e0043cdf9d637-common-args.resp -MMD -MT dependencies -MF /Users/admin/builder/spi-builder-workspace/.derivedData/Build/Intermediates.noindex/SwiftTrace.build/Debug-watchos/SwiftTraceGutsD-t.build/Objects-normal/arm64/fishhook.d --serialize-diagnostics /Users/admin/builder/spi-builder-workspace/.derivedData/Build/Intermediates.noindex/SwiftTrace.build/Debug-watchos/SwiftTraceGutsD-t.build/Objects-normal/arm64/fishhook.dia -c /Users/admin/builder/spi-builder-workspace/SwiftTraceGutsD/fishhook.c -o /Users/admin/builder/spi-builder-workspace/.derivedData/Build/Intermediates.noindex/SwiftTrace.build/Debug-watchos/SwiftTraceGutsD-t.build/Objects-normal/arm64/fishhook.o -index-unit-output-path /SwiftTrace.build/Debug-watchos/SwiftTraceGutsD-t.build/Objects-normal/arm64/fishhook.o
CompileC /Users/admin/builder/spi-builder-workspace/.derivedData/Build/Intermediates.noindex/SwiftTrace.build/Debug-watchos/SwiftTraceGutsD-t.build/Objects-normal/arm64_32/fishhook.o /Users/admin/builder/spi-builder-workspace/SwiftTraceGutsD/fishhook.c normal arm64_32 c com.apple.compilers.llvm.clang.1_0.compiler (in target 'SwiftTraceGutsD' from project 'SwiftTrace')
cd /Users/admin/builder/spi-builder-workspace/.swiftpm/xcode
Using response file: /Users/admin/builder/spi-builder-workspace/.derivedData/Build/Intermediates.noindex/SwiftTrace.build/Debug-watchos/SwiftTraceGutsD-t.build/Objects-normal/arm64_32/7187679823f38a2a940e0043cdf9d637-common-args.resp
/Applications/Xcode-27.0.0-Release.Candidate.app/Contents/Developer/Toolchains/XcodeDefault.xctoolchain/usr/bin/clang -x c -ivfsstatcache /Users/admin/builder/spi-builder-workspace/.derivedData/SDKStatCaches.noindex/watchos27.0-24R360-e829b21a6f8c9b70876ba0858053c04477534ef55a1706bf4c1112bbb242f0a2.sdkstatcache -target arm64_32-apple-watchos9.0 -fmessage-length\=0 -fdiagnostics-show-note-include-stack -fmacro-backtrace-limit\=0 -fno-color-diagnostics -fmodules-prune-interval\=86400 -fmodules-prune-after\=345600 -fbuild-session-file\=/Users/admin/builder/spi-builder-workspace/.derivedData/ModuleCache.noindex/Session.modulevalidation -fmodules-validate-once-per-build-session -Wnon-modular-include-in-framework-module -Werror\=non-modular-include-in-framework-module -Wno-trigraphs -Wno-missing-field-initializers -Wno-missing-prototypes -Wno-return-type -Wno-missing-braces -Wparentheses -Wswitch -Wno-unused-function -Wno-unused-label -Wno-unused-parameter -Wno-unused-variable -Wunused-value -Wno-empty-body -Wno-uninitialized -Wno-unknown-pragmas -Wno-shadow -Wno-four-char-constants -Wno-conversion -Wno-constant-conversion -Wno-int-conversion -Wno-bool-conversion -Wno-enum-conversion -Wno-float-conversion -Wno-non-literal-null-conversion -Wno-objc-literal-conversion -Wno-shorten-64-to-32 -Wpointer-sign -Wno-newline-eof -Wno-implicit-fallthrough -isysroot /Applications/Xcode-27.0.0-Release.Candidate.app/Contents/Developer/Platforms/WatchOS.platform/Developer/SDKs/WatchOS27.0.sdk -fstrict-aliasing -Wdeprecated-declarations -Wno-sign-conversion -Wno-infinite-recursion -Wno-comma -Wno-block-capture-autoreleasing -Wno-strict-prototypes -Wno-semicolon-before-method-body -index-store-path /Users/admin/builder/spi-builder-workspace/.derivedData/Index.noindex/DataStore @/Users/admin/builder/spi-builder-workspace/.derivedData/Build/Intermediates.noindex/SwiftTrace.build/Debug-watchos/SwiftTraceGutsD-t.build/Objects-normal/arm64_32/7187679823f38a2a940e0043cdf9d637-common-args.resp -MMD -MT dependencies -MF /Users/admin/builder/spi-builder-workspace/.derivedData/Build/Intermediates.noindex/SwiftTrace.build/Debug-watchos/SwiftTraceGutsD-t.build/Objects-normal/arm64_32/fishhook.d --serialize-diagnostics /Users/admin/builder/spi-builder-workspace/.derivedData/Build/Intermediates.noindex/SwiftTrace.build/Debug-watchos/SwiftTraceGutsD-t.build/Objects-normal/arm64_32/fishhook.dia -c /Users/admin/builder/spi-builder-workspace/SwiftTraceGutsD/fishhook.c -o /Users/admin/builder/spi-builder-workspace/.derivedData/Build/Intermediates.noindex/SwiftTrace.build/Debug-watchos/SwiftTraceGutsD-t.build/Objects-normal/arm64_32/fishhook.o -index-unit-output-path /SwiftTrace.build/Debug-watchos/SwiftTraceGutsD-t.build/Objects-normal/arm64_32/fishhook.o
SwiftExplicitDependencyGeneratePcm arm64_32 /Users/admin/builder/spi-builder-workspace/.derivedData/SDKExplicitPrecompiledModules/os-E5IGB442IA6SBB25TTCOLK2OC.pcm
SwiftExplicitDependencyGeneratePcm arm64 /Users/admin/builder/spi-builder-workspace/.derivedData/SDKExplicitPrecompiledModules/os-5DIL6Z9LFIGLMZAHM7X2T5435.pcm
PrecompileModule /Users/admin/builder/spi-builder-workspace/.derivedData/Build/Intermediates.noindex/ExplicitPrecompiledModules/MachO-4N6B1FHY99Q3MLYJ22FONGBIH.scan
cd /
builtin-precompileModule /Users/admin/builder/spi-builder-workspace/.derivedData/Build/Intermediates.noindex/ExplicitPrecompiledModules/MachO-4N6B1FHY99Q3MLYJ22FONGBIH.scan
PrecompileModule /Users/admin/builder/spi-builder-workspace/.derivedData/Build/Intermediates.noindex/ExplicitPrecompiledModules/MachO-BFXM1N8EWDWGATGEDTI413RGU.scan
cd /
builtin-precompileModule /Users/admin/builder/spi-builder-workspace/.derivedData/Build/Intermediates.noindex/ExplicitPrecompiledModules/MachO-BFXM1N8EWDWGATGEDTI413RGU.scan
Ld /Users/admin/builder/spi-builder-workspace/.derivedData/Build/Intermediates.noindex/SwiftTrace.build/Debug-watchos/SwiftTraceGutsD-t.build/Objects-normal/arm64/Binary/SwiftTraceGutsD.o normal arm64 (in target 'SwiftTraceGutsD' from project 'SwiftTrace')
cd /Users/admin/builder/spi-builder-workspace
/Applications/Xcode-27.0.0-Release.Candidate.app/Contents/Developer/Toolchains/XcodeDefault.xctoolchain/usr/bin/clang++ -Xlinker -reproducible -target arm64-apple-watchos9.0 -r -isysroot /Applications/Xcode-27.0.0-Release.Candidate.app/Contents/Developer/Platforms/WatchOS.platform/Developer/SDKs/WatchOS27.0.sdk -O0 -Xlinker -no_warn_duplicate_libraries -F/Users/admin/builder/spi-builder-workspace/.derivedData/Build/Intermediates.noindex/EagerLinkingTBDs/Debug-watchos -F/Users/admin/builder/spi-builder-workspace/.derivedData/Build/Products/Debug-watchos -iframework /Applications/Xcode-27.0.0-Release.Candidate.app/Contents/Developer/Platforms/WatchOS.platform/Developer/Library/Frameworks -iframework /Applications/Xcode-27.0.0-Release.Candidate.app/Contents/Developer/Platforms/WatchOS.platform/Developer/SDKs/WatchOS27.0.sdk/Developer/Library/Frameworks -filelist /Users/admin/builder/spi-builder-workspace/.derivedData/Build/Intermediates.noindex/SwiftTrace.build/Debug-watchos/SwiftTraceGutsD-t.build/Objects-normal/arm64/SwiftTraceGutsD.LinkFileList -nostdlib -Xlinker -object_path_lto -Xlinker /Users/admin/builder/spi-builder-workspace/.derivedData/Build/Intermediates.noindex/SwiftTrace.build/Debug-watchos/SwiftTraceGutsD-t.build/Objects-normal/arm64/SwiftTraceGutsD_lto.o -Xlinker -no_deduplicate -Xlinker -dependency_info -Xlinker /Users/admin/builder/spi-builder-workspace/.derivedData/Build/Intermediates.noindex/SwiftTrace.build/Debug-watchos/SwiftTraceGutsD-t.build/Objects-normal/arm64/SwiftTraceGutsD_dependency_info.dat -fobjc-arc -fobjc-link-runtime -o /Users/admin/builder/spi-builder-workspace/.derivedData/Build/Intermediates.noindex/SwiftTrace.build/Debug-watchos/SwiftTraceGutsD-t.build/Objects-normal/arm64/Binary/SwiftTraceGutsD.o
Ld /Users/admin/builder/spi-builder-workspace/.derivedData/Build/Intermediates.noindex/SwiftTrace.build/Debug-watchos/SwiftTraceGutsD-t.build/Objects-normal/arm64_32/Binary/SwiftTraceGutsD.o normal arm64_32 (in target 'SwiftTraceGutsD' from project 'SwiftTrace')
cd /Users/admin/builder/spi-builder-workspace
/Applications/Xcode-27.0.0-Release.Candidate.app/Contents/Developer/Toolchains/XcodeDefault.xctoolchain/usr/bin/clang++ -Xlinker -reproducible -target arm64_32-apple-watchos9.0 -r -isysroot /Applications/Xcode-27.0.0-Release.Candidate.app/Contents/Developer/Platforms/WatchOS.platform/Developer/SDKs/WatchOS27.0.sdk -O0 -Xlinker -no_warn_duplicate_libraries -F/Users/admin/builder/spi-builder-workspace/.derivedData/Build/Intermediates.noindex/EagerLinkingTBDs/Debug-watchos -F/Users/admin/builder/spi-builder-workspace/.derivedData/Build/Products/Debug-watchos -iframework /Applications/Xcode-27.0.0-Release.Candidate.app/Contents/Developer/Platforms/WatchOS.platform/Developer/Library/Frameworks -iframework /Applications/Xcode-27.0.0-Release.Candidate.app/Contents/Developer/Platforms/WatchOS.platform/Developer/SDKs/WatchOS27.0.sdk/Developer/Library/Frameworks -filelist /Users/admin/builder/spi-builder-workspace/.derivedData/Build/Intermediates.noindex/SwiftTrace.build/Debug-watchos/SwiftTraceGutsD-t.build/Objects-normal/arm64_32/SwiftTraceGutsD.LinkFileList -nostdlib -Xlinker -object_path_lto -Xlinker /Users/admin/builder/spi-builder-workspace/.derivedData/Build/Intermediates.noindex/SwiftTrace.build/Debug-watchos/SwiftTraceGutsD-t.build/Objects-normal/arm64_32/SwiftTraceGutsD_lto.o -Xlinker -no_deduplicate -Xlinker -dependency_info -Xlinker /Users/admin/builder/spi-builder-workspace/.derivedData/Build/Intermediates.noindex/SwiftTrace.build/Debug-watchos/SwiftTraceGutsD-t.build/Objects-normal/arm64_32/SwiftTraceGutsD_dependency_info.dat -fobjc-arc -fobjc-link-runtime -o /Users/admin/builder/spi-builder-workspace/.derivedData/Build/Intermediates.noindex/SwiftTrace.build/Debug-watchos/SwiftTraceGutsD-t.build/Objects-normal/arm64_32/Binary/SwiftTraceGutsD.o
SwiftExplicitDependencyGeneratePcm arm64_32 /Users/admin/builder/spi-builder-workspace/.derivedData/SDKExplicitPrecompiledModules/Security-D7TOWF88VWF67TB9HAFP5UWB1.pcm
SwiftExplicitDependencyGeneratePcm arm64_32 /Users/admin/builder/spi-builder-workspace/.derivedData/SDKExplicitPrecompiledModules/CoreGraphics-9FDXYX6BKBUT6TJ2VF819E7T5.pcm
CreateUniversalBinary /Users/admin/builder/spi-builder-workspace/.derivedData/Build/Products/Debug-watchos/SwiftTraceGutsD.o normal arm64\ arm64_32 (in target 'SwiftTraceGutsD' from project 'SwiftTrace')
cd /Users/admin/builder/spi-builder-workspace
/Applications/Xcode-27.0.0-Release.Candidate.app/Contents/Developer/Toolchains/XcodeDefault.xctoolchain/usr/bin/lipo -create /Users/admin/builder/spi-builder-workspace/.derivedData/Build/Intermediates.noindex/SwiftTrace.build/Debug-watchos/SwiftTraceGutsD-t.build/Objects-normal/arm64/Binary/SwiftTraceGutsD.o /Users/admin/builder/spi-builder-workspace/.derivedData/Build/Intermediates.noindex/SwiftTrace.build/Debug-watchos/SwiftTraceGutsD-t.build/Objects-normal/arm64_32/Binary/SwiftTraceGutsD.o -output /Users/admin/builder/spi-builder-workspace/.derivedData/Build/Products/Debug-watchos/SwiftTraceGutsD.o
CompileC /Users/admin/builder/spi-builder-workspace/.derivedData/Build/Intermediates.noindex/SwiftTrace.build/Debug-watchos/SwiftTraceGuts-t.build/Objects-normal/arm64_32/fishhook.o /Users/admin/builder/spi-builder-workspace/SwiftTraceGuts/fishhook.c normal arm64_32 c com.apple.compilers.llvm.clang.1_0.compiler (in target 'SwiftTraceGuts' from project 'SwiftTrace')
cd /Users/admin/builder/spi-builder-workspace/.swiftpm/xcode
Using response file: /Users/admin/builder/spi-builder-workspace/.derivedData/Build/Intermediates.noindex/SwiftTrace.build/Debug-watchos/SwiftTraceGuts-t.build/Objects-normal/arm64_32/7187679823f38a2a940e0043cdf9d637-common-args.resp
/Applications/Xcode-27.0.0-Release.Candidate.app/Contents/Developer/Toolchains/XcodeDefault.xctoolchain/usr/bin/clang -x c -ivfsstatcache /Users/admin/builder/spi-builder-workspace/.derivedData/SDKStatCaches.noindex/watchos27.0-24R360-e829b21a6f8c9b70876ba0858053c04477534ef55a1706bf4c1112bbb242f0a2.sdkstatcache -target arm64_32-apple-watchos9.0 -fmessage-length\=0 -fdiagnostics-show-note-include-stack -fmacro-backtrace-limit\=0 -fno-color-diagnostics -fmodules-prune-interval\=86400 -fmodules-prune-after\=345600 -fbuild-session-file\=/Users/admin/builder/spi-builder-workspace/.derivedData/ModuleCache.noindex/Session.modulevalidation -fmodules-validate-once-per-build-session -Wnon-modular-include-in-framework-module -Werror\=non-modular-include-in-framework-module -Wno-trigraphs -Wno-missing-field-initializers -Wno-missing-prototypes -Wno-return-type -Wno-missing-braces -Wparentheses -Wswitch -Wno-unused-function -Wno-unused-label -Wno-unused-parameter -Wno-unused-variable -Wunused-value -Wno-empty-body -Wno-uninitialized -Wno-unknown-pragmas -Wno-shadow -Wno-four-char-constants -Wno-conversion -Wno-constant-conversion -Wno-int-conversion -Wno-bool-conversion -Wno-enum-conversion -Wno-float-conversion -Wno-non-literal-null-conversion -Wno-objc-literal-conversion -Wno-shorten-64-to-32 -Wpointer-sign -Wno-newline-eof -Wno-implicit-fallthrough -isysroot /Applications/Xcode-27.0.0-Release.Candidate.app/Contents/Developer/Platforms/WatchOS.platform/Developer/SDKs/WatchOS27.0.sdk -fstrict-aliasing -Wdeprecated-declarations -Wno-sign-conversion -Wno-infinite-recursion -Wno-comma -Wno-block-capture-autoreleasing -Wno-strict-prototypes -Wno-semicolon-before-method-body -index-store-path /Users/admin/builder/spi-builder-workspace/.derivedData/Index.noindex/DataStore @/Users/admin/builder/spi-builder-workspace/.derivedData/Build/Intermediates.noindex/SwiftTrace.build/Debug-watchos/SwiftTraceGuts-t.build/Objects-normal/arm64_32/7187679823f38a2a940e0043cdf9d637-common-args.resp -MMD -MT dependencies -MF /Users/admin/builder/spi-builder-workspace/.derivedData/Build/Intermediates.noindex/SwiftTrace.build/Debug-watchos/SwiftTraceGuts-t.build/Objects-normal/arm64_32/fishhook.d --serialize-diagnostics /Users/admin/builder/spi-builder-workspace/.derivedData/Build/Intermediates.noindex/SwiftTrace.build/Debug-watchos/SwiftTraceGuts-t.build/Objects-normal/arm64_32/fishhook.dia -c /Users/admin/builder/spi-builder-workspace/SwiftTraceGuts/fishhook.c -o /Users/admin/builder/spi-builder-workspace/.derivedData/Build/Intermediates.noindex/SwiftTrace.build/Debug-watchos/SwiftTraceGuts-t.build/Objects-normal/arm64_32/fishhook.o -index-unit-output-path /SwiftTrace.build/Debug-watchos/SwiftTraceGuts-t.build/Objects-normal/arm64_32/fishhook.o
ProcessInfoPlistFile /Users/admin/builder/spi-builder-workspace/.derivedData/Build/Products/Debug-watchos/PackageFrameworks/SwiftTraceGutsD.framework/Info.plist /Users/admin/builder/spi-builder-workspace/.derivedData/Build/Intermediates.noindex/SwiftTrace.build/Debug-watchos/SwiftTraceGutsD-product-t.build/empty-SwiftTraceGutsD.plist (in target 'SwiftTraceGutsD-product' from project 'SwiftTrace')
cd /Users/admin/builder/spi-builder-workspace
builtin-infoPlistUtility /Users/admin/builder/spi-builder-workspace/.derivedData/Build/Intermediates.noindex/SwiftTrace.build/Debug-watchos/SwiftTraceGutsD-product-t.build/empty-SwiftTraceGutsD.plist -producttype com.apple.product-type.framework -expandbuildsettings -format binary -platform watchos -o /Users/admin/builder/spi-builder-workspace/.derivedData/Build/Products/Debug-watchos/PackageFrameworks/SwiftTraceGutsD.framework/Info.plist
Ld /Users/admin/builder/spi-builder-workspace/.derivedData/Build/Intermediates.noindex/SwiftTrace.build/Debug-watchos/SwiftTraceGutsD-product-t.build/Objects-normal/arm64_32/Binary/SwiftTraceGutsD normal arm64_32 (in target 'SwiftTraceGutsD-product' from project 'SwiftTrace')
cd /Users/admin/builder/spi-builder-workspace
/Applications/Xcode-27.0.0-Release.Candidate.app/Contents/Developer/Toolchains/XcodeDefault.xctoolchain/usr/bin/clang -Xlinker -reproducible -target arm64_32-apple-watchos9.0 -dynamiclib -isysroot /Applications/Xcode-27.0.0-Release.Candidate.app/Contents/Developer/Platforms/WatchOS.platform/Developer/SDKs/WatchOS27.0.sdk -O0 -Xlinker -no_warn_duplicate_libraries -L/Users/admin/builder/spi-builder-workspace/.derivedData/Build/Intermediates.noindex/EagerLinkingTBDs/Debug-watchos -L/Users/admin/builder/spi-builder-workspace/.derivedData/Build/Products/Debug-watchos -L/Applications/Xcode-27.0.0-Release.Candidate.app/Contents/Developer/Platforms/WatchOS.platform/Developer/usr/lib -F/Users/admin/builder/spi-builder-workspace/.derivedData/Build/Intermediates.noindex/EagerLinkingTBDs/Debug-watchos -F/Users/admin/builder/spi-builder-workspace/.derivedData/Build/Products/Debug-watchos/PackageFrameworks -F/Users/admin/builder/spi-builder-workspace/.derivedData/Build/Products/Debug-watchos -iframework /Applications/Xcode-27.0.0-Release.Candidate.app/Contents/Developer/Platforms/WatchOS.platform/Developer/Library/Frameworks -iframework /Applications/Xcode-27.0.0-Release.Candidate.app/Contents/Developer/Platforms/WatchOS.platform/Developer/SDKs/WatchOS27.0.sdk/Developer/Library/Frameworks -filelist /Users/admin/builder/spi-builder-workspace/.derivedData/Build/Intermediates.noindex/SwiftTrace.build/Debug-watchos/SwiftTraceGutsD-product-t.build/Objects-normal/arm64_32/SwiftTraceGutsD.LinkFileList -install_name @rpath/SwiftTraceGutsD.framework/SwiftTraceGutsD -Xlinker -rpath -Xlinker @loader_path -Xlinker -rpath -Xlinker /Users/admin/builder/spi-builder-workspace/.derivedData/Build/Products/Debug-watchos/PackageFrameworks -Xlinker -dead_strip -Xlinker -object_path_lto -Xlinker /Users/admin/builder/spi-builder-workspace/.derivedData/Build/Intermediates.noindex/SwiftTrace.build/Debug-watchos/SwiftTraceGutsD-product-t.build/Objects-normal/arm64_32/SwiftTraceGutsD_lto.o -rdynamic -Xlinker -no_deduplicate -Xlinker -dependency_info -Xlinker /Users/admin/builder/spi-builder-workspace/.derivedData/Build/Intermediates.noindex/SwiftTrace.build/Debug-watchos/SwiftTraceGutsD-product-t.build/Objects-normal/arm64_32/SwiftTraceGutsD_dependency_info.dat -lc++ -o /Users/admin/builder/spi-builder-workspace/.derivedData/Build/Intermediates.noindex/SwiftTrace.build/Debug-watchos/SwiftTraceGutsD-product-t.build/Objects-normal/arm64_32/Binary/SwiftTraceGutsD
Undefined symbols for architecture arm64_32:
"_NSLog", referenced from:
+[NSObject(SwiftTrace) swiftTraceDefaultMethodExclusions] in SwiftTraceGutsD.o
+[NSObject(SwiftTrace) swiftTraceDefaultMethodExclusions] in SwiftTraceGutsD.o
+[NSObject(SwiftTrace) swiftTraceDefaultMethodExclusions] in SwiftTraceGutsD.o
+[NSObject(SwiftTrace) swiftTraceDefaultMethodExclusions] in SwiftTraceGutsD.o
"_OBJC_CLASS_$_NSAssertionHandler", referenced from:
in SwiftTraceGutsD.o
"_OBJC_CLASS_$_NSBundle", referenced from:
in SwiftTraceGutsD.o
"_OBJC_CLASS_$_NSMethodSignature", referenced from:
in SwiftTraceGutsD.o
"_OBJC_CLASS_$_NSMutableArray", referenced from:
in SwiftTraceGutsD.o
"_OBJC_CLASS_$_NSObject", referenced from:
__OBJC_$_CATEGORY_NSObject_$_SwiftTrace in SwiftTraceGutsD.o
in SwiftTraceGutsD.o
"_OBJC_CLASS_$_NSString", referenced from:
in SwiftTraceGutsD.o
"_OBJC_CLASS_$_NSThread", referenced from:
in SwiftTraceGutsD.o
"_OBJC_CLASS_$_NSValue", referenced from:
in SwiftTraceGutsD.o
"_OBJC_CLASS_$_SwiftMeta", referenced from:
in SwiftTraceGutsD.o
"_OBJC_CLASS_$_SwiftTrace", referenced from:
in SwiftTraceGutsD.o
"_OBJC_EHTYPE_$_NSException", referenced from:
GCC_except_table2 in SwiftTraceGutsD.o
"___CFConstantStringClassReference", referenced from:
in SwiftTraceGutsD.o
in SwiftTraceGutsD.o
in SwiftTraceGutsD.o
in SwiftTraceGutsD.o
in SwiftTraceGutsD.o
in SwiftTraceGutsD.o
in SwiftTraceGutsD.o
...
"___objc_personality_v0", referenced from:
/Users/admin/builder/spi-builder-workspace/.derivedData/Build/Products/Debug-watchos/SwiftTraceGutsD.o
"_class_getImageName", referenced from:
+[NSObject(SwiftTrace) swiftTraceDefaultMethodExclusions] in SwiftTraceGutsD.o
"_class_getSuperclass", referenced from:
+[NSObject(SwiftTrace) swiftTraceDefaultMethodExclusions] in SwiftTraceGutsD.o
"_method_getTypeEncoding", referenced from:
+[NSObject(SwiftTrace) swiftTraceDefaultMethodExclusions] in SwiftTraceGutsD.o
"_objc_autoreleasePoolPop", referenced from:
___cxx_global_var_init in SwiftTraceGutsD.o
"_objc_autoreleasePoolPush", referenced from:
___cxx_global_var_init in SwiftTraceGutsD.o
"_objc_autoreleaseReturnValue", referenced from:
+[NSObject(SwiftTrace) swiftTraceDefaultMethodExclusions] in SwiftTraceGutsD.o
+[NSObject(SwiftTrace) swiftTraceDefaultMethodExclusions] in SwiftTraceGutsD.o
+[NSObject(SwiftTrace) swiftTraceDefaultMethodExclusions] in SwiftTraceGutsD.o
+[NSObject(SwiftTrace) swiftTraceDefaultMethodExclusions] in SwiftTraceGutsD.o
+[NSObject(SwiftTrace) swiftTraceDefaultMethodExclusions] in SwiftTraceGutsD.o
+[NSObject(SwiftTrace) swiftTraceDefaultMethodExclusions] in SwiftTraceGutsD.o
"_objc_begin_catch", referenced from:
+[NSObject(SwiftTrace) swiftTraceDefaultMethodExclusions] in SwiftTraceGutsD.o
"_objc_copyClassList", referenced from:
+[NSObject(SwiftTrace) swiftTraceDefaultMethodExclusions] in SwiftTraceGutsD.o
"_objc_end_catch", referenced from:
+[NSObject(SwiftTrace) swiftTraceDefaultMethodExclusions] in SwiftTraceGutsD.o
+[NSObject(SwiftTrace) swiftTraceDefaultMethodExclusions] in SwiftTraceGutsD.o
"_objc_enumerationMutation", referenced from:
+[NSObject(SwiftTrace) swiftTraceDefaultMethodExclusions] in SwiftTraceGutsD.o
+[NSObject(SwiftTrace) swiftTraceDefaultMethodExclusions] in SwiftTraceGutsD.o
"_objc_msgSend", referenced from:
in objc-stubs-file
"_objc_opt_new", referenced from:
+[NSObject(SwiftTrace) swiftTraceDefaultMethodExclusions] in SwiftTraceGutsD.o
"_objc_release_x8", referenced from:
+[NSObject(SwiftTrace) swiftTraceDefaultMethodExclusions] in SwiftTraceGutsD.o
+[NSObject(SwiftTrace) swiftTraceDefaultMethodExclusions] in SwiftTraceGutsD.o
+[NSObject(SwiftTrace) swiftTraceDefaultMethodExclusions] in SwiftTraceGutsD.o
+[NSObject(SwiftTrace) swiftTraceDefaultMethodExclusions] in SwiftTraceGutsD.o
+[NSObject(SwiftTrace) swiftTraceDefaultMethodExclusions] in SwiftTraceGutsD.o
+[NSObject(SwiftTrace) swiftTraceDefaultMethodExclusions] in SwiftTraceGutsD.o
+[NSObject(SwiftTrace) swiftTraceDefaultMethodExclusions] in SwiftTraceGutsD.o
+[NSObject(SwiftTrace) swiftTraceDefaultMethodExclusions] in SwiftTraceGutsD.o
+[NSObject(SwiftTrace) swiftTraceDefaultMethodExclusions] in SwiftTraceGutsD.o
+[NSObject(SwiftTrace) swiftTraceDefaultMethodExclusions] in SwiftTraceGutsD.o
+[NSObject(SwiftTrace) swiftTraceDefaultMethodExclusions] in SwiftTraceGutsD.o
+[NSObject(SwiftTrace) swiftTraceDefaultMethodExclusions] in SwiftTraceGutsD.o
+[NSObject(SwiftTrace) swiftTraceDefaultMethodExclusions] in SwiftTraceGutsD.o
+[NSObject(SwiftTrace) swiftTraceDefaultMethodExclusions] in SwiftTraceGutsD.o
+[NSObject(SwiftTrace) swiftTraceDefaultMethodExclusions] in SwiftTraceGutsD.o
+[NSObject(SwiftTrace) swiftTraceDefaultMethodExclusions] in SwiftTraceGutsD.o
+[NSObject(SwiftTrace) swiftTraceDefaultMethodExclusions] in SwiftTraceGutsD.o
+[NSObject(SwiftTrace) swiftTraceDefaultMethodExclusions] in SwiftTraceGutsD.o
+[NSObject(SwiftTrace) swiftTraceDefaultMethodExclusions] in SwiftTraceGutsD.o
+[NSObject(SwiftTrace) swiftTraceDefaultMethodExclusions] in SwiftTraceGutsD.o
+[NSObject(SwiftTrace) swiftTraceDefaultMethodExclusions] in SwiftTraceGutsD.o
+[NSObject(SwiftTrace) swiftTraceDefaultMethodExclusions] in SwiftTraceGutsD.o
+[NSObject(SwiftTrace) swiftTraceDefaultMethodExclusions] in SwiftTraceGutsD.o
+[NSObject(SwiftTrace) swiftTraceDefaultMethodExclusions] in SwiftTraceGutsD.o
+[NSObject(SwiftTrace) swiftTraceDefaultMethodExclusions] in SwiftTraceGutsD.o
+[NSObject(SwiftTrace) swiftTraceDefaultMethodExclusions] in SwiftTraceGutsD.o
+[NSObject(SwiftTrace) swiftTraceDefaultMethodExclusions] in SwiftTraceGutsD.o
+[NSObject(SwiftTrace) swiftTraceDefaultMethodExclusions] in SwiftTraceGutsD.o
+[NSObject(SwiftTrace) swiftTraceDefaultMethodExclusions] in SwiftTraceGutsD.o
+[NSObject(SwiftTrace) swiftTraceDefaultMethodExclusions] in SwiftTraceGutsD.o
+[NSObject(SwiftTrace) swiftTraceDefaultMethodExclusions] in SwiftTraceGutsD.o
+[NSObject(SwiftTrace) swiftTraceDefaultMethodExclusions] in SwiftTraceGutsD.o
+[NSObject(SwiftTrace) swiftTraceDefaultMethodExclusions] in SwiftTraceGutsD.o
+[NSObject(SwiftTrace) swiftTraceDefaultMethodExclusions] in SwiftTraceGutsD.o
+[NSObject(SwiftTrace) swiftTraceDefaultMethodExclusions] in SwiftTraceGutsD.o
+[NSObject(SwiftTrace) swiftTraceDefaultMethodExclusions] in SwiftTraceGutsD.o
+[NSObject(SwiftTrace) swiftTraceDefaultMethodExclusions] in SwiftTraceGutsD.o
+[NSObject(SwiftTrace) swiftTraceDefaultMethodExclusions] in SwiftTraceGutsD.o
+[NSObject(SwiftTrace) swiftTraceDefaultMethodExclusions] in SwiftTraceGutsD.o
...
"_objc_retain", referenced from:
+[NSObject(SwiftTrace) swiftTraceDefaultMethodExclusions] in SwiftTraceGutsD.o
+[NSObject(SwiftTrace) swiftTraceDefaultMethodExclusions] in SwiftTraceGutsD.o
"_objc_retainAutorelease", referenced from:
+[NSObject(SwiftTrace) swiftTraceDefaultMethodExclusions] in SwiftTraceGutsD.o
+[NSObject(SwiftTrace) swiftTraceDefaultMethodExclusions] in SwiftTraceGutsD.o
+[NSObject(SwiftTrace) swiftTraceDefaultMethodExclusions] in SwiftTraceGutsD.o
+[NSObject(SwiftTrace) swiftTraceDefaultMethodExclusions] in SwiftTraceGutsD.o
+[NSObject(SwiftTrace) swiftTraceDefaultMethodExclusions] in SwiftTraceGutsD.o
+[NSObject(SwiftTrace) swiftTraceDefaultMethodExclusions] in SwiftTraceGutsD.o
+[NSObject(SwiftTrace) swiftTraceDefaultMethodExclusions] in SwiftTraceGutsD.o
...
"_objc_retainAutoreleasedReturnValue", referenced from:
+[NSObject(SwiftTrace) swiftTraceDefaultMethodExclusions] in SwiftTraceGutsD.o
+[NSObject(SwiftTrace) swiftTraceDefaultMethodExclusions] in SwiftTraceGutsD.o
+[NSObject(SwiftTrace) swiftTraceDefaultMethodExclusions] in SwiftTraceGutsD.o
+[NSObject(SwiftTrace) swiftTraceDefaultMethodExclusions] in SwiftTraceGutsD.o
+[NSObject(SwiftTrace) swiftTraceDefaultMethodExclusions] in SwiftTraceGutsD.o
+[NSObject(SwiftTrace) swiftTraceDefaultMethodExclusions] in SwiftTraceGutsD.o
+[NSObject(SwiftTrace) swiftTraceDefaultMethodExclusions] in SwiftTraceGutsD.o
+[NSObject(SwiftTrace) swiftTraceDefaultMethodExclusions] in SwiftTraceGutsD.o
+[NSObject(SwiftTrace) swiftTraceDefaultMethodExclusions] in SwiftTraceGutsD.o
+[NSObject(SwiftTrace) swiftTraceDefaultMethodExclusions] in SwiftTraceGutsD.o
+[NSObject(SwiftTrace) swiftTraceDefaultMethodExclusions] in SwiftTraceGutsD.o
+[NSObject(SwiftTrace) swiftTraceDefaultMethodExclusions] in SwiftTraceGutsD.o
+[NSObject(SwiftTrace) swiftTraceDefaultMethodExclusions] in SwiftTraceGutsD.o
+[NSObject(SwiftTrace) swiftTraceDefaultMethodExclusions] in SwiftTraceGutsD.o
+[NSObject(SwiftTrace) swiftTraceDefaultMethodExclusions] in SwiftTraceGutsD.o
+[NSObject(SwiftTrace) swiftTraceDefaultMethodExclusions] in SwiftTraceGutsD.o
+[NSObject(SwiftTrace) swiftTraceDefaultMethodExclusions] in SwiftTraceGutsD.o
+[NSObject(SwiftTrace) swiftTraceDefaultMethodExclusions] in SwiftTraceGutsD.o
+[NSObject(SwiftTrace) swiftTraceDefaultMethodExclusions] in SwiftTraceGutsD.o
+[NSObject(SwiftTrace) swiftTraceDefaultMethodExclusions] in SwiftTraceGutsD.o
+[NSObject(SwiftTrace) swiftTraceDefaultMethodExclusions] in SwiftTraceGutsD.o
+[NSObject(SwiftTrace) swiftTraceDefaultMethodExclusions] in SwiftTraceGutsD.o
+[NSObject(SwiftTrace) swiftTraceDefaultMethodExclusions] in SwiftTraceGutsD.o
+[NSObject(SwiftTrace) swiftTraceDefaultMethodExclusions] in SwiftTraceGutsD.o
+[NSObject(SwiftTrace) swiftTraceDefaultMethodExclusions] in SwiftTraceGutsD.o
+[NSObject(SwiftTrace) swiftTraceDefaultMethodExclusions] in SwiftTraceGutsD.o
+[NSObject(SwiftTrace) swiftTraceDefaultMethodExclusions] in SwiftTraceGutsD.o
...
"_objc_retainBlock", referenced from:
+[NSObject(SwiftTrace) swiftTraceDefaultMethodExclusions] in SwiftTraceGutsD.o
"_objc_retain_x8", referenced from:
+[NSObject(SwiftTrace) swiftTraceDefaultMethodExclusions] in SwiftTraceGutsD.o
+[NSObject(SwiftTrace) swiftTraceDefaultMethodExclusions] in SwiftTraceGutsD.o
+[NSObject(SwiftTrace) swiftTraceDefaultMethodExclusions] in SwiftTraceGutsD.o
"_objc_storeStrong", referenced from:
+[NSObject(SwiftTrace) swiftTraceDefaultMethodExclusions] in SwiftTraceGutsD.o
+[NSObject(SwiftTrace) swiftTraceDefaultMethodExclusions] in SwiftTraceGutsD.o
+[NSObject(SwiftTrace) swiftTraceDefaultMethodExclusions] in SwiftTraceGutsD.o
+[NSObject(SwiftTrace) swiftTraceDefaultMethodExclusions] in SwiftTraceGutsD.o
+[NSObject(SwiftTrace) swiftTraceDefaultMethodExclusions] in SwiftTraceGutsD.o
+[NSObject(SwiftTrace) swiftTraceDefaultMethodExclusions] in SwiftTraceGutsD.o
+[NSObject(SwiftTrace) swiftTraceDefaultMethodExclusions] in SwiftTraceGutsD.o
+[NSObject(SwiftTrace) swiftTraceDefaultMethodExclusions] in SwiftTraceGutsD.o
+[NSObject(SwiftTrace) swiftTraceDefaultMethodExclusions] in SwiftTraceGutsD.o
+[NSObject(SwiftTrace) swiftTraceDefaultMethodExclusions] in SwiftTraceGutsD.o
+[NSObject(SwiftTrace) swiftTraceDefaultMethodExclusions] in SwiftTraceGutsD.o
+[NSObject(SwiftTrace) swiftTraceDefaultMethodExclusions] in SwiftTraceGutsD.o
+[NSObject(SwiftTrace) swiftTraceDefaultMethodExclusions] in SwiftTraceGutsD.o
+[NSObject(SwiftTrace) swiftTraceDefaultMethodExclusions] in SwiftTraceGutsD.o
+[NSObject(SwiftTrace) swiftTraceDefaultMethodExclusions] in SwiftTraceGutsD.o
+[NSObject(SwiftTrace) swiftTraceDefaultMethodExclusions] in SwiftTraceGutsD.o
+[NSObject(SwiftTrace) swiftTraceDefaultMethodExclusions] in SwiftTraceGutsD.o
+[NSObject(SwiftTrace) swiftTraceDefaultMethodExclusions] in SwiftTraceGutsD.o
+[NSObject(SwiftTrace) swiftTraceDefaultMethodExclusions] in SwiftTraceGutsD.o
+[NSObject(SwiftTrace) swiftTraceDefaultMethodExclusions] in SwiftTraceGutsD.o
+[NSObject(SwiftTrace) swiftTraceDefaultMethodExclusions] in SwiftTraceGutsD.o
+[NSObject(SwiftTrace) swiftTraceDefaultMethodExclusions] in SwiftTraceGutsD.o
+[NSObject(SwiftTrace) swiftTraceDefaultMethodExclusions] in SwiftTraceGutsD.o
+[NSObject(SwiftTrace) swiftTraceDefaultMethodExclusions] in SwiftTraceGutsD.o
+[NSObject(SwiftTrace) swiftTraceDefaultMethodExclusions] in SwiftTraceGutsD.o
+[NSObject(SwiftTrace) swiftTraceDefaultMethodExclusions] in SwiftTraceGutsD.o
+[NSObject(SwiftTrace) swiftTraceDefaultMethodExclusions] in SwiftTraceGutsD.o
+[NSObject(SwiftTrace) swiftTraceDefaultMethodExclusions] in SwiftTraceGutsD.o
+[NSObject(SwiftTrace) swiftTraceDefaultMethodExclusions] in SwiftTraceGutsD.o
+[NSObject(SwiftTrace) swiftTraceDefaultMethodExclusions] in SwiftTraceGutsD.o
+[NSObject(SwiftTrace) swiftTraceDefaultMethodExclusions] in SwiftTraceGutsD.o
+[NSObject(SwiftTrace) swiftTraceDefaultMethodExclusions] in SwiftTraceGutsD.o
+[NSObject(SwiftTrace) swiftTraceDefaultMethodExclusions] in SwiftTraceGutsD.o
+[NSObject(SwiftTrace) swiftTraceDefaultMethodExclusions] in SwiftTraceGutsD.o
+[NSObject(SwiftTrace) swiftTraceDefaultMethodExclusions] in SwiftTraceGutsD.o
+[NSObject(SwiftTrace) swiftTraceDefaultMethodExclusions] in SwiftTraceGutsD.o
+[NSObject(SwiftTrace) swiftTraceDefaultMethodExclusions] in SwiftTraceGutsD.o
+[NSObject(SwiftTrace) swiftTraceDefaultMethodExclusions] in SwiftTraceGutsD.o
+[NSObject(SwiftTrace) swiftTraceDefaultMethodExclusions] in SwiftTraceGutsD.o
+[NSObject(SwiftTrace) swiftTraceDefaultMethodExclusions] in SwiftTraceGutsD.o
+[NSObject(SwiftTrace) swiftTraceDefaultMethodExclusions] in SwiftTraceGutsD.o
+[NSObject(SwiftTrace) swiftTraceDefaultMethodExclusions] in SwiftTraceGutsD.o
+[NSObject(SwiftTrace) swiftTraceDefaultMethodExclusions] in SwiftTraceGutsD.o
+[NSObject(SwiftTrace) swiftTraceDefaultMethodExclusions] in SwiftTraceGutsD.o
+[NSObject(SwiftTrace) swiftTraceDefaultMethodExclusions] in SwiftTraceGutsD.o
+[NSObject(SwiftTrace) swiftTraceDefaultMethodExclusions] in SwiftTraceGutsD.o
+[NSObject(SwiftTrace) swiftTraceDefaultMethodExclusions] in SwiftTraceGutsD.o
+[NSObject(SwiftTrace) swiftTraceDefaultMethodExclusions] in SwiftTraceGutsD.o
+[NSObject(SwiftTrace) swiftTraceDefaultMethodExclusions] in SwiftTraceGutsD.o
+[NSObject(SwiftTrace) swiftTraceDefaultMethodExclusions] in SwiftTraceGutsD.o
+[NSObject(SwiftTrace) swiftTraceDefaultMethodExclusions] in SwiftTraceGutsD.o
+[NSObject(SwiftTrace) swiftTraceDefaultMethodExclusions] in SwiftTraceGutsD.o
+[NSObject(SwiftTrace) swiftTraceDefaultMethodExclusions] in SwiftTraceGutsD.o
+[NSObject(SwiftTrace) swiftTraceDefaultMethodExclusions] in SwiftTraceGutsD.o
+[NSObject(SwiftTrace) swiftTraceDefaultMethodExclusions] in SwiftTraceGutsD.o
+[NSObject(SwiftTrace) swiftTraceDefaultMethodExclusions] in SwiftTraceGutsD.o
+[NSObject(SwiftTrace) swiftTraceDefaultMethodExclusions] in SwiftTraceGutsD.o
+[NSObject(SwiftTrace) swiftTraceDefaultMethodExclusions] in SwiftTraceGutsD.o
+[NSObject(SwiftTrace) swiftTraceDefaultMethodExclusions] in SwiftTraceGutsD.o
+[NSObject(SwiftTrace) swiftTraceDefaultMethodExclusions] in SwiftTraceGutsD.o
+[NSObject(SwiftTrace) swiftTraceDefaultMethodExclusions] in SwiftTraceGutsD.o
+[NSObject(SwiftTrace) swiftTraceDefaultMethodExclusions] in SwiftTraceGutsD.o
+[NSObject(SwiftTrace) swiftTraceDefaultMethodExclusions] in SwiftTraceGutsD.o
+[NSObject(SwiftTrace) swiftTraceDefaultMethodExclusions] in SwiftTraceGutsD.o
+[NSObject(SwiftTrace) swiftTraceDefaultMethodExclusions] in SwiftTraceGutsD.o
+[NSObject(SwiftTrace) swiftTraceDefaultMethodExclusions] in SwiftTraceGutsD.o
+[NSObject(SwiftTrace) swiftTraceDefaultMethodExclusions] in SwiftTraceGutsD.o
+[NSObject(SwiftTrace) swiftTraceDefaultMethodExclusions] in SwiftTraceGutsD.o
+[NSObject(SwiftTrace) swiftTraceDefaultMethodExclusions] in SwiftTraceGutsD.o
+[NSObject(SwiftTrace) swiftTraceDefaultMethodExclusions] in SwiftTraceGutsD.o
+[NSObject(SwiftTrace) swiftTraceDefaultMethodExclusions] in SwiftTraceGutsD.o
+[NSObject(SwiftTrace) swiftTraceDefaultMethodExclusions] in SwiftTraceGutsD.o
+[NSObject(SwiftTrace) swiftTraceDefaultMethodExclusions] in SwiftTraceGutsD.o
+[NSObject(SwiftTrace) swiftTraceDefaultMethodExclusions] in SwiftTraceGutsD.o
+[NSObject(SwiftTrace) swiftTraceDefaultMethodExclusions] in SwiftTraceGutsD.o
+[NSObject(SwiftTrace) swiftTraceDefaultMethodExclusions] in SwiftTraceGutsD.o
+[NSObject(SwiftTrace) swiftTraceDefaultMethodExclusions] in SwiftTraceGutsD.o
+[NSObject(SwiftTrace) swiftTraceDefaultMethodExclusions] in SwiftTraceGutsD.o
+[NSObject(SwiftTrace) swiftTraceDefaultMethodExclusions] in SwiftTraceGutsD.o
+[NSObject(SwiftTrace) swiftTraceDefaultMethodExclusions] in SwiftTraceGutsD.o
...
ld: symbol(s) not found for architecture arm64_32
/Users/admin/builder/spi-builder-workspace/Package.swift: SwiftTraceGutsD-product: clang: error: linker command failed with exit code 1 (use -v to see invocation)
Ld /Users/admin/builder/spi-builder-workspace/.derivedData/Build/Intermediates.noindex/SwiftTrace.build/Debug-watchos/SwiftTraceGutsD-product-t.build/Objects-normal/arm64/Binary/SwiftTraceGutsD normal arm64 (in target 'SwiftTraceGutsD-product' from project 'SwiftTrace')
cd /Users/admin/builder/spi-builder-workspace
/Applications/Xcode-27.0.0-Release.Candidate.app/Contents/Developer/Toolchains/XcodeDefault.xctoolchain/usr/bin/clang -Xlinker -reproducible -target arm64-apple-watchos9.0 -dynamiclib -isysroot /Applications/Xcode-27.0.0-Release.Candidate.app/Contents/Developer/Platforms/WatchOS.platform/Developer/SDKs/WatchOS27.0.sdk -O0 -Xlinker -no_warn_duplicate_libraries -L/Users/admin/builder/spi-builder-workspace/.derivedData/Build/Intermediates.noindex/EagerLinkingTBDs/Debug-watchos -L/Users/admin/builder/spi-builder-workspace/.derivedData/Build/Products/Debug-watchos -L/Applications/Xcode-27.0.0-Release.Candidate.app/Contents/Developer/Platforms/WatchOS.platform/Developer/usr/lib -F/Users/admin/builder/spi-builder-workspace/.derivedData/Build/Intermediates.noindex/EagerLinkingTBDs/Debug-watchos -F/Users/admin/builder/spi-builder-workspace/.derivedData/Build/Products/Debug-watchos/PackageFrameworks -F/Users/admin/builder/spi-builder-workspace/.derivedData/Build/Products/Debug-watchos -iframework /Applications/Xcode-27.0.0-Release.Candidate.app/Contents/Developer/Platforms/WatchOS.platform/Developer/Library/Frameworks -iframework /Applications/Xcode-27.0.0-Release.Candidate.app/Contents/Developer/Platforms/WatchOS.platform/Developer/SDKs/WatchOS27.0.sdk/Developer/Library/Frameworks -filelist /Users/admin/builder/spi-builder-workspace/.derivedData/Build/Intermediates.noindex/SwiftTrace.build/Debug-watchos/SwiftTraceGutsD-product-t.build/Objects-normal/arm64/SwiftTraceGutsD.LinkFileList -install_name @rpath/SwiftTraceGutsD.framework/SwiftTraceGutsD -Xlinker -rpath -Xlinker @loader_path -Xlinker -rpath -Xlinker /Users/admin/builder/spi-builder-workspace/.derivedData/Build/Products/Debug-watchos/PackageFrameworks -Xlinker -dead_strip -Xlinker -object_path_lto -Xlinker /Users/admin/builder/spi-builder-workspace/.derivedData/Build/Intermediates.noindex/SwiftTrace.build/Debug-watchos/SwiftTraceGutsD-product-t.build/Objects-normal/arm64/SwiftTraceGutsD_lto.o -rdynamic -Xlinker -no_deduplicate -Xlinker -dependency_info -Xlinker /Users/admin/builder/spi-builder-workspace/.derivedData/Build/Intermediates.noindex/SwiftTrace.build/Debug-watchos/SwiftTraceGutsD-product-t.build/Objects-normal/arm64/SwiftTraceGutsD_dependency_info.dat -lc++ -o /Users/admin/builder/spi-builder-workspace/.derivedData/Build/Intermediates.noindex/SwiftTrace.build/Debug-watchos/SwiftTraceGutsD-product-t.build/Objects-normal/arm64/Binary/SwiftTraceGutsD
Undefined symbols for architecture arm64:
"_NSLog", referenced from:
+[NSObject(SwiftTrace) swiftTraceDefaultMethodExclusions] in SwiftTraceGutsD.o
+[NSObject(SwiftTrace) swiftTraceDefaultMethodExclusions] in SwiftTraceGutsD.o
+[NSObject(SwiftTrace) swiftTraceDefaultMethodExclusions] in SwiftTraceGutsD.o
+[NSObject(SwiftTrace) swiftTraceDefaultMethodExclusions] in SwiftTraceGutsD.o
"_OBJC_CLASS_$_NSAssertionHandler", referenced from:
in SwiftTraceGutsD.o
"_OBJC_CLASS_$_NSBundle", referenced from:
in SwiftTraceGutsD.o
"_OBJC_CLASS_$_NSMethodSignature", referenced from:
in SwiftTraceGutsD.o
"_OBJC_CLASS_$_NSMutableArray", referenced from:
in SwiftTraceGutsD.o
"_OBJC_CLASS_$_NSObject", referenced from:
__OBJC_$_CATEGORY_NSObject_$_SwiftTrace in SwiftTraceGutsD.o
in SwiftTraceGutsD.o
"_OBJC_CLASS_$_NSString", referenced from:
in SwiftTraceGutsD.o
"_OBJC_CLASS_$_NSThread", referenced from:
in SwiftTraceGutsD.o
"_OBJC_CLASS_$_NSValue", referenced from:
in SwiftTraceGutsD.o
"_OBJC_CLASS_$_SwiftMeta", referenced from:
in SwiftTraceGutsD.o
"_OBJC_CLASS_$_SwiftTrace", referenced from:
in SwiftTraceGutsD.o
"_OBJC_EHTYPE_$_NSException", referenced from:
GCC_except_table2 in SwiftTraceGutsD.o
"___CFConstantStringClassReference", referenced from:
in SwiftTraceGutsD.o
in SwiftTraceGutsD.o
in SwiftTraceGutsD.o
in SwiftTraceGutsD.o
in SwiftTraceGutsD.o
in SwiftTraceGutsD.o
in SwiftTraceGutsD.o
...
"___objc_personality_v0", referenced from:
/Users/admin/builder/spi-builder-workspace/.derivedData/Build/Products/Debug-watchos/SwiftTraceGutsD.o
"_class_getImageName", referenced from:
+[NSObject(SwiftTrace) swiftTraceDefaultMethodExclusions] in SwiftTraceGutsD.o
"_class_getSuperclass", referenced from:
+[NSObject(SwiftTrace) swiftTraceDefaultMethodExclusions] in SwiftTraceGutsD.o
"_method_getTypeEncoding", referenced from:
+[NSObject(SwiftTrace) swiftTraceDefaultMethodExclusions] in SwiftTraceGutsD.o
"_objc_autoreleasePoolPop", referenced from:
___cxx_global_var_init in SwiftTraceGutsD.o
"_objc_autoreleasePoolPush", referenced from:
___cxx_global_var_init in SwiftTraceGutsD.o
"_objc_autoreleaseReturnValue", referenced from:
+[NSObject(SwiftTrace) swiftTraceDefaultMethodExclusions] in SwiftTraceGutsD.o
+[NSObject(SwiftTrace) swiftTraceDefaultMethodExclusions] in SwiftTraceGutsD.o
+[NSObject(SwiftTrace) swiftTraceDefaultMethodExclusions] in SwiftTraceGutsD.o
+[NSObject(SwiftTrace) swiftTraceDefaultMethodExclusions] in SwiftTraceGutsD.o
+[NSObject(SwiftTrace) swiftTraceDefaultMethodExclusions] in SwiftTraceGutsD.o
+[NSObject(SwiftTrace) swiftTraceDefaultMethodExclusions] in SwiftTraceGutsD.o
"_objc_begin_catch", referenced from:
+[NSObject(SwiftTrace) swiftTraceDefaultMethodExclusions] in SwiftTraceGutsD.o
"_objc_copyClassList", referenced from:
+[NSObject(SwiftTrace) swiftTraceDefaultMethodExclusions] in SwiftTraceGutsD.o
"_objc_end_catch", referenced from:
+[NSObject(SwiftTrace) swiftTraceDefaultMethodExclusions] in SwiftTraceGutsD.o
+[NSObject(SwiftTrace) swiftTraceDefaultMethodExclusions] in SwiftTraceGutsD.o
"_objc_enumerationMutation", referenced from:
+[NSObject(SwiftTrace) swiftTraceDefaultMethodExclusions] in SwiftTraceGutsD.o
+[NSObject(SwiftTrace) swiftTraceDefaultMethodExclusions] in SwiftTraceGutsD.o
"_objc_msgSend", referenced from:
in objc-stubs-file
"_objc_opt_new", referenced from:
+[NSObject(SwiftTrace) swiftTraceDefaultMethodExclusions] in SwiftTraceGutsD.o
"_objc_release", referenced from:
+[NSObject(SwiftTrace) swiftTraceDefaultMethodExclusions] in SwiftTraceGutsD.o
+[NSObject(SwiftTrace) swiftTraceDefaultMethodExclusions] in SwiftTraceGutsD.o
+[NSObject(SwiftTrace) swiftTraceDefaultMethodExclusions] in SwiftTraceGutsD.o
+[NSObject(SwiftTrace) swiftTraceDefaultMethodExclusions] in SwiftTraceGutsD.o
+[NSObject(SwiftTrace) swiftTraceDefaultMethodExclusions] in SwiftTraceGutsD.o
+[NSObject(SwiftTrace) swiftTraceDefaultMethodExclusions] in SwiftTraceGutsD.o
+[NSObject(SwiftTrace) swiftTraceDefaultMethodExclusions] in SwiftTraceGutsD.o
+[NSObject(SwiftTrace) swiftTraceDefaultMethodExclusions] in SwiftTraceGutsD.o
+[NSObject(SwiftTrace) swiftTraceDefaultMethodExclusions] in SwiftTraceGutsD.o
+[NSObject(SwiftTrace) swiftTraceDefaultMethodExclusions] in SwiftTraceGutsD.o
+[NSObject(SwiftTrace) swiftTraceDefaultMethodExclusions] in SwiftTraceGutsD.o
+[NSObject(SwiftTrace) swiftTraceDefaultMethodExclusions] in SwiftTraceGutsD.o
+[NSObject(SwiftTrace) swiftTraceDefaultMethodExclusions] in SwiftTraceGutsD.o
+[NSObject(SwiftTrace) swiftTraceDefaultMethodExclusions] in SwiftTraceGutsD.o
+[NSObject(SwiftTrace) swiftTraceDefaultMethodExclusions] in SwiftTraceGutsD.o
+[NSObject(SwiftTrace) swiftTraceDefaultMethodExclusions] in SwiftTraceGutsD.o
+[NSObject(SwiftTrace) swiftTraceDefaultMethodExclusions] in SwiftTraceGutsD.o
+[NSObject(SwiftTrace) swiftTraceDefaultMethodExclusions] in SwiftTraceGutsD.o
+[NSObject(SwiftTrace) swiftTraceDefaultMethodExclusions] in SwiftTraceGutsD.o
+[NSObject(SwiftTrace) swiftTraceDefaultMethodExclusions] in SwiftTraceGutsD.o
+[NSObject(SwiftTrace) swiftTraceDefaultMethodExclusions] in SwiftTraceGutsD.o
+[NSObject(SwiftTrace) swiftTraceDefaultMethodExclusions] in SwiftTraceGutsD.o
+[NSObject(SwiftTrace) swiftTraceDefaultMethodExclusions] in SwiftTraceGutsD.o
+[NSObject(SwiftTrace) swiftTraceDefaultMethodExclusions] in SwiftTraceGutsD.o
+[NSObject(SwiftTrace) swiftTraceDefaultMethodExclusions] in SwiftTraceGutsD.o
+[NSObject(SwiftTrace) swiftTraceDefaultMethodExclusions] in SwiftTraceGutsD.o
+[NSObject(SwiftTrace) swiftTraceDefaultMethodExclusions] in SwiftTraceGutsD.o
+[NSObject(SwiftTrace) swiftTraceDefaultMethodExclusions] in SwiftTraceGutsD.o
+[NSObject(SwiftTrace) swiftTraceDefaultMethodExclusions] in SwiftTraceGutsD.o
+[NSObject(SwiftTrace) swiftTraceDefaultMethodExclusions] in SwiftTraceGutsD.o
+[NSObject(SwiftTrace) swiftTraceDefaultMethodExclusions] in SwiftTraceGutsD.o
+[NSObject(SwiftTrace) swiftTraceDefaultMethodExclusions] in SwiftTraceGutsD.o
+[NSObject(SwiftTrace) swiftTraceDefaultMethodExclusions] in SwiftTraceGutsD.o
+[NSObject(SwiftTrace) swiftTraceDefaultMethodExclusions] in SwiftTraceGutsD.o
+[NSObject(SwiftTrace) swiftTraceDefaultMethodExclusions] in SwiftTraceGutsD.o
+[NSObject(SwiftTrace) swiftTraceDefaultMethodExclusions] in SwiftTraceGutsD.o
+[NSObject(SwiftTrace) swiftTraceDefaultMethodExclusions] in SwiftTraceGutsD.o
+[NSObject(SwiftTrace) swiftTraceDefaultMethodExclusions] in SwiftTraceGutsD.o
+[NSObject(SwiftTrace) swiftTraceDefaultMethodExclusions] in SwiftTraceGutsD.o
...
"_objc_retain", referenced from:
+[NSObject(SwiftTrace) swiftTraceDefaultMethodExclusions] in SwiftTraceGutsD.o
+[NSObject(SwiftTrace) swiftTraceDefaultMethodExclusions] in SwiftTraceGutsD.o
+[NSObject(SwiftTrace) swiftTraceDefaultMethodExclusions] in SwiftTraceGutsD.o
+[NSObject(SwiftTrace) swiftTraceDefaultMethodExclusions] in SwiftTraceGutsD.o
+[NSObject(SwiftTrace) swiftTraceDefaultMethodExclusions] in SwiftTraceGutsD.o
"_objc_retainAutorelease", referenced from:
+[NSObject(SwiftTrace) swiftTraceDefaultMethodExclusions] in SwiftTraceGutsD.o
+[NSObject(SwiftTrace) swiftTraceDefaultMethodExclusions] in SwiftTraceGutsD.o
+[NSObject(SwiftTrace) swiftTraceDefaultMethodExclusions] in SwiftTraceGutsD.o
+[NSObject(SwiftTrace) swiftTraceDefaultMethodExclusions] in SwiftTraceGutsD.o
+[NSObject(SwiftTrace) swiftTraceDefaultMethodExclusions] in SwiftTraceGutsD.o
+[NSObject(SwiftTrace) swiftTraceDefaultMethodExclusions] in SwiftTraceGutsD.o
+[NSObject(SwiftTrace) swiftTraceDefaultMethodExclusions] in SwiftTraceGutsD.o
...
"_objc_retainAutoreleasedReturnValue", referenced from:
+[NSObject(SwiftTrace) swiftTraceDefaultMethodExclusions] in SwiftTraceGutsD.o
+[NSObject(SwiftTrace) swiftTraceDefaultMethodExclusions] in SwiftTraceGutsD.o
+[NSObject(SwiftTrace) swiftTraceDefaultMethodExclusions] in SwiftTraceGutsD.o
+[NSObject(SwiftTrace) swiftTraceDefaultMethodExclusions] in SwiftTraceGutsD.o
+[NSObject(SwiftTrace) swiftTraceDefaultMethodExclusions] in SwiftTraceGutsD.o
+[NSObject(SwiftTrace) swiftTraceDefaultMethodExclusions] in SwiftTraceGutsD.o
+[NSObject(SwiftTrace) swiftTraceDefaultMethodExclusions] in SwiftTraceGutsD.o
+[NSObject(SwiftTrace) swiftTraceDefaultMethodExclusions] in SwiftTraceGutsD.o
+[NSObject(SwiftTrace) swiftTraceDefaultMethodExclusions] in SwiftTraceGutsD.o
+[NSObject(SwiftTrace) swiftTraceDefaultMethodExclusions] in SwiftTraceGutsD.o
+[NSObject(SwiftTrace) swiftTraceDefaultMethodExclusions] in SwiftTraceGutsD.o
+[NSObject(SwiftTrace) swiftTraceDefaultMethodExclusions] in SwiftTraceGutsD.o
+[NSObject(SwiftTrace) swiftTraceDefaultMethodExclusions] in SwiftTraceGutsD.o
+[NSObject(SwiftTrace) swiftTraceDefaultMethodExclusions] in SwiftTraceGutsD.o
+[NSObject(SwiftTrace) swiftTraceDefaultMethodExclusions] in SwiftTraceGutsD.o
+[NSObject(SwiftTrace) swiftTraceDefaultMethodExclusions] in SwiftTraceGutsD.o
+[NSObject(SwiftTrace) swiftTraceDefaultMethodExclusions] in SwiftTraceGutsD.o
+[NSObject(SwiftTrace) swiftTraceDefaultMethodExclusions] in SwiftTraceGutsD.o
+[NSObject(SwiftTrace) swiftTraceDefaultMethodExclusions] in SwiftTraceGutsD.o
+[NSObject(SwiftTrace) swiftTraceDefaultMethodExclusions] in SwiftTraceGutsD.o
+[NSObject(SwiftTrace) swiftTraceDefaultMethodExclusions] in SwiftTraceGutsD.o
+[NSObject(SwiftTrace) swiftTraceDefaultMethodExclusions] in SwiftTraceGutsD.o
+[NSObject(SwiftTrace) swiftTraceDefaultMethodExclusions] in SwiftTraceGutsD.o
+[NSObject(SwiftTrace) swiftTraceDefaultMethodExclusions] in SwiftTraceGutsD.o
+[NSObject(SwiftTrace) swiftTraceDefaultMethodExclusions] in SwiftTraceGutsD.o
+[NSObject(SwiftTrace) swiftTraceDefaultMethodExclusions] in SwiftTraceGutsD.o
+[NSObject(SwiftTrace) swiftTraceDefaultMethodExclusions] in SwiftTraceGutsD.o
...
"_objc_retainBlock", referenced from:
+[NSObject(SwiftTrace) swiftTraceDefaultMethodExclusions] in SwiftTraceGutsD.o
"_objc_storeStrong", referenced from:
+[NSObject(SwiftTrace) swiftTraceDefaultMethodExclusions] in SwiftTraceGutsD.o
+[NSObject(SwiftTrace) swiftTraceDefaultMethodExclusions] in SwiftTraceGutsD.o
+[NSObject(SwiftTrace) swiftTraceDefaultMethodExclusions] in SwiftTraceGutsD.o
+[NSObject(SwiftTrace) swiftTraceDefaultMethodExclusions] in SwiftTraceGutsD.o
+[NSObject(SwiftTrace) swiftTraceDefaultMethodExclusions] in SwiftTraceGutsD.o
+[NSObject(SwiftTrace) swiftTraceDefaultMethodExclusions] in SwiftTraceGutsD.o
+[NSObject(SwiftTrace) swiftTraceDefaultMethodExclusions] in SwiftTraceGutsD.o
+[NSObject(SwiftTrace) swiftTraceDefaultMethodExclusions] in SwiftTraceGutsD.o
+[NSObject(SwiftTrace) swiftTraceDefaultMethodExclusions] in SwiftTraceGutsD.o
+[NSObject(SwiftTrace) swiftTraceDefaultMethodExclusions] in SwiftTraceGutsD.o
+[NSObject(SwiftTrace) swiftTraceDefaultMethodExclusions] in SwiftTraceGutsD.o
+[NSObject(SwiftTrace) swiftTraceDefaultMethodExclusions] in SwiftTraceGutsD.o
+[NSObject(SwiftTrace) swiftTraceDefaultMethodExclusions] in SwiftTraceGutsD.o
+[NSObject(SwiftTrace) swiftTraceDefaultMethodExclusions] in SwiftTraceGutsD.o
+[NSObject(SwiftTrace) swiftTraceDefaultMethodExclusions] in SwiftTraceGutsD.o
+[NSObject(SwiftTrace) swiftTraceDefaultMethodExclusions] in SwiftTraceGutsD.o
+[NSObject(SwiftTrace) swiftTraceDefaultMethodExclusions] in SwiftTraceGutsD.o
+[NSObject(SwiftTrace) swiftTraceDefaultMethodExclusions] in SwiftTraceGutsD.o
+[NSObject(SwiftTrace) swiftTraceDefaultMethodExclusions] in SwiftTraceGutsD.o
+[NSObject(SwiftTrace) swiftTraceDefaultMethodExclusions] in SwiftTraceGutsD.o
+[NSObject(SwiftTrace) swiftTraceDefaultMethodExclusions] in SwiftTraceGutsD.o
+[NSObject(SwiftTrace) swiftTraceDefaultMethodExclusions] in SwiftTraceGutsD.o
+[NSObject(SwiftTrace) swiftTraceDefaultMethodExclusions] in SwiftTraceGutsD.o
+[NSObject(SwiftTrace) swiftTraceDefaultMethodExclusions] in SwiftTraceGutsD.o
+[NSObject(SwiftTrace) swiftTraceDefaultMethodExclusions] in SwiftTraceGutsD.o
+[NSObject(SwiftTrace) swiftTraceDefaultMethodExclusions] in SwiftTraceGutsD.o
+[NSObject(SwiftTrace) swiftTraceDefaultMethodExclusions] in SwiftTraceGutsD.o
+[NSObject(SwiftTrace) swiftTraceDefaultMethodExclusions] in SwiftTraceGutsD.o
+[NSObject(SwiftTrace) swiftTraceDefaultMethodExclusions] in SwiftTraceGutsD.o
+[NSObject(SwiftTrace) swiftTraceDefaultMethodExclusions] in SwiftTraceGutsD.o
+[NSObject(SwiftTrace) swiftTraceDefaultMethodExclusions] in SwiftTraceGutsD.o
+[NSObject(SwiftTrace) swiftTraceDefaultMethodExclusions] in SwiftTraceGutsD.o
+[NSObject(SwiftTrace) swiftTraceDefaultMethodExclusions] in SwiftTraceGutsD.o
+[NSObject(SwiftTrace) swiftTraceDefaultMethodExclusions] in SwiftTraceGutsD.o
+[NSObject(SwiftTrace) swiftTraceDefaultMethodExclusions] in SwiftTraceGutsD.o
+[NSObject(SwiftTrace) swiftTraceDefaultMethodExclusions] in SwiftTraceGutsD.o
+[NSObject(SwiftTrace) swiftTraceDefaultMethodExclusions] in SwiftTraceGutsD.o
+[NSObject(SwiftTrace) swiftTraceDefaultMethodExclusions] in SwiftTraceGutsD.o
+[NSObject(SwiftTrace) swiftTraceDefaultMethodExclusions] in SwiftTraceGutsD.o
+[NSObject(SwiftTrace) swiftTraceDefaultMethodExclusions] in SwiftTraceGutsD.o
+[NSObject(SwiftTrace) swiftTraceDefaultMethodExclusions] in SwiftTraceGutsD.o
+[NSObject(SwiftTrace) swiftTraceDefaultMethodExclusions] in SwiftTraceGutsD.o
+[NSObject(SwiftTrace) swiftTraceDefaultMethodExclusions] in SwiftTraceGutsD.o
+[NSObject(SwiftTrace) swiftTraceDefaultMethodExclusions] in SwiftTraceGutsD.o
+[NSObject(SwiftTrace) swiftTraceDefaultMethodExclusions] in SwiftTraceGutsD.o
+[NSObject(SwiftTrace) swiftTraceDefaultMethodExclusions] in SwiftTraceGutsD.o
+[NSObject(SwiftTrace) swiftTraceDefaultMethodExclusions] in SwiftTraceGutsD.o
+[NSObject(SwiftTrace) swiftTraceDefaultMethodExclusions] in SwiftTraceGutsD.o
+[NSObject(SwiftTrace) swiftTraceDefaultMethodExclusions] in SwiftTraceGutsD.o
+[NSObject(SwiftTrace) swiftTraceDefaultMethodExclusions] in SwiftTraceGutsD.o
+[NSObject(SwiftTrace) swiftTraceDefaultMethodExclusions] in SwiftTraceGutsD.o
+[NSObject(SwiftTrace) swiftTraceDefaultMethodExclusions] in SwiftTraceGutsD.o
+[NSObject(SwiftTrace) swiftTraceDefaultMethodExclusions] in SwiftTraceGutsD.o
+[NSObject(SwiftTrace) swiftTraceDefaultMethodExclusions] in SwiftTraceGutsD.o
+[NSObject(SwiftTrace) swiftTraceDefaultMethodExclusions] in SwiftTraceGutsD.o
+[NSObject(SwiftTrace) swiftTraceDefaultMethodExclusions] in SwiftTraceGutsD.o
+[NSObject(SwiftTrace) swiftTraceDefaultMethodExclusions] in SwiftTraceGutsD.o
+[NSObject(SwiftTrace) swiftTraceDefaultMethodExclusions] in SwiftTraceGutsD.o
+[NSObject(SwiftTrace) swiftTraceDefaultMethodExclusions] in SwiftTraceGutsD.o
+[NSObject(SwiftTrace) swiftTraceDefaultMethodExclusions] in SwiftTraceGutsD.o
+[NSObject(SwiftTrace) swiftTraceDefaultMethodExclusions] in SwiftTraceGutsD.o
+[NSObject(SwiftTrace) swiftTraceDefaultMethodExclusions] in SwiftTraceGutsD.o
+[NSObject(SwiftTrace) swiftTraceDefaultMethodExclusions] in SwiftTraceGutsD.o
+[NSObject(SwiftTrace) swiftTraceDefaultMethodExclusions] in SwiftTraceGutsD.o
+[NSObject(SwiftTrace) swiftTraceDefaultMethodExclusions] in SwiftTraceGutsD.o
+[NSObject(SwiftTrace) swiftTraceDefaultMethodExclusions] in SwiftTraceGutsD.o
+[NSObject(SwiftTrace) swiftTraceDefaultMethodExclusions] in SwiftTraceGutsD.o
+[NSObject(SwiftTrace) swiftTraceDefaultMethodExclusions] in SwiftTraceGutsD.o
+[NSObject(SwiftTrace) swiftTraceDefaultMethodExclusions] in SwiftTraceGutsD.o
+[NSObject(SwiftTrace) swiftTraceDefaultMethodExclusions] in SwiftTraceGutsD.o
+[NSObject(SwiftTrace) swiftTraceDefaultMethodExclusions] in SwiftTraceGutsD.o
+[NSObject(SwiftTrace) swiftTraceDefaultMethodExclusions] in SwiftTraceGutsD.o
+[NSObject(SwiftTrace) swiftTraceDefaultMethodExclusions] in SwiftTraceGutsD.o
+[NSObject(SwiftTrace) swiftTraceDefaultMethodExclusions] in SwiftTraceGutsD.o
+[NSObject(SwiftTrace) swiftTraceDefaultMethodExclusions] in SwiftTraceGutsD.o
+[NSObject(SwiftTrace) swiftTraceDefaultMethodExclusions] in SwiftTraceGutsD.o
+[NSObject(SwiftTrace) swiftTraceDefaultMethodExclusions] in SwiftTraceGutsD.o
+[NSObject(SwiftTrace) swiftTraceDefaultMethodExclusions] in SwiftTraceGutsD.o
+[NSObject(SwiftTrace) swiftTraceDefaultMethodExclusions] in SwiftTraceGutsD.o
+[NSObject(SwiftTrace) swiftTraceDefaultMethodExclusions] in SwiftTraceGutsD.o
...
ld: symbol(s) not found for architecture arm64
/Users/admin/builder/spi-builder-workspace/Package.swift: SwiftTraceGutsD-product: clang: error: linker command failed with exit code 1 (use -v to see invocation)
CompileC /Users/admin/builder/spi-builder-workspace/.derivedData/Build/Intermediates.noindex/SwiftTrace.build/Debug-watchos/SwiftTraceGuts-t.build/Objects-normal/arm64/fishhook.o /Users/admin/builder/spi-builder-workspace/SwiftTraceGuts/fishhook.c normal arm64 c com.apple.compilers.llvm.clang.1_0.compiler (in target 'SwiftTraceGuts' from project 'SwiftTrace')
cd /Users/admin/builder/spi-builder-workspace/.swiftpm/xcode
Using response file: /Users/admin/builder/spi-builder-workspace/.derivedData/Build/Intermediates.noindex/SwiftTrace.build/Debug-watchos/SwiftTraceGuts-t.build/Objects-normal/arm64/7187679823f38a2a940e0043cdf9d637-common-args.resp
/Applications/Xcode-27.0.0-Release.Candidate.app/Contents/Developer/Toolchains/XcodeDefault.xctoolchain/usr/bin/clang -x c -ivfsstatcache /Users/admin/builder/spi-builder-workspace/.derivedData/SDKStatCaches.noindex/watchos27.0-24R360-e829b21a6f8c9b70876ba0858053c04477534ef55a1706bf4c1112bbb242f0a2.sdkstatcache -target arm64-apple-watchos9.0 -fmessage-length\=0 -fdiagnostics-show-note-include-stack -fmacro-backtrace-limit\=0 -fno-color-diagnostics -fmodules-prune-interval\=86400 -fmodules-prune-after\=345600 -fbuild-session-file\=/Users/admin/builder/spi-builder-workspace/.derivedData/ModuleCache.noindex/Session.modulevalidation -fmodules-validate-once-per-build-session -Wnon-modular-include-in-framework-module -Werror\=non-modular-include-in-framework-module -Wno-trigraphs -Wno-missing-field-initializers -Wno-missing-prototypes -Wno-return-type -Wno-missing-braces -Wparentheses -Wswitch -Wno-unused-function -Wno-unused-label -Wno-unused-parameter -Wno-unused-variable -Wunused-value -Wno-empty-body -Wno-uninitialized -Wno-unknown-pragmas -Wno-shadow -Wno-four-char-constants -Wno-conversion -Wno-constant-conversion -Wno-int-conversion -Wno-bool-conversion -Wno-enum-conversion -Wno-float-conversion -Wno-non-literal-null-conversion -Wno-objc-literal-conversion -Wshorten-64-to-32 -Wpointer-sign -Wno-newline-eof -Wno-implicit-fallthrough -isysroot /Applications/Xcode-27.0.0-Release.Candidate.app/Contents/Developer/Platforms/WatchOS.platform/Developer/SDKs/WatchOS27.0.sdk -fstrict-aliasing -Wdeprecated-declarations -Wno-sign-conversion -Wno-infinite-recursion -Wno-comma -Wno-block-capture-autoreleasing -Wno-strict-prototypes -Wno-semicolon-before-method-body -index-store-path /Users/admin/builder/spi-builder-workspace/.derivedData/Index.noindex/DataStore @/Users/admin/builder/spi-builder-workspace/.derivedData/Build/Intermediates.noindex/SwiftTrace.build/Debug-watchos/SwiftTraceGuts-t.build/Objects-normal/arm64/7187679823f38a2a940e0043cdf9d637-common-args.resp -MMD -MT dependencies -MF /Users/admin/builder/spi-builder-workspace/.derivedData/Build/Intermediates.noindex/SwiftTrace.build/Debug-watchos/SwiftTraceGuts-t.build/Objects-normal/arm64/fishhook.d --serialize-diagnostics /Users/admin/builder/spi-builder-workspace/.derivedData/Build/Intermediates.noindex/SwiftTrace.build/Debug-watchos/SwiftTraceGuts-t.build/Objects-normal/arm64/fishhook.dia -c /Users/admin/builder/spi-builder-workspace/SwiftTraceGuts/fishhook.c -o /Users/admin/builder/spi-builder-workspace/.derivedData/Build/Intermediates.noindex/SwiftTrace.build/Debug-watchos/SwiftTraceGuts-t.build/Objects-normal/arm64/fishhook.o -index-unit-output-path /SwiftTrace.build/Debug-watchos/SwiftTraceGuts-t.build/Objects-normal/arm64/fishhook.o
SwiftExplicitDependencyGeneratePcm arm64 /Users/admin/builder/spi-builder-workspace/.derivedData/SDKExplicitPrecompiledModules/Security-6RZ6YBRU8WCUHRFFRVUK5WKMM.pcm
SwiftExplicitDependencyGeneratePcm arm64 /Users/admin/builder/spi-builder-workspace/.derivedData/SDKExplicitPrecompiledModules/CoreGraphics-DWNZ73GEH98SBJXZ7DEXB420K.pcm
Ld /Users/admin/builder/spi-builder-workspace/.derivedData/Build/Intermediates.noindex/SwiftTrace.build/Debug-watchos/SwiftTraceGuts-t.build/Objects-normal/arm64/Binary/SwiftTraceGuts.o normal arm64 (in target 'SwiftTraceGuts' from project 'SwiftTrace')
cd /Users/admin/builder/spi-builder-workspace
/Applications/Xcode-27.0.0-Release.Candidate.app/Contents/Developer/Toolchains/XcodeDefault.xctoolchain/usr/bin/clang++ -Xlinker -reproducible -target arm64-apple-watchos9.0 -r -isysroot /Applications/Xcode-27.0.0-Release.Candidate.app/Contents/Developer/Platforms/WatchOS.platform/Developer/SDKs/WatchOS27.0.sdk -O0 -Xlinker -no_warn_duplicate_libraries -F/Users/admin/builder/spi-builder-workspace/.derivedData/Build/Intermediates.noindex/EagerLinkingTBDs/Debug-watchos -F/Users/admin/builder/spi-builder-workspace/.derivedData/Build/Products/Debug-watchos -iframework /Applications/Xcode-27.0.0-Release.Candidate.app/Contents/Developer/Platforms/WatchOS.platform/Developer/Library/Frameworks -iframework /Applications/Xcode-27.0.0-Release.Candidate.app/Contents/Developer/Platforms/WatchOS.platform/Developer/SDKs/WatchOS27.0.sdk/Developer/Library/Frameworks -filelist /Users/admin/builder/spi-builder-workspace/.derivedData/Build/Intermediates.noindex/SwiftTrace.build/Debug-watchos/SwiftTraceGuts-t.build/Objects-normal/arm64/SwiftTraceGuts.LinkFileList -nostdlib -Xlinker -object_path_lto -Xlinker /Users/admin/builder/spi-builder-workspace/.derivedData/Build/Intermediates.noindex/SwiftTrace.build/Debug-watchos/SwiftTraceGuts-t.build/Objects-normal/arm64/SwiftTraceGuts_lto.o -Xlinker -no_deduplicate -Xlinker -dependency_info -Xlinker /Users/admin/builder/spi-builder-workspace/.derivedData/Build/Intermediates.noindex/SwiftTrace.build/Debug-watchos/SwiftTraceGuts-t.build/Objects-normal/arm64/SwiftTraceGuts_dependency_info.dat -fobjc-arc -fobjc-link-runtime -o /Users/admin/builder/spi-builder-workspace/.derivedData/Build/Intermediates.noindex/SwiftTrace.build/Debug-watchos/SwiftTraceGuts-t.build/Objects-normal/arm64/Binary/SwiftTraceGuts.o
Ld /Users/admin/builder/spi-builder-workspace/.derivedData/Build/Intermediates.noindex/SwiftTrace.build/Debug-watchos/SwiftTraceGuts-t.build/Objects-normal/arm64_32/Binary/SwiftTraceGuts.o normal arm64_32 (in target 'SwiftTraceGuts' from project 'SwiftTrace')
cd /Users/admin/builder/spi-builder-workspace
/Applications/Xcode-27.0.0-Release.Candidate.app/Contents/Developer/Toolchains/XcodeDefault.xctoolchain/usr/bin/clang++ -Xlinker -reproducible -target arm64_32-apple-watchos9.0 -r -isysroot /Applications/Xcode-27.0.0-Release.Candidate.app/Contents/Developer/Platforms/WatchOS.platform/Developer/SDKs/WatchOS27.0.sdk -O0 -Xlinker -no_warn_duplicate_libraries -F/Users/admin/builder/spi-builder-workspace/.derivedData/Build/Intermediates.noindex/EagerLinkingTBDs/Debug-watchos -F/Users/admin/builder/spi-builder-workspace/.derivedData/Build/Products/Debug-watchos -iframework /Applications/Xcode-27.0.0-Release.Candidate.app/Contents/Developer/Platforms/WatchOS.platform/Developer/Library/Frameworks -iframework /Applications/Xcode-27.0.0-Release.Candidate.app/Contents/Developer/Platforms/WatchOS.platform/Developer/SDKs/WatchOS27.0.sdk/Developer/Library/Frameworks -filelist /Users/admin/builder/spi-builder-workspace/.derivedData/Build/Intermediates.noindex/SwiftTrace.build/Debug-watchos/SwiftTraceGuts-t.build/Objects-normal/arm64_32/SwiftTraceGuts.LinkFileList -nostdlib -Xlinker -object_path_lto -Xlinker /Users/admin/builder/spi-builder-workspace/.derivedData/Build/Intermediates.noindex/SwiftTrace.build/Debug-watchos/SwiftTraceGuts-t.build/Objects-normal/arm64_32/SwiftTraceGuts_lto.o -Xlinker -no_deduplicate -Xlinker -dependency_info -Xlinker /Users/admin/builder/spi-builder-workspace/.derivedData/Build/Intermediates.noindex/SwiftTrace.build/Debug-watchos/SwiftTraceGuts-t.build/Objects-normal/arm64_32/SwiftTraceGuts_dependency_info.dat -fobjc-arc -fobjc-link-runtime -o /Users/admin/builder/spi-builder-workspace/.derivedData/Build/Intermediates.noindex/SwiftTrace.build/Debug-watchos/SwiftTraceGuts-t.build/Objects-normal/arm64_32/Binary/SwiftTraceGuts.o
PruneExplicitPrecompiledModules /Users/admin/builder/spi-builder-workspace/.derivedData/Build/Intermediates.noindex/SwiftExplicitPrecompiledModules
PruneExplicitPrecompiledModules /Users/admin/builder/spi-builder-workspace/.derivedData/SDKExplicitPrecompiledModules
PruneExplicitPrecompiledModules /Users/admin/builder/spi-builder-workspace/.derivedData/Build/Intermediates.noindex/ExplicitPrecompiledModules
2026-09-20 17:37:54.206 xcodebuild[654:4242] [MT] IDERunDestination: Supported platforms for the buildables in the current scheme is empty.
** BUILD FAILED **
The following build commands failed:
Ld /Users/admin/builder/spi-builder-workspace/.derivedData/Build/Intermediates.noindex/SwiftTrace.build/Debug-watchos/SwiftTraceGutsD-product-t.build/Objects-normal/arm64_32/Binary/SwiftTraceGutsD normal arm64_32 (in target 'SwiftTraceGutsD-product' from project 'SwiftTrace')
Ld /Users/admin/builder/spi-builder-workspace/.derivedData/Build/Intermediates.noindex/SwiftTrace.build/Debug-watchos/SwiftTraceGutsD-product-t.build/Objects-normal/arm64/Binary/SwiftTraceGutsD normal arm64 (in target 'SwiftTraceGutsD-product' from project 'SwiftTrace')
Building workspace SwiftTrace with scheme SwiftTrace-Package
(3 failures)
Command line invocation:
/Applications/Xcode-27.0.0-Release.Candidate.app/Contents/Developer/usr/bin/xcodebuild -IDEClonedSourcePackagesDirPathOverride=/Users/admin/builder/spi-builder-workspace/.dependencies -resolvePackageDependencies
Resolve Package Graph
Resolved source packages:
SwiftTrace: /Users/admin/builder/spi-builder-workspace
resolved source packages: SwiftTrace
2026-09-20 17:38:00.463 xcodebuild[900:5088] [MT] IDERunDestination: Supported platforms for the buildables in the current scheme is empty.
{
"cxx_language_standard" : "c++11",
"dependencies" : [
],
"manifest_display_name" : "SwiftTrace",
"name" : "SwiftTrace",
"path" : "/Users/admin/builder/spi-builder-workspace",
"platforms" : [
{
"name" : "macos",
"version" : "10.12"
},
{
"name" : "ios",
"version" : "10.0"
}
],
"products" : [
{
"name" : "SwiftTrace",
"targets" : [
"SwiftTrace"
],
"type" : {
"library" : [
"dynamic"
]
}
},
{
"name" : "SwiftTraceGuts",
"targets" : [
"SwiftTraceGuts"
],
"type" : {
"library" : [
"dynamic"
]
}
},
{
"name" : "SwiftTraceD",
"targets" : [
"SwiftTraceD"
],
"type" : {
"library" : [
"dynamic"
]
}
},
{
"name" : "SwiftTraceGutsD",
"targets" : [
"SwiftTraceGutsD"
],
"type" : {
"library" : [
"dynamic"
]
}
}
],
"targets" : [
{
"c99name" : "SwiftTraceGutsD",
"module_type" : "ClangTarget",
"name" : "SwiftTraceGutsD",
"path" : "SwiftTraceGutsD",
"product_memberships" : [
"SwiftTraceD",
"SwiftTraceGutsD"
],
"sources" : [
"ObjCBridge.mm",
"SwiftTrace.mm",
"Trampolines.mm",
"fast_dladdr.mm",
"fishhook.c",
"xt_forwarding_trampoline_arm64.s",
"xt_forwarding_trampoline_arm7.s",
"xt_forwarding_trampoline_x64.s",
"xt_forwarding_trampoline_x86.s"
],
"type" : "library"
},
{
"c99name" : "SwiftTraceGuts",
"module_type" : "ClangTarget",
"name" : "SwiftTraceGuts",
"path" : "SwiftTraceGuts",
"product_memberships" : [
"SwiftTrace",
"SwiftTraceGuts"
],
"sources" : [
"ObjCBridge.mm",
"SwiftTrace.mm",
"Trampolines.mm",
"fast_dladdr.mm",
"fishhook.c",
"xt_forwarding_trampoline_arm64.s",
"xt_forwarding_trampoline_arm7.s",
"xt_forwarding_trampoline_x64.s",
"xt_forwarding_trampoline_x86.s"
],
"type" : "library"
},
{
"c99name" : "SwiftTraceD",
"module_type" : "SwiftTarget",
"name" : "SwiftTraceD",
"path" : "SwiftTraceD",
"product_memberships" : [
"SwiftTraceD"
],
"sources" : [
"EasyPointer.swift",
"StringIndex.swift",
"SwiftArgs.swift",
"SwiftAspects.swift",
"SwiftInterpose.swift",
"SwiftInvoke.swift",
"SwiftLifetime.swift",
"SwiftMeta.swift",
"SwiftStack.swift",
"SwiftStats.swift",
"SwiftSwizzle.swift",
"SwiftTrace.swift"
],
"target_dependencies" : [
"SwiftTraceGutsD"
],
"type" : "library"
},
{
"c99name" : "SwiftTrace",
"module_type" : "SwiftTarget",
"name" : "SwiftTrace",
"path" : "SwiftTrace",
"product_memberships" : [
"SwiftTrace"
],
"sources" : [
"EasyPointer.swift",
"StringIndex.swift",
"SwiftArgs.swift",
"SwiftAspects.swift",
"SwiftInterpose.swift",
"SwiftInvoke.swift",
"SwiftLifetime.swift",
"SwiftMeta.swift",
"SwiftStack.swift",
"SwiftStats.swift",
"SwiftSwizzle.swift",
"SwiftTrace.swift"
],
"target_dependencies" : [
"SwiftTraceGuts"
],
"type" : "library"
}
],
"tools_version" : "5.0"
}
{
"workspace" : {
"name" : "SwiftTrace",
"schemes" : [
"SwiftTrace",
"SwiftTrace-Package",
"SwiftTraceD",
"SwiftTraceGuts",
"SwiftTraceGutsD"
]
}
}
2026-09-20 17:38:01.757 xcodebuild[908:5169] [MT] IDERunDestination: Supported platforms for the buildables in the current scheme is empty.
Running build ...
env DEVELOPER_DIR=/Applications/Xcode-27.0.0-Release.Candidate.app xcrun xcodebuild -IDEClonedSourcePackagesDirPathOverride=$PWD/.dependencies -skipMacroValidation -skipPackagePluginValidation -derivedDataPath $PWD/.derivedData build -scheme SwiftTrace-Package -destination generic/platform=watchOS
Command line invocation:
/Applications/Xcode-27.0.0-Release.Candidate.app/Contents/Developer/usr/bin/xcodebuild -IDEClonedSourcePackagesDirPathOverride=/Users/admin/builder/spi-builder-workspace/.dependencies -skipMacroValidation -skipPackagePluginValidation -derivedDataPath /Users/admin/builder/spi-builder-workspace/.derivedData build -scheme SwiftTrace-Package -destination generic/platform=watchOS
Resolve Package Graph
Resolved source packages:
SwiftTrace: /Users/admin/builder/spi-builder-workspace
ComputePackagePrebuildTargetDependencyGraph
Prepare packages
CreateBuildRequest
SendProjectDescription
CreateBuildOperation
ComputeTargetDependencyGraph
note: Building targets in dependency order
note: Target dependency graph (8 targets)
Target 'SwiftTraceGutsD-product' in project 'SwiftTrace'
➜ Explicit dependency on target 'SwiftTraceGutsD' in project 'SwiftTrace'
Target 'SwiftTraceD-product' in project 'SwiftTrace'
➜ Explicit dependency on target 'SwiftTraceD' in project 'SwiftTrace'
➜ Explicit dependency on target 'SwiftTraceGutsD' in project 'SwiftTrace'
Target 'SwiftTraceD' in project 'SwiftTrace'
➜ Explicit dependency on target 'SwiftTraceGutsD' in project 'SwiftTrace'
Target 'SwiftTraceGutsD' in project 'SwiftTrace' (no dependencies)
Target 'SwiftTraceGuts-product' in project 'SwiftTrace'
➜ Explicit dependency on target 'SwiftTraceGuts' in project 'SwiftTrace'
Target 'SwiftTrace-product' in project 'SwiftTrace'
➜ Explicit dependency on target 'SwiftTrace' in project 'SwiftTrace'
➜ Explicit dependency on target 'SwiftTraceGuts' in project 'SwiftTrace'
Target 'SwiftTrace' in project 'SwiftTrace'
➜ Explicit dependency on target 'SwiftTraceGuts' in project 'SwiftTrace'
Target 'SwiftTraceGuts' in project 'SwiftTrace' (no dependencies)
GatherProvisioningInputs
CreateBuildDescription
ClangStatCache /Applications/Xcode-27.0.0-Release.Candidate.app/Contents/Developer/Toolchains/XcodeDefault.xctoolchain/usr/bin/clang-stat-cache /Applications/Xcode-27.0.0-Release.Candidate.app/Contents/Developer/Platforms/WatchOS.platform/Developer/SDKs/WatchOS27.0.sdk /Users/admin/builder/spi-builder-workspace/.derivedData/SDKStatCaches.noindex/watchos27.0-24R360-e829b21a6f8c9b70876ba0858053c04477534ef55a1706bf4c1112bbb242f0a2.sdkstatcache
cd /Users/admin/builder/spi-builder-workspace/.swiftpm/xcode
/Applications/Xcode-27.0.0-Release.Candidate.app/Contents/Developer/Toolchains/XcodeDefault.xctoolchain/usr/bin/clang-stat-cache /Applications/Xcode-27.0.0-Release.Candidate.app/Contents/Developer/Platforms/WatchOS.platform/Developer/SDKs/WatchOS27.0.sdk -o /Users/admin/builder/spi-builder-workspace/.derivedData/SDKStatCaches.noindex/watchos27.0-24R360-e829b21a6f8c9b70876ba0858053c04477534ef55a1706bf4c1112bbb242f0a2.sdkstatcache
Ld /Users/admin/builder/spi-builder-workspace/.derivedData/Build/Intermediates.noindex/SwiftTrace.build/Debug-watchos/SwiftTraceGuts-t.build/Objects-normal/arm64_32/Binary/SwiftTraceGuts.o normal arm64_32 (in target 'SwiftTraceGuts' from project 'SwiftTrace')
cd /Users/admin/builder/spi-builder-workspace
/Applications/Xcode-27.0.0-Release.Candidate.app/Contents/Developer/Toolchains/XcodeDefault.xctoolchain/usr/bin/clang++ -Xlinker -reproducible -target arm64_32-apple-watchos9.0 -r -isysroot /Applications/Xcode-27.0.0-Release.Candidate.app/Contents/Developer/Platforms/WatchOS.platform/Developer/SDKs/WatchOS27.0.sdk -O0 -Xlinker -no_warn_duplicate_libraries -F/Users/admin/builder/spi-builder-workspace/.derivedData/Build/Intermediates.noindex/EagerLinkingTBDs/Debug-watchos -F/Users/admin/builder/spi-builder-workspace/.derivedData/Build/Products/Debug-watchos -iframework /Applications/Xcode-27.0.0-Release.Candidate.app/Contents/Developer/Platforms/WatchOS.platform/Developer/Library/Frameworks -iframework /Applications/Xcode-27.0.0-Release.Candidate.app/Contents/Developer/Platforms/WatchOS.platform/Developer/SDKs/WatchOS27.0.sdk/Developer/Library/Frameworks -filelist /Users/admin/builder/spi-builder-workspace/.derivedData/Build/Intermediates.noindex/SwiftTrace.build/Debug-watchos/SwiftTraceGuts-t.build/Objects-normal/arm64_32/SwiftTraceGuts.LinkFileList -nostdlib -Xlinker -object_path_lto -Xlinker /Users/admin/builder/spi-builder-workspace/.derivedData/Build/Intermediates.noindex/SwiftTrace.build/Debug-watchos/SwiftTraceGuts-t.build/Objects-normal/arm64_32/SwiftTraceGuts_lto.o -Xlinker -no_deduplicate -Xlinker -dependency_info -Xlinker /Users/admin/builder/spi-builder-workspace/.derivedData/Build/Intermediates.noindex/SwiftTrace.build/Debug-watchos/SwiftTraceGuts-t.build/Objects-normal/arm64_32/SwiftTraceGuts_dependency_info.dat -fobjc-arc -fobjc-link-runtime -o /Users/admin/builder/spi-builder-workspace/.derivedData/Build/Intermediates.noindex/SwiftTrace.build/Debug-watchos/SwiftTraceGuts-t.build/Objects-normal/arm64_32/Binary/SwiftTraceGuts.o
Ld /Users/admin/builder/spi-builder-workspace/.derivedData/Build/Intermediates.noindex/SwiftTrace.build/Debug-watchos/SwiftTraceGutsD-product-t.build/Objects-normal/arm64_32/Binary/SwiftTraceGutsD normal arm64_32 (in target 'SwiftTraceGutsD-product' from project 'SwiftTrace')
cd /Users/admin/builder/spi-builder-workspace
/Applications/Xcode-27.0.0-Release.Candidate.app/Contents/Developer/Toolchains/XcodeDefault.xctoolchain/usr/bin/clang -Xlinker -reproducible -target arm64_32-apple-watchos9.0 -dynamiclib -isysroot /Applications/Xcode-27.0.0-Release.Candidate.app/Contents/Developer/Platforms/WatchOS.platform/Developer/SDKs/WatchOS27.0.sdk -O0 -Xlinker -no_warn_duplicate_libraries -L/Users/admin/builder/spi-builder-workspace/.derivedData/Build/Intermediates.noindex/EagerLinkingTBDs/Debug-watchos -L/Users/admin/builder/spi-builder-workspace/.derivedData/Build/Products/Debug-watchos -L/Applications/Xcode-27.0.0-Release.Candidate.app/Contents/Developer/Platforms/WatchOS.platform/Developer/usr/lib -F/Users/admin/builder/spi-builder-workspace/.derivedData/Build/Intermediates.noindex/EagerLinkingTBDs/Debug-watchos -F/Users/admin/builder/spi-builder-workspace/.derivedData/Build/Products/Debug-watchos/PackageFrameworks -F/Users/admin/builder/spi-builder-workspace/.derivedData/Build/Products/Debug-watchos -iframework /Applications/Xcode-27.0.0-Release.Candidate.app/Contents/Developer/Platforms/WatchOS.platform/Developer/Library/Frameworks -iframework /Applications/Xcode-27.0.0-Release.Candidate.app/Contents/Developer/Platforms/WatchOS.platform/Developer/SDKs/WatchOS27.0.sdk/Developer/Library/Frameworks -filelist /Users/admin/builder/spi-builder-workspace/.derivedData/Build/Intermediates.noindex/SwiftTrace.build/Debug-watchos/SwiftTraceGutsD-product-t.build/Objects-normal/arm64_32/SwiftTraceGutsD.LinkFileList -install_name @rpath/SwiftTraceGutsD.framework/SwiftTraceGutsD -Xlinker -rpath -Xlinker @loader_path -Xlinker -rpath -Xlinker /Users/admin/builder/spi-builder-workspace/.derivedData/Build/Products/Debug-watchos/PackageFrameworks -Xlinker -dead_strip -Xlinker -object_path_lto -Xlinker /Users/admin/builder/spi-builder-workspace/.derivedData/Build/Intermediates.noindex/SwiftTrace.build/Debug-watchos/SwiftTraceGutsD-product-t.build/Objects-normal/arm64_32/SwiftTraceGutsD_lto.o -rdynamic -Xlinker -no_deduplicate -Xlinker -dependency_info -Xlinker /Users/admin/builder/spi-builder-workspace/.derivedData/Build/Intermediates.noindex/SwiftTrace.build/Debug-watchos/SwiftTraceGutsD-product-t.build/Objects-normal/arm64_32/SwiftTraceGutsD_dependency_info.dat -lc++ -o /Users/admin/builder/spi-builder-workspace/.derivedData/Build/Intermediates.noindex/SwiftTrace.build/Debug-watchos/SwiftTraceGutsD-product-t.build/Objects-normal/arm64_32/Binary/SwiftTraceGutsD
Undefined symbols for architecture arm64_32:
"_NSLog", referenced from:
+[NSObject(SwiftTrace) swiftTraceDefaultMethodExclusions] in SwiftTraceGutsD.o
+[NSObject(SwiftTrace) swiftTraceDefaultMethodExclusions] in SwiftTraceGutsD.o
+[NSObject(SwiftTrace) swiftTraceDefaultMethodExclusions] in SwiftTraceGutsD.o
+[NSObject(SwiftTrace) swiftTraceDefaultMethodExclusions] in SwiftTraceGutsD.o
"_OBJC_CLASS_$_NSAssertionHandler", referenced from:
in SwiftTraceGutsD.o
"_OBJC_CLASS_$_NSBundle", referenced from:
in SwiftTraceGutsD.o
"_OBJC_CLASS_$_NSMethodSignature", referenced from:
in SwiftTraceGutsD.o
"_OBJC_CLASS_$_NSMutableArray", referenced from:
in SwiftTraceGutsD.o
"_OBJC_CLASS_$_NSObject", referenced from:
__OBJC_$_CATEGORY_NSObject_$_SwiftTrace in SwiftTraceGutsD.o
in SwiftTraceGutsD.o
"_OBJC_CLASS_$_NSString", referenced from:
in SwiftTraceGutsD.o
"_OBJC_CLASS_$_NSThread", referenced from:
in SwiftTraceGutsD.o
"_OBJC_CLASS_$_NSValue", referenced from:
in SwiftTraceGutsD.o
"_OBJC_CLASS_$_SwiftMeta", referenced from:
in SwiftTraceGutsD.o
"_OBJC_CLASS_$_SwiftTrace", referenced from:
in SwiftTraceGutsD.o
"_OBJC_EHTYPE_$_NSException", referenced from:
GCC_except_table2 in SwiftTraceGutsD.o
"___CFConstantStringClassReference", referenced from:
in SwiftTraceGutsD.o
in SwiftTraceGutsD.o
in SwiftTraceGutsD.o
in SwiftTraceGutsD.o
in SwiftTraceGutsD.o
in SwiftTraceGutsD.o
in SwiftTraceGutsD.o
...
"___objc_personality_v0", referenced from:
/Users/admin/builder/spi-builder-workspace/.derivedData/Build/Products/Debug-watchos/SwiftTraceGutsD.o
"_class_getImageName", referenced from:
+[NSObject(SwiftTrace) swiftTraceDefaultMethodExclusions] in SwiftTraceGutsD.o
"_class_getSuperclass", referenced from:
+[NSObject(SwiftTrace) swiftTraceDefaultMethodExclusions] in SwiftTraceGutsD.o
"_method_getTypeEncoding", referenced from:
+[NSObject(SwiftTrace) swiftTraceDefaultMethodExclusions] in SwiftTraceGutsD.o
"_objc_autoreleasePoolPop", referenced from:
___cxx_global_var_init in SwiftTraceGutsD.o
"_objc_autoreleasePoolPush", referenced from:
___cxx_global_var_init in SwiftTraceGutsD.o
"_objc_autoreleaseReturnValue", referenced from:
+[NSObject(SwiftTrace) swiftTraceDefaultMethodExclusions] in SwiftTraceGutsD.o
+[NSObject(SwiftTrace) swiftTraceDefaultMethodExclusions] in SwiftTraceGutsD.o
+[NSObject(SwiftTrace) swiftTraceDefaultMethodExclusions] in SwiftTraceGutsD.o
+[NSObject(SwiftTrace) swiftTraceDefaultMethodExclusions] in SwiftTraceGutsD.o
+[NSObject(SwiftTrace) swiftTraceDefaultMethodExclusions] in SwiftTraceGutsD.o
+[NSObject(SwiftTrace) swiftTraceDefaultMethodExclusions] in SwiftTraceGutsD.o
"_objc_begin_catch", referenced from:
+[NSObject(SwiftTrace) swiftTraceDefaultMethodExclusions] in SwiftTraceGutsD.o
"_objc_copyClassList", referenced from:
+[NSObject(SwiftTrace) swiftTraceDefaultMethodExclusions] in SwiftTraceGutsD.o
"_objc_end_catch", referenced from:
+[NSObject(SwiftTrace) swiftTraceDefaultMethodExclusions] in SwiftTraceGutsD.o
+[NSObject(SwiftTrace) swiftTraceDefaultMethodExclusions] in SwiftTraceGutsD.o
"_objc_enumerationMutation", referenced from:
+[NSObject(SwiftTrace) swiftTraceDefaultMethodExclusions] in SwiftTraceGutsD.o
+[NSObject(SwiftTrace) swiftTraceDefaultMethodExclusions] in SwiftTraceGutsD.o
"_objc_msgSend", referenced from:
in objc-stubs-file
"_objc_opt_new", referenced from:
+[NSObject(SwiftTrace) swiftTraceDefaultMethodExclusions] in SwiftTraceGutsD.o
"_objc_release_x8", referenced from:
+[NSObject(SwiftTrace) swiftTraceDefaultMethodExclusions] in SwiftTraceGutsD.o
+[NSObject(SwiftTrace) swiftTraceDefaultMethodExclusions] in SwiftTraceGutsD.o
+[NSObject(SwiftTrace) swiftTraceDefaultMethodExclusions] in SwiftTraceGutsD.o
+[NSObject(SwiftTrace) swiftTraceDefaultMethodExclusions] in SwiftTraceGutsD.o
+[NSObject(SwiftTrace) swiftTraceDefaultMethodExclusions] in SwiftTraceGutsD.o
+[NSObject(SwiftTrace) swiftTraceDefaultMethodExclusions] in SwiftTraceGutsD.o
+[NSObject(SwiftTrace) swiftTraceDefaultMethodExclusions] in SwiftTraceGutsD.o
+[NSObject(SwiftTrace) swiftTraceDefaultMethodExclusions] in SwiftTraceGutsD.o
+[NSObject(SwiftTrace) swiftTraceDefaultMethodExclusions] in SwiftTraceGutsD.o
+[NSObject(SwiftTrace) swiftTraceDefaultMethodExclusions] in SwiftTraceGutsD.o
+[NSObject(SwiftTrace) swiftTraceDefaultMethodExclusions] in SwiftTraceGutsD.o
+[NSObject(SwiftTrace) swiftTraceDefaultMethodExclusions] in SwiftTraceGutsD.o
+[NSObject(SwiftTrace) swiftTraceDefaultMethodExclusions] in SwiftTraceGutsD.o
+[NSObject(SwiftTrace) swiftTraceDefaultMethodExclusions] in SwiftTraceGutsD.o
+[NSObject(SwiftTrace) swiftTraceDefaultMethodExclusions] in SwiftTraceGutsD.o
+[NSObject(SwiftTrace) swiftTraceDefaultMethodExclusions] in SwiftTraceGutsD.o
+[NSObject(SwiftTrace) swiftTraceDefaultMethodExclusions] in SwiftTraceGutsD.o
+[NSObject(SwiftTrace) swiftTraceDefaultMethodExclusions] in SwiftTraceGutsD.o
+[NSObject(SwiftTrace) swiftTraceDefaultMethodExclusions] in SwiftTraceGutsD.o
+[NSObject(SwiftTrace) swiftTraceDefaultMethodExclusions] in SwiftTraceGutsD.o
+[NSObject(SwiftTrace) swiftTraceDefaultMethodExclusions] in SwiftTraceGutsD.o
+[NSObject(SwiftTrace) swiftTraceDefaultMethodExclusions] in SwiftTraceGutsD.o
+[NSObject(SwiftTrace) swiftTraceDefaultMethodExclusions] in SwiftTraceGutsD.o
+[NSObject(SwiftTrace) swiftTraceDefaultMethodExclusions] in SwiftTraceGutsD.o
+[NSObject(SwiftTrace) swiftTraceDefaultMethodExclusions] in SwiftTraceGutsD.o
+[NSObject(SwiftTrace) swiftTraceDefaultMethodExclusions] in SwiftTraceGutsD.o
+[NSObject(SwiftTrace) swiftTraceDefaultMethodExclusions] in SwiftTraceGutsD.o
+[NSObject(SwiftTrace) swiftTraceDefaultMethodExclusions] in SwiftTraceGutsD.o
+[NSObject(SwiftTrace) swiftTraceDefaultMethodExclusions] in SwiftTraceGutsD.o
+[NSObject(SwiftTrace) swiftTraceDefaultMethodExclusions] in SwiftTraceGutsD.o
+[NSObject(SwiftTrace) swiftTraceDefaultMethodExclusions] in SwiftTraceGutsD.o
+[NSObject(SwiftTrace) swiftTraceDefaultMethodExclusions] in SwiftTraceGutsD.o
+[NSObject(SwiftTrace) swiftTraceDefaultMethodExclusions] in SwiftTraceGutsD.o
+[NSObject(SwiftTrace) swiftTraceDefaultMethodExclusions] in SwiftTraceGutsD.o
+[NSObject(SwiftTrace) swiftTraceDefaultMethodExclusions] in SwiftTraceGutsD.o
+[NSObject(SwiftTrace) swiftTraceDefaultMethodExclusions] in SwiftTraceGutsD.o
+[NSObject(SwiftTrace) swiftTraceDefaultMethodExclusions] in SwiftTraceGutsD.o
+[NSObject(SwiftTrace) swiftTraceDefaultMethodExclusions] in SwiftTraceGutsD.o
+[NSObject(SwiftTrace) swiftTraceDefaultMethodExclusions] in SwiftTraceGutsD.o
...
"_objc_retain", referenced from:
+[NSObject(SwiftTrace) swiftTraceDefaultMethodExclusions] in SwiftTraceGutsD.o
+[NSObject(SwiftTrace) swiftTraceDefaultMethodExclusions] in SwiftTraceGutsD.o
"_objc_retainAutorelease", referenced from:
+[NSObject(SwiftTrace) swiftTraceDefaultMethodExclusions] in SwiftTraceGutsD.o
+[NSObject(SwiftTrace) swiftTraceDefaultMethodExclusions] in SwiftTraceGutsD.o
+[NSObject(SwiftTrace) swiftTraceDefaultMethodExclusions] in SwiftTraceGutsD.o
+[NSObject(SwiftTrace) swiftTraceDefaultMethodExclusions] in SwiftTraceGutsD.o
+[NSObject(SwiftTrace) swiftTraceDefaultMethodExclusions] in SwiftTraceGutsD.o
+[NSObject(SwiftTrace) swiftTraceDefaultMethodExclusions] in SwiftTraceGutsD.o
+[NSObject(SwiftTrace) swiftTraceDefaultMethodExclusions] in SwiftTraceGutsD.o
...
"_objc_retainAutoreleasedReturnValue", referenced from:
+[NSObject(SwiftTrace) swiftTraceDefaultMethodExclusions] in SwiftTraceGutsD.o
+[NSObject(SwiftTrace) swiftTraceDefaultMethodExclusions] in SwiftTraceGutsD.o
+[NSObject(SwiftTrace) swiftTraceDefaultMethodExclusions] in SwiftTraceGutsD.o
+[NSObject(SwiftTrace) swiftTraceDefaultMethodExclusions] in SwiftTraceGutsD.o
+[NSObject(SwiftTrace) swiftTraceDefaultMethodExclusions] in SwiftTraceGutsD.o
+[NSObject(SwiftTrace) swiftTraceDefaultMethodExclusions] in SwiftTraceGutsD.o
+[NSObject(SwiftTrace) swiftTraceDefaultMethodExclusions] in SwiftTraceGutsD.o
+[NSObject(SwiftTrace) swiftTraceDefaultMethodExclusions] in SwiftTraceGutsD.o
+[NSObject(SwiftTrace) swiftTraceDefaultMethodExclusions] in SwiftTraceGutsD.o
+[NSObject(SwiftTrace) swiftTraceDefaultMethodExclusions] in SwiftTraceGutsD.o
+[NSObject(SwiftTrace) swiftTraceDefaultMethodExclusions] in SwiftTraceGutsD.o
+[NSObject(SwiftTrace) swiftTraceDefaultMethodExclusions] in SwiftTraceGutsD.o
+[NSObject(SwiftTrace) swiftTraceDefaultMethodExclusions] in SwiftTraceGutsD.o
+[NSObject(SwiftTrace) swiftTraceDefaultMethodExclusions] in SwiftTraceGutsD.o
+[NSObject(SwiftTrace) swiftTraceDefaultMethodExclusions] in SwiftTraceGutsD.o
+[NSObject(SwiftTrace) swiftTraceDefaultMethodExclusions] in SwiftTraceGutsD.o
+[NSObject(SwiftTrace) swiftTraceDefaultMethodExclusions] in SwiftTraceGutsD.o
+[NSObject(SwiftTrace) swiftTraceDefaultMethodExclusions] in SwiftTraceGutsD.o
+[NSObject(SwiftTrace) swiftTraceDefaultMethodExclusions] in SwiftTraceGutsD.o
+[NSObject(SwiftTrace) swiftTraceDefaultMethodExclusions] in SwiftTraceGutsD.o
+[NSObject(SwiftTrace) swiftTraceDefaultMethodExclusions] in SwiftTraceGutsD.o
+[NSObject(SwiftTrace) swiftTraceDefaultMethodExclusions] in SwiftTraceGutsD.o
+[NSObject(SwiftTrace) swiftTraceDefaultMethodExclusions] in SwiftTraceGutsD.o
+[NSObject(SwiftTrace) swiftTraceDefaultMethodExclusions] in SwiftTraceGutsD.o
+[NSObject(SwiftTrace) swiftTraceDefaultMethodExclusions] in SwiftTraceGutsD.o
+[NSObject(SwiftTrace) swiftTraceDefaultMethodExclusions] in SwiftTraceGutsD.o
+[NSObject(SwiftTrace) swiftTraceDefaultMethodExclusions] in SwiftTraceGutsD.o
...
"_objc_retainBlock", referenced from:
+[NSObject(SwiftTrace) swiftTraceDefaultMethodExclusions] in SwiftTraceGutsD.o
"_objc_retain_x8", referenced from:
+[NSObject(SwiftTrace) swiftTraceDefaultMethodExclusions] in SwiftTraceGutsD.o
+[NSObject(SwiftTrace) swiftTraceDefaultMethodExclusions] in SwiftTraceGutsD.o
+[NSObject(SwiftTrace) swiftTraceDefaultMethodExclusions] in SwiftTraceGutsD.o
"_objc_storeStrong", referenced from:
+[NSObject(SwiftTrace) swiftTraceDefaultMethodExclusions] in SwiftTraceGutsD.o
+[NSObject(SwiftTrace) swiftTraceDefaultMethodExclusions] in SwiftTraceGutsD.o
+[NSObject(SwiftTrace) swiftTraceDefaultMethodExclusions] in SwiftTraceGutsD.o
+[NSObject(SwiftTrace) swiftTraceDefaultMethodExclusions] in SwiftTraceGutsD.o
+[NSObject(SwiftTrace) swiftTraceDefaultMethodExclusions] in SwiftTraceGutsD.o
+[NSObject(SwiftTrace) swiftTraceDefaultMethodExclusions] in SwiftTraceGutsD.o
+[NSObject(SwiftTrace) swiftTraceDefaultMethodExclusions] in SwiftTraceGutsD.o
+[NSObject(SwiftTrace) swiftTraceDefaultMethodExclusions] in SwiftTraceGutsD.o
+[NSObject(SwiftTrace) swiftTraceDefaultMethodExclusions] in SwiftTraceGutsD.o
+[NSObject(SwiftTrace) swiftTraceDefaultMethodExclusions] in SwiftTraceGutsD.o
+[NSObject(SwiftTrace) swiftTraceDefaultMethodExclusions] in SwiftTraceGutsD.o
+[NSObject(SwiftTrace) swiftTraceDefaultMethodExclusions] in SwiftTraceGutsD.o
+[NSObject(SwiftTrace) swiftTraceDefaultMethodExclusions] in SwiftTraceGutsD.o
+[NSObject(SwiftTrace) swiftTraceDefaultMethodExclusions] in SwiftTraceGutsD.o
+[NSObject(SwiftTrace) swiftTraceDefaultMethodExclusions] in SwiftTraceGutsD.o
+[NSObject(SwiftTrace) swiftTraceDefaultMethodExclusions] in SwiftTraceGutsD.o
+[NSObject(SwiftTrace) swiftTraceDefaultMethodExclusions] in SwiftTraceGutsD.o
+[NSObject(SwiftTrace) swiftTraceDefaultMethodExclusions] in SwiftTraceGutsD.o
+[NSObject(SwiftTrace) swiftTraceDefaultMethodExclusions] in SwiftTraceGutsD.o
+[NSObject(SwiftTrace) swiftTraceDefaultMethodExclusions] in SwiftTraceGutsD.o
+[NSObject(SwiftTrace) swiftTraceDefaultMethodExclusions] in SwiftTraceGutsD.o
+[NSObject(SwiftTrace) swiftTraceDefaultMethodExclusions] in SwiftTraceGutsD.o
+[NSObject(SwiftTrace) swiftTraceDefaultMethodExclusions] in SwiftTraceGutsD.o
+[NSObject(SwiftTrace) swiftTraceDefaultMethodExclusions] in SwiftTraceGutsD.o
+[NSObject(SwiftTrace) swiftTraceDefaultMethodExclusions] in SwiftTraceGutsD.o
+[NSObject(SwiftTrace) swiftTraceDefaultMethodExclusions] in SwiftTraceGutsD.o
+[NSObject(SwiftTrace) swiftTraceDefaultMethodExclusions] in SwiftTraceGutsD.o
+[NSObject(SwiftTrace) swiftTraceDefaultMethodExclusions] in SwiftTraceGutsD.o
+[NSObject(SwiftTrace) swiftTraceDefaultMethodExclusions] in SwiftTraceGutsD.o
+[NSObject(SwiftTrace) swiftTraceDefaultMethodExclusions] in SwiftTraceGutsD.o
+[NSObject(SwiftTrace) swiftTraceDefaultMethodExclusions] in SwiftTraceGutsD.o
+[NSObject(SwiftTrace) swiftTraceDefaultMethodExclusions] in SwiftTraceGutsD.o
+[NSObject(SwiftTrace) swiftTraceDefaultMethodExclusions] in SwiftTraceGutsD.o
+[NSObject(SwiftTrace) swiftTraceDefaultMethodExclusions] in SwiftTraceGutsD.o
+[NSObject(SwiftTrace) swiftTraceDefaultMethodExclusions] in SwiftTraceGutsD.o
+[NSObject(SwiftTrace) swiftTraceDefaultMethodExclusions] in SwiftTraceGutsD.o
+[NSObject(SwiftTrace) swiftTraceDefaultMethodExclusions] in SwiftTraceGutsD.o
+[NSObject(SwiftTrace) swiftTraceDefaultMethodExclusions] in SwiftTraceGutsD.o
+[NSObject(SwiftTrace) swiftTraceDefaultMethodExclusions] in SwiftTraceGutsD.o
+[NSObject(SwiftTrace) swiftTraceDefaultMethodExclusions] in SwiftTraceGutsD.o
+[NSObject(SwiftTrace) swiftTraceDefaultMethodExclusions] in SwiftTraceGutsD.o
+[NSObject(SwiftTrace) swiftTraceDefaultMethodExclusions] in SwiftTraceGutsD.o
+[NSObject(SwiftTrace) swiftTraceDefaultMethodExclusions] in SwiftTraceGutsD.o
+[NSObject(SwiftTrace) swiftTraceDefaultMethodExclusions] in SwiftTraceGutsD.o
+[NSObject(SwiftTrace) swiftTraceDefaultMethodExclusions] in SwiftTraceGutsD.o
+[NSObject(SwiftTrace) swiftTraceDefaultMethodExclusions] in SwiftTraceGutsD.o
+[NSObject(SwiftTrace) swiftTraceDefaultMethodExclusions] in SwiftTraceGutsD.o
+[NSObject(SwiftTrace) swiftTraceDefaultMethodExclusions] in SwiftTraceGutsD.o
+[NSObject(SwiftTrace) swiftTraceDefaultMethodExclusions] in SwiftTraceGutsD.o
+[NSObject(SwiftTrace) swiftTraceDefaultMethodExclusions] in SwiftTraceGutsD.o
+[NSObject(SwiftTrace) swiftTraceDefaultMethodExclusions] in SwiftTraceGutsD.o
+[NSObject(SwiftTrace) swiftTraceDefaultMethodExclusions] in SwiftTraceGutsD.o
+[NSObject(SwiftTrace) swiftTraceDefaultMethodExclusions] in SwiftTraceGutsD.o
+[NSObject(SwiftTrace) swiftTraceDefaultMethodExclusions] in SwiftTraceGutsD.o
+[NSObject(SwiftTrace) swiftTraceDefaultMethodExclusions] in SwiftTraceGutsD.o
+[NSObject(SwiftTrace) swiftTraceDefaultMethodExclusions] in SwiftTraceGutsD.o
+[NSObject(SwiftTrace) swiftTraceDefaultMethodExclusions] in SwiftTraceGutsD.o
+[NSObject(SwiftTrace) swiftTraceDefaultMethodExclusions] in SwiftTraceGutsD.o
+[NSObject(SwiftTrace) swiftTraceDefaultMethodExclusions] in SwiftTraceGutsD.o
+[NSObject(SwiftTrace) swiftTraceDefaultMethodExclusions] in SwiftTraceGutsD.o
+[NSObject(SwiftTrace) swiftTraceDefaultMethodExclusions] in SwiftTraceGutsD.o
+[NSObject(SwiftTrace) swiftTraceDefaultMethodExclusions] in SwiftTraceGutsD.o
+[NSObject(SwiftTrace) swiftTraceDefaultMethodExclusions] in SwiftTraceGutsD.o
+[NSObject(SwiftTrace) swiftTraceDefaultMethodExclusions] in SwiftTraceGutsD.o
+[NSObject(SwiftTrace) swiftTraceDefaultMethodExclusions] in SwiftTraceGutsD.o
+[NSObject(SwiftTrace) swiftTraceDefaultMethodExclusions] in SwiftTraceGutsD.o
+[NSObject(SwiftTrace) swiftTraceDefaultMethodExclusions] in SwiftTraceGutsD.o
+[NSObject(SwiftTrace) swiftTraceDefaultMethodExclusions] in SwiftTraceGutsD.o
+[NSObject(SwiftTrace) swiftTraceDefaultMethodExclusions] in SwiftTraceGutsD.o
+[NSObject(SwiftTrace) swiftTraceDefaultMethodExclusions] in SwiftTraceGutsD.o
+[NSObject(SwiftTrace) swiftTraceDefaultMethodExclusions] in SwiftTraceGutsD.o
+[NSObject(SwiftTrace) swiftTraceDefaultMethodExclusions] in SwiftTraceGutsD.o
+[NSObject(SwiftTrace) swiftTraceDefaultMethodExclusions] in SwiftTraceGutsD.o
+[NSObject(SwiftTrace) swiftTraceDefaultMethodExclusions] in SwiftTraceGutsD.o
+[NSObject(SwiftTrace) swiftTraceDefaultMethodExclusions] in SwiftTraceGutsD.o
+[NSObject(SwiftTrace) swiftTraceDefaultMethodExclusions] in SwiftTraceGutsD.o
+[NSObject(SwiftTrace) swiftTraceDefaultMethodExclusions] in SwiftTraceGutsD.o
+[NSObject(SwiftTrace) swiftTraceDefaultMethodExclusions] in SwiftTraceGutsD.o
+[NSObject(SwiftTrace) swiftTraceDefaultMethodExclusions] in SwiftTraceGutsD.o
+[NSObject(SwiftTrace) swiftTraceDefaultMethodExclusions] in SwiftTraceGutsD.o
...
ld: symbol(s) not found for architecture arm64_32
/Users/admin/builder/spi-builder-workspace/Package.swift: SwiftTraceGutsD-product: clang: error: linker command failed with exit code 1 (use -v to see invocation)
Ld /Users/admin/builder/spi-builder-workspace/.derivedData/Build/Intermediates.noindex/SwiftTrace.build/Debug-watchos/SwiftTraceGutsD-product-t.build/Objects-normal/arm64/Binary/SwiftTraceGutsD normal arm64 (in target 'SwiftTraceGutsD-product' from project 'SwiftTrace')
cd /Users/admin/builder/spi-builder-workspace
/Applications/Xcode-27.0.0-Release.Candidate.app/Contents/Developer/Toolchains/XcodeDefault.xctoolchain/usr/bin/clang -Xlinker -reproducible -target arm64-apple-watchos9.0 -dynamiclib -isysroot /Applications/Xcode-27.0.0-Release.Candidate.app/Contents/Developer/Platforms/WatchOS.platform/Developer/SDKs/WatchOS27.0.sdk -O0 -Xlinker -no_warn_duplicate_libraries -L/Users/admin/builder/spi-builder-workspace/.derivedData/Build/Intermediates.noindex/EagerLinkingTBDs/Debug-watchos -L/Users/admin/builder/spi-builder-workspace/.derivedData/Build/Products/Debug-watchos -L/Applications/Xcode-27.0.0-Release.Candidate.app/Contents/Developer/Platforms/WatchOS.platform/Developer/usr/lib -F/Users/admin/builder/spi-builder-workspace/.derivedData/Build/Intermediates.noindex/EagerLinkingTBDs/Debug-watchos -F/Users/admin/builder/spi-builder-workspace/.derivedData/Build/Products/Debug-watchos/PackageFrameworks -F/Users/admin/builder/spi-builder-workspace/.derivedData/Build/Products/Debug-watchos -iframework /Applications/Xcode-27.0.0-Release.Candidate.app/Contents/Developer/Platforms/WatchOS.platform/Developer/Library/Frameworks -iframework /Applications/Xcode-27.0.0-Release.Candidate.app/Contents/Developer/Platforms/WatchOS.platform/Developer/SDKs/WatchOS27.0.sdk/Developer/Library/Frameworks -filelist /Users/admin/builder/spi-builder-workspace/.derivedData/Build/Intermediates.noindex/SwiftTrace.build/Debug-watchos/SwiftTraceGutsD-product-t.build/Objects-normal/arm64/SwiftTraceGutsD.LinkFileList -install_name @rpath/SwiftTraceGutsD.framework/SwiftTraceGutsD -Xlinker -rpath -Xlinker @loader_path -Xlinker -rpath -Xlinker /Users/admin/builder/spi-builder-workspace/.derivedData/Build/Products/Debug-watchos/PackageFrameworks -Xlinker -dead_strip -Xlinker -object_path_lto -Xlinker /Users/admin/builder/spi-builder-workspace/.derivedData/Build/Intermediates.noindex/SwiftTrace.build/Debug-watchos/SwiftTraceGutsD-product-t.build/Objects-normal/arm64/SwiftTraceGutsD_lto.o -rdynamic -Xlinker -no_deduplicate -Xlinker -dependency_info -Xlinker /Users/admin/builder/spi-builder-workspace/.derivedData/Build/Intermediates.noindex/SwiftTrace.build/Debug-watchos/SwiftTraceGutsD-product-t.build/Objects-normal/arm64/SwiftTraceGutsD_dependency_info.dat -lc++ -o /Users/admin/builder/spi-builder-workspace/.derivedData/Build/Intermediates.noindex/SwiftTrace.build/Debug-watchos/SwiftTraceGutsD-product-t.build/Objects-normal/arm64/Binary/SwiftTraceGutsD
Undefined symbols for architecture arm64:
"_NSLog", referenced from:
+[NSObject(SwiftTrace) swiftTraceDefaultMethodExclusions] in SwiftTraceGutsD.o
+[NSObject(SwiftTrace) swiftTraceDefaultMethodExclusions] in SwiftTraceGutsD.o
+[NSObject(SwiftTrace) swiftTraceDefaultMethodExclusions] in SwiftTraceGutsD.o
+[NSObject(SwiftTrace) swiftTraceDefaultMethodExclusions] in SwiftTraceGutsD.o
"_OBJC_CLASS_$_NSAssertionHandler", referenced from:
in SwiftTraceGutsD.o
"_OBJC_CLASS_$_NSBundle", referenced from:
in SwiftTraceGutsD.o
"_OBJC_CLASS_$_NSMethodSignature", referenced from:
in SwiftTraceGutsD.o
"_OBJC_CLASS_$_NSMutableArray", referenced from:
in SwiftTraceGutsD.o
"_OBJC_CLASS_$_NSObject", referenced from:
__OBJC_$_CATEGORY_NSObject_$_SwiftTrace in SwiftTraceGutsD.o
in SwiftTraceGutsD.o
"_OBJC_CLASS_$_NSString", referenced from:
in SwiftTraceGutsD.o
"_OBJC_CLASS_$_NSThread", referenced from:
in SwiftTraceGutsD.o
"_OBJC_CLASS_$_NSValue", referenced from:
in SwiftTraceGutsD.o
"_OBJC_CLASS_$_SwiftMeta", referenced from:
in SwiftTraceGutsD.o
"_OBJC_CLASS_$_SwiftTrace", referenced from:
in SwiftTraceGutsD.o
"_OBJC_EHTYPE_$_NSException", referenced from:
GCC_except_table2 in SwiftTraceGutsD.o
"___CFConstantStringClassReference", referenced from:
in SwiftTraceGutsD.o
in SwiftTraceGutsD.o
in SwiftTraceGutsD.o
in SwiftTraceGutsD.o
in SwiftTraceGutsD.o
in SwiftTraceGutsD.o
in SwiftTraceGutsD.o
...
"___objc_personality_v0", referenced from:
/Users/admin/builder/spi-builder-workspace/.derivedData/Build/Products/Debug-watchos/SwiftTraceGutsD.o
"_class_getImageName", referenced from:
+[NSObject(SwiftTrace) swiftTraceDefaultMethodExclusions] in SwiftTraceGutsD.o
"_class_getSuperclass", referenced from:
+[NSObject(SwiftTrace) swiftTraceDefaultMethodExclusions] in SwiftTraceGutsD.o
"_method_getTypeEncoding", referenced from:
+[NSObject(SwiftTrace) swiftTraceDefaultMethodExclusions] in SwiftTraceGutsD.o
"_objc_autoreleasePoolPop", referenced from:
___cxx_global_var_init in SwiftTraceGutsD.o
"_objc_autoreleasePoolPush", referenced from:
___cxx_global_var_init in SwiftTraceGutsD.o
"_objc_autoreleaseReturnValue", referenced from:
+[NSObject(SwiftTrace) swiftTraceDefaultMethodExclusions] in SwiftTraceGutsD.o
+[NSObject(SwiftTrace) swiftTraceDefaultMethodExclusions] in SwiftTraceGutsD.o
+[NSObject(SwiftTrace) swiftTraceDefaultMethodExclusions] in SwiftTraceGutsD.o
+[NSObject(SwiftTrace) swiftTraceDefaultMethodExclusions] in SwiftTraceGutsD.o
+[NSObject(SwiftTrace) swiftTraceDefaultMethodExclusions] in SwiftTraceGutsD.o
+[NSObject(SwiftTrace) swiftTraceDefaultMethodExclusions] in SwiftTraceGutsD.o
"_objc_begin_catch", referenced from:
+[NSObject(SwiftTrace) swiftTraceDefaultMethodExclusions] in SwiftTraceGutsD.o
"_objc_copyClassList", referenced from:
+[NSObject(SwiftTrace) swiftTraceDefaultMethodExclusions] in SwiftTraceGutsD.o
"_objc_end_catch", referenced from:
+[NSObject(SwiftTrace) swiftTraceDefaultMethodExclusions] in SwiftTraceGutsD.o
+[NSObject(SwiftTrace) swiftTraceDefaultMethodExclusions] in SwiftTraceGutsD.o
"_objc_enumerationMutation", referenced from:
+[NSObject(SwiftTrace) swiftTraceDefaultMethodExclusions] in SwiftTraceGutsD.o
+[NSObject(SwiftTrace) swiftTraceDefaultMethodExclusions] in SwiftTraceGutsD.o
"_objc_msgSend", referenced from:
in objc-stubs-file
"_objc_opt_new", referenced from:
+[NSObject(SwiftTrace) swiftTraceDefaultMethodExclusions] in SwiftTraceGutsD.o
"_objc_release", referenced from:
+[NSObject(SwiftTrace) swiftTraceDefaultMethodExclusions] in SwiftTraceGutsD.o
+[NSObject(SwiftTrace) swiftTraceDefaultMethodExclusions] in SwiftTraceGutsD.o
+[NSObject(SwiftTrace) swiftTraceDefaultMethodExclusions] in SwiftTraceGutsD.o
+[NSObject(SwiftTrace) swiftTraceDefaultMethodExclusions] in SwiftTraceGutsD.o
+[NSObject(SwiftTrace) swiftTraceDefaultMethodExclusions] in SwiftTraceGutsD.o
+[NSObject(SwiftTrace) swiftTraceDefaultMethodExclusions] in SwiftTraceGutsD.o
+[NSObject(SwiftTrace) swiftTraceDefaultMethodExclusions] in SwiftTraceGutsD.o
+[NSObject(SwiftTrace) swiftTraceDefaultMethodExclusions] in SwiftTraceGutsD.o
+[NSObject(SwiftTrace) swiftTraceDefaultMethodExclusions] in SwiftTraceGutsD.o
+[NSObject(SwiftTrace) swiftTraceDefaultMethodExclusions] in SwiftTraceGutsD.o
+[NSObject(SwiftTrace) swiftTraceDefaultMethodExclusions] in SwiftTraceGutsD.o
+[NSObject(SwiftTrace) swiftTraceDefaultMethodExclusions] in SwiftTraceGutsD.o
+[NSObject(SwiftTrace) swiftTraceDefaultMethodExclusions] in SwiftTraceGutsD.o
+[NSObject(SwiftTrace) swiftTraceDefaultMethodExclusions] in SwiftTraceGutsD.o
+[NSObject(SwiftTrace) swiftTraceDefaultMethodExclusions] in SwiftTraceGutsD.o
+[NSObject(SwiftTrace) swiftTraceDefaultMethodExclusions] in SwiftTraceGutsD.o
+[NSObject(SwiftTrace) swiftTraceDefaultMethodExclusions] in SwiftTraceGutsD.o
+[NSObject(SwiftTrace) swiftTraceDefaultMethodExclusions] in SwiftTraceGutsD.o
+[NSObject(SwiftTrace) swiftTraceDefaultMethodExclusions] in SwiftTraceGutsD.o
+[NSObject(SwiftTrace) swiftTraceDefaultMethodExclusions] in SwiftTraceGutsD.o
+[NSObject(SwiftTrace) swiftTraceDefaultMethodExclusions] in SwiftTraceGutsD.o
+[NSObject(SwiftTrace) swiftTraceDefaultMethodExclusions] in SwiftTraceGutsD.o
+[NSObject(SwiftTrace) swiftTraceDefaultMethodExclusions] in SwiftTraceGutsD.o
+[NSObject(SwiftTrace) swiftTraceDefaultMethodExclusions] in SwiftTraceGutsD.o
+[NSObject(SwiftTrace) swiftTraceDefaultMethodExclusions] in SwiftTraceGutsD.o
+[NSObject(SwiftTrace) swiftTraceDefaultMethodExclusions] in SwiftTraceGutsD.o
+[NSObject(SwiftTrace) swiftTraceDefaultMethodExclusions] in SwiftTraceGutsD.o
+[NSObject(SwiftTrace) swiftTraceDefaultMethodExclusions] in SwiftTraceGutsD.o
+[NSObject(SwiftTrace) swiftTraceDefaultMethodExclusions] in SwiftTraceGutsD.o
+[NSObject(SwiftTrace) swiftTraceDefaultMethodExclusions] in SwiftTraceGutsD.o
+[NSObject(SwiftTrace) swiftTraceDefaultMethodExclusions] in SwiftTraceGutsD.o
+[NSObject(SwiftTrace) swiftTraceDefaultMethodExclusions] in SwiftTraceGutsD.o
+[NSObject(SwiftTrace) swiftTraceDefaultMethodExclusions] in SwiftTraceGutsD.o
+[NSObject(SwiftTrace) swiftTraceDefaultMethodExclusions] in SwiftTraceGutsD.o
+[NSObject(SwiftTrace) swiftTraceDefaultMethodExclusions] in SwiftTraceGutsD.o
+[NSObject(SwiftTrace) swiftTraceDefaultMethodExclusions] in SwiftTraceGutsD.o
+[NSObject(SwiftTrace) swiftTraceDefaultMethodExclusions] in SwiftTraceGutsD.o
+[NSObject(SwiftTrace) swiftTraceDefaultMethodExclusions] in SwiftTraceGutsD.o
+[NSObject(SwiftTrace) swiftTraceDefaultMethodExclusions] in SwiftTraceGutsD.o
...
"_objc_retain", referenced from:
+[NSObject(SwiftTrace) swiftTraceDefaultMethodExclusions] in SwiftTraceGutsD.o
+[NSObject(SwiftTrace) swiftTraceDefaultMethodExclusions] in SwiftTraceGutsD.o
+[NSObject(SwiftTrace) swiftTraceDefaultMethodExclusions] in SwiftTraceGutsD.o
+[NSObject(SwiftTrace) swiftTraceDefaultMethodExclusions] in SwiftTraceGutsD.o
+[NSObject(SwiftTrace) swiftTraceDefaultMethodExclusions] in SwiftTraceGutsD.o
"_objc_retainAutorelease", referenced from:
+[NSObject(SwiftTrace) swiftTraceDefaultMethodExclusions] in SwiftTraceGutsD.o
+[NSObject(SwiftTrace) swiftTraceDefaultMethodExclusions] in SwiftTraceGutsD.o
+[NSObject(SwiftTrace) swiftTraceDefaultMethodExclusions] in SwiftTraceGutsD.o
+[NSObject(SwiftTrace) swiftTraceDefaultMethodExclusions] in SwiftTraceGutsD.o
+[NSObject(SwiftTrace) swiftTraceDefaultMethodExclusions] in SwiftTraceGutsD.o
+[NSObject(SwiftTrace) swiftTraceDefaultMethodExclusions] in SwiftTraceGutsD.o
+[NSObject(SwiftTrace) swiftTraceDefaultMethodExclusions] in SwiftTraceGutsD.o
...
"_objc_retainAutoreleasedReturnValue", referenced from:
+[NSObject(SwiftTrace) swiftTraceDefaultMethodExclusions] in SwiftTraceGutsD.o
+[NSObject(SwiftTrace) swiftTraceDefaultMethodExclusions] in SwiftTraceGutsD.o
+[NSObject(SwiftTrace) swiftTraceDefaultMethodExclusions] in SwiftTraceGutsD.o
+[NSObject(SwiftTrace) swiftTraceDefaultMethodExclusions] in SwiftTraceGutsD.o
+[NSObject(SwiftTrace) swiftTraceDefaultMethodExclusions] in SwiftTraceGutsD.o
+[NSObject(SwiftTrace) swiftTraceDefaultMethodExclusions] in SwiftTraceGutsD.o
+[NSObject(SwiftTrace) swiftTraceDefaultMethodExclusions] in SwiftTraceGutsD.o
+[NSObject(SwiftTrace) swiftTraceDefaultMethodExclusions] in SwiftTraceGutsD.o
+[NSObject(SwiftTrace) swiftTraceDefaultMethodExclusions] in SwiftTraceGutsD.o
+[NSObject(SwiftTrace) swiftTraceDefaultMethodExclusions] in SwiftTraceGutsD.o
+[NSObject(SwiftTrace) swiftTraceDefaultMethodExclusions] in SwiftTraceGutsD.o
+[NSObject(SwiftTrace) swiftTraceDefaultMethodExclusions] in SwiftTraceGutsD.o
+[NSObject(SwiftTrace) swiftTraceDefaultMethodExclusions] in SwiftTraceGutsD.o
+[NSObject(SwiftTrace) swiftTraceDefaultMethodExclusions] in SwiftTraceGutsD.o
+[NSObject(SwiftTrace) swiftTraceDefaultMethodExclusions] in SwiftTraceGutsD.o
+[NSObject(SwiftTrace) swiftTraceDefaultMethodExclusions] in SwiftTraceGutsD.o
+[NSObject(SwiftTrace) swiftTraceDefaultMethodExclusions] in SwiftTraceGutsD.o
+[NSObject(SwiftTrace) swiftTraceDefaultMethodExclusions] in SwiftTraceGutsD.o
+[NSObject(SwiftTrace) swiftTraceDefaultMethodExclusions] in SwiftTraceGutsD.o
+[NSObject(SwiftTrace) swiftTraceDefaultMethodExclusions] in SwiftTraceGutsD.o
+[NSObject(SwiftTrace) swiftTraceDefaultMethodExclusions] in SwiftTraceGutsD.o
+[NSObject(SwiftTrace) swiftTraceDefaultMethodExclusions] in SwiftTraceGutsD.o
+[NSObject(SwiftTrace) swiftTraceDefaultMethodExclusions] in SwiftTraceGutsD.o
+[NSObject(SwiftTrace) swiftTraceDefaultMethodExclusions] in SwiftTraceGutsD.o
+[NSObject(SwiftTrace) swiftTraceDefaultMethodExclusions] in SwiftTraceGutsD.o
+[NSObject(SwiftTrace) swiftTraceDefaultMethodExclusions] in SwiftTraceGutsD.o
+[NSObject(SwiftTrace) swiftTraceDefaultMethodExclusions] in SwiftTraceGutsD.o
...
"_objc_retainBlock", referenced from:
+[NSObject(SwiftTrace) swiftTraceDefaultMethodExclusions] in SwiftTraceGutsD.o
"_objc_storeStrong", referenced from:
+[NSObject(SwiftTrace) swiftTraceDefaultMethodExclusions] in SwiftTraceGutsD.o
+[NSObject(SwiftTrace) swiftTraceDefaultMethodExclusions] in SwiftTraceGutsD.o
+[NSObject(SwiftTrace) swiftTraceDefaultMethodExclusions] in SwiftTraceGutsD.o
+[NSObject(SwiftTrace) swiftTraceDefaultMethodExclusions] in SwiftTraceGutsD.o
+[NSObject(SwiftTrace) swiftTraceDefaultMethodExclusions] in SwiftTraceGutsD.o
+[NSObject(SwiftTrace) swiftTraceDefaultMethodExclusions] in SwiftTraceGutsD.o
+[NSObject(SwiftTrace) swiftTraceDefaultMethodExclusions] in SwiftTraceGutsD.o
+[NSObject(SwiftTrace) swiftTraceDefaultMethodExclusions] in SwiftTraceGutsD.o
+[NSObject(SwiftTrace) swiftTraceDefaultMethodExclusions] in SwiftTraceGutsD.o
+[NSObject(SwiftTrace) swiftTraceDefaultMethodExclusions] in SwiftTraceGutsD.o
+[NSObject(SwiftTrace) swiftTraceDefaultMethodExclusions] in SwiftTraceGutsD.o
+[NSObject(SwiftTrace) swiftTraceDefaultMethodExclusions] in SwiftTraceGutsD.o
+[NSObject(SwiftTrace) swiftTraceDefaultMethodExclusions] in SwiftTraceGutsD.o
+[NSObject(SwiftTrace) swiftTraceDefaultMethodExclusions] in SwiftTraceGutsD.o
+[NSObject(SwiftTrace) swiftTraceDefaultMethodExclusions] in SwiftTraceGutsD.o
+[NSObject(SwiftTrace) swiftTraceDefaultMethodExclusions] in SwiftTraceGutsD.o
+[NSObject(SwiftTrace) swiftTraceDefaultMethodExclusions] in SwiftTraceGutsD.o
+[NSObject(SwiftTrace) swiftTraceDefaultMethodExclusions] in SwiftTraceGutsD.o
+[NSObject(SwiftTrace) swiftTraceDefaultMethodExclusions] in SwiftTraceGutsD.o
+[NSObject(SwiftTrace) swiftTraceDefaultMethodExclusions] in SwiftTraceGutsD.o
+[NSObject(SwiftTrace) swiftTraceDefaultMethodExclusions] in SwiftTraceGutsD.o
+[NSObject(SwiftTrace) swiftTraceDefaultMethodExclusions] in SwiftTraceGutsD.o
+[NSObject(SwiftTrace) swiftTraceDefaultMethodExclusions] in SwiftTraceGutsD.o
+[NSObject(SwiftTrace) swiftTraceDefaultMethodExclusions] in SwiftTraceGutsD.o
+[NSObject(SwiftTrace) swiftTraceDefaultMethodExclusions] in SwiftTraceGutsD.o
+[NSObject(SwiftTrace) swiftTraceDefaultMethodExclusions] in SwiftTraceGutsD.o
+[NSObject(SwiftTrace) swiftTraceDefaultMethodExclusions] in SwiftTraceGutsD.o
+[NSObject(SwiftTrace) swiftTraceDefaultMethodExclusions] in SwiftTraceGutsD.o
+[NSObject(SwiftTrace) swiftTraceDefaultMethodExclusions] in SwiftTraceGutsD.o
+[NSObject(SwiftTrace) swiftTraceDefaultMethodExclusions] in SwiftTraceGutsD.o
+[NSObject(SwiftTrace) swiftTraceDefaultMethodExclusions] in SwiftTraceGutsD.o
+[NSObject(SwiftTrace) swiftTraceDefaultMethodExclusions] in SwiftTraceGutsD.o
+[NSObject(SwiftTrace) swiftTraceDefaultMethodExclusions] in SwiftTraceGutsD.o
+[NSObject(SwiftTrace) swiftTraceDefaultMethodExclusions] in SwiftTraceGutsD.o
+[NSObject(SwiftTrace) swiftTraceDefaultMethodExclusions] in SwiftTraceGutsD.o
+[NSObject(SwiftTrace) swiftTraceDefaultMethodExclusions] in SwiftTraceGutsD.o
+[NSObject(SwiftTrace) swiftTraceDefaultMethodExclusions] in SwiftTraceGutsD.o
+[NSObject(SwiftTrace) swiftTraceDefaultMethodExclusions] in SwiftTraceGutsD.o
+[NSObject(SwiftTrace) swiftTraceDefaultMethodExclusions] in SwiftTraceGutsD.o
+[NSObject(SwiftTrace) swiftTraceDefaultMethodExclusions] in SwiftTraceGutsD.o
+[NSObject(SwiftTrace) swiftTraceDefaultMethodExclusions] in SwiftTraceGutsD.o
+[NSObject(SwiftTrace) swiftTraceDefaultMethodExclusions] in SwiftTraceGutsD.o
+[NSObject(SwiftTrace) swiftTraceDefaultMethodExclusions] in SwiftTraceGutsD.o
+[NSObject(SwiftTrace) swiftTraceDefaultMethodExclusions] in SwiftTraceGutsD.o
+[NSObject(SwiftTrace) swiftTraceDefaultMethodExclusions] in SwiftTraceGutsD.o
+[NSObject(SwiftTrace) swiftTraceDefaultMethodExclusions] in SwiftTraceGutsD.o
+[NSObject(SwiftTrace) swiftTraceDefaultMethodExclusions] in SwiftTraceGutsD.o
+[NSObject(SwiftTrace) swiftTraceDefaultMethodExclusions] in SwiftTraceGutsD.o
+[NSObject(SwiftTrace) swiftTraceDefaultMethodExclusions] in SwiftTraceGutsD.o
+[NSObject(SwiftTrace) swiftTraceDefaultMethodExclusions] in SwiftTraceGutsD.o
+[NSObject(SwiftTrace) swiftTraceDefaultMethodExclusions] in SwiftTraceGutsD.o
+[NSObject(SwiftTrace) swiftTraceDefaultMethodExclusions] in SwiftTraceGutsD.o
+[NSObject(SwiftTrace) swiftTraceDefaultMethodExclusions] in SwiftTraceGutsD.o
+[NSObject(SwiftTrace) swiftTraceDefaultMethodExclusions] in SwiftTraceGutsD.o
+[NSObject(SwiftTrace) swiftTraceDefaultMethodExclusions] in SwiftTraceGutsD.o
+[NSObject(SwiftTrace) swiftTraceDefaultMethodExclusions] in SwiftTraceGutsD.o
+[NSObject(SwiftTrace) swiftTraceDefaultMethodExclusions] in SwiftTraceGutsD.o
+[NSObject(SwiftTrace) swiftTraceDefaultMethodExclusions] in SwiftTraceGutsD.o
+[NSObject(SwiftTrace) swiftTraceDefaultMethodExclusions] in SwiftTraceGutsD.o
+[NSObject(SwiftTrace) swiftTraceDefaultMethodExclusions] in SwiftTraceGutsD.o
+[NSObject(SwiftTrace) swiftTraceDefaultMethodExclusions] in SwiftTraceGutsD.o
+[NSObject(SwiftTrace) swiftTraceDefaultMethodExclusions] in SwiftTraceGutsD.o
+[NSObject(SwiftTrace) swiftTraceDefaultMethodExclusions] in SwiftTraceGutsD.o
+[NSObject(SwiftTrace) swiftTraceDefaultMethodExclusions] in SwiftTraceGutsD.o
+[NSObject(SwiftTrace) swiftTraceDefaultMethodExclusions] in SwiftTraceGutsD.o
+[NSObject(SwiftTrace) swiftTraceDefaultMethodExclusions] in SwiftTraceGutsD.o
+[NSObject(SwiftTrace) swiftTraceDefaultMethodExclusions] in SwiftTraceGutsD.o
+[NSObject(SwiftTrace) swiftTraceDefaultMethodExclusions] in SwiftTraceGutsD.o
+[NSObject(SwiftTrace) swiftTraceDefaultMethodExclusions] in SwiftTraceGutsD.o
+[NSObject(SwiftTrace) swiftTraceDefaultMethodExclusions] in SwiftTraceGutsD.o
+[NSObject(SwiftTrace) swiftTraceDefaultMethodExclusions] in SwiftTraceGutsD.o
+[NSObject(SwiftTrace) swiftTraceDefaultMethodExclusions] in SwiftTraceGutsD.o
+[NSObject(SwiftTrace) swiftTraceDefaultMethodExclusions] in SwiftTraceGutsD.o
+[NSObject(SwiftTrace) swiftTraceDefaultMethodExclusions] in SwiftTraceGutsD.o
+[NSObject(SwiftTrace) swiftTraceDefaultMethodExclusions] in SwiftTraceGutsD.o
+[NSObject(SwiftTrace) swiftTraceDefaultMethodExclusions] in SwiftTraceGutsD.o
+[NSObject(SwiftTrace) swiftTraceDefaultMethodExclusions] in SwiftTraceGutsD.o
+[NSObject(SwiftTrace) swiftTraceDefaultMethodExclusions] in SwiftTraceGutsD.o
+[NSObject(SwiftTrace) swiftTraceDefaultMethodExclusions] in SwiftTraceGutsD.o
+[NSObject(SwiftTrace) swiftTraceDefaultMethodExclusions] in SwiftTraceGutsD.o
...
ld: symbol(s) not found for architecture arm64
/Users/admin/builder/spi-builder-workspace/Package.swift: SwiftTraceGutsD-product: clang: error: linker command failed with exit code 1 (use -v to see invocation)
SwiftDriver SwiftTraceD normal arm64 com.apple.xcode.tools.swift.compiler (in target 'SwiftTraceD' from project 'SwiftTrace')
cd /Users/admin/builder/spi-builder-workspace/.swiftpm/xcode
builtin-SwiftDriver -- /Applications/Xcode-27.0.0-Release.Candidate.app/Contents/Developer/Toolchains/XcodeDefault.xctoolchain/usr/bin/swiftc -parse-as-library -module-name SwiftTraceD -Onone @/Users/admin/builder/spi-builder-workspace/.derivedData/Build/Intermediates.noindex/SwiftTrace.build/Debug-watchos/SwiftTraceD-t.build/Objects-normal/arm64/SwiftTraceD.SwiftFileList -DSWIFT_PACKAGE -DDEBUG -DSWIFT_MODULE_RESOURCE_BUNDLE_UNAVAILABLE -DDEBUG_ONLY -Xcc -fmodule-map-file\=/Users/admin/builder/spi-builder-workspace/.derivedData/Build/Intermediates.noindex/GeneratedModuleMaps-watchos/SwiftTraceGutsD.modulemap -DXcode -plugin-path /Applications/Xcode-27.0.0-Release.Candidate.app/Contents/Developer/Toolchains/XcodeDefault.xctoolchain/usr/lib/swift/host/plugins/testing -enable-experimental-feature DebugDescriptionMacro -sdk /Applications/Xcode-27.0.0-Release.Candidate.app/Contents/Developer/Platforms/WatchOS.platform/Developer/SDKs/WatchOS27.0.sdk -target arm64-apple-watchos9.0 -g -module-cache-path /Users/admin/builder/spi-builder-workspace/.derivedData/ModuleCache.noindex -Xfrontend -serialize-debugging-options -enable-testing -index-store-path /Users/admin/builder/spi-builder-workspace/.derivedData/Index.noindex/DataStore -Xcc -D_LIBCPP_HARDENING_MODE\=_LIBCPP_HARDENING_MODE_DEBUG -swift-version 5 -I /Users/admin/builder/spi-builder-workspace/.derivedData/Build/Products/Debug-watchos -Isystem /Applications/Xcode-27.0.0-Release.Candidate.app/Contents/Developer/Platforms/WatchOS.platform/Developer/usr/lib -F /Users/admin/builder/spi-builder-workspace/.derivedData/Build/Products/Debug-watchos/PackageFrameworks -F /Users/admin/builder/spi-builder-workspace/.derivedData/Build/Products/Debug-watchos -F /Applications/Xcode-27.0.0-Release.Candidate.app/Contents/Developer/Platforms/WatchOS.platform/Developer/Library/Frameworks -F /Applications/Xcode-27.0.0-Release.Candidate.app/Contents/Developer/Platforms/WatchOS.platform/Developer/SDKs/WatchOS27.0.sdk/Developer/Library/Frameworks -c -j10 -enable-batch-mode -incremental -Xcc -ivfsstatcache -Xcc /Users/admin/builder/spi-builder-workspace/.derivedData/SDKStatCaches.noindex/watchos27.0-24R360-e829b21a6f8c9b70876ba0858053c04477534ef55a1706bf4c1112bbb242f0a2.sdkstatcache -output-file-map /Users/admin/builder/spi-builder-workspace/.derivedData/Build/Intermediates.noindex/SwiftTrace.build/Debug-watchos/SwiftTraceD-t.build/Objects-normal/arm64/SwiftTraceD-OutputFileMap.json -save-temps -no-color-diagnostics -explicit-module-build -module-cache-path /Users/admin/builder/spi-builder-workspace/.derivedData/Build/Intermediates.noindex/SwiftExplicitPrecompiledModules -clang-scanner-module-cache-path /Users/admin/builder/spi-builder-workspace/.derivedData/ModuleCache.noindex -sdk-module-cache-path /Users/admin/builder/spi-builder-workspace/.derivedData/SDKExplicitPrecompiledModules -emit-dependencies -emit-module -emit-module-path /Users/admin/builder/spi-builder-workspace/.derivedData/Build/Intermediates.noindex/SwiftTrace.build/Debug-watchos/SwiftTraceD-t.build/Objects-normal/arm64/SwiftTraceD.swiftmodule -serialize-diagnostics -dependency-scan-serialize-diagnostics-path /Users/admin/builder/spi-builder-workspace/.derivedData/Build/Intermediates.noindex/SwiftTrace.build/Debug-watchos/SwiftTraceD-t.build/Objects-normal/arm64/SwiftTraceD-dependency-scan.dia -validate-clang-modules-once -clang-build-session-file /Users/admin/builder/spi-builder-workspace/.derivedData/ModuleCache.noindex/Session.modulevalidation -Xcc -fmodules-prune-interval\=86400 -Xcc -fmodules-prune-after\=345600 -emit-const-values -const-gather-protocols-list /Users/admin/builder/spi-builder-workspace/.derivedData/Build/Intermediates.noindex/SwiftTrace.build/Debug-watchos/SwiftTraceD-t.build/Objects-normal/arm64/SwiftTraceD_const_extract_protocols.json -Xcc -I/Users/admin/builder/spi-builder-workspace/SwiftTraceGutsD/include -Xcc -I/Users/admin/builder/spi-builder-workspace/.derivedData/Build/Products/Debug-watchos/include -Xcc -I/Users/admin/builder/spi-builder-workspace/.derivedData/Build/Intermediates.noindex/SwiftTrace.build/Debug-watchos/SwiftTraceD-t.build/DerivedSources-normal/arm64 -Xcc -I/Users/admin/builder/spi-builder-workspace/.derivedData/Build/Intermediates.noindex/SwiftTrace.build/Debug-watchos/SwiftTraceD-t.build/DerivedSources/arm64 -Xcc -I/Users/admin/builder/spi-builder-workspace/.derivedData/Build/Intermediates.noindex/SwiftTrace.build/Debug-watchos/SwiftTraceD-t.build/DerivedSources -Xcc -DSWIFT_PACKAGE -Xcc -DDEBUG\=1 -emit-objc-header -emit-objc-header-path /Users/admin/builder/spi-builder-workspace/.derivedData/Build/Intermediates.noindex/SwiftTrace.build/Debug-watchos/SwiftTraceD-t.build/Objects-normal/arm64/SwiftTraceD-Swift.h -working-directory /Users/admin/builder/spi-builder-workspace/.swiftpm/xcode -experimental-emit-module-separately -disable-cmo
SwiftDriver SwiftTrace normal arm64 com.apple.xcode.tools.swift.compiler (in target 'SwiftTrace' from project 'SwiftTrace')
cd /Users/admin/builder/spi-builder-workspace/.swiftpm/xcode
builtin-SwiftDriver -- /Applications/Xcode-27.0.0-Release.Candidate.app/Contents/Developer/Toolchains/XcodeDefault.xctoolchain/usr/bin/swiftc -parse-as-library -module-name SwiftTrace -Onone @/Users/admin/builder/spi-builder-workspace/.derivedData/Build/Intermediates.noindex/SwiftTrace.build/Debug-watchos/SwiftTrace-t.build/Objects-normal/arm64/SwiftTrace.SwiftFileList -DSWIFT_PACKAGE -DDEBUG -DSWIFT_MODULE_RESOURCE_BUNDLE_UNAVAILABLE -Xcc -fmodule-map-file\=/Users/admin/builder/spi-builder-workspace/.derivedData/Build/Intermediates.noindex/GeneratedModuleMaps-watchos/SwiftTraceGuts.modulemap -DXcode -plugin-path /Applications/Xcode-27.0.0-Release.Candidate.app/Contents/Developer/Toolchains/XcodeDefault.xctoolchain/usr/lib/swift/host/plugins/testing -enable-experimental-feature DebugDescriptionMacro -sdk /Applications/Xcode-27.0.0-Release.Candidate.app/Contents/Developer/Platforms/WatchOS.platform/Developer/SDKs/WatchOS27.0.sdk -target arm64-apple-watchos9.0 -g -module-cache-path /Users/admin/builder/spi-builder-workspace/.derivedData/ModuleCache.noindex -Xfrontend -serialize-debugging-options -enable-testing -index-store-path /Users/admin/builder/spi-builder-workspace/.derivedData/Index.noindex/DataStore -Xcc -D_LIBCPP_HARDENING_MODE\=_LIBCPP_HARDENING_MODE_DEBUG -swift-version 5 -I /Users/admin/builder/spi-builder-workspace/.derivedData/Build/Products/Debug-watchos -Isystem /Applications/Xcode-27.0.0-Release.Candidate.app/Contents/Developer/Platforms/WatchOS.platform/Developer/usr/lib -F /Users/admin/builder/spi-builder-workspace/.derivedData/Build/Products/Debug-watchos/PackageFrameworks -F /Users/admin/builder/spi-builder-workspace/.derivedData/Build/Products/Debug-watchos -F /Applications/Xcode-27.0.0-Release.Candidate.app/Contents/Developer/Platforms/WatchOS.platform/Developer/Library/Frameworks -F /Applications/Xcode-27.0.0-Release.Candidate.app/Contents/Developer/Platforms/WatchOS.platform/Developer/SDKs/WatchOS27.0.sdk/Developer/Library/Frameworks -c -j10 -enable-batch-mode -incremental -Xcc -ivfsstatcache -Xcc /Users/admin/builder/spi-builder-workspace/.derivedData/SDKStatCaches.noindex/watchos27.0-24R360-e829b21a6f8c9b70876ba0858053c04477534ef55a1706bf4c1112bbb242f0a2.sdkstatcache -output-file-map /Users/admin/builder/spi-builder-workspace/.derivedData/Build/Intermediates.noindex/SwiftTrace.build/Debug-watchos/SwiftTrace-t.build/Objects-normal/arm64/SwiftTrace-OutputFileMap.json -save-temps -no-color-diagnostics -explicit-module-build -module-cache-path /Users/admin/builder/spi-builder-workspace/.derivedData/Build/Intermediates.noindex/SwiftExplicitPrecompiledModules -clang-scanner-module-cache-path /Users/admin/builder/spi-builder-workspace/.derivedData/ModuleCache.noindex -sdk-module-cache-path /Users/admin/builder/spi-builder-workspace/.derivedData/SDKExplicitPrecompiledModules -emit-dependencies -emit-module -emit-module-path /Users/admin/builder/spi-builder-workspace/.derivedData/Build/Intermediates.noindex/SwiftTrace.build/Debug-watchos/SwiftTrace-t.build/Objects-normal/arm64/SwiftTrace.swiftmodule -serialize-diagnostics -dependency-scan-serialize-diagnostics-path /Users/admin/builder/spi-builder-workspace/.derivedData/Build/Intermediates.noindex/SwiftTrace.build/Debug-watchos/SwiftTrace-t.build/Objects-normal/arm64/SwiftTrace-dependency-scan.dia -validate-clang-modules-once -clang-build-session-file /Users/admin/builder/spi-builder-workspace/.derivedData/ModuleCache.noindex/Session.modulevalidation -Xcc -fmodules-prune-interval\=86400 -Xcc -fmodules-prune-after\=345600 -emit-const-values -const-gather-protocols-list /Users/admin/builder/spi-builder-workspace/.derivedData/Build/Intermediates.noindex/SwiftTrace.build/Debug-watchos/SwiftTrace-t.build/Objects-normal/arm64/SwiftTrace_const_extract_protocols.json -Xcc -I/Users/admin/builder/spi-builder-workspace/SwiftTraceGuts/include -Xcc -I/Users/admin/builder/spi-builder-workspace/.derivedData/Build/Products/Debug-watchos/include -Xcc -I/Users/admin/builder/spi-builder-workspace/.derivedData/Build/Intermediates.noindex/SwiftTrace.build/Debug-watchos/SwiftTrace-t.build/DerivedSources-normal/arm64 -Xcc -I/Users/admin/builder/spi-builder-workspace/.derivedData/Build/Intermediates.noindex/SwiftTrace.build/Debug-watchos/SwiftTrace-t.build/DerivedSources/arm64 -Xcc -I/Users/admin/builder/spi-builder-workspace/.derivedData/Build/Intermediates.noindex/SwiftTrace.build/Debug-watchos/SwiftTrace-t.build/DerivedSources -Xcc -DSWIFT_PACKAGE -Xcc -DDEBUG\=1 -emit-objc-header -emit-objc-header-path /Users/admin/builder/spi-builder-workspace/.derivedData/Build/Intermediates.noindex/SwiftTrace.build/Debug-watchos/SwiftTrace-t.build/Objects-normal/arm64/SwiftTrace-Swift.h -working-directory /Users/admin/builder/spi-builder-workspace/.swiftpm/xcode -experimental-emit-module-separately -disable-cmo
SwiftDriver SwiftTraceD normal arm64_32 com.apple.xcode.tools.swift.compiler (in target 'SwiftTraceD' from project 'SwiftTrace')
cd /Users/admin/builder/spi-builder-workspace/.swiftpm/xcode
builtin-SwiftDriver -- /Applications/Xcode-27.0.0-Release.Candidate.app/Contents/Developer/Toolchains/XcodeDefault.xctoolchain/usr/bin/swiftc -parse-as-library -module-name SwiftTraceD -Onone @/Users/admin/builder/spi-builder-workspace/.derivedData/Build/Intermediates.noindex/SwiftTrace.build/Debug-watchos/SwiftTraceD-t.build/Objects-normal/arm64_32/SwiftTraceD.SwiftFileList -DSWIFT_PACKAGE -DDEBUG -DSWIFT_MODULE_RESOURCE_BUNDLE_UNAVAILABLE -DDEBUG_ONLY -Xcc -fmodule-map-file\=/Users/admin/builder/spi-builder-workspace/.derivedData/Build/Intermediates.noindex/GeneratedModuleMaps-watchos/SwiftTraceGutsD.modulemap -DXcode -plugin-path /Applications/Xcode-27.0.0-Release.Candidate.app/Contents/Developer/Toolchains/XcodeDefault.xctoolchain/usr/lib/swift/host/plugins/testing -enable-experimental-feature DebugDescriptionMacro -sdk /Applications/Xcode-27.0.0-Release.Candidate.app/Contents/Developer/Platforms/WatchOS.platform/Developer/SDKs/WatchOS27.0.sdk -target arm64_32-apple-watchos9.0 -g -module-cache-path /Users/admin/builder/spi-builder-workspace/.derivedData/ModuleCache.noindex -Xfrontend -serialize-debugging-options -enable-testing -index-store-path /Users/admin/builder/spi-builder-workspace/.derivedData/Index.noindex/DataStore -Xcc -D_LIBCPP_HARDENING_MODE\=_LIBCPP_HARDENING_MODE_DEBUG -swift-version 5 -I /Users/admin/builder/spi-builder-workspace/.derivedData/Build/Products/Debug-watchos -Isystem /Applications/Xcode-27.0.0-Release.Candidate.app/Contents/Developer/Platforms/WatchOS.platform/Developer/usr/lib -F /Users/admin/builder/spi-builder-workspace/.derivedData/Build/Products/Debug-watchos/PackageFrameworks -F /Users/admin/builder/spi-builder-workspace/.derivedData/Build/Products/Debug-watchos -F /Applications/Xcode-27.0.0-Release.Candidate.app/Contents/Developer/Platforms/WatchOS.platform/Developer/Library/Frameworks -F /Applications/Xcode-27.0.0-Release.Candidate.app/Contents/Developer/Platforms/WatchOS.platform/Developer/SDKs/WatchOS27.0.sdk/Developer/Library/Frameworks -c -j10 -enable-batch-mode -incremental -Xcc -ivfsstatcache -Xcc /Users/admin/builder/spi-builder-workspace/.derivedData/SDKStatCaches.noindex/watchos27.0-24R360-e829b21a6f8c9b70876ba0858053c04477534ef55a1706bf4c1112bbb242f0a2.sdkstatcache -output-file-map /Users/admin/builder/spi-builder-workspace/.derivedData/Build/Intermediates.noindex/SwiftTrace.build/Debug-watchos/SwiftTraceD-t.build/Objects-normal/arm64_32/SwiftTraceD-OutputFileMap.json -save-temps -no-color-diagnostics -explicit-module-build -module-cache-path /Users/admin/builder/spi-builder-workspace/.derivedData/Build/Intermediates.noindex/SwiftExplicitPrecompiledModules -clang-scanner-module-cache-path /Users/admin/builder/spi-builder-workspace/.derivedData/ModuleCache.noindex -sdk-module-cache-path /Users/admin/builder/spi-builder-workspace/.derivedData/SDKExplicitPrecompiledModules -emit-dependencies -emit-module -emit-module-path /Users/admin/builder/spi-builder-workspace/.derivedData/Build/Intermediates.noindex/SwiftTrace.build/Debug-watchos/SwiftTraceD-t.build/Objects-normal/arm64_32/SwiftTraceD.swiftmodule -serialize-diagnostics -dependency-scan-serialize-diagnostics-path /Users/admin/builder/spi-builder-workspace/.derivedData/Build/Intermediates.noindex/SwiftTrace.build/Debug-watchos/SwiftTraceD-t.build/Objects-normal/arm64_32/SwiftTraceD-dependency-scan.dia -validate-clang-modules-once -clang-build-session-file /Users/admin/builder/spi-builder-workspace/.derivedData/ModuleCache.noindex/Session.modulevalidation -Xcc -fmodules-prune-interval\=86400 -Xcc -fmodules-prune-after\=345600 -emit-const-values -const-gather-protocols-list /Users/admin/builder/spi-builder-workspace/.derivedData/Build/Intermediates.noindex/SwiftTrace.build/Debug-watchos/SwiftTraceD-t.build/Objects-normal/arm64_32/SwiftTraceD_const_extract_protocols.json -Xcc -I/Users/admin/builder/spi-builder-workspace/SwiftTraceGutsD/include -Xcc -I/Users/admin/builder/spi-builder-workspace/.derivedData/Build/Products/Debug-watchos/include -Xcc -I/Users/admin/builder/spi-builder-workspace/.derivedData/Build/Intermediates.noindex/SwiftTrace.build/Debug-watchos/SwiftTraceD-t.build/DerivedSources-normal/arm64_32 -Xcc -I/Users/admin/builder/spi-builder-workspace/.derivedData/Build/Intermediates.noindex/SwiftTrace.build/Debug-watchos/SwiftTraceD-t.build/DerivedSources/arm64_32 -Xcc -I/Users/admin/builder/spi-builder-workspace/.derivedData/Build/Intermediates.noindex/SwiftTrace.build/Debug-watchos/SwiftTraceD-t.build/DerivedSources -Xcc -DSWIFT_PACKAGE -Xcc -DDEBUG\=1 -emit-objc-header -emit-objc-header-path /Users/admin/builder/spi-builder-workspace/.derivedData/Build/Intermediates.noindex/SwiftTrace.build/Debug-watchos/SwiftTraceD-t.build/Objects-normal/arm64_32/SwiftTraceD-Swift.h -working-directory /Users/admin/builder/spi-builder-workspace/.swiftpm/xcode -experimental-emit-module-separately -disable-cmo
SwiftDriver SwiftTrace normal arm64_32 com.apple.xcode.tools.swift.compiler (in target 'SwiftTrace' from project 'SwiftTrace')
cd /Users/admin/builder/spi-builder-workspace/.swiftpm/xcode
builtin-SwiftDriver -- /Applications/Xcode-27.0.0-Release.Candidate.app/Contents/Developer/Toolchains/XcodeDefault.xctoolchain/usr/bin/swiftc -parse-as-library -module-name SwiftTrace -Onone @/Users/admin/builder/spi-builder-workspace/.derivedData/Build/Intermediates.noindex/SwiftTrace.build/Debug-watchos/SwiftTrace-t.build/Objects-normal/arm64_32/SwiftTrace.SwiftFileList -DSWIFT_PACKAGE -DDEBUG -DSWIFT_MODULE_RESOURCE_BUNDLE_UNAVAILABLE -Xcc -fmodule-map-file\=/Users/admin/builder/spi-builder-workspace/.derivedData/Build/Intermediates.noindex/GeneratedModuleMaps-watchos/SwiftTraceGuts.modulemap -DXcode -plugin-path /Applications/Xcode-27.0.0-Release.Candidate.app/Contents/Developer/Toolchains/XcodeDefault.xctoolchain/usr/lib/swift/host/plugins/testing -enable-experimental-feature DebugDescriptionMacro -sdk /Applications/Xcode-27.0.0-Release.Candidate.app/Contents/Developer/Platforms/WatchOS.platform/Developer/SDKs/WatchOS27.0.sdk -target arm64_32-apple-watchos9.0 -g -module-cache-path /Users/admin/builder/spi-builder-workspace/.derivedData/ModuleCache.noindex -Xfrontend -serialize-debugging-options -enable-testing -index-store-path /Users/admin/builder/spi-builder-workspace/.derivedData/Index.noindex/DataStore -Xcc -D_LIBCPP_HARDENING_MODE\=_LIBCPP_HARDENING_MODE_DEBUG -swift-version 5 -I /Users/admin/builder/spi-builder-workspace/.derivedData/Build/Products/Debug-watchos -Isystem /Applications/Xcode-27.0.0-Release.Candidate.app/Contents/Developer/Platforms/WatchOS.platform/Developer/usr/lib -F /Users/admin/builder/spi-builder-workspace/.derivedData/Build/Products/Debug-watchos/PackageFrameworks -F /Users/admin/builder/spi-builder-workspace/.derivedData/Build/Products/Debug-watchos -F /Applications/Xcode-27.0.0-Release.Candidate.app/Contents/Developer/Platforms/WatchOS.platform/Developer/Library/Frameworks -F /Applications/Xcode-27.0.0-Release.Candidate.app/Contents/Developer/Platforms/WatchOS.platform/Developer/SDKs/WatchOS27.0.sdk/Developer/Library/Frameworks -c -j10 -enable-batch-mode -incremental -Xcc -ivfsstatcache -Xcc /Users/admin/builder/spi-builder-workspace/.derivedData/SDKStatCaches.noindex/watchos27.0-24R360-e829b21a6f8c9b70876ba0858053c04477534ef55a1706bf4c1112bbb242f0a2.sdkstatcache -output-file-map /Users/admin/builder/spi-builder-workspace/.derivedData/Build/Intermediates.noindex/SwiftTrace.build/Debug-watchos/SwiftTrace-t.build/Objects-normal/arm64_32/SwiftTrace-OutputFileMap.json -save-temps -no-color-diagnostics -explicit-module-build -module-cache-path /Users/admin/builder/spi-builder-workspace/.derivedData/Build/Intermediates.noindex/SwiftExplicitPrecompiledModules -clang-scanner-module-cache-path /Users/admin/builder/spi-builder-workspace/.derivedData/ModuleCache.noindex -sdk-module-cache-path /Users/admin/builder/spi-builder-workspace/.derivedData/SDKExplicitPrecompiledModules -emit-dependencies -emit-module -emit-module-path /Users/admin/builder/spi-builder-workspace/.derivedData/Build/Intermediates.noindex/SwiftTrace.build/Debug-watchos/SwiftTrace-t.build/Objects-normal/arm64_32/SwiftTrace.swiftmodule -serialize-diagnostics -dependency-scan-serialize-diagnostics-path /Users/admin/builder/spi-builder-workspace/.derivedData/Build/Intermediates.noindex/SwiftTrace.build/Debug-watchos/SwiftTrace-t.build/Objects-normal/arm64_32/SwiftTrace-dependency-scan.dia -validate-clang-modules-once -clang-build-session-file /Users/admin/builder/spi-builder-workspace/.derivedData/ModuleCache.noindex/Session.modulevalidation -Xcc -fmodules-prune-interval\=86400 -Xcc -fmodules-prune-after\=345600 -emit-const-values -const-gather-protocols-list /Users/admin/builder/spi-builder-workspace/.derivedData/Build/Intermediates.noindex/SwiftTrace.build/Debug-watchos/SwiftTrace-t.build/Objects-normal/arm64_32/SwiftTrace_const_extract_protocols.json -Xcc -I/Users/admin/builder/spi-builder-workspace/SwiftTraceGuts/include -Xcc -I/Users/admin/builder/spi-builder-workspace/.derivedData/Build/Products/Debug-watchos/include -Xcc -I/Users/admin/builder/spi-builder-workspace/.derivedData/Build/Intermediates.noindex/SwiftTrace.build/Debug-watchos/SwiftTrace-t.build/DerivedSources-normal/arm64_32 -Xcc -I/Users/admin/builder/spi-builder-workspace/.derivedData/Build/Intermediates.noindex/SwiftTrace.build/Debug-watchos/SwiftTrace-t.build/DerivedSources/arm64_32 -Xcc -I/Users/admin/builder/spi-builder-workspace/.derivedData/Build/Intermediates.noindex/SwiftTrace.build/Debug-watchos/SwiftTrace-t.build/DerivedSources -Xcc -DSWIFT_PACKAGE -Xcc -DDEBUG\=1 -emit-objc-header -emit-objc-header-path /Users/admin/builder/spi-builder-workspace/.derivedData/Build/Intermediates.noindex/SwiftTrace.build/Debug-watchos/SwiftTrace-t.build/Objects-normal/arm64_32/SwiftTrace-Swift.h -working-directory /Users/admin/builder/spi-builder-workspace/.swiftpm/xcode -experimental-emit-module-separately -disable-cmo
Ld /Users/admin/builder/spi-builder-workspace/.derivedData/Build/Intermediates.noindex/SwiftTrace.build/Debug-watchos/SwiftTraceGuts-t.build/Objects-normal/arm64/Binary/SwiftTraceGuts.o normal arm64 (in target 'SwiftTraceGuts' from project 'SwiftTrace')
cd /Users/admin/builder/spi-builder-workspace
/Applications/Xcode-27.0.0-Release.Candidate.app/Contents/Developer/Toolchains/XcodeDefault.xctoolchain/usr/bin/clang++ -Xlinker -reproducible -target arm64-apple-watchos9.0 -r -isysroot /Applications/Xcode-27.0.0-Release.Candidate.app/Contents/Developer/Platforms/WatchOS.platform/Developer/SDKs/WatchOS27.0.sdk -O0 -Xlinker -no_warn_duplicate_libraries -F/Users/admin/builder/spi-builder-workspace/.derivedData/Build/Intermediates.noindex/EagerLinkingTBDs/Debug-watchos -F/Users/admin/builder/spi-builder-workspace/.derivedData/Build/Products/Debug-watchos -iframework /Applications/Xcode-27.0.0-Release.Candidate.app/Contents/Developer/Platforms/WatchOS.platform/Developer/Library/Frameworks -iframework /Applications/Xcode-27.0.0-Release.Candidate.app/Contents/Developer/Platforms/WatchOS.platform/Developer/SDKs/WatchOS27.0.sdk/Developer/Library/Frameworks -filelist /Users/admin/builder/spi-builder-workspace/.derivedData/Build/Intermediates.noindex/SwiftTrace.build/Debug-watchos/SwiftTraceGuts-t.build/Objects-normal/arm64/SwiftTraceGuts.LinkFileList -nostdlib -Xlinker -object_path_lto -Xlinker /Users/admin/builder/spi-builder-workspace/.derivedData/Build/Intermediates.noindex/SwiftTrace.build/Debug-watchos/SwiftTraceGuts-t.build/Objects-normal/arm64/SwiftTraceGuts_lto.o -Xlinker -no_deduplicate -Xlinker -dependency_info -Xlinker /Users/admin/builder/spi-builder-workspace/.derivedData/Build/Intermediates.noindex/SwiftTrace.build/Debug-watchos/SwiftTraceGuts-t.build/Objects-normal/arm64/SwiftTraceGuts_dependency_info.dat -fobjc-arc -fobjc-link-runtime -o /Users/admin/builder/spi-builder-workspace/.derivedData/Build/Intermediates.noindex/SwiftTrace.build/Debug-watchos/SwiftTraceGuts-t.build/Objects-normal/arm64/Binary/SwiftTraceGuts.o
CreateUniversalBinary /Users/admin/builder/spi-builder-workspace/.derivedData/Build/Products/Debug-watchos/SwiftTraceGuts.o normal arm64\ arm64_32 (in target 'SwiftTraceGuts' from project 'SwiftTrace')
cd /Users/admin/builder/spi-builder-workspace
/Applications/Xcode-27.0.0-Release.Candidate.app/Contents/Developer/Toolchains/XcodeDefault.xctoolchain/usr/bin/lipo -create /Users/admin/builder/spi-builder-workspace/.derivedData/Build/Intermediates.noindex/SwiftTrace.build/Debug-watchos/SwiftTraceGuts-t.build/Objects-normal/arm64/Binary/SwiftTraceGuts.o /Users/admin/builder/spi-builder-workspace/.derivedData/Build/Intermediates.noindex/SwiftTrace.build/Debug-watchos/SwiftTraceGuts-t.build/Objects-normal/arm64_32/Binary/SwiftTraceGuts.o -output /Users/admin/builder/spi-builder-workspace/.derivedData/Build/Products/Debug-watchos/SwiftTraceGuts.o
PruneExplicitPrecompiledModules /Users/admin/builder/spi-builder-workspace/.derivedData/Build/Intermediates.noindex/SwiftExplicitPrecompiledModules
PruneExplicitPrecompiledModules /Users/admin/builder/spi-builder-workspace/.derivedData/Build/Intermediates.noindex/ExplicitPrecompiledModules
PruneExplicitPrecompiledModules /Users/admin/builder/spi-builder-workspace/.derivedData/SDKExplicitPrecompiledModules
2026-09-20 17:38:02.745 xcodebuild[909:5194] [MT] IDERunDestination: Supported platforms for the buildables in the current scheme is empty.
** BUILD FAILED **
The following build commands failed:
Ld /Users/admin/builder/spi-builder-workspace/.derivedData/Build/Intermediates.noindex/SwiftTrace.build/Debug-watchos/SwiftTraceGutsD-product-t.build/Objects-normal/arm64_32/Binary/SwiftTraceGutsD normal arm64_32 (in target 'SwiftTraceGutsD-product' from project 'SwiftTrace')
Ld /Users/admin/builder/spi-builder-workspace/.derivedData/Build/Intermediates.noindex/SwiftTrace.build/Debug-watchos/SwiftTraceGutsD-product-t.build/Objects-normal/arm64/Binary/SwiftTraceGutsD normal arm64 (in target 'SwiftTraceGutsD-product' from project 'SwiftTrace')
Building workspace SwiftTrace with scheme SwiftTrace-Package
(3 failures)
BUILD FAILURE 6.4 watchOS