The Swift Package Index logo.Swift Package Index

Build Information

Failed to build DynamicColor, reference 5.0.1 (d9beca), with Swift 6.4 for visionOS using Xcode 27.0 on 17 Sep 2026 00:54:02 UTC.

Build Command

env DEVELOPER_DIR=/Applications/Xcode-27.0.0-Release.Candidate.app xcrun xcodebuild -IDEClonedSourcePackagesDirPathOverride=$PWD/.dependencies -skipMacroValidation -skipPackagePluginValidation -derivedDataPath $PWD/.derivedData build -scheme DynamicColor -destination generic/platform=xrOS

Build Log

========================================
RunAll
========================================
Builder version: 5.1.0
Interrupt handler set up.
========================================
Checkout
========================================
Clone URL: https://github.com/yannickl/DynamicColor.git
Reference: 5.0.1
Initialized empty Git repository in /Users/admin/builder/spi-builder-workspace/.git/
From https://github.com/yannickl/DynamicColor
 * tag               5.0.1      -> FETCH_HEAD
HEAD is now at d9beca1 Fix version numbers
Cloned https://github.com/yannickl/DynamicColor.git
Revision (git rev-parse @):
d9beca13ca85baa50ee29832d0db5129fba69630
SUCCESS checkout https://github.com/yannickl/DynamicColor.git at 5.0.1
========================================
Build
========================================
Selected platform:         visionOS
Swift version:             6.4
Building package at path:  $PWD
https://github.com/yannickl/DynamicColor.git
Command line invocation:
    /Applications/Xcode-27.0.0-Release.Candidate.app/Contents/Developer/usr/bin/xcodebuild -IDEClonedSourcePackagesDirPathOverride=/Users/admin/builder/spi-builder-workspace/.dependencies -resolvePackageDependencies
Resolve Package Graph
Resolve Package Graph
Resolved source packages:
  DynamicColor: /Users/admin/builder/spi-builder-workspace
resolved source packages: DynamicColor
2026-09-16 20:53:08.547 xcodebuild[529:3042] [MT] IDERunDestination: Supported platforms for the buildables in the current scheme is empty.
{
  "dependencies" : [
  ],
  "manifest_display_name" : "DynamicColor",
  "name" : "DynamicColor",
  "path" : "/Users/admin/builder/spi-builder-workspace",
  "platforms" : [
    {
      "name" : "ios",
      "version" : "11.0"
    }
  ],
  "products" : [
    {
      "name" : "DynamicColor",
      "targets" : [
        "DynamicColor"
      ],
      "type" : {
        "library" : [
          "automatic"
        ]
      }
    }
  ],
  "targets" : [
    {
      "c99name" : "DynamicColorTests",
      "module_type" : "SwiftTarget",
      "name" : "DynamicColorTests",
      "path" : "Tests",
      "sources" : [
        "DynamicColor+HSBTests.swift",
        "DynamicColor+HSLTests.swift",
        "DynamicColor+RGBATests.swift",
        "DynamicColor+XCTAssertEqual.swift",
        "DynamicColor+XYZTests.swift",
        "DynamicColorArrayTests.swift",
        "DynamicColorLabTests.swift",
        "DynamicColorTests.swift",
        "DynamicGradientTests.swift"
      ],
      "target_dependencies" : [
        "DynamicColor"
      ],
      "type" : "test"
    },
    {
      "c99name" : "DynamicColor",
      "module_type" : "SwiftTarget",
      "name" : "DynamicColor",
      "path" : "Sources",
      "product_memberships" : [
        "DynamicColor"
      ],
      "sources" : [
        "Array.swift",
        "ContrastDisplayContext.swift",
        "DynamicColor+Deriving.swift",
        "DynamicColor+HSB.swift",
        "DynamicColor+HSL.swift",
        "DynamicColor+Lab.swift",
        "DynamicColor+Mixing.swift",
        "DynamicColor+RGBA.swift",
        "DynamicColor+XYZ.swift",
        "DynamicColor.swift",
        "DynamicColorSpace.swift",
        "DynamicGradient.swift",
        "HSL.swift",
        "SwiftUIColor.swift",
        "Utils.swift"
      ],
      "type" : "library"
    }
  ],
  "tools_version" : "5.0"
}
{
  "workspace" : {
    "name" : "DynamicColor",
    "schemes" : [
      "DynamicColor"
    ]
  }
}
2026-09-16 20:53:50.164 xcodebuild[661:4229] [MT] IDERunDestination: Supported platforms for the buildables in the current scheme is empty.
Running build ...
env DEVELOPER_DIR=/Applications/Xcode-27.0.0-Release.Candidate.app xcrun xcodebuild -IDEClonedSourcePackagesDirPathOverride=$PWD/.dependencies -skipMacroValidation -skipPackagePluginValidation -derivedDataPath $PWD/.derivedData build -scheme DynamicColor -destination generic/platform=xrOS
Command line invocation:
    /Applications/Xcode-27.0.0-Release.Candidate.app/Contents/Developer/usr/bin/xcodebuild -IDEClonedSourcePackagesDirPathOverride=/Users/admin/builder/spi-builder-workspace/.dependencies -skipMacroValidation -skipPackagePluginValidation -derivedDataPath /Users/admin/builder/spi-builder-workspace/.derivedData build -scheme DynamicColor -destination generic/platform=xrOS
Resolve Package Graph
Resolved source packages:
  DynamicColor: /Users/admin/builder/spi-builder-workspace
ComputePackagePrebuildTargetDependencyGraph
Prepare packages
CreateBuildRequest
SendProjectDescription
CreateBuildOperation
ComputeTargetDependencyGraph
note: Building targets in dependency order
note: Target dependency graph (2 targets)
    Target 'DynamicColor-product' in project 'DynamicColor'
        ➜ Explicit dependency on target 'DynamicColor' in project 'DynamicColor'
    Target 'DynamicColor' in project 'DynamicColor' (no dependencies)
GatherProvisioningInputs
CreateBuildDescription
ExecuteExternalTool /Applications/Xcode-27.0.0-Release.Candidate.app/Contents/Developer/Toolchains/XcodeDefault.xctoolchain/usr/bin/clang -v -E -dM -isysroot /Applications/Xcode-27.0.0-Release.Candidate.app/Contents/Developer/Platforms/XROS.platform/Developer/SDKs/XROS27.0.sdk -x c -c /dev/null
ExecuteExternalTool /Applications/Xcode-27.0.0-Release.Candidate.app/Contents/Developer/Toolchains/XcodeDefault.xctoolchain/usr/bin/swiftc --version
ExecuteExternalTool /Applications/Xcode-27.0.0-Release.Candidate.app/Contents/Developer/Toolchains/XcodeDefault.xctoolchain/usr/bin/ld -version_details
Build description signature: 1bba34a38da8510bd10eeec805c20e0f
Build description path: /Users/admin/builder/spi-builder-workspace/.derivedData/Build/Intermediates.noindex/XCBuildData/1bba34a38da8510bd10eeec805c20e0f.xcbuilddata
CreateBuildDirectory /Users/admin/builder/spi-builder-workspace/.derivedData/SDKExplicitPrecompiledModules
    cd /Users/admin/builder/spi-builder-workspace/.swiftpm/xcode
    builtin-create-build-directory /Users/admin/builder/spi-builder-workspace/.derivedData/SDKExplicitPrecompiledModules
CreateBuildDirectory /Users/admin/builder/spi-builder-workspace/.derivedData/ModuleCache.noindex
    cd /Users/admin/builder/spi-builder-workspace/.swiftpm/xcode
    builtin-create-build-directory /Users/admin/builder/spi-builder-workspace/.derivedData/ModuleCache.noindex
CreateBuildDirectory /Users/admin/builder/spi-builder-workspace/.derivedData/CompilationCache.noindex
    cd /Users/admin/builder/spi-builder-workspace/.swiftpm/xcode
    builtin-create-build-directory /Users/admin/builder/spi-builder-workspace/.derivedData/CompilationCache.noindex
CreateBuildDirectory /Users/admin/builder/spi-builder-workspace/.derivedData/Build/Intermediates.noindex
    cd /Users/admin/builder/spi-builder-workspace/.swiftpm/xcode
    builtin-create-build-directory /Users/admin/builder/spi-builder-workspace/.derivedData/Build/Intermediates.noindex
CreateBuildDirectory /Users/admin/builder/spi-builder-workspace/.derivedData/Build/Products
    cd /Users/admin/builder/spi-builder-workspace/.swiftpm/xcode
    builtin-create-build-directory /Users/admin/builder/spi-builder-workspace/.derivedData/Build/Products
ClangStatCache /Applications/Xcode-27.0.0-Release.Candidate.app/Contents/Developer/Toolchains/XcodeDefault.xctoolchain/usr/bin/clang-stat-cache /Applications/Xcode-27.0.0-Release.Candidate.app/Contents/Developer/Platforms/XROS.platform/Developer/SDKs/XROS27.0.sdk /Users/admin/builder/spi-builder-workspace/.derivedData/SDKStatCaches.noindex/xros27.0-24M361-e829b21a6f8c9b70876ba0858053c044735bd543db762f57723cac368afd1ce4.sdkstatcache
    cd /Users/admin/builder/spi-builder-workspace/.swiftpm/xcode
    /Applications/Xcode-27.0.0-Release.Candidate.app/Contents/Developer/Toolchains/XcodeDefault.xctoolchain/usr/bin/clang-stat-cache /Applications/Xcode-27.0.0-Release.Candidate.app/Contents/Developer/Platforms/XROS.platform/Developer/SDKs/XROS27.0.sdk -o /Users/admin/builder/spi-builder-workspace/.derivedData/SDKStatCaches.noindex/xros27.0-24M361-e829b21a6f8c9b70876ba0858053c044735bd543db762f57723cac368afd1ce4.sdkstatcache
CreateBuildDirectory /Users/admin/builder/spi-builder-workspace/.derivedData/Build/Intermediates.noindex/SwiftExplicitPrecompiledModules
    cd /Users/admin/builder/spi-builder-workspace/.swiftpm/xcode
    builtin-create-build-directory /Users/admin/builder/spi-builder-workspace/.derivedData/Build/Intermediates.noindex/SwiftExplicitPrecompiledModules
CreateBuildDirectory /Users/admin/builder/spi-builder-workspace/.derivedData/Build/Intermediates.noindex/PrecompiledHeaders
    cd /Users/admin/builder/spi-builder-workspace/.swiftpm/xcode
    builtin-create-build-directory /Users/admin/builder/spi-builder-workspace/.derivedData/Build/Intermediates.noindex/PrecompiledHeaders
CreateBuildDirectory /Users/admin/builder/spi-builder-workspace/.derivedData/Build/Intermediates.noindex/ExplicitPrecompiledModules
    cd /Users/admin/builder/spi-builder-workspace/.swiftpm/xcode
    builtin-create-build-directory /Users/admin/builder/spi-builder-workspace/.derivedData/Build/Intermediates.noindex/ExplicitPrecompiledModules
CreateBuildDirectory /Users/admin/builder/spi-builder-workspace/.derivedData/Build/Products/Debug-xros
    cd /Users/admin/builder/spi-builder-workspace/.swiftpm/xcode
    builtin-create-build-directory /Users/admin/builder/spi-builder-workspace/.derivedData/Build/Products/Debug-xros
CreateBuildDirectory /Users/admin/builder/spi-builder-workspace/.derivedData/Build/Intermediates.noindex/EagerLinkingTBDs/Debug-xros
    cd /Users/admin/builder/spi-builder-workspace/.swiftpm/xcode
    builtin-create-build-directory /Users/admin/builder/spi-builder-workspace/.derivedData/Build/Intermediates.noindex/EagerLinkingTBDs/Debug-xros
CreateBuildDirectory /Users/admin/builder/spi-builder-workspace/.derivedData/Build/Products/Debug-xros/PackageFrameworks
    cd /Users/admin/builder/spi-builder-workspace/.swiftpm/xcode
    builtin-create-build-directory /Users/admin/builder/spi-builder-workspace/.derivedData/Build/Products/Debug-xros/PackageFrameworks
WriteAuxiliaryFile /Users/admin/builder/spi-builder-workspace/.derivedData/Build/Intermediates.noindex/DynamicColor.build/Debug-xros/DynamicColor-t.build/DynamicColor.modulemap (in target 'DynamicColor' from project 'DynamicColor')
    cd /Users/admin/builder/spi-builder-workspace
    write-file /Users/admin/builder/spi-builder-workspace/.derivedData/Build/Intermediates.noindex/DynamicColor.build/Debug-xros/DynamicColor-t.build/DynamicColor.modulemap
WriteAuxiliaryFile /Users/admin/builder/spi-builder-workspace/.derivedData/Build/Intermediates.noindex/DynamicColor.build/Debug-xros/DynamicColor-t.build/DynamicColor.DependencyStaticMetadataFileList (in target 'DynamicColor' from project 'DynamicColor')
    cd /Users/admin/builder/spi-builder-workspace
    write-file /Users/admin/builder/spi-builder-workspace/.derivedData/Build/Intermediates.noindex/DynamicColor.build/Debug-xros/DynamicColor-t.build/DynamicColor.DependencyStaticMetadataFileList
WriteAuxiliaryFile /Users/admin/builder/spi-builder-workspace/.derivedData/Build/Intermediates.noindex/DynamicColor.build/Debug-xros/DynamicColor-t.build/DynamicColor.DependencyMetadataFileList (in target 'DynamicColor' from project 'DynamicColor')
    cd /Users/admin/builder/spi-builder-workspace
    write-file /Users/admin/builder/spi-builder-workspace/.derivedData/Build/Intermediates.noindex/DynamicColor.build/Debug-xros/DynamicColor-t.build/DynamicColor.DependencyMetadataFileList
WriteAuxiliaryFile /Users/admin/builder/spi-builder-workspace/.derivedData/Build/Intermediates.noindex/DynamicColor.build/Debug-xros/DynamicColor-t.build/Objects-normal/arm64/DynamicColor.LinkFileList (in target 'DynamicColor' from project 'DynamicColor')
    cd /Users/admin/builder/spi-builder-workspace
    write-file /Users/admin/builder/spi-builder-workspace/.derivedData/Build/Intermediates.noindex/DynamicColor.build/Debug-xros/DynamicColor-t.build/Objects-normal/arm64/DynamicColor.LinkFileList
WriteAuxiliaryFile /Users/admin/builder/spi-builder-workspace/.derivedData/Build/Intermediates.noindex/DynamicColor.build/Debug-xros/DynamicColor-t.build/Objects-normal/arm64/DynamicColor_const_extract_protocols.json (in target 'DynamicColor' from project 'DynamicColor')
    cd /Users/admin/builder/spi-builder-workspace
    write-file /Users/admin/builder/spi-builder-workspace/.derivedData/Build/Intermediates.noindex/DynamicColor.build/Debug-xros/DynamicColor-t.build/Objects-normal/arm64/DynamicColor_const_extract_protocols.json
WriteAuxiliaryFile /Users/admin/builder/spi-builder-workspace/.derivedData/Build/Intermediates.noindex/DynamicColor.build/Debug-xros/DynamicColor-t.build/Objects-normal/arm64/DynamicColor.SwiftConstValuesFileList (in target 'DynamicColor' from project 'DynamicColor')
    cd /Users/admin/builder/spi-builder-workspace
    write-file /Users/admin/builder/spi-builder-workspace/.derivedData/Build/Intermediates.noindex/DynamicColor.build/Debug-xros/DynamicColor-t.build/Objects-normal/arm64/DynamicColor.SwiftConstValuesFileList
WriteAuxiliaryFile /Users/admin/builder/spi-builder-workspace/.derivedData/Build/Intermediates.noindex/DynamicColor.build/Debug-xros/DynamicColor-t.build/Objects-normal/arm64/DynamicColor-OutputFileMap.json (in target 'DynamicColor' from project 'DynamicColor')
    cd /Users/admin/builder/spi-builder-workspace
    write-file /Users/admin/builder/spi-builder-workspace/.derivedData/Build/Intermediates.noindex/DynamicColor.build/Debug-xros/DynamicColor-t.build/Objects-normal/arm64/DynamicColor-OutputFileMap.json
WriteAuxiliaryFile /Users/admin/builder/spi-builder-workspace/.derivedData/Build/Intermediates.noindex/DynamicColor.build/Debug-xros/DynamicColor-t.build/Objects-normal/arm64/DynamicColor.SwiftFileList (in target 'DynamicColor' from project 'DynamicColor')
    cd /Users/admin/builder/spi-builder-workspace
    write-file /Users/admin/builder/spi-builder-workspace/.derivedData/Build/Intermediates.noindex/DynamicColor.build/Debug-xros/DynamicColor-t.build/Objects-normal/arm64/DynamicColor.SwiftFileList
Copy /Users/admin/builder/spi-builder-workspace/.derivedData/Build/Intermediates.noindex/GeneratedModuleMaps-xros/DynamicColor.modulemap /Users/admin/builder/spi-builder-workspace/.derivedData/Build/Intermediates.noindex/DynamicColor.build/Debug-xros/DynamicColor-t.build/DynamicColor.modulemap (in target 'DynamicColor' from project 'DynamicColor')
    cd /Users/admin/builder/spi-builder-workspace
    builtin-copy -exclude .DS_Store -exclude CVS -exclude .svn -exclude .git -exclude .hg -resolve-src-symlinks /Users/admin/builder/spi-builder-workspace/.derivedData/Build/Intermediates.noindex/DynamicColor.build/Debug-xros/DynamicColor-t.build/DynamicColor.modulemap /Users/admin/builder/spi-builder-workspace/.derivedData/Build/Intermediates.noindex/GeneratedModuleMaps-xros
SwiftDriver DynamicColor normal arm64 com.apple.xcode.tools.swift.compiler (in target 'DynamicColor' from project 'DynamicColor')
    cd /Users/admin/builder/spi-builder-workspace/.swiftpm/xcode
    builtin-SwiftDriver -- /Applications/Xcode-27.0.0-Release.Candidate.app/Contents/Developer/Toolchains/XcodeDefault.xctoolchain/usr/bin/swiftc -parse-as-library -module-name DynamicColor -Onone @/Users/admin/builder/spi-builder-workspace/.derivedData/Build/Intermediates.noindex/DynamicColor.build/Debug-xros/DynamicColor-t.build/Objects-normal/arm64/DynamicColor.SwiftFileList -DSWIFT_PACKAGE -DDEBUG -DSWIFT_MODULE_RESOURCE_BUNDLE_UNAVAILABLE -DXcode -plugin-path /Applications/Xcode-27.0.0-Release.Candidate.app/Contents/Developer/Toolchains/XcodeDefault.xctoolchain/usr/lib/swift/host/plugins/testing -enable-experimental-feature DebugDescriptionMacro -sdk /Applications/Xcode-27.0.0-Release.Candidate.app/Contents/Developer/Platforms/XROS.platform/Developer/SDKs/XROS27.0.sdk -target arm64-apple-xros1.0 -g -module-cache-path /Users/admin/builder/spi-builder-workspace/.derivedData/ModuleCache.noindex -Xfrontend -serialize-debugging-options -profile-coverage-mapping -profile-generate -enable-testing -index-store-path /Users/admin/builder/spi-builder-workspace/.derivedData/Index.noindex/DataStore -Xcc -D_LIBCPP_HARDENING_MODE\=_LIBCPP_HARDENING_MODE_DEBUG -swift-version 5 -I /Users/admin/builder/spi-builder-workspace/.derivedData/Build/Products/Debug-xros -Isystem /Applications/Xcode-27.0.0-Release.Candidate.app/Contents/Developer/Platforms/XROS.platform/Developer/usr/lib -F /Users/admin/builder/spi-builder-workspace/.derivedData/Build/Products/Debug-xros -F /Applications/Xcode-27.0.0-Release.Candidate.app/Contents/Developer/Platforms/XROS.platform/Developer/Library/Frameworks -F /Applications/Xcode-27.0.0-Release.Candidate.app/Contents/Developer/Platforms/XROS.platform/Developer/SDKs/XROS27.0.sdk/Developer/Library/Frameworks -c -j10 -enable-batch-mode -incremental -Xcc -ivfsstatcache -Xcc /Users/admin/builder/spi-builder-workspace/.derivedData/SDKStatCaches.noindex/xros27.0-24M361-e829b21a6f8c9b70876ba0858053c044735bd543db762f57723cac368afd1ce4.sdkstatcache -output-file-map /Users/admin/builder/spi-builder-workspace/.derivedData/Build/Intermediates.noindex/DynamicColor.build/Debug-xros/DynamicColor-t.build/Objects-normal/arm64/DynamicColor-OutputFileMap.json -save-temps -no-color-diagnostics -explicit-module-build -module-cache-path /Users/admin/builder/spi-builder-workspace/.derivedData/Build/Intermediates.noindex/SwiftExplicitPrecompiledModules -clang-scanner-module-cache-path /Users/admin/builder/spi-builder-workspace/.derivedData/ModuleCache.noindex -sdk-module-cache-path /Users/admin/builder/spi-builder-workspace/.derivedData/SDKExplicitPrecompiledModules -emit-dependencies -emit-module -emit-module-path /Users/admin/builder/spi-builder-workspace/.derivedData/Build/Intermediates.noindex/DynamicColor.build/Debug-xros/DynamicColor-t.build/Objects-normal/arm64/DynamicColor.swiftmodule -serialize-diagnostics -dependency-scan-serialize-diagnostics-path /Users/admin/builder/spi-builder-workspace/.derivedData/Build/Intermediates.noindex/DynamicColor.build/Debug-xros/DynamicColor-t.build/Objects-normal/arm64/DynamicColor-dependency-scan.dia -validate-clang-modules-once -clang-build-session-file /Users/admin/builder/spi-builder-workspace/.derivedData/ModuleCache.noindex/Session.modulevalidation -Xcc -fmodules-prune-interval\=86400 -Xcc -fmodules-prune-after\=345600 -emit-const-values -const-gather-protocols-list /Users/admin/builder/spi-builder-workspace/.derivedData/Build/Intermediates.noindex/DynamicColor.build/Debug-xros/DynamicColor-t.build/Objects-normal/arm64/DynamicColor_const_extract_protocols.json -Xcc -I/Users/admin/builder/spi-builder-workspace/.derivedData/Build/Products/Debug-xros/include -Xcc -I/Users/admin/builder/spi-builder-workspace/.derivedData/Build/Intermediates.noindex/DynamicColor.build/Debug-xros/DynamicColor-t.build/DerivedSources-normal/arm64 -Xcc -I/Users/admin/builder/spi-builder-workspace/.derivedData/Build/Intermediates.noindex/DynamicColor.build/Debug-xros/DynamicColor-t.build/DerivedSources/arm64 -Xcc -I/Users/admin/builder/spi-builder-workspace/.derivedData/Build/Intermediates.noindex/DynamicColor.build/Debug-xros/DynamicColor-t.build/DerivedSources -Xcc -DSWIFT_PACKAGE -Xcc -DDEBUG\=1 -emit-objc-header -emit-objc-header-path /Users/admin/builder/spi-builder-workspace/.derivedData/Build/Intermediates.noindex/DynamicColor.build/Debug-xros/DynamicColor-t.build/Objects-normal/arm64/DynamicColor-Swift.h -working-directory /Users/admin/builder/spi-builder-workspace/.swiftpm/xcode -experimental-emit-module-separately -disable-cmo
SwiftExplicitDependencyGeneratePcm arm64 /Users/admin/builder/spi-builder-workspace/.derivedData/SDKExplicitPrecompiledModules/_Builtin_stddef-5NQ9Z1GV07GBSRQGAQCGXGVRI.pcm
SwiftExplicitDependencyGeneratePcm arm64 /Users/admin/builder/spi-builder-workspace/.derivedData/SDKExplicitPrecompiledModules/ptrcheck-BXA97MNLI4BB0HF5I8MJE403D.pcm
SwiftExplicitDependencyGeneratePcm arm64 /Users/admin/builder/spi-builder-workspace/.derivedData/SDKExplicitPrecompiledModules/ShaderGraph-AW1O397P711WTY8KSK8LZX9YA.pcm
SwiftExplicitDependencyGeneratePcm arm64 /Users/admin/builder/spi-builder-workspace/.derivedData/SDKExplicitPrecompiledModules/_AvailabilityInternal-1Q8IQP6M38UWSGZ95UCEY2M44.pcm
SwiftExplicitDependencyGeneratePcm arm64 /Users/admin/builder/spi-builder-workspace/.derivedData/SDKExplicitPrecompiledModules/ptrauth-1WBA714DZSVUL5JQDJ08CLKZ.pcm
SwiftExplicitDependencyGeneratePcm arm64 /Users/admin/builder/spi-builder-workspace/.derivedData/SDKExplicitPrecompiledModules/_Builtin_stdbool-5BU2ADS7JXQMYENKQHW9X8XOU.pcm
SwiftExplicitDependencyGeneratePcm arm64 /Users/admin/builder/spi-builder-workspace/.derivedData/SDKExplicitPrecompiledModules/DeveloperToolsSupport-46GOQP8J1QTHLYQSJW81T8UZ3.pcm
SwiftExplicitDependencyGeneratePcm arm64 /Users/admin/builder/spi-builder-workspace/.derivedData/SDKExplicitPrecompiledModules/_Builtin_stdarg-CDA349K2K4US766844K8E0PVA.pcm
SwiftExplicitDependencyGeneratePcm arm64 /Users/admin/builder/spi-builder-workspace/.derivedData/SDKExplicitPrecompiledModules/SwiftShims-CI4H5RO9IYFFWQ2COB512Q2S9.pcm
SwiftExplicitDependencyGeneratePcm arm64 /Users/admin/builder/spi-builder-workspace/.derivedData/SDKExplicitPrecompiledModules/_Builtin_float-6WKHNW5S40U2QGHXXGETUDIRA.pcm
SwiftExplicitDependencyGeneratePcm arm64 /Users/admin/builder/spi-builder-workspace/.derivedData/SDKExplicitPrecompiledModules/_SwiftConcurrencyShims-C8XHKSHX96D5YYALNM4W70Z0O.pcm
SwiftExplicitDependencyGeneratePcm arm64 /Users/admin/builder/spi-builder-workspace/.derivedData/SDKExplicitPrecompiledModules/_DarwinFoundation1-5RGRVV2TZ6WC4WZW5IXF8NQ04.pcm
SwiftExplicitDependencyGeneratePcm arm64 /Users/admin/builder/spi-builder-workspace/.derivedData/SDKExplicitPrecompiledModules/_Builtin_limits-425JDMN5HPM3D0UEI8LEHP6NM.pcm
SwiftExplicitDependencyGeneratePcm arm64 /Users/admin/builder/spi-builder-workspace/.derivedData/SDKExplicitPrecompiledModules/_DarwinFoundation2-ENTECK156YEWITZRRBTOCE4KR.pcm
SwiftExplicitDependencyGeneratePcm arm64 /Users/admin/builder/spi-builder-workspace/.derivedData/SDKExplicitPrecompiledModules/_Builtin_stdint-8OR6T47OOYJA90ZBO3N1USDE.pcm
SwiftExplicitDependencyGeneratePcm arm64 /Users/admin/builder/spi-builder-workspace/.derivedData/SDKExplicitPrecompiledModules/string_h-2GT67HHHHK5CF1V1S31LH0PU2.pcm
SwiftExplicitDependencyGeneratePcm arm64 /Users/admin/builder/spi-builder-workspace/.derivedData/SDKExplicitPrecompiledModules/_Builtin_tgmath-BPYSMHWI520EQRL2HW519ZY7Z.pcm
SwiftExplicitDependencyGeneratePcm arm64 /Users/admin/builder/spi-builder-workspace/.derivedData/SDKExplicitPrecompiledModules/sys_types-AYM0BHR77VKMWZCO2T0XGV2HF.pcm
SwiftExplicitDependencyGeneratePcm arm64 /Users/admin/builder/spi-builder-workspace/.derivedData/SDKExplicitPrecompiledModules/_Builtin_intrinsics-BC5IJI3YI34RQ61ZNVDRDZ6RN.pcm
SwiftExplicitDependencyGeneratePcm arm64 /Users/admin/builder/spi-builder-workspace/.derivedData/SDKExplicitPrecompiledModules/_DarwinFoundation3-9ZHN6JKBS40BBA81RQMV8H0IC.pcm
SwiftExplicitDependencyGeneratePcm arm64 /Users/admin/builder/spi-builder-workspace/.derivedData/SDKExplicitPrecompiledModules/_Builtin_stdatomic-1VUZPM79PNCAHXVBERD53WRSF.pcm
SwiftExplicitDependencyGeneratePcm arm64 /Users/admin/builder/spi-builder-workspace/.derivedData/SDKExplicitPrecompiledModules/_Builtin_inttypes-11B64KJD36B3YOHBR1BBXBJY8.pcm
SwiftExplicitDependencyGeneratePcm arm64 /Users/admin/builder/spi-builder-workspace/.derivedData/SDKExplicitPrecompiledModules/Darwin-60P5LVNQO3ESRRM5DCJ05PFNK.pcm
SwiftExplicitDependencyGeneratePcm arm64 /Users/admin/builder/spi-builder-workspace/.derivedData/SDKExplicitPrecompiledModules/simd-9XXAB17Y6E4BBPQADD61NZ23.pcm
SwiftExplicitDependencyGeneratePcm arm64 /Users/admin/builder/spi-builder-workspace/.derivedData/SDKExplicitPrecompiledModules/ObjectiveC-26TIBFYCEJZVP216ZZAU1X8KN.pcm
SwiftExplicitDependencyGeneratePcm arm64 /Users/admin/builder/spi-builder-workspace/.derivedData/SDKExplicitPrecompiledModules/MachO-3XTHY7HWV6RF3KXKYQVHUBUXK.pcm
SwiftExplicitDependencyGeneratePcm arm64 /Users/admin/builder/spi-builder-workspace/.derivedData/SDKExplicitPrecompiledModules/os_object-692CJ8BG6RE5H04487EJJOVXW.pcm
SwiftExplicitDependencyGeneratePcm arm64 /Users/admin/builder/spi-builder-workspace/.derivedData/SDKExplicitPrecompiledModules/os_workgroup-4U1VXMWIZD80E7PRUQF2G7P9X.pcm
SwiftExplicitDependencyGeneratePcm arm64 /Users/admin/builder/spi-builder-workspace/.derivedData/SDKExplicitPrecompiledModules/Dispatch-CLT3466HKC22GCKAWSCNG0H7T.pcm
SwiftExplicitDependencyGeneratePcm arm64 /Users/admin/builder/spi-builder-workspace/.derivedData/SDKExplicitPrecompiledModules/Spatial-5E0I2846LO3ZE24CSVR2O57TI.pcm
SwiftExplicitDependencyGeneratePcm arm64 /Users/admin/builder/spi-builder-workspace/.derivedData/SDKExplicitPrecompiledModules/XPC-EP5EU7FNGP4VOA3EDM18P1KHO.pcm
SwiftExplicitDependencyGeneratePcm arm64 /Users/admin/builder/spi-builder-workspace/.derivedData/SDKExplicitPrecompiledModules/dnssd-CCUV1M8EULNEQJUXO7L0PJAL4.pcm
SwiftExplicitDependencyGeneratePcm arm64 /Users/admin/builder/spi-builder-workspace/.derivedData/SDKExplicitPrecompiledModules/CoreFoundation-AVLTZVCXBU2TO75JCN4AGU8XJ.pcm
SwiftExplicitDependencyGeneratePcm arm64 /Users/admin/builder/spi-builder-workspace/.derivedData/SDKExplicitPrecompiledModules/os-1004XEJ3IXOOAU0KL58SM3D0K.pcm
SwiftExplicitDependencyGeneratePcm arm64 /Users/admin/builder/spi-builder-workspace/.derivedData/SDKExplicitPrecompiledModules/Security-8TH2M8WJIQMET4SADWX0N8372.pcm
SwiftExplicitDependencyGeneratePcm arm64 /Users/admin/builder/spi-builder-workspace/.derivedData/SDKExplicitPrecompiledModules/CoreAudioTypes-45UXYEQRN95KG6BF2CW0QIYK9.pcm
SwiftExplicitDependencyGeneratePcm arm64 /Users/admin/builder/spi-builder-workspace/.derivedData/SDKExplicitPrecompiledModules/CoreGraphics-BFUJ177R223UT2ZI327ZTZY91.pcm
SwiftExplicitDependencyGeneratePcm arm64 /Users/admin/builder/spi-builder-workspace/.derivedData/SDKExplicitPrecompiledModules/CFNetwork-5MI70N1VLDQSWTX4COWLMSIRO.pcm
SwiftExplicitDependencyGeneratePcm arm64 /Users/admin/builder/spi-builder-workspace/.derivedData/SDKExplicitPrecompiledModules/CoreAudio-CXS3C78T5TQDGLEGXIBJ04WJ4.pcm
SwiftExplicitDependencyGeneratePcm arm64 /Users/admin/builder/spi-builder-workspace/.derivedData/SDKExplicitPrecompiledModules/Foundation-8GON1KVEKRN3NOQI8RETBRWJP.pcm
SwiftExplicitDependencyGeneratePcm arm64 /Users/admin/builder/spi-builder-workspace/.derivedData/SDKExplicitPrecompiledModules/ImageIO-5CC6COR9KJYI1UBL7CSHLU2OG.pcm
SwiftExplicitDependencyGeneratePcm arm64 /Users/admin/builder/spi-builder-workspace/.derivedData/SDKExplicitPrecompiledModules/CoreText-6F9TY5TEPCCZ1K2KYM4GMEGHD.pcm
SwiftExplicitDependencyGeneratePcm arm64 /Users/admin/builder/spi-builder-workspace/.derivedData/SDKExplicitPrecompiledModules/CoreMIDI-7L19IC4ZH9BPYLVTD8IIFWN9R.pcm
SwiftExplicitDependencyGeneratePcm arm64 /Users/admin/builder/spi-builder-workspace/.derivedData/SDKExplicitPrecompiledModules/UIUtilities-AOVGLUWEAN6CG2UZFNESGSP6C.pcm
SwiftExplicitDependencyGeneratePcm arm64 /Users/admin/builder/spi-builder-workspace/.derivedData/SDKExplicitPrecompiledModules/Accessibility-1DR4J4YDVDGAYQTZ0FKZ1PU09.pcm
SwiftExplicitDependencyGeneratePcm arm64 /Users/admin/builder/spi-builder-workspace/.derivedData/SDKExplicitPrecompiledModules/UniformTypeIdentifiers-E5KMWDZEKS4QW9RO1KBRDEXV6.pcm
SwiftExplicitDependencyGeneratePcm arm64 /Users/admin/builder/spi-builder-workspace/.derivedData/SDKExplicitPrecompiledModules/_LocationEssentials-8GQGFVARUE99D8VJX3TINY0VP.pcm
SwiftExplicitDependencyGeneratePcm arm64 /Users/admin/builder/spi-builder-workspace/.derivedData/SDKExplicitPrecompiledModules/Symbols-8G2XC01RPQ5HYIZE6JNUT864I.pcm
SwiftExplicitDependencyGeneratePcm arm64 /Users/admin/builder/spi-builder-workspace/.derivedData/SDKExplicitPrecompiledModules/FileProvider-C9I28SI56F2SEVH1BCWTKGODO.pcm
SwiftExplicitDependencyGeneratePcm arm64 /Users/admin/builder/spi-builder-workspace/.derivedData/SDKExplicitPrecompiledModules/CoreData-73N6Z547OZUEZ8ADGEC6XRHWN.pcm
SwiftExplicitDependencyGeneratePcm arm64 /Users/admin/builder/spi-builder-workspace/.derivedData/SDKExplicitPrecompiledModules/LocalAuthentication-9MSPUJ85OBXBTOD7NJCT1GZ0O.pcm
SwiftExplicitDependencyGeneratePcm arm64 /Users/admin/builder/spi-builder-workspace/.derivedData/SDKExplicitPrecompiledModules/IOSurface-5FE9U89GVFF9A7X7AGO2R8ENI.pcm
SwiftExplicitDependencyGeneratePcm arm64 /Users/admin/builder/spi-builder-workspace/.derivedData/SDKExplicitPrecompiledModules/UserNotifications-8IIV1V1FPNAPA4LY1Y23LOM2N.pcm
SwiftExplicitDependencyGeneratePcm arm64 /Users/admin/builder/spi-builder-workspace/.derivedData/SDKExplicitPrecompiledModules/OSLog-BNGT87TS0GMBFF7TY70HHB69.pcm
SwiftExplicitDependencyGeneratePcm arm64 /Users/admin/builder/spi-builder-workspace/.derivedData/SDKExplicitPrecompiledModules/CoreLocation-1SN37095DAPVJ068LLP9TBDQX.pcm
SwiftExplicitDependencyGeneratePcm arm64 /Users/admin/builder/spi-builder-workspace/.derivedData/SDKExplicitPrecompiledModules/DataDetection-BANTQ3WXXGKZJYC0LLB3MD9K0.pcm
SwiftExplicitDependencyGeneratePcm arm64 /Users/admin/builder/spi-builder-workspace/.derivedData/SDKExplicitPrecompiledModules/Network-EQPZZF3W6BWG89K0PY9NZO3T0.pcm
SwiftExplicitDependencyGeneratePcm arm64 /Users/admin/builder/spi-builder-workspace/.derivedData/SDKExplicitPrecompiledModules/Metal-EKNUM9P3PRIBHZK1ZBD6BA2T7.pcm
SwiftExplicitDependencyGeneratePcm arm64 /Users/admin/builder/spi-builder-workspace/.derivedData/SDKExplicitPrecompiledModules/OpenGLES-56BKSYXNVAP91BYZRWAKQZKGI.pcm
SwiftExplicitDependencyGeneratePcm arm64 /Users/admin/builder/spi-builder-workspace/.derivedData/SDKExplicitPrecompiledModules/CoreTransferable-8TBYAKHCX6UC8QQSS7BD8GQK5.pcm
SwiftExplicitDependencyGeneratePcm arm64 /Users/admin/builder/spi-builder-workspace/.derivedData/SDKExplicitPrecompiledModules/AudioToolbox-2K3S8EA590EB3GMH6D6784BWZ.pcm
SwiftExplicitDependencyGeneratePcm arm64 /Users/admin/builder/spi-builder-workspace/.derivedData/SDKExplicitPrecompiledModules/CoreMotion-10LV922UPGE28QX2SOIO7ALIZ.pcm
SwiftExplicitDependencyGeneratePcm arm64 /Users/admin/builder/spi-builder-workspace/.derivedData/SDKExplicitPrecompiledModules/AVRouting-55P8FRNK50AFZOMMB2LBBOX33.pcm
SwiftExplicitDependencyGeneratePcm arm64 /Users/admin/builder/spi-builder-workspace/.derivedData/SDKExplicitPrecompiledModules/CoreVideo-E12HJSJSLO0YKWYBES11UKJ02.pcm
SwiftExplicitDependencyCompileModuleFromInterface arm64 /Users/admin/builder/spi-builder-workspace/.derivedData/SDKExplicitPrecompiledModules/ShaderGraph-URHKVVOFZL5Z.swiftmodule
SwiftExplicitDependencyGeneratePcm arm64 /Users/admin/builder/spi-builder-workspace/.derivedData/SDKExplicitPrecompiledModules/QuartzCore-12T8WVKUNCL1N7VXH87MM4YOB.pcm
SwiftExplicitDependencyGeneratePcm arm64 /Users/admin/builder/spi-builder-workspace/.derivedData/SDKExplicitPrecompiledModules/CoreImage-8WF1P230U10QM666EQMNV7OF1.pcm
SwiftExplicitDependencyGeneratePcm arm64 /Users/admin/builder/spi-builder-workspace/.derivedData/SDKExplicitPrecompiledModules/CoreML-37QYERWC0RQN4IY4377UD0TY1.pcm
SwiftExplicitDependencyGeneratePcm arm64 /Users/admin/builder/spi-builder-workspace/.derivedData/SDKExplicitPrecompiledModules/CoreMedia-D1IBHC28BRHWLNUG1Q75G5YN0.pcm
SwiftExplicitDependencyGeneratePcm arm64 /Users/admin/builder/spi-builder-workspace/.derivedData/SDKExplicitPrecompiledModules/ARKitFoundation-3N77COW7DLP77CM0PWZXSR9BD.pcm
SwiftExplicitDependencyGeneratePcm arm64 /Users/admin/builder/spi-builder-workspace/.derivedData/SDKExplicitPrecompiledModules/SwiftUICore-6OBBMA39VFD4CB6SG2PE41FAP.pcm
SwiftExplicitDependencyGeneratePcm arm64 /Users/admin/builder/spi-builder-workspace/.derivedData/SDKExplicitPrecompiledModules/Vision-DVVG9MQGC3IMTVPTC1691MQ6Z.pcm
SwiftExplicitDependencyGeneratePcm arm64 /Users/admin/builder/spi-builder-workspace/.derivedData/SDKExplicitPrecompiledModules/MediaToolbox-1J5U29ERBPNPI1HKEJHXOP8EV.pcm
SwiftExplicitDependencyGeneratePcm arm64 /Users/admin/builder/spi-builder-workspace/.derivedData/SDKExplicitPrecompiledModules/VideoToolbox-7I4MDYIPJ4IWU1ZSL4JE3I7M6.pcm
SwiftExplicitDependencyGeneratePcm arm64 /Users/admin/builder/spi-builder-workspace/.derivedData/SDKExplicitPrecompiledModules/AVFAudio-E8GATWFYYBEBB41O9N0LRRGYC.pcm
SwiftExplicitDependencyGeneratePcm arm64 /Users/admin/builder/spi-builder-workspace/.derivedData/SDKExplicitPrecompiledModules/UIKit-2D2PMAAE45TMO6S28UCGCO5BR.pcm
SwiftExplicitDependencyGeneratePcm arm64 /Users/admin/builder/spi-builder-workspace/.derivedData/SDKExplicitPrecompiledModules/AVFoundation-DFCX8GQJWVA3CZBITWEHAZEFX.pcm
SwiftExplicitDependencyGeneratePcm arm64 /Users/admin/builder/spi-builder-workspace/.derivedData/SDKExplicitPrecompiledModules/ARKitCore-307YVPJLQNB66BTBIONHZNP86.pcm
SwiftExplicitDependencyGeneratePcm arm64 /Users/admin/builder/spi-builder-workspace/.derivedData/SDKExplicitPrecompiledModules/SwiftUI-77PUPXISY3V3TUF5FJEHUQC86.pcm
SwiftExplicitDependencyGeneratePcm arm64 /Users/admin/builder/spi-builder-workspace/.derivedData/SDKExplicitPrecompiledModules/GameController-7QL0VMQHE24OWQFUR0UFT89DW.pcm
SwiftExplicitDependencyGeneratePcm arm64 /Users/admin/builder/spi-builder-workspace/.derivedData/SDKExplicitPrecompiledModules/ARKit-27VDPOZ50FG2MJG7OFV6IFQYQ.pcm
SwiftCompile normal arm64 Compiling\ SwiftUIColor.swift /Users/admin/builder/spi-builder-workspace/Sources/SwiftUIColor.swift (in target 'DynamicColor' from project 'DynamicColor')
SwiftCompile normal arm64 /Users/admin/builder/spi-builder-workspace/Sources/SwiftUIColor.swift (in target 'DynamicColor' from project 'DynamicColor')
    cd /Users/admin/builder/spi-builder-workspace/.swiftpm/xcode
    builtin-SwiftPerFileCompile SwiftUIColor.swift
SwiftEmitModule normal arm64 Emitting\ module\ for\ DynamicColor (in target 'DynamicColor' from project 'DynamicColor')
/Users/admin/builder/spi-builder-workspace/Sources/Array.swift:32:39: error: cannot find type 'DynamicColor' in scope
30 |  Convenient extension for color array to work as a DynamicGradient.
31 |  */
32 | public extension Array where Element: DynamicColor {
   |                                       |- error: cannot find type 'DynamicColor' in scope
   |                                       `- note: cannot use module 'DynamicColor' as a type
33 |   /**
34 |    Gradient representation of the array.
/Users/admin/builder/spi-builder-workspace/Sources/ContrastDisplayContext.swift:17:11: error: cannot find type 'DynamicColor' in scope
15 | #endif
16 |
17 | extension DynamicColor {
   |           |- error: cannot find type 'DynamicColor' in scope
   |           `- note: cannot use module 'DynamicColor' as a type
18 |   /**
19 |    Used to describe the context of display of 2 colors.
/Users/admin/builder/spi-builder-workspace/Sources/DynamicColor+Deriving.swift:35:18: error: cannot find type 'DynamicColor' in scope
 33 | // MARK: Deriving Colors
 34 |
 35 | public extension DynamicColor {
    |                  |- error: cannot find type 'DynamicColor' in scope
    |                  `- note: cannot use module 'DynamicColor' as a type
 36 |   /**
 37 |    Creates and returns a color object with the hue rotated along the color wheel by the given amount.
/Users/admin/builder/spi-builder-workspace/Sources/DynamicColor+HSB.swift:35:11: error: cannot find type 'DynamicColor' in scope
33 | // MARK: HSB Color Space
34 |
35 | extension DynamicColor {
   |           |- error: cannot find type 'DynamicColor' in scope
   |           `- note: cannot use module 'DynamicColor' as a type
36 |   // MARK: - Getting the HSB Components
37 |
/Users/admin/builder/spi-builder-workspace/Sources/DynamicColor+HSL.swift:35:11: error: cannot find type 'DynamicColor' in scope
33 | // MARK: HSL Color Space
34 |
35 | extension DynamicColor {
   |           |- error: cannot find type 'DynamicColor' in scope
   |           `- note: cannot use module 'DynamicColor' as a type
36 |   /**
37 |    Initializes and returns a color object using the specified opacity and HSL component values.
/Users/admin/builder/spi-builder-workspace/Sources/DynamicColor+Lab.swift:35:18: error: cannot find type 'DynamicColor' in scope
33 | // MARK: CIE L*a*b* Color Space
34 |
35 | public extension DynamicColor {
   |                  |- error: cannot find type 'DynamicColor' in scope
   |                  `- note: cannot use module 'DynamicColor' as a type
36 |   /**
37 |    Initializes and returns a color object using CIE XYZ color space component values with an observer at 2° and a D65 illuminant.
/Users/admin/builder/spi-builder-workspace/Sources/DynamicColor+Mixing.swift:35:18: error: cannot find type 'DynamicColor' in scope
 33 | // MARK: Mixing Colors
 34 |
 35 | public extension DynamicColor {
    |                  |- error: cannot find type 'DynamicColor' in scope
    |                  `- note: cannot use module 'DynamicColor' as a type
 36 |   /**
 37 |    Mixes the given color object with the receiver.
/Users/admin/builder/spi-builder-workspace/Sources/DynamicColor+RGBA.swift:35:18: error: cannot find type 'DynamicColor' in scope
 33 | // MARK: RGBA Color Space
 34 |
 35 | public extension DynamicColor {
    |                  |- error: cannot find type 'DynamicColor' in scope
    |                  `- note: cannot use module 'DynamicColor' as a type
 36 |   /**
 37 |    Initializes and returns a color object using the specified opacity and RGB component values.
/Users/admin/builder/spi-builder-workspace/Sources/DynamicColor+XYZ.swift:35:18: error: cannot find type 'DynamicColor' in scope
33 | // MARK: CIE XYZ Color Space
34 |
35 | public extension DynamicColor {
   |                  |- error: cannot find type 'DynamicColor' in scope
   |                  `- note: cannot use module 'DynamicColor' as a type
36 |   /**
37 |    Initializes and returns a color object using CIE XYZ color space component values with an observer at 2° and a D65 illuminant.
/Users/admin/builder/spi-builder-workspace/Sources/DynamicColor.swift:47:18: error: cannot find type 'DynamicColor' in scope
 45 | #endif
 46 |
 47 | public extension DynamicColor {
    |                  |- error: cannot find type 'DynamicColor' in scope
    |                  `- note: cannot use module 'DynamicColor' as a type
 48 |   // MARK: - Manipulating Hexa-decimal Values and Strings
 49 |
/Users/admin/builder/spi-builder-workspace/Sources/DynamicGradient.swift:37:16: error: cannot find type 'DynamicColor' in scope
 35 |  */
 36 | final public class DynamicGradient {
 37 |   let colors: [DynamicColor]
    |                |- error: cannot find type 'DynamicColor' in scope
    |                `- note: cannot use module 'DynamicColor' as a type
 38 |
 39 |   /**
/Users/admin/builder/spi-builder-workspace/Sources/DynamicGradient.swift:44:24: error: cannot find type 'DynamicColor' in scope
 42 |    - Parameter colors: An array of colors.
 43 |    */
 44 |   public init(colors: [DynamicColor]) {
    |                        |- error: cannot find type 'DynamicColor' in scope
    |                        `- note: cannot use module 'DynamicColor' as a type
 45 |     self.colors = colors
 46 |   }
/Users/admin/builder/spi-builder-workspace/Sources/DynamicGradient.swift:55:101: error: cannot find type 'DynamicColor' in scope
 53 |    - Returns: An array of DynamicColor objects with equi-distant space in the gradient.
 54 |    */
 55 |   public func colorPalette(amount: UInt = 2, inColorSpace colorspace: DynamicColorSpace = .rgb) -> [DynamicColor] {
    |                                                                                                     |- error: cannot find type 'DynamicColor' in scope
    |                                                                                                     `- note: cannot use module 'DynamicColor' as a type
 56 |     guard amount > 0 && colors.count > 0 else {
 57 |       return []
/Users/admin/builder/spi-builder-workspace/Sources/DynamicGradient.swift:78:97: error: cannot find type 'DynamicColor' in scope
 76 |    - Returns: A DynamicColor object corresponding to the color at the given scale.
 77 |    */
 78 |   public func pickColorAt(scale: CGFloat, inColorSpace colorspace: DynamicColorSpace = .rgb) -> DynamicColor {
    |                                                                                                 |- error: cannot find type 'DynamicColor' in scope
    |                                                                                                 `- note: cannot use module 'DynamicColor' as a type
 79 |     guard colors.count > 1 else {
 80 |       return colors.first ?? .black
/Users/admin/builder/spi-builder-workspace/Sources/DynamicGradient.swift:78:34: error: cannot find type 'CGFloat' in scope
 76 |    - Returns: A DynamicColor object corresponding to the color at the given scale.
 77 |    */
 78 |   public func pickColorAt(scale: CGFloat, inColorSpace colorspace: DynamicColorSpace = .rgb) -> DynamicColor {
    |                                  `- error: cannot find type 'CGFloat' in scope
 79 |     guard colors.count > 1 else {
 80 |       return colors.first ?? .black
/Users/admin/builder/spi-builder-workspace/Sources/HSL.swift:36:10: error: cannot find type 'CGFloat' in scope
 34 | internal struct HSL {
 35 |   /// Hue value between 0.0 and 1.0 (0.0 = 0 degree, 1.0 = 360 degree).
 36 |   var h: CGFloat = 0.0
    |          `- error: cannot find type 'CGFloat' in scope
 37 |   /// Saturation value between 0.0 and 1.0.
 38 |   var s: CGFloat = 0.0
/Users/admin/builder/spi-builder-workspace/Sources/HSL.swift:38:10: error: cannot find type 'CGFloat' in scope
 36 |   var h: CGFloat = 0.0
 37 |   /// Saturation value between 0.0 and 1.0.
 38 |   var s: CGFloat = 0.0
    |          `- error: cannot find type 'CGFloat' in scope
 39 |   /// Lightness value between 0.0 and 1.0.
 40 |   var l: CGFloat = 0.0
/Users/admin/builder/spi-builder-workspace/Sources/HSL.swift:40:10: error: cannot find type 'CGFloat' in scope
 38 |   var s: CGFloat = 0.0
 39 |   /// Lightness value between 0.0 and 1.0.
 40 |   var l: CGFloat = 0.0
    |          `- error: cannot find type 'CGFloat' in scope
 41 |   /// Alpha value between 0.0 and 1.0.
 42 |   var a: CGFloat = 1.0
/Users/admin/builder/spi-builder-workspace/Sources/HSL.swift:42:10: error: cannot find type 'CGFloat' in scope
 40 |   var l: CGFloat = 0.0
 41 |   /// Alpha value between 0.0 and 1.0.
 42 |   var a: CGFloat = 1.0
    |          `- error: cannot find type 'CGFloat' in scope
 43 |
 44 |   // MARK: - Initializing HSL Colors
/Users/admin/builder/spi-builder-workspace/Sources/HSL.swift:54:13: error: cannot find type 'CGFloat' in scope
 52 |   - parameter a: The opacity component of the color object, specified as a value between 0.0 and 1.0.
 53 |   */
 54 |   init(hue: CGFloat, saturation: CGFloat, lightness: CGFloat, alpha: CGFloat = 1.0) {
    |             `- error: cannot find type 'CGFloat' in scope
 55 |     h = hue.truncatingRemainder(dividingBy: 360.0) / 360.0
 56 |     s = clip(saturation, 0.0, 1.0)
/Users/admin/builder/spi-builder-workspace/Sources/HSL.swift:54:34: error: cannot find type 'CGFloat' in scope
 52 |   - parameter a: The opacity component of the color object, specified as a value between 0.0 and 1.0.
 53 |   */
 54 |   init(hue: CGFloat, saturation: CGFloat, lightness: CGFloat, alpha: CGFloat = 1.0) {
    |                                  `- error: cannot find type 'CGFloat' in scope
 55 |     h = hue.truncatingRemainder(dividingBy: 360.0) / 360.0
 56 |     s = clip(saturation, 0.0, 1.0)
/Users/admin/builder/spi-builder-workspace/Sources/HSL.swift:54:54: error: cannot find type 'CGFloat' in scope
 52 |   - parameter a: The opacity component of the color object, specified as a value between 0.0 and 1.0.
 53 |   */
 54 |   init(hue: CGFloat, saturation: CGFloat, lightness: CGFloat, alpha: CGFloat = 1.0) {
    |                                                      `- error: cannot find type 'CGFloat' in scope
 55 |     h = hue.truncatingRemainder(dividingBy: 360.0) / 360.0
 56 |     s = clip(saturation, 0.0, 1.0)
/Users/admin/builder/spi-builder-workspace/Sources/HSL.swift:54:70: error: cannot find type 'CGFloat' in scope
 52 |   - parameter a: The opacity component of the color object, specified as a value between 0.0 and 1.0.
 53 |   */
 54 |   init(hue: CGFloat, saturation: CGFloat, lightness: CGFloat, alpha: CGFloat = 1.0) {
    |                                                                      `- error: cannot find type 'CGFloat' in scope
 55 |     h = hue.truncatingRemainder(dividingBy: 360.0) / 360.0
 56 |     s = clip(saturation, 0.0, 1.0)
/Users/admin/builder/spi-builder-workspace/Sources/HSL.swift:66:15: error: cannot find type 'DynamicColor' in scope
 64 |   - parameter color: A DynamicColor object.
 65 |   */
 66 |   init(color: DynamicColor) {
    |               |- error: cannot find type 'DynamicColor' in scope
    |               `- note: cannot use module 'DynamicColor' as a type
 67 |     let rgba = color.toRGBAComponents()
 68 |
/Users/admin/builder/spi-builder-workspace/Sources/HSL.swift:108:28: error: cannot find type 'DynamicColor' in scope
106 |   - returns: A DynamicColor object corresponding to the current HSV color.
107 |   */
108 |   func toDynamicColor() -> DynamicColor {
    |                            |- error: cannot find type 'DynamicColor' in scope
    |                            `- note: cannot use module 'DynamicColor' as a type
109 |     let m2 = l <= 0.5 ? l * (s + 1.0) : (l + s) - (l * s)
110 |     let m1 = (l * 2.0) - m2
/Users/admin/builder/spi-builder-workspace/Sources/HSL.swift:120:66: error: cannot find type 'CGFloat' in scope
118 |
119 |   /// Hue to RGB helper function
120 |   private func hueToRGB(m1: CGFloat, m2: CGFloat, h: CGFloat) -> CGFloat {
    |                                                                  `- error: cannot find type 'CGFloat' in scope
121 |     let hue = moda(h, m: 1)
122 |
/Users/admin/builder/spi-builder-workspace/Sources/HSL.swift:120:29: error: cannot find type 'CGFloat' in scope
118 |
119 |   /// Hue to RGB helper function
120 |   private func hueToRGB(m1: CGFloat, m2: CGFloat, h: CGFloat) -> CGFloat {
    |                             `- error: cannot find type 'CGFloat' in scope
121 |     let hue = moda(h, m: 1)
122 |
/Users/admin/builder/spi-builder-workspace/Sources/HSL.swift:120:42: error: cannot find type 'CGFloat' in scope
118 |
119 |   /// Hue to RGB helper function
120 |   private func hueToRGB(m1: CGFloat, m2: CGFloat, h: CGFloat) -> CGFloat {
    |                                          `- error: cannot find type 'CGFloat' in scope
121 |     let hue = moda(h, m: 1)
122 |
/Users/admin/builder/spi-builder-workspace/Sources/HSL.swift:120:54: error: cannot find type 'CGFloat' in scope
118 |
119 |   /// Hue to RGB helper function
120 |   private func hueToRGB(m1: CGFloat, m2: CGFloat, h: CGFloat) -> CGFloat {
    |                                                      `- error: cannot find type 'CGFloat' in scope
121 |     let hue = moda(h, m: 1)
122 |
/Users/admin/builder/spi-builder-workspace/Sources/HSL.swift:144:28: error: cannot find type 'CGFloat' in scope
142 |   - returns: A HSL color with the hue changed.
143 |   */
144 |   func adjustedHue(amount: CGFloat) -> HSL {
    |                            `- error: cannot find type 'CGFloat' in scope
145 |     return HSL(hue: (h * 360.0) + amount, saturation: s, lightness: l, alpha: a)
146 |   }
/Users/admin/builder/spi-builder-workspace/Sources/HSL.swift:154:24: error: cannot find type 'CGFloat' in scope
152 |   - returns: A lighter HSL color.
153 |   */
154 |   func lighter(amount: CGFloat) -> HSL {
    |                        `- error: cannot find type 'CGFloat' in scope
155 |     return HSL(hue: h * 360.0, saturation: s, lightness: l + amount, alpha: a)
156 |   }
/Users/admin/builder/spi-builder-workspace/Sources/HSL.swift:164:25: error: cannot find type 'CGFloat' in scope
162 |   - returns: A darker HSL color.
163 |   */
164 |   func darkened(amount: CGFloat) -> HSL {
    |                         `- error: cannot find type 'CGFloat' in scope
165 |     return lighter(amount: amount * -1.0)
166 |   }
/Users/admin/builder/spi-builder-workspace/Sources/HSL.swift:174:26: error: cannot find type 'CGFloat' in scope
172 |   - returns: A HSL color more saturated.
173 |   */
174 |   func saturated(amount: CGFloat) -> HSL {
    |                          `- error: cannot find type 'CGFloat' in scope
175 |     return HSL(hue: h * 360.0, saturation: s + amount, lightness: l, alpha: a)
176 |   }
/Users/admin/builder/spi-builder-workspace/Sources/HSL.swift:184:28: error: cannot find type 'CGFloat' in scope
182 |   - returns: A HSL color less saturated.
183 |   */
184 |   func desaturated(amount: CGFloat) -> HSL {
    |                            `- error: cannot find type 'CGFloat' in scope
185 |     return saturated(amount: amount * -1.0)
186 |   }
/Users/admin/builder/spi-builder-workspace/Sources/Utils.swift:54:49: error: cannot find type 'CGFloat' in scope
52 |  - Parameter m: The modulo.
53 |  */
54 | internal func moda(_ x: CGFloat, m: CGFloat) -> CGFloat {
   |                                                 `- error: cannot find type 'CGFloat' in scope
55 |   return (x.truncatingRemainder(dividingBy: m) + m).truncatingRemainder(dividingBy: m)
56 | }
/Users/admin/builder/spi-builder-workspace/Sources/Utils.swift:54:25: error: cannot find type 'CGFloat' in scope
52 |  - Parameter m: The modulo.
53 |  */
54 | internal func moda(_ x: CGFloat, m: CGFloat) -> CGFloat {
   |                         `- error: cannot find type 'CGFloat' in scope
55 |   return (x.truncatingRemainder(dividingBy: m) + m).truncatingRemainder(dividingBy: m)
56 | }
/Users/admin/builder/spi-builder-workspace/Sources/Utils.swift:54:37: error: cannot find type 'CGFloat' in scope
52 |  - Parameter m: The modulo.
53 |  */
54 | internal func moda(_ x: CGFloat, m: CGFloat) -> CGFloat {
   |                                     `- error: cannot find type 'CGFloat' in scope
55 |   return (x.truncatingRemainder(dividingBy: m) + m).truncatingRemainder(dividingBy: m)
56 | }
/Users/admin/builder/spi-builder-workspace/Sources/Utils.swift:64:75: error: cannot find type 'CGFloat' in scope
62 |  - Parameter m: The precision. Default to 10000.
63 |  */
64 | internal func roundDecimal(_ x: CGFloat, precision: CGFloat = 10000.0) -> CGFloat {
   |                                                                           `- error: cannot find type 'CGFloat' in scope
65 |   return CGFloat(Int(round(x * precision))) / precision
66 | }
/Users/admin/builder/spi-builder-workspace/Sources/Utils.swift:64:33: error: cannot find type 'CGFloat' in scope
62 |  - Parameter m: The precision. Default to 10000.
63 |  */
64 | internal func roundDecimal(_ x: CGFloat, precision: CGFloat = 10000.0) -> CGFloat {
   |                                 `- error: cannot find type 'CGFloat' in scope
65 |   return CGFloat(Int(round(x * precision))) / precision
66 | }
/Users/admin/builder/spi-builder-workspace/Sources/Utils.swift:64:53: error: cannot find type 'CGFloat' in scope
62 |  - Parameter m: The precision. Default to 10000.
63 |  */
64 | internal func roundDecimal(_ x: CGFloat, precision: CGFloat = 10000.0) -> CGFloat {
   |                                                     `- error: cannot find type 'CGFloat' in scope
65 |   return CGFloat(Int(round(x * precision))) / precision
66 | }
/Users/admin/builder/spi-builder-workspace/Sources/Utils.swift:68:31: error: cannot find type 'CGFloat' in scope
66 | }
67 |
68 | internal func roundToHex(_ x: CGFloat) -> UInt32 {
   |                               `- error: cannot find type 'CGFloat' in scope
69 |   guard x > 0 else { return 0 }
70 |   let rounded: CGFloat = round(x * 255.0)
Failed frontend command:
/Applications/Xcode-27.0.0-Release.Candidate.app/Contents/Developer/Toolchains/XcodeDefault.xctoolchain/usr/bin/swift-frontend -frontend -emit-module -experimental-skip-non-inlinable-function-bodies-without-types /Users/admin/builder/spi-builder-workspace/Sources/Array.swift /Users/admin/builder/spi-builder-workspace/Sources/ContrastDisplayContext.swift /Users/admin/builder/spi-builder-workspace/Sources/DynamicColor+Deriving.swift /Users/admin/builder/spi-builder-workspace/Sources/DynamicColor+HSB.swift /Users/admin/builder/spi-builder-workspace/Sources/DynamicColor+HSL.swift /Users/admin/builder/spi-builder-workspace/Sources/DynamicColor+Lab.swift /Users/admin/builder/spi-builder-workspace/Sources/DynamicColor+Mixing.swift /Users/admin/builder/spi-builder-workspace/Sources/DynamicColor+RGBA.swift /Users/admin/builder/spi-builder-workspace/Sources/DynamicColor+XYZ.swift /Users/admin/builder/spi-builder-workspace/Sources/DynamicColor.swift /Users/admin/builder/spi-builder-workspace/Sources/DynamicColorSpace.swift /Users/admin/builder/spi-builder-workspace/Sources/DynamicGradient.swift /Users/admin/builder/spi-builder-workspace/Sources/HSL.swift /Users/admin/builder/spi-builder-workspace/Sources/SwiftUIColor.swift /Users/admin/builder/spi-builder-workspace/Sources/Utils.swift -target arm64-apple-xros1.0 -disable-cross-import-overlay-search -load-resolved-plugin /Applications/Xcode-27.0.0-Release.Candidate.app/Contents/Developer/Platforms/XROS.platform/Developer/usr/lib/swift/host/plugins/libFoundationMacros.dylib\#/Applications/Xcode-27.0.0-Release.Candidate.app/Contents/Developer/Platforms/XROS.platform/Developer/usr/bin/swift-plugin-server\#FoundationMacros -load-resolved-plugin /Applications/Xcode-27.0.0-Release.Candidate.app/Contents/Developer/Platforms/XROS.platform/Developer/usr/lib/swift/host/plugins/libObservationMacros.dylib\#/Applications/Xcode-27.0.0-Release.Candidate.app/Contents/Developer/Platforms/XROS.platform/Developer/usr/bin/swift-plugin-server\#ObservationMacros -load-resolved-plugin /Applications/Xcode-27.0.0-Release.Candidate.app/Contents/Developer/Platforms/XROS.platform/Developer/usr/lib/swift/host/plugins/libPreviewsMacros.dylib\#/Applications/Xcode-27.0.0-Release.Candidate.app/Contents/Developer/Platforms/XROS.platform/Developer/usr/bin/swift-plugin-server\#PreviewsMacros -load-resolved-plugin /Applications/Xcode-27.0.0-Release.Candidate.app/Contents/Developer/Platforms/XROS.platform/Developer/usr/lib/swift/host/plugins/libSwiftMacros.dylib\#/Applications/Xcode-27.0.0-Release.Candidate.app/Contents/Developer/Platforms/XROS.platform/Developer/usr/bin/swift-plugin-server\#SwiftMacros -load-resolved-plugin /Applications/Xcode-27.0.0-Release.Candidate.app/Contents/Developer/Platforms/XROS.platform/Developer/usr/lib/swift/host/plugins/libSwiftUIMacros.dylib\#/Applications/Xcode-27.0.0-Release.Candidate.app/Contents/Developer/Platforms/XROS.platform/Developer/usr/bin/swift-plugin-server\#SwiftUIMacros -disable-implicit-swift-modules -Xcc -fno-implicit-modules -Xcc -fno-implicit-module-maps -explicit-swift-module-map-file /Users/admin/builder/spi-builder-workspace/.derivedData/Build/Intermediates.noindex/DynamicColor.build/Debug-xros/DynamicColor-t.build/Objects-normal/arm64/DynamicColor-dependencies-1.json -Xllvm -aarch64-use-tbi -enable-objc-interop -stack-check -sdk /Applications/Xcode-27.0.0-Release.Candidate.app/Contents/Developer/Platforms/XROS.platform/Developer/SDKs/XROS27.0.sdk -I /Users/admin/builder/spi-builder-workspace/.derivedData/Build/Products/Debug-xros -Isystem /Applications/Xcode-27.0.0-Release.Candidate.app/Contents/Developer/Platforms/XROS.platform/Developer/usr/lib -F /Users/admin/builder/spi-builder-workspace/.derivedData/Build/Products/Debug-xros -F /Applications/Xcode-27.0.0-Release.Candidate.app/Contents/Developer/Platforms/XROS.platform/Developer/Library/Frameworks -F /Applications/Xcode-27.0.0-Release.Candidate.app/Contents/Developer/Platforms/XROS.platform/Developer/SDKs/XROS27.0.sdk/Developer/Library/Frameworks -module-cache-path /Users/admin/builder/spi-builder-workspace/.derivedData/Build/Intermediates.noindex/SwiftExplicitPrecompiledModules -no-color-diagnostics -Xcc -fno-color-diagnostics -enable-testing -g -debug-info-format\=dwarf -dwarf-version\=4 -profile-generate -profile-coverage-mapping -swift-version 5 -Onone -D SWIFT_PACKAGE -D DEBUG -D SWIFT_MODULE_RESOURCE_BUNDLE_UNAVAILABLE -D Xcode -serialize-debugging-options -enable-experimental-feature DebugDescriptionMacro -empty-abi-descriptor -validate-clang-modules-once -clang-build-session-file /Users/admin/builder/spi-builder-workspace/.derivedData/ModuleCache.noindex/Session.modulevalidation -Xcc -working-directory -Xcc /Users/admin/builder/spi-builder-workspace/.swiftpm/xcode -enable-anonymous-context-mangled-names -file-compilation-dir /Users/admin/builder/spi-builder-workspace/.swiftpm/xcode -Xcc -D_LIBCPP_HARDENING_MODE\=_LIBCPP_HARDENING_MODE_DEBUG -Xcc -ivfsstatcache -Xcc /Users/admin/builder/spi-builder-workspace/.derivedData/SDKStatCaches.noindex/xros27.0-24M361-e829b21a6f8c9b70876ba0858053c044735bd543db762f57723cac368afd1ce4.sdkstatcache -Xcc -fmodules-prune-interval\=86400 -Xcc -fmodules-prune-after\=345600 -Xcc -I/Users/admin/builder/spi-builder-workspace/.derivedData/Build/Products/Debug-xros/include -Xcc -I/Users/admin/builder/spi-builder-workspace/.derivedData/Build/Intermediates.noindex/DynamicColor.build/Debug-xros/DynamicColor-t.build/DerivedSources-normal/arm64 -Xcc -I/Users/admin/builder/spi-builder-workspace/.derivedData/Build/Intermediates.noindex/DynamicColor.build/Debug-xros/DynamicColor-t.build/DerivedSources/arm64 -Xcc -I/Users/admin/builder/spi-builder-workspace/.derivedData/Build/Intermediates.noindex/DynamicColor.build/Debug-xros/DynamicColor-t.build/DerivedSources -Xcc -DSWIFT_PACKAGE -Xcc -DDEBUG\=1 -no-auto-bridging-header-chaining -module-name DynamicColor -const-gather-protocols-file /Users/admin/builder/spi-builder-workspace/.derivedData/Build/Intermediates.noindex/DynamicColor.build/Debug-xros/DynamicColor-t.build/Objects-normal/arm64/DynamicColor_const_extract_protocols.json -disable-clang-spi -clang-target arm64-apple-xros27.0 -target-sdk-version 27.0 -target-sdk-name xros27.0 -in-process-plugin-server-path /Applications/Xcode-27.0.0-Release.Candidate.app/Contents/Developer/Toolchains/XcodeDefault.xctoolchain/usr/lib/swift/host/libSwiftInProcPluginServer.dylib -emit-module-doc-path /Users/admin/builder/spi-builder-workspace/.derivedData/Build/Intermediates.noindex/DynamicColor.build/Debug-xros/DynamicColor-t.build/Objects-normal/arm64/DynamicColor.swiftdoc -emit-module-source-info-path /Users/admin/builder/spi-builder-workspace/.derivedData/Build/Intermediates.noindex/DynamicColor.build/Debug-xros/DynamicColor-t.build/Objects-normal/arm64/DynamicColor.swiftsourceinfo -emit-objc-header-path /Users/admin/builder/spi-builder-workspace/.derivedData/Build/Intermediates.noindex/DynamicColor.build/Debug-xros/DynamicColor-t.build/Objects-normal/arm64/DynamicColor-Swift.h -serialize-diagnostics-path /Users/admin/builder/spi-builder-workspace/.derivedData/Build/Intermediates.noindex/DynamicColor.build/Debug-xros/DynamicColor-t.build/Objects-normal/arm64/DynamicColor-primary-emit-module.dia -emit-dependencies-path /Users/admin/builder/spi-builder-workspace/.derivedData/Build/Intermediates.noindex/DynamicColor.build/Debug-xros/DynamicColor-t.build/Objects-normal/arm64/DynamicColor-primary-emit-module.d -parse-as-library -o /Users/admin/builder/spi-builder-workspace/.derivedData/Build/Intermediates.noindex/DynamicColor.build/Debug-xros/DynamicColor-t.build/Objects-normal/arm64/DynamicColor.swiftmodule -emit-abi-descriptor-path /Users/admin/builder/spi-builder-workspace/.derivedData/Build/Intermediates.noindex/DynamicColor.build/Debug-xros/DynamicColor-t.build/Objects-normal/arm64/DynamicColor.abi.json
SwiftCompile normal arm64 (in target 'DynamicColor' from project 'DynamicColor')
    cd /Users/admin/builder/spi-builder-workspace/.swiftpm/xcode

SwiftCompile normal arm64 Compiling\ Utils.swift /Users/admin/builder/spi-builder-workspace/Sources/Utils.swift (in target 'DynamicColor' from project 'DynamicColor')
/Users/admin/builder/spi-builder-workspace/Sources/Utils.swift:54:49: error: cannot find type 'CGFloat' in scope
52 |  - Parameter m: The modulo.
53 |  */
54 | internal func moda(_ x: CGFloat, m: CGFloat) -> CGFloat {
   |                                                 `- error: cannot find type 'CGFloat' in scope
55 |   return (x.truncatingRemainder(dividingBy: m) + m).truncatingRemainder(dividingBy: m)
56 | }
/Users/admin/builder/spi-builder-workspace/Sources/Utils.swift:54:25: error: cannot find type 'CGFloat' in scope
52 |  - Parameter m: The modulo.
53 |  */
54 | internal func moda(_ x: CGFloat, m: CGFloat) -> CGFloat {
   |                         `- error: cannot find type 'CGFloat' in scope
55 |   return (x.truncatingRemainder(dividingBy: m) + m).truncatingRemainder(dividingBy: m)
56 | }
/Users/admin/builder/spi-builder-workspace/Sources/Utils.swift:54:37: error: cannot find type 'CGFloat' in scope
52 |  - Parameter m: The modulo.
53 |  */
54 | internal func moda(_ x: CGFloat, m: CGFloat) -> CGFloat {
   |                                     `- error: cannot find type 'CGFloat' in scope
55 |   return (x.truncatingRemainder(dividingBy: m) + m).truncatingRemainder(dividingBy: m)
56 | }
/Users/admin/builder/spi-builder-workspace/Sources/Utils.swift:64:75: error: cannot find type 'CGFloat' in scope
62 |  - Parameter m: The precision. Default to 10000.
63 |  */
64 | internal func roundDecimal(_ x: CGFloat, precision: CGFloat = 10000.0) -> CGFloat {
   |                                                                           `- error: cannot find type 'CGFloat' in scope
65 |   return CGFloat(Int(round(x * precision))) / precision
66 | }
/Users/admin/builder/spi-builder-workspace/Sources/Utils.swift:64:33: error: cannot find type 'CGFloat' in scope
62 |  - Parameter m: The precision. Default to 10000.
63 |  */
64 | internal func roundDecimal(_ x: CGFloat, precision: CGFloat = 10000.0) -> CGFloat {
   |                                 `- error: cannot find type 'CGFloat' in scope
65 |   return CGFloat(Int(round(x * precision))) / precision
66 | }
/Users/admin/builder/spi-builder-workspace/Sources/Utils.swift:64:53: error: cannot find type 'CGFloat' in scope
62 |  - Parameter m: The precision. Default to 10000.
63 |  */
64 | internal func roundDecimal(_ x: CGFloat, precision: CGFloat = 10000.0) -> CGFloat {
   |                                                     `- error: cannot find type 'CGFloat' in scope
65 |   return CGFloat(Int(round(x * precision))) / precision
66 | }
/Users/admin/builder/spi-builder-workspace/Sources/Utils.swift:68:31: error: cannot find type 'CGFloat' in scope
66 | }
67 |
68 | internal func roundToHex(_ x: CGFloat) -> UInt32 {
   |                               `- error: cannot find type 'CGFloat' in scope
69 |   guard x > 0 else { return 0 }
70 |   let rounded: CGFloat = round(x * 255.0)
/Users/admin/builder/spi-builder-workspace/Sources/Utils.swift:65:10: error: cannot find 'CGFloat' in scope
63 |  */
64 | internal func roundDecimal(_ x: CGFloat, precision: CGFloat = 10000.0) -> CGFloat {
65 |   return CGFloat(Int(round(x * precision))) / precision
   |          `- error: cannot find 'CGFloat' in scope
66 | }
67 |
/Users/admin/builder/spi-builder-workspace/Sources/Utils.swift:65:22: error: cannot find 'round' in scope
63 |  */
64 | internal func roundDecimal(_ x: CGFloat, precision: CGFloat = 10000.0) -> CGFloat {
65 |   return CGFloat(Int(round(x * precision))) / precision
   |                      `- error: cannot find 'round' in scope
66 | }
67 |
/Users/admin/builder/spi-builder-workspace/Sources/Utils.swift:70:16: error: cannot find type 'CGFloat' in scope
68 | internal func roundToHex(_ x: CGFloat) -> UInt32 {
69 |   guard x > 0 else { return 0 }
70 |   let rounded: CGFloat = round(x * 255.0)
   |                `- error: cannot find type 'CGFloat' in scope
71 |
72 |   return UInt32(rounded)
SwiftCompile normal arm64 /Users/admin/builder/spi-builder-workspace/Sources/Utils.swift (in target 'DynamicColor' from project 'DynamicColor')
    cd /Users/admin/builder/spi-builder-workspace/.swiftpm/xcode
    builtin-SwiftPerFileCompile Utils.swift
SwiftCompile normal arm64 Compiling\ DynamicColorSpace.swift /Users/admin/builder/spi-builder-workspace/Sources/DynamicColorSpace.swift (in target 'DynamicColor' from project 'DynamicColor')
SwiftCompile normal arm64 /Users/admin/builder/spi-builder-workspace/Sources/DynamicColorSpace.swift (in target 'DynamicColor' from project 'DynamicColor')
    cd /Users/admin/builder/spi-builder-workspace/.swiftpm/xcode
    builtin-SwiftPerFileCompile DynamicColorSpace.swift
SwiftCompile normal arm64 Compiling\ DynamicGradient.swift /Users/admin/builder/spi-builder-workspace/Sources/DynamicGradient.swift (in target 'DynamicColor' from project 'DynamicColor')
/Users/admin/builder/spi-builder-workspace/Sources/DynamicGradient.swift:37:16: error: cannot find type 'DynamicColor' in scope
 35 |  */
 36 | final public class DynamicGradient {
 37 |   let colors: [DynamicColor]
    |                |- error: cannot find type 'DynamicColor' in scope
    |                `- note: cannot use module 'DynamicColor' as a type
 38 |
 39 |   /**
/Users/admin/builder/spi-builder-workspace/Sources/DynamicGradient.swift:44:24: error: cannot find type 'DynamicColor' in scope
 42 |    - Parameter colors: An array of colors.
 43 |    */
 44 |   public init(colors: [DynamicColor]) {
    |                        |- error: cannot find type 'DynamicColor' in scope
    |                        `- note: cannot use module 'DynamicColor' as a type
 45 |     self.colors = colors
 46 |   }
/Users/admin/builder/spi-builder-workspace/Sources/DynamicGradient.swift:55:101: error: cannot find type 'DynamicColor' in scope
 53 |    - Returns: An array of DynamicColor objects with equi-distant space in the gradient.
 54 |    */
 55 |   public func colorPalette(amount: UInt = 2, inColorSpace colorspace: DynamicColorSpace = .rgb) -> [DynamicColor] {
    |                                                                                                     |- error: cannot find type 'DynamicColor' in scope
    |                                                                                                     `- note: cannot use module 'DynamicColor' as a type
 56 |     guard amount > 0 && colors.count > 0 else {
 57 |       return []
/Users/admin/builder/spi-builder-workspace/Sources/DynamicGradient.swift:78:97: error: cannot find type 'DynamicColor' in scope
 76 |    - Returns: A DynamicColor object corresponding to the color at the given scale.
 77 |    */
 78 |   public func pickColorAt(scale: CGFloat, inColorSpace colorspace: DynamicColorSpace = .rgb) -> DynamicColor {
    |                                                                                                 |- error: cannot find type 'DynamicColor' in scope
    |                                                                                                 `- note: cannot use module 'DynamicColor' as a type
 79 |     guard colors.count > 1 else {
 80 |       return colors.first ?? .black
/Users/admin/builder/spi-builder-workspace/Sources/DynamicGradient.swift:78:34: error: cannot find type 'CGFloat' in scope
 76 |    - Returns: A DynamicColor object corresponding to the color at the given scale.
 77 |    */
 78 |   public func pickColorAt(scale: CGFloat, inColorSpace colorspace: DynamicColorSpace = .rgb) -> DynamicColor {
    |                                  `- error: cannot find type 'CGFloat' in scope
 79 |     guard colors.count > 1 else {
 80 |       return colors.first ?? .black
/Users/admin/builder/spi-builder-workspace/Sources/DynamicGradient.swift:64:27: error: cannot find 'CGFloat' in scope
 62 |     }
 63 |
 64 |     let increment = 1.0 / CGFloat(amount - 1)
    |                           `- error: cannot find 'CGFloat' in scope
 65 |
 66 |     return (0 ..< amount).map { pickColorAt(scale: CGFloat($0) * increment, inColorSpace: colorspace) }
/Users/admin/builder/spi-builder-workspace/Sources/DynamicGradient.swift:66:52: error: cannot find 'CGFloat' in scope
 64 |     let increment = 1.0 / CGFloat(amount - 1)
 65 |
 66 |     return (0 ..< amount).map { pickColorAt(scale: CGFloat($0) * increment, inColorSpace: colorspace) }
    |                                                    `- error: cannot find 'CGFloat' in scope
 67 |   }
 68 |
/Users/admin/builder/spi-builder-workspace/Sources/DynamicGradient.swift:84:51: error: cannot find 'CGFloat' in scope
 82 |
 83 |     let clippedScale = clip(scale, 0.0, 1.0)
 84 |     let positions    = (0 ..< colors.count).map { CGFloat($0) / CGFloat(colors.count - 1) }
    |                                                   `- error: cannot find 'CGFloat' in scope
 85 |
 86 |     var color: DynamicColor = .black
/Users/admin/builder/spi-builder-workspace/Sources/DynamicGradient.swift:84:65: error: cannot find 'CGFloat' in scope
 82 |
 83 |     let clippedScale = clip(scale, 0.0, 1.0)
 84 |     let positions    = (0 ..< colors.count).map { CGFloat($0) / CGFloat(colors.count - 1) }
    |                                                                 `- error: cannot find 'CGFloat' in scope
 85 |
 86 |     var color: DynamicColor = .black
SwiftCompile normal arm64 /Users/admin/builder/spi-builder-workspace/Sources/DynamicGradient.swift (in target 'DynamicColor' from project 'DynamicColor')
    cd /Users/admin/builder/spi-builder-workspace/.swiftpm/xcode
    builtin-SwiftPerFileCompile DynamicGradient.swift
SwiftCompile normal arm64 Compiling\ DynamicColor+XYZ.swift,\ DynamicColor.swift /Users/admin/builder/spi-builder-workspace/Sources/DynamicColor+XYZ.swift /Users/admin/builder/spi-builder-workspace/Sources/DynamicColor.swift (in target 'DynamicColor' from project 'DynamicColor')
/Users/admin/builder/spi-builder-workspace/Sources/DynamicColor+XYZ.swift:35:18: error: cannot find type 'DynamicColor' in scope
33 | // MARK: CIE XYZ Color Space
34 |
35 | public extension DynamicColor {
   |                  |- error: cannot find type 'DynamicColor' in scope
   |                  `- note: cannot use module 'DynamicColor' as a type
36 |   /**
37 |    Initializes and returns a color object using CIE XYZ color space component values with an observer at 2° and a D65 illuminant.
SwiftCompile normal arm64 /Users/admin/builder/spi-builder-workspace/Sources/DynamicColor+XYZ.swift (in target 'DynamicColor' from project 'DynamicColor')
    cd /Users/admin/builder/spi-builder-workspace/.swiftpm/xcode
    builtin-SwiftPerFileCompile DynamicColor+XYZ.swift
SwiftCompile normal arm64 /Users/admin/builder/spi-builder-workspace/Sources/DynamicColor.swift (in target 'DynamicColor' from project 'DynamicColor')
    cd /Users/admin/builder/spi-builder-workspace/.swiftpm/xcode
    builtin-SwiftPerFileCompile DynamicColor.swift
SwiftCompile normal arm64 Compiling\ DynamicColor+Mixing.swift,\ DynamicColor+RGBA.swift /Users/admin/builder/spi-builder-workspace/Sources/DynamicColor+Mixing.swift /Users/admin/builder/spi-builder-workspace/Sources/DynamicColor+RGBA.swift (in target 'DynamicColor' from project 'DynamicColor')
/Users/admin/builder/spi-builder-workspace/Sources/DynamicColor+Mixing.swift:35:18: error: cannot find type 'DynamicColor' in scope
 33 | // MARK: Mixing Colors
 34 |
 35 | public extension DynamicColor {
    |                  |- error: cannot find type 'DynamicColor' in scope
    |                  `- note: cannot use module 'DynamicColor' as a type
 36 |   /**
 37 |    Mixes the given color object with the receiver.
SwiftCompile normal arm64 /Users/admin/builder/spi-builder-workspace/Sources/DynamicColor+Mixing.swift (in target 'DynamicColor' from project 'DynamicColor')
    cd /Users/admin/builder/spi-builder-workspace/.swiftpm/xcode
    builtin-SwiftPerFileCompile DynamicColor+Mixing.swift
SwiftCompile normal arm64 /Users/admin/builder/spi-builder-workspace/Sources/DynamicColor+RGBA.swift (in target 'DynamicColor' from project 'DynamicColor')
    cd /Users/admin/builder/spi-builder-workspace/.swiftpm/xcode
    builtin-SwiftPerFileCompile DynamicColor+RGBA.swift
SwiftCompile normal arm64 Compiling\ DynamicColor+HSL.swift,\ DynamicColor+Lab.swift /Users/admin/builder/spi-builder-workspace/Sources/DynamicColor+HSL.swift /Users/admin/builder/spi-builder-workspace/Sources/DynamicColor+Lab.swift (in target 'DynamicColor' from project 'DynamicColor')
/Users/admin/builder/spi-builder-workspace/Sources/DynamicColor+HSL.swift:35:11: error: cannot find type 'DynamicColor' in scope
33 | // MARK: HSL Color Space
34 |
35 | extension DynamicColor {
   |           |- error: cannot find type 'DynamicColor' in scope
   |           `- note: cannot use module 'DynamicColor' as a type
36 |   /**
37 |    Initializes and returns a color object using the specified opacity and HSL component values.
SwiftCompile normal arm64 /Users/admin/builder/spi-builder-workspace/Sources/DynamicColor+HSL.swift (in target 'DynamicColor' from project 'DynamicColor')
    cd /Users/admin/builder/spi-builder-workspace/.swiftpm/xcode
    builtin-SwiftPerFileCompile DynamicColor+HSL.swift
SwiftCompile normal arm64 /Users/admin/builder/spi-builder-workspace/Sources/DynamicColor+Lab.swift (in target 'DynamicColor' from project 'DynamicColor')
    cd /Users/admin/builder/spi-builder-workspace/.swiftpm/xcode
    builtin-SwiftPerFileCompile DynamicColor+Lab.swift
SwiftCompile normal arm64 Compiling\ Array.swift,\ ContrastDisplayContext.swift /Users/admin/builder/spi-builder-workspace/Sources/Array.swift /Users/admin/builder/spi-builder-workspace/Sources/ContrastDisplayContext.swift (in target 'DynamicColor' from project 'DynamicColor')
/Users/admin/builder/spi-builder-workspace/Sources/Array.swift:32:39: error: cannot find type 'DynamicColor' in scope
30 |  Convenient extension for color array to work as a DynamicGradient.
31 |  */
32 | public extension Array where Element: DynamicColor {
   |                                       |- error: cannot find type 'DynamicColor' in scope
   |                                       `- note: cannot use module 'DynamicColor' as a type
33 |   /**
34 |    Gradient representation of the array.
/Users/admin/builder/spi-builder-workspace/Sources/DynamicGradient.swift:44:24: error: cannot find type 'DynamicColor' in scope
 42 |    - Parameter colors: An array of colors.
 43 |    */
 44 |   public init(colors: [DynamicColor]) {
    |                        |- error: cannot find type 'DynamicColor' in scope
    |                        `- note: cannot use module 'DynamicColor' as a type
 45 |     self.colors = colors
 46 |   }
SwiftCompile normal arm64 /Users/admin/builder/spi-builder-workspace/Sources/Array.swift (in target 'DynamicColor' from project 'DynamicColor')
    cd /Users/admin/builder/spi-builder-workspace/.swiftpm/xcode
    builtin-SwiftPerFileCompile Array.swift
SwiftCompile normal arm64 /Users/admin/builder/spi-builder-workspace/Sources/ContrastDisplayContext.swift (in target 'DynamicColor' from project 'DynamicColor')
    cd /Users/admin/builder/spi-builder-workspace/.swiftpm/xcode
    builtin-SwiftPerFileCompile ContrastDisplayContext.swift
SwiftCompile normal arm64 Compiling\ HSL.swift /Users/admin/builder/spi-builder-workspace/Sources/HSL.swift (in target 'DynamicColor' from project 'DynamicColor')
/Users/admin/builder/spi-builder-workspace/Sources/HSL.swift:36:10: error: cannot find type 'CGFloat' in scope
 34 | internal struct HSL {
 35 |   /// Hue value between 0.0 and 1.0 (0.0 = 0 degree, 1.0 = 360 degree).
 36 |   var h: CGFloat = 0.0
    |          `- error: cannot find type 'CGFloat' in scope
 37 |   /// Saturation value between 0.0 and 1.0.
 38 |   var s: CGFloat = 0.0
/Users/admin/builder/spi-builder-workspace/Sources/HSL.swift:38:10: error: cannot find type 'CGFloat' in scope
 36 |   var h: CGFloat = 0.0
 37 |   /// Saturation value between 0.0 and 1.0.
 38 |   var s: CGFloat = 0.0
    |          `- error: cannot find type 'CGFloat' in scope
 39 |   /// Lightness value between 0.0 and 1.0.
 40 |   var l: CGFloat = 0.0
/Users/admin/builder/spi-builder-workspace/Sources/HSL.swift:40:10: error: cannot find type 'CGFloat' in scope
 38 |   var s: CGFloat = 0.0
 39 |   /// Lightness value between 0.0 and 1.0.
 40 |   var l: CGFloat = 0.0
    |          `- error: cannot find type 'CGFloat' in scope
 41 |   /// Alpha value between 0.0 and 1.0.
 42 |   var a: CGFloat = 1.0
/Users/admin/builder/spi-builder-workspace/Sources/HSL.swift:42:10: error: cannot find type 'CGFloat' in scope
 40 |   var l: CGFloat = 0.0
 41 |   /// Alpha value between 0.0 and 1.0.
 42 |   var a: CGFloat = 1.0
    |          `- error: cannot find type 'CGFloat' in scope
 43 |
 44 |   // MARK: - Initializing HSL Colors
/Users/admin/builder/spi-builder-workspace/Sources/HSL.swift:54:13: error: cannot find type 'CGFloat' in scope
 52 |   - parameter a: The opacity component of the color object, specified as a value between 0.0 and 1.0.
 53 |   */
 54 |   init(hue: CGFloat, saturation: CGFloat, lightness: CGFloat, alpha: CGFloat = 1.0) {
    |             `- error: cannot find type 'CGFloat' in scope
 55 |     h = hue.truncatingRemainder(dividingBy: 360.0) / 360.0
 56 |     s = clip(saturation, 0.0, 1.0)
/Users/admin/builder/spi-builder-workspace/Sources/HSL.swift:54:34: error: cannot find type 'CGFloat' in scope
 52 |   - parameter a: The opacity component of the color object, specified as a value between 0.0 and 1.0.
 53 |   */
 54 |   init(hue: CGFloat, saturation: CGFloat, lightness: CGFloat, alpha: CGFloat = 1.0) {
    |                                  `- error: cannot find type 'CGFloat' in scope
 55 |     h = hue.truncatingRemainder(dividingBy: 360.0) / 360.0
 56 |     s = clip(saturation, 0.0, 1.0)
/Users/admin/builder/spi-builder-workspace/Sources/HSL.swift:54:54: error: cannot find type 'CGFloat' in scope
 52 |   - parameter a: The opacity component of the color object, specified as a value between 0.0 and 1.0.
 53 |   */
 54 |   init(hue: CGFloat, saturation: CGFloat, lightness: CGFloat, alpha: CGFloat = 1.0) {
    |                                                      `- error: cannot find type 'CGFloat' in scope
 55 |     h = hue.truncatingRemainder(dividingBy: 360.0) / 360.0
 56 |     s = clip(saturation, 0.0, 1.0)
/Users/admin/builder/spi-builder-workspace/Sources/HSL.swift:54:70: error: cannot find type 'CGFloat' in scope
 52 |   - parameter a: The opacity component of the color object, specified as a value between 0.0 and 1.0.
 53 |   */
 54 |   init(hue: CGFloat, saturation: CGFloat, lightness: CGFloat, alpha: CGFloat = 1.0) {
    |                                                                      `- error: cannot find type 'CGFloat' in scope
 55 |     h = hue.truncatingRemainder(dividingBy: 360.0) / 360.0
 56 |     s = clip(saturation, 0.0, 1.0)
/Users/admin/builder/spi-builder-workspace/Sources/HSL.swift:66:15: error: cannot find type 'DynamicColor' in scope
 64 |   - parameter color: A DynamicColor object.
 65 |   */
 66 |   init(color: DynamicColor) {
    |               |- error: cannot find type 'DynamicColor' in scope
    |               `- note: cannot use module 'DynamicColor' as a type
 67 |     let rgba = color.toRGBAComponents()
 68 |
/Users/admin/builder/spi-builder-workspace/Sources/HSL.swift:108:28: error: cannot find type 'DynamicColor' in scope
106 |   - returns: A DynamicColor object corresponding to the current HSV color.
107 |   */
108 |   func toDynamicColor() -> DynamicColor {
    |                            |- error: cannot find type 'DynamicColor' in scope
    |                            `- note: cannot use module 'DynamicColor' as a type
109 |     let m2 = l <= 0.5 ? l * (s + 1.0) : (l + s) - (l * s)
110 |     let m1 = (l * 2.0) - m2
/Users/admin/builder/spi-builder-workspace/Sources/HSL.swift:120:66: error: cannot find type 'CGFloat' in scope
118 |
119 |   /// Hue to RGB helper function
120 |   private func hueToRGB(m1: CGFloat, m2: CGFloat, h: CGFloat) -> CGFloat {
    |                                                                  `- error: cannot find type 'CGFloat' in scope
121 |     let hue = moda(h, m: 1)
122 |
/Users/admin/builder/spi-builder-workspace/Sources/HSL.swift:120:29: error: cannot find type 'CGFloat' in scope
118 |
119 |   /// Hue to RGB helper function
120 |   private func hueToRGB(m1: CGFloat, m2: CGFloat, h: CGFloat) -> CGFloat {
    |                             `- error: cannot find type 'CGFloat' in scope
121 |     let hue = moda(h, m: 1)
122 |
/Users/admin/builder/spi-builder-workspace/Sources/HSL.swift:120:42: error: cannot find type 'CGFloat' in scope
118 |
119 |   /// Hue to RGB helper function
120 |   private func hueToRGB(m1: CGFloat, m2: CGFloat, h: CGFloat) -> CGFloat {
    |                                          `- error: cannot find type 'CGFloat' in scope
121 |     let hue = moda(h, m: 1)
122 |
/Users/admin/builder/spi-builder-workspace/Sources/HSL.swift:120:54: error: cannot find type 'CGFloat' in scope
118 |
119 |   /// Hue to RGB helper function
120 |   private func hueToRGB(m1: CGFloat, m2: CGFloat, h: CGFloat) -> CGFloat {
    |                                                      `- error: cannot find type 'CGFloat' in scope
121 |     let hue = moda(h, m: 1)
122 |
/Users/admin/builder/spi-builder-workspace/Sources/HSL.swift:144:28: error: cannot find type 'CGFloat' in scope
142 |   - returns: A HSL color with the hue changed.
143 |   */
144 |   func adjustedHue(amount: CGFloat) -> HSL {
    |                            `- error: cannot find type 'CGFloat' in scope
145 |     return HSL(hue: (h * 360.0) + amount, saturation: s, lightness: l, alpha: a)
146 |   }
/Users/admin/builder/spi-builder-workspace/Sources/HSL.swift:154:24: error: cannot find type 'CGFloat' in scope
152 |   - returns: A lighter HSL color.
153 |   */
154 |   func lighter(amount: CGFloat) -> HSL {
    |                        `- error: cannot find type 'CGFloat' in scope
155 |     return HSL(hue: h * 360.0, saturation: s, lightness: l + amount, alpha: a)
156 |   }
/Users/admin/builder/spi-builder-workspace/Sources/HSL.swift:164:25: error: cannot find type 'CGFloat' in scope
162 |   - returns: A darker HSL color.
163 |   */
164 |   func darkened(amount: CGFloat) -> HSL {
    |                         `- error: cannot find type 'CGFloat' in scope
165 |     return lighter(amount: amount * -1.0)
166 |   }
/Users/admin/builder/spi-builder-workspace/Sources/HSL.swift:174:26: error: cannot find type 'CGFloat' in scope
172 |   - returns: A HSL color more saturated.
173 |   */
174 |   func saturated(amount: CGFloat) -> HSL {
    |                          `- error: cannot find type 'CGFloat' in scope
175 |     return HSL(hue: h * 360.0, saturation: s + amount, lightness: l, alpha: a)
176 |   }
SwiftCompile normal arm64 /Users/admin/builder/spi-builder-workspace/Sources/HSL.swift (in target 'DynamicColor' from project 'DynamicColor')
    cd /Users/admin/builder/spi-builder-workspace/.swiftpm/xcode
    builtin-SwiftPerFileCompile HSL.swift
SwiftCompile normal arm64 Compiling\ DynamicColor+Deriving.swift,\ DynamicColor+HSB.swift /Users/admin/builder/spi-builder-workspace/Sources/DynamicColor+Deriving.swift /Users/admin/builder/spi-builder-workspace/Sources/DynamicColor+HSB.swift (in target 'DynamicColor' from project 'DynamicColor')
SwiftCompile normal arm64 /Users/admin/builder/spi-builder-workspace/Sources/DynamicColor+Deriving.swift (in target 'DynamicColor' from project 'DynamicColor')
    cd /Users/admin/builder/spi-builder-workspace/.swiftpm/xcode
    builtin-SwiftPerFileCompile DynamicColor+Deriving.swift
SwiftCompile normal arm64 /Users/admin/builder/spi-builder-workspace/Sources/DynamicColor+HSB.swift (in target 'DynamicColor' from project 'DynamicColor')
    cd /Users/admin/builder/spi-builder-workspace/.swiftpm/xcode
    builtin-SwiftPerFileCompile DynamicColor+HSB.swift
PruneExplicitPrecompiledModules /Users/admin/builder/spi-builder-workspace/.derivedData/Build/Intermediates.noindex/ExplicitPrecompiledModules
PruneExplicitPrecompiledModules /Users/admin/builder/spi-builder-workspace/.derivedData/Build/Intermediates.noindex/SwiftExplicitPrecompiledModules
PruneExplicitPrecompiledModules /Users/admin/builder/spi-builder-workspace/.derivedData/SDKExplicitPrecompiledModules
2026-09-16 20:53:51.674 xcodebuild[662:4269] [MT] IDERunDestination: Supported platforms for the buildables in the current scheme is empty.
** BUILD FAILED **
The following build commands failed:
	SwiftEmitModule normal arm64 Emitting\ module\ for\ DynamicColor (in target 'DynamicColor' from project 'DynamicColor')
	SwiftCompile normal arm64 (in target 'DynamicColor' from project 'DynamicColor')
	Building workspace DynamicColor with scheme DynamicColor
(3 failures)
Command line invocation:
    /Applications/Xcode-27.0.0-Release.Candidate.app/Contents/Developer/usr/bin/xcodebuild -IDEClonedSourcePackagesDirPathOverride=/Users/admin/builder/spi-builder-workspace/.dependencies -resolvePackageDependencies
Resolve Package Graph
Resolved source packages:
  DynamicColor: /Users/admin/builder/spi-builder-workspace
resolved source packages: DynamicColor
2026-09-16 20:53:59.101 xcodebuild[777:4717] [MT] IDERunDestination: Supported platforms for the buildables in the current scheme is empty.
{
  "dependencies" : [
  ],
  "manifest_display_name" : "DynamicColor",
  "name" : "DynamicColor",
  "path" : "/Users/admin/builder/spi-builder-workspace",
  "platforms" : [
    {
      "name" : "ios",
      "version" : "11.0"
    }
  ],
  "products" : [
    {
      "name" : "DynamicColor",
      "targets" : [
        "DynamicColor"
      ],
      "type" : {
        "library" : [
          "automatic"
        ]
      }
    }
  ],
  "targets" : [
    {
      "c99name" : "DynamicColorTests",
      "module_type" : "SwiftTarget",
      "name" : "DynamicColorTests",
      "path" : "Tests",
      "sources" : [
        "DynamicColor+HSBTests.swift",
        "DynamicColor+HSLTests.swift",
        "DynamicColor+RGBATests.swift",
        "DynamicColor+XCTAssertEqual.swift",
        "DynamicColor+XYZTests.swift",
        "DynamicColorArrayTests.swift",
        "DynamicColorLabTests.swift",
        "DynamicColorTests.swift",
        "DynamicGradientTests.swift"
      ],
      "target_dependencies" : [
        "DynamicColor"
      ],
      "type" : "test"
    },
    {
      "c99name" : "DynamicColor",
      "module_type" : "SwiftTarget",
      "name" : "DynamicColor",
      "path" : "Sources",
      "product_memberships" : [
        "DynamicColor"
      ],
      "sources" : [
        "Array.swift",
        "ContrastDisplayContext.swift",
        "DynamicColor+Deriving.swift",
        "DynamicColor+HSB.swift",
        "DynamicColor+HSL.swift",
        "DynamicColor+Lab.swift",
        "DynamicColor+Mixing.swift",
        "DynamicColor+RGBA.swift",
        "DynamicColor+XYZ.swift",
        "DynamicColor.swift",
        "DynamicColorSpace.swift",
        "DynamicGradient.swift",
        "HSL.swift",
        "SwiftUIColor.swift",
        "Utils.swift"
      ],
      "type" : "library"
    }
  ],
  "tools_version" : "5.0"
}
{
  "workspace" : {
    "name" : "DynamicColor",
    "schemes" : [
      "DynamicColor"
    ]
  }
}
2026-09-16 20:54:00.324 xcodebuild[785:4788] [MT] IDERunDestination: Supported platforms for the buildables in the current scheme is empty.
Running build ...
env DEVELOPER_DIR=/Applications/Xcode-27.0.0-Release.Candidate.app xcrun xcodebuild -IDEClonedSourcePackagesDirPathOverride=$PWD/.dependencies -skipMacroValidation -skipPackagePluginValidation -derivedDataPath $PWD/.derivedData build -scheme DynamicColor -destination generic/platform=xrOS
Command line invocation:
    /Applications/Xcode-27.0.0-Release.Candidate.app/Contents/Developer/usr/bin/xcodebuild -IDEClonedSourcePackagesDirPathOverride=/Users/admin/builder/spi-builder-workspace/.dependencies -skipMacroValidation -skipPackagePluginValidation -derivedDataPath /Users/admin/builder/spi-builder-workspace/.derivedData build -scheme DynamicColor -destination generic/platform=xrOS
Resolve Package Graph
Resolved source packages:
  DynamicColor: /Users/admin/builder/spi-builder-workspace
ComputePackagePrebuildTargetDependencyGraph
Prepare packages
CreateBuildRequest
SendProjectDescription
CreateBuildOperation
ComputeTargetDependencyGraph
note: Building targets in dependency order
note: Target dependency graph (2 targets)
    Target 'DynamicColor-product' in project 'DynamicColor'
        ➜ Explicit dependency on target 'DynamicColor' in project 'DynamicColor'
    Target 'DynamicColor' in project 'DynamicColor' (no dependencies)
GatherProvisioningInputs
CreateBuildDescription
ClangStatCache /Applications/Xcode-27.0.0-Release.Candidate.app/Contents/Developer/Toolchains/XcodeDefault.xctoolchain/usr/bin/clang-stat-cache /Applications/Xcode-27.0.0-Release.Candidate.app/Contents/Developer/Platforms/XROS.platform/Developer/SDKs/XROS27.0.sdk /Users/admin/builder/spi-builder-workspace/.derivedData/SDKStatCaches.noindex/xros27.0-24M361-e829b21a6f8c9b70876ba0858053c044735bd543db762f57723cac368afd1ce4.sdkstatcache
    cd /Users/admin/builder/spi-builder-workspace/.swiftpm/xcode
    /Applications/Xcode-27.0.0-Release.Candidate.app/Contents/Developer/Toolchains/XcodeDefault.xctoolchain/usr/bin/clang-stat-cache /Applications/Xcode-27.0.0-Release.Candidate.app/Contents/Developer/Platforms/XROS.platform/Developer/SDKs/XROS27.0.sdk -o /Users/admin/builder/spi-builder-workspace/.derivedData/SDKStatCaches.noindex/xros27.0-24M361-e829b21a6f8c9b70876ba0858053c044735bd543db762f57723cac368afd1ce4.sdkstatcache
SwiftDriver DynamicColor normal arm64 com.apple.xcode.tools.swift.compiler (in target 'DynamicColor' from project 'DynamicColor')
    cd /Users/admin/builder/spi-builder-workspace/.swiftpm/xcode
    builtin-SwiftDriver -- /Applications/Xcode-27.0.0-Release.Candidate.app/Contents/Developer/Toolchains/XcodeDefault.xctoolchain/usr/bin/swiftc -parse-as-library -module-name DynamicColor -Onone @/Users/admin/builder/spi-builder-workspace/.derivedData/Build/Intermediates.noindex/DynamicColor.build/Debug-xros/DynamicColor-t.build/Objects-normal/arm64/DynamicColor.SwiftFileList -DSWIFT_PACKAGE -DDEBUG -DSWIFT_MODULE_RESOURCE_BUNDLE_UNAVAILABLE -DXcode -plugin-path /Applications/Xcode-27.0.0-Release.Candidate.app/Contents/Developer/Toolchains/XcodeDefault.xctoolchain/usr/lib/swift/host/plugins/testing -enable-experimental-feature DebugDescriptionMacro -sdk /Applications/Xcode-27.0.0-Release.Candidate.app/Contents/Developer/Platforms/XROS.platform/Developer/SDKs/XROS27.0.sdk -target arm64-apple-xros1.0 -g -module-cache-path /Users/admin/builder/spi-builder-workspace/.derivedData/ModuleCache.noindex -Xfrontend -serialize-debugging-options -profile-coverage-mapping -profile-generate -enable-testing -index-store-path /Users/admin/builder/spi-builder-workspace/.derivedData/Index.noindex/DataStore -Xcc -D_LIBCPP_HARDENING_MODE\=_LIBCPP_HARDENING_MODE_DEBUG -swift-version 5 -I /Users/admin/builder/spi-builder-workspace/.derivedData/Build/Products/Debug-xros -Isystem /Applications/Xcode-27.0.0-Release.Candidate.app/Contents/Developer/Platforms/XROS.platform/Developer/usr/lib -F /Users/admin/builder/spi-builder-workspace/.derivedData/Build/Products/Debug-xros -F /Applications/Xcode-27.0.0-Release.Candidate.app/Contents/Developer/Platforms/XROS.platform/Developer/Library/Frameworks -F /Applications/Xcode-27.0.0-Release.Candidate.app/Contents/Developer/Platforms/XROS.platform/Developer/SDKs/XROS27.0.sdk/Developer/Library/Frameworks -c -j10 -enable-batch-mode -incremental -Xcc -ivfsstatcache -Xcc /Users/admin/builder/spi-builder-workspace/.derivedData/SDKStatCaches.noindex/xros27.0-24M361-e829b21a6f8c9b70876ba0858053c044735bd543db762f57723cac368afd1ce4.sdkstatcache -output-file-map /Users/admin/builder/spi-builder-workspace/.derivedData/Build/Intermediates.noindex/DynamicColor.build/Debug-xros/DynamicColor-t.build/Objects-normal/arm64/DynamicColor-OutputFileMap.json -save-temps -no-color-diagnostics -explicit-module-build -module-cache-path /Users/admin/builder/spi-builder-workspace/.derivedData/Build/Intermediates.noindex/SwiftExplicitPrecompiledModules -clang-scanner-module-cache-path /Users/admin/builder/spi-builder-workspace/.derivedData/ModuleCache.noindex -sdk-module-cache-path /Users/admin/builder/spi-builder-workspace/.derivedData/SDKExplicitPrecompiledModules -emit-dependencies -emit-module -emit-module-path /Users/admin/builder/spi-builder-workspace/.derivedData/Build/Intermediates.noindex/DynamicColor.build/Debug-xros/DynamicColor-t.build/Objects-normal/arm64/DynamicColor.swiftmodule -serialize-diagnostics -dependency-scan-serialize-diagnostics-path /Users/admin/builder/spi-builder-workspace/.derivedData/Build/Intermediates.noindex/DynamicColor.build/Debug-xros/DynamicColor-t.build/Objects-normal/arm64/DynamicColor-dependency-scan.dia -validate-clang-modules-once -clang-build-session-file /Users/admin/builder/spi-builder-workspace/.derivedData/ModuleCache.noindex/Session.modulevalidation -Xcc -fmodules-prune-interval\=86400 -Xcc -fmodules-prune-after\=345600 -emit-const-values -const-gather-protocols-list /Users/admin/builder/spi-builder-workspace/.derivedData/Build/Intermediates.noindex/DynamicColor.build/Debug-xros/DynamicColor-t.build/Objects-normal/arm64/DynamicColor_const_extract_protocols.json -Xcc -I/Users/admin/builder/spi-builder-workspace/.derivedData/Build/Products/Debug-xros/include -Xcc -I/Users/admin/builder/spi-builder-workspace/.derivedData/Build/Intermediates.noindex/DynamicColor.build/Debug-xros/DynamicColor-t.build/DerivedSources-normal/arm64 -Xcc -I/Users/admin/builder/spi-builder-workspace/.derivedData/Build/Intermediates.noindex/DynamicColor.build/Debug-xros/DynamicColor-t.build/DerivedSources/arm64 -Xcc -I/Users/admin/builder/spi-builder-workspace/.derivedData/Build/Intermediates.noindex/DynamicColor.build/Debug-xros/DynamicColor-t.build/DerivedSources -Xcc -DSWIFT_PACKAGE -Xcc -DDEBUG\=1 -emit-objc-header -emit-objc-header-path /Users/admin/builder/spi-builder-workspace/.derivedData/Build/Intermediates.noindex/DynamicColor.build/Debug-xros/DynamicColor-t.build/Objects-normal/arm64/DynamicColor-Swift.h -working-directory /Users/admin/builder/spi-builder-workspace/.swiftpm/xcode -experimental-emit-module-separately -disable-cmo
SwiftCompile normal arm64 Compiling\ DynamicColor+HSL.swift,\ DynamicColor+Lab.swift /Users/admin/builder/spi-builder-workspace/Sources/DynamicColor+HSL.swift /Users/admin/builder/spi-builder-workspace/Sources/DynamicColor+Lab.swift (in target 'DynamicColor' from project 'DynamicColor')
SwiftCompile normal arm64 /Users/admin/builder/spi-builder-workspace/Sources/DynamicColor+HSL.swift (in target 'DynamicColor' from project 'DynamicColor')
    cd /Users/admin/builder/spi-builder-workspace/.swiftpm/xcode
    builtin-SwiftPerFileCompile DynamicColor+HSL.swift
SwiftCompile normal arm64 /Users/admin/builder/spi-builder-workspace/Sources/DynamicColor+Lab.swift (in target 'DynamicColor' from project 'DynamicColor')
    cd /Users/admin/builder/spi-builder-workspace/.swiftpm/xcode
    builtin-SwiftPerFileCompile DynamicColor+Lab.swift
/Users/admin/builder/spi-builder-workspace/Sources/DynamicColor+HSL.swift:35:11: error: cannot find type 'DynamicColor' in scope
33 | // MARK: HSL Color Space
34 |
35 | extension DynamicColor {
   |           |- error: cannot find type 'DynamicColor' in scope
   |           `- note: cannot use module 'DynamicColor' as a type
36 |   /**
37 |    Initializes and returns a color object using the specified opacity and HSL component values.
SwiftCompile normal arm64 Compiling\ DynamicColor+XYZ.swift,\ DynamicColor.swift /Users/admin/builder/spi-builder-workspace/Sources/DynamicColor+XYZ.swift /Users/admin/builder/spi-builder-workspace/Sources/DynamicColor.swift (in target 'DynamicColor' from project 'DynamicColor')
/Users/admin/builder/spi-builder-workspace/Sources/DynamicColor+XYZ.swift:35:18: error: cannot find type 'DynamicColor' in scope
33 | // MARK: CIE XYZ Color Space
34 |
35 | public extension DynamicColor {
   |                  |- error: cannot find type 'DynamicColor' in scope
   |                  `- note: cannot use module 'DynamicColor' as a type
36 |   /**
37 |    Initializes and returns a color object using CIE XYZ color space component values with an observer at 2° and a D65 illuminant.
SwiftCompile normal arm64 /Users/admin/builder/spi-builder-workspace/Sources/DynamicColor+XYZ.swift (in target 'DynamicColor' from project 'DynamicColor')
    cd /Users/admin/builder/spi-builder-workspace/.swiftpm/xcode
    builtin-SwiftPerFileCompile DynamicColor+XYZ.swift
SwiftCompile normal arm64 /Users/admin/builder/spi-builder-workspace/Sources/DynamicColor.swift (in target 'DynamicColor' from project 'DynamicColor')
    cd /Users/admin/builder/spi-builder-workspace/.swiftpm/xcode
    builtin-SwiftPerFileCompile DynamicColor.swift
SwiftCompile normal arm64 Compiling\ DynamicGradient.swift /Users/admin/builder/spi-builder-workspace/Sources/DynamicGradient.swift (in target 'DynamicColor' from project 'DynamicColor')
/Users/admin/builder/spi-builder-workspace/Sources/DynamicGradient.swift:37:16: error: cannot find type 'DynamicColor' in scope
 35 |  */
 36 | final public class DynamicGradient {
 37 |   let colors: [DynamicColor]
    |                |- error: cannot find type 'DynamicColor' in scope
    |                `- note: cannot use module 'DynamicColor' as a type
 38 |
 39 |   /**
/Users/admin/builder/spi-builder-workspace/Sources/DynamicGradient.swift:44:24: error: cannot find type 'DynamicColor' in scope
 42 |    - Parameter colors: An array of colors.
 43 |    */
 44 |   public init(colors: [DynamicColor]) {
    |                        |- error: cannot find type 'DynamicColor' in scope
    |                        `- note: cannot use module 'DynamicColor' as a type
 45 |     self.colors = colors
 46 |   }
/Users/admin/builder/spi-builder-workspace/Sources/DynamicGradient.swift:55:101: error: cannot find type 'DynamicColor' in scope
 53 |    - Returns: An array of DynamicColor objects with equi-distant space in the gradient.
 54 |    */
 55 |   public func colorPalette(amount: UInt = 2, inColorSpace colorspace: DynamicColorSpace = .rgb) -> [DynamicColor] {
    |                                                                                                     |- error: cannot find type 'DynamicColor' in scope
    |                                                                                                     `- note: cannot use module 'DynamicColor' as a type
 56 |     guard amount > 0 && colors.count > 0 else {
 57 |       return []
/Users/admin/builder/spi-builder-workspace/Sources/DynamicGradient.swift:78:97: error: cannot find type 'DynamicColor' in scope
 76 |    - Returns: A DynamicColor object corresponding to the color at the given scale.
 77 |    */
 78 |   public func pickColorAt(scale: CGFloat, inColorSpace colorspace: DynamicColorSpace = .rgb) -> DynamicColor {
    |                                                                                                 |- error: cannot find type 'DynamicColor' in scope
    |                                                                                                 `- note: cannot use module 'DynamicColor' as a type
 79 |     guard colors.count > 1 else {
 80 |       return colors.first ?? .black
/Users/admin/builder/spi-builder-workspace/Sources/DynamicGradient.swift:78:34: error: cannot find type 'CGFloat' in scope
 76 |    - Returns: A DynamicColor object corresponding to the color at the given scale.
 77 |    */
 78 |   public func pickColorAt(scale: CGFloat, inColorSpace colorspace: DynamicColorSpace = .rgb) -> DynamicColor {
    |                                  `- error: cannot find type 'CGFloat' in scope
 79 |     guard colors.count > 1 else {
 80 |       return colors.first ?? .black
/Users/admin/builder/spi-builder-workspace/Sources/DynamicGradient.swift:64:27: error: cannot find 'CGFloat' in scope
 62 |     }
 63 |
 64 |     let increment = 1.0 / CGFloat(amount - 1)
    |                           `- error: cannot find 'CGFloat' in scope
 65 |
 66 |     return (0 ..< amount).map { pickColorAt(scale: CGFloat($0) * increment, inColorSpace: colorspace) }
/Users/admin/builder/spi-builder-workspace/Sources/DynamicGradient.swift:66:52: error: cannot find 'CGFloat' in scope
 64 |     let increment = 1.0 / CGFloat(amount - 1)
 65 |
 66 |     return (0 ..< amount).map { pickColorAt(scale: CGFloat($0) * increment, inColorSpace: colorspace) }
    |                                                    `- error: cannot find 'CGFloat' in scope
 67 |   }
 68 |
/Users/admin/builder/spi-builder-workspace/Sources/DynamicGradient.swift:84:51: error: cannot find 'CGFloat' in scope
 82 |
 83 |     let clippedScale = clip(scale, 0.0, 1.0)
 84 |     let positions    = (0 ..< colors.count).map { CGFloat($0) / CGFloat(colors.count - 1) }
    |                                                   `- error: cannot find 'CGFloat' in scope
 85 |
 86 |     var color: DynamicColor = .black
/Users/admin/builder/spi-builder-workspace/Sources/DynamicGradient.swift:84:65: error: cannot find 'CGFloat' in scope
 82 |
 83 |     let clippedScale = clip(scale, 0.0, 1.0)
 84 |     let positions    = (0 ..< colors.count).map { CGFloat($0) / CGFloat(colors.count - 1) }
    |                                                                 `- error: cannot find 'CGFloat' in scope
 85 |
 86 |     var color: DynamicColor = .black
SwiftCompile normal arm64 /Users/admin/builder/spi-builder-workspace/Sources/DynamicGradient.swift (in target 'DynamicColor' from project 'DynamicColor')
    cd /Users/admin/builder/spi-builder-workspace/.swiftpm/xcode
    builtin-SwiftPerFileCompile DynamicGradient.swift
SwiftCompile normal arm64 Compiling\ SwiftUIColor.swift /Users/admin/builder/spi-builder-workspace/Sources/SwiftUIColor.swift (in target 'DynamicColor' from project 'DynamicColor')
SwiftCompile normal arm64 /Users/admin/builder/spi-builder-workspace/Sources/SwiftUIColor.swift (in target 'DynamicColor' from project 'DynamicColor')
    cd /Users/admin/builder/spi-builder-workspace/.swiftpm/xcode
    builtin-SwiftPerFileCompile SwiftUIColor.swift
SwiftCompile normal arm64 Compiling\ Array.swift,\ ContrastDisplayContext.swift /Users/admin/builder/spi-builder-workspace/Sources/Array.swift /Users/admin/builder/spi-builder-workspace/Sources/ContrastDisplayContext.swift (in target 'DynamicColor' from project 'DynamicColor')
/Users/admin/builder/spi-builder-workspace/Sources/Array.swift:32:39: error: cannot find type 'DynamicColor' in scope
30 |  Convenient extension for color array to work as a DynamicGradient.
31 |  */
32 | public extension Array where Element: DynamicColor {
   |                                       |- error: cannot find type 'DynamicColor' in scope
   |                                       `- note: cannot use module 'DynamicColor' as a type
33 |   /**
34 |    Gradient representation of the array.
/Users/admin/builder/spi-builder-workspace/Sources/DynamicGradient.swift:44:24: error: cannot find type 'DynamicColor' in scope
 42 |    - Parameter colors: An array of colors.
 43 |    */
 44 |   public init(colors: [DynamicColor]) {
    |                        |- error: cannot find type 'DynamicColor' in scope
    |                        `- note: cannot use module 'DynamicColor' as a type
 45 |     self.colors = colors
 46 |   }
SwiftCompile normal arm64 /Users/admin/builder/spi-builder-workspace/Sources/Array.swift (in target 'DynamicColor' from project 'DynamicColor')
    cd /Users/admin/builder/spi-builder-workspace/.swiftpm/xcode
    builtin-SwiftPerFileCompile Array.swift
SwiftCompile normal arm64 /Users/admin/builder/spi-builder-workspace/Sources/ContrastDisplayContext.swift (in target 'DynamicColor' from project 'DynamicColor')
    cd /Users/admin/builder/spi-builder-workspace/.swiftpm/xcode
    builtin-SwiftPerFileCompile ContrastDisplayContext.swift
SwiftCompile normal arm64 Compiling\ DynamicColorSpace.swift /Users/admin/builder/spi-builder-workspace/Sources/DynamicColorSpace.swift (in target 'DynamicColor' from project 'DynamicColor')
SwiftCompile normal arm64 /Users/admin/builder/spi-builder-workspace/Sources/DynamicColorSpace.swift (in target 'DynamicColor' from project 'DynamicColor')
    cd /Users/admin/builder/spi-builder-workspace/.swiftpm/xcode
    builtin-SwiftPerFileCompile DynamicColorSpace.swift
SwiftCompile normal arm64 Compiling\ Utils.swift /Users/admin/builder/spi-builder-workspace/Sources/Utils.swift (in target 'DynamicColor' from project 'DynamicColor')
/Users/admin/builder/spi-builder-workspace/Sources/Utils.swift:54:49: error: cannot find type 'CGFloat' in scope
52 |  - Parameter m: The modulo.
53 |  */
54 | internal func moda(_ x: CGFloat, m: CGFloat) -> CGFloat {
   |                                                 `- error: cannot find type 'CGFloat' in scope
55 |   return (x.truncatingRemainder(dividingBy: m) + m).truncatingRemainder(dividingBy: m)
56 | }
/Users/admin/builder/spi-builder-workspace/Sources/Utils.swift:54:25: error: cannot find type 'CGFloat' in scope
52 |  - Parameter m: The modulo.
53 |  */
54 | internal func moda(_ x: CGFloat, m: CGFloat) -> CGFloat {
   |                         `- error: cannot find type 'CGFloat' in scope
55 |   return (x.truncatingRemainder(dividingBy: m) + m).truncatingRemainder(dividingBy: m)
56 | }
/Users/admin/builder/spi-builder-workspace/Sources/Utils.swift:54:37: error: cannot find type 'CGFloat' in scope
52 |  - Parameter m: The modulo.
53 |  */
54 | internal func moda(_ x: CGFloat, m: CGFloat) -> CGFloat {
   |                                     `- error: cannot find type 'CGFloat' in scope
55 |   return (x.truncatingRemainder(dividingBy: m) + m).truncatingRemainder(dividingBy: m)
56 | }
/Users/admin/builder/spi-builder-workspace/Sources/Utils.swift:64:75: error: cannot find type 'CGFloat' in scope
62 |  - Parameter m: The precision. Default to 10000.
63 |  */
64 | internal func roundDecimal(_ x: CGFloat, precision: CGFloat = 10000.0) -> CGFloat {
   |                                                                           `- error: cannot find type 'CGFloat' in scope
65 |   return CGFloat(Int(round(x * precision))) / precision
66 | }
/Users/admin/builder/spi-builder-workspace/Sources/Utils.swift:64:33: error: cannot find type 'CGFloat' in scope
62 |  - Parameter m: The precision. Default to 10000.
63 |  */
64 | internal func roundDecimal(_ x: CGFloat, precision: CGFloat = 10000.0) -> CGFloat {
   |                                 `- error: cannot find type 'CGFloat' in scope
65 |   return CGFloat(Int(round(x * precision))) / precision
66 | }
/Users/admin/builder/spi-builder-workspace/Sources/Utils.swift:64:53: error: cannot find type 'CGFloat' in scope
62 |  - Parameter m: The precision. Default to 10000.
63 |  */
64 | internal func roundDecimal(_ x: CGFloat, precision: CGFloat = 10000.0) -> CGFloat {
   |                                                     `- error: cannot find type 'CGFloat' in scope
65 |   return CGFloat(Int(round(x * precision))) / precision
66 | }
/Users/admin/builder/spi-builder-workspace/Sources/Utils.swift:68:31: error: cannot find type 'CGFloat' in scope
66 | }
67 |
68 | internal func roundToHex(_ x: CGFloat) -> UInt32 {
   |                               `- error: cannot find type 'CGFloat' in scope
69 |   guard x > 0 else { return 0 }
70 |   let rounded: CGFloat = round(x * 255.0)
/Users/admin/builder/spi-builder-workspace/Sources/Utils.swift:65:10: error: cannot find 'CGFloat' in scope
63 |  */
64 | internal func roundDecimal(_ x: CGFloat, precision: CGFloat = 10000.0) -> CGFloat {
65 |   return CGFloat(Int(round(x * precision))) / precision
   |          `- error: cannot find 'CGFloat' in scope
66 | }
67 |
/Users/admin/builder/spi-builder-workspace/Sources/Utils.swift:65:22: error: cannot find 'round' in scope
63 |  */
64 | internal func roundDecimal(_ x: CGFloat, precision: CGFloat = 10000.0) -> CGFloat {
65 |   return CGFloat(Int(round(x * precision))) / precision
   |                      `- error: cannot find 'round' in scope
66 | }
67 |
/Users/admin/builder/spi-builder-workspace/Sources/Utils.swift:70:16: error: cannot find type 'CGFloat' in scope
68 | internal func roundToHex(_ x: CGFloat) -> UInt32 {
69 |   guard x > 0 else { return 0 }
70 |   let rounded: CGFloat = round(x * 255.0)
   |                `- error: cannot find type 'CGFloat' in scope
71 |
72 |   return UInt32(rounded)
SwiftCompile normal arm64 /Users/admin/builder/spi-builder-workspace/Sources/Utils.swift (in target 'DynamicColor' from project 'DynamicColor')
    cd /Users/admin/builder/spi-builder-workspace/.swiftpm/xcode
    builtin-SwiftPerFileCompile Utils.swift
SwiftEmitModule normal arm64 Emitting\ module\ for\ DynamicColor (in target 'DynamicColor' from project 'DynamicColor')
/Users/admin/builder/spi-builder-workspace/Sources/Array.swift:32:39: error: cannot find type 'DynamicColor' in scope
30 |  Convenient extension for color array to work as a DynamicGradient.
31 |  */
32 | public extension Array where Element: DynamicColor {
   |                                       |- error: cannot find type 'DynamicColor' in scope
   |                                       `- note: cannot use module 'DynamicColor' as a type
33 |   /**
34 |    Gradient representation of the array.
/Users/admin/builder/spi-builder-workspace/Sources/ContrastDisplayContext.swift:17:11: error: cannot find type 'DynamicColor' in scope
15 | #endif
16 |
17 | extension DynamicColor {
   |           |- error: cannot find type 'DynamicColor' in scope
   |           `- note: cannot use module 'DynamicColor' as a type
18 |   /**
19 |    Used to describe the context of display of 2 colors.
/Users/admin/builder/spi-builder-workspace/Sources/DynamicColor+Deriving.swift:35:18: error: cannot find type 'DynamicColor' in scope
 33 | // MARK: Deriving Colors
 34 |
 35 | public extension DynamicColor {
    |                  |- error: cannot find type 'DynamicColor' in scope
    |                  `- note: cannot use module 'DynamicColor' as a type
 36 |   /**
 37 |    Creates and returns a color object with the hue rotated along the color wheel by the given amount.
/Users/admin/builder/spi-builder-workspace/Sources/DynamicColor+HSB.swift:35:11: error: cannot find type 'DynamicColor' in scope
33 | // MARK: HSB Color Space
34 |
35 | extension DynamicColor {
   |           |- error: cannot find type 'DynamicColor' in scope
   |           `- note: cannot use module 'DynamicColor' as a type
36 |   // MARK: - Getting the HSB Components
37 |
/Users/admin/builder/spi-builder-workspace/Sources/DynamicColor+HSL.swift:35:11: error: cannot find type 'DynamicColor' in scope
33 | // MARK: HSL Color Space
34 |
35 | extension DynamicColor {
   |           |- error: cannot find type 'DynamicColor' in scope
   |           `- note: cannot use module 'DynamicColor' as a type
36 |   /**
37 |    Initializes and returns a color object using the specified opacity and HSL component values.
/Users/admin/builder/spi-builder-workspace/Sources/DynamicColor+Lab.swift:35:18: error: cannot find type 'DynamicColor' in scope
33 | // MARK: CIE L*a*b* Color Space
34 |
35 | public extension DynamicColor {
   |                  |- error: cannot find type 'DynamicColor' in scope
   |                  `- note: cannot use module 'DynamicColor' as a type
36 |   /**
37 |    Initializes and returns a color object using CIE XYZ color space component values with an observer at 2° and a D65 illuminant.
/Users/admin/builder/spi-builder-workspace/Sources/DynamicColor+Mixing.swift:35:18: error: cannot find type 'DynamicColor' in scope
 33 | // MARK: Mixing Colors
 34 |
 35 | public extension DynamicColor {
    |                  |- error: cannot find type 'DynamicColor' in scope
    |                  `- note: cannot use module 'DynamicColor' as a type
 36 |   /**
 37 |    Mixes the given color object with the receiver.
/Users/admin/builder/spi-builder-workspace/Sources/DynamicColor+RGBA.swift:35:18: error: cannot find type 'DynamicColor' in scope
 33 | // MARK: RGBA Color Space
 34 |
 35 | public extension DynamicColor {
    |                  |- error: cannot find type 'DynamicColor' in scope
    |                  `- note: cannot use module 'DynamicColor' as a type
 36 |   /**
 37 |    Initializes and returns a color object using the specified opacity and RGB component values.
/Users/admin/builder/spi-builder-workspace/Sources/DynamicColor+XYZ.swift:35:18: error: cannot find type 'DynamicColor' in scope
33 | // MARK: CIE XYZ Color Space
34 |
35 | public extension DynamicColor {
   |                  |- error: cannot find type 'DynamicColor' in scope
   |                  `- note: cannot use module 'DynamicColor' as a type
36 |   /**
37 |    Initializes and returns a color object using CIE XYZ color space component values with an observer at 2° and a D65 illuminant.
/Users/admin/builder/spi-builder-workspace/Sources/DynamicColor.swift:47:18: error: cannot find type 'DynamicColor' in scope
 45 | #endif
 46 |
 47 | public extension DynamicColor {
    |                  |- error: cannot find type 'DynamicColor' in scope
    |                  `- note: cannot use module 'DynamicColor' as a type
 48 |   // MARK: - Manipulating Hexa-decimal Values and Strings
 49 |
/Users/admin/builder/spi-builder-workspace/Sources/DynamicGradient.swift:37:16: error: cannot find type 'DynamicColor' in scope
 35 |  */
 36 | final public class DynamicGradient {
 37 |   let colors: [DynamicColor]
    |                |- error: cannot find type 'DynamicColor' in scope
    |                `- note: cannot use module 'DynamicColor' as a type
 38 |
 39 |   /**
/Users/admin/builder/spi-builder-workspace/Sources/DynamicGradient.swift:44:24: error: cannot find type 'DynamicColor' in scope
 42 |    - Parameter colors: An array of colors.
 43 |    */
 44 |   public init(colors: [DynamicColor]) {
    |                        |- error: cannot find type 'DynamicColor' in scope
    |                        `- note: cannot use module 'DynamicColor' as a type
 45 |     self.colors = colors
 46 |   }
/Users/admin/builder/spi-builder-workspace/Sources/DynamicGradient.swift:55:101: error: cannot find type 'DynamicColor' in scope
 53 |    - Returns: An array of DynamicColor objects with equi-distant space in the gradient.
 54 |    */
 55 |   public func colorPalette(amount: UInt = 2, inColorSpace colorspace: DynamicColorSpace = .rgb) -> [DynamicColor] {
    |                                                                                                     |- error: cannot find type 'DynamicColor' in scope
    |                                                                                                     `- note: cannot use module 'DynamicColor' as a type
 56 |     guard amount > 0 && colors.count > 0 else {
 57 |       return []
/Users/admin/builder/spi-builder-workspace/Sources/DynamicGradient.swift:78:97: error: cannot find type 'DynamicColor' in scope
 76 |    - Returns: A DynamicColor object corresponding to the color at the given scale.
 77 |    */
 78 |   public func pickColorAt(scale: CGFloat, inColorSpace colorspace: DynamicColorSpace = .rgb) -> DynamicColor {
    |                                                                                                 |- error: cannot find type 'DynamicColor' in scope
    |                                                                                                 `- note: cannot use module 'DynamicColor' as a type
 79 |     guard colors.count > 1 else {
 80 |       return colors.first ?? .black
/Users/admin/builder/spi-builder-workspace/Sources/DynamicGradient.swift:78:34: error: cannot find type 'CGFloat' in scope
 76 |    - Returns: A DynamicColor object corresponding to the color at the given scale.
 77 |    */
 78 |   public func pickColorAt(scale: CGFloat, inColorSpace colorspace: DynamicColorSpace = .rgb) -> DynamicColor {
    |                                  `- error: cannot find type 'CGFloat' in scope
 79 |     guard colors.count > 1 else {
 80 |       return colors.first ?? .black
/Users/admin/builder/spi-builder-workspace/Sources/HSL.swift:36:10: error: cannot find type 'CGFloat' in scope
 34 | internal struct HSL {
 35 |   /// Hue value between 0.0 and 1.0 (0.0 = 0 degree, 1.0 = 360 degree).
 36 |   var h: CGFloat = 0.0
    |          `- error: cannot find type 'CGFloat' in scope
 37 |   /// Saturation value between 0.0 and 1.0.
 38 |   var s: CGFloat = 0.0
/Users/admin/builder/spi-builder-workspace/Sources/HSL.swift:38:10: error: cannot find type 'CGFloat' in scope
 36 |   var h: CGFloat = 0.0
 37 |   /// Saturation value between 0.0 and 1.0.
 38 |   var s: CGFloat = 0.0
    |          `- error: cannot find type 'CGFloat' in scope
 39 |   /// Lightness value between 0.0 and 1.0.
 40 |   var l: CGFloat = 0.0
/Users/admin/builder/spi-builder-workspace/Sources/HSL.swift:40:10: error: cannot find type 'CGFloat' in scope
 38 |   var s: CGFloat = 0.0
 39 |   /// Lightness value between 0.0 and 1.0.
 40 |   var l: CGFloat = 0.0
    |          `- error: cannot find type 'CGFloat' in scope
 41 |   /// Alpha value between 0.0 and 1.0.
 42 |   var a: CGFloat = 1.0
/Users/admin/builder/spi-builder-workspace/Sources/HSL.swift:42:10: error: cannot find type 'CGFloat' in scope
 40 |   var l: CGFloat = 0.0
 41 |   /// Alpha value between 0.0 and 1.0.
 42 |   var a: CGFloat = 1.0
    |          `- error: cannot find type 'CGFloat' in scope
 43 |
 44 |   // MARK: - Initializing HSL Colors
/Users/admin/builder/spi-builder-workspace/Sources/HSL.swift:54:13: error: cannot find type 'CGFloat' in scope
 52 |   - parameter a: The opacity component of the color object, specified as a value between 0.0 and 1.0.
 53 |   */
 54 |   init(hue: CGFloat, saturation: CGFloat, lightness: CGFloat, alpha: CGFloat = 1.0) {
    |             `- error: cannot find type 'CGFloat' in scope
 55 |     h = hue.truncatingRemainder(dividingBy: 360.0) / 360.0
 56 |     s = clip(saturation, 0.0, 1.0)
/Users/admin/builder/spi-builder-workspace/Sources/HSL.swift:54:34: error: cannot find type 'CGFloat' in scope
 52 |   - parameter a: The opacity component of the color object, specified as a value between 0.0 and 1.0.
 53 |   */
 54 |   init(hue: CGFloat, saturation: CGFloat, lightness: CGFloat, alpha: CGFloat = 1.0) {
    |                                  `- error: cannot find type 'CGFloat' in scope
 55 |     h = hue.truncatingRemainder(dividingBy: 360.0) / 360.0
 56 |     s = clip(saturation, 0.0, 1.0)
/Users/admin/builder/spi-builder-workspace/Sources/HSL.swift:54:54: error: cannot find type 'CGFloat' in scope
 52 |   - parameter a: The opacity component of the color object, specified as a value between 0.0 and 1.0.
 53 |   */
 54 |   init(hue: CGFloat, saturation: CGFloat, lightness: CGFloat, alpha: CGFloat = 1.0) {
    |                                                      `- error: cannot find type 'CGFloat' in scope
 55 |     h = hue.truncatingRemainder(dividingBy: 360.0) / 360.0
 56 |     s = clip(saturation, 0.0, 1.0)
/Users/admin/builder/spi-builder-workspace/Sources/HSL.swift:54:70: error: cannot find type 'CGFloat' in scope
 52 |   - parameter a: The opacity component of the color object, specified as a value between 0.0 and 1.0.
 53 |   */
 54 |   init(hue: CGFloat, saturation: CGFloat, lightness: CGFloat, alpha: CGFloat = 1.0) {
    |                                                                      `- error: cannot find type 'CGFloat' in scope
 55 |     h = hue.truncatingRemainder(dividingBy: 360.0) / 360.0
 56 |     s = clip(saturation, 0.0, 1.0)
/Users/admin/builder/spi-builder-workspace/Sources/HSL.swift:66:15: error: cannot find type 'DynamicColor' in scope
 64 |   - parameter color: A DynamicColor object.
 65 |   */
 66 |   init(color: DynamicColor) {
    |               |- error: cannot find type 'DynamicColor' in scope
    |               `- note: cannot use module 'DynamicColor' as a type
 67 |     let rgba = color.toRGBAComponents()
 68 |
/Users/admin/builder/spi-builder-workspace/Sources/HSL.swift:108:28: error: cannot find type 'DynamicColor' in scope
106 |   - returns: A DynamicColor object corresponding to the current HSV color.
107 |   */
108 |   func toDynamicColor() -> DynamicColor {
    |                            |- error: cannot find type 'DynamicColor' in scope
    |                            `- note: cannot use module 'DynamicColor' as a type
109 |     let m2 = l <= 0.5 ? l * (s + 1.0) : (l + s) - (l * s)
110 |     let m1 = (l * 2.0) - m2
/Users/admin/builder/spi-builder-workspace/Sources/HSL.swift:120:66: error: cannot find type 'CGFloat' in scope
118 |
119 |   /// Hue to RGB helper function
120 |   private func hueToRGB(m1: CGFloat, m2: CGFloat, h: CGFloat) -> CGFloat {
    |                                                                  `- error: cannot find type 'CGFloat' in scope
121 |     let hue = moda(h, m: 1)
122 |
/Users/admin/builder/spi-builder-workspace/Sources/HSL.swift:120:29: error: cannot find type 'CGFloat' in scope
118 |
119 |   /// Hue to RGB helper function
120 |   private func hueToRGB(m1: CGFloat, m2: CGFloat, h: CGFloat) -> CGFloat {
    |                             `- error: cannot find type 'CGFloat' in scope
121 |     let hue = moda(h, m: 1)
122 |
/Users/admin/builder/spi-builder-workspace/Sources/HSL.swift:120:42: error: cannot find type 'CGFloat' in scope
118 |
119 |   /// Hue to RGB helper function
120 |   private func hueToRGB(m1: CGFloat, m2: CGFloat, h: CGFloat) -> CGFloat {
    |                                          `- error: cannot find type 'CGFloat' in scope
121 |     let hue = moda(h, m: 1)
122 |
/Users/admin/builder/spi-builder-workspace/Sources/HSL.swift:120:54: error: cannot find type 'CGFloat' in scope
118 |
119 |   /// Hue to RGB helper function
120 |   private func hueToRGB(m1: CGFloat, m2: CGFloat, h: CGFloat) -> CGFloat {
    |                                                      `- error: cannot find type 'CGFloat' in scope
121 |     let hue = moda(h, m: 1)
122 |
/Users/admin/builder/spi-builder-workspace/Sources/HSL.swift:144:28: error: cannot find type 'CGFloat' in scope
142 |   - returns: A HSL color with the hue changed.
143 |   */
144 |   func adjustedHue(amount: CGFloat) -> HSL {
    |                            `- error: cannot find type 'CGFloat' in scope
145 |     return HSL(hue: (h * 360.0) + amount, saturation: s, lightness: l, alpha: a)
146 |   }
/Users/admin/builder/spi-builder-workspace/Sources/HSL.swift:154:24: error: cannot find type 'CGFloat' in scope
152 |   - returns: A lighter HSL color.
153 |   */
154 |   func lighter(amount: CGFloat) -> HSL {
    |                        `- error: cannot find type 'CGFloat' in scope
155 |     return HSL(hue: h * 360.0, saturation: s, lightness: l + amount, alpha: a)
156 |   }
/Users/admin/builder/spi-builder-workspace/Sources/HSL.swift:164:25: error: cannot find type 'CGFloat' in scope
162 |   - returns: A darker HSL color.
163 |   */
164 |   func darkened(amount: CGFloat) -> HSL {
    |                         `- error: cannot find type 'CGFloat' in scope
165 |     return lighter(amount: amount * -1.0)
166 |   }
/Users/admin/builder/spi-builder-workspace/Sources/HSL.swift:174:26: error: cannot find type 'CGFloat' in scope
172 |   - returns: A HSL color more saturated.
173 |   */
174 |   func saturated(amount: CGFloat) -> HSL {
    |                          `- error: cannot find type 'CGFloat' in scope
175 |     return HSL(hue: h * 360.0, saturation: s + amount, lightness: l, alpha: a)
176 |   }
/Users/admin/builder/spi-builder-workspace/Sources/HSL.swift:184:28: error: cannot find type 'CGFloat' in scope
182 |   - returns: A HSL color less saturated.
183 |   */
184 |   func desaturated(amount: CGFloat) -> HSL {
    |                            `- error: cannot find type 'CGFloat' in scope
185 |     return saturated(amount: amount * -1.0)
186 |   }
/Users/admin/builder/spi-builder-workspace/Sources/Utils.swift:54:49: error: cannot find type 'CGFloat' in scope
52 |  - Parameter m: The modulo.
53 |  */
54 | internal func moda(_ x: CGFloat, m: CGFloat) -> CGFloat {
   |                                                 `- error: cannot find type 'CGFloat' in scope
55 |   return (x.truncatingRemainder(dividingBy: m) + m).truncatingRemainder(dividingBy: m)
56 | }
/Users/admin/builder/spi-builder-workspace/Sources/Utils.swift:54:25: error: cannot find type 'CGFloat' in scope
52 |  - Parameter m: The modulo.
53 |  */
54 | internal func moda(_ x: CGFloat, m: CGFloat) -> CGFloat {
   |                         `- error: cannot find type 'CGFloat' in scope
55 |   return (x.truncatingRemainder(dividingBy: m) + m).truncatingRemainder(dividingBy: m)
56 | }
/Users/admin/builder/spi-builder-workspace/Sources/Utils.swift:54:37: error: cannot find type 'CGFloat' in scope
52 |  - Parameter m: The modulo.
53 |  */
54 | internal func moda(_ x: CGFloat, m: CGFloat) -> CGFloat {
   |                                     `- error: cannot find type 'CGFloat' in scope
55 |   return (x.truncatingRemainder(dividingBy: m) + m).truncatingRemainder(dividingBy: m)
56 | }
/Users/admin/builder/spi-builder-workspace/Sources/Utils.swift:64:75: error: cannot find type 'CGFloat' in scope
62 |  - Parameter m: The precision. Default to 10000.
63 |  */
64 | internal func roundDecimal(_ x: CGFloat, precision: CGFloat = 10000.0) -> CGFloat {
   |                                                                           `- error: cannot find type 'CGFloat' in scope
65 |   return CGFloat(Int(round(x * precision))) / precision
66 | }
/Users/admin/builder/spi-builder-workspace/Sources/Utils.swift:64:33: error: cannot find type 'CGFloat' in scope
62 |  - Parameter m: The precision. Default to 10000.
63 |  */
64 | internal func roundDecimal(_ x: CGFloat, precision: CGFloat = 10000.0) -> CGFloat {
   |                                 `- error: cannot find type 'CGFloat' in scope
65 |   return CGFloat(Int(round(x * precision))) / precision
66 | }
/Users/admin/builder/spi-builder-workspace/Sources/Utils.swift:64:53: error: cannot find type 'CGFloat' in scope
62 |  - Parameter m: The precision. Default to 10000.
63 |  */
64 | internal func roundDecimal(_ x: CGFloat, precision: CGFloat = 10000.0) -> CGFloat {
   |                                                     `- error: cannot find type 'CGFloat' in scope
65 |   return CGFloat(Int(round(x * precision))) / precision
66 | }
/Users/admin/builder/spi-builder-workspace/Sources/Utils.swift:68:31: error: cannot find type 'CGFloat' in scope
66 | }
67 |
68 | internal func roundToHex(_ x: CGFloat) -> UInt32 {
   |                               `- error: cannot find type 'CGFloat' in scope
69 |   guard x > 0 else { return 0 }
70 |   let rounded: CGFloat = round(x * 255.0)
Failed frontend command:
/Applications/Xcode-27.0.0-Release.Candidate.app/Contents/Developer/Toolchains/XcodeDefault.xctoolchain/usr/bin/swift-frontend -frontend -emit-module -experimental-skip-non-inlinable-function-bodies-without-types /Users/admin/builder/spi-builder-workspace/Sources/Array.swift /Users/admin/builder/spi-builder-workspace/Sources/ContrastDisplayContext.swift /Users/admin/builder/spi-builder-workspace/Sources/DynamicColor+Deriving.swift /Users/admin/builder/spi-builder-workspace/Sources/DynamicColor+HSB.swift /Users/admin/builder/spi-builder-workspace/Sources/DynamicColor+HSL.swift /Users/admin/builder/spi-builder-workspace/Sources/DynamicColor+Lab.swift /Users/admin/builder/spi-builder-workspace/Sources/DynamicColor+Mixing.swift /Users/admin/builder/spi-builder-workspace/Sources/DynamicColor+RGBA.swift /Users/admin/builder/spi-builder-workspace/Sources/DynamicColor+XYZ.swift /Users/admin/builder/spi-builder-workspace/Sources/DynamicColor.swift /Users/admin/builder/spi-builder-workspace/Sources/DynamicColorSpace.swift /Users/admin/builder/spi-builder-workspace/Sources/DynamicGradient.swift /Users/admin/builder/spi-builder-workspace/Sources/HSL.swift /Users/admin/builder/spi-builder-workspace/Sources/SwiftUIColor.swift /Users/admin/builder/spi-builder-workspace/Sources/Utils.swift -target arm64-apple-xros1.0 -disable-cross-import-overlay-search -load-resolved-plugin /Applications/Xcode-27.0.0-Release.Candidate.app/Contents/Developer/Platforms/XROS.platform/Developer/usr/lib/swift/host/plugins/libFoundationMacros.dylib\#/Applications/Xcode-27.0.0-Release.Candidate.app/Contents/Developer/Platforms/XROS.platform/Developer/usr/bin/swift-plugin-server\#FoundationMacros -load-resolved-plugin /Applications/Xcode-27.0.0-Release.Candidate.app/Contents/Developer/Platforms/XROS.platform/Developer/usr/lib/swift/host/plugins/libObservationMacros.dylib\#/Applications/Xcode-27.0.0-Release.Candidate.app/Contents/Developer/Platforms/XROS.platform/Developer/usr/bin/swift-plugin-server\#ObservationMacros -load-resolved-plugin /Applications/Xcode-27.0.0-Release.Candidate.app/Contents/Developer/Platforms/XROS.platform/Developer/usr/lib/swift/host/plugins/libPreviewsMacros.dylib\#/Applications/Xcode-27.0.0-Release.Candidate.app/Contents/Developer/Platforms/XROS.platform/Developer/usr/bin/swift-plugin-server\#PreviewsMacros -load-resolved-plugin /Applications/Xcode-27.0.0-Release.Candidate.app/Contents/Developer/Platforms/XROS.platform/Developer/usr/lib/swift/host/plugins/libSwiftMacros.dylib\#/Applications/Xcode-27.0.0-Release.Candidate.app/Contents/Developer/Platforms/XROS.platform/Developer/usr/bin/swift-plugin-server\#SwiftMacros -load-resolved-plugin /Applications/Xcode-27.0.0-Release.Candidate.app/Contents/Developer/Platforms/XROS.platform/Developer/usr/lib/swift/host/plugins/libSwiftUIMacros.dylib\#/Applications/Xcode-27.0.0-Release.Candidate.app/Contents/Developer/Platforms/XROS.platform/Developer/usr/bin/swift-plugin-server\#SwiftUIMacros -disable-implicit-swift-modules -Xcc -fno-implicit-modules -Xcc -fno-implicit-module-maps -explicit-swift-module-map-file /Users/admin/builder/spi-builder-workspace/.derivedData/Build/Intermediates.noindex/DynamicColor.build/Debug-xros/DynamicColor-t.build/Objects-normal/arm64/DynamicColor-dependencies-1.json -Xllvm -aarch64-use-tbi -enable-objc-interop -stack-check -sdk /Applications/Xcode-27.0.0-Release.Candidate.app/Contents/Developer/Platforms/XROS.platform/Developer/SDKs/XROS27.0.sdk -I /Users/admin/builder/spi-builder-workspace/.derivedData/Build/Products/Debug-xros -Isystem /Applications/Xcode-27.0.0-Release.Candidate.app/Contents/Developer/Platforms/XROS.platform/Developer/usr/lib -F /Users/admin/builder/spi-builder-workspace/.derivedData/Build/Products/Debug-xros -F /Applications/Xcode-27.0.0-Release.Candidate.app/Contents/Developer/Platforms/XROS.platform/Developer/Library/Frameworks -F /Applications/Xcode-27.0.0-Release.Candidate.app/Contents/Developer/Platforms/XROS.platform/Developer/SDKs/XROS27.0.sdk/Developer/Library/Frameworks -module-cache-path /Users/admin/builder/spi-builder-workspace/.derivedData/Build/Intermediates.noindex/SwiftExplicitPrecompiledModules -no-color-diagnostics -Xcc -fno-color-diagnostics -enable-testing -g -debug-info-format\=dwarf -dwarf-version\=4 -profile-generate -profile-coverage-mapping -swift-version 5 -Onone -D SWIFT_PACKAGE -D DEBUG -D SWIFT_MODULE_RESOURCE_BUNDLE_UNAVAILABLE -D Xcode -serialize-debugging-options -enable-experimental-feature DebugDescriptionMacro -empty-abi-descriptor -validate-clang-modules-once -clang-build-session-file /Users/admin/builder/spi-builder-workspace/.derivedData/ModuleCache.noindex/Session.modulevalidation -Xcc -working-directory -Xcc /Users/admin/builder/spi-builder-workspace/.swiftpm/xcode -enable-anonymous-context-mangled-names -file-compilation-dir /Users/admin/builder/spi-builder-workspace/.swiftpm/xcode -Xcc -D_LIBCPP_HARDENING_MODE\=_LIBCPP_HARDENING_MODE_DEBUG -Xcc -ivfsstatcache -Xcc /Users/admin/builder/spi-builder-workspace/.derivedData/SDKStatCaches.noindex/xros27.0-24M361-e829b21a6f8c9b70876ba0858053c044735bd543db762f57723cac368afd1ce4.sdkstatcache -Xcc -fmodules-prune-interval\=86400 -Xcc -fmodules-prune-after\=345600 -Xcc -I/Users/admin/builder/spi-builder-workspace/.derivedData/Build/Products/Debug-xros/include -Xcc -I/Users/admin/builder/spi-builder-workspace/.derivedData/Build/Intermediates.noindex/DynamicColor.build/Debug-xros/DynamicColor-t.build/DerivedSources-normal/arm64 -Xcc -I/Users/admin/builder/spi-builder-workspace/.derivedData/Build/Intermediates.noindex/DynamicColor.build/Debug-xros/DynamicColor-t.build/DerivedSources/arm64 -Xcc -I/Users/admin/builder/spi-builder-workspace/.derivedData/Build/Intermediates.noindex/DynamicColor.build/Debug-xros/DynamicColor-t.build/DerivedSources -Xcc -DSWIFT_PACKAGE -Xcc -DDEBUG\=1 -no-auto-bridging-header-chaining -module-name DynamicColor -const-gather-protocols-file /Users/admin/builder/spi-builder-workspace/.derivedData/Build/Intermediates.noindex/DynamicColor.build/Debug-xros/DynamicColor-t.build/Objects-normal/arm64/DynamicColor_const_extract_protocols.json -disable-clang-spi -clang-target arm64-apple-xros27.0 -target-sdk-version 27.0 -target-sdk-name xros27.0 -in-process-plugin-server-path /Applications/Xcode-27.0.0-Release.Candidate.app/Contents/Developer/Toolchains/XcodeDefault.xctoolchain/usr/lib/swift/host/libSwiftInProcPluginServer.dylib -emit-module-doc-path /Users/admin/builder/spi-builder-workspace/.derivedData/Build/Intermediates.noindex/DynamicColor.build/Debug-xros/DynamicColor-t.build/Objects-normal/arm64/DynamicColor.swiftdoc -emit-module-source-info-path /Users/admin/builder/spi-builder-workspace/.derivedData/Build/Intermediates.noindex/DynamicColor.build/Debug-xros/DynamicColor-t.build/Objects-normal/arm64/DynamicColor.swiftsourceinfo -emit-objc-header-path /Users/admin/builder/spi-builder-workspace/.derivedData/Build/Intermediates.noindex/DynamicColor.build/Debug-xros/DynamicColor-t.build/Objects-normal/arm64/DynamicColor-Swift.h -serialize-diagnostics-path /Users/admin/builder/spi-builder-workspace/.derivedData/Build/Intermediates.noindex/DynamicColor.build/Debug-xros/DynamicColor-t.build/Objects-normal/arm64/DynamicColor-primary-emit-module.dia -emit-dependencies-path /Users/admin/builder/spi-builder-workspace/.derivedData/Build/Intermediates.noindex/DynamicColor.build/Debug-xros/DynamicColor-t.build/Objects-normal/arm64/DynamicColor-primary-emit-module.d -parse-as-library -o /Users/admin/builder/spi-builder-workspace/.derivedData/Build/Intermediates.noindex/DynamicColor.build/Debug-xros/DynamicColor-t.build/Objects-normal/arm64/DynamicColor.swiftmodule -emit-abi-descriptor-path /Users/admin/builder/spi-builder-workspace/.derivedData/Build/Intermediates.noindex/DynamicColor.build/Debug-xros/DynamicColor-t.build/Objects-normal/arm64/DynamicColor.abi.json
SwiftCompile normal arm64 (in target 'DynamicColor' from project 'DynamicColor')
    cd /Users/admin/builder/spi-builder-workspace/.swiftpm/xcode

SwiftCompile normal arm64 Compiling\ DynamicColor+Mixing.swift,\ DynamicColor+RGBA.swift /Users/admin/builder/spi-builder-workspace/Sources/DynamicColor+Mixing.swift /Users/admin/builder/spi-builder-workspace/Sources/DynamicColor+RGBA.swift (in target 'DynamicColor' from project 'DynamicColor')
/Users/admin/builder/spi-builder-workspace/Sources/DynamicColor+Mixing.swift:35:18: error: cannot find type 'DynamicColor' in scope
 33 | // MARK: Mixing Colors
 34 |
 35 | public extension DynamicColor {
    |                  |- error: cannot find type 'DynamicColor' in scope
    |                  `- note: cannot use module 'DynamicColor' as a type
 36 |   /**
 37 |    Mixes the given color object with the receiver.
SwiftCompile normal arm64 /Users/admin/builder/spi-builder-workspace/Sources/DynamicColor+Mixing.swift (in target 'DynamicColor' from project 'DynamicColor')
    cd /Users/admin/builder/spi-builder-workspace/.swiftpm/xcode
    builtin-SwiftPerFileCompile DynamicColor+Mixing.swift
SwiftCompile normal arm64 /Users/admin/builder/spi-builder-workspace/Sources/DynamicColor+RGBA.swift (in target 'DynamicColor' from project 'DynamicColor')
    cd /Users/admin/builder/spi-builder-workspace/.swiftpm/xcode
    builtin-SwiftPerFileCompile DynamicColor+RGBA.swift
SwiftCompile normal arm64 Compiling\ DynamicColor+Deriving.swift,\ DynamicColor+HSB.swift /Users/admin/builder/spi-builder-workspace/Sources/DynamicColor+Deriving.swift /Users/admin/builder/spi-builder-workspace/Sources/DynamicColor+HSB.swift (in target 'DynamicColor' from project 'DynamicColor')
/Users/admin/builder/spi-builder-workspace/Sources/DynamicColor+Deriving.swift:35:18: error: cannot find type 'DynamicColor' in scope
 33 | // MARK: Deriving Colors
 34 |
 35 | public extension DynamicColor {
    |                  |- error: cannot find type 'DynamicColor' in scope
    |                  `- note: cannot use module 'DynamicColor' as a type
 36 |   /**
 37 |    Creates and returns a color object with the hue rotated along the color wheel by the given amount.
SwiftCompile normal arm64 /Users/admin/builder/spi-builder-workspace/Sources/DynamicColor+Deriving.swift (in target 'DynamicColor' from project 'DynamicColor')
    cd /Users/admin/builder/spi-builder-workspace/.swiftpm/xcode
    builtin-SwiftPerFileCompile DynamicColor+Deriving.swift
SwiftCompile normal arm64 /Users/admin/builder/spi-builder-workspace/Sources/DynamicColor+HSB.swift (in target 'DynamicColor' from project 'DynamicColor')
    cd /Users/admin/builder/spi-builder-workspace/.swiftpm/xcode
    builtin-SwiftPerFileCompile DynamicColor+HSB.swift
SwiftCompile normal arm64 Compiling\ HSL.swift /Users/admin/builder/spi-builder-workspace/Sources/HSL.swift (in target 'DynamicColor' from project 'DynamicColor')
SwiftCompile normal arm64 /Users/admin/builder/spi-builder-workspace/Sources/HSL.swift (in target 'DynamicColor' from project 'DynamicColor')
    cd /Users/admin/builder/spi-builder-workspace/.swiftpm/xcode
    builtin-SwiftPerFileCompile HSL.swift
PruneExplicitPrecompiledModules /Users/admin/builder/spi-builder-workspace/.derivedData/Build/Intermediates.noindex/SwiftExplicitPrecompiledModules
PruneExplicitPrecompiledModules /Users/admin/builder/spi-builder-workspace/.derivedData/SDKExplicitPrecompiledModules
PruneExplicitPrecompiledModules /Users/admin/builder/spi-builder-workspace/.derivedData/Build/Intermediates.noindex/ExplicitPrecompiledModules
2026-09-16 20:54:01.309 xcodebuild[786:4815] [MT] IDERunDestination: Supported platforms for the buildables in the current scheme is empty.
** BUILD FAILED **
The following build commands failed:
	SwiftEmitModule normal arm64 Emitting\ module\ for\ DynamicColor (in target 'DynamicColor' from project 'DynamicColor')
	SwiftCompile normal arm64 (in target 'DynamicColor' from project 'DynamicColor')
	Building workspace DynamicColor with scheme DynamicColor
(3 failures)
BUILD FAILURE 6.4 visionOS