Build Information
Failed to build AdyenWeChatPayInternal, reference main (9c1af6), with Swift 6.4 for macOS (Xcode) using Xcode 27.0 on 22 Sep 2026 02:41:51 UTC.
Build Command
env DEVELOPER_DIR=/Applications/Xcode-27.0.0-Release.Candidate.app xcrun xcodebuild -IDEClonedSourcePackagesDirPathOverride=$PWD/.dependencies -skipMacroValidation -skipPackagePluginValidation -derivedDataPath $PWD/.derivedData build -scheme AdyenWeChatPayInternal -destination platform=macOS,arch=arm64Build Log
========================================
RunAll
========================================
Builder version: 5.1.0
Interrupt handler set up.
========================================
Checkout
========================================
Clone URL: https://github.com/Adyen/adyen-wechatpay-ios.git
Reference: main
Initialized empty Git repository in /Users/admin/builder/spi-builder-workspace/.git/
From https://github.com/Adyen/adyen-wechatpay-ios
* branch main -> FETCH_HEAD
* [new branch] main -> origin/main
HEAD is now at 9c1af66 Merge pull request #17 from Adyen/chore/fix-github-action-permissions
Cloned https://github.com/Adyen/adyen-wechatpay-ios.git
Revision (git rev-parse @):
9c1af661c0945799d4dfa1695508dec300e508a6
SUCCESS checkout https://github.com/Adyen/adyen-wechatpay-ios.git at main
========================================
Build
========================================
Selected platform: macosXcodebuild
Swift version: 6.4
Building package at path: $PWD
https://github.com/Adyen/adyen-wechatpay-ios.git
Command line invocation:
/Applications/Xcode-27.0.0-Release.Candidate.app/Contents/Developer/usr/bin/xcodebuild -IDEClonedSourcePackagesDirPathOverride=/Users/admin/builder/spi-builder-workspace/.dependencies -resolvePackageDependencies
Resolve Package Graph
Resolve Package Graph
Resolved source packages:
AdyenWeChatPayInternal: /Users/admin/builder/spi-builder-workspace
resolved source packages: AdyenWeChatPayInternal
2026-09-21 22:41:04.218 xcodebuild[525:3024] [MT] IDERunDestination: Supported platforms for the buildables in the current scheme is empty.
{
"dependencies" : [
],
"manifest_display_name" : "AdyenWeChatPayInternal",
"name" : "AdyenWeChatPayInternal",
"path" : "/Users/admin/builder/spi-builder-workspace",
"platforms" : [
{
"name" : "ios",
"version" : "12.0"
}
],
"products" : [
{
"name" : "AdyenWeChatPayInternal",
"targets" : [
"AdyenWeChatPayInternal"
],
"type" : {
"library" : [
"automatic"
]
}
}
],
"targets" : [
{
"c99name" : "AdyenWeChatPayInternal",
"module_type" : "BinaryTarget",
"name" : "AdyenWeChatPayInternal",
"path" : "AdyenWeChatPayInternal.xcframework",
"product_memberships" : [
"AdyenWeChatPayInternal"
],
"sources" : [
],
"type" : "binary"
}
],
"tools_version" : "5.3"
}
{
"workspace" : {
"name" : "AdyenWeChatPayInternal",
"schemes" : [
"AdyenWeChatPayInternal"
]
}
}
2026-09-21 22:41:45.271 xcodebuild[623:3954] [MT] IDERunDestination: Supported platforms for the buildables in the current scheme is empty.
Running build ...
env DEVELOPER_DIR=/Applications/Xcode-27.0.0-Release.Candidate.app xcrun xcodebuild -IDEClonedSourcePackagesDirPathOverride=$PWD/.dependencies -skipMacroValidation -skipPackagePluginValidation -derivedDataPath $PWD/.derivedData build -scheme AdyenWeChatPayInternal -destination platform=macOS,arch=arm64
Command line invocation:
/Applications/Xcode-27.0.0-Release.Candidate.app/Contents/Developer/usr/bin/xcodebuild -IDEClonedSourcePackagesDirPathOverride=/Users/admin/builder/spi-builder-workspace/.dependencies -skipMacroValidation -skipPackagePluginValidation -derivedDataPath /Users/admin/builder/spi-builder-workspace/.derivedData build -scheme AdyenWeChatPayInternal -destination platform=macOS,arch=arm64
Resolve Package Graph
Resolved source packages:
AdyenWeChatPayInternal: /Users/admin/builder/spi-builder-workspace
ComputePackagePrebuildTargetDependencyGraph
Prepare packages
CreateBuildRequest
SendProjectDescription
CreateBuildOperation
ComputeTargetDependencyGraph
note: Building targets in dependency order
note: Target dependency graph (1 target)
Target 'AdyenWeChatPayInternal-product' in project 'AdyenWeChatPayInternal' (no dependencies)
GatherProvisioningInputs
CreateBuildDescription
ExecuteExternalTool /Applications/Xcode-27.0.0-Release.Candidate.app/Contents/Developer/Toolchains/XcodeDefault.xctoolchain/usr/bin/clang -v -E -dM -isysroot /Applications/Xcode-27.0.0-Release.Candidate.app/Contents/Developer/Platforms/MacOSX.platform/Developer/SDKs/MacOSX27.0.sdk -x c -c /dev/null
Build description signature: c3af5ddec923bd7bde858d8e168430b3
Build description path: /Users/admin/builder/spi-builder-workspace/.derivedData/Build/Intermediates.noindex/XCBuildData/c3af5ddec923bd7bde858d8e168430b3.xcbuilddata
/Users/admin/builder/spi-builder-workspace/AdyenWeChatPayInternal.xcframework:1:1: error: While building for macOS, no library for this platform was found in '/Users/admin/builder/spi-builder-workspace/AdyenWeChatPayInternal.xcframework'. (in target 'AdyenWeChatPayInternal-product' from project 'AdyenWeChatPayInternal')
2026-09-21 22:41:46.952 xcodebuild[643:4148] [MT] IDERunDestination: Supported platforms for the buildables in the current scheme is empty.
--- xcodebuild: WARNING: Using the first of multiple matching destinations:
{ platform:macOS, arch:arm64, id:1aa83d3b46c06b0672c65185a0f57eb1b56c3774, name:My Mac }
{ platform:macOS, arch:arm64, variant:Mac Catalyst, id:1aa83d3b46c06b0672c65185a0f57eb1b56c3774, name:My Mac }
{ platform:macOS, arch:arm64, variant:DriverKit, id:1aa83d3b46c06b0672c65185a0f57eb1b56c3774, name:My Mac }
{ platform:macOS, arch:arm64, variant:Designed for [iPad,iPhone], id:1aa83d3b46c06b0672c65185a0f57eb1b56c3774, name:My Mac }
** BUILD FAILED **
The following build commands failed:
Building workspace AdyenWeChatPayInternal with scheme AdyenWeChatPayInternal
(1 failure)
Command line invocation:
/Applications/Xcode-27.0.0-Release.Candidate.app/Contents/Developer/usr/bin/xcodebuild -IDEClonedSourcePackagesDirPathOverride=/Users/admin/builder/spi-builder-workspace/.dependencies -resolvePackageDependencies
Resolve Package Graph
Resolved source packages:
AdyenWeChatPayInternal: /Users/admin/builder/spi-builder-workspace
resolved source packages: AdyenWeChatPayInternal
2026-09-21 22:41:48.544 xcodebuild[669:4336] [MT] IDERunDestination: Supported platforms for the buildables in the current scheme is empty.
{
"dependencies" : [
],
"manifest_display_name" : "AdyenWeChatPayInternal",
"name" : "AdyenWeChatPayInternal",
"path" : "/Users/admin/builder/spi-builder-workspace",
"platforms" : [
{
"name" : "ios",
"version" : "12.0"
}
],
"products" : [
{
"name" : "AdyenWeChatPayInternal",
"targets" : [
"AdyenWeChatPayInternal"
],
"type" : {
"library" : [
"automatic"
]
}
}
],
"targets" : [
{
"c99name" : "AdyenWeChatPayInternal",
"module_type" : "BinaryTarget",
"name" : "AdyenWeChatPayInternal",
"path" : "AdyenWeChatPayInternal.xcframework",
"product_memberships" : [
"AdyenWeChatPayInternal"
],
"sources" : [
],
"type" : "binary"
}
],
"tools_version" : "5.3"
}
{
"workspace" : {
"name" : "AdyenWeChatPayInternal",
"schemes" : [
"AdyenWeChatPayInternal"
]
}
}
2026-09-21 22:41:49.770 xcodebuild[677:4396] [MT] IDERunDestination: Supported platforms for the buildables in the current scheme is empty.
Running build ...
env DEVELOPER_DIR=/Applications/Xcode-27.0.0-Release.Candidate.app xcrun xcodebuild -IDEClonedSourcePackagesDirPathOverride=$PWD/.dependencies -skipMacroValidation -skipPackagePluginValidation -derivedDataPath $PWD/.derivedData build -scheme AdyenWeChatPayInternal -destination platform=macOS,arch=arm64
Command line invocation:
/Applications/Xcode-27.0.0-Release.Candidate.app/Contents/Developer/usr/bin/xcodebuild -IDEClonedSourcePackagesDirPathOverride=/Users/admin/builder/spi-builder-workspace/.dependencies -skipMacroValidation -skipPackagePluginValidation -derivedDataPath /Users/admin/builder/spi-builder-workspace/.derivedData build -scheme AdyenWeChatPayInternal -destination platform=macOS,arch=arm64
Resolve Package Graph
Resolved source packages:
AdyenWeChatPayInternal: /Users/admin/builder/spi-builder-workspace
ComputePackagePrebuildTargetDependencyGraph
Prepare packages
CreateBuildRequest
SendProjectDescription
CreateBuildOperation
ComputeTargetDependencyGraph
note: Building targets in dependency order
note: Target dependency graph (1 target)
Target 'AdyenWeChatPayInternal-product' in project 'AdyenWeChatPayInternal' (no dependencies)
GatherProvisioningInputs
CreateBuildDescription
/Users/admin/builder/spi-builder-workspace/AdyenWeChatPayInternal.xcframework:1:1: error: While building for macOS, no library for this platform was found in '/Users/admin/builder/spi-builder-workspace/AdyenWeChatPayInternal.xcframework'. (in target 'AdyenWeChatPayInternal-product' from project 'AdyenWeChatPayInternal')
2026-09-21 22:41:50.742 xcodebuild[678:4421] [MT] IDERunDestination: Supported platforms for the buildables in the current scheme is empty.
--- xcodebuild: WARNING: Using the first of multiple matching destinations:
{ platform:macOS, arch:arm64, id:1aa83d3b46c06b0672c65185a0f57eb1b56c3774, name:My Mac }
{ platform:macOS, arch:arm64, variant:Mac Catalyst, id:1aa83d3b46c06b0672c65185a0f57eb1b56c3774, name:My Mac }
{ platform:macOS, arch:arm64, variant:DriverKit, id:1aa83d3b46c06b0672c65185a0f57eb1b56c3774, name:My Mac }
{ platform:macOS, arch:arm64, variant:Designed for [iPad,iPhone], id:1aa83d3b46c06b0672c65185a0f57eb1b56c3774, name:My Mac }
** BUILD FAILED **
The following build commands failed:
Building workspace AdyenWeChatPayInternal with scheme AdyenWeChatPayInternal
(1 failure)
BUILD FAILURE 6.4 macosXcodebuild