The Swift Package Index logo.Swift Package Index

Build Information

Failed to build Parade, reference 1.0.0 (f2b248), with Swift 6.4 for tvOS using Xcode 27.0 on 16 Sep 2026 12:50:58 UTC.

Build Command

No build command. This typically means the build failed at an early stage where we determine the build command.

Build Log

========================================
RunAll
========================================
Builder version: 5.1.0
Interrupt handler set up.
========================================
Checkout
========================================
Clone URL: https://github.com/Meniny/Parade.git
Reference: 1.0.0
Initialized empty Git repository in /Users/admin/builder/spi-builder-workspace/.git/
From https://github.com/Meniny/Parade
 * tag               1.0.0      -> FETCH_HEAD
HEAD is now at f2b2483 1.0.0
Cloned https://github.com/Meniny/Parade.git
Revision (git rev-parse @):
f2b2483a9e7690079900726ab7bac69f7dc6e137
SUCCESS checkout https://github.com/Meniny/Parade.git at 1.0.0
========================================
Build
========================================
Selected platform:         tvOS
Swift version:             6.4
Building package at path:  $PWD
https://github.com/Meniny/Parade.git
Command line invocation:
    /Applications/Xcode-27.0.0-Release.Candidate.app/Contents/Developer/usr/bin/xcodebuild -IDEClonedSourcePackagesDirPathOverride=/Users/admin/builder/spi-builder-workspace/.dependencies -resolvePackageDependencies
Resolve Package Graph
Source files for target Parade should be located under 'Sources/Parade', or a custom sources path can be set with the 'path' property in Package.swift
Resolve Package Graph
Source files for target Parade should be located under 'Sources/Parade', or a custom sources path can be set with the 'path' property in Package.swift
Resolved source packages:
  spi-builder-workspace: (null)
2026-09-16 08:50:56.903 xcodebuild[529:3011] Writing error result bundle to /var/folders/xq/y_g06wb113726d38xsyx71_h0000gn/T/ResultBundle_2026-16-09_08-50-0056.xcresult
xcodebuild: error: Could not resolve package dependencies:
  Source files for target Parade should be located under 'Sources/Parade', or a custom sources path can be set with the 'path' property in Package.swift
Command line invocation:
    /Applications/Xcode-27.0.0-Release.Candidate.app/Contents/Developer/usr/bin/xcodebuild -IDEClonedSourcePackagesDirPathOverride=/Users/admin/builder/spi-builder-workspace/.dependencies -resolvePackageDependencies
Resolve Package Graph
Source files for target Parade should be located under 'Sources/Parade', or a custom sources path can be set with the 'path' property in Package.swift
Resolved source packages:
  spi-builder-workspace: (null)
2026-09-16 08:50:57.999 xcodebuild[599:3650] Writing error result bundle to /var/folders/xq/y_g06wb113726d38xsyx71_h0000gn/T/ResultBundle_2026-16-09_08-50-0057.xcresult
xcodebuild: error: Could not resolve package dependencies:
  Source files for target Parade should be located under 'Sources/Parade', or a custom sources path can be set with the 'path' property in Package.swift
BUILD FAILURE 6.4 tvOS