The Swift Package Index logo.Swift Package Index

Build Information

Failed to build SwiftMsQuic, reference main (ed759d), with Swift 6.1 for Wasm on 25 Jun 2026 22:11:37 UTC.

Build Command

bash -c docker run --pull=always --rm -v "checkouts-53886770-0":/host -w "$PWD" -e JAVA_HOME="/root/.sdkman/candidates/java/current" -e SPI_BUILD="1" -e SPI_PROCESSING="1" registry.gitlab.com/saguaro1/spi-images:wasm-6.1-latest swift build --swift-sdk wasm32-unknown-wasi 2>&1

Build Log

========================================
RunAll
========================================
Builder version: 0e64495ecc1688c3b3e031a5ef1348b5c05091ae
Interrupt handler set up.
========================================
Checkout
========================================
Clone URL: https://github.com/team-unstablers/swift-msquic.git
Reference: main
Initialized empty Git repository in /host/spi-builder-workspace/.git/
hint: Using 'master' as the name for the initial branch. This default branch name
hint: is subject to change. To configure the initial branch name to use in all
hint: of your new repositories, which will suppress this warning, call:
hint:
hint: 	git config --global init.defaultBranch <name>
hint:
hint: Names commonly chosen instead of 'master' are 'main', 'trunk' and
hint: 'development'. The just-created branch can be renamed via this command:
hint:
hint: 	git branch -m <name>
From https://github.com/team-unstablers/swift-msquic
 * branch            main       -> FETCH_HEAD
 * [new branch]      main       -> origin/main
HEAD is now at ed759df Merge branch 'swift6-concurrency'
Cloned https://github.com/team-unstablers/swift-msquic.git
Revision (git rev-parse @):
ed759dfcc97248ea6168d2d4e5c09869b81d6a4e
SUCCESS checkout https://github.com/team-unstablers/swift-msquic.git at main
========================================
Build
========================================
Selected platform:         wasm
Swift version:             6.1
Building package at path:  $PWD
https://github.com/team-unstablers/swift-msquic.git
https://github.com/team-unstablers/swift-msquic.git
WARNING: environment variable SUPPRESS_SWIFT_6_FLAGS is not set
Running build ...
bash -c docker run --pull=always --rm -v "checkouts-53886770-0":/host -w "$PWD" -e JAVA_HOME="/root/.sdkman/candidates/java/current" -e SPI_BUILD="1" -e SPI_PROCESSING="1" registry.gitlab.com/saguaro1/spi-images:wasm-6.1-latest swift build --swift-sdk wasm32-unknown-wasi -Xswiftc -Xfrontend -Xswiftc -stats-output-dir -Xswiftc -Xfrontend -Xswiftc .stats -Xswiftc -strict-concurrency=complete -Xswiftc -enable-upcoming-feature -Xswiftc StrictConcurrency -Xswiftc -enable-upcoming-feature -Xswiftc DisableOutwardActorInference -Xswiftc -enable-upcoming-feature -Xswiftc GlobalActorIsolatedTypesUsability -Xswiftc -enable-upcoming-feature -Xswiftc InferSendableFromCaptures 2>&1
wasm-6.1-latest: Pulling from saguaro1/spi-images
Digest: sha256:1ad245dad3d2ae0004e1afbc92334bd39884ed9ca587cf04d0a8d5f640fb02e9
Status: Image is up to date for registry.gitlab.com/saguaro1/spi-images:wasm-6.1-latest
Fetching https://github.com/apple/swift-docc-plugin
[1/2299] Fetching swift-docc-plugin
Fetched https://github.com/apple/swift-docc-plugin from cache (0.45s)
Computing version for https://github.com/apple/swift-docc-plugin
Computed https://github.com/apple/swift-docc-plugin at 1.5.0 (1.37s)
Fetching https://github.com/swiftlang/swift-docc-symbolkit
[1/3749] Fetching swift-docc-symbolkit
Fetched https://github.com/swiftlang/swift-docc-symbolkit from cache (0.56s)
Computing version for https://github.com/swiftlang/swift-docc-symbolkit
Computed https://github.com/swiftlang/swift-docc-symbolkit at 1.0.0 (0.82s)
Creating working copy for https://github.com/apple/swift-docc-plugin
Working copy of https://github.com/apple/swift-docc-plugin resolved at 1.5.0
Creating working copy for https://github.com/swiftlang/swift-docc-symbolkit
Working copy of https://github.com/swiftlang/swift-docc-symbolkit resolved at 1.0.0
Downloading binary artifact https://github.com/team-unstablers/msquic/releases/download/v2.5.6-tuvariant%2B260410/MsQuic-2.5.6-tuvariant+260410-RELEASE-darwin-multiarch-static-unsigned.zip
Downloading binary artifact https://github.com/team-unstablers/msquic/releases/download/v2.5.6-tuvariant%2B260410/MsQuic-2.5.6-tuvariant+260410-DEBUG-darwin-multiarch-static-unsigned.zip
[738/13674828] Downloading https://github.com/team-unstablers/msquic/releases/download/v2.5.6-tuvariant%2B260410/MsQuic-2.5.6-tuvariant+260410-RELEASE-darwin-multiarch-static-unsigned.zip
[18914/36594060] Downloading https://github.com/team-unstablers/msquic/releases/download/v2.5.6-tuvariant%2B260410/MsQuic-2.5.6-tuvariant+260410-RELEASE-darwin-multiarch-static-unsigned.zip, https://github.com/team-unstablers/msquic/releases/download/v2.5.6-tuvariant%2B260410/MsQuic-2.5.6-tuvariant+260410-DEBUG-darwin-multiarch-static-unsigned.zip
Downloaded https://github.com/team-unstablers/msquic/releases/download/v2.5.6-tuvariant%2B260410/MsQuic-2.5.6-tuvariant+260410-RELEASE-darwin-multiarch-static-unsigned.zip (1.29s)
Downloaded https://github.com/team-unstablers/msquic/releases/download/v2.5.6-tuvariant%2B260410/MsQuic-2.5.6-tuvariant+260410-DEBUG-darwin-multiarch-static-unsigned.zip (1.74s)
[1/1] Compiling plugin Swift-DocC Preview
[2/2] Compiling plugin Swift-DocC
Building for debugging...
[2/14] Write sources
/host/spi-builder-workspace/Sources/SwiftMsQuicOpenSSLUtils/CertBridge.m:9:9: fatal error: 'Foundation/Foundation.h' file not found
    9 | #import <Foundation/Foundation.h>
      |         ^~~~~~~~~~~~~~~~~~~~~~~~~
1 error generated.
[4/14] Compiling SwiftMsQuicOpenSSLUtils CertBridge.m
[4/14] Write swift-version-24593BA9C3E375BF.txt
Running build ...
bash -c docker run --pull=always --rm -v "checkouts-53886770-0":/host -w "$PWD" -e JAVA_HOME="/root/.sdkman/candidates/java/current" -e SPI_BUILD="1" -e SPI_PROCESSING="1" registry.gitlab.com/saguaro1/spi-images:wasm-6.1-latest swift build --swift-sdk wasm32-unknown-wasi 2>&1
wasm-6.1-latest: Pulling from saguaro1/spi-images
Digest: sha256:1ad245dad3d2ae0004e1afbc92334bd39884ed9ca587cf04d0a8d5f640fb02e9
Status: Image is up to date for registry.gitlab.com/saguaro1/spi-images:wasm-6.1-latest
[0/1] Planning build
[1/1] Compiling plugin Swift-DocC Preview
[2/2] Compiling plugin Swift-DocC
Building for debugging...
/host/spi-builder-workspace/Sources/SwiftMsQuicOpenSSLUtils/CertBridge.m:9:9: fatal error: 'Foundation/Foundation.h' file not found
    9 | #import <Foundation/Foundation.h>
      |         ^~~~~~~~~~~~~~~~~~~~~~~~~
1 error generated.
[2/12] Compiling SwiftMsQuicOpenSSLUtils CertBridge.m
[2/12] Write swift-version-24593BA9C3E375BF.txt
BUILD FAILURE 6.1 wasm