The Swift Package Index logo.Swift Package Index

Build Information

Failed to build CareKitEssentials, reference main (752677), with Swift 6.4 for watchOS using Xcode 27.0 on 23 Sep 2026 23:46:39 UTC.

Build Command

env DEVELOPER_DIR=/Applications/Xcode-27.0.0-Release.Candidate.app xcrun xcodebuild -IDEClonedSourcePackagesDirPathOverride=$PWD/.dependencies -skipMacroValidation -skipPackagePluginValidation -derivedDataPath $PWD/.derivedData build -scheme CareKitEssentials -destination generic/platform=watchOS

Build Log

SwiftCompile normal arm64 Compiling\ OCKCarePlanQuery.swift,\ OCKContactQuery.swift,\ OCKEventQuery.swift,\ OCKOutcomeQuery.swift,\ OCKPatientQuery.swift,\ OCKQueryProtocol.swift,\ OCKTaskQuery.swift,\ AggregatedCareTaskProgress.swift,\ BinaryCareTaskProgress.swift,\ CareTaskProgress.swift,\ CareTaskProgressStrategy+CheckingOutcomesExist.swift,\ CareTaskProgressStrategy+SummingOutcomeValues.swift,\ CareTaskProgressStrategy.swift,\ LinearCareTaskProgress.swift /Users/admin/builder/spi-builder-workspace/.dependencies/checkouts/CareKit/CareKitStore/CareKitStore/Structs/Queries/OCKCarePlanQuery.swift /Users/admin/builder/spi-builder-workspace/.dependencies/checkouts/CareKit/CareKitStore/CareKitStore/Structs/Queries/OCKContactQuery.swift /Users/admin/builder/spi-builder-workspace/.dependencies/checkouts/CareKit/CareKitStore/CareKitStore/Structs/Queries/OCKEventQuery.swift /Users/admin/builder/spi-builder-workspace/.dependencies/checkouts/CareKit/CareKitStore/CareKitStore/Structs/Queries/OCKOutcomeQuery.swift /Users/admin/builder/spi-builder-workspace/.dependencies/checkouts/CareKit/CareKitStore/CareKitStore/Structs/Queries/OCKPatientQuery.swift /Users/admin/builder/spi-builder-workspace/.dependencies/checkouts/CareKit/CareKitStore/CareKitStore/Structs/Queries/OCKQueryProtocol.swift /Users/admin/builder/spi-builder-workspace/.dependencies/checkouts/CareKit/CareKitStore/CareKitStore/Structs/Queries/OCKTaskQuery.swift /Users/admin/builder/spi-builder-workspace/.dependencies/checkouts/CareKit/CareKitStore/CareKitStore/TaskProgress/AggregatedCareTaskProgress.swift /Users/admin/builder/spi-builder-workspace/.dependencies/checkouts/CareKit/CareKitStore/CareKitStore/TaskProgress/BinaryCareTaskProgress.swift /Users/admin/builder/spi-builder-workspace/.dependencies/checkouts/CareKit/CareKitStore/CareKitStore/TaskProgress/CareTaskProgress.swift /Users/admin/builder/spi-builder-workspace/.dependencies/checkouts/CareKit/CareKitStore/CareKitStore/TaskProgress/CareTaskProgressStrategy+CheckingOutcomesExist.swift /Users/admin/builder/spi-builder-workspace/.dependencies/checkouts/CareKit/CareKitStore/CareKitStore/TaskProgress/CareTaskProgressStrategy+SummingOutcomeValues.swift /Users/admin/builder/spi-builder-workspace/.dependencies/checkouts/CareKit/CareKitStore/CareKitStore/TaskProgress/CareTaskProgressStrategy.swift /Users/admin/builder/spi-builder-workspace/.dependencies/checkouts/CareKit/CareKitStore/CareKitStore/TaskProgress/LinearCareTaskProgress.swift (in target 'CareKitStore' from project 'CareKit')
SwiftCompile normal arm64 /Users/admin/builder/spi-builder-workspace/.dependencies/checkouts/CareKit/CareKitStore/CareKitStore/Structs/Queries/OCKCarePlanQuery.swift (in target 'CareKitStore' from project 'CareKit')
    cd /Users/admin/builder/spi-builder-workspace/.swiftpm/xcode
    builtin-SwiftPerFileCompile OCKCarePlanQuery.swift
SwiftCompile normal arm64 /Users/admin/builder/spi-builder-workspace/.dependencies/checkouts/CareKit/CareKitStore/CareKitStore/Structs/Queries/OCKContactQuery.swift (in target 'CareKitStore' from project 'CareKit')
    cd /Users/admin/builder/spi-builder-workspace/.swiftpm/xcode
    builtin-SwiftPerFileCompile OCKContactQuery.swift
SwiftCompile normal arm64 /Users/admin/builder/spi-builder-workspace/.dependencies/checkouts/CareKit/CareKitStore/CareKitStore/Structs/Queries/OCKEventQuery.swift (in target 'CareKitStore' from project 'CareKit')
    cd /Users/admin/builder/spi-builder-workspace/.swiftpm/xcode
    builtin-SwiftPerFileCompile OCKEventQuery.swift
SwiftCompile normal arm64 /Users/admin/builder/spi-builder-workspace/.dependencies/checkouts/CareKit/CareKitStore/CareKitStore/Structs/Queries/OCKOutcomeQuery.swift (in target 'CareKitStore' from project 'CareKit')
    cd /Users/admin/builder/spi-builder-workspace/.swiftpm/xcode
    builtin-SwiftPerFileCompile OCKOutcomeQuery.swift
SwiftCompile normal arm64 /Users/admin/builder/spi-builder-workspace/.dependencies/checkouts/CareKit/CareKitStore/CareKitStore/Structs/Queries/OCKPatientQuery.swift (in target 'CareKitStore' from project 'CareKit')
    cd /Users/admin/builder/spi-builder-workspace/.swiftpm/xcode
    builtin-SwiftPerFileCompile OCKPatientQuery.swift
SwiftCompile normal arm64 /Users/admin/builder/spi-builder-workspace/.dependencies/checkouts/CareKit/CareKitStore/CareKitStore/Structs/Queries/OCKQueryProtocol.swift (in target 'CareKitStore' from project 'CareKit')
    cd /Users/admin/builder/spi-builder-workspace/.swiftpm/xcode
    builtin-SwiftPerFileCompile OCKQueryProtocol.swift
SwiftCompile normal arm64 /Users/admin/builder/spi-builder-workspace/.dependencies/checkouts/CareKit/CareKitStore/CareKitStore/Structs/Queries/OCKTaskQuery.swift (in target 'CareKitStore' from project 'CareKit')
    cd /Users/admin/builder/spi-builder-workspace/.swiftpm/xcode
    builtin-SwiftPerFileCompile OCKTaskQuery.swift
SwiftCompile normal arm64 /Users/admin/builder/spi-builder-workspace/.dependencies/checkouts/CareKit/CareKitStore/CareKitStore/TaskProgress/AggregatedCareTaskProgress.swift (in target 'CareKitStore' from project 'CareKit')
    cd /Users/admin/builder/spi-builder-workspace/.swiftpm/xcode
    builtin-SwiftPerFileCompile AggregatedCareTaskProgress.swift
SwiftCompile normal arm64 /Users/admin/builder/spi-builder-workspace/.dependencies/checkouts/CareKit/CareKitStore/CareKitStore/TaskProgress/BinaryCareTaskProgress.swift (in target 'CareKitStore' from project 'CareKit')
    cd /Users/admin/builder/spi-builder-workspace/.swiftpm/xcode
    builtin-SwiftPerFileCompile BinaryCareTaskProgress.swift
SwiftCompile normal arm64 /Users/admin/builder/spi-builder-workspace/.dependencies/checkouts/CareKit/CareKitStore/CareKitStore/TaskProgress/CareTaskProgress.swift (in target 'CareKitStore' from project 'CareKit')
    cd /Users/admin/builder/spi-builder-workspace/.swiftpm/xcode
    builtin-SwiftPerFileCompile CareTaskProgress.swift
SwiftCompile normal arm64 /Users/admin/builder/spi-builder-workspace/.dependencies/checkouts/CareKit/CareKitStore/CareKitStore/TaskProgress/CareTaskProgressStrategy+CheckingOutcomesExist.swift (in target 'CareKitStore' from project 'CareKit')
    cd /Users/admin/builder/spi-builder-workspace/.swiftpm/xcode
    builtin-SwiftPerFileCompile CareTaskProgressStrategy+CheckingOutcomesExist.swift
SwiftCompile normal arm64 /Users/admin/builder/spi-builder-workspace/.dependencies/checkouts/CareKit/CareKitStore/CareKitStore/TaskProgress/CareTaskProgressStrategy+SummingOutcomeValues.swift (in target 'CareKitStore' from project 'CareKit')
    cd /Users/admin/builder/spi-builder-workspace/.swiftpm/xcode
    builtin-SwiftPerFileCompile CareTaskProgressStrategy+SummingOutcomeValues.swift
SwiftCompile normal arm64 /Users/admin/builder/spi-builder-workspace/.dependencies/checkouts/CareKit/CareKitStore/CareKitStore/TaskProgress/CareTaskProgressStrategy.swift (in target 'CareKitStore' from project 'CareKit')
    cd /Users/admin/builder/spi-builder-workspace/.swiftpm/xcode
    builtin-SwiftPerFileCompile CareTaskProgressStrategy.swift
SwiftCompile normal arm64 /Users/admin/builder/spi-builder-workspace/.dependencies/checkouts/CareKit/CareKitStore/CareKitStore/TaskProgress/LinearCareTaskProgress.swift (in target 'CareKitStore' from project 'CareKit')
    cd /Users/admin/builder/spi-builder-workspace/.swiftpm/xcode
    builtin-SwiftPerFileCompile LinearCareTaskProgress.swift
Ld /Users/admin/builder/spi-builder-workspace/.derivedData/Build/Intermediates.noindex/CareKit.build/Debug-watchos/CareKitUI-t.build/Objects-normal/arm64_32/Binary/CareKitUI.o normal arm64_32 (in target 'CareKitUI' from project 'CareKit')
    cd /Users/admin/builder/spi-builder-workspace/.dependencies/checkouts/CareKit
    /Applications/Xcode-27.0.0-Release.Candidate.app/Contents/Developer/Toolchains/XcodeDefault.xctoolchain/usr/bin/clang -Xlinker -reproducible -target arm64_32-apple-watchos11.0 -r -isysroot /Applications/Xcode-27.0.0-Release.Candidate.app/Contents/Developer/Platforms/WatchOS.platform/Developer/SDKs/WatchOS27.0.sdk -O0 -w -Xlinker -no_warn_duplicate_libraries -F/Users/admin/builder/spi-builder-workspace/.derivedData/Build/Intermediates.noindex/EagerLinkingTBDs/Debug-watchos -F/Users/admin/builder/spi-builder-workspace/.derivedData/Build/Products/Debug-watchos -iframework /Applications/Xcode-27.0.0-Release.Candidate.app/Contents/Developer/Platforms/WatchOS.platform/Developer/Library/Frameworks -iframework /Applications/Xcode-27.0.0-Release.Candidate.app/Contents/Developer/Platforms/WatchOS.platform/Developer/SDKs/WatchOS27.0.sdk/Developer/Library/Frameworks -filelist /Users/admin/builder/spi-builder-workspace/.derivedData/Build/Intermediates.noindex/CareKit.build/Debug-watchos/CareKitUI-t.build/Objects-normal/arm64_32/CareKitUI.LinkFileList -nostdlib -Xlinker -object_path_lto -Xlinker /Users/admin/builder/spi-builder-workspace/.derivedData/Build/Intermediates.noindex/CareKit.build/Debug-watchos/CareKitUI-t.build/Objects-normal/arm64_32/CareKitUI_lto.o -Xlinker -no_deduplicate -Xlinker -debug_variant -Xlinker -dependency_info -Xlinker /Users/admin/builder/spi-builder-workspace/.derivedData/Build/Intermediates.noindex/CareKit.build/Debug-watchos/CareKitUI-t.build/Objects-normal/arm64_32/CareKitUI_dependency_info.dat -fobjc-link-runtime -L/Applications/Xcode-27.0.0-Release.Candidate.app/Contents/Developer/Toolchains/XcodeDefault.xctoolchain/usr/lib/swift/watchos -L/usr/lib/swift -Xlinker -add_ast_path -Xlinker /Users/admin/builder/spi-builder-workspace/.derivedData/Build/Intermediates.noindex/CareKit.build/Debug-watchos/CareKitUI-t.build/Objects-normal/arm64_32/CareKitUI.swiftmodule -o /Users/admin/builder/spi-builder-workspace/.derivedData/Build/Intermediates.noindex/CareKit.build/Debug-watchos/CareKitUI-t.build/Objects-normal/arm64_32/Binary/CareKitUI.o
SwiftDriverJobDiscovery normal arm64_32 Emitting module for CareKitStore (in target 'CareKitStore' from project 'CareKit')
SwiftDriver\ Compilation\ Requirements CareKitStore normal arm64_32 com.apple.xcode.tools.swift.compiler (in target 'CareKitStore' from project 'CareKit')
    cd /Users/admin/builder/spi-builder-workspace/.swiftpm/xcode
    builtin-Swift-Compilation-Requirements -- /Applications/Xcode-27.0.0-Release.Candidate.app/Contents/Developer/Toolchains/XcodeDefault.xctoolchain/usr/bin/swiftc -parse-as-library -module-name CareKitStore -Onone @/Users/admin/builder/spi-builder-workspace/.derivedData/Build/Intermediates.noindex/CareKit.build/Debug-watchos/CareKitStore-t.build/Objects-normal/arm64_32/CareKitStore.SwiftFileList -DSWIFT_PACKAGE -DDEBUG -DSWIFT_MODULE_RESOURCE_BUNDLE_AVAILABLE -DXcode -enable-upcoming-feature SWIFT_UPCOMING_FEATURE_CONCISE_MAGIC_FILE -enable-upcoming-feature SWIFT_UPCOMING_FEATURE_DEPRECATE_APPLICATION_MAIN -enable-upcoming-feature SWIFT_UPCOMING_FEATURE_DISABLE_OUTWARD_ACTOR_ISOLATION -enable-upcoming-feature SWIFT_UPCOMING_FEATURE_DYNAMIC_ACTOR_ISOLATION -enable-upcoming-feature SWIFT_UPCOMING_FEATURE_FORWARD_TRAILING_CLOSURES -enable-upcoming-feature SWIFT_UPCOMING_FEATURE_GLOBAL_ACTOR_ISOLATED_TYPES_USABILITY -enable-upcoming-feature SWIFT_UPCOMING_FEATURE_IMPLICIT_OPEN_EXISTENTIALS -enable-upcoming-feature SWIFT_UPCOMING_FEATURE_IMPORT_OBJC_FORWARD_DECLS -enable-upcoming-feature SWIFT_UPCOMING_FEATURE_INFER_SENDABLE_FROM_CAPTURES -enable-upcoming-feature SWIFT_UPCOMING_FEATURE_ISOLATED_DEFAULT_VALUES -enable-upcoming-feature SWIFT_UPCOMING_FEATURE_GLOBAL_CONCURRENCY -enable-upcoming-feature SWIFT_UPCOMING_FEATURE_NONFROZEN_ENUM_EXHAUSTIVITY -enable-upcoming-feature SWIFT_UPCOMING_FEATURE_REGION_BASED_ISOLATION -enable-experimental-feature StrictConcurrency\=complete -plugin-path /Applications/Xcode-27.0.0-Release.Candidate.app/Contents/Developer/Toolchains/XcodeDefault.xctoolchain/usr/lib/swift/host/plugins/testing -enable-experimental-feature DebugDescriptionMacro -sdk /Applications/Xcode-27.0.0-Release.Candidate.app/Contents/Developer/Platforms/WatchOS.platform/Developer/SDKs/WatchOS27.0.sdk -target arm64_32-apple-watchos11.0 -g -module-cache-path /Users/admin/builder/spi-builder-workspace/.derivedData/ModuleCache.noindex -Xfrontend -serialize-debugging-options -profile-coverage-mapping -profile-generate -enable-testing -suppress-warnings -index-store-path /Users/admin/builder/spi-builder-workspace/.derivedData/Index.noindex/DataStore -Xcc -D_LIBCPP_HARDENING_MODE\=_LIBCPP_HARDENING_MODE_DEBUG -swift-version 6 -I /Users/admin/builder/spi-builder-workspace/.derivedData/Build/Products/Debug-watchos -Isystem /Applications/Xcode-27.0.0-Release.Candidate.app/Contents/Developer/Platforms/WatchOS.platform/Developer/usr/lib -F /Users/admin/builder/spi-builder-workspace/.derivedData/Build/Products/Debug-watchos/PackageFrameworks -F /Users/admin/builder/spi-builder-workspace/.derivedData/Build/Products/Debug-watchos -F /Applications/Xcode-27.0.0-Release.Candidate.app/Contents/Developer/Platforms/WatchOS.platform/Developer/Library/Frameworks -F /Applications/Xcode-27.0.0-Release.Candidate.app/Contents/Developer/Platforms/WatchOS.platform/Developer/SDKs/WatchOS27.0.sdk/Developer/Library/Frameworks -emit-localized-strings -emit-localized-strings-path /Users/admin/builder/spi-builder-workspace/.derivedData/Build/Intermediates.noindex/CareKit.build/Debug-watchos/CareKitStore-t.build/Objects-normal/arm64_32 -c -j10 -enable-batch-mode -incremental -Xcc -ivfsstatcache -Xcc /Users/admin/builder/spi-builder-workspace/.derivedData/SDKStatCaches.noindex/watchos27.0-24R360-e829b21a6f8c9b70876ba0858053c04477534ef55a1706bf4c1112bbb242f0a2.sdkstatcache -output-file-map /Users/admin/builder/spi-builder-workspace/.derivedData/Build/Intermediates.noindex/CareKit.build/Debug-watchos/CareKitStore-t.build/Objects-normal/arm64_32/CareKitStore-OutputFileMap.json -save-temps -no-color-diagnostics -explicit-module-build -module-cache-path /Users/admin/builder/spi-builder-workspace/.derivedData/Build/Intermediates.noindex/SwiftExplicitPrecompiledModules -clang-scanner-module-cache-path /Users/admin/builder/spi-builder-workspace/.derivedData/ModuleCache.noindex -sdk-module-cache-path /Users/admin/builder/spi-builder-workspace/.derivedData/SDKExplicitPrecompiledModules -emit-dependencies -emit-module -emit-module-path /Users/admin/builder/spi-builder-workspace/.derivedData/Build/Intermediates.noindex/CareKit.build/Debug-watchos/CareKitStore-t.build/Objects-normal/arm64_32/CareKitStore.swiftmodule -serialize-diagnostics -dependency-scan-serialize-diagnostics-path /Users/admin/builder/spi-builder-workspace/.derivedData/Build/Intermediates.noindex/CareKit.build/Debug-watchos/CareKitStore-t.build/Objects-normal/arm64_32/CareKitStore-dependency-scan.dia -user-module-version 4.0.10 -validate-clang-modules-once -clang-build-session-file /Users/admin/builder/spi-builder-workspace/.derivedData/ModuleCache.noindex/Session.modulevalidation -Xcc -fmodules-prune-interval\=86400 -Xcc -fmodules-prune-after\=345600 -package-name carekit -emit-const-values -const-gather-protocols-list /Users/admin/builder/spi-builder-workspace/.derivedData/Build/Intermediates.noindex/CareKit.build/Debug-watchos/CareKitStore-t.build/Objects-normal/arm64_32/CareKitStore_const_extract_protocols.json -Xcc -I/Users/admin/builder/spi-builder-workspace/.derivedData/Build/Products/Debug-watchos/include -Xcc -I/Users/admin/builder/spi-builder-workspace/.derivedData/Build/Intermediates.noindex/CareKit.build/Debug-watchos/CareKitStore-t.build/DerivedSources-normal/arm64_32 -Xcc -I/Users/admin/builder/spi-builder-workspace/.derivedData/Build/Intermediates.noindex/CareKit.build/Debug-watchos/CareKitStore-t.build/DerivedSources/arm64_32 -Xcc -I/Users/admin/builder/spi-builder-workspace/.derivedData/Build/Intermediates.noindex/CareKit.build/Debug-watchos/CareKitStore-t.build/DerivedSources -Xcc -DSWIFT_PACKAGE -Xcc -DDEBUG\=1 -emit-objc-header -emit-objc-header-path /Users/admin/builder/spi-builder-workspace/.derivedData/Build/Intermediates.noindex/CareKit.build/Debug-watchos/CareKitStore-t.build/Objects-normal/arm64_32/CareKitStore-Swift.h -working-directory /Users/admin/builder/spi-builder-workspace/.swiftpm/xcode -experimental-emit-module-separately -disable-cmo
CreateUniversalBinary /Users/admin/builder/spi-builder-workspace/.derivedData/Build/Products/Debug-watchos/CareKitUI.o normal arm64\ arm64_32 (in target 'CareKitUI' from project 'CareKit')
    cd /Users/admin/builder/spi-builder-workspace/.dependencies/checkouts/CareKit
    /Applications/Xcode-27.0.0-Release.Candidate.app/Contents/Developer/Toolchains/XcodeDefault.xctoolchain/usr/bin/lipo -create /Users/admin/builder/spi-builder-workspace/.derivedData/Build/Intermediates.noindex/CareKit.build/Debug-watchos/CareKitUI-t.build/Objects-normal/arm64/Binary/CareKitUI.o /Users/admin/builder/spi-builder-workspace/.derivedData/Build/Intermediates.noindex/CareKit.build/Debug-watchos/CareKitUI-t.build/Objects-normal/arm64_32/Binary/CareKitUI.o -output /Users/admin/builder/spi-builder-workspace/.derivedData/Build/Products/Debug-watchos/CareKitUI.o
Copy /Users/admin/builder/spi-builder-workspace/.derivedData/Build/Products/Debug-watchos/CareKitStore.swiftmodule/arm64_32-apple-watchos.swiftmodule /Users/admin/builder/spi-builder-workspace/.derivedData/Build/Intermediates.noindex/CareKit.build/Debug-watchos/CareKitStore-t.build/Objects-normal/arm64_32/CareKitStore.swiftmodule (in target 'CareKitStore' from project 'CareKit')
    cd /Users/admin/builder/spi-builder-workspace/.dependencies/checkouts/CareKit
    builtin-copy -exclude .DS_Store -exclude CVS -exclude .svn -exclude .git -exclude .hg -resolve-src-symlinks -rename /Users/admin/builder/spi-builder-workspace/.derivedData/Build/Intermediates.noindex/CareKit.build/Debug-watchos/CareKitStore-t.build/Objects-normal/arm64_32/CareKitStore.swiftmodule /Users/admin/builder/spi-builder-workspace/.derivedData/Build/Products/Debug-watchos/CareKitStore.swiftmodule/arm64_32-apple-watchos.swiftmodule
Copy /Users/admin/builder/spi-builder-workspace/.derivedData/Build/Products/Debug-watchos/CareKitStore.swiftmodule/arm64_32-apple-watchos.swiftdoc /Users/admin/builder/spi-builder-workspace/.derivedData/Build/Intermediates.noindex/CareKit.build/Debug-watchos/CareKitStore-t.build/Objects-normal/arm64_32/CareKitStore.swiftdoc (in target 'CareKitStore' from project 'CareKit')
    cd /Users/admin/builder/spi-builder-workspace/.dependencies/checkouts/CareKit
    builtin-copy -exclude .DS_Store -exclude CVS -exclude .svn -exclude .git -exclude .hg -resolve-src-symlinks -rename /Users/admin/builder/spi-builder-workspace/.derivedData/Build/Intermediates.noindex/CareKit.build/Debug-watchos/CareKitStore-t.build/Objects-normal/arm64_32/CareKitStore.swiftdoc /Users/admin/builder/spi-builder-workspace/.derivedData/Build/Products/Debug-watchos/CareKitStore.swiftmodule/arm64_32-apple-watchos.swiftdoc
Copy /Users/admin/builder/spi-builder-workspace/.derivedData/Build/Products/Debug-watchos/CareKitStore.swiftmodule/arm64_32-apple-watchos.abi.json /Users/admin/builder/spi-builder-workspace/.derivedData/Build/Intermediates.noindex/CareKit.build/Debug-watchos/CareKitStore-t.build/Objects-normal/arm64_32/CareKitStore.abi.json (in target 'CareKitStore' from project 'CareKit')
    cd /Users/admin/builder/spi-builder-workspace/.dependencies/checkouts/CareKit
    builtin-copy -exclude .DS_Store -exclude CVS -exclude .svn -exclude .git -exclude .hg -resolve-src-symlinks -rename /Users/admin/builder/spi-builder-workspace/.derivedData/Build/Intermediates.noindex/CareKit.build/Debug-watchos/CareKitStore-t.build/Objects-normal/arm64_32/CareKitStore.abi.json /Users/admin/builder/spi-builder-workspace/.derivedData/Build/Products/Debug-watchos/CareKitStore.swiftmodule/arm64_32-apple-watchos.abi.json
Copy /Users/admin/builder/spi-builder-workspace/.derivedData/Build/Products/Debug-watchos/CareKitStore.swiftmodule/Project/arm64_32-apple-watchos.swiftsourceinfo /Users/admin/builder/spi-builder-workspace/.derivedData/Build/Intermediates.noindex/CareKit.build/Debug-watchos/CareKitStore-t.build/Objects-normal/arm64_32/CareKitStore.swiftsourceinfo (in target 'CareKitStore' from project 'CareKit')
    cd /Users/admin/builder/spi-builder-workspace/.dependencies/checkouts/CareKit
    builtin-copy -exclude .DS_Store -exclude CVS -exclude .svn -exclude .git -exclude .hg -resolve-src-symlinks -rename /Users/admin/builder/spi-builder-workspace/.derivedData/Build/Intermediates.noindex/CareKit.build/Debug-watchos/CareKitStore-t.build/Objects-normal/arm64_32/CareKitStore.swiftsourceinfo /Users/admin/builder/spi-builder-workspace/.derivedData/Build/Products/Debug-watchos/CareKitStore.swiftmodule/Project/arm64_32-apple-watchos.swiftsourceinfo
SwiftCompile normal arm64_32 Compiling\ OSLog+Init.swift,\ OCKResultClosure.swift,\ OCKStoreError.swift,\ OCKUtilities.swift,\ OCKAnyCarePlan.swift,\ OCKAnyCarePlanStore.swift,\ OCKCarePlanStore.swift,\ OCKAnyContact.swift,\ OCKAnyContactStore.swift,\ OCKContactStore.swift,\ OCKAnyEvent.swift,\ OCKAnyEventStore.swift,\ OCKEventStore.swift,\ OCKReadOnlyEventStore+FetchPartialEvents.swift /Users/admin/builder/spi-builder-workspace/.dependencies/checkouts/CareKit/CareKitStore/CareKitStore/Logging/OSLog+Init.swift /Users/admin/builder/spi-builder-workspace/.dependencies/checkouts/CareKit/CareKitStore/CareKitStore/OCKResultClosure.swift /Users/admin/builder/spi-builder-workspace/.dependencies/checkouts/CareKit/CareKitStore/CareKitStore/OCKStoreError.swift /Users/admin/builder/spi-builder-workspace/.dependencies/checkouts/CareKit/CareKitStore/CareKitStore/OCKUtilities.swift /Users/admin/builder/spi-builder-workspace/.dependencies/checkouts/CareKit/CareKitStore/CareKitStore/Protocols/CarePlans/OCKAnyCarePlan.swift /Users/admin/builder/spi-builder-workspace/.dependencies/checkouts/CareKit/CareKitStore/CareKitStore/Protocols/CarePlans/OCKAnyCarePlanStore.swift /Users/admin/builder/spi-builder-workspace/.dependencies/checkouts/CareKit/CareKitStore/CareKitStore/Protocols/CarePlans/OCKCarePlanStore.swift /Users/admin/builder/spi-builder-workspace/.dependencies/checkouts/CareKit/CareKitStore/CareKitStore/Protocols/Contacts/OCKAnyContact.swift /Users/admin/builder/spi-builder-workspace/.dependencies/checkouts/CareKit/CareKitStore/CareKitStore/Protocols/Contacts/OCKAnyContactStore.swift /Users/admin/builder/spi-builder-workspace/.dependencies/checkouts/CareKit/CareKitStore/CareKitStore/Protocols/Contacts/OCKContactStore.swift /Users/admin/builder/spi-builder-workspace/.dependencies/checkouts/CareKit/CareKitStore/CareKitStore/Protocols/Events/OCKAnyEvent.swift /Users/admin/builder/spi-builder-workspace/.dependencies/checkouts/CareKit/CareKitStore/CareKitStore/Protocols/Events/OCKAnyEventStore.swift /Users/admin/builder/spi-builder-workspace/.dependencies/checkouts/CareKit/CareKitStore/CareKitStore/Protocols/Events/OCKEventStore.swift /Users/admin/builder/spi-builder-workspace/.dependencies/checkouts/CareKit/CareKitStore/CareKitStore/Protocols/Events/OCKReadOnlyEventStore+FetchPartialEvents.swift (in target 'CareKitStore' from project 'CareKit')
/Users/admin/builder/spi-builder-workspace/.dependencies/checkouts/CareKit/CareKitStore/CareKitStore/OCKUtilities.swift:65:31: error: sending 'lastError' risks causing data races [#RegionIsolation::SendingRisksDataRace]
 63 |                 switch result {
 64 |                 case .failure(let error):
 65 |                     lastError = error
    |                               |- error: sending 'lastError' risks causing data races [#RegionIsolation::SendingRisksDataRace]
    |                               `- note: main actor-isolated closure captures reference to mutable 'lastError' which remains modifiable by code in the current isolation context
 66 |                 case .success(let result):
 67 |                     results.append(result)
/Users/admin/builder/spi-builder-workspace/.dependencies/checkouts/CareKit/CareKitStore/CareKitStore/OCKUtilities.swift:67:29: error: sending 'results' risks causing data races [#RegionIsolation::SendingRisksDataRace]
 65 |                     lastError = error
 66 |                 case .success(let result):
 67 |                     results.append(result)
    |                             |- error: sending 'results' risks causing data races [#RegionIsolation::SendingRisksDataRace]
    |                             `- note: main actor-isolated closure captures reference to mutable 'results' which remains modifiable by code in the current isolation context
 68 |                 }
 69 |                 group.leave()
/Users/admin/builder/spi-builder-workspace/.dependencies/checkouts/CareKit/CareKitStore/CareKitStore/OCKUtilities.swift:116:28: error: sending 'values' risks causing data races [#RegionIsolation::SendingRisksDataRace]
114 |                 case .failure: break
115 |                 case .success(let fetchedValue):
116 |                     values.append(fetchedValue)
    |                            |- error: sending 'values' risks causing data races [#RegionIsolation::SendingRisksDataRace]
    |                            `- note: main actor-isolated closure captures reference to mutable 'values' which remains modifiable by code in the current isolation context
117 |                 }
118 |                 group.leave()
[#RegionIsolation]: <https://docs.swift.org/compiler/documentation/diagnostics/region-isolation>
[#SendingRisksDataRace]: <https://docs.swift.org/compiler/documentation/diagnostics/sending-risks-data-race>
Failed frontend command:
/Applications/Xcode-27.0.0-Release.Candidate.app/Contents/Developer/Toolchains/XcodeDefault.xctoolchain/usr/bin/swift-frontend -frontend -c -filelist /Users/admin/builder/spi-builder-workspace/.derivedData/Build/Intermediates.noindex/CareKit.build/Debug-watchos/CareKitStore-t.build/Objects-normal/arm64_32/sources-2 -primary-file /Users/admin/builder/spi-builder-workspace/.dependencies/checkouts/CareKit/CareKitStore/CareKitStore/Logging/OSLog+Init.swift -primary-file /Users/admin/builder/spi-builder-workspace/.dependencies/checkouts/CareKit/CareKitStore/CareKitStore/OCKResultClosure.swift -primary-file /Users/admin/builder/spi-builder-workspace/.dependencies/checkouts/CareKit/CareKitStore/CareKitStore/OCKStoreError.swift -primary-file /Users/admin/builder/spi-builder-workspace/.dependencies/checkouts/CareKit/CareKitStore/CareKitStore/OCKUtilities.swift -primary-file /Users/admin/builder/spi-builder-workspace/.dependencies/checkouts/CareKit/CareKitStore/CareKitStore/Protocols/CarePlans/OCKAnyCarePlan.swift -primary-file /Users/admin/builder/spi-builder-workspace/.dependencies/checkouts/CareKit/CareKitStore/CareKitStore/Protocols/CarePlans/OCKAnyCarePlanStore.swift -primary-file /Users/admin/builder/spi-builder-workspace/.dependencies/checkouts/CareKit/CareKitStore/CareKitStore/Protocols/CarePlans/OCKCarePlanStore.swift -primary-file /Users/admin/builder/spi-builder-workspace/.dependencies/checkouts/CareKit/CareKitStore/CareKitStore/Protocols/Contacts/OCKAnyContact.swift -primary-file /Users/admin/builder/spi-builder-workspace/.dependencies/checkouts/CareKit/CareKitStore/CareKitStore/Protocols/Contacts/OCKAnyContactStore.swift -primary-file /Users/admin/builder/spi-builder-workspace/.dependencies/checkouts/CareKit/CareKitStore/CareKitStore/Protocols/Contacts/OCKContactStore.swift -primary-file /Users/admin/builder/spi-builder-workspace/.dependencies/checkouts/CareKit/CareKitStore/CareKitStore/Protocols/Events/OCKAnyEvent.swift -primary-file /Users/admin/builder/spi-builder-workspace/.dependencies/checkouts/CareKit/CareKitStore/CareKitStore/Protocols/Events/OCKAnyEventStore.swift -primary-file /Users/admin/builder/spi-builder-workspace/.dependencies/checkouts/CareKit/CareKitStore/CareKitStore/Protocols/Events/OCKEventStore.swift -primary-file /Users/admin/builder/spi-builder-workspace/.dependencies/checkouts/CareKit/CareKitStore/CareKitStore/Protocols/Events/OCKReadOnlyEventStore+FetchPartialEvents.swift -supplementary-output-file-map /Users/admin/builder/spi-builder-workspace/.derivedData/Build/Intermediates.noindex/CareKit.build/Debug-watchos/CareKitStore-t.build/Objects-normal/arm64_32/supplementaryOutputs-70 -emit-localized-strings -emit-localized-strings-path /Users/admin/builder/spi-builder-workspace/.derivedData/Build/Intermediates.noindex/CareKit.build/Debug-watchos/CareKitStore-t.build/Objects-normal/arm64_32 -target arm64_32-apple-watchos11.0 -module-can-import-version WatchConnectivity 224.100.1 224.100.1 -disable-cross-import-overlay-search -swift-module-cross-import Contacts /Applications/Xcode-27.0.0-Release.Candidate.app/Contents/Developer/Platforms/WatchOS.platform/Developer/SDKs/WatchOS.sdk/System/Library/Frameworks/Contacts.framework/Modules/Contacts.swiftcrossimport/AppIntents.swiftoverlay -swift-module-cross-import Contacts /Applications/Xcode-27.0.0-Release.Candidate.app/Contents/Developer/Platforms/WatchOS.platform/Developer/SDKs/WatchOS27.0.sdk/System/Library/Frameworks/Contacts.framework/Modules/Contacts.swiftcrossimport/AppIntents.swiftoverlay -swift-module-cross-import CoreData /Applications/Xcode-27.0.0-Release.Candidate.app/Contents/Developer/Platforms/WatchOS.platform/Developer/SDKs/WatchOS.sdk/System/Library/Frameworks/CoreData.framework/Modules/CoreData.swiftcrossimport/CloudKit.swiftoverlay -swift-module-cross-import CoreData /Applications/Xcode-27.0.0-Release.Candidate.app/Contents/Developer/Platforms/WatchOS.platform/Developer/SDKs/WatchOS27.0.sdk/System/Library/Frameworks/CoreData.framework/Modules/CoreData.swiftcrossimport/CloudKit.swiftoverlay -load-resolved-plugin /Applications/Xcode-27.0.0-Release.Candidate.app/Contents/Developer/Platforms/WatchOS.platform/Developer/usr/lib/swift/host/plugins/libFoundationMacros.dylib\#/Applications/Xcode-27.0.0-Release.Candidate.app/Contents/Developer/Platforms/WatchOS.platform/Developer/usr/bin/swift-plugin-server\#FoundationMacros -load-resolved-plugin /Applications/Xcode-27.0.0-Release.Candidate.app/Contents/Developer/Platforms/WatchOS.platform/Developer/usr/lib/swift/host/plugins/libObservationMacros.dylib\#/Applications/Xcode-27.0.0-Release.Candidate.app/Contents/Developer/Platforms/WatchOS.platform/Developer/usr/bin/swift-plugin-server\#ObservationMacros -load-resolved-plugin /Applications/Xcode-27.0.0-Release.Candidate.app/Contents/Developer/Platforms/WatchOS.platform/Developer/usr/lib/swift/host/plugins/libSwiftMacros.dylib\#/Applications/Xcode-27.0.0-Release.Candidate.app/Contents/Developer/Platforms/WatchOS.platform/Developer/usr/bin/swift-plugin-server\#SwiftMacros -disable-implicit-swift-modules -Xcc -fno-implicit-modules -Xcc -fno-implicit-module-maps -explicit-swift-module-map-file /Users/admin/builder/spi-builder-workspace/.derivedData/Build/Intermediates.noindex/CareKit.build/Debug-watchos/CareKitStore-t.build/Objects-normal/arm64_32/CareKitStore-dependencies-2.json -enable-objc-interop -sdk /Applications/Xcode-27.0.0-Release.Candidate.app/Contents/Developer/Platforms/WatchOS.platform/Developer/SDKs/WatchOS27.0.sdk -I /Users/admin/builder/spi-builder-workspace/.derivedData/Build/Products/Debug-watchos -Isystem /Applications/Xcode-27.0.0-Release.Candidate.app/Contents/Developer/Platforms/WatchOS.platform/Developer/usr/lib -F /Users/admin/builder/spi-builder-workspace/.derivedData/Build/Products/Debug-watchos/PackageFrameworks -F /Users/admin/builder/spi-builder-workspace/.derivedData/Build/Products/Debug-watchos -F /Applications/Xcode-27.0.0-Release.Candidate.app/Contents/Developer/Platforms/WatchOS.platform/Developer/Library/Frameworks -F /Applications/Xcode-27.0.0-Release.Candidate.app/Contents/Developer/Platforms/WatchOS.platform/Developer/SDKs/WatchOS27.0.sdk/Developer/Library/Frameworks -module-cache-path /Users/admin/builder/spi-builder-workspace/.derivedData/Build/Intermediates.noindex/SwiftExplicitPrecompiledModules -no-color-diagnostics -Xcc -fno-color-diagnostics -enable-testing -g -debug-info-format\=dwarf -dwarf-version\=5 -suppress-warnings -profile-generate -profile-coverage-mapping -swift-version 6 -Onone -D SWIFT_PACKAGE -D DEBUG -D SWIFT_MODULE_RESOURCE_BUNDLE_AVAILABLE -D Xcode -serialize-debugging-options -enable-upcoming-feature SWIFT_UPCOMING_FEATURE_CONCISE_MAGIC_FILE -enable-upcoming-feature SWIFT_UPCOMING_FEATURE_DEPRECATE_APPLICATION_MAIN -enable-upcoming-feature SWIFT_UPCOMING_FEATURE_DISABLE_OUTWARD_ACTOR_ISOLATION -enable-upcoming-feature SWIFT_UPCOMING_FEATURE_DYNAMIC_ACTOR_ISOLATION -enable-upcoming-feature SWIFT_UPCOMING_FEATURE_FORWARD_TRAILING_CLOSURES -enable-upcoming-feature SWIFT_UPCOMING_FEATURE_GLOBAL_ACTOR_ISOLATED_TYPES_USABILITY -enable-upcoming-feature SWIFT_UPCOMING_FEATURE_IMPLICIT_OPEN_EXISTENTIALS -enable-upcoming-feature SWIFT_UPCOMING_FEATURE_IMPORT_OBJC_FORWARD_DECLS -enable-upcoming-feature SWIFT_UPCOMING_FEATURE_INFER_SENDABLE_FROM_CAPTURES -enable-upcoming-feature SWIFT_UPCOMING_FEATURE_ISOLATED_DEFAULT_VALUES -enable-upcoming-feature SWIFT_UPCOMING_FEATURE_GLOBAL_CONCURRENCY -enable-upcoming-feature SWIFT_UPCOMING_FEATURE_NONFROZEN_ENUM_EXHAUSTIVITY -enable-upcoming-feature SWIFT_UPCOMING_FEATURE_REGION_BASED_ISOLATION -enable-experimental-feature StrictConcurrency\=complete -enable-experimental-feature DebugDescriptionMacro -empty-abi-descriptor -user-module-version 4.0.10 -validate-clang-modules-once -clang-build-session-file /Users/admin/builder/spi-builder-workspace/.derivedData/ModuleCache.noindex/Session.modulevalidation -Xcc -working-directory -Xcc /Users/admin/builder/spi-builder-workspace/.swiftpm/xcode -enable-anonymous-context-mangled-names -file-compilation-dir /Users/admin/builder/spi-builder-workspace/.swiftpm/xcode -Xcc -D_LIBCPP_HARDENING_MODE\=_LIBCPP_HARDENING_MODE_DEBUG -Xcc -ivfsstatcache -Xcc /Users/admin/builder/spi-builder-workspace/.derivedData/SDKStatCaches.noindex/watchos27.0-24R360-e829b21a6f8c9b70876ba0858053c04477534ef55a1706bf4c1112bbb242f0a2.sdkstatcache -Xcc -fmodules-prune-interval\=86400 -Xcc -fmodules-prune-after\=345600 -Xcc -I/Users/admin/builder/spi-builder-workspace/.derivedData/Build/Products/Debug-watchos/include -Xcc -I/Users/admin/builder/spi-builder-workspace/.derivedData/Build/Intermediates.noindex/CareKit.build/Debug-watchos/CareKitStore-t.build/DerivedSources-normal/arm64_32 -Xcc -I/Users/admin/builder/spi-builder-workspace/.derivedData/Build/Intermediates.noindex/CareKit.build/Debug-watchos/CareKitStore-t.build/DerivedSources/arm64_32 -Xcc -I/Users/admin/builder/spi-builder-workspace/.derivedData/Build/Intermediates.noindex/CareKit.build/Debug-watchos/CareKitStore-t.build/DerivedSources -Xcc -DSWIFT_PACKAGE -Xcc -DDEBUG\=1 -no-auto-bridging-header-chaining -module-name CareKitStore -package-name carekit -const-gather-protocols-file /Users/admin/builder/spi-builder-workspace/.derivedData/Build/Intermediates.noindex/CareKit.build/Debug-watchos/CareKitStore-t.build/Objects-normal/arm64_32/CareKitStore_const_extract_protocols.json -disable-clang-spi -clang-target arm64_32-apple-watchos27.0 -target-sdk-version 27.0 -target-sdk-name watchos27.0 -in-process-plugin-server-path /Applications/Xcode-27.0.0-Release.Candidate.app/Contents/Developer/Toolchains/XcodeDefault.xctoolchain/usr/lib/swift/host/libSwiftInProcPluginServer.dylib -parse-as-library -o /Users/admin/builder/spi-builder-workspace/.derivedData/Build/Intermediates.noindex/CareKit.build/Debug-watchos/CareKitStore-t.build/Objects-normal/arm64_32/OSLog+Init.o -o /Users/admin/builder/spi-builder-workspace/.derivedData/Build/Intermediates.noindex/CareKit.build/Debug-watchos/CareKitStore-t.build/Objects-normal/arm64_32/OCKResultClosure.o -o /Users/admin/builder/spi-builder-workspace/.derivedData/Build/Intermediates.noindex/CareKit.build/Debug-watchos/CareKitStore-t.build/Objects-normal/arm64_32/OCKStoreError.o -o /Users/admin/builder/spi-builder-workspace/.derivedData/Build/Intermediates.noindex/CareKit.build/Debug-watchos/CareKitStore-t.build/Objects-normal/arm64_32/OCKUtilities.o -o /Users/admin/builder/spi-builder-workspace/.derivedData/Build/Intermediates.noindex/CareKit.build/Debug-watchos/CareKitStore-t.build/Objects-normal/arm64_32/OCKAnyCarePlan.o -o /Users/admin/builder/spi-builder-workspace/.derivedData/Build/Intermediates.noindex/CareKit.build/Debug-watchos/CareKitStore-t.build/Objects-normal/arm64_32/OCKAnyCarePlanStore.o -o /Users/admin/builder/spi-builder-workspace/.derivedData/Build/Intermediates.noindex/CareKit.build/Debug-watchos/CareKitStore-t.build/Objects-normal/arm64_32/OCKCarePlanStore.o -o /Users/admin/builder/spi-builder-workspace/.derivedData/Build/Intermediates.noindex/CareKit.build/Debug-watchos/CareKitStore-t.build/Objects-normal/arm64_32/OCKAnyContact.o -o /Users/admin/builder/spi-builder-workspace/.derivedData/Build/Intermediates.noindex/CareKit.build/Debug-watchos/CareKitStore-t.build/Objects-normal/arm64_32/OCKAnyContactStore.o -o /Users/admin/builder/spi-builder-workspace/.derivedData/Build/Intermediates.noindex/CareKit.build/Debug-watchos/CareKitStore-t.build/Objects-normal/arm64_32/OCKContactStore.o -o /Users/admin/builder/spi-builder-workspace/.derivedData/Build/Intermediates.noindex/CareKit.build/Debug-watchos/CareKitStore-t.build/Objects-normal/arm64_32/OCKAnyEvent.o -o /Users/admin/builder/spi-builder-workspace/.derivedData/Build/Intermediates.noindex/CareKit.build/Debug-watchos/CareKitStore-t.build/Objects-normal/arm64_32/OCKAnyEventStore.o -o /Users/admin/builder/spi-builder-workspace/.derivedData/Build/Intermediates.noindex/CareKit.build/Debug-watchos/CareKitStore-t.build/Objects-normal/arm64_32/OCKEventStore.o -o /Users/admin/builder/spi-builder-workspace/.derivedData/Build/Intermediates.noindex/CareKit.build/Debug-watchos/CareKitStore-t.build/Objects-normal/arm64_32/OCKReadOnlyEventStore+FetchPartialEvents.o -debug-module-path /Users/admin/builder/spi-builder-workspace/.derivedData/Build/Intermediates.noindex/CareKit.build/Debug-watchos/CareKitStore-t.build/Objects-normal/arm64_32/CareKitStore.swiftmodule -index-unit-output-path /CareKit.build/Debug-watchos/CareKitStore-t.build/Objects-normal/arm64_32/OSLog+Init.o -index-unit-output-path /CareKit.build/Debug-watchos/CareKitStore-t.build/Objects-normal/arm64_32/OCKResultClosure.o -index-unit-output-path /CareKit.build/Debug-watchos/CareKitStore-t.build/Objects-normal/arm64_32/OCKStoreError.o -index-unit-output-path /CareKit.build/Debug-watchos/CareKitStore-t.build/Objects-normal/arm64_32/OCKUtilities.o -index-unit-output-path /CareKit.build/Debug-watchos/CareKitStore-t.build/Objects-normal/arm64_32/OCKAnyCarePlan.o -index-unit-output-path /CareKit.build/Debug-watchos/CareKitStore-t.build/Objects-normal/arm64_32/OCKAnyCarePlanStore.o -index-unit-output-path /CareKit.build/Debug-watchos/CareKitStore-t.build/Objects-normal/arm64_32/OCKCarePlanStore.o -index-unit-output-path /CareKit.build/Debug-watchos/CareKitStore-t.build/Objects-normal/arm64_32/OCKAnyContact.o -index-unit-output-path /CareKit.build/Debug-watchos/CareKitStore-t.build/Objects-normal/arm64_32/OCKAnyContactStore.o -index-unit-output-path /CareKit.build/Debug-watchos/CareKitStore-t.build/Objects-normal/arm64_32/OCKContactStore.o -index-unit-output-path /CareKit.build/Debug-watchos/CareKitStore-t.build/Objects-normal/arm64_32/OCKAnyEvent.o -index-unit-output-path /CareKit.build/Debug-watchos/CareKitStore-t.build/Objects-normal/arm64_32/OCKAnyEventStore.o -index-unit-output-path /CareKit.build/Debug-watchos/CareKitStore-t.build/Objects-normal/arm64_32/OCKEventStore.o -index-unit-output-path /CareKit.build/Debug-watchos/CareKitStore-t.build/Objects-normal/arm64_32/OCKReadOnlyEventStore+FetchPartialEvents.o -index-store-path /Users/admin/builder/spi-builder-workspace/.derivedData/Index.noindex/DataStore -index-system-modules
SwiftCompile normal arm64_32 /Users/admin/builder/spi-builder-workspace/.dependencies/checkouts/CareKit/CareKitStore/CareKitStore/Logging/OSLog+Init.swift (in target 'CareKitStore' from project 'CareKit')
    cd /Users/admin/builder/spi-builder-workspace/.swiftpm/xcode
    builtin-SwiftPerFileCompile OSLog+Init.swift
SwiftCompile normal arm64_32 /Users/admin/builder/spi-builder-workspace/.dependencies/checkouts/CareKit/CareKitStore/CareKitStore/OCKResultClosure.swift (in target 'CareKitStore' from project 'CareKit')
    cd /Users/admin/builder/spi-builder-workspace/.swiftpm/xcode
    builtin-SwiftPerFileCompile OCKResultClosure.swift
SwiftCompile normal arm64_32 /Users/admin/builder/spi-builder-workspace/.dependencies/checkouts/CareKit/CareKitStore/CareKitStore/OCKStoreError.swift (in target 'CareKitStore' from project 'CareKit')
    cd /Users/admin/builder/spi-builder-workspace/.swiftpm/xcode
    builtin-SwiftPerFileCompile OCKStoreError.swift
SwiftCompile normal arm64_32 /Users/admin/builder/spi-builder-workspace/.dependencies/checkouts/CareKit/CareKitStore/CareKitStore/OCKUtilities.swift (in target 'CareKitStore' from project 'CareKit')
    cd /Users/admin/builder/spi-builder-workspace/.swiftpm/xcode
    builtin-SwiftPerFileCompile OCKUtilities.swift
SwiftCompile normal arm64_32 /Users/admin/builder/spi-builder-workspace/.dependencies/checkouts/CareKit/CareKitStore/CareKitStore/Protocols/CarePlans/OCKAnyCarePlan.swift (in target 'CareKitStore' from project 'CareKit')
    cd /Users/admin/builder/spi-builder-workspace/.swiftpm/xcode
    builtin-SwiftPerFileCompile OCKAnyCarePlan.swift
SwiftCompile normal arm64_32 /Users/admin/builder/spi-builder-workspace/.dependencies/checkouts/CareKit/CareKitStore/CareKitStore/Protocols/CarePlans/OCKAnyCarePlanStore.swift (in target 'CareKitStore' from project 'CareKit')
    cd /Users/admin/builder/spi-builder-workspace/.swiftpm/xcode
    builtin-SwiftPerFileCompile OCKAnyCarePlanStore.swift
SwiftCompile normal arm64_32 /Users/admin/builder/spi-builder-workspace/.dependencies/checkouts/CareKit/CareKitStore/CareKitStore/Protocols/CarePlans/OCKCarePlanStore.swift (in target 'CareKitStore' from project 'CareKit')
    cd /Users/admin/builder/spi-builder-workspace/.swiftpm/xcode
    builtin-SwiftPerFileCompile OCKCarePlanStore.swift
SwiftCompile normal arm64_32 /Users/admin/builder/spi-builder-workspace/.dependencies/checkouts/CareKit/CareKitStore/CareKitStore/Protocols/Contacts/OCKAnyContact.swift (in target 'CareKitStore' from project 'CareKit')
    cd /Users/admin/builder/spi-builder-workspace/.swiftpm/xcode
    builtin-SwiftPerFileCompile OCKAnyContact.swift
SwiftCompile normal arm64_32 /Users/admin/builder/spi-builder-workspace/.dependencies/checkouts/CareKit/CareKitStore/CareKitStore/Protocols/Contacts/OCKAnyContactStore.swift (in target 'CareKitStore' from project 'CareKit')
    cd /Users/admin/builder/spi-builder-workspace/.swiftpm/xcode
    builtin-SwiftPerFileCompile OCKAnyContactStore.swift
SwiftCompile normal arm64_32 /Users/admin/builder/spi-builder-workspace/.dependencies/checkouts/CareKit/CareKitStore/CareKitStore/Protocols/Contacts/OCKContactStore.swift (in target 'CareKitStore' from project 'CareKit')
    cd /Users/admin/builder/spi-builder-workspace/.swiftpm/xcode
    builtin-SwiftPerFileCompile OCKContactStore.swift
SwiftCompile normal arm64_32 /Users/admin/builder/spi-builder-workspace/.dependencies/checkouts/CareKit/CareKitStore/CareKitStore/Protocols/Events/OCKAnyEvent.swift (in target 'CareKitStore' from project 'CareKit')
    cd /Users/admin/builder/spi-builder-workspace/.swiftpm/xcode
    builtin-SwiftPerFileCompile OCKAnyEvent.swift
SwiftCompile normal arm64_32 /Users/admin/builder/spi-builder-workspace/.dependencies/checkouts/CareKit/CareKitStore/CareKitStore/Protocols/Events/OCKAnyEventStore.swift (in target 'CareKitStore' from project 'CareKit')
    cd /Users/admin/builder/spi-builder-workspace/.swiftpm/xcode
    builtin-SwiftPerFileCompile OCKAnyEventStore.swift
SwiftCompile normal arm64_32 /Users/admin/builder/spi-builder-workspace/.dependencies/checkouts/CareKit/CareKitStore/CareKitStore/Protocols/Events/OCKEventStore.swift (in target 'CareKitStore' from project 'CareKit')
    cd /Users/admin/builder/spi-builder-workspace/.swiftpm/xcode
    builtin-SwiftPerFileCompile OCKEventStore.swift
SwiftCompile normal arm64_32 /Users/admin/builder/spi-builder-workspace/.dependencies/checkouts/CareKit/CareKitStore/CareKitStore/Protocols/Events/OCKReadOnlyEventStore+FetchPartialEvents.swift (in target 'CareKitStore' from project 'CareKit')
    cd /Users/admin/builder/spi-builder-workspace/.swiftpm/xcode
    builtin-SwiftPerFileCompile OCKReadOnlyEventStore+FetchPartialEvents.swift
SwiftCompile normal arm64_32 Compiling\ OCKHealthKitProxy.swift,\ OCKHealthKitStore+Outcomes.swift,\ OCKHealthKitStore+Tasks.swift,\ OCKHealthKitTask.swift,\ OCKSource.swift,\ OCKSourceRevision.swift,\ OperatingSystemVersion+Codable.swift,\ OperatingSystemVersion+Hashable.swift,\ CategorySample.swift,\ QuantitySample.swift,\ Sample.swift,\ SampleChange.swift,\ LogCategory.swift,\ Logger+Init.swift,\ OCKLog.swift /Users/admin/builder/spi-builder-workspace/.dependencies/checkouts/CareKit/CareKitStore/CareKitStore/HealthKit/OCKHealthKitProxy.swift /Users/admin/builder/spi-builder-workspace/.dependencies/checkouts/CareKit/CareKitStore/CareKitStore/HealthKit/OCKHealthKitStore+Outcomes.swift /Users/admin/builder/spi-builder-workspace/.dependencies/checkouts/CareKit/CareKitStore/CareKitStore/HealthKit/OCKHealthKitStore+Tasks.swift /Users/admin/builder/spi-builder-workspace/.dependencies/checkouts/CareKit/CareKitStore/CareKitStore/HealthKit/OCKHealthKitTask.swift /Users/admin/builder/spi-builder-workspace/.dependencies/checkouts/CareKit/CareKitStore/CareKitStore/HealthKit/OCKSource.swift /Users/admin/builder/spi-builder-workspace/.dependencies/checkouts/CareKit/CareKitStore/CareKitStore/HealthKit/OCKSourceRevision.swift /Users/admin/builder/spi-builder-workspace/.dependencies/checkouts/CareKit/CareKitStore/CareKitStore/HealthKit/OperatingSystemVersion+Codable.swift /Users/admin/builder/spi-builder-workspace/.dependencies/checkouts/CareKit/CareKitStore/CareKitStore/HealthKit/OperatingSystemVersion+Hashable.swift /Users/admin/builder/spi-builder-workspace/.dependencies/checkouts/CareKit/CareKitStore/CareKitStore/HealthKit/Sample/CategorySample.swift /Users/admin/builder/spi-builder-workspace/.dependencies/checkouts/CareKit/CareKitStore/CareKitStore/HealthKit/Sample/QuantitySample.swift /Users/admin/builder/spi-builder-workspace/.dependencies/checkouts/CareKit/CareKitStore/CareKitStore/HealthKit/Sample/Sample.swift /Users/admin/builder/spi-builder-workspace/.dependencies/checkouts/CareKit/CareKitStore/CareKitStore/HealthKit/Sample/SampleChange.swift /Users/admin/builder/spi-builder-workspace/.dependencies/checkouts/CareKit/CareKitStore/CareKitStore/Logging/LogCategory.swift /Users/admin/builder/spi-builder-workspace/.dependencies/checkouts/CareKit/CareKitStore/CareKitStore/Logging/Logger+Init.swift /Users/admin/builder/spi-builder-workspace/.dependencies/checkouts/CareKit/CareKitStore/CareKitStore/Logging/OCKLog.swift (in target 'CareKitStore' from project 'CareKit')
SwiftCompile normal arm64_32 /Users/admin/builder/spi-builder-workspace/.dependencies/checkouts/CareKit/CareKitStore/CareKitStore/HealthKit/OCKHealthKitProxy.swift (in target 'CareKitStore' from project 'CareKit')
    cd /Users/admin/builder/spi-builder-workspace/.swiftpm/xcode
    builtin-SwiftPerFileCompile OCKHealthKitProxy.swift
SwiftCompile normal arm64_32 /Users/admin/builder/spi-builder-workspace/.dependencies/checkouts/CareKit/CareKitStore/CareKitStore/HealthKit/OCKHealthKitStore+Outcomes.swift (in target 'CareKitStore' from project 'CareKit')
    cd /Users/admin/builder/spi-builder-workspace/.swiftpm/xcode
    builtin-SwiftPerFileCompile OCKHealthKitStore+Outcomes.swift
SwiftCompile normal arm64_32 /Users/admin/builder/spi-builder-workspace/.dependencies/checkouts/CareKit/CareKitStore/CareKitStore/HealthKit/OCKHealthKitStore+Tasks.swift (in target 'CareKitStore' from project 'CareKit')
    cd /Users/admin/builder/spi-builder-workspace/.swiftpm/xcode
    builtin-SwiftPerFileCompile OCKHealthKitStore+Tasks.swift
SwiftCompile normal arm64_32 /Users/admin/builder/spi-builder-workspace/.dependencies/checkouts/CareKit/CareKitStore/CareKitStore/HealthKit/OCKHealthKitTask.swift (in target 'CareKitStore' from project 'CareKit')
    cd /Users/admin/builder/spi-builder-workspace/.swiftpm/xcode
    builtin-SwiftPerFileCompile OCKHealthKitTask.swift
SwiftCompile normal arm64_32 /Users/admin/builder/spi-builder-workspace/.dependencies/checkouts/CareKit/CareKitStore/CareKitStore/HealthKit/OCKSource.swift (in target 'CareKitStore' from project 'CareKit')
    cd /Users/admin/builder/spi-builder-workspace/.swiftpm/xcode
    builtin-SwiftPerFileCompile OCKSource.swift
SwiftCompile normal arm64_32 /Users/admin/builder/spi-builder-workspace/.dependencies/checkouts/CareKit/CareKitStore/CareKitStore/HealthKit/OCKSourceRevision.swift (in target 'CareKitStore' from project 'CareKit')
    cd /Users/admin/builder/spi-builder-workspace/.swiftpm/xcode
    builtin-SwiftPerFileCompile OCKSourceRevision.swift
SwiftCompile normal arm64_32 /Users/admin/builder/spi-builder-workspace/.dependencies/checkouts/CareKit/CareKitStore/CareKitStore/HealthKit/OperatingSystemVersion+Codable.swift (in target 'CareKitStore' from project 'CareKit')
    cd /Users/admin/builder/spi-builder-workspace/.swiftpm/xcode
    builtin-SwiftPerFileCompile OperatingSystemVersion+Codable.swift
SwiftCompile normal arm64_32 /Users/admin/builder/spi-builder-workspace/.dependencies/checkouts/CareKit/CareKitStore/CareKitStore/HealthKit/OperatingSystemVersion+Hashable.swift (in target 'CareKitStore' from project 'CareKit')
    cd /Users/admin/builder/spi-builder-workspace/.swiftpm/xcode
    builtin-SwiftPerFileCompile OperatingSystemVersion+Hashable.swift
SwiftCompile normal arm64_32 /Users/admin/builder/spi-builder-workspace/.dependencies/checkouts/CareKit/CareKitStore/CareKitStore/HealthKit/Sample/CategorySample.swift (in target 'CareKitStore' from project 'CareKit')
    cd /Users/admin/builder/spi-builder-workspace/.swiftpm/xcode
    builtin-SwiftPerFileCompile CategorySample.swift
SwiftCompile normal arm64_32 /Users/admin/builder/spi-builder-workspace/.dependencies/checkouts/CareKit/CareKitStore/CareKitStore/HealthKit/Sample/QuantitySample.swift (in target 'CareKitStore' from project 'CareKit')
    cd /Users/admin/builder/spi-builder-workspace/.swiftpm/xcode
    builtin-SwiftPerFileCompile QuantitySample.swift
SwiftCompile normal arm64_32 /Users/admin/builder/spi-builder-workspace/.dependencies/checkouts/CareKit/CareKitStore/CareKitStore/HealthKit/Sample/Sample.swift (in target 'CareKitStore' from project 'CareKit')
    cd /Users/admin/builder/spi-builder-workspace/.swiftpm/xcode
    builtin-SwiftPerFileCompile Sample.swift
SwiftCompile normal arm64_32 /Users/admin/builder/spi-builder-workspace/.dependencies/checkouts/CareKit/CareKitStore/CareKitStore/HealthKit/Sample/SampleChange.swift (in target 'CareKitStore' from project 'CareKit')
    cd /Users/admin/builder/spi-builder-workspace/.swiftpm/xcode
    builtin-SwiftPerFileCompile SampleChange.swift
SwiftCompile normal arm64_32 /Users/admin/builder/spi-builder-workspace/.dependencies/checkouts/CareKit/CareKitStore/CareKitStore/Logging/LogCategory.swift (in target 'CareKitStore' from project 'CareKit')
    cd /Users/admin/builder/spi-builder-workspace/.swiftpm/xcode
    builtin-SwiftPerFileCompile LogCategory.swift
SwiftCompile normal arm64_32 /Users/admin/builder/spi-builder-workspace/.dependencies/checkouts/CareKit/CareKitStore/CareKitStore/Logging/Logger+Init.swift (in target 'CareKitStore' from project 'CareKit')
    cd /Users/admin/builder/spi-builder-workspace/.swiftpm/xcode
    builtin-SwiftPerFileCompile Logger+Init.swift
SwiftCompile normal arm64_32 /Users/admin/builder/spi-builder-workspace/.dependencies/checkouts/CareKit/CareKitStore/CareKitStore/Logging/OCKLog.swift (in target 'CareKitStore' from project 'CareKit')
    cd /Users/admin/builder/spi-builder-workspace/.swiftpm/xcode
    builtin-SwiftPerFileCompile OCKLog.swift
SwiftDriverJobDiscovery normal arm64 Emitting module for CareKitStore (in target 'CareKitStore' from project 'CareKit')
SwiftDriver\ Compilation\ Requirements CareKitStore normal arm64 com.apple.xcode.tools.swift.compiler (in target 'CareKitStore' from project 'CareKit')
    cd /Users/admin/builder/spi-builder-workspace/.swiftpm/xcode
    builtin-Swift-Compilation-Requirements -- /Applications/Xcode-27.0.0-Release.Candidate.app/Contents/Developer/Toolchains/XcodeDefault.xctoolchain/usr/bin/swiftc -parse-as-library -module-name CareKitStore -Onone @/Users/admin/builder/spi-builder-workspace/.derivedData/Build/Intermediates.noindex/CareKit.build/Debug-watchos/CareKitStore-t.build/Objects-normal/arm64/CareKitStore.SwiftFileList -DSWIFT_PACKAGE -DDEBUG -DSWIFT_MODULE_RESOURCE_BUNDLE_AVAILABLE -DXcode -enable-upcoming-feature SWIFT_UPCOMING_FEATURE_CONCISE_MAGIC_FILE -enable-upcoming-feature SWIFT_UPCOMING_FEATURE_DEPRECATE_APPLICATION_MAIN -enable-upcoming-feature SWIFT_UPCOMING_FEATURE_DISABLE_OUTWARD_ACTOR_ISOLATION -enable-upcoming-feature SWIFT_UPCOMING_FEATURE_DYNAMIC_ACTOR_ISOLATION -enable-upcoming-feature SWIFT_UPCOMING_FEATURE_FORWARD_TRAILING_CLOSURES -enable-upcoming-feature SWIFT_UPCOMING_FEATURE_GLOBAL_ACTOR_ISOLATED_TYPES_USABILITY -enable-upcoming-feature SWIFT_UPCOMING_FEATURE_IMPLICIT_OPEN_EXISTENTIALS -enable-upcoming-feature SWIFT_UPCOMING_FEATURE_IMPORT_OBJC_FORWARD_DECLS -enable-upcoming-feature SWIFT_UPCOMING_FEATURE_INFER_SENDABLE_FROM_CAPTURES -enable-upcoming-feature SWIFT_UPCOMING_FEATURE_ISOLATED_DEFAULT_VALUES -enable-upcoming-feature SWIFT_UPCOMING_FEATURE_GLOBAL_CONCURRENCY -enable-upcoming-feature SWIFT_UPCOMING_FEATURE_NONFROZEN_ENUM_EXHAUSTIVITY -enable-upcoming-feature SWIFT_UPCOMING_FEATURE_REGION_BASED_ISOLATION -enable-experimental-feature StrictConcurrency\=complete -plugin-path /Applications/Xcode-27.0.0-Release.Candidate.app/Contents/Developer/Toolchains/XcodeDefault.xctoolchain/usr/lib/swift/host/plugins/testing -enable-experimental-feature DebugDescriptionMacro -sdk /Applications/Xcode-27.0.0-Release.Candidate.app/Contents/Developer/Platforms/WatchOS.platform/Developer/SDKs/WatchOS27.0.sdk -target arm64-apple-watchos11.0 -g -module-cache-path /Users/admin/builder/spi-builder-workspace/.derivedData/ModuleCache.noindex -Xfrontend -serialize-debugging-options -profile-coverage-mapping -profile-generate -enable-testing -suppress-warnings -index-store-path /Users/admin/builder/spi-builder-workspace/.derivedData/Index.noindex/DataStore -Xcc -D_LIBCPP_HARDENING_MODE\=_LIBCPP_HARDENING_MODE_DEBUG -swift-version 6 -I /Users/admin/builder/spi-builder-workspace/.derivedData/Build/Products/Debug-watchos -Isystem /Applications/Xcode-27.0.0-Release.Candidate.app/Contents/Developer/Platforms/WatchOS.platform/Developer/usr/lib -F /Users/admin/builder/spi-builder-workspace/.derivedData/Build/Products/Debug-watchos/PackageFrameworks -F /Users/admin/builder/spi-builder-workspace/.derivedData/Build/Products/Debug-watchos -F /Applications/Xcode-27.0.0-Release.Candidate.app/Contents/Developer/Platforms/WatchOS.platform/Developer/Library/Frameworks -F /Applications/Xcode-27.0.0-Release.Candidate.app/Contents/Developer/Platforms/WatchOS.platform/Developer/SDKs/WatchOS27.0.sdk/Developer/Library/Frameworks -emit-localized-strings -emit-localized-strings-path /Users/admin/builder/spi-builder-workspace/.derivedData/Build/Intermediates.noindex/CareKit.build/Debug-watchos/CareKitStore-t.build/Objects-normal/arm64 -c -j10 -enable-batch-mode -incremental -Xcc -ivfsstatcache -Xcc /Users/admin/builder/spi-builder-workspace/.derivedData/SDKStatCaches.noindex/watchos27.0-24R360-e829b21a6f8c9b70876ba0858053c04477534ef55a1706bf4c1112bbb242f0a2.sdkstatcache -output-file-map /Users/admin/builder/spi-builder-workspace/.derivedData/Build/Intermediates.noindex/CareKit.build/Debug-watchos/CareKitStore-t.build/Objects-normal/arm64/CareKitStore-OutputFileMap.json -save-temps -no-color-diagnostics -explicit-module-build -module-cache-path /Users/admin/builder/spi-builder-workspace/.derivedData/Build/Intermediates.noindex/SwiftExplicitPrecompiledModules -clang-scanner-module-cache-path /Users/admin/builder/spi-builder-workspace/.derivedData/ModuleCache.noindex -sdk-module-cache-path /Users/admin/builder/spi-builder-workspace/.derivedData/SDKExplicitPrecompiledModules -emit-dependencies -emit-module -emit-module-path /Users/admin/builder/spi-builder-workspace/.derivedData/Build/Intermediates.noindex/CareKit.build/Debug-watchos/CareKitStore-t.build/Objects-normal/arm64/CareKitStore.swiftmodule -serialize-diagnostics -dependency-scan-serialize-diagnostics-path /Users/admin/builder/spi-builder-workspace/.derivedData/Build/Intermediates.noindex/CareKit.build/Debug-watchos/CareKitStore-t.build/Objects-normal/arm64/CareKitStore-dependency-scan.dia -user-module-version 4.0.10 -validate-clang-modules-once -clang-build-session-file /Users/admin/builder/spi-builder-workspace/.derivedData/ModuleCache.noindex/Session.modulevalidation -Xcc -fmodules-prune-interval\=86400 -Xcc -fmodules-prune-after\=345600 -package-name carekit -emit-const-values -const-gather-protocols-list /Users/admin/builder/spi-builder-workspace/.derivedData/Build/Intermediates.noindex/CareKit.build/Debug-watchos/CareKitStore-t.build/Objects-normal/arm64/CareKitStore_const_extract_protocols.json -Xcc -I/Users/admin/builder/spi-builder-workspace/.derivedData/Build/Products/Debug-watchos/include -Xcc -I/Users/admin/builder/spi-builder-workspace/.derivedData/Build/Intermediates.noindex/CareKit.build/Debug-watchos/CareKitStore-t.build/DerivedSources-normal/arm64 -Xcc -I/Users/admin/builder/spi-builder-workspace/.derivedData/Build/Intermediates.noindex/CareKit.build/Debug-watchos/CareKitStore-t.build/DerivedSources/arm64 -Xcc -I/Users/admin/builder/spi-builder-workspace/.derivedData/Build/Intermediates.noindex/CareKit.build/Debug-watchos/CareKitStore-t.build/DerivedSources -Xcc -DSWIFT_PACKAGE -Xcc -DDEBUG\=1 -emit-objc-header -emit-objc-header-path /Users/admin/builder/spi-builder-workspace/.derivedData/Build/Intermediates.noindex/CareKit.build/Debug-watchos/CareKitStore-t.build/Objects-normal/arm64/CareKitStore-Swift.h -working-directory /Users/admin/builder/spi-builder-workspace/.swiftpm/xcode -experimental-emit-module-separately -disable-cmo
SwiftDriverJobDiscovery normal arm64_32 Compiling OCKReadOnlyEventStore+PartialEventsStream.swift, OCKReadOnlyEventStore+Utilities.swift, OCKReadOnlyEventStore+VersioningUtilities.swift, PartialEvent.swift, OCKObjectCompatible.swift, OCKStoreProtocol.swift, OCKAnyOutcome.swift, OCKAnyOutcomeStore.swift, OCKOutcomeStore.swift, OCKAnyPatient.swift, OCKAnyPatientStore.swift, OCKPatientStore.swift, OCKAnyTask.swift, OCKAnyTaskStore.swift (in target 'CareKitStore' from project 'CareKit')
SwiftCompile normal arm64 Compiling\ OSLog+Init.swift,\ OCKResultClosure.swift,\ OCKStoreError.swift,\ OCKUtilities.swift,\ OCKAnyCarePlan.swift,\ OCKAnyCarePlanStore.swift,\ OCKCarePlanStore.swift,\ OCKAnyContact.swift,\ OCKAnyContactStore.swift,\ OCKContactStore.swift,\ OCKAnyEvent.swift,\ OCKAnyEventStore.swift,\ OCKEventStore.swift,\ OCKReadOnlyEventStore+FetchPartialEvents.swift /Users/admin/builder/spi-builder-workspace/.dependencies/checkouts/CareKit/CareKitStore/CareKitStore/Logging/OSLog+Init.swift /Users/admin/builder/spi-builder-workspace/.dependencies/checkouts/CareKit/CareKitStore/CareKitStore/OCKResultClosure.swift /Users/admin/builder/spi-builder-workspace/.dependencies/checkouts/CareKit/CareKitStore/CareKitStore/OCKStoreError.swift /Users/admin/builder/spi-builder-workspace/.dependencies/checkouts/CareKit/CareKitStore/CareKitStore/OCKUtilities.swift /Users/admin/builder/spi-builder-workspace/.dependencies/checkouts/CareKit/CareKitStore/CareKitStore/Protocols/CarePlans/OCKAnyCarePlan.swift /Users/admin/builder/spi-builder-workspace/.dependencies/checkouts/CareKit/CareKitStore/CareKitStore/Protocols/CarePlans/OCKAnyCarePlanStore.swift /Users/admin/builder/spi-builder-workspace/.dependencies/checkouts/CareKit/CareKitStore/CareKitStore/Protocols/CarePlans/OCKCarePlanStore.swift /Users/admin/builder/spi-builder-workspace/.dependencies/checkouts/CareKit/CareKitStore/CareKitStore/Protocols/Contacts/OCKAnyContact.swift /Users/admin/builder/spi-builder-workspace/.dependencies/checkouts/CareKit/CareKitStore/CareKitStore/Protocols/Contacts/OCKAnyContactStore.swift /Users/admin/builder/spi-builder-workspace/.dependencies/checkouts/CareKit/CareKitStore/CareKitStore/Protocols/Contacts/OCKContactStore.swift /Users/admin/builder/spi-builder-workspace/.dependencies/checkouts/CareKit/CareKitStore/CareKitStore/Protocols/Events/OCKAnyEvent.swift /Users/admin/builder/spi-builder-workspace/.dependencies/checkouts/CareKit/CareKitStore/CareKitStore/Protocols/Events/OCKAnyEventStore.swift /Users/admin/builder/spi-builder-workspace/.dependencies/checkouts/CareKit/CareKitStore/CareKitStore/Protocols/Events/OCKEventStore.swift /Users/admin/builder/spi-builder-workspace/.dependencies/checkouts/CareKit/CareKitStore/CareKitStore/Protocols/Events/OCKReadOnlyEventStore+FetchPartialEvents.swift (in target 'CareKitStore' from project 'CareKit')
SwiftCompile normal arm64 /Users/admin/builder/spi-builder-workspace/.dependencies/checkouts/CareKit/CareKitStore/CareKitStore/Logging/OSLog+Init.swift (in target 'CareKitStore' from project 'CareKit')
    cd /Users/admin/builder/spi-builder-workspace/.swiftpm/xcode
    builtin-SwiftPerFileCompile OSLog+Init.swift
SwiftCompile normal arm64 /Users/admin/builder/spi-builder-workspace/.dependencies/checkouts/CareKit/CareKitStore/CareKitStore/OCKResultClosure.swift (in target 'CareKitStore' from project 'CareKit')
    cd /Users/admin/builder/spi-builder-workspace/.swiftpm/xcode
    builtin-SwiftPerFileCompile OCKResultClosure.swift
SwiftCompile normal arm64 /Users/admin/builder/spi-builder-workspace/.dependencies/checkouts/CareKit/CareKitStore/CareKitStore/OCKStoreError.swift (in target 'CareKitStore' from project 'CareKit')
    cd /Users/admin/builder/spi-builder-workspace/.swiftpm/xcode
    builtin-SwiftPerFileCompile OCKStoreError.swift
SwiftCompile normal arm64 /Users/admin/builder/spi-builder-workspace/.dependencies/checkouts/CareKit/CareKitStore/CareKitStore/OCKUtilities.swift (in target 'CareKitStore' from project 'CareKit')
    cd /Users/admin/builder/spi-builder-workspace/.swiftpm/xcode
    builtin-SwiftPerFileCompile OCKUtilities.swift
SwiftCompile normal arm64 /Users/admin/builder/spi-builder-workspace/.dependencies/checkouts/CareKit/CareKitStore/CareKitStore/Protocols/CarePlans/OCKAnyCarePlan.swift (in target 'CareKitStore' from project 'CareKit')
    cd /Users/admin/builder/spi-builder-workspace/.swiftpm/xcode
    builtin-SwiftPerFileCompile OCKAnyCarePlan.swift
SwiftCompile normal arm64 /Users/admin/builder/spi-builder-workspace/.dependencies/checkouts/CareKit/CareKitStore/CareKitStore/Protocols/CarePlans/OCKAnyCarePlanStore.swift (in target 'CareKitStore' from project 'CareKit')
    cd /Users/admin/builder/spi-builder-workspace/.swiftpm/xcode
    builtin-SwiftPerFileCompile OCKAnyCarePlanStore.swift
SwiftCompile normal arm64 /Users/admin/builder/spi-builder-workspace/.dependencies/checkouts/CareKit/CareKitStore/CareKitStore/Protocols/CarePlans/OCKCarePlanStore.swift (in target 'CareKitStore' from project 'CareKit')
    cd /Users/admin/builder/spi-builder-workspace/.swiftpm/xcode
    builtin-SwiftPerFileCompile OCKCarePlanStore.swift
SwiftCompile normal arm64 /Users/admin/builder/spi-builder-workspace/.dependencies/checkouts/CareKit/CareKitStore/CareKitStore/Protocols/Contacts/OCKAnyContact.swift (in target 'CareKitStore' from project 'CareKit')
    cd /Users/admin/builder/spi-builder-workspace/.swiftpm/xcode
    builtin-SwiftPerFileCompile OCKAnyContact.swift
SwiftCompile normal arm64 /Users/admin/builder/spi-builder-workspace/.dependencies/checkouts/CareKit/CareKitStore/CareKitStore/Protocols/Contacts/OCKAnyContactStore.swift (in target 'CareKitStore' from project 'CareKit')
    cd /Users/admin/builder/spi-builder-workspace/.swiftpm/xcode
    builtin-SwiftPerFileCompile OCKAnyContactStore.swift
SwiftCompile normal arm64 /Users/admin/builder/spi-builder-workspace/.dependencies/checkouts/CareKit/CareKitStore/CareKitStore/Protocols/Contacts/OCKContactStore.swift (in target 'CareKitStore' from project 'CareKit')
    cd /Users/admin/builder/spi-builder-workspace/.swiftpm/xcode
    builtin-SwiftPerFileCompile OCKContactStore.swift
SwiftCompile normal arm64 /Users/admin/builder/spi-builder-workspace/.dependencies/checkouts/CareKit/CareKitStore/CareKitStore/Protocols/Events/OCKAnyEvent.swift (in target 'CareKitStore' from project 'CareKit')
    cd /Users/admin/builder/spi-builder-workspace/.swiftpm/xcode
    builtin-SwiftPerFileCompile OCKAnyEvent.swift
SwiftCompile normal arm64 /Users/admin/builder/spi-builder-workspace/.dependencies/checkouts/CareKit/CareKitStore/CareKitStore/Protocols/Events/OCKAnyEventStore.swift (in target 'CareKitStore' from project 'CareKit')
    cd /Users/admin/builder/spi-builder-workspace/.swiftpm/xcode
    builtin-SwiftPerFileCompile OCKAnyEventStore.swift
SwiftCompile normal arm64 /Users/admin/builder/spi-builder-workspace/.dependencies/checkouts/CareKit/CareKitStore/CareKitStore/Protocols/Events/OCKEventStore.swift (in target 'CareKitStore' from project 'CareKit')
    cd /Users/admin/builder/spi-builder-workspace/.swiftpm/xcode
    builtin-SwiftPerFileCompile OCKEventStore.swift
SwiftCompile normal arm64 /Users/admin/builder/spi-builder-workspace/.dependencies/checkouts/CareKit/CareKitStore/CareKitStore/Protocols/Events/OCKReadOnlyEventStore+FetchPartialEvents.swift (in target 'CareKitStore' from project 'CareKit')
    cd /Users/admin/builder/spi-builder-workspace/.swiftpm/xcode
    builtin-SwiftPerFileCompile OCKReadOnlyEventStore+FetchPartialEvents.swift
SwiftMergeGeneratedHeaders /Users/admin/builder/spi-builder-workspace/.derivedData/Build/Intermediates.noindex/GeneratedModuleMaps-watchos/CareKitStore-Swift.h /Users/admin/builder/spi-builder-workspace/.derivedData/Build/Intermediates.noindex/CareKit.build/Debug-watchos/CareKitStore-t.build/Objects-normal/arm64/CareKitStore-Swift.h /Users/admin/builder/spi-builder-workspace/.derivedData/Build/Intermediates.noindex/CareKit.build/Debug-watchos/CareKitStore-t.build/Objects-normal/arm64_32/CareKitStore-Swift.h (in target 'CareKitStore' from project 'CareKit')
    cd /Users/admin/builder/spi-builder-workspace/.dependencies/checkouts/CareKit
    builtin-swiftHeaderTool -arch arm64 /Users/admin/builder/spi-builder-workspace/.derivedData/Build/Intermediates.noindex/CareKit.build/Debug-watchos/CareKitStore-t.build/Objects-normal/arm64/CareKitStore-Swift.h -arch arm64_32 /Users/admin/builder/spi-builder-workspace/.derivedData/Build/Intermediates.noindex/CareKit.build/Debug-watchos/CareKitStore-t.build/Objects-normal/arm64_32/CareKitStore-Swift.h -o /Users/admin/builder/spi-builder-workspace/.derivedData/Build/Intermediates.noindex/GeneratedModuleMaps-watchos/CareKitStore-Swift.h
SwiftDriverJobDiscovery normal arm64_32 Compiling OCKCarePlanQuery.swift, OCKContactQuery.swift, OCKEventQuery.swift, OCKOutcomeQuery.swift, OCKPatientQuery.swift, OCKQueryProtocol.swift, OCKTaskQuery.swift, AggregatedCareTaskProgress.swift, BinaryCareTaskProgress.swift, CareTaskProgress.swift, CareTaskProgressStrategy+CheckingOutcomesExist.swift, CareTaskProgressStrategy+SummingOutcomeValues.swift, CareTaskProgressStrategy.swift, LinearCareTaskProgress.swift (in target 'CareKitStore' from project 'CareKit')
Copy /Users/admin/builder/spi-builder-workspace/.derivedData/Build/Products/Debug-watchos/CareKitStore.swiftmodule/arm64-apple-watchos.swiftmodule /Users/admin/builder/spi-builder-workspace/.derivedData/Build/Intermediates.noindex/CareKit.build/Debug-watchos/CareKitStore-t.build/Objects-normal/arm64/CareKitStore.swiftmodule (in target 'CareKitStore' from project 'CareKit')
    cd /Users/admin/builder/spi-builder-workspace/.dependencies/checkouts/CareKit
    builtin-copy -exclude .DS_Store -exclude CVS -exclude .svn -exclude .git -exclude .hg -resolve-src-symlinks -rename /Users/admin/builder/spi-builder-workspace/.derivedData/Build/Intermediates.noindex/CareKit.build/Debug-watchos/CareKitStore-t.build/Objects-normal/arm64/CareKitStore.swiftmodule /Users/admin/builder/spi-builder-workspace/.derivedData/Build/Products/Debug-watchos/CareKitStore.swiftmodule/arm64-apple-watchos.swiftmodule
Copy /Users/admin/builder/spi-builder-workspace/.derivedData/Build/Products/Debug-watchos/CareKitStore.swiftmodule/arm64-apple-watchos.swiftdoc /Users/admin/builder/spi-builder-workspace/.derivedData/Build/Intermediates.noindex/CareKit.build/Debug-watchos/CareKitStore-t.build/Objects-normal/arm64/CareKitStore.swiftdoc (in target 'CareKitStore' from project 'CareKit')
    cd /Users/admin/builder/spi-builder-workspace/.dependencies/checkouts/CareKit
    builtin-copy -exclude .DS_Store -exclude CVS -exclude .svn -exclude .git -exclude .hg -resolve-src-symlinks -rename /Users/admin/builder/spi-builder-workspace/.derivedData/Build/Intermediates.noindex/CareKit.build/Debug-watchos/CareKitStore-t.build/Objects-normal/arm64/CareKitStore.swiftdoc /Users/admin/builder/spi-builder-workspace/.derivedData/Build/Products/Debug-watchos/CareKitStore.swiftmodule/arm64-apple-watchos.swiftdoc
Copy /Users/admin/builder/spi-builder-workspace/.derivedData/Build/Products/Debug-watchos/CareKitStore.swiftmodule/arm64-apple-watchos.abi.json /Users/admin/builder/spi-builder-workspace/.derivedData/Build/Intermediates.noindex/CareKit.build/Debug-watchos/CareKitStore-t.build/Objects-normal/arm64/CareKitStore.abi.json (in target 'CareKitStore' from project 'CareKit')
    cd /Users/admin/builder/spi-builder-workspace/.dependencies/checkouts/CareKit
    builtin-copy -exclude .DS_Store -exclude CVS -exclude .svn -exclude .git -exclude .hg -resolve-src-symlinks -rename /Users/admin/builder/spi-builder-workspace/.derivedData/Build/Intermediates.noindex/CareKit.build/Debug-watchos/CareKitStore-t.build/Objects-normal/arm64/CareKitStore.abi.json /Users/admin/builder/spi-builder-workspace/.derivedData/Build/Products/Debug-watchos/CareKitStore.swiftmodule/arm64-apple-watchos.abi.json
Copy /Users/admin/builder/spi-builder-workspace/.derivedData/Build/Products/Debug-watchos/CareKitStore.swiftmodule/Project/arm64-apple-watchos.swiftsourceinfo /Users/admin/builder/spi-builder-workspace/.derivedData/Build/Intermediates.noindex/CareKit.build/Debug-watchos/CareKitStore-t.build/Objects-normal/arm64/CareKitStore.swiftsourceinfo (in target 'CareKitStore' from project 'CareKit')
    cd /Users/admin/builder/spi-builder-workspace/.dependencies/checkouts/CareKit
    builtin-copy -exclude .DS_Store -exclude CVS -exclude .svn -exclude .git -exclude .hg -resolve-src-symlinks -rename /Users/admin/builder/spi-builder-workspace/.derivedData/Build/Intermediates.noindex/CareKit.build/Debug-watchos/CareKitStore-t.build/Objects-normal/arm64/CareKitStore.swiftsourceinfo /Users/admin/builder/spi-builder-workspace/.derivedData/Build/Products/Debug-watchos/CareKitStore.swiftmodule/Project/arm64-apple-watchos.swiftsourceinfo
SwiftCompile normal arm64_32 Compiling\ OCKAnyVersionableTask.swift,\ OCKTaskStore.swift,\ Mutex+Extension.swift,\ OCKAdherenceAggregator.swift,\ OCKCarePlanStoreDelegate.swift,\ OCKContactStoreDelegate.swift,\ OCKEventAggregator.swift,\ OCKOutcomeStoreDelegate.swift,\ OCKPatientStoreDelegate.swift,\ OCKTaskStoreDelegate.swift,\ OCKPersistentStoreCoordinator+CarePlans.swift,\ OCKPersistentStoreCoordinator+Contacts.swift,\ OCKPersistentStoreCoordinator+Events.swift,\ OCKPersistentStoreCoordinator+Outcomes.swift /Users/admin/builder/spi-builder-workspace/.dependencies/checkouts/CareKit/CareKitStore/CareKitStore/Protocols/Tasks/OCKAnyVersionableTask.swift /Users/admin/builder/spi-builder-workspace/.dependencies/checkouts/CareKit/CareKitStore/CareKitStore/Protocols/Tasks/OCKTaskStore.swift /Users/admin/builder/spi-builder-workspace/.dependencies/checkouts/CareKit/CareKitStore/CareKitStore/Shared/Extensions/Mutex+Extension.swift /Users/admin/builder/spi-builder-workspace/.dependencies/checkouts/CareKit/CareKitStore/CareKitStore/Stale/OCKAdherenceAggregator.swift /Users/admin/builder/spi-builder-workspace/.dependencies/checkouts/CareKit/CareKitStore/CareKitStore/Stale/OCKCarePlanStoreDelegate.swift /Users/admin/builder/spi-builder-workspace/.dependencies/checkouts/CareKit/CareKitStore/CareKitStore/Stale/OCKContactStoreDelegate.swift /Users/admin/builder/spi-builder-workspace/.dependencies/checkouts/CareKit/CareKitStore/CareKitStore/Stale/OCKEventAggregator.swift /Users/admin/builder/spi-builder-workspace/.dependencies/checkouts/CareKit/CareKitStore/CareKitStore/Stale/OCKOutcomeStoreDelegate.swift /Users/admin/builder/spi-builder-workspace/.dependencies/checkouts/CareKit/CareKitStore/CareKitStore/Stale/OCKPatientStoreDelegate.swift /Users/admin/builder/spi-builder-workspace/.dependencies/checkouts/CareKit/CareKitStore/CareKitStore/Stale/OCKTaskStoreDelegate.swift /Users/admin/builder/spi-builder-workspace/.dependencies/checkouts/CareKit/CareKitStore/CareKitStore/StoreCoordinator/OCKPersistentStoreCoordinator+CarePlans.swift /Users/admin/builder/spi-builder-workspace/.dependencies/checkouts/CareKit/CareKitStore/CareKitStore/StoreCoordinator/OCKPersistentStoreCoordinator+Contacts.swift /Users/admin/builder/spi-builder-workspace/.dependencies/checkouts/CareKit/CareKitStore/CareKitStore/StoreCoordinator/OCKPersistentStoreCoordinator+Events.swift /Users/admin/builder/spi-builder-workspace/.dependencies/checkouts/CareKit/CareKitStore/CareKitStore/StoreCoordinator/OCKPersistentStoreCoordinator+Outcomes.swift (in target 'CareKitStore' from project 'CareKit')
SwiftCompile normal arm64_32 /Users/admin/builder/spi-builder-workspace/.dependencies/checkouts/CareKit/CareKitStore/CareKitStore/Protocols/Tasks/OCKAnyVersionableTask.swift (in target 'CareKitStore' from project 'CareKit')
    cd /Users/admin/builder/spi-builder-workspace/.swiftpm/xcode
    builtin-SwiftPerFileCompile OCKAnyVersionableTask.swift
SwiftCompile normal arm64_32 /Users/admin/builder/spi-builder-workspace/.dependencies/checkouts/CareKit/CareKitStore/CareKitStore/Protocols/Tasks/OCKTaskStore.swift (in target 'CareKitStore' from project 'CareKit')
    cd /Users/admin/builder/spi-builder-workspace/.swiftpm/xcode
    builtin-SwiftPerFileCompile OCKTaskStore.swift
SwiftCompile normal arm64_32 /Users/admin/builder/spi-builder-workspace/.dependencies/checkouts/CareKit/CareKitStore/CareKitStore/Shared/Extensions/Mutex+Extension.swift (in target 'CareKitStore' from project 'CareKit')
    cd /Users/admin/builder/spi-builder-workspace/.swiftpm/xcode
    builtin-SwiftPerFileCompile Mutex+Extension.swift
SwiftCompile normal arm64_32 /Users/admin/builder/spi-builder-workspace/.dependencies/checkouts/CareKit/CareKitStore/CareKitStore/Stale/OCKAdherenceAggregator.swift (in target 'CareKitStore' from project 'CareKit')
    cd /Users/admin/builder/spi-builder-workspace/.swiftpm/xcode
    builtin-SwiftPerFileCompile OCKAdherenceAggregator.swift
SwiftCompile normal arm64_32 /Users/admin/builder/spi-builder-workspace/.dependencies/checkouts/CareKit/CareKitStore/CareKitStore/Stale/OCKCarePlanStoreDelegate.swift (in target 'CareKitStore' from project 'CareKit')
    cd /Users/admin/builder/spi-builder-workspace/.swiftpm/xcode
    builtin-SwiftPerFileCompile OCKCarePlanStoreDelegate.swift
SwiftCompile normal arm64_32 /Users/admin/builder/spi-builder-workspace/.dependencies/checkouts/CareKit/CareKitStore/CareKitStore/Stale/OCKContactStoreDelegate.swift (in target 'CareKitStore' from project 'CareKit')
    cd /Users/admin/builder/spi-builder-workspace/.swiftpm/xcode
    builtin-SwiftPerFileCompile OCKContactStoreDelegate.swift
SwiftCompile normal arm64_32 /Users/admin/builder/spi-builder-workspace/.dependencies/checkouts/CareKit/CareKitStore/CareKitStore/Stale/OCKEventAggregator.swift (in target 'CareKitStore' from project 'CareKit')
    cd /Users/admin/builder/spi-builder-workspace/.swiftpm/xcode
    builtin-SwiftPerFileCompile OCKEventAggregator.swift
SwiftCompile normal arm64_32 /Users/admin/builder/spi-builder-workspace/.dependencies/checkouts/CareKit/CareKitStore/CareKitStore/Stale/OCKOutcomeStoreDelegate.swift (in target 'CareKitStore' from project 'CareKit')
    cd /Users/admin/builder/spi-builder-workspace/.swiftpm/xcode
    builtin-SwiftPerFileCompile OCKOutcomeStoreDelegate.swift
SwiftCompile normal arm64_32 /Users/admin/builder/spi-builder-workspace/.dependencies/checkouts/CareKit/CareKitStore/CareKitStore/Stale/OCKPatientStoreDelegate.swift (in target 'CareKitStore' from project 'CareKit')
    cd /Users/admin/builder/spi-builder-workspace/.swiftpm/xcode
    builtin-SwiftPerFileCompile OCKPatientStoreDelegate.swift
SwiftCompile normal arm64_32 /Users/admin/builder/spi-builder-workspace/.dependencies/checkouts/CareKit/CareKitStore/CareKitStore/Stale/OCKTaskStoreDelegate.swift (in target 'CareKitStore' from project 'CareKit')
    cd /Users/admin/builder/spi-builder-workspace/.swiftpm/xcode
    builtin-SwiftPerFileCompile OCKTaskStoreDelegate.swift
SwiftCompile normal arm64_32 /Users/admin/builder/spi-builder-workspace/.dependencies/checkouts/CareKit/CareKitStore/CareKitStore/StoreCoordinator/OCKPersistentStoreCoordinator+CarePlans.swift (in target 'CareKitStore' from project 'CareKit')
    cd /Users/admin/builder/spi-builder-workspace/.swiftpm/xcode
    builtin-SwiftPerFileCompile OCKPersistentStoreCoordinator+CarePlans.swift
SwiftCompile normal arm64_32 /Users/admin/builder/spi-builder-workspace/.dependencies/checkouts/CareKit/CareKitStore/CareKitStore/StoreCoordinator/OCKPersistentStoreCoordinator+Contacts.swift (in target 'CareKitStore' from project 'CareKit')
    cd /Users/admin/builder/spi-builder-workspace/.swiftpm/xcode
    builtin-SwiftPerFileCompile OCKPersistentStoreCoordinator+Contacts.swift
SwiftCompile normal arm64_32 /Users/admin/builder/spi-builder-workspace/.dependencies/checkouts/CareKit/CareKitStore/CareKitStore/StoreCoordinator/OCKPersistentStoreCoordinator+Events.swift (in target 'CareKitStore' from project 'CareKit')
    cd /Users/admin/builder/spi-builder-workspace/.swiftpm/xcode
    builtin-SwiftPerFileCompile OCKPersistentStoreCoordinator+Events.swift
SwiftCompile normal arm64_32 /Users/admin/builder/spi-builder-workspace/.dependencies/checkouts/CareKit/CareKitStore/CareKitStore/StoreCoordinator/OCKPersistentStoreCoordinator+Outcomes.swift (in target 'CareKitStore' from project 'CareKit')
    cd /Users/admin/builder/spi-builder-workspace/.swiftpm/xcode
    builtin-SwiftPerFileCompile OCKPersistentStoreCoordinator+Outcomes.swift
PruneExplicitPrecompiledModules /Users/admin/builder/spi-builder-workspace/.derivedData/SDKExplicitPrecompiledModules
PruneExplicitPrecompiledModules /Users/admin/builder/spi-builder-workspace/.derivedData/Build/Intermediates.noindex/SwiftExplicitPrecompiledModules
PruneExplicitPrecompiledModules /Users/admin/builder/spi-builder-workspace/.derivedData/Build/Intermediates.noindex/ExplicitPrecompiledModules
2026-09-23 19:46:13.037 xcodebuild[738:4621] [MT] IDERunDestination: Supported platforms for the buildables in the current scheme is empty.
** BUILD FAILED **
The following build commands failed:
	SwiftCompile normal arm64_32 Compiling\ OSLog+Init.swift,\ OCKResultClosure.swift,\ OCKStoreError.swift,\ OCKUtilities.swift,\ OCKAnyCarePlan.swift,\ OCKAnyCarePlanStore.swift,\ OCKCarePlanStore.swift,\ OCKAnyContact.swift,\ OCKAnyContactStore.swift,\ OCKContactStore.swift,\ OCKAnyEvent.swift,\ OCKAnyEventStore.swift,\ OCKEventStore.swift,\ OCKReadOnlyEventStore+FetchPartialEvents.swift /Users/admin/builder/spi-builder-workspace/.dependencies/checkouts/CareKit/CareKitStore/CareKitStore/Logging/OSLog+Init.swift /Users/admin/builder/spi-builder-workspace/.dependencies/checkouts/CareKit/CareKitStore/CareKitStore/OCKResultClosure.swift /Users/admin/builder/spi-builder-workspace/.dependencies/checkouts/CareKit/CareKitStore/CareKitStore/OCKStoreError.swift /Users/admin/builder/spi-builder-workspace/.dependencies/checkouts/CareKit/CareKitStore/CareKitStore/OCKUtilities.swift /Users/admin/builder/spi-builder-workspace/.dependencies/checkouts/CareKit/CareKitStore/CareKitStore/Protocols/CarePlans/OCKAnyCarePlan.swift /Users/admin/builder/spi-builder-workspace/.dependencies/checkouts/CareKit/CareKitStore/CareKitStore/Protocols/CarePlans/OCKAnyCarePlanStore.swift /Users/admin/builder/spi-builder-workspace/.dependencies/checkouts/CareKit/CareKitStore/CareKitStore/Protocols/CarePlans/OCKCarePlanStore.swift /Users/admin/builder/spi-builder-workspace/.dependencies/checkouts/CareKit/CareKitStore/CareKitStore/Protocols/Contacts/OCKAnyContact.swift /Users/admin/builder/spi-builder-workspace/.dependencies/checkouts/CareKit/CareKitStore/CareKitStore/Protocols/Contacts/OCKAnyContactStore.swift /Users/admin/builder/spi-builder-workspace/.dependencies/checkouts/CareKit/CareKitStore/CareKitStore/Protocols/Contacts/OCKContactStore.swift /Users/admin/builder/spi-builder-workspace/.dependencies/checkouts/CareKit/CareKitStore/CareKitStore/Protocols/Events/OCKAnyEvent.swift /Users/admin/builder/spi-builder-workspace/.dependencies/checkouts/CareKit/CareKitStore/CareKitStore/Protocols/Events/OCKAnyEventStore.swift /Users/admin/builder/spi-builder-workspace/.dependencies/checkouts/CareKit/CareKitStore/CareKitStore/Protocols/Events/OCKEventStore.swift /Users/admin/builder/spi-builder-workspace/.dependencies/checkouts/CareKit/CareKitStore/CareKitStore/Protocols/Events/OCKReadOnlyEventStore+FetchPartialEvents.swift (in target 'CareKitStore' from project 'CareKit')
	SwiftCompile normal arm64_32 /Users/admin/builder/spi-builder-workspace/.dependencies/checkouts/CareKit/CareKitStore/CareKitStore/OCKUtilities.swift (in target 'CareKitStore' from project 'CareKit')
	Building workspace CareKitEssentials with scheme CareKitEssentials
(3 failures)
Command line invocation:
    /Applications/Xcode-27.0.0-Release.Candidate.app/Contents/Developer/usr/bin/xcodebuild -IDEClonedSourcePackagesDirPathOverride=/Users/admin/builder/spi-builder-workspace/.dependencies -resolvePackageDependencies
Resolve Package Graph
Resolved source packages:
  swift-async-algorithms: https://github.com/apple/swift-async-algorithms @ 1.0.4
  CareKitEssentials: /Users/admin/builder/spi-builder-workspace
  CareKit: https://github.com/cbaker6/CareKit.git @ 4.0.10
  FHIRModels: https://github.com/apple/FHIRModels.git @ 0.7.0
  swift-collections: https://github.com/apple/swift-collections.git @ 1.1.4
resolved source packages: swift-async-algorithms, CareKitEssentials, CareKit, FHIRModels, swift-collections
2026-09-23 19:46:29.124 xcodebuild[1148:6685] [MT] IDERunDestination: Supported platforms for the buildables in the current scheme is empty.
{
  "default_localization" : "en",
  "dependencies" : [
    {
      "identity" : "carekit",
      "requirement" : {
        "range" : [
          {
            "lower_bound" : "4.0.10",
            "upper_bound" : "5.0.0"
          }
        ]
      },
      "type" : "sourceControl",
      "url" : "https://github.com/cbaker6/CareKit.git"
    }
  ],
  "manifest_display_name" : "CareKitEssentials",
  "name" : "CareKitEssentials",
  "path" : "/Users/admin/builder/spi-builder-workspace",
  "platforms" : [
    {
      "name" : "ios",
      "version" : "18.0"
    },
    {
      "name" : "macos",
      "version" : "15.0"
    },
    {
      "name" : "watchos",
      "version" : "11.0"
    }
  ],
  "products" : [
    {
      "name" : "CareKitEssentials",
      "targets" : [
        "CareKitEssentials"
      ],
      "type" : {
        "library" : [
          "automatic"
        ]
      }
    }
  ],
  "targets" : [
    {
      "c99name" : "CareKitEssentialsTests",
      "module_type" : "SwiftTarget",
      "name" : "CareKitEssentialsTests",
      "path" : "Tests/CareKitEssentialsTests",
      "sources" : [
        "CareTaskProgressStrategyTests.swift",
        "LinearCareTaskProgressTests.swift",
        "Mocking/OCKEvent.swift",
        "OCKOutcomeExtensionsTests.swift",
        "OCKOutcomeValueExtensionsTests.swift"
      ],
      "target_dependencies" : [
        "CareKitEssentials"
      ],
      "type" : "test"
    },
    {
      "c99name" : "CareKitEssentials",
      "module_type" : "SwiftTarget",
      "name" : "CareKitEssentials",
      "path" : "Sources/CareKitEssentials",
      "product_dependencies" : [
        "CareKit",
        "CareKitStore",
        "CareKitUI"
      ],
      "product_memberships" : [
        "CareKitEssentials"
      ],
      "resources" : [
        {
          "path" : "/Users/admin/builder/spi-builder-workspace/Sources/CareKitEssentials/Resources/en.lproj/Localizable.strings",
          "rule" : {
            "process" : {
              "localization" : "en"
            }
          }
        }
      ],
      "sources" : [
        "Cards/Shared/CardViewModel.swift",
        "Cards/Shared/Chart/CKEConfigurationView.swift",
        "Cards/Shared/Chart/CareKitEssentialChartBodyView.swift",
        "Cards/Shared/Chart/CareKitEssentialChartDetailView.swift",
        "Cards/Shared/Chart/CareKitEssentialChartHeaderView.swift",
        "Cards/Shared/Chart/CareKitEssentialChartView.swift",
        "Cards/Shared/Chart/Data/CKEDataSeries.swift",
        "Cards/Shared/Chart/Data/CKEDataSeriesConfiguration.swift",
        "Cards/Shared/Chart/Data/CKEPoint.swift",
        "Cards/Shared/Chart/Progress/TemporalProgress.swift",
        "Cards/Shared/Chart/Progress/TemporalTaskProgress.swift",
        "Cards/Shared/Chart/Protocols/CareKitEssentialChartable.swift",
        "Cards/Shared/CustomLabelView.swift",
        "Cards/Shared/DetailsView.swift",
        "Cards/Shared/DismissableView.swift",
        "Cards/Shared/EventViews/EventQueryContentView.swift",
        "Cards/Shared/EventViews/EventQueryView.swift",
        "Cards/Shared/Extensions/CKEDataSeries+AXChartDescriptorRepresentable.swift",
        "Cards/Shared/Extensions/CareKitEssentialChartBodyView+ChartContent.swift",
        "Cards/Shared/Extensions/CareKitEssentialSliderLogView+EventViewable.swift",
        "Cards/Shared/Extensions/InstructionsTaskView+EventViewable.swift",
        "Cards/Shared/Extensions/InstructionsTaskView.swift",
        "Cards/Shared/Extensions/LabeledValueTaskView+EventViewable.swift",
        "Cards/Shared/Extensions/LabeledValueTaskView.swift",
        "Cards/Shared/Extensions/NumericProgressTaskView+EventViewable.swift",
        "Cards/Shared/Extensions/NumericProgressTaskView.swift",
        "Cards/Shared/Extensions/SimpleTaskView+EventViewable.swift",
        "Cards/Shared/Extensions/SimpleTaskView.swift",
        "Cards/Shared/InformationHeaderView.swift",
        "Cards/Shared/Protocols/CareKitEssentialView.swift",
        "Cards/Shared/Protocols/EventViewable.swift",
        "Cards/Shared/Protocols/EventWithContentViewable.swift",
        "Cards/Shared/ResearchSurveyView/ResearchCareForm.swift",
        "Cards/Shared/ResearchSurveyView/ResearchSurveyView.swift",
        "Cards/Shared/SimpleLabelView.swift",
        "Cards/Shared/SliderLog/CareKitEssentialSliderLogView.swift",
        "Cards/Shared/SliderLog/Slider.swift",
        "Cards/Shared/SliderLog/SliderLogButton.swift",
        "Cards/Shared/SliderLog/SliderLogTaskView.swift",
        "Cards/Shared/SliderLog/SliderLogTaskViewModel.swift",
        "Cards/Shared/SliderLog/SliderStyle.swift",
        "Cards/watchOS/DigitalCrown/CareKitEssentialDigitalCrownLogView.swift",
        "Cards/watchOS/DigitalCrown/DigitalCrownView.swift",
        "Cards/watchOS/DigitalCrown/DigitalCrownViewFooter.swift",
        "Cards/watchOS/DigitalCrown/DigitalCrownViewHeader.swift",
        "Cards/watchOS/DigitalCrown/DigitalCrownViewModel.swift",
        "Environment/CardEnabledEnvironmentKey.swift",
        "Extensions/BinaryCareTaskProgress+Math.swift",
        "Extensions/CGFloat.swift",
        "Extensions/Calendar+Dates.swift",
        "Extensions/CareStoreFetchedResult.swift",
        "Extensions/CareStoreFetchedResults+Sequence.swift",
        "Extensions/CareTaskProgressStrategy.swift",
        "Extensions/ChartContent+Default.swift",
        "Extensions/Double.swift",
        "Extensions/Image.swift",
        "Extensions/LinearCareTaskProgress+Math.swift",
        "Extensions/Logger.swift",
        "Extensions/NSImage.swift",
        "Extensions/OCKAnyEvent+Comparable.swift",
        "Extensions/OCKAnyEvent+CustomStringConvertable.swift",
        "Extensions/OCKAnyEvent+Equatable.swift",
        "Extensions/OCKAnyEvent+Hashable.swift",
        "Extensions/OCKAnyEvent.swift",
        "Extensions/OCKAnyEventStore.swift",
        "Extensions/OCKAnyOutcome+Sequence.swift",
        "Extensions/OCKAnyOutcome.swift",
        "Extensions/OCKHealthKitPassthroughStore.swift",
        "Extensions/OCKOutcome.swift",
        "Extensions/OCKOutcomeValue+Identifiable.swift",
        "Extensions/OCKOutcomeValue+Plottable.swift",
        "Extensions/OCKOutcomeValue+ResearchKitSwiftUIResult.swift",
        "Extensions/OCKOutcomeValue+Sequence.swift",
        "Extensions/OCKScheduleEvent+Comparable.swift",
        "Extensions/OCKStore.swift",
        "Extensions/OCKStoreCoordinator+Hashable.swift",
        "Extensions/OCKTask+ResearchKitSwiftUI.swift",
        "Extensions/UIImage.swift",
        "Extensions/View+Default.swift",
        "Models/CareKitEssentialsError.swift",
        "Models/CareKitEssentialsUserInfoKey.swift",
        "Models/DateComponentsForProgress.swift",
        "Models/OSValue.swift",
        "Models/PeriodComponent.swift",
        "Models/ScheduleUtility.swift",
        "Models/SurveyQuestion.swift",
        "Models/SurveyStep.swift",
        "Protocols/CareKitEssentialVersionable.swift",
        "Utility.swift"
      ],
      "type" : "library"
    }
  ],
  "tools_version" : "6.1"
}
{
  "workspace" : {
    "name" : "CareKitEssentials",
    "schemes" : [
      "CareKit (SPM)",
      "CareKitEssentials",
      "CareKitFHIR (SPM)",
      "CareKitStore (SPM)",
      "CareKitUI (SPM)"
    ]
  }
}
2026-09-23 19:46:31.357 xcodebuild[1156:6753] [MT] IDERunDestination: Supported platforms for the buildables in the current scheme is empty.
{
  "workspace" : {
    "name" : "CareKitEssentials",
    "schemes" : [
      "CareKit (SPM)",
      "CareKitEssentials",
      "CareKitFHIR (SPM)",
      "CareKitStore (SPM)",
      "CareKitUI (SPM)"
    ]
  }
}
2026-09-23 19:46:33.424 xcodebuild[1158:6783] [MT] IDERunDestination: Supported platforms for the buildables in the current scheme is empty.
Running build ...
env DEVELOPER_DIR=/Applications/Xcode-27.0.0-Release.Candidate.app xcrun xcodebuild -IDEClonedSourcePackagesDirPathOverride=$PWD/.dependencies -skipMacroValidation -skipPackagePluginValidation -derivedDataPath $PWD/.derivedData build -scheme CareKitEssentials -destination generic/platform=watchOS
Command line invocation:
    /Applications/Xcode-27.0.0-Release.Candidate.app/Contents/Developer/usr/bin/xcodebuild -IDEClonedSourcePackagesDirPathOverride=/Users/admin/builder/spi-builder-workspace/.dependencies -skipMacroValidation -skipPackagePluginValidation -derivedDataPath /Users/admin/builder/spi-builder-workspace/.derivedData build -scheme CareKitEssentials -destination generic/platform=watchOS
Resolve Package Graph
Resolved source packages:
  FHIRModels: https://github.com/apple/FHIRModels.git @ 0.7.0
  CareKitEssentials: /Users/admin/builder/spi-builder-workspace
  swift-async-algorithms: https://github.com/apple/swift-async-algorithms @ 1.0.4
  CareKit: https://github.com/cbaker6/CareKit.git @ 4.0.10
  swift-collections: https://github.com/apple/swift-collections.git @ 1.1.4
ComputePackagePrebuildTargetDependencyGraph
Prepare packages
CreateBuildRequest
SendProjectDescription
CreateBuildOperation
ComputeTargetDependencyGraph
note: Building targets in dependency order
note: Target dependency graph (19 targets)
    Target 'CareKitEssentials-product' in project 'CareKitEssentials'
        ➜ Explicit dependency on target 'CareKitEssentials' in project 'CareKitEssentials'
        ➜ Explicit dependency on target 'CareKitEssentials_CareKitEssentials' in project 'CareKitEssentials'
        ➜ Explicit dependency on target 'CareKit-product' in project 'CareKit'
        ➜ Explicit dependency on target 'CareKitStore-product' in project 'CareKit'
        ➜ Explicit dependency on target 'CareKitUI-product' in project 'CareKit'
    Target 'CareKitEssentials' in project 'CareKitEssentials'
        ➜ Explicit dependency on target 'CareKitEssentials_CareKitEssentials' in project 'CareKitEssentials'
        ➜ Explicit dependency on target 'CareKit-product' in project 'CareKit'
        ➜ Explicit dependency on target 'CareKitStore-product' in project 'CareKit'
        ➜ Explicit dependency on target 'CareKitUI-product' in project 'CareKit'
    Target 'CareKitUI-product' in project 'CareKit'
        ➜ Explicit dependency on target 'CareKitUI' in project 'CareKit'
        ➜ Explicit dependency on target 'CareKit_CareKitUI' in project 'CareKit'
    Target 'CareKitStore-product' in project 'CareKit'
        ➜ Explicit dependency on target 'CareKitStore' in project 'CareKit'
        ➜ Explicit dependency on target 'CareKit_CareKitStore' in project 'CareKit'
        ➜ Explicit dependency on target 'AsyncAlgorithms-product' in project 'swift-async-algorithms'
    Target 'CareKit-product' in project 'CareKit'
        ➜ Explicit dependency on target 'CareKit' in project 'CareKit'
        ➜ Explicit dependency on target 'CareKit_CareKit' in project 'CareKit'
        ➜ Explicit dependency on target 'CareKitUI' in project 'CareKit'
        ➜ Explicit dependency on target 'CareKitStore' in project 'CareKit'
        ➜ Explicit dependency on target 'AsyncAlgorithms-product' in project 'swift-async-algorithms'
    Target 'CareKit' in project 'CareKit'
        ➜ Explicit dependency on target 'CareKit_CareKit' in project 'CareKit'
        ➜ Explicit dependency on target 'CareKitUI' in project 'CareKit'
        ➜ Explicit dependency on target 'CareKitStore' in project 'CareKit'
        ➜ Explicit dependency on target 'AsyncAlgorithms-product' in project 'swift-async-algorithms'
    Target 'CareKitStore' in project 'CareKit'
        ➜ Explicit dependency on target 'CareKit_CareKitStore' in project 'CareKit'
        ➜ Explicit dependency on target 'AsyncAlgorithms-product' in project 'swift-async-algorithms'
    Target 'AsyncAlgorithms-product' in project 'swift-async-algorithms'
        ➜ Explicit dependency on target 'AsyncAlgorithms' in project 'swift-async-algorithms'
        ➜ Explicit dependency on target 'OrderedCollections-product' in project 'swift-collections'
        ➜ Explicit dependency on target 'DequeModule-product' in project 'swift-collections'
    Target 'AsyncAlgorithms' in project 'swift-async-algorithms'
        ➜ Explicit dependency on target 'OrderedCollections-product' in project 'swift-collections'
        ➜ Explicit dependency on target 'DequeModule-product' in project 'swift-collections'
    Target 'DequeModule-product' in project 'swift-collections'
        ➜ Explicit dependency on target 'DequeModule' in project 'swift-collections'
        ➜ Explicit dependency on target 'InternalCollectionsUtilities' in project 'swift-collections'
    Target 'DequeModule' in project 'swift-collections'
        ➜ Explicit dependency on target 'InternalCollectionsUtilities' in project 'swift-collections'
    Target 'OrderedCollections-product' in project 'swift-collections'
        ➜ Explicit dependency on target 'OrderedCollections' in project 'swift-collections'
        ➜ Explicit dependency on target 'InternalCollectionsUtilities' in project 'swift-collections'
    Target 'OrderedCollections' in project 'swift-collections'
        ➜ Explicit dependency on target 'InternalCollectionsUtilities' in project 'swift-collections'
    Target 'InternalCollectionsUtilities' in project 'swift-collections' (no dependencies)
    Target 'CareKit_CareKitStore' in project 'CareKit' (no dependencies)
    Target 'CareKitUI' in project 'CareKit'
        ➜ Explicit dependency on target 'CareKit_CareKitUI' in project 'CareKit'
    Target 'CareKit_CareKitUI' in project 'CareKit' (no dependencies)
    Target 'CareKit_CareKit' in project 'CareKit' (no dependencies)
    Target 'CareKitEssentials_CareKitEssentials' in project 'CareKitEssentials' (no dependencies)
GatherProvisioningInputs
CreateBuildDescription
ClangStatCache /Applications/Xcode-27.0.0-Release.Candidate.app/Contents/Developer/Toolchains/XcodeDefault.xctoolchain/usr/bin/clang-stat-cache /Applications/Xcode-27.0.0-Release.Candidate.app/Contents/Developer/Platforms/WatchOS.platform/Developer/SDKs/WatchOS27.0.sdk /Users/admin/builder/spi-builder-workspace/.derivedData/SDKStatCaches.noindex/watchos27.0-24R360-e829b21a6f8c9b70876ba0858053c04477534ef55a1706bf4c1112bbb242f0a2.sdkstatcache
    cd /Users/admin/builder/spi-builder-workspace/.swiftpm/xcode
    /Applications/Xcode-27.0.0-Release.Candidate.app/Contents/Developer/Toolchains/XcodeDefault.xctoolchain/usr/bin/clang-stat-cache /Applications/Xcode-27.0.0-Release.Candidate.app/Contents/Developer/Platforms/WatchOS.platform/Developer/SDKs/WatchOS27.0.sdk -o /Users/admin/builder/spi-builder-workspace/.derivedData/SDKStatCaches.noindex/watchos27.0-24R360-e829b21a6f8c9b70876ba0858053c04477534ef55a1706bf4c1112bbb242f0a2.sdkstatcache
SwiftDriver CareKitStore normal arm64_32 com.apple.xcode.tools.swift.compiler (in target 'CareKitStore' from project 'CareKit')
    cd /Users/admin/builder/spi-builder-workspace/.swiftpm/xcode
    builtin-SwiftDriver -- /Applications/Xcode-27.0.0-Release.Candidate.app/Contents/Developer/Toolchains/XcodeDefault.xctoolchain/usr/bin/swiftc -parse-as-library -module-name CareKitStore -Onone @/Users/admin/builder/spi-builder-workspace/.derivedData/Build/Intermediates.noindex/CareKit.build/Debug-watchos/CareKitStore-t.build/Objects-normal/arm64_32/CareKitStore.SwiftFileList -DSWIFT_PACKAGE -DDEBUG -DSWIFT_MODULE_RESOURCE_BUNDLE_AVAILABLE -DXcode -enable-upcoming-feature SWIFT_UPCOMING_FEATURE_CONCISE_MAGIC_FILE -enable-upcoming-feature SWIFT_UPCOMING_FEATURE_DEPRECATE_APPLICATION_MAIN -enable-upcoming-feature SWIFT_UPCOMING_FEATURE_DISABLE_OUTWARD_ACTOR_ISOLATION -enable-upcoming-feature SWIFT_UPCOMING_FEATURE_DYNAMIC_ACTOR_ISOLATION -enable-upcoming-feature SWIFT_UPCOMING_FEATURE_FORWARD_TRAILING_CLOSURES -enable-upcoming-feature SWIFT_UPCOMING_FEATURE_GLOBAL_ACTOR_ISOLATED_TYPES_USABILITY -enable-upcoming-feature SWIFT_UPCOMING_FEATURE_IMPLICIT_OPEN_EXISTENTIALS -enable-upcoming-feature SWIFT_UPCOMING_FEATURE_IMPORT_OBJC_FORWARD_DECLS -enable-upcoming-feature SWIFT_UPCOMING_FEATURE_INFER_SENDABLE_FROM_CAPTURES -enable-upcoming-feature SWIFT_UPCOMING_FEATURE_ISOLATED_DEFAULT_VALUES -enable-upcoming-feature SWIFT_UPCOMING_FEATURE_GLOBAL_CONCURRENCY -enable-upcoming-feature SWIFT_UPCOMING_FEATURE_NONFROZEN_ENUM_EXHAUSTIVITY -enable-upcoming-feature SWIFT_UPCOMING_FEATURE_REGION_BASED_ISOLATION -enable-experimental-feature StrictConcurrency\=complete -plugin-path /Applications/Xcode-27.0.0-Release.Candidate.app/Contents/Developer/Toolchains/XcodeDefault.xctoolchain/usr/lib/swift/host/plugins/testing -enable-experimental-feature DebugDescriptionMacro -sdk /Applications/Xcode-27.0.0-Release.Candidate.app/Contents/Developer/Platforms/WatchOS.platform/Developer/SDKs/WatchOS27.0.sdk -target arm64_32-apple-watchos11.0 -g -module-cache-path /Users/admin/builder/spi-builder-workspace/.derivedData/ModuleCache.noindex -Xfrontend -serialize-debugging-options -profile-coverage-mapping -profile-generate -enable-testing -suppress-warnings -index-store-path /Users/admin/builder/spi-builder-workspace/.derivedData/Index.noindex/DataStore -Xcc -D_LIBCPP_HARDENING_MODE\=_LIBCPP_HARDENING_MODE_DEBUG -swift-version 6 -I /Users/admin/builder/spi-builder-workspace/.derivedData/Build/Products/Debug-watchos -Isystem /Applications/Xcode-27.0.0-Release.Candidate.app/Contents/Developer/Platforms/WatchOS.platform/Developer/usr/lib -F /Users/admin/builder/spi-builder-workspace/.derivedData/Build/Products/Debug-watchos/PackageFrameworks -F /Users/admin/builder/spi-builder-workspace/.derivedData/Build/Products/Debug-watchos -F /Applications/Xcode-27.0.0-Release.Candidate.app/Contents/Developer/Platforms/WatchOS.platform/Developer/Library/Frameworks -F /Applications/Xcode-27.0.0-Release.Candidate.app/Contents/Developer/Platforms/WatchOS.platform/Developer/SDKs/WatchOS27.0.sdk/Developer/Library/Frameworks -emit-localized-strings -emit-localized-strings-path /Users/admin/builder/spi-builder-workspace/.derivedData/Build/Intermediates.noindex/CareKit.build/Debug-watchos/CareKitStore-t.build/Objects-normal/arm64_32 -c -j10 -enable-batch-mode -incremental -Xcc -ivfsstatcache -Xcc /Users/admin/builder/spi-builder-workspace/.derivedData/SDKStatCaches.noindex/watchos27.0-24R360-e829b21a6f8c9b70876ba0858053c04477534ef55a1706bf4c1112bbb242f0a2.sdkstatcache -output-file-map /Users/admin/builder/spi-builder-workspace/.derivedData/Build/Intermediates.noindex/CareKit.build/Debug-watchos/CareKitStore-t.build/Objects-normal/arm64_32/CareKitStore-OutputFileMap.json -save-temps -no-color-diagnostics -explicit-module-build -module-cache-path /Users/admin/builder/spi-builder-workspace/.derivedData/Build/Intermediates.noindex/SwiftExplicitPrecompiledModules -clang-scanner-module-cache-path /Users/admin/builder/spi-builder-workspace/.derivedData/ModuleCache.noindex -sdk-module-cache-path /Users/admin/builder/spi-builder-workspace/.derivedData/SDKExplicitPrecompiledModules -emit-dependencies -emit-module -emit-module-path /Users/admin/builder/spi-builder-workspace/.derivedData/Build/Intermediates.noindex/CareKit.build/Debug-watchos/CareKitStore-t.build/Objects-normal/arm64_32/CareKitStore.swiftmodule -serialize-diagnostics -dependency-scan-serialize-diagnostics-path /Users/admin/builder/spi-builder-workspace/.derivedData/Build/Intermediates.noindex/CareKit.build/Debug-watchos/CareKitStore-t.build/Objects-normal/arm64_32/CareKitStore-dependency-scan.dia -user-module-version 4.0.10 -validate-clang-modules-once -clang-build-session-file /Users/admin/builder/spi-builder-workspace/.derivedData/ModuleCache.noindex/Session.modulevalidation -Xcc -fmodules-prune-interval\=86400 -Xcc -fmodules-prune-after\=345600 -package-name carekit -emit-const-values -const-gather-protocols-list /Users/admin/builder/spi-builder-workspace/.derivedData/Build/Intermediates.noindex/CareKit.build/Debug-watchos/CareKitStore-t.build/Objects-normal/arm64_32/CareKitStore_const_extract_protocols.json -Xcc -I/Users/admin/builder/spi-builder-workspace/.derivedData/Build/Products/Debug-watchos/include -Xcc -I/Users/admin/builder/spi-builder-workspace/.derivedData/Build/Intermediates.noindex/CareKit.build/Debug-watchos/CareKitStore-t.build/DerivedSources-normal/arm64_32 -Xcc -I/Users/admin/builder/spi-builder-workspace/.derivedData/Build/Intermediates.noindex/CareKit.build/Debug-watchos/CareKitStore-t.build/DerivedSources/arm64_32 -Xcc -I/Users/admin/builder/spi-builder-workspace/.derivedData/Build/Intermediates.noindex/CareKit.build/Debug-watchos/CareKitStore-t.build/DerivedSources -Xcc -DSWIFT_PACKAGE -Xcc -DDEBUG\=1 -emit-objc-header -emit-objc-header-path /Users/admin/builder/spi-builder-workspace/.derivedData/Build/Intermediates.noindex/CareKit.build/Debug-watchos/CareKitStore-t.build/Objects-normal/arm64_32/CareKitStore-Swift.h -working-directory /Users/admin/builder/spi-builder-workspace/.swiftpm/xcode -experimental-emit-module-separately -disable-cmo
SwiftDriver CareKitStore normal arm64 com.apple.xcode.tools.swift.compiler (in target 'CareKitStore' from project 'CareKit')
    cd /Users/admin/builder/spi-builder-workspace/.swiftpm/xcode
    builtin-SwiftDriver -- /Applications/Xcode-27.0.0-Release.Candidate.app/Contents/Developer/Toolchains/XcodeDefault.xctoolchain/usr/bin/swiftc -parse-as-library -module-name CareKitStore -Onone @/Users/admin/builder/spi-builder-workspace/.derivedData/Build/Intermediates.noindex/CareKit.build/Debug-watchos/CareKitStore-t.build/Objects-normal/arm64/CareKitStore.SwiftFileList -DSWIFT_PACKAGE -DDEBUG -DSWIFT_MODULE_RESOURCE_BUNDLE_AVAILABLE -DXcode -enable-upcoming-feature SWIFT_UPCOMING_FEATURE_CONCISE_MAGIC_FILE -enable-upcoming-feature SWIFT_UPCOMING_FEATURE_DEPRECATE_APPLICATION_MAIN -enable-upcoming-feature SWIFT_UPCOMING_FEATURE_DISABLE_OUTWARD_ACTOR_ISOLATION -enable-upcoming-feature SWIFT_UPCOMING_FEATURE_DYNAMIC_ACTOR_ISOLATION -enable-upcoming-feature SWIFT_UPCOMING_FEATURE_FORWARD_TRAILING_CLOSURES -enable-upcoming-feature SWIFT_UPCOMING_FEATURE_GLOBAL_ACTOR_ISOLATED_TYPES_USABILITY -enable-upcoming-feature SWIFT_UPCOMING_FEATURE_IMPLICIT_OPEN_EXISTENTIALS -enable-upcoming-feature SWIFT_UPCOMING_FEATURE_IMPORT_OBJC_FORWARD_DECLS -enable-upcoming-feature SWIFT_UPCOMING_FEATURE_INFER_SENDABLE_FROM_CAPTURES -enable-upcoming-feature SWIFT_UPCOMING_FEATURE_ISOLATED_DEFAULT_VALUES -enable-upcoming-feature SWIFT_UPCOMING_FEATURE_GLOBAL_CONCURRENCY -enable-upcoming-feature SWIFT_UPCOMING_FEATURE_NONFROZEN_ENUM_EXHAUSTIVITY -enable-upcoming-feature SWIFT_UPCOMING_FEATURE_REGION_BASED_ISOLATION -enable-experimental-feature StrictConcurrency\=complete -plugin-path /Applications/Xcode-27.0.0-Release.Candidate.app/Contents/Developer/Toolchains/XcodeDefault.xctoolchain/usr/lib/swift/host/plugins/testing -enable-experimental-feature DebugDescriptionMacro -sdk /Applications/Xcode-27.0.0-Release.Candidate.app/Contents/Developer/Platforms/WatchOS.platform/Developer/SDKs/WatchOS27.0.sdk -target arm64-apple-watchos11.0 -g -module-cache-path /Users/admin/builder/spi-builder-workspace/.derivedData/ModuleCache.noindex -Xfrontend -serialize-debugging-options -profile-coverage-mapping -profile-generate -enable-testing -suppress-warnings -index-store-path /Users/admin/builder/spi-builder-workspace/.derivedData/Index.noindex/DataStore -Xcc -D_LIBCPP_HARDENING_MODE\=_LIBCPP_HARDENING_MODE_DEBUG -swift-version 6 -I /Users/admin/builder/spi-builder-workspace/.derivedData/Build/Products/Debug-watchos -Isystem /Applications/Xcode-27.0.0-Release.Candidate.app/Contents/Developer/Platforms/WatchOS.platform/Developer/usr/lib -F /Users/admin/builder/spi-builder-workspace/.derivedData/Build/Products/Debug-watchos/PackageFrameworks -F /Users/admin/builder/spi-builder-workspace/.derivedData/Build/Products/Debug-watchos -F /Applications/Xcode-27.0.0-Release.Candidate.app/Contents/Developer/Platforms/WatchOS.platform/Developer/Library/Frameworks -F /Applications/Xcode-27.0.0-Release.Candidate.app/Contents/Developer/Platforms/WatchOS.platform/Developer/SDKs/WatchOS27.0.sdk/Developer/Library/Frameworks -emit-localized-strings -emit-localized-strings-path /Users/admin/builder/spi-builder-workspace/.derivedData/Build/Intermediates.noindex/CareKit.build/Debug-watchos/CareKitStore-t.build/Objects-normal/arm64 -c -j10 -enable-batch-mode -incremental -Xcc -ivfsstatcache -Xcc /Users/admin/builder/spi-builder-workspace/.derivedData/SDKStatCaches.noindex/watchos27.0-24R360-e829b21a6f8c9b70876ba0858053c04477534ef55a1706bf4c1112bbb242f0a2.sdkstatcache -output-file-map /Users/admin/builder/spi-builder-workspace/.derivedData/Build/Intermediates.noindex/CareKit.build/Debug-watchos/CareKitStore-t.build/Objects-normal/arm64/CareKitStore-OutputFileMap.json -save-temps -no-color-diagnostics -explicit-module-build -module-cache-path /Users/admin/builder/spi-builder-workspace/.derivedData/Build/Intermediates.noindex/SwiftExplicitPrecompiledModules -clang-scanner-module-cache-path /Users/admin/builder/spi-builder-workspace/.derivedData/ModuleCache.noindex -sdk-module-cache-path /Users/admin/builder/spi-builder-workspace/.derivedData/SDKExplicitPrecompiledModules -emit-dependencies -emit-module -emit-module-path /Users/admin/builder/spi-builder-workspace/.derivedData/Build/Intermediates.noindex/CareKit.build/Debug-watchos/CareKitStore-t.build/Objects-normal/arm64/CareKitStore.swiftmodule -serialize-diagnostics -dependency-scan-serialize-diagnostics-path /Users/admin/builder/spi-builder-workspace/.derivedData/Build/Intermediates.noindex/CareKit.build/Debug-watchos/CareKitStore-t.build/Objects-normal/arm64/CareKitStore-dependency-scan.dia -user-module-version 4.0.10 -validate-clang-modules-once -clang-build-session-file /Users/admin/builder/spi-builder-workspace/.derivedData/ModuleCache.noindex/Session.modulevalidation -Xcc -fmodules-prune-interval\=86400 -Xcc -fmodules-prune-after\=345600 -package-name carekit -emit-const-values -const-gather-protocols-list /Users/admin/builder/spi-builder-workspace/.derivedData/Build/Intermediates.noindex/CareKit.build/Debug-watchos/CareKitStore-t.build/Objects-normal/arm64/CareKitStore_const_extract_protocols.json -Xcc -I/Users/admin/builder/spi-builder-workspace/.derivedData/Build/Products/Debug-watchos/include -Xcc -I/Users/admin/builder/spi-builder-workspace/.derivedData/Build/Intermediates.noindex/CareKit.build/Debug-watchos/CareKitStore-t.build/DerivedSources-normal/arm64 -Xcc -I/Users/admin/builder/spi-builder-workspace/.derivedData/Build/Intermediates.noindex/CareKit.build/Debug-watchos/CareKitStore-t.build/DerivedSources/arm64 -Xcc -I/Users/admin/builder/spi-builder-workspace/.derivedData/Build/Intermediates.noindex/CareKit.build/Debug-watchos/CareKitStore-t.build/DerivedSources -Xcc -DSWIFT_PACKAGE -Xcc -DDEBUG\=1 -emit-objc-header -emit-objc-header-path /Users/admin/builder/spi-builder-workspace/.derivedData/Build/Intermediates.noindex/CareKit.build/Debug-watchos/CareKitStore-t.build/Objects-normal/arm64/CareKitStore-Swift.h -working-directory /Users/admin/builder/spi-builder-workspace/.swiftpm/xcode -experimental-emit-module-separately -disable-cmo
ExtractAppIntentsMetadata (in target 'CareKitUI' from project 'CareKit')
    cd /Users/admin/builder/spi-builder-workspace/.dependencies/checkouts/CareKit
    /Applications/Xcode-27.0.0-Release.Candidate.app/Contents/Developer/Toolchains/XcodeDefault.xctoolchain/usr/bin/appintentsmetadataprocessor --toolchain-dir /var/run/com.apple.security.cryptexd/mnt/com.apple.MobileAsset.MetalToolchain-v27.1.266.1.tch7aJ/Metal.xctoolchain --module-name CareKitUI --sdk-root /Applications/Xcode-27.0.0-Release.Candidate.app/Contents/Developer/Platforms/WatchOS.platform/Developer/SDKs/WatchOS27.0.sdk --xcode-version 27A266a --platform-family watchOS --deployment-target 11.0 --bundle-identifier carekit.CareKitUI --output /Users/admin/builder/spi-builder-workspace/.derivedData/Build/Products/Debug-watchos/CareKitUI.appintents --target-triple arm64-apple-watchos11.0 --target-triple arm64_32-apple-watchos11.0 --binary-file /Users/admin/builder/spi-builder-workspace/.derivedData/Build/Products/Debug-watchos/CareKitUI.o --dependency-file /Users/admin/builder/spi-builder-workspace/.derivedData/Build/Intermediates.noindex/CareKit.build/Debug-watchos/CareKitUI-t.build/Objects-normal/arm64/CareKitUI_dependency_info.dat --dependency-file /Users/admin/builder/spi-builder-workspace/.derivedData/Build/Intermediates.noindex/CareKit.build/Debug-watchos/CareKitUI-t.build/Objects-normal/arm64_32/CareKitUI_dependency_info.dat --stringsdata-file /Users/admin/builder/spi-builder-workspace/.derivedData/Build/Intermediates.noindex/CareKit.build/Debug-watchos/CareKitUI-t.build/Objects-normal/arm64/ExtractedAppShortcutsMetadata.stringsdata --stringsdata-file /Users/admin/builder/spi-builder-workspace/.derivedData/Build/Intermediates.noindex/CareKit.build/Debug-watchos/CareKitUI-t.build/Objects-normal/arm64_32/ExtractedAppShortcutsMetadata.stringsdata --source-file-list /Users/admin/builder/spi-builder-workspace/.derivedData/Build/Intermediates.noindex/CareKit.build/Debug-watchos/CareKitUI-t.build/Objects-normal/arm64/CareKitUI.SwiftFileList --source-file-list /Users/admin/builder/spi-builder-workspace/.derivedData/Build/Intermediates.noindex/CareKit.build/Debug-watchos/CareKitUI-t.build/Objects-normal/arm64_32/CareKitUI.SwiftFileList --metadata-file-list /Users/admin/builder/spi-builder-workspace/.derivedData/Build/Intermediates.noindex/CareKit.build/Debug-watchos/CareKitUI-t.build/CareKitUI.DependencyMetadataFileList --static-metadata-file-list /Users/admin/builder/spi-builder-workspace/.derivedData/Build/Intermediates.noindex/CareKit.build/Debug-watchos/CareKitUI-t.build/CareKitUI.DependencyStaticMetadataFileList --swift-const-vals-list /Users/admin/builder/spi-builder-workspace/.derivedData/Build/Intermediates.noindex/CareKit.build/Debug-watchos/CareKitUI-t.build/Objects-normal/arm64/CareKitUI.SwiftConstValuesFileList --swift-const-vals-list /Users/admin/builder/spi-builder-workspace/.derivedData/Build/Intermediates.noindex/CareKit.build/Debug-watchos/CareKitUI-t.build/Objects-normal/arm64_32/CareKitUI.SwiftConstValuesFileList --force --compile-time-extraction --deployment-aware-processing --no-app-shortcuts-localization
2026-09-23 19:46:37.481 appintentsmetadataprocessor[1162:6866] Starting appintentsmetadataprocessor export
2026-09-23 19:46:37.547 appintentsmetadataprocessor[1162:6866] Extracted no relevant App Intents symbols, skipping writing output
SwiftDriver CareKit normal arm64 com.apple.xcode.tools.swift.compiler (in target 'CareKit' from project 'CareKit')
    cd /Users/admin/builder/spi-builder-workspace/.swiftpm/xcode
    builtin-SwiftDriver -- /Applications/Xcode-27.0.0-Release.Candidate.app/Contents/Developer/Toolchains/XcodeDefault.xctoolchain/usr/bin/swiftc -parse-as-library -module-name CareKit -Onone @/Users/admin/builder/spi-builder-workspace/.derivedData/Build/Intermediates.noindex/CareKit.build/Debug-watchos/CareKit-t.build/Objects-normal/arm64/CareKit.SwiftFileList -DSWIFT_PACKAGE -DDEBUG -DSWIFT_MODULE_RESOURCE_BUNDLE_AVAILABLE -DXcode -plugin-path /Applications/Xcode-27.0.0-Release.Candidate.app/Contents/Developer/Toolchains/XcodeDefault.xctoolchain/usr/lib/swift/host/plugins/testing -enable-experimental-feature DebugDescriptionMacro -sdk /Applications/Xcode-27.0.0-Release.Candidate.app/Contents/Developer/Platforms/WatchOS.platform/Developer/SDKs/WatchOS27.0.sdk -target arm64-apple-watchos11.0 -g -module-cache-path /Users/admin/builder/spi-builder-workspace/.derivedData/ModuleCache.noindex -Xfrontend -serialize-debugging-options -profile-coverage-mapping -profile-generate -enable-testing -suppress-warnings -index-store-path /Users/admin/builder/spi-builder-workspace/.derivedData/Index.noindex/DataStore -Xcc -D_LIBCPP_HARDENING_MODE\=_LIBCPP_HARDENING_MODE_DEBUG -swift-version 5 -I /Users/admin/builder/spi-builder-workspace/.derivedData/Build/Products/Debug-watchos -Isystem /Applications/Xcode-27.0.0-Release.Candidate.app/Contents/Developer/Platforms/WatchOS.platform/Developer/usr/lib -F /Users/admin/builder/spi-builder-workspace/.derivedData/Build/Products/Debug-watchos/PackageFrameworks -F /Users/admin/builder/spi-builder-workspace/.derivedData/Build/Products/Debug-watchos -F /Applications/Xcode-27.0.0-Release.Candidate.app/Contents/Developer/Platforms/WatchOS.platform/Developer/Library/Frameworks -F /Applications/Xcode-27.0.0-Release.Candidate.app/Contents/Developer/Platforms/WatchOS.platform/Developer/SDKs/WatchOS27.0.sdk/Developer/Library/Frameworks -emit-localized-strings -emit-localized-strings-path /Users/admin/builder/spi-builder-workspace/.derivedData/Build/Intermediates.noindex/CareKit.build/Debug-watchos/CareKit-t.build/Objects-normal/arm64 -c -j10 -enable-batch-mode -incremental -Xcc -ivfsstatcache -Xcc /Users/admin/builder/spi-builder-workspace/.derivedData/SDKStatCaches.noindex/watchos27.0-24R360-e829b21a6f8c9b70876ba0858053c04477534ef55a1706bf4c1112bbb242f0a2.sdkstatcache -output-file-map /Users/admin/builder/spi-builder-workspace/.derivedData/Build/Intermediates.noindex/CareKit.build/Debug-watchos/CareKit-t.build/Objects-normal/arm64/CareKit-OutputFileMap.json -save-temps -no-color-diagnostics -explicit-module-build -module-cache-path /Users/admin/builder/spi-builder-workspace/.derivedData/Build/Intermediates.noindex/SwiftExplicitPrecompiledModules -clang-scanner-module-cache-path /Users/admin/builder/spi-builder-workspace/.derivedData/ModuleCache.noindex -sdk-module-cache-path /Users/admin/builder/spi-builder-workspace/.derivedData/SDKExplicitPrecompiledModules -emit-dependencies -emit-module -emit-module-path /Users/admin/builder/spi-builder-workspace/.derivedData/Build/Intermediates.noindex/CareKit.build/Debug-watchos/CareKit-t.build/Objects-normal/arm64/CareKit.swiftmodule -serialize-diagnostics -dependency-scan-serialize-diagnostics-path /Users/admin/builder/spi-builder-workspace/.derivedData/Build/Intermediates.noindex/CareKit.build/Debug-watchos/CareKit-t.build/Objects-normal/arm64/CareKit-dependency-scan.dia -user-module-version 4.0.10 -validate-clang-modules-once -clang-build-session-file /Users/admin/builder/spi-builder-workspace/.derivedData/ModuleCache.noindex/Session.modulevalidation -Xcc -fmodules-prune-interval\=86400 -Xcc -fmodules-prune-after\=345600 -package-name carekit -emit-const-values -const-gather-protocols-list /Users/admin/builder/spi-builder-workspace/.derivedData/Build/Intermediates.noindex/CareKit.build/Debug-watchos/CareKit-t.build/Objects-normal/arm64/CareKit_const_extract_protocols.json -Xcc -I/Users/admin/builder/spi-builder-workspace/.derivedData/Build/Products/Debug-watchos/include -Xcc -I/Users/admin/builder/spi-builder-workspace/.derivedData/Build/Intermediates.noindex/CareKit.build/Debug-watchos/CareKit-t.build/DerivedSources-normal/arm64 -Xcc -I/Users/admin/builder/spi-builder-workspace/.derivedData/Build/Intermediates.noindex/CareKit.build/Debug-watchos/CareKit-t.build/DerivedSources/arm64 -Xcc -I/Users/admin/builder/spi-builder-workspace/.derivedData/Build/Intermediates.noindex/CareKit.build/Debug-watchos/CareKit-t.build/DerivedSources -Xcc -DSWIFT_PACKAGE -Xcc -DDEBUG\=1 -emit-objc-header -emit-objc-header-path /Users/admin/builder/spi-builder-workspace/.derivedData/Build/Intermediates.noindex/CareKit.build/Debug-watchos/CareKit-t.build/Objects-normal/arm64/CareKit-Swift.h -working-directory /Users/admin/builder/spi-builder-workspace/.swiftpm/xcode -experimental-emit-module-separately -disable-cmo
SwiftDriver CareKit normal arm64_32 com.apple.xcode.tools.swift.compiler (in target 'CareKit' from project 'CareKit')
    cd /Users/admin/builder/spi-builder-workspace/.swiftpm/xcode
    builtin-SwiftDriver -- /Applications/Xcode-27.0.0-Release.Candidate.app/Contents/Developer/Toolchains/XcodeDefault.xctoolchain/usr/bin/swiftc -parse-as-library -module-name CareKit -Onone @/Users/admin/builder/spi-builder-workspace/.derivedData/Build/Intermediates.noindex/CareKit.build/Debug-watchos/CareKit-t.build/Objects-normal/arm64_32/CareKit.SwiftFileList -DSWIFT_PACKAGE -DDEBUG -DSWIFT_MODULE_RESOURCE_BUNDLE_AVAILABLE -DXcode -plugin-path /Applications/Xcode-27.0.0-Release.Candidate.app/Contents/Developer/Toolchains/XcodeDefault.xctoolchain/usr/lib/swift/host/plugins/testing -enable-experimental-feature DebugDescriptionMacro -sdk /Applications/Xcode-27.0.0-Release.Candidate.app/Contents/Developer/Platforms/WatchOS.platform/Developer/SDKs/WatchOS27.0.sdk -target arm64_32-apple-watchos11.0 -g -module-cache-path /Users/admin/builder/spi-builder-workspace/.derivedData/ModuleCache.noindex -Xfrontend -serialize-debugging-options -profile-coverage-mapping -profile-generate -enable-testing -suppress-warnings -index-store-path /Users/admin/builder/spi-builder-workspace/.derivedData/Index.noindex/DataStore -Xcc -D_LIBCPP_HARDENING_MODE\=_LIBCPP_HARDENING_MODE_DEBUG -swift-version 5 -I /Users/admin/builder/spi-builder-workspace/.derivedData/Build/Products/Debug-watchos -Isystem /Applications/Xcode-27.0.0-Release.Candidate.app/Contents/Developer/Platforms/WatchOS.platform/Developer/usr/lib -F /Users/admin/builder/spi-builder-workspace/.derivedData/Build/Products/Debug-watchos/PackageFrameworks -F /Users/admin/builder/spi-builder-workspace/.derivedData/Build/Products/Debug-watchos -F /Applications/Xcode-27.0.0-Release.Candidate.app/Contents/Developer/Platforms/WatchOS.platform/Developer/Library/Frameworks -F /Applications/Xcode-27.0.0-Release.Candidate.app/Contents/Developer/Platforms/WatchOS.platform/Developer/SDKs/WatchOS27.0.sdk/Developer/Library/Frameworks -emit-localized-strings -emit-localized-strings-path /Users/admin/builder/spi-builder-workspace/.derivedData/Build/Intermediates.noindex/CareKit.build/Debug-watchos/CareKit-t.build/Objects-normal/arm64_32 -c -j10 -enable-batch-mode -incremental -Xcc -ivfsstatcache -Xcc /Users/admin/builder/spi-builder-workspace/.derivedData/SDKStatCaches.noindex/watchos27.0-24R360-e829b21a6f8c9b70876ba0858053c04477534ef55a1706bf4c1112bbb242f0a2.sdkstatcache -output-file-map /Users/admin/builder/spi-builder-workspace/.derivedData/Build/Intermediates.noindex/CareKit.build/Debug-watchos/CareKit-t.build/Objects-normal/arm64_32/CareKit-OutputFileMap.json -save-temps -no-color-diagnostics -explicit-module-build -module-cache-path /Users/admin/builder/spi-builder-workspace/.derivedData/Build/Intermediates.noindex/SwiftExplicitPrecompiledModules -clang-scanner-module-cache-path /Users/admin/builder/spi-builder-workspace/.derivedData/ModuleCache.noindex -sdk-module-cache-path /Users/admin/builder/spi-builder-workspace/.derivedData/SDKExplicitPrecompiledModules -emit-dependencies -emit-module -emit-module-path /Users/admin/builder/spi-builder-workspace/.derivedData/Build/Intermediates.noindex/CareKit.build/Debug-watchos/CareKit-t.build/Objects-normal/arm64_32/CareKit.swiftmodule -serialize-diagnostics -dependency-scan-serialize-diagnostics-path /Users/admin/builder/spi-builder-workspace/.derivedData/Build/Intermediates.noindex/CareKit.build/Debug-watchos/CareKit-t.build/Objects-normal/arm64_32/CareKit-dependency-scan.dia -user-module-version 4.0.10 -validate-clang-modules-once -clang-build-session-file /Users/admin/builder/spi-builder-workspace/.derivedData/ModuleCache.noindex/Session.modulevalidation -Xcc -fmodules-prune-interval\=86400 -Xcc -fmodules-prune-after\=345600 -package-name carekit -emit-const-values -const-gather-protocols-list /Users/admin/builder/spi-builder-workspace/.derivedData/Build/Intermediates.noindex/CareKit.build/Debug-watchos/CareKit-t.build/Objects-normal/arm64_32/CareKit_const_extract_protocols.json -Xcc -I/Users/admin/builder/spi-builder-workspace/.derivedData/Build/Products/Debug-watchos/include -Xcc -I/Users/admin/builder/spi-builder-workspace/.derivedData/Build/Intermediates.noindex/CareKit.build/Debug-watchos/CareKit-t.build/DerivedSources-normal/arm64_32 -Xcc -I/Users/admin/builder/spi-builder-workspace/.derivedData/Build/Intermediates.noindex/CareKit.build/Debug-watchos/CareKit-t.build/DerivedSources/arm64_32 -Xcc -I/Users/admin/builder/spi-builder-workspace/.derivedData/Build/Intermediates.noindex/CareKit.build/Debug-watchos/CareKit-t.build/DerivedSources -Xcc -DSWIFT_PACKAGE -Xcc -DDEBUG\=1 -emit-objc-header -emit-objc-header-path /Users/admin/builder/spi-builder-workspace/.derivedData/Build/Intermediates.noindex/CareKit.build/Debug-watchos/CareKit-t.build/Objects-normal/arm64_32/CareKit-Swift.h -working-directory /Users/admin/builder/spi-builder-workspace/.swiftpm/xcode -experimental-emit-module-separately -disable-cmo
SwiftCompile normal arm64_32 Compiling\ OCKCDObject.swift,\ OCKCDOperatingSystemVersion.swift,\ OCKCDOutcome.swift,\ OCKCDOutcomeValue.swift,\ OCKCDPatient.swift,\ OCKCDPersonName.swift,\ OCKCDPostalAddress.swift,\ OCKCDScheduleElement.swift,\ OCKCDSource.swift,\ OCKCDSourceRevision.swift,\ OCKCDTag.swift,\ OCKCDTask.swift /Users/admin/builder/spi-builder-workspace/.dependencies/checkouts/CareKit/CareKitStore/CareKitStore/CoreData/OCKCDObject.swift /Users/admin/builder/spi-builder-workspace/.dependencies/checkouts/CareKit/CareKitStore/CareKitStore/CoreData/OCKCDOperatingSystemVersion.swift /Users/admin/builder/spi-builder-workspace/.dependencies/checkouts/CareKit/CareKitStore/CareKitStore/CoreData/OCKCDOutcome.swift /Users/admin/builder/spi-builder-workspace/.dependencies/checkouts/CareKit/CareKitStore/CareKitStore/CoreData/OCKCDOutcomeValue.swift /Users/admin/builder/spi-builder-workspace/.dependencies/checkouts/CareKit/CareKitStore/CareKitStore/CoreData/OCKCDPatient.swift /Users/admin/builder/spi-builder-workspace/.dependencies/checkouts/CareKit/CareKitStore/CareKitStore/CoreData/OCKCDPersonName.swift /Users/admin/builder/spi-builder-workspace/.dependencies/checkouts/CareKit/CareKitStore/CareKitStore/CoreData/OCKCDPostalAddress.swift /Users/admin/builder/spi-builder-workspace/.dependencies/checkouts/CareKit/CareKitStore/CareKitStore/CoreData/OCKCDScheduleElement.swift /Users/admin/builder/spi-builder-workspace/.dependencies/checkouts/CareKit/CareKitStore/CareKitStore/CoreData/OCKCDSource.swift /Users/admin/builder/spi-builder-workspace/.dependencies/checkouts/CareKit/CareKitStore/CareKitStore/CoreData/OCKCDSourceRevision.swift /Users/admin/builder/spi-builder-workspace/.dependencies/checkouts/CareKit/CareKitStore/CareKitStore/CoreData/OCKCDTag.swift /Users/admin/builder/spi-builder-workspace/.dependencies/checkouts/CareKit/CareKitStore/CareKitStore/CoreData/OCKCDTask.swift (in target 'CareKitStore' from project 'CareKit')
SwiftCompile normal arm64_32 /Users/admin/builder/spi-builder-workspace/.dependencies/checkouts/CareKit/CareKitStore/CareKitStore/CoreData/OCKCDObject.swift (in target 'CareKitStore' from project 'CareKit')
    cd /Users/admin/builder/spi-builder-workspace/.swiftpm/xcode
    builtin-SwiftPerFileCompile OCKCDObject.swift
SwiftCompile normal arm64_32 /Users/admin/builder/spi-builder-workspace/.dependencies/checkouts/CareKit/CareKitStore/CareKitStore/CoreData/OCKCDOperatingSystemVersion.swift (in target 'CareKitStore' from project 'CareKit')
    cd /Users/admin/builder/spi-builder-workspace/.swiftpm/xcode
    builtin-SwiftPerFileCompile OCKCDOperatingSystemVersion.swift
SwiftCompile normal arm64_32 /Users/admin/builder/spi-builder-workspace/.dependencies/checkouts/CareKit/CareKitStore/CareKitStore/CoreData/OCKCDOutcome.swift (in target 'CareKitStore' from project 'CareKit')
    cd /Users/admin/builder/spi-builder-workspace/.swiftpm/xcode
    builtin-SwiftPerFileCompile OCKCDOutcome.swift
SwiftCompile normal arm64_32 /Users/admin/builder/spi-builder-workspace/.dependencies/checkouts/CareKit/CareKitStore/CareKitStore/CoreData/OCKCDOutcomeValue.swift (in target 'CareKitStore' from project 'CareKit')
    cd /Users/admin/builder/spi-builder-workspace/.swiftpm/xcode
    builtin-SwiftPerFileCompile OCKCDOutcomeValue.swift
SwiftCompile normal arm64_32 /Users/admin/builder/spi-builder-workspace/.dependencies/checkouts/CareKit/CareKitStore/CareKitStore/CoreData/OCKCDPatient.swift (in target 'CareKitStore' from project 'CareKit')
    cd /Users/admin/builder/spi-builder-workspace/.swiftpm/xcode
    builtin-SwiftPerFileCompile OCKCDPatient.swift
SwiftCompile normal arm64_32 /Users/admin/builder/spi-builder-workspace/.dependencies/checkouts/CareKit/CareKitStore/CareKitStore/CoreData/OCKCDPersonName.swift (in target 'CareKitStore' from project 'CareKit')
    cd /Users/admin/builder/spi-builder-workspace/.swiftpm/xcode
    builtin-SwiftPerFileCompile OCKCDPersonName.swift
SwiftCompile normal arm64_32 /Users/admin/builder/spi-builder-workspace/.dependencies/checkouts/CareKit/CareKitStore/CareKitStore/CoreData/OCKCDPostalAddress.swift (in target 'CareKitStore' from project 'CareKit')
    cd /Users/admin/builder/spi-builder-workspace/.swiftpm/xcode
    builtin-SwiftPerFileCompile OCKCDPostalAddress.swift
SwiftCompile normal arm64_32 /Users/admin/builder/spi-builder-workspace/.dependencies/checkouts/CareKit/CareKitStore/CareKitStore/CoreData/OCKCDScheduleElement.swift (in target 'CareKitStore' from project 'CareKit')
    cd /Users/admin/builder/spi-builder-workspace/.swiftpm/xcode
    builtin-SwiftPerFileCompile OCKCDScheduleElement.swift
SwiftCompile normal arm64_32 /Users/admin/builder/spi-builder-workspace/.dependencies/checkouts/CareKit/CareKitStore/CareKitStore/CoreData/OCKCDSource.swift (in target 'CareKitStore' from project 'CareKit')
    cd /Users/admin/builder/spi-builder-workspace/.swiftpm/xcode
    builtin-SwiftPerFileCompile OCKCDSource.swift
SwiftCompile normal arm64_32 /Users/admin/builder/spi-builder-workspace/.dependencies/checkouts/CareKit/CareKitStore/CareKitStore/CoreData/OCKCDSourceRevision.swift (in target 'CareKitStore' from project 'CareKit')
    cd /Users/admin/builder/spi-builder-workspace/.swiftpm/xcode
    builtin-SwiftPerFileCompile OCKCDSourceRevision.swift
SwiftCompile normal arm64_32 /Users/admin/builder/spi-builder-workspace/.dependencies/checkouts/CareKit/CareKitStore/CareKitStore/CoreData/OCKCDTag.swift (in target 'CareKitStore' from project 'CareKit')
    cd /Users/admin/builder/spi-builder-workspace/.swiftpm/xcode
    builtin-SwiftPerFileCompile OCKCDTag.swift
SwiftCompile normal arm64_32 /Users/admin/builder/spi-builder-workspace/.dependencies/checkouts/CareKit/CareKitStore/CareKitStore/CoreData/OCKCDTask.swift (in target 'CareKitStore' from project 'CareKit')
    cd /Users/admin/builder/spi-builder-workspace/.swiftpm/xcode
    builtin-SwiftPerFileCompile OCKCDTask.swift
SwiftCompile normal arm64_32 Compiling\ resource_bundle_accessor.swift,\ OCKStoreMigration2_0To2_1Policy.swift,\ OCKStoreMigration2_0To3_0Policy.swift,\ OCKStoreMigration2_1To3_0Policy.swift,\ OCKCDCarePlan.swift,\ OCKCDClock.swift,\ OCKCDContact.swift,\ OCKCDDevice.swift,\ OCKCDHealthKitLinkage.swift,\ OCKCDHealthKitTask.swift,\ OCKCDKnowledgeElement.swift,\ OCKCDNote.swift /Users/admin/builder/spi-builder-workspace/.derivedData/Build/Intermediates.noindex/CareKit.build/Debug-watchos/CareKitStore-t.build/DerivedSources/resource_bundle_accessor.swift /Users/admin/builder/spi-builder-workspace/.dependencies/checkouts/CareKit/CareKitStore/CareKitStore/CoreData/Migrations/2_0To2_1/OCKStoreMigration2_0To2_1Policy.swift /Users/admin/builder/spi-builder-workspace/.dependencies/checkouts/CareKit/CareKitStore/CareKitStore/CoreData/Migrations/2_0To3_0/OCKStoreMigration2_0To3_0Policy.swift /Users/admin/builder/spi-builder-workspace/.dependencies/checkouts/CareKit/CareKitStore/CareKitStore/CoreData/Migrations/2_1To3_0/OCKStoreMigration2_1To3_0Policy.swift /Users/admin/builder/spi-builder-workspace/.dependencies/checkouts/CareKit/CareKitStore/CareKitStore/CoreData/OCKCDCarePlan.swift /Users/admin/builder/spi-builder-workspace/.dependencies/checkouts/CareKit/CareKitStore/CareKitStore/CoreData/OCKCDClock.swift /Users/admin/builder/spi-builder-workspace/.dependencies/checkouts/CareKit/CareKitStore/CareKitStore/CoreData/OCKCDContact.swift /Users/admin/builder/spi-builder-workspace/.dependencies/checkouts/CareKit/CareKitStore/CareKitStore/CoreData/OCKCDDevice.swift /Users/admin/builder/spi-builder-workspace/.dependencies/checkouts/CareKit/CareKitStore/CareKitStore/CoreData/OCKCDHealthKitLinkage.swift /Users/admin/builder/spi-builder-workspace/.dependencies/checkouts/CareKit/CareKitStore/CareKitStore/CoreData/OCKCDHealthKitTask.swift /Users/admin/builder/spi-builder-workspace/.dependencies/checkouts/CareKit/CareKitStore/CareKitStore/CoreData/OCKCDKnowledgeElement.swift /Users/admin/builder/spi-builder-workspace/.dependencies/checkouts/CareKit/CareKitStore/CareKitStore/CoreData/OCKCDNote.swift (in target 'CareKitStore' from project 'CareKit')
SwiftCompile normal arm64_32 /Users/admin/builder/spi-builder-workspace/.derivedData/Build/Intermediates.noindex/CareKit.build/Debug-watchos/CareKitStore-t.build/DerivedSources/resource_bundle_accessor.swift (in target 'CareKitStore' from project 'CareKit')
    cd /Users/admin/builder/spi-builder-workspace/.swiftpm/xcode
    builtin-SwiftPerFileCompile resource_bundle_accessor.swift
SwiftCompile normal arm64_32 /Users/admin/builder/spi-builder-workspace/.dependencies/checkouts/CareKit/CareKitStore/CareKitStore/CoreData/Migrations/2_0To2_1/OCKStoreMigration2_0To2_1Policy.swift (in target 'CareKitStore' from project 'CareKit')
    cd /Users/admin/builder/spi-builder-workspace/.swiftpm/xcode
    builtin-SwiftPerFileCompile OCKStoreMigration2_0To2_1Policy.swift
SwiftCompile normal arm64_32 /Users/admin/builder/spi-builder-workspace/.dependencies/checkouts/CareKit/CareKitStore/CareKitStore/CoreData/Migrations/2_0To3_0/OCKStoreMigration2_0To3_0Policy.swift (in target 'CareKitStore' from project 'CareKit')
    cd /Users/admin/builder/spi-builder-workspace/.swiftpm/xcode
    builtin-SwiftPerFileCompile OCKStoreMigration2_0To3_0Policy.swift
SwiftCompile normal arm64_32 /Users/admin/builder/spi-builder-workspace/.dependencies/checkouts/CareKit/CareKitStore/CareKitStore/CoreData/Migrations/2_1To3_0/OCKStoreMigration2_1To3_0Policy.swift (in target 'CareKitStore' from project 'CareKit')
    cd /Users/admin/builder/spi-builder-workspace/.swiftpm/xcode
    builtin-SwiftPerFileCompile OCKStoreMigration2_1To3_0Policy.swift
SwiftCompile normal arm64_32 /Users/admin/builder/spi-builder-workspace/.dependencies/checkouts/CareKit/CareKitStore/CareKitStore/CoreData/OCKCDCarePlan.swift (in target 'CareKitStore' from project 'CareKit')
    cd /Users/admin/builder/spi-builder-workspace/.swiftpm/xcode
    builtin-SwiftPerFileCompile OCKCDCarePlan.swift
SwiftCompile normal arm64_32 /Users/admin/builder/spi-builder-workspace/.dependencies/checkouts/CareKit/CareKitStore/CareKitStore/CoreData/OCKCDClock.swift (in target 'CareKitStore' from project 'CareKit')
    cd /Users/admin/builder/spi-builder-workspace/.swiftpm/xcode
    builtin-SwiftPerFileCompile OCKCDClock.swift
SwiftCompile normal arm64_32 /Users/admin/builder/spi-builder-workspace/.dependencies/checkouts/CareKit/CareKitStore/CareKitStore/CoreData/OCKCDContact.swift (in target 'CareKitStore' from project 'CareKit')
    cd /Users/admin/builder/spi-builder-workspace/.swiftpm/xcode
    builtin-SwiftPerFileCompile OCKCDContact.swift
SwiftCompile normal arm64_32 /Users/admin/builder/spi-builder-workspace/.dependencies/checkouts/CareKit/CareKitStore/CareKitStore/CoreData/OCKCDDevice.swift (in target 'CareKitStore' from project 'CareKit')
    cd /Users/admin/builder/spi-builder-workspace/.swiftpm/xcode
    builtin-SwiftPerFileCompile OCKCDDevice.swift
SwiftCompile normal arm64_32 /Users/admin/builder/spi-builder-workspace/.dependencies/checkouts/CareKit/CareKitStore/CareKitStore/CoreData/OCKCDHealthKitLinkage.swift (in target 'CareKitStore' from project 'CareKit')
    cd /Users/admin/builder/spi-builder-workspace/.swiftpm/xcode
    builtin-SwiftPerFileCompile OCKCDHealthKitLinkage.swift
SwiftCompile normal arm64_32 /Users/admin/builder/spi-builder-workspace/.dependencies/checkouts/CareKit/CareKitStore/CareKitStore/CoreData/OCKCDHealthKitTask.swift (in target 'CareKitStore' from project 'CareKit')
    cd /Users/admin/builder/spi-builder-workspace/.swiftpm/xcode
    builtin-SwiftPerFileCompile OCKCDHealthKitTask.swift
SwiftCompile normal arm64_32 /Users/admin/builder/spi-builder-workspace/.dependencies/checkouts/CareKit/CareKitStore/CareKitStore/CoreData/OCKCDKnowledgeElement.swift (in target 'CareKitStore' from project 'CareKit')
    cd /Users/admin/builder/spi-builder-workspace/.swiftpm/xcode
    builtin-SwiftPerFileCompile OCKCDKnowledgeElement.swift
SwiftCompile normal arm64_32 /Users/admin/builder/spi-builder-workspace/.dependencies/checkouts/CareKit/CareKitStore/CareKitStore/CoreData/OCKCDNote.swift (in target 'CareKitStore' from project 'CareKit')
    cd /Users/admin/builder/spi-builder-workspace/.swiftpm/xcode
    builtin-SwiftPerFileCompile OCKCDNote.swift
SwiftEmitModule normal arm64_32 Emitting\ module\ for\ CareKitStore (in target 'CareKitStore' from project 'CareKit')
SwiftCompile normal arm64_32 (in target 'CareKitStore' from project 'CareKit')
    cd /Users/admin/builder/spi-builder-workspace/.swiftpm/xcode

SwiftEmitModule normal arm64 Emitting\ module\ for\ CareKitStore (in target 'CareKitStore' from project 'CareKit')
SwiftCompile normal arm64 (in target 'CareKitStore' from project 'CareKit')
    cd /Users/admin/builder/spi-builder-workspace/.swiftpm/xcode

SwiftCompile normal arm64 Compiling\ OCKCDOutcomeValue.swift,\ OCKCDPatient.swift,\ OCKCDPersonName.swift,\ OCKCDPostalAddress.swift,\ OCKCDScheduleElement.swift,\ OCKCDSource.swift,\ OCKCDSourceRevision.swift,\ OCKCDTag.swift,\ OCKCDTask.swift,\ OCKCDVersionedObject.swift,\ OCKStore+CarePlans.swift,\ OCKStore+Contacts.swift,\ OCKStore+HealthKit.swift,\ OCKStore+Outcomes.swift,\ OCKStore+Patients.swift /Users/admin/builder/spi-builder-workspace/.dependencies/checkouts/CareKit/CareKitStore/CareKitStore/CoreData/OCKCDOutcomeValue.swift /Users/admin/builder/spi-builder-workspace/.dependencies/checkouts/CareKit/CareKitStore/CareKitStore/CoreData/OCKCDPatient.swift /Users/admin/builder/spi-builder-workspace/.dependencies/checkouts/CareKit/CareKitStore/CareKitStore/CoreData/OCKCDPersonName.swift /Users/admin/builder/spi-builder-workspace/.dependencies/checkouts/CareKit/CareKitStore/CareKitStore/CoreData/OCKCDPostalAddress.swift /Users/admin/builder/spi-builder-workspace/.dependencies/checkouts/CareKit/CareKitStore/CareKitStore/CoreData/OCKCDScheduleElement.swift /Users/admin/builder/spi-builder-workspace/.dependencies/checkouts/CareKit/CareKitStore/CareKitStore/CoreData/OCKCDSource.swift /Users/admin/builder/spi-builder-workspace/.dependencies/checkouts/CareKit/CareKitStore/CareKitStore/CoreData/OCKCDSourceRevision.swift /Users/admin/builder/spi-builder-workspace/.dependencies/checkouts/CareKit/CareKitStore/CareKitStore/CoreData/OCKCDTag.swift /Users/admin/builder/spi-builder-workspace/.dependencies/checkouts/CareKit/CareKitStore/CareKitStore/CoreData/OCKCDTask.swift /Users/admin/builder/spi-builder-workspace/.dependencies/checkouts/CareKit/CareKitStore/CareKitStore/CoreData/OCKCDVersionedObject.swift /Users/admin/builder/spi-builder-workspace/.dependencies/checkouts/CareKit/CareKitStore/CareKitStore/CoreData/OCKStore+CarePlans.swift /Users/admin/builder/spi-builder-workspace/.dependencies/checkouts/CareKit/CareKitStore/CareKitStore/CoreData/OCKStore+Contacts.swift /Users/admin/builder/spi-builder-workspace/.dependencies/checkouts/CareKit/CareKitStore/CareKitStore/CoreData/OCKStore+HealthKit.swift /Users/admin/builder/spi-builder-workspace/.dependencies/checkouts/CareKit/CareKitStore/CareKitStore/CoreData/OCKStore+Outcomes.swift /Users/admin/builder/spi-builder-workspace/.dependencies/checkouts/CareKit/CareKitStore/CareKitStore/CoreData/OCKStore+Patients.swift (in target 'CareKitStore' from project 'CareKit')
SwiftCompile normal arm64 /Users/admin/builder/spi-builder-workspace/.dependencies/checkouts/CareKit/CareKitStore/CareKitStore/CoreData/OCKCDOutcomeValue.swift (in target 'CareKitStore' from project 'CareKit')
    cd /Users/admin/builder/spi-builder-workspace/.swiftpm/xcode
    builtin-SwiftPerFileCompile OCKCDOutcomeValue.swift
SwiftCompile normal arm64 /Users/admin/builder/spi-builder-workspace/.dependencies/checkouts/CareKit/CareKitStore/CareKitStore/CoreData/OCKCDPatient.swift (in target 'CareKitStore' from project 'CareKit')
    cd /Users/admin/builder/spi-builder-workspace/.swiftpm/xcode
    builtin-SwiftPerFileCompile OCKCDPatient.swift
SwiftCompile normal arm64 /Users/admin/builder/spi-builder-workspace/.dependencies/checkouts/CareKit/CareKitStore/CareKitStore/CoreData/OCKCDPersonName.swift (in target 'CareKitStore' from project 'CareKit')
    cd /Users/admin/builder/spi-builder-workspace/.swiftpm/xcode
    builtin-SwiftPerFileCompile OCKCDPersonName.swift
SwiftCompile normal arm64 /Users/admin/builder/spi-builder-workspace/.dependencies/checkouts/CareKit/CareKitStore/CareKitStore/CoreData/OCKCDPostalAddress.swift (in target 'CareKitStore' from project 'CareKit')
    cd /Users/admin/builder/spi-builder-workspace/.swiftpm/xcode
    builtin-SwiftPerFileCompile OCKCDPostalAddress.swift
SwiftCompile normal arm64 /Users/admin/builder/spi-builder-workspace/.dependencies/checkouts/CareKit/CareKitStore/CareKitStore/CoreData/OCKCDScheduleElement.swift (in target 'CareKitStore' from project 'CareKit')
    cd /Users/admin/builder/spi-builder-workspace/.swiftpm/xcode
    builtin-SwiftPerFileCompile OCKCDScheduleElement.swift
SwiftCompile normal arm64 /Users/admin/builder/spi-builder-workspace/.dependencies/checkouts/CareKit/CareKitStore/CareKitStore/CoreData/OCKCDSource.swift (in target 'CareKitStore' from project 'CareKit')
    cd /Users/admin/builder/spi-builder-workspace/.swiftpm/xcode
    builtin-SwiftPerFileCompile OCKCDSource.swift
SwiftCompile normal arm64 /Users/admin/builder/spi-builder-workspace/.dependencies/checkouts/CareKit/CareKitStore/CareKitStore/CoreData/OCKCDSourceRevision.swift (in target 'CareKitStore' from project 'CareKit')
    cd /Users/admin/builder/spi-builder-workspace/.swiftpm/xcode
    builtin-SwiftPerFileCompile OCKCDSourceRevision.swift
SwiftCompile normal arm64 /Users/admin/builder/spi-builder-workspace/.dependencies/checkouts/CareKit/CareKitStore/CareKitStore/CoreData/OCKCDTag.swift (in target 'CareKitStore' from project 'CareKit')
    cd /Users/admin/builder/spi-builder-workspace/.swiftpm/xcode
    builtin-SwiftPerFileCompile OCKCDTag.swift
SwiftCompile normal arm64 /Users/admin/builder/spi-builder-workspace/.dependencies/checkouts/CareKit/CareKitStore/CareKitStore/CoreData/OCKCDTask.swift (in target 'CareKitStore' from project 'CareKit')
    cd /Users/admin/builder/spi-builder-workspace/.swiftpm/xcode
    builtin-SwiftPerFileCompile OCKCDTask.swift
SwiftCompile normal arm64 /Users/admin/builder/spi-builder-workspace/.dependencies/checkouts/CareKit/CareKitStore/CareKitStore/CoreData/OCKCDVersionedObject.swift (in target 'CareKitStore' from project 'CareKit')
    cd /Users/admin/builder/spi-builder-workspace/.swiftpm/xcode
    builtin-SwiftPerFileCompile OCKCDVersionedObject.swift
SwiftCompile normal arm64 /Users/admin/builder/spi-builder-workspace/.dependencies/checkouts/CareKit/CareKitStore/CareKitStore/CoreData/OCKStore+CarePlans.swift (in target 'CareKitStore' from project 'CareKit')
    cd /Users/admin/builder/spi-builder-workspace/.swiftpm/xcode
    builtin-SwiftPerFileCompile OCKStore+CarePlans.swift
SwiftCompile normal arm64 /Users/admin/builder/spi-builder-workspace/.dependencies/checkouts/CareKit/CareKitStore/CareKitStore/CoreData/OCKStore+Contacts.swift (in target 'CareKitStore' from project 'CareKit')
    cd /Users/admin/builder/spi-builder-workspace/.swiftpm/xcode
    builtin-SwiftPerFileCompile OCKStore+Contacts.swift
SwiftCompile normal arm64 /Users/admin/builder/spi-builder-workspace/.dependencies/checkouts/CareKit/CareKitStore/CareKitStore/CoreData/OCKStore+HealthKit.swift (in target 'CareKitStore' from project 'CareKit')
    cd /Users/admin/builder/spi-builder-workspace/.swiftpm/xcode
    builtin-SwiftPerFileCompile OCKStore+HealthKit.swift
SwiftCompile normal arm64 /Users/admin/builder/spi-builder-workspace/.dependencies/checkouts/CareKit/CareKitStore/CareKitStore/CoreData/OCKStore+Outcomes.swift (in target 'CareKitStore' from project 'CareKit')
    cd /Users/admin/builder/spi-builder-workspace/.swiftpm/xcode
    builtin-SwiftPerFileCompile OCKStore+Outcomes.swift
SwiftCompile normal arm64 /Users/admin/builder/spi-builder-workspace/.dependencies/checkouts/CareKit/CareKitStore/CareKitStore/CoreData/OCKStore+Patients.swift (in target 'CareKitStore' from project 'CareKit')
    cd /Users/admin/builder/spi-builder-workspace/.swiftpm/xcode
    builtin-SwiftPerFileCompile OCKStore+Patients.swift
SwiftCompile normal arm64 Compiling\ OCKStore+Tasks.swift,\ OCKStore+Transactions.swift,\ OCKStore.swift,\ OCKRemoteSynchronizable.swift,\ OCKRevisionRecord.swift,\ OCKStore+Synchronization.swift,\ OCKWatchConnectivityPeer.swift,\ OCKDevice.swift,\ OCKHealthKitOutcome.swift,\ OCKHealthKitPassthroughStore+EventUtilities.swift,\ OCKHealthKitPassthroughStore+EventsStream.swift,\ OCKHealthKitPassthroughStore+FetchEvents.swift,\ OCKHealthKitPassthroughStore+FetchOutcomes.swift,\ OCKHealthKitPassthroughStore+OutcomesStream.swift,\ OCKHealthKitPassthroughStore.swift /Users/admin/builder/spi-builder-workspace/.dependencies/checkouts/CareKit/CareKitStore/CareKitStore/CoreData/OCKStore+Tasks.swift /Users/admin/builder/spi-builder-workspace/.dependencies/checkouts/CareKit/CareKitStore/CareKitStore/CoreData/OCKStore+Transactions.swift /Users/admin/builder/spi-builder-workspace/.dependencies/checkouts/CareKit/CareKitStore/CareKitStore/CoreData/OCKStore.swift /Users/admin/builder/spi-builder-workspace/.dependencies/checkouts/CareKit/CareKitStore/CareKitStore/CoreData/Synchronization/OCKRemoteSynchronizable.swift /Users/admin/builder/spi-builder-workspace/.dependencies/checkouts/CareKit/CareKitStore/CareKitStore/CoreData/Synchronization/OCKRevisionRecord.swift /Users/admin/builder/spi-builder-workspace/.dependencies/checkouts/CareKit/CareKitStore/CareKitStore/CoreData/Synchronization/OCKStore+Synchronization.swift /Users/admin/builder/spi-builder-workspace/.dependencies/checkouts/CareKit/CareKitStore/CareKitStore/CoreData/Synchronization/OCKWatchConnectivityPeer.swift /Users/admin/builder/spi-builder-workspace/.dependencies/checkouts/CareKit/CareKitStore/CareKitStore/HealthKit/OCKDevice.swift /Users/admin/builder/spi-builder-workspace/.dependencies/checkouts/CareKit/CareKitStore/CareKitStore/HealthKit/OCKHealthKitOutcome.swift /Users/admin/builder/spi-builder-workspace/.dependencies/checkouts/CareKit/CareKitStore/CareKitStore/HealthKit/OCKHealthKitPassthroughStore+EventUtilities.swift /Users/admin/builder/spi-builder-workspace/.dependencies/checkouts/CareKit/CareKitStore/CareKitStore/HealthKit/OCKHealthKitPassthroughStore+EventsStream.swift /Users/admin/builder/spi-builder-workspace/.dependencies/checkouts/CareKit/CareKitStore/CareKitStore/HealthKit/OCKHealthKitPassthroughStore+FetchEvents.swift /Users/admin/builder/spi-builder-workspace/.dependencies/checkouts/CareKit/CareKitStore/CareKitStore/HealthKit/OCKHealthKitPassthroughStore+FetchOutcomes.swift /Users/admin/builder/spi-builder-workspace/.dependencies/checkouts/CareKit/CareKitStore/CareKitStore/HealthKit/OCKHealthKitPassthroughStore+OutcomesStream.swift /Users/admin/builder/spi-builder-workspace/.dependencies/checkouts/CareKit/CareKitStore/CareKitStore/HealthKit/OCKHealthKitPassthroughStore.swift (in target 'CareKitStore' from project 'CareKit')
SwiftCompile normal arm64 /Users/admin/builder/spi-builder-workspace/.dependencies/checkouts/CareKit/CareKitStore/CareKitStore/CoreData/OCKStore+Tasks.swift (in target 'CareKitStore' from project 'CareKit')
    cd /Users/admin/builder/spi-builder-workspace/.swiftpm/xcode
    builtin-SwiftPerFileCompile OCKStore+Tasks.swift
SwiftCompile normal arm64 /Users/admin/builder/spi-builder-workspace/.dependencies/checkouts/CareKit/CareKitStore/CareKitStore/CoreData/OCKStore+Transactions.swift (in target 'CareKitStore' from project 'CareKit')
    cd /Users/admin/builder/spi-builder-workspace/.swiftpm/xcode
    builtin-SwiftPerFileCompile OCKStore+Transactions.swift
SwiftCompile normal arm64 /Users/admin/builder/spi-builder-workspace/.dependencies/checkouts/CareKit/CareKitStore/CareKitStore/CoreData/OCKStore.swift (in target 'CareKitStore' from project 'CareKit')
    cd /Users/admin/builder/spi-builder-workspace/.swiftpm/xcode
    builtin-SwiftPerFileCompile OCKStore.swift
SwiftCompile normal arm64 /Users/admin/builder/spi-builder-workspace/.dependencies/checkouts/CareKit/CareKitStore/CareKitStore/CoreData/Synchronization/OCKRemoteSynchronizable.swift (in target 'CareKitStore' from project 'CareKit')
    cd /Users/admin/builder/spi-builder-workspace/.swiftpm/xcode
    builtin-SwiftPerFileCompile OCKRemoteSynchronizable.swift
SwiftCompile normal arm64 /Users/admin/builder/spi-builder-workspace/.dependencies/checkouts/CareKit/CareKitStore/CareKitStore/CoreData/Synchronization/OCKRevisionRecord.swift (in target 'CareKitStore' from project 'CareKit')
    cd /Users/admin/builder/spi-builder-workspace/.swiftpm/xcode
    builtin-SwiftPerFileCompile OCKRevisionRecord.swift
SwiftCompile normal arm64 /Users/admin/builder/spi-builder-workspace/.dependencies/checkouts/CareKit/CareKitStore/CareKitStore/CoreData/Synchronization/OCKStore+Synchronization.swift (in target 'CareKitStore' from project 'CareKit')
    cd /Users/admin/builder/spi-builder-workspace/.swiftpm/xcode
    builtin-SwiftPerFileCompile OCKStore+Synchronization.swift
SwiftCompile normal arm64 /Users/admin/builder/spi-builder-workspace/.dependencies/checkouts/CareKit/CareKitStore/CareKitStore/CoreData/Synchronization/OCKWatchConnectivityPeer.swift (in target 'CareKitStore' from project 'CareKit')
    cd /Users/admin/builder/spi-builder-workspace/.swiftpm/xcode
    builtin-SwiftPerFileCompile OCKWatchConnectivityPeer.swift
SwiftCompile normal arm64 /Users/admin/builder/spi-builder-workspace/.dependencies/checkouts/CareKit/CareKitStore/CareKitStore/HealthKit/OCKDevice.swift (in target 'CareKitStore' from project 'CareKit')
    cd /Users/admin/builder/spi-builder-workspace/.swiftpm/xcode
    builtin-SwiftPerFileCompile OCKDevice.swift
SwiftCompile normal arm64 /Users/admin/builder/spi-builder-workspace/.dependencies/checkouts/CareKit/CareKitStore/CareKitStore/HealthKit/OCKHealthKitOutcome.swift (in target 'CareKitStore' from project 'CareKit')
    cd /Users/admin/builder/spi-builder-workspace/.swiftpm/xcode
    builtin-SwiftPerFileCompile OCKHealthKitOutcome.swift
SwiftCompile normal arm64 /Users/admin/builder/spi-builder-workspace/.dependencies/checkouts/CareKit/CareKitStore/CareKitStore/HealthKit/OCKHealthKitPassthroughStore+EventUtilities.swift (in target 'CareKitStore' from project 'CareKit')
    cd /Users/admin/builder/spi-builder-workspace/.swiftpm/xcode
    builtin-SwiftPerFileCompile OCKHealthKitPassthroughStore+EventUtilities.swift
SwiftCompile normal arm64 /Users/admin/builder/spi-builder-workspace/.dependencies/checkouts/CareKit/CareKitStore/CareKitStore/HealthKit/OCKHealthKitPassthroughStore+EventsStream.swift (in target 'CareKitStore' from project 'CareKit')
    cd /Users/admin/builder/spi-builder-workspace/.swiftpm/xcode
    builtin-SwiftPerFileCompile OCKHealthKitPassthroughStore+EventsStream.swift
SwiftCompile normal arm64 /Users/admin/builder/spi-builder-workspace/.dependencies/checkouts/CareKit/CareKitStore/CareKitStore/HealthKit/OCKHealthKitPassthroughStore+FetchEvents.swift (in target 'CareKitStore' from project 'CareKit')
    cd /Users/admin/builder/spi-builder-workspace/.swiftpm/xcode
    builtin-SwiftPerFileCompile OCKHealthKitPassthroughStore+FetchEvents.swift
SwiftCompile normal arm64 /Users/admin/builder/spi-builder-workspace/.dependencies/checkouts/CareKit/CareKitStore/CareKitStore/HealthKit/OCKHealthKitPassthroughStore+FetchOutcomes.swift (in target 'CareKitStore' from project 'CareKit')
    cd /Users/admin/builder/spi-builder-workspace/.swiftpm/xcode
    builtin-SwiftPerFileCompile OCKHealthKitPassthroughStore+FetchOutcomes.swift
SwiftCompile normal arm64 /Users/admin/builder/spi-builder-workspace/.dependencies/checkouts/CareKit/CareKitStore/CareKitStore/HealthKit/OCKHealthKitPassthroughStore+OutcomesStream.swift (in target 'CareKitStore' from project 'CareKit')
    cd /Users/admin/builder/spi-builder-workspace/.swiftpm/xcode
    builtin-SwiftPerFileCompile OCKHealthKitPassthroughStore+OutcomesStream.swift
SwiftCompile normal arm64 /Users/admin/builder/spi-builder-workspace/.dependencies/checkouts/CareKit/CareKitStore/CareKitStore/HealthKit/OCKHealthKitPassthroughStore.swift (in target 'CareKitStore' from project 'CareKit')
    cd /Users/admin/builder/spi-builder-workspace/.swiftpm/xcode
    builtin-SwiftPerFileCompile OCKHealthKitPassthroughStore.swift
SwiftCompile normal arm64 Compiling\ OCKAnyVersionableTask.swift,\ OCKTaskStore.swift,\ Mutex+Extension.swift,\ OCKAdherenceAggregator.swift,\ OCKCarePlanStoreDelegate.swift,\ OCKContactStoreDelegate.swift,\ OCKEventAggregator.swift,\ OCKOutcomeStoreDelegate.swift,\ OCKPatientStoreDelegate.swift,\ OCKTaskStoreDelegate.swift,\ OCKPersistentStoreCoordinator+CarePlans.swift,\ OCKPersistentStoreCoordinator+Contacts.swift,\ OCKPersistentStoreCoordinator+Events.swift,\ OCKPersistentStoreCoordinator+Outcomes.swift /Users/admin/builder/spi-builder-workspace/.dependencies/checkouts/CareKit/CareKitStore/CareKitStore/Protocols/Tasks/OCKAnyVersionableTask.swift /Users/admin/builder/spi-builder-workspace/.dependencies/checkouts/CareKit/CareKitStore/CareKitStore/Protocols/Tasks/OCKTaskStore.swift /Users/admin/builder/spi-builder-workspace/.dependencies/checkouts/CareKit/CareKitStore/CareKitStore/Shared/Extensions/Mutex+Extension.swift /Users/admin/builder/spi-builder-workspace/.dependencies/checkouts/CareKit/CareKitStore/CareKitStore/Stale/OCKAdherenceAggregator.swift /Users/admin/builder/spi-builder-workspace/.dependencies/checkouts/CareKit/CareKitStore/CareKitStore/Stale/OCKCarePlanStoreDelegate.swift /Users/admin/builder/spi-builder-workspace/.dependencies/checkouts/CareKit/CareKitStore/CareKitStore/Stale/OCKContactStoreDelegate.swift /Users/admin/builder/spi-builder-workspace/.dependencies/checkouts/CareKit/CareKitStore/CareKitStore/Stale/OCKEventAggregator.swift /Users/admin/builder/spi-builder-workspace/.dependencies/checkouts/CareKit/CareKitStore/CareKitStore/Stale/OCKOutcomeStoreDelegate.swift /Users/admin/builder/spi-builder-workspace/.dependencies/checkouts/CareKit/CareKitStore/CareKitStore/Stale/OCKPatientStoreDelegate.swift /Users/admin/builder/spi-builder-workspace/.dependencies/checkouts/CareKit/CareKitStore/CareKitStore/Stale/OCKTaskStoreDelegate.swift /Users/admin/builder/spi-builder-workspace/.dependencies/checkouts/CareKit/CareKitStore/CareKitStore/StoreCoordinator/OCKPersistentStoreCoordinator+CarePlans.swift /Users/admin/builder/spi-builder-workspace/.dependencies/checkouts/CareKit/CareKitStore/CareKitStore/StoreCoordinator/OCKPersistentStoreCoordinator+Contacts.swift /Users/admin/builder/spi-builder-workspace/.dependencies/checkouts/CareKit/CareKitStore/CareKitStore/StoreCoordinator/OCKPersistentStoreCoordinator+Events.swift /Users/admin/builder/spi-builder-workspace/.dependencies/checkouts/CareKit/CareKitStore/CareKitStore/StoreCoordinator/OCKPersistentStoreCoordinator+Outcomes.swift (in target 'CareKitStore' from project 'CareKit')
/Users/admin/builder/spi-builder-workspace/.dependencies/checkouts/CareKit/CareKitStore/CareKitStore/StoreCoordinator/OCKPersistentStoreCoordinator+Events.swift:106:32: error: sending 'respondingStore' risks causing data races [#RegionIsolation::SendingRisksDataRace]
104 |                         break
105 |                     case .success:
106 |                         assert(respondingStore == nil, "Two stores should never contain tasks with the same id!")
    |                                |- error: sending 'respondingStore' risks causing data races [#RegionIsolation::SendingRisksDataRace]
    |                                `- note: main actor-isolated closure captures reference to mutable 'respondingStore' which remains modifiable by code in the current isolation context
107 |                         respondingStore = store
108 |                     }
[#RegionIsolation]: <https://docs.swift.org/compiler/documentation/diagnostics/region-isolation>
[#SendingRisksDataRace]: <https://docs.swift.org/compiler/documentation/diagnostics/sending-risks-data-race>
Failed frontend command:
/Applications/Xcode-27.0.0-Release.Candidate.app/Contents/Developer/Toolchains/XcodeDefault.xctoolchain/usr/bin/swift-frontend -frontend -c -filelist /Users/admin/builder/spi-builder-workspace/.derivedData/Build/Intermediates.noindex/CareKit.build/Debug-watchos/CareKitStore-t.build/Objects-normal/arm64/sources-1 -primary-file /Users/admin/builder/spi-builder-workspace/.dependencies/checkouts/CareKit/CareKitStore/CareKitStore/Protocols/Tasks/OCKAnyVersionableTask.swift -primary-file /Users/admin/builder/spi-builder-workspace/.dependencies/checkouts/CareKit/CareKitStore/CareKitStore/Protocols/Tasks/OCKTaskStore.swift -primary-file /Users/admin/builder/spi-builder-workspace/.dependencies/checkouts/CareKit/CareKitStore/CareKitStore/Shared/Extensions/Mutex+Extension.swift -primary-file /Users/admin/builder/spi-builder-workspace/.dependencies/checkouts/CareKit/CareKitStore/CareKitStore/Stale/OCKAdherenceAggregator.swift -primary-file /Users/admin/builder/spi-builder-workspace/.dependencies/checkouts/CareKit/CareKitStore/CareKitStore/Stale/OCKCarePlanStoreDelegate.swift -primary-file /Users/admin/builder/spi-builder-workspace/.dependencies/checkouts/CareKit/CareKitStore/CareKitStore/Stale/OCKContactStoreDelegate.swift -primary-file /Users/admin/builder/spi-builder-workspace/.dependencies/checkouts/CareKit/CareKitStore/CareKitStore/Stale/OCKEventAggregator.swift -primary-file /Users/admin/builder/spi-builder-workspace/.dependencies/checkouts/CareKit/CareKitStore/CareKitStore/Stale/OCKOutcomeStoreDelegate.swift -primary-file /Users/admin/builder/spi-builder-workspace/.dependencies/checkouts/CareKit/CareKitStore/CareKitStore/Stale/OCKPatientStoreDelegate.swift -primary-file /Users/admin/builder/spi-builder-workspace/.dependencies/checkouts/CareKit/CareKitStore/CareKitStore/Stale/OCKTaskStoreDelegate.swift -primary-file /Users/admin/builder/spi-builder-workspace/.dependencies/checkouts/CareKit/CareKitStore/CareKitStore/StoreCoordinator/OCKPersistentStoreCoordinator+CarePlans.swift -primary-file /Users/admin/builder/spi-builder-workspace/.dependencies/checkouts/CareKit/CareKitStore/CareKitStore/StoreCoordinator/OCKPersistentStoreCoordinator+Contacts.swift -primary-file /Users/admin/builder/spi-builder-workspace/.dependencies/checkouts/CareKit/CareKitStore/CareKitStore/StoreCoordinator/OCKPersistentStoreCoordinator+Events.swift -primary-file /Users/admin/builder/spi-builder-workspace/.dependencies/checkouts/CareKit/CareKitStore/CareKitStore/StoreCoordinator/OCKPersistentStoreCoordinator+Outcomes.swift -supplementary-output-file-map /Users/admin/builder/spi-builder-workspace/.derivedData/Build/Intermediates.noindex/CareKit.build/Debug-watchos/CareKitStore-t.build/Objects-normal/arm64/supplementaryOutputs-13 -emit-localized-strings -emit-localized-strings-path /Users/admin/builder/spi-builder-workspace/.derivedData/Build/Intermediates.noindex/CareKit.build/Debug-watchos/CareKitStore-t.build/Objects-normal/arm64 -target arm64-apple-watchos11.0 -module-can-import-version WatchConnectivity 224.100.1 224.100.1 -disable-cross-import-overlay-search -swift-module-cross-import Contacts /Applications/Xcode-27.0.0-Release.Candidate.app/Contents/Developer/Platforms/WatchOS.platform/Developer/SDKs/WatchOS.sdk/System/Library/Frameworks/Contacts.framework/Modules/Contacts.swiftcrossimport/AppIntents.swiftoverlay -swift-module-cross-import Contacts /Applications/Xcode-27.0.0-Release.Candidate.app/Contents/Developer/Platforms/WatchOS.platform/Developer/SDKs/WatchOS27.0.sdk/System/Library/Frameworks/Contacts.framework/Modules/Contacts.swiftcrossimport/AppIntents.swiftoverlay -swift-module-cross-import CoreData /Applications/Xcode-27.0.0-Release.Candidate.app/Contents/Developer/Platforms/WatchOS.platform/Developer/SDKs/WatchOS.sdk/System/Library/Frameworks/CoreData.framework/Modules/CoreData.swiftcrossimport/CloudKit.swiftoverlay -swift-module-cross-import CoreData /Applications/Xcode-27.0.0-Release.Candidate.app/Contents/Developer/Platforms/WatchOS.platform/Developer/SDKs/WatchOS27.0.sdk/System/Library/Frameworks/CoreData.framework/Modules/CoreData.swiftcrossimport/CloudKit.swiftoverlay -load-resolved-plugin /Applications/Xcode-27.0.0-Release.Candidate.app/Contents/Developer/Platforms/WatchOS.platform/Developer/usr/lib/swift/host/plugins/libFoundationMacros.dylib\#/Applications/Xcode-27.0.0-Release.Candidate.app/Contents/Developer/Platforms/WatchOS.platform/Developer/usr/bin/swift-plugin-server\#FoundationMacros -load-resolved-plugin /Applications/Xcode-27.0.0-Release.Candidate.app/Contents/Developer/Platforms/WatchOS.platform/Developer/usr/lib/swift/host/plugins/libObservationMacros.dylib\#/Applications/Xcode-27.0.0-Release.Candidate.app/Contents/Developer/Platforms/WatchOS.platform/Developer/usr/bin/swift-plugin-server\#ObservationMacros -load-resolved-plugin /Applications/Xcode-27.0.0-Release.Candidate.app/Contents/Developer/Platforms/WatchOS.platform/Developer/usr/lib/swift/host/plugins/libSwiftMacros.dylib\#/Applications/Xcode-27.0.0-Release.Candidate.app/Contents/Developer/Platforms/WatchOS.platform/Developer/usr/bin/swift-plugin-server\#SwiftMacros -disable-implicit-swift-modules -Xcc -fno-implicit-modules -Xcc -fno-implicit-module-maps -explicit-swift-module-map-file /Users/admin/builder/spi-builder-workspace/.derivedData/Build/Intermediates.noindex/CareKit.build/Debug-watchos/CareKitStore-t.build/Objects-normal/arm64/CareKitStore-dependencies-2.json -Xllvm -aarch64-use-tbi -enable-objc-interop -stack-check -sdk /Applications/Xcode-27.0.0-Release.Candidate.app/Contents/Developer/Platforms/WatchOS.platform/Developer/SDKs/WatchOS27.0.sdk -I /Users/admin/builder/spi-builder-workspace/.derivedData/Build/Products/Debug-watchos -Isystem /Applications/Xcode-27.0.0-Release.Candidate.app/Contents/Developer/Platforms/WatchOS.platform/Developer/usr/lib -F /Users/admin/builder/spi-builder-workspace/.derivedData/Build/Products/Debug-watchos/PackageFrameworks -F /Users/admin/builder/spi-builder-workspace/.derivedData/Build/Products/Debug-watchos -F /Applications/Xcode-27.0.0-Release.Candidate.app/Contents/Developer/Platforms/WatchOS.platform/Developer/Library/Frameworks -F /Applications/Xcode-27.0.0-Release.Candidate.app/Contents/Developer/Platforms/WatchOS.platform/Developer/SDKs/WatchOS27.0.sdk/Developer/Library/Frameworks -module-cache-path /Users/admin/builder/spi-builder-workspace/.derivedData/Build/Intermediates.noindex/SwiftExplicitPrecompiledModules -no-color-diagnostics -Xcc -fno-color-diagnostics -enable-testing -g -debug-info-format\=dwarf -dwarf-version\=5 -suppress-warnings -profile-generate -profile-coverage-mapping -swift-version 6 -Onone -D SWIFT_PACKAGE -D DEBUG -D SWIFT_MODULE_RESOURCE_BUNDLE_AVAILABLE -D Xcode -serialize-debugging-options -enable-upcoming-feature SWIFT_UPCOMING_FEATURE_CONCISE_MAGIC_FILE -enable-upcoming-feature SWIFT_UPCOMING_FEATURE_DEPRECATE_APPLICATION_MAIN -enable-upcoming-feature SWIFT_UPCOMING_FEATURE_DISABLE_OUTWARD_ACTOR_ISOLATION -enable-upcoming-feature SWIFT_UPCOMING_FEATURE_DYNAMIC_ACTOR_ISOLATION -enable-upcoming-feature SWIFT_UPCOMING_FEATURE_FORWARD_TRAILING_CLOSURES -enable-upcoming-feature SWIFT_UPCOMING_FEATURE_GLOBAL_ACTOR_ISOLATED_TYPES_USABILITY -enable-upcoming-feature SWIFT_UPCOMING_FEATURE_IMPLICIT_OPEN_EXISTENTIALS -enable-upcoming-feature SWIFT_UPCOMING_FEATURE_IMPORT_OBJC_FORWARD_DECLS -enable-upcoming-feature SWIFT_UPCOMING_FEATURE_INFER_SENDABLE_FROM_CAPTURES -enable-upcoming-feature SWIFT_UPCOMING_FEATURE_ISOLATED_DEFAULT_VALUES -enable-upcoming-feature SWIFT_UPCOMING_FEATURE_GLOBAL_CONCURRENCY -enable-upcoming-feature SWIFT_UPCOMING_FEATURE_NONFROZEN_ENUM_EXHAUSTIVITY -enable-upcoming-feature SWIFT_UPCOMING_FEATURE_REGION_BASED_ISOLATION -enable-experimental-feature StrictConcurrency\=complete -enable-experimental-feature DebugDescriptionMacro -empty-abi-descriptor -user-module-version 4.0.10 -validate-clang-modules-once -clang-build-session-file /Users/admin/builder/spi-builder-workspace/.derivedData/ModuleCache.noindex/Session.modulevalidation -Xcc -working-directory -Xcc /Users/admin/builder/spi-builder-workspace/.swiftpm/xcode -enable-anonymous-context-mangled-names -file-compilation-dir /Users/admin/builder/spi-builder-workspace/.swiftpm/xcode -Xcc -D_LIBCPP_HARDENING_MODE\=_LIBCPP_HARDENING_MODE_DEBUG -Xcc -ivfsstatcache -Xcc /Users/admin/builder/spi-builder-workspace/.derivedData/SDKStatCaches.noindex/watchos27.0-24R360-e829b21a6f8c9b70876ba0858053c04477534ef55a1706bf4c1112bbb242f0a2.sdkstatcache -Xcc -fmodules-prune-interval\=86400 -Xcc -fmodules-prune-after\=345600 -Xcc -I/Users/admin/builder/spi-builder-workspace/.derivedData/Build/Products/Debug-watchos/include -Xcc -I/Users/admin/builder/spi-builder-workspace/.derivedData/Build/Intermediates.noindex/CareKit.build/Debug-watchos/CareKitStore-t.build/DerivedSources-normal/arm64 -Xcc -I/Users/admin/builder/spi-builder-workspace/.derivedData/Build/Intermediates.noindex/CareKit.build/Debug-watchos/CareKitStore-t.build/DerivedSources/arm64 -Xcc -I/Users/admin/builder/spi-builder-workspace/.derivedData/Build/Intermediates.noindex/CareKit.build/Debug-watchos/CareKitStore-t.build/DerivedSources -Xcc -DSWIFT_PACKAGE -Xcc -DDEBUG\=1 -no-auto-bridging-header-chaining -module-name CareKitStore -package-name carekit -const-gather-protocols-file /Users/admin/builder/spi-builder-workspace/.derivedData/Build/Intermediates.noindex/CareKit.build/Debug-watchos/CareKitStore-t.build/Objects-normal/arm64/CareKitStore_const_extract_protocols.json -disable-clang-spi -clang-target arm64-apple-watchos27.0 -target-sdk-version 27.0 -target-sdk-name watchos27.0 -in-process-plugin-server-path /Applications/Xcode-27.0.0-Release.Candidate.app/Contents/Developer/Toolchains/XcodeDefault.xctoolchain/usr/lib/swift/host/libSwiftInProcPluginServer.dylib -parse-as-library -o /Users/admin/builder/spi-builder-workspace/.derivedData/Build/Intermediates.noindex/CareKit.build/Debug-watchos/CareKitStore-t.build/Objects-normal/arm64/OCKAnyVersionableTask.o -o /Users/admin/builder/spi-builder-workspace/.derivedData/Build/Intermediates.noindex/CareKit.build/Debug-watchos/CareKitStore-t.build/Objects-normal/arm64/OCKTaskStore.o -o /Users/admin/builder/spi-builder-workspace/.derivedData/Build/Intermediates.noindex/CareKit.build/Debug-watchos/CareKitStore-t.build/Objects-normal/arm64/Mutex+Extension.o -o /Users/admin/builder/spi-builder-workspace/.derivedData/Build/Intermediates.noindex/CareKit.build/Debug-watchos/CareKitStore-t.build/Objects-normal/arm64/OCKAdherenceAggregator.o -o /Users/admin/builder/spi-builder-workspace/.derivedData/Build/Intermediates.noindex/CareKit.build/Debug-watchos/CareKitStore-t.build/Objects-normal/arm64/OCKCarePlanStoreDelegate.o -o /Users/admin/builder/spi-builder-workspace/.derivedData/Build/Intermediates.noindex/CareKit.build/Debug-watchos/CareKitStore-t.build/Objects-normal/arm64/OCKContactStoreDelegate.o -o /Users/admin/builder/spi-builder-workspace/.derivedData/Build/Intermediates.noindex/CareKit.build/Debug-watchos/CareKitStore-t.build/Objects-normal/arm64/OCKEventAggregator.o -o /Users/admin/builder/spi-builder-workspace/.derivedData/Build/Intermediates.noindex/CareKit.build/Debug-watchos/CareKitStore-t.build/Objects-normal/arm64/OCKOutcomeStoreDelegate.o -o /Users/admin/builder/spi-builder-workspace/.derivedData/Build/Intermediates.noindex/CareKit.build/Debug-watchos/CareKitStore-t.build/Objects-normal/arm64/OCKPatientStoreDelegate.o -o /Users/admin/builder/spi-builder-workspace/.derivedData/Build/Intermediates.noindex/CareKit.build/Debug-watchos/CareKitStore-t.build/Objects-normal/arm64/OCKTaskStoreDelegate.o -o /Users/admin/builder/spi-builder-workspace/.derivedData/Build/Intermediates.noindex/CareKit.build/Debug-watchos/CareKitStore-t.build/Objects-normal/arm64/OCKPersistentStoreCoordinator+CarePlans.o -o /Users/admin/builder/spi-builder-workspace/.derivedData/Build/Intermediates.noindex/CareKit.build/Debug-watchos/CareKitStore-t.build/Objects-normal/arm64/OCKPersistentStoreCoordinator+Contacts.o -o /Users/admin/builder/spi-builder-workspace/.derivedData/Build/Intermediates.noindex/CareKit.build/Debug-watchos/CareKitStore-t.build/Objects-normal/arm64/OCKPersistentStoreCoordinator+Events.o -o /Users/admin/builder/spi-builder-workspace/.derivedData/Build/Intermediates.noindex/CareKit.build/Debug-watchos/CareKitStore-t.build/Objects-normal/arm64/OCKPersistentStoreCoordinator+Outcomes.o -debug-module-path /Users/admin/builder/spi-builder-workspace/.derivedData/Build/Intermediates.noindex/CareKit.build/Debug-watchos/CareKitStore-t.build/Objects-normal/arm64/CareKitStore.swiftmodule -index-unit-output-path /CareKit.build/Debug-watchos/CareKitStore-t.build/Objects-normal/arm64/OCKAnyVersionableTask.o -index-unit-output-path /CareKit.build/Debug-watchos/CareKitStore-t.build/Objects-normal/arm64/OCKTaskStore.o -index-unit-output-path /CareKit.build/Debug-watchos/CareKitStore-t.build/Objects-normal/arm64/Mutex+Extension.o -index-unit-output-path /CareKit.build/Debug-watchos/CareKitStore-t.build/Objects-normal/arm64/OCKAdherenceAggregator.o -index-unit-output-path /CareKit.build/Debug-watchos/CareKitStore-t.build/Objects-normal/arm64/OCKCarePlanStoreDelegate.o -index-unit-output-path /CareKit.build/Debug-watchos/CareKitStore-t.build/Objects-normal/arm64/OCKContactStoreDelegate.o -index-unit-output-path /CareKit.build/Debug-watchos/CareKitStore-t.build/Objects-normal/arm64/OCKEventAggregator.o -index-unit-output-path /CareKit.build/Debug-watchos/CareKitStore-t.build/Objects-normal/arm64/OCKOutcomeStoreDelegate.o -index-unit-output-path /CareKit.build/Debug-watchos/CareKitStore-t.build/Objects-normal/arm64/OCKPatientStoreDelegate.o -index-unit-output-path /CareKit.build/Debug-watchos/CareKitStore-t.build/Objects-normal/arm64/OCKTaskStoreDelegate.o -index-unit-output-path /CareKit.build/Debug-watchos/CareKitStore-t.build/Objects-normal/arm64/OCKPersistentStoreCoordinator+CarePlans.o -index-unit-output-path /CareKit.build/Debug-watchos/CareKitStore-t.build/Objects-normal/arm64/OCKPersistentStoreCoordinator+Contacts.o -index-unit-output-path /CareKit.build/Debug-watchos/CareKitStore-t.build/Objects-normal/arm64/OCKPersistentStoreCoordinator+Events.o -index-unit-output-path /CareKit.build/Debug-watchos/CareKitStore-t.build/Objects-normal/arm64/OCKPersistentStoreCoordinator+Outcomes.o -index-store-path /Users/admin/builder/spi-builder-workspace/.derivedData/Index.noindex/DataStore -index-system-modules
SwiftCompile normal arm64 /Users/admin/builder/spi-builder-workspace/.dependencies/checkouts/CareKit/CareKitStore/CareKitStore/Protocols/Tasks/OCKAnyVersionableTask.swift (in target 'CareKitStore' from project 'CareKit')
    cd /Users/admin/builder/spi-builder-workspace/.swiftpm/xcode
    builtin-SwiftPerFileCompile OCKAnyVersionableTask.swift
SwiftCompile normal arm64 /Users/admin/builder/spi-builder-workspace/.dependencies/checkouts/CareKit/CareKitStore/CareKitStore/Protocols/Tasks/OCKTaskStore.swift (in target 'CareKitStore' from project 'CareKit')
    cd /Users/admin/builder/spi-builder-workspace/.swiftpm/xcode
    builtin-SwiftPerFileCompile OCKTaskStore.swift
SwiftCompile normal arm64 /Users/admin/builder/spi-builder-workspace/.dependencies/checkouts/CareKit/CareKitStore/CareKitStore/Shared/Extensions/Mutex+Extension.swift (in target 'CareKitStore' from project 'CareKit')
    cd /Users/admin/builder/spi-builder-workspace/.swiftpm/xcode
    builtin-SwiftPerFileCompile Mutex+Extension.swift
SwiftCompile normal arm64 /Users/admin/builder/spi-builder-workspace/.dependencies/checkouts/CareKit/CareKitStore/CareKitStore/Stale/OCKAdherenceAggregator.swift (in target 'CareKitStore' from project 'CareKit')
    cd /Users/admin/builder/spi-builder-workspace/.swiftpm/xcode
    builtin-SwiftPerFileCompile OCKAdherenceAggregator.swift
SwiftCompile normal arm64 /Users/admin/builder/spi-builder-workspace/.dependencies/checkouts/CareKit/CareKitStore/CareKitStore/Stale/OCKCarePlanStoreDelegate.swift (in target 'CareKitStore' from project 'CareKit')
    cd /Users/admin/builder/spi-builder-workspace/.swiftpm/xcode
    builtin-SwiftPerFileCompile OCKCarePlanStoreDelegate.swift
SwiftCompile normal arm64 /Users/admin/builder/spi-builder-workspace/.dependencies/checkouts/CareKit/CareKitStore/CareKitStore/Stale/OCKContactStoreDelegate.swift (in target 'CareKitStore' from project 'CareKit')
    cd /Users/admin/builder/spi-builder-workspace/.swiftpm/xcode
    builtin-SwiftPerFileCompile OCKContactStoreDelegate.swift
SwiftCompile normal arm64 /Users/admin/builder/spi-builder-workspace/.dependencies/checkouts/CareKit/CareKitStore/CareKitStore/Stale/OCKEventAggregator.swift (in target 'CareKitStore' from project 'CareKit')
    cd /Users/admin/builder/spi-builder-workspace/.swiftpm/xcode
    builtin-SwiftPerFileCompile OCKEventAggregator.swift
SwiftCompile normal arm64 /Users/admin/builder/spi-builder-workspace/.dependencies/checkouts/CareKit/CareKitStore/CareKitStore/Stale/OCKOutcomeStoreDelegate.swift (in target 'CareKitStore' from project 'CareKit')
    cd /Users/admin/builder/spi-builder-workspace/.swiftpm/xcode
    builtin-SwiftPerFileCompile OCKOutcomeStoreDelegate.swift
SwiftCompile normal arm64 /Users/admin/builder/spi-builder-workspace/.dependencies/checkouts/CareKit/CareKitStore/CareKitStore/Stale/OCKPatientStoreDelegate.swift (in target 'CareKitStore' from project 'CareKit')
    cd /Users/admin/builder/spi-builder-workspace/.swiftpm/xcode
    builtin-SwiftPerFileCompile OCKPatientStoreDelegate.swift
SwiftCompile normal arm64 /Users/admin/builder/spi-builder-workspace/.dependencies/checkouts/CareKit/CareKitStore/CareKitStore/Stale/OCKTaskStoreDelegate.swift (in target 'CareKitStore' from project 'CareKit')
    cd /Users/admin/builder/spi-builder-workspace/.swiftpm/xcode
    builtin-SwiftPerFileCompile OCKTaskStoreDelegate.swift
SwiftCompile normal arm64 /Users/admin/builder/spi-builder-workspace/.dependencies/checkouts/CareKit/CareKitStore/CareKitStore/StoreCoordinator/OCKPersistentStoreCoordinator+CarePlans.swift (in target 'CareKitStore' from project 'CareKit')
    cd /Users/admin/builder/spi-builder-workspace/.swiftpm/xcode
    builtin-SwiftPerFileCompile OCKPersistentStoreCoordinator+CarePlans.swift
SwiftCompile normal arm64 /Users/admin/builder/spi-builder-workspace/.dependencies/checkouts/CareKit/CareKitStore/CareKitStore/StoreCoordinator/OCKPersistentStoreCoordinator+Contacts.swift (in target 'CareKitStore' from project 'CareKit')
    cd /Users/admin/builder/spi-builder-workspace/.swiftpm/xcode
    builtin-SwiftPerFileCompile OCKPersistentStoreCoordinator+Contacts.swift
SwiftCompile normal arm64 /Users/admin/builder/spi-builder-workspace/.dependencies/checkouts/CareKit/CareKitStore/CareKitStore/StoreCoordinator/OCKPersistentStoreCoordinator+Events.swift (in target 'CareKitStore' from project 'CareKit')
    cd /Users/admin/builder/spi-builder-workspace/.swiftpm/xcode
    builtin-SwiftPerFileCompile OCKPersistentStoreCoordinator+Events.swift
SwiftCompile normal arm64 /Users/admin/builder/spi-builder-workspace/.dependencies/checkouts/CareKit/CareKitStore/CareKitStore/StoreCoordinator/OCKPersistentStoreCoordinator+Outcomes.swift (in target 'CareKitStore' from project 'CareKit')
    cd /Users/admin/builder/spi-builder-workspace/.swiftpm/xcode
    builtin-SwiftPerFileCompile OCKPersistentStoreCoordinator+Outcomes.swift
SwiftCompile normal arm64 Compiling\ resource_bundle_accessor.swift,\ OCKStoreMigration2_0To2_1Policy.swift,\ OCKStoreMigration2_0To3_0Policy.swift,\ OCKStoreMigration2_1To3_0Policy.swift,\ OCKCDCarePlan.swift,\ OCKCDClock.swift,\ OCKCDContact.swift,\ OCKCDDevice.swift,\ OCKCDHealthKitLinkage.swift,\ OCKCDHealthKitTask.swift,\ OCKCDKnowledgeElement.swift,\ OCKCDNote.swift,\ OCKCDObject.swift,\ OCKCDOperatingSystemVersion.swift,\ OCKCDOutcome.swift /Users/admin/builder/spi-builder-workspace/.derivedData/Build/Intermediates.noindex/CareKit.build/Debug-watchos/CareKitStore-t.build/DerivedSources/resource_bundle_accessor.swift /Users/admin/builder/spi-builder-workspace/.dependencies/checkouts/CareKit/CareKitStore/CareKitStore/CoreData/Migrations/2_0To2_1/OCKStoreMigration2_0To2_1Policy.swift /Users/admin/builder/spi-builder-workspace/.dependencies/checkouts/CareKit/CareKitStore/CareKitStore/CoreData/Migrations/2_0To3_0/OCKStoreMigration2_0To3_0Policy.swift /Users/admin/builder/spi-builder-workspace/.dependencies/checkouts/CareKit/CareKitStore/CareKitStore/CoreData/Migrations/2_1To3_0/OCKStoreMigration2_1To3_0Policy.swift /Users/admin/builder/spi-builder-workspace/.dependencies/checkouts/CareKit/CareKitStore/CareKitStore/CoreData/OCKCDCarePlan.swift /Users/admin/builder/spi-builder-workspace/.dependencies/checkouts/CareKit/CareKitStore/CareKitStore/CoreData/OCKCDClock.swift /Users/admin/builder/spi-builder-workspace/.dependencies/checkouts/CareKit/CareKitStore/CareKitStore/CoreData/OCKCDContact.swift /Users/admin/builder/spi-builder-workspace/.dependencies/checkouts/CareKit/CareKitStore/CareKitStore/CoreData/OCKCDDevice.swift /Users/admin/builder/spi-builder-workspace/.dependencies/checkouts/CareKit/CareKitStore/CareKitStore/CoreData/OCKCDHealthKitLinkage.swift /Users/admin/builder/spi-builder-workspace/.dependencies/checkouts/CareKit/CareKitStore/CareKitStore/CoreData/OCKCDHealthKitTask.swift /Users/admin/builder/spi-builder-workspace/.dependencies/checkouts/CareKit/CareKitStore/CareKitStore/CoreData/OCKCDKnowledgeElement.swift /Users/admin/builder/spi-builder-workspace/.dependencies/checkouts/CareKit/CareKitStore/CareKitStore/CoreData/OCKCDNote.swift /Users/admin/builder/spi-builder-workspace/.dependencies/checkouts/CareKit/CareKitStore/CareKitStore/CoreData/OCKCDObject.swift /Users/admin/builder/spi-builder-workspace/.dependencies/checkouts/CareKit/CareKitStore/CareKitStore/CoreData/OCKCDOperatingSystemVersion.swift /Users/admin/builder/spi-builder-workspace/.dependencies/checkouts/CareKit/CareKitStore/CareKitStore/CoreData/OCKCDOutcome.swift (in target 'CareKitStore' from project 'CareKit')
SwiftCompile normal arm64 /Users/admin/builder/spi-builder-workspace/.derivedData/Build/Intermediates.noindex/CareKit.build/Debug-watchos/CareKitStore-t.build/DerivedSources/resource_bundle_accessor.swift (in target 'CareKitStore' from project 'CareKit')
    cd /Users/admin/builder/spi-builder-workspace/.swiftpm/xcode
    builtin-SwiftPerFileCompile resource_bundle_accessor.swift
SwiftCompile normal arm64 /Users/admin/builder/spi-builder-workspace/.dependencies/checkouts/CareKit/CareKitStore/CareKitStore/CoreData/Migrations/2_0To2_1/OCKStoreMigration2_0To2_1Policy.swift (in target 'CareKitStore' from project 'CareKit')
    cd /Users/admin/builder/spi-builder-workspace/.swiftpm/xcode
    builtin-SwiftPerFileCompile OCKStoreMigration2_0To2_1Policy.swift
SwiftCompile normal arm64 /Users/admin/builder/spi-builder-workspace/.dependencies/checkouts/CareKit/CareKitStore/CareKitStore/CoreData/Migrations/2_0To3_0/OCKStoreMigration2_0To3_0Policy.swift (in target 'CareKitStore' from project 'CareKit')
    cd /Users/admin/builder/spi-builder-workspace/.swiftpm/xcode
    builtin-SwiftPerFileCompile OCKStoreMigration2_0To3_0Policy.swift
SwiftCompile normal arm64 /Users/admin/builder/spi-builder-workspace/.dependencies/checkouts/CareKit/CareKitStore/CareKitStore/CoreData/Migrations/2_1To3_0/OCKStoreMigration2_1To3_0Policy.swift (in target 'CareKitStore' from project 'CareKit')
    cd /Users/admin/builder/spi-builder-workspace/.swiftpm/xcode
    builtin-SwiftPerFileCompile OCKStoreMigration2_1To3_0Policy.swift
SwiftCompile normal arm64 /Users/admin/builder/spi-builder-workspace/.dependencies/checkouts/CareKit/CareKitStore/CareKitStore/CoreData/OCKCDCarePlan.swift (in target 'CareKitStore' from project 'CareKit')
    cd /Users/admin/builder/spi-builder-workspace/.swiftpm/xcode
    builtin-SwiftPerFileCompile OCKCDCarePlan.swift
SwiftCompile normal arm64 /Users/admin/builder/spi-builder-workspace/.dependencies/checkouts/CareKit/CareKitStore/CareKitStore/CoreData/OCKCDClock.swift (in target 'CareKitStore' from project 'CareKit')
    cd /Users/admin/builder/spi-builder-workspace/.swiftpm/xcode
    builtin-SwiftPerFileCompile OCKCDClock.swift
SwiftCompile normal arm64 /Users/admin/builder/spi-builder-workspace/.dependencies/checkouts/CareKit/CareKitStore/CareKitStore/CoreData/OCKCDContact.swift (in target 'CareKitStore' from project 'CareKit')
    cd /Users/admin/builder/spi-builder-workspace/.swiftpm/xcode
    builtin-SwiftPerFileCompile OCKCDContact.swift
SwiftCompile normal arm64 /Users/admin/builder/spi-builder-workspace/.dependencies/checkouts/CareKit/CareKitStore/CareKitStore/CoreData/OCKCDDevice.swift (in target 'CareKitStore' from project 'CareKit')
    cd /Users/admin/builder/spi-builder-workspace/.swiftpm/xcode
    builtin-SwiftPerFileCompile OCKCDDevice.swift
SwiftCompile normal arm64 /Users/admin/builder/spi-builder-workspace/.dependencies/checkouts/CareKit/CareKitStore/CareKitStore/CoreData/OCKCDHealthKitLinkage.swift (in target 'CareKitStore' from project 'CareKit')
    cd /Users/admin/builder/spi-builder-workspace/.swiftpm/xcode
    builtin-SwiftPerFileCompile OCKCDHealthKitLinkage.swift
SwiftCompile normal arm64 /Users/admin/builder/spi-builder-workspace/.dependencies/checkouts/CareKit/CareKitStore/CareKitStore/CoreData/OCKCDHealthKitTask.swift (in target 'CareKitStore' from project 'CareKit')
    cd /Users/admin/builder/spi-builder-workspace/.swiftpm/xcode
    builtin-SwiftPerFileCompile OCKCDHealthKitTask.swift
SwiftCompile normal arm64 /Users/admin/builder/spi-builder-workspace/.dependencies/checkouts/CareKit/CareKitStore/CareKitStore/CoreData/OCKCDKnowledgeElement.swift (in target 'CareKitStore' from project 'CareKit')
    cd /Users/admin/builder/spi-builder-workspace/.swiftpm/xcode
    builtin-SwiftPerFileCompile OCKCDKnowledgeElement.swift
SwiftCompile normal arm64 /Users/admin/builder/spi-builder-workspace/.dependencies/checkouts/CareKit/CareKitStore/CareKitStore/CoreData/OCKCDNote.swift (in target 'CareKitStore' from project 'CareKit')
    cd /Users/admin/builder/spi-builder-workspace/.swiftpm/xcode
    builtin-SwiftPerFileCompile OCKCDNote.swift
SwiftCompile normal arm64 /Users/admin/builder/spi-builder-workspace/.dependencies/checkouts/CareKit/CareKitStore/CareKitStore/CoreData/OCKCDObject.swift (in target 'CareKitStore' from project 'CareKit')
    cd /Users/admin/builder/spi-builder-workspace/.swiftpm/xcode
    builtin-SwiftPerFileCompile OCKCDObject.swift
SwiftCompile normal arm64 /Users/admin/builder/spi-builder-workspace/.dependencies/checkouts/CareKit/CareKitStore/CareKitStore/CoreData/OCKCDOperatingSystemVersion.swift (in target 'CareKitStore' from project 'CareKit')
    cd /Users/admin/builder/spi-builder-workspace/.swiftpm/xcode
    builtin-SwiftPerFileCompile OCKCDOperatingSystemVersion.swift
SwiftCompile normal arm64 /Users/admin/builder/spi-builder-workspace/.dependencies/checkouts/CareKit/CareKitStore/CareKitStore/CoreData/OCKCDOutcome.swift (in target 'CareKitStore' from project 'CareKit')
    cd /Users/admin/builder/spi-builder-workspace/.swiftpm/xcode
    builtin-SwiftPerFileCompile OCKCDOutcome.swift
SwiftCompile normal arm64 Compiling\ OCKEvent.swift,\ OCKHealthKitLinkage.swift,\ OCKLabeledValue.swift,\ OCKNote.swift,\ OCKOutcome.swift,\ OCKOutcomeValue.swift,\ OCKPatient.swift,\ OCKPostalAddress.swift,\ OCKSchedule.swift,\ OCKScheduleElement.swift,\ OCKScheduleEvent.swift,\ OCKSemanticVersion.swift,\ OCKTask.swift,\ OCKAdherenceQuery.swift /Users/admin/builder/spi-builder-workspace/.dependencies/checkouts/CareKit/CareKitStore/CareKitStore/Structs/OCKEvent.swift /Users/admin/builder/spi-builder-workspace/.dependencies/checkouts/CareKit/CareKitStore/CareKitStore/Structs/OCKHealthKitLinkage.swift /Users/admin/builder/spi-builder-workspace/.dependencies/checkouts/CareKit/CareKitStore/CareKitStore/Structs/OCKLabeledValue.swift /Users/admin/builder/spi-builder-workspace/.dependencies/checkouts/CareKit/CareKitStore/CareKitStore/Structs/OCKNote.swift /Users/admin/builder/spi-builder-workspace/.dependencies/checkouts/CareKit/CareKitStore/CareKitStore/Structs/OCKOutcome.swift /Users/admin/builder/spi-builder-workspace/.dependencies/checkouts/CareKit/CareKitStore/CareKitStore/Structs/OCKOutcomeValue.swift /Users/admin/builder/spi-builder-workspace/.dependencies/checkouts/CareKit/CareKitStore/CareKitStore/Structs/OCKPatient.swift /Users/admin/builder/spi-builder-workspace/.dependencies/checkouts/CareKit/CareKitStore/CareKitStore/Structs/OCKPostalAddress.swift /Users/admin/builder/spi-builder-workspace/.dependencies/checkouts/CareKit/CareKitStore/CareKitStore/Structs/OCKSchedule.swift /Users/admin/builder/spi-builder-workspace/.dependencies/checkouts/CareKit/CareKitStore/CareKitStore/Structs/OCKScheduleElement.swift /Users/admin/builder/spi-builder-workspace/.dependencies/checkouts/CareKit/CareKitStore/CareKitStore/Structs/OCKScheduleEvent.swift /Users/admin/builder/spi-builder-workspace/.dependencies/checkouts/CareKit/CareKitStore/CareKitStore/Structs/OCKSemanticVersion.swift /Users/admin/builder/spi-builder-workspace/.dependencies/checkouts/CareKit/CareKitStore/CareKitStore/Structs/OCKTask.swift /Users/admin/builder/spi-builder-workspace/.dependencies/checkouts/CareKit/CareKitStore/CareKitStore/Structs/Queries/OCKAdherenceQuery.swift (in target 'CareKitStore' from project 'CareKit')
SwiftCompile normal arm64 /Users/admin/builder/spi-builder-workspace/.dependencies/checkouts/CareKit/CareKitStore/CareKitStore/Structs/OCKEvent.swift (in target 'CareKitStore' from project 'CareKit')
    cd /Users/admin/builder/spi-builder-workspace/.swiftpm/xcode
    builtin-SwiftPerFileCompile OCKEvent.swift
SwiftCompile normal arm64 /Users/admin/builder/spi-builder-workspace/.dependencies/checkouts/CareKit/CareKitStore/CareKitStore/Structs/OCKHealthKitLinkage.swift (in target 'CareKitStore' from project 'CareKit')
    cd /Users/admin/builder/spi-builder-workspace/.swiftpm/xcode
    builtin-SwiftPerFileCompile OCKHealthKitLinkage.swift
SwiftCompile normal arm64 /Users/admin/builder/spi-builder-workspace/.dependencies/checkouts/CareKit/CareKitStore/CareKitStore/Structs/OCKLabeledValue.swift (in target 'CareKitStore' from project 'CareKit')
    cd /Users/admin/builder/spi-builder-workspace/.swiftpm/xcode
    builtin-SwiftPerFileCompile OCKLabeledValue.swift
SwiftCompile normal arm64 /Users/admin/builder/spi-builder-workspace/.dependencies/checkouts/CareKit/CareKitStore/CareKitStore/Structs/OCKNote.swift (in target 'CareKitStore' from project 'CareKit')
    cd /Users/admin/builder/spi-builder-workspace/.swiftpm/xcode
    builtin-SwiftPerFileCompile OCKNote.swift
SwiftCompile normal arm64 /Users/admin/builder/spi-builder-workspace/.dependencies/checkouts/CareKit/CareKitStore/CareKitStore/Structs/OCKOutcome.swift (in target 'CareKitStore' from project 'CareKit')
    cd /Users/admin/builder/spi-builder-workspace/.swiftpm/xcode
    builtin-SwiftPerFileCompile OCKOutcome.swift
SwiftCompile normal arm64 /Users/admin/builder/spi-builder-workspace/.dependencies/checkouts/CareKit/CareKitStore/CareKitStore/Structs/OCKOutcomeValue.swift (in target 'CareKitStore' from project 'CareKit')
    cd /Users/admin/builder/spi-builder-workspace/.swiftpm/xcode
    builtin-SwiftPerFileCompile OCKOutcomeValue.swift
SwiftCompile normal arm64 /Users/admin/builder/spi-builder-workspace/.dependencies/checkouts/CareKit/CareKitStore/CareKitStore/Structs/OCKPatient.swift (in target 'CareKitStore' from project 'CareKit')
    cd /Users/admin/builder/spi-builder-workspace/.swiftpm/xcode
    builtin-SwiftPerFileCompile OCKPatient.swift
SwiftCompile normal arm64 /Users/admin/builder/spi-builder-workspace/.dependencies/checkouts/CareKit/CareKitStore/CareKitStore/Structs/OCKPostalAddress.swift (in target 'CareKitStore' from project 'CareKit')
    cd /Users/admin/builder/spi-builder-workspace/.swiftpm/xcode
    builtin-SwiftPerFileCompile OCKPostalAddress.swift
SwiftCompile normal arm64 /Users/admin/builder/spi-builder-workspace/.dependencies/checkouts/CareKit/CareKitStore/CareKitStore/Structs/OCKSchedule.swift (in target 'CareKitStore' from project 'CareKit')
    cd /Users/admin/builder/spi-builder-workspace/.swiftpm/xcode
    builtin-SwiftPerFileCompile OCKSchedule.swift
SwiftCompile normal arm64 /Users/admin/builder/spi-builder-workspace/.dependencies/checkouts/CareKit/CareKitStore/CareKitStore/Structs/OCKScheduleElement.swift (in target 'CareKitStore' from project 'CareKit')
    cd /Users/admin/builder/spi-builder-workspace/.swiftpm/xcode
    builtin-SwiftPerFileCompile OCKScheduleElement.swift
SwiftCompile normal arm64 /Users/admin/builder/spi-builder-workspace/.dependencies/checkouts/CareKit/CareKitStore/CareKitStore/Structs/OCKScheduleEvent.swift (in target 'CareKitStore' from project 'CareKit')
    cd /Users/admin/builder/spi-builder-workspace/.swiftpm/xcode
    builtin-SwiftPerFileCompile OCKScheduleEvent.swift
SwiftCompile normal arm64 /Users/admin/builder/spi-builder-workspace/.dependencies/checkouts/CareKit/CareKitStore/CareKitStore/Structs/OCKSemanticVersion.swift (in target 'CareKitStore' from project 'CareKit')
    cd /Users/admin/builder/spi-builder-workspace/.swiftpm/xcode
    builtin-SwiftPerFileCompile OCKSemanticVersion.swift
SwiftCompile normal arm64 /Users/admin/builder/spi-builder-workspace/.dependencies/checkouts/CareKit/CareKitStore/CareKitStore/Structs/OCKTask.swift (in target 'CareKitStore' from project 'CareKit')
    cd /Users/admin/builder/spi-builder-workspace/.swiftpm/xcode
    builtin-SwiftPerFileCompile OCKTask.swift
SwiftCompile normal arm64 /Users/admin/builder/spi-builder-workspace/.dependencies/checkouts/CareKit/CareKitStore/CareKitStore/Structs/Queries/OCKAdherenceQuery.swift (in target 'CareKitStore' from project 'CareKit')
    cd /Users/admin/builder/spi-builder-workspace/.swiftpm/xcode
    builtin-SwiftPerFileCompile OCKAdherenceQuery.swift
SwiftCompile normal arm64_32 Compiling\ OCKNote.swift,\ OCKOutcome.swift,\ OCKOutcomeValue.swift,\ OCKPatient.swift,\ OCKPostalAddress.swift,\ OCKSchedule.swift,\ OCKScheduleElement.swift,\ OCKScheduleEvent.swift,\ OCKSemanticVersion.swift,\ OCKTask.swift,\ OCKAdherenceQuery.swift /Users/admin/builder/spi-builder-workspace/.dependencies/checkouts/CareKit/CareKitStore/CareKitStore/Structs/OCKNote.swift /Users/admin/builder/spi-builder-workspace/.dependencies/checkouts/CareKit/CareKitStore/CareKitStore/Structs/OCKOutcome.swift /Users/admin/builder/spi-builder-workspace/.dependencies/checkouts/CareKit/CareKitStore/CareKitStore/Structs/OCKOutcomeValue.swift /Users/admin/builder/spi-builder-workspace/.dependencies/checkouts/CareKit/CareKitStore/CareKitStore/Structs/OCKPatient.swift /Users/admin/builder/spi-builder-workspace/.dependencies/checkouts/CareKit/CareKitStore/CareKitStore/Structs/OCKPostalAddress.swift /Users/admin/builder/spi-builder-workspace/.dependencies/checkouts/CareKit/CareKitStore/CareKitStore/Structs/OCKSchedule.swift /Users/admin/builder/spi-builder-workspace/.dependencies/checkouts/CareKit/CareKitStore/CareKitStore/Structs/OCKScheduleElement.swift /Users/admin/builder/spi-builder-workspace/.dependencies/checkouts/CareKit/CareKitStore/CareKitStore/Structs/OCKScheduleEvent.swift /Users/admin/builder/spi-builder-workspace/.dependencies/checkouts/CareKit/CareKitStore/CareKitStore/Structs/OCKSemanticVersion.swift /Users/admin/builder/spi-builder-workspace/.dependencies/checkouts/CareKit/CareKitStore/CareKitStore/Structs/OCKTask.swift /Users/admin/builder/spi-builder-workspace/.dependencies/checkouts/CareKit/CareKitStore/CareKitStore/Structs/Queries/OCKAdherenceQuery.swift (in target 'CareKitStore' from project 'CareKit')
SwiftCompile normal arm64_32 /Users/admin/builder/spi-builder-workspace/.dependencies/checkouts/CareKit/CareKitStore/CareKitStore/Structs/OCKNote.swift (in target 'CareKitStore' from project 'CareKit')
    cd /Users/admin/builder/spi-builder-workspace/.swiftpm/xcode
    builtin-SwiftPerFileCompile OCKNote.swift
SwiftCompile normal arm64_32 /Users/admin/builder/spi-builder-workspace/.dependencies/checkouts/CareKit/CareKitStore/CareKitStore/Structs/OCKOutcome.swift (in target 'CareKitStore' from project 'CareKit')
    cd /Users/admin/builder/spi-builder-workspace/.swiftpm/xcode
    builtin-SwiftPerFileCompile OCKOutcome.swift
SwiftCompile normal arm64_32 /Users/admin/builder/spi-builder-workspace/.dependencies/checkouts/CareKit/CareKitStore/CareKitStore/Structs/OCKOutcomeValue.swift (in target 'CareKitStore' from project 'CareKit')
    cd /Users/admin/builder/spi-builder-workspace/.swiftpm/xcode
    builtin-SwiftPerFileCompile OCKOutcomeValue.swift
SwiftCompile normal arm64_32 /Users/admin/builder/spi-builder-workspace/.dependencies/checkouts/CareKit/CareKitStore/CareKitStore/Structs/OCKPatient.swift (in target 'CareKitStore' from project 'CareKit')
    cd /Users/admin/builder/spi-builder-workspace/.swiftpm/xcode
    builtin-SwiftPerFileCompile OCKPatient.swift
SwiftCompile normal arm64_32 /Users/admin/builder/spi-builder-workspace/.dependencies/checkouts/CareKit/CareKitStore/CareKitStore/Structs/OCKPostalAddress.swift (in target 'CareKitStore' from project 'CareKit')
    cd /Users/admin/builder/spi-builder-workspace/.swiftpm/xcode
    builtin-SwiftPerFileCompile OCKPostalAddress.swift
SwiftCompile normal arm64_32 /Users/admin/builder/spi-builder-workspace/.dependencies/checkouts/CareKit/CareKitStore/CareKitStore/Structs/OCKSchedule.swift (in target 'CareKitStore' from project 'CareKit')
    cd /Users/admin/builder/spi-builder-workspace/.swiftpm/xcode
    builtin-SwiftPerFileCompile OCKSchedule.swift
SwiftCompile normal arm64_32 /Users/admin/builder/spi-builder-workspace/.dependencies/checkouts/CareKit/CareKitStore/CareKitStore/Structs/OCKScheduleElement.swift (in target 'CareKitStore' from project 'CareKit')
    cd /Users/admin/builder/spi-builder-workspace/.swiftpm/xcode
    builtin-SwiftPerFileCompile OCKScheduleElement.swift
SwiftCompile normal arm64_32 /Users/admin/builder/spi-builder-workspace/.dependencies/checkouts/CareKit/CareKitStore/CareKitStore/Structs/OCKScheduleEvent.swift (in target 'CareKitStore' from project 'CareKit')
    cd /Users/admin/builder/spi-builder-workspace/.swiftpm/xcode
    builtin-SwiftPerFileCompile OCKScheduleEvent.swift
SwiftCompile normal arm64_32 /Users/admin/builder/spi-builder-workspace/.dependencies/checkouts/CareKit/CareKitStore/CareKitStore/Structs/OCKSemanticVersion.swift (in target 'CareKitStore' from project 'CareKit')
    cd /Users/admin/builder/spi-builder-workspace/.swiftpm/xcode
    builtin-SwiftPerFileCompile OCKSemanticVersion.swift
SwiftCompile normal arm64_32 /Users/admin/builder/spi-builder-workspace/.dependencies/checkouts/CareKit/CareKitStore/CareKitStore/Structs/OCKTask.swift (in target 'CareKitStore' from project 'CareKit')
    cd /Users/admin/builder/spi-builder-workspace/.swiftpm/xcode
    builtin-SwiftPerFileCompile OCKTask.swift
SwiftCompile normal arm64_32 /Users/admin/builder/spi-builder-workspace/.dependencies/checkouts/CareKit/CareKitStore/CareKitStore/Structs/Queries/OCKAdherenceQuery.swift (in target 'CareKitStore' from project 'CareKit')
    cd /Users/admin/builder/spi-builder-workspace/.swiftpm/xcode
    builtin-SwiftPerFileCompile OCKAdherenceQuery.swift
SwiftExplicitDependencyGeneratePcm arm64_32 /Users/admin/builder/spi-builder-workspace/.derivedData/SDKExplicitPrecompiledModules/WatchConnectivity-4SIRTF193PW9PMOYOULOVHMYG.pcm
PruneExplicitPrecompiledModules /Users/admin/builder/spi-builder-workspace/.derivedData/Build/Intermediates.noindex/ExplicitPrecompiledModules
PruneExplicitPrecompiledModules /Users/admin/builder/spi-builder-workspace/.derivedData/Build/Intermediates.noindex/SwiftExplicitPrecompiledModules
PruneExplicitPrecompiledModules /Users/admin/builder/spi-builder-workspace/.derivedData/SDKExplicitPrecompiledModules
2026-09-23 19:46:35.401 xcodebuild[1159:6807] [MT] IDERunDestination: Supported platforms for the buildables in the current scheme is empty.
** BUILD FAILED **
The following build commands failed:
	SwiftCompile normal arm64 Compiling\ OCKAnyVersionableTask.swift,\ OCKTaskStore.swift,\ Mutex+Extension.swift,\ OCKAdherenceAggregator.swift,\ OCKCarePlanStoreDelegate.swift,\ OCKContactStoreDelegate.swift,\ OCKEventAggregator.swift,\ OCKOutcomeStoreDelegate.swift,\ OCKPatientStoreDelegate.swift,\ OCKTaskStoreDelegate.swift,\ OCKPersistentStoreCoordinator+CarePlans.swift,\ OCKPersistentStoreCoordinator+Contacts.swift,\ OCKPersistentStoreCoordinator+Events.swift,\ OCKPersistentStoreCoordinator+Outcomes.swift /Users/admin/builder/spi-builder-workspace/.dependencies/checkouts/CareKit/CareKitStore/CareKitStore/Protocols/Tasks/OCKAnyVersionableTask.swift /Users/admin/builder/spi-builder-workspace/.dependencies/checkouts/CareKit/CareKitStore/CareKitStore/Protocols/Tasks/OCKTaskStore.swift /Users/admin/builder/spi-builder-workspace/.dependencies/checkouts/CareKit/CareKitStore/CareKitStore/Shared/Extensions/Mutex+Extension.swift /Users/admin/builder/spi-builder-workspace/.dependencies/checkouts/CareKit/CareKitStore/CareKitStore/Stale/OCKAdherenceAggregator.swift /Users/admin/builder/spi-builder-workspace/.dependencies/checkouts/CareKit/CareKitStore/CareKitStore/Stale/OCKCarePlanStoreDelegate.swift /Users/admin/builder/spi-builder-workspace/.dependencies/checkouts/CareKit/CareKitStore/CareKitStore/Stale/OCKContactStoreDelegate.swift /Users/admin/builder/spi-builder-workspace/.dependencies/checkouts/CareKit/CareKitStore/CareKitStore/Stale/OCKEventAggregator.swift /Users/admin/builder/spi-builder-workspace/.dependencies/checkouts/CareKit/CareKitStore/CareKitStore/Stale/OCKOutcomeStoreDelegate.swift /Users/admin/builder/spi-builder-workspace/.dependencies/checkouts/CareKit/CareKitStore/CareKitStore/Stale/OCKPatientStoreDelegate.swift /Users/admin/builder/spi-builder-workspace/.dependencies/checkouts/CareKit/CareKitStore/CareKitStore/Stale/OCKTaskStoreDelegate.swift /Users/admin/builder/spi-builder-workspace/.dependencies/checkouts/CareKit/CareKitStore/CareKitStore/StoreCoordinator/OCKPersistentStoreCoordinator+CarePlans.swift /Users/admin/builder/spi-builder-workspace/.dependencies/checkouts/CareKit/CareKitStore/CareKitStore/StoreCoordinator/OCKPersistentStoreCoordinator+Contacts.swift /Users/admin/builder/spi-builder-workspace/.dependencies/checkouts/CareKit/CareKitStore/CareKitStore/StoreCoordinator/OCKPersistentStoreCoordinator+Events.swift /Users/admin/builder/spi-builder-workspace/.dependencies/checkouts/CareKit/CareKitStore/CareKitStore/StoreCoordinator/OCKPersistentStoreCoordinator+Outcomes.swift (in target 'CareKitStore' from project 'CareKit')
	SwiftCompile normal arm64 /Users/admin/builder/spi-builder-workspace/.dependencies/checkouts/CareKit/CareKitStore/CareKitStore/StoreCoordinator/OCKPersistentStoreCoordinator+Events.swift (in target 'CareKitStore' from project 'CareKit')
	Building workspace CareKitEssentials with scheme CareKitEssentials
(3 failures)
BUILD FAILURE 6.4 watchOS