Build Information
Failed to build swift-ai-sdk, reference main (d8d108), with Swift 6.2 for macOS (SPM) on 13 Aug 2026 01:39:26 UTC.
Build Command
env DEVELOPER_DIR=/Applications/Xcode-26.3.0.app xcrun swift build --arch arm64Build Log
========================================
RunAll
========================================
Builder version: undefined version: run 'make version' to update
Interrupt handler set up.
========================================
Checkout
========================================
Clone URL: https://github.com/zaidmukaddam/swift-ai-sdk.git
Reference: main
Initialized empty Git repository in /Users/admin/builder/spi-builder-workspace/.git/
From https://github.com/zaidmukaddam/swift-ai-sdk
* branch main -> FETCH_HEAD
* [new branch] main -> origin/main
HEAD is now at d8d108c Fix build on Swift 6.1: extract BedrockModel's stream body into a function
Cloned https://github.com/zaidmukaddam/swift-ai-sdk.git
Revision (git rev-parse @):
d8d108ccf606a154647ef7eae948775a1e7aa969
SUCCESS checkout https://github.com/zaidmukaddam/swift-ai-sdk.git at main
========================================
Build
========================================
Selected platform: macosSpm
Swift version: 6.2
Building package at path: $PWD
https://github.com/zaidmukaddam/swift-ai-sdk.git
Running build ...
env DEVELOPER_DIR=/Applications/Xcode-26.3.0.app xcrun swift build --arch arm64
Building for debugging...
[0/15] Write sources
[3/15] Write demo-entitlement.plist
[4/15] Write tui-demo-entitlement.plist
[4/15] Write sources
[8/15] Write swift-version--3CB7CFEC50E0D141.txt
[10/124] Compiling AI ProviderDefinedTool.swift
[11/124] Compiling AI ProviderRegistry.swift
[12/124] Compiling AI PruneMessages.swift
[13/124] Compiling AI RemoteContent.swift
[14/124] Compiling AI Reranking.swift
[15/124] Compiling AI Retry.swift
[16/124] Compiling AI RuntimeContext.swift
[17/124] Compiling AI Schema.swift
[18/124] Compiling AI SpeechGeneration.swift
[19/124] Compiling AI StepControl.swift
[20/124] Compiling AI StepRequest.swift
[21/124] Compiling AI StreamSmoothing.swift
[22/136] Compiling AI PerplexityModel.swift
[23/136] Compiling AI ProdiaModel.swift
[24/136] Compiling AI SarvamModel.swift
[25/136] Compiling AI SpeechProviderPacks.swift
[26/136] Compiling AI TogetherAIModel.swift
[27/136] Compiling AI TranscriptionProviderPacks.swift
[28/136] Compiling AI VercelModel.swift
[29/136] Compiling AI VoyageModel.swift
[30/136] Compiling AI XaiImageModel.swift
[31/136] Compiling AI XaiModel.swift
[32/136] Compiling AI XaiPlatformClients.swift
[33/136] Compiling AI XaiVideoModel.swift
[34/136] Compiling AI OllamaModel.swift
[35/136] Compiling AI OpenAICompatibleModelSupport.swift
[36/136] Compiling AI OpenAICompatibleProvider.swift
[37/136] Compiling AI OpenAIEmbeddingModel.swift
[38/136] Compiling AI OpenAIImageModel.swift
[39/136] Compiling AI OpenAIModel.swift
[40/136] Compiling AI OpenAIPlatformClients.swift
[41/136] Compiling AI OpenAIResponsesClient.swift
[42/136] Compiling AI OpenAIResponsesModel.swift
[43/136] Compiling AI OpenAISpeechModel.swift
[44/136] Compiling AI OpenAITranscriptionModel.swift
[45/136] Compiling AI OpenRouterModel.swift
[46/136] Compiling AI StreamText.swift
[47/136] Compiling AI StreamTranscription.swift
[48/136] Compiling AI Telemetry.swift
[49/136] Compiling AI Timeouts.swift
[50/136] Compiling AI Tool.swift
[51/136] Compiling AI ToolApproval.swift
[52/136] Compiling AI Transcription.swift
[53/136] Compiling AI VideoGeneration.swift
[54/136] Compiling AI MCPClient.swift
[55/136] Compiling AI MCPOAuth.swift
[56/136] Compiling AI MCPSSETransport.swift
[57/136] Compiling AI MCPStdioTransport.swift
[58/136] Compiling AI AudioResampling.swift
[59/136] Compiling AI GoogleRealtimeModel.swift
[60/136] Compiling AI OpenAIRealtimeModel.swift
[61/136] Compiling AI RealtimeModel.swift
[62/136] Compiling AI RealtimeSession.swift
[63/136] Compiling AI XaiRealtimeModel.swift
[64/136] Compiling AI AWSEventStream.swift
[65/136] Compiling AI SSE.swift
[66/136] Compiling AI ChatTransport.swift
[67/136] Compiling AI HTTPChatTransport.swift
[68/136] Compiling AI LocalChatTransport.swift
[69/136] Compiling AI StreamBridge.swift
[70/136] Compiling AI CerebrasModel.swift
/Users/admin/builder/spi-builder-workspace/Sources/AI/Providers/FoundationModelsModel.swift:183:64: error: 'Error' is not a member type of class 'FoundationModels.SystemLanguageModel'
181 | }
182 | #endif
183 | if let systemError = error as? SystemLanguageModel.Error {
| `- error: 'Error' is not a member type of class 'FoundationModels.SystemLanguageModel'
184 | switch systemError {
185 | case .assetsUnavailable:
FoundationModels.SystemLanguageModel:4:20: note: 'SystemLanguageModel' declared here
2 | @available(tvOS, unavailable)
3 | @available(watchOS, unavailable)
4 | final public class SystemLanguageModel : Sendable {
| `- note: 'SystemLanguageModel' declared here
5 | final public var availability: SystemLanguageModel.Availability { get }
6 | final public var isAvailable: Bool { get }
/Users/admin/builder/spi-builder-workspace/Sources/AI/Providers/FoundationModelsModel.swift:195:43: error: cannot find type 'LanguageModelError' in scope
193 | }
194 | }
195 | if let modelError = error as? LanguageModelError {
| `- error: cannot find type 'LanguageModelError' in scope
196 | switch modelError {
197 | case .contextSizeExceeded:
/Users/admin/builder/spi-builder-workspace/Sources/AI/Providers/FoundationModelsModel.swift:227:43: error: cannot find type 'LanguageModelError' in scope
225 | static func isContentFiltered(_ error: Error) -> Bool {
226 | if #available(iOS 27.0, macOS 27.0, visionOS 27.0, *) {
227 | if let modelError = error as? LanguageModelError {
| `- error: cannot find type 'LanguageModelError' in scope
228 | switch modelError {
229 | case .guardrailViolation, .refusal: return true
[71/136] Compiling AI CohereModel.swift
/Users/admin/builder/spi-builder-workspace/Sources/AI/Providers/FoundationModelsModel.swift:183:64: error: 'Error' is not a member type of class 'FoundationModels.SystemLanguageModel'
181 | }
182 | #endif
183 | if let systemError = error as? SystemLanguageModel.Error {
| `- error: 'Error' is not a member type of class 'FoundationModels.SystemLanguageModel'
184 | switch systemError {
185 | case .assetsUnavailable:
FoundationModels.SystemLanguageModel:4:20: note: 'SystemLanguageModel' declared here
2 | @available(tvOS, unavailable)
3 | @available(watchOS, unavailable)
4 | final public class SystemLanguageModel : Sendable {
| `- note: 'SystemLanguageModel' declared here
5 | final public var availability: SystemLanguageModel.Availability { get }
6 | final public var isAvailable: Bool { get }
/Users/admin/builder/spi-builder-workspace/Sources/AI/Providers/FoundationModelsModel.swift:195:43: error: cannot find type 'LanguageModelError' in scope
193 | }
194 | }
195 | if let modelError = error as? LanguageModelError {
| `- error: cannot find type 'LanguageModelError' in scope
196 | switch modelError {
197 | case .contextSizeExceeded:
/Users/admin/builder/spi-builder-workspace/Sources/AI/Providers/FoundationModelsModel.swift:227:43: error: cannot find type 'LanguageModelError' in scope
225 | static func isContentFiltered(_ error: Error) -> Bool {
226 | if #available(iOS 27.0, macOS 27.0, visionOS 27.0, *) {
227 | if let modelError = error as? LanguageModelError {
| `- error: cannot find type 'LanguageModelError' in scope
228 | switch modelError {
229 | case .guardrailViolation, .refusal: return true
[72/136] Compiling AI CohereRerankingModel.swift
/Users/admin/builder/spi-builder-workspace/Sources/AI/Providers/FoundationModelsModel.swift:183:64: error: 'Error' is not a member type of class 'FoundationModels.SystemLanguageModel'
181 | }
182 | #endif
183 | if let systemError = error as? SystemLanguageModel.Error {
| `- error: 'Error' is not a member type of class 'FoundationModels.SystemLanguageModel'
184 | switch systemError {
185 | case .assetsUnavailable:
FoundationModels.SystemLanguageModel:4:20: note: 'SystemLanguageModel' declared here
2 | @available(tvOS, unavailable)
3 | @available(watchOS, unavailable)
4 | final public class SystemLanguageModel : Sendable {
| `- note: 'SystemLanguageModel' declared here
5 | final public var availability: SystemLanguageModel.Availability { get }
6 | final public var isAvailable: Bool { get }
/Users/admin/builder/spi-builder-workspace/Sources/AI/Providers/FoundationModelsModel.swift:195:43: error: cannot find type 'LanguageModelError' in scope
193 | }
194 | }
195 | if let modelError = error as? LanguageModelError {
| `- error: cannot find type 'LanguageModelError' in scope
196 | switch modelError {
197 | case .contextSizeExceeded:
/Users/admin/builder/spi-builder-workspace/Sources/AI/Providers/FoundationModelsModel.swift:227:43: error: cannot find type 'LanguageModelError' in scope
225 | static func isContentFiltered(_ error: Error) -> Bool {
226 | if #available(iOS 27.0, macOS 27.0, visionOS 27.0, *) {
227 | if let modelError = error as? LanguageModelError {
| `- error: cannot find type 'LanguageModelError' in scope
228 | switch modelError {
229 | case .guardrailViolation, .refusal: return true
[73/136] Compiling AI DeepInfraModel.swift
/Users/admin/builder/spi-builder-workspace/Sources/AI/Providers/FoundationModelsModel.swift:183:64: error: 'Error' is not a member type of class 'FoundationModels.SystemLanguageModel'
181 | }
182 | #endif
183 | if let systemError = error as? SystemLanguageModel.Error {
| `- error: 'Error' is not a member type of class 'FoundationModels.SystemLanguageModel'
184 | switch systemError {
185 | case .assetsUnavailable:
FoundationModels.SystemLanguageModel:4:20: note: 'SystemLanguageModel' declared here
2 | @available(tvOS, unavailable)
3 | @available(watchOS, unavailable)
4 | final public class SystemLanguageModel : Sendable {
| `- note: 'SystemLanguageModel' declared here
5 | final public var availability: SystemLanguageModel.Availability { get }
6 | final public var isAvailable: Bool { get }
/Users/admin/builder/spi-builder-workspace/Sources/AI/Providers/FoundationModelsModel.swift:195:43: error: cannot find type 'LanguageModelError' in scope
193 | }
194 | }
195 | if let modelError = error as? LanguageModelError {
| `- error: cannot find type 'LanguageModelError' in scope
196 | switch modelError {
197 | case .contextSizeExceeded:
/Users/admin/builder/spi-builder-workspace/Sources/AI/Providers/FoundationModelsModel.swift:227:43: error: cannot find type 'LanguageModelError' in scope
225 | static func isContentFiltered(_ error: Error) -> Bool {
226 | if #available(iOS 27.0, macOS 27.0, visionOS 27.0, *) {
227 | if let modelError = error as? LanguageModelError {
| `- error: cannot find type 'LanguageModelError' in scope
228 | switch modelError {
229 | case .guardrailViolation, .refusal: return true
[74/136] Compiling AI DeepSeekModel.swift
/Users/admin/builder/spi-builder-workspace/Sources/AI/Providers/FoundationModelsModel.swift:183:64: error: 'Error' is not a member type of class 'FoundationModels.SystemLanguageModel'
181 | }
182 | #endif
183 | if let systemError = error as? SystemLanguageModel.Error {
| `- error: 'Error' is not a member type of class 'FoundationModels.SystemLanguageModel'
184 | switch systemError {
185 | case .assetsUnavailable:
FoundationModels.SystemLanguageModel:4:20: note: 'SystemLanguageModel' declared here
2 | @available(tvOS, unavailable)
3 | @available(watchOS, unavailable)
4 | final public class SystemLanguageModel : Sendable {
| `- note: 'SystemLanguageModel' declared here
5 | final public var availability: SystemLanguageModel.Availability { get }
6 | final public var isAvailable: Bool { get }
/Users/admin/builder/spi-builder-workspace/Sources/AI/Providers/FoundationModelsModel.swift:195:43: error: cannot find type 'LanguageModelError' in scope
193 | }
194 | }
195 | if let modelError = error as? LanguageModelError {
| `- error: cannot find type 'LanguageModelError' in scope
196 | switch modelError {
197 | case .contextSizeExceeded:
/Users/admin/builder/spi-builder-workspace/Sources/AI/Providers/FoundationModelsModel.swift:227:43: error: cannot find type 'LanguageModelError' in scope
225 | static func isContentFiltered(_ error: Error) -> Bool {
226 | if #available(iOS 27.0, macOS 27.0, visionOS 27.0, *) {
227 | if let modelError = error as? LanguageModelError {
| `- error: cannot find type 'LanguageModelError' in scope
228 | switch modelError {
229 | case .guardrailViolation, .refusal: return true
[75/136] Compiling AI DeepgramStreamingTranscription.swift
/Users/admin/builder/spi-builder-workspace/Sources/AI/Providers/FoundationModelsModel.swift:183:64: error: 'Error' is not a member type of class 'FoundationModels.SystemLanguageModel'
181 | }
182 | #endif
183 | if let systemError = error as? SystemLanguageModel.Error {
| `- error: 'Error' is not a member type of class 'FoundationModels.SystemLanguageModel'
184 | switch systemError {
185 | case .assetsUnavailable:
FoundationModels.SystemLanguageModel:4:20: note: 'SystemLanguageModel' declared here
2 | @available(tvOS, unavailable)
3 | @available(watchOS, unavailable)
4 | final public class SystemLanguageModel : Sendable {
| `- note: 'SystemLanguageModel' declared here
5 | final public var availability: SystemLanguageModel.Availability { get }
6 | final public var isAvailable: Bool { get }
/Users/admin/builder/spi-builder-workspace/Sources/AI/Providers/FoundationModelsModel.swift:195:43: error: cannot find type 'LanguageModelError' in scope
193 | }
194 | }
195 | if let modelError = error as? LanguageModelError {
| `- error: cannot find type 'LanguageModelError' in scope
196 | switch modelError {
197 | case .contextSizeExceeded:
/Users/admin/builder/spi-builder-workspace/Sources/AI/Providers/FoundationModelsModel.swift:227:43: error: cannot find type 'LanguageModelError' in scope
225 | static func isContentFiltered(_ error: Error) -> Bool {
226 | if #available(iOS 27.0, macOS 27.0, visionOS 27.0, *) {
227 | if let modelError = error as? LanguageModelError {
| `- error: cannot find type 'LanguageModelError' in scope
228 | switch modelError {
229 | case .guardrailViolation, .refusal: return true
[76/136] Compiling AI ElevenLabsModels.swift
/Users/admin/builder/spi-builder-workspace/Sources/AI/Providers/FoundationModelsModel.swift:183:64: error: 'Error' is not a member type of class 'FoundationModels.SystemLanguageModel'
181 | }
182 | #endif
183 | if let systemError = error as? SystemLanguageModel.Error {
| `- error: 'Error' is not a member type of class 'FoundationModels.SystemLanguageModel'
184 | switch systemError {
185 | case .assetsUnavailable:
FoundationModels.SystemLanguageModel:4:20: note: 'SystemLanguageModel' declared here
2 | @available(tvOS, unavailable)
3 | @available(watchOS, unavailable)
4 | final public class SystemLanguageModel : Sendable {
| `- note: 'SystemLanguageModel' declared here
5 | final public var availability: SystemLanguageModel.Availability { get }
6 | final public var isAvailable: Bool { get }
/Users/admin/builder/spi-builder-workspace/Sources/AI/Providers/FoundationModelsModel.swift:195:43: error: cannot find type 'LanguageModelError' in scope
193 | }
194 | }
195 | if let modelError = error as? LanguageModelError {
| `- error: cannot find type 'LanguageModelError' in scope
196 | switch modelError {
197 | case .contextSizeExceeded:
/Users/admin/builder/spi-builder-workspace/Sources/AI/Providers/FoundationModelsModel.swift:227:43: error: cannot find type 'LanguageModelError' in scope
225 | static func isContentFiltered(_ error: Error) -> Bool {
226 | if #available(iOS 27.0, macOS 27.0, visionOS 27.0, *) {
227 | if let modelError = error as? LanguageModelError {
| `- error: cannot find type 'LanguageModelError' in scope
228 | switch modelError {
229 | case .guardrailViolation, .refusal: return true
[77/136] Compiling AI FileUploads.swift
/Users/admin/builder/spi-builder-workspace/Sources/AI/Providers/FoundationModelsModel.swift:183:64: error: 'Error' is not a member type of class 'FoundationModels.SystemLanguageModel'
181 | }
182 | #endif
183 | if let systemError = error as? SystemLanguageModel.Error {
| `- error: 'Error' is not a member type of class 'FoundationModels.SystemLanguageModel'
184 | switch systemError {
185 | case .assetsUnavailable:
FoundationModels.SystemLanguageModel:4:20: note: 'SystemLanguageModel' declared here
2 | @available(tvOS, unavailable)
3 | @available(watchOS, unavailable)
4 | final public class SystemLanguageModel : Sendable {
| `- note: 'SystemLanguageModel' declared here
5 | final public var availability: SystemLanguageModel.Availability { get }
6 | final public var isAvailable: Bool { get }
/Users/admin/builder/spi-builder-workspace/Sources/AI/Providers/FoundationModelsModel.swift:195:43: error: cannot find type 'LanguageModelError' in scope
193 | }
194 | }
195 | if let modelError = error as? LanguageModelError {
| `- error: cannot find type 'LanguageModelError' in scope
196 | switch modelError {
197 | case .contextSizeExceeded:
/Users/admin/builder/spi-builder-workspace/Sources/AI/Providers/FoundationModelsModel.swift:227:43: error: cannot find type 'LanguageModelError' in scope
225 | static func isContentFiltered(_ error: Error) -> Bool {
226 | if #available(iOS 27.0, macOS 27.0, visionOS 27.0, *) {
227 | if let modelError = error as? LanguageModelError {
| `- error: cannot find type 'LanguageModelError' in scope
228 | switch modelError {
229 | case .guardrailViolation, .refusal: return true
[78/136] Compiling AI FireworksModel.swift
/Users/admin/builder/spi-builder-workspace/Sources/AI/Providers/FoundationModelsModel.swift:183:64: error: 'Error' is not a member type of class 'FoundationModels.SystemLanguageModel'
181 | }
182 | #endif
183 | if let systemError = error as? SystemLanguageModel.Error {
| `- error: 'Error' is not a member type of class 'FoundationModels.SystemLanguageModel'
184 | switch systemError {
185 | case .assetsUnavailable:
FoundationModels.SystemLanguageModel:4:20: note: 'SystemLanguageModel' declared here
2 | @available(tvOS, unavailable)
3 | @available(watchOS, unavailable)
4 | final public class SystemLanguageModel : Sendable {
| `- note: 'SystemLanguageModel' declared here
5 | final public var availability: SystemLanguageModel.Availability { get }
6 | final public var isAvailable: Bool { get }
/Users/admin/builder/spi-builder-workspace/Sources/AI/Providers/FoundationModelsModel.swift:195:43: error: cannot find type 'LanguageModelError' in scope
193 | }
194 | }
195 | if let modelError = error as? LanguageModelError {
| `- error: cannot find type 'LanguageModelError' in scope
196 | switch modelError {
197 | case .contextSizeExceeded:
/Users/admin/builder/spi-builder-workspace/Sources/AI/Providers/FoundationModelsModel.swift:227:43: error: cannot find type 'LanguageModelError' in scope
225 | static func isContentFiltered(_ error: Error) -> Bool {
226 | if #available(iOS 27.0, macOS 27.0, visionOS 27.0, *) {
227 | if let modelError = error as? LanguageModelError {
| `- error: cannot find type 'LanguageModelError' in scope
228 | switch modelError {
229 | case .guardrailViolation, .refusal: return true
[79/136] Compiling AI FoundationModelsModel.swift
/Users/admin/builder/spi-builder-workspace/Sources/AI/Providers/FoundationModelsModel.swift:183:64: error: 'Error' is not a member type of class 'FoundationModels.SystemLanguageModel'
181 | }
182 | #endif
183 | if let systemError = error as? SystemLanguageModel.Error {
| `- error: 'Error' is not a member type of class 'FoundationModels.SystemLanguageModel'
184 | switch systemError {
185 | case .assetsUnavailable:
FoundationModels.SystemLanguageModel:4:20: note: 'SystemLanguageModel' declared here
2 | @available(tvOS, unavailable)
3 | @available(watchOS, unavailable)
4 | final public class SystemLanguageModel : Sendable {
| `- note: 'SystemLanguageModel' declared here
5 | final public var availability: SystemLanguageModel.Availability { get }
6 | final public var isAvailable: Bool { get }
/Users/admin/builder/spi-builder-workspace/Sources/AI/Providers/FoundationModelsModel.swift:195:43: error: cannot find type 'LanguageModelError' in scope
193 | }
194 | }
195 | if let modelError = error as? LanguageModelError {
| `- error: cannot find type 'LanguageModelError' in scope
196 | switch modelError {
197 | case .contextSizeExceeded:
/Users/admin/builder/spi-builder-workspace/Sources/AI/Providers/FoundationModelsModel.swift:227:43: error: cannot find type 'LanguageModelError' in scope
225 | static func isContentFiltered(_ error: Error) -> Bool {
226 | if #available(iOS 27.0, macOS 27.0, visionOS 27.0, *) {
227 | if let modelError = error as? LanguageModelError {
| `- error: cannot find type 'LanguageModelError' in scope
228 | switch modelError {
229 | case .guardrailViolation, .refusal: return true
[80/136] Compiling AI GoogleEmbeddingModel.swift
/Users/admin/builder/spi-builder-workspace/Sources/AI/Providers/FoundationModelsModel.swift:183:64: error: 'Error' is not a member type of class 'FoundationModels.SystemLanguageModel'
181 | }
182 | #endif
183 | if let systemError = error as? SystemLanguageModel.Error {
| `- error: 'Error' is not a member type of class 'FoundationModels.SystemLanguageModel'
184 | switch systemError {
185 | case .assetsUnavailable:
FoundationModels.SystemLanguageModel:4:20: note: 'SystemLanguageModel' declared here
2 | @available(tvOS, unavailable)
3 | @available(watchOS, unavailable)
4 | final public class SystemLanguageModel : Sendable {
| `- note: 'SystemLanguageModel' declared here
5 | final public var availability: SystemLanguageModel.Availability { get }
6 | final public var isAvailable: Bool { get }
/Users/admin/builder/spi-builder-workspace/Sources/AI/Providers/FoundationModelsModel.swift:195:43: error: cannot find type 'LanguageModelError' in scope
193 | }
194 | }
195 | if let modelError = error as? LanguageModelError {
| `- error: cannot find type 'LanguageModelError' in scope
196 | switch modelError {
197 | case .contextSizeExceeded:
/Users/admin/builder/spi-builder-workspace/Sources/AI/Providers/FoundationModelsModel.swift:227:43: error: cannot find type 'LanguageModelError' in scope
225 | static func isContentFiltered(_ error: Error) -> Bool {
226 | if #available(iOS 27.0, macOS 27.0, visionOS 27.0, *) {
227 | if let modelError = error as? LanguageModelError {
| `- error: cannot find type 'LanguageModelError' in scope
228 | switch modelError {
229 | case .guardrailViolation, .refusal: return true
[81/136] Compiling AI GoogleInteractionsModel.swift
/Users/admin/builder/spi-builder-workspace/Sources/AI/Providers/FoundationModelsModel.swift:183:64: error: 'Error' is not a member type of class 'FoundationModels.SystemLanguageModel'
181 | }
182 | #endif
183 | if let systemError = error as? SystemLanguageModel.Error {
| `- error: 'Error' is not a member type of class 'FoundationModels.SystemLanguageModel'
184 | switch systemError {
185 | case .assetsUnavailable:
FoundationModels.SystemLanguageModel:4:20: note: 'SystemLanguageModel' declared here
2 | @available(tvOS, unavailable)
3 | @available(watchOS, unavailable)
4 | final public class SystemLanguageModel : Sendable {
| `- note: 'SystemLanguageModel' declared here
5 | final public var availability: SystemLanguageModel.Availability { get }
6 | final public var isAvailable: Bool { get }
/Users/admin/builder/spi-builder-workspace/Sources/AI/Providers/FoundationModelsModel.swift:195:43: error: cannot find type 'LanguageModelError' in scope
193 | }
194 | }
195 | if let modelError = error as? LanguageModelError {
| `- error: cannot find type 'LanguageModelError' in scope
196 | switch modelError {
197 | case .contextSizeExceeded:
/Users/admin/builder/spi-builder-workspace/Sources/AI/Providers/FoundationModelsModel.swift:227:43: error: cannot find type 'LanguageModelError' in scope
225 | static func isContentFiltered(_ error: Error) -> Bool {
226 | if #available(iOS 27.0, macOS 27.0, visionOS 27.0, *) {
227 | if let modelError = error as? LanguageModelError {
| `- error: cannot find type 'LanguageModelError' in scope
228 | switch modelError {
229 | case .guardrailViolation, .refusal: return true
[82/136] Compiling AI TextStreamChatTransport.swift
[83/136] Compiling AI UIMessage.swift
[84/136] Compiling AI UIMessageChunk.swift
[85/136] Compiling AI UIMessageReducer.swift
[86/136] Compiling AI UIMessageStreamBuilder.swift
[87/136] Compiling AI ChatSession.swift
[88/136] Compiling AI CompletionSession.swift
[89/136] Compiling AI ObjectSession.swift
[90/136] Compiling AI JSONValue.swift
[91/136] Compiling AI MultipartForm.swift
[92/136] Compiling AI PartialJSON.swift
[93/136] Compiling AI ResponseURL.swift
[94/136] Compiling AI MCPToolDrift.swift
[95/136] Compiling AI AIGatewayModel.swift
[96/136] Compiling AI AlibabaModel.swift
[97/136] Compiling AI AnthropicModel.swift
[98/136] Compiling AI AnthropicPlatformClients.swift
[99/136] Compiling AI AzureOpenAIProvider.swift
[100/136] Compiling AI BasetenModel.swift
[101/136] Compiling AI BedrockMantleProvider.swift
[102/136] Compiling AI BedrockModel.swift
[103/136] Compiling AI BlackForestLabsModel.swift
[104/136] Compiling AI ByteDanceModel.swift
[105/136] Compiling AI CartesiaModel.swift
[106/136] Emitting module AI
[107/136] Compiling AI GoogleMediaModels.swift
[108/136] Compiling AI GoogleModel.swift
[109/136] Compiling AI GooglePlatformClients.swift
[110/136] Compiling AI GoogleVertexModel.swift
[111/136] Compiling AI GroqModel.swift
[112/136] Compiling AI HuggingFaceModel.swift
[113/136] Compiling AI KlingVideoModel.swift
[114/136] Compiling AI LMStudioModel.swift
[115/136] Compiling AI MediaGenerationPacks.swift
[116/136] Compiling AI MetaModel.swift
[117/136] Compiling AI MistralModel.swift
[118/136] Compiling AI MoonshotModel.swift
[119/136] Compiling AI AIError.swift
[120/136] Compiling AI Agent.swift
[121/136] Compiling AI Compaction.swift
[122/136] Compiling AI Embeddings.swift
[123/136] Compiling AI GenerateObject.swift
[124/136] Compiling AI GenerateText.swift
[125/136] Compiling AI ImageGeneration.swift
[126/136] Compiling AI LanguageModel.swift
[127/136] Compiling AI Message.swift
[128/136] Compiling AI Middleware.swift
[129/136] Compiling AI ModelContextWindows.swift
[130/136] Compiling AI ModelMiddleware.swift
BUILD FAILURE 6.2 macosSpm