The Swift Package Index logo.Swift Package Index

Build Information

Failed to build swift-server-gcp-vapor, reference 0.1.0 (41241d), with Swift 6.1 for Wasm on 28 Jun 2026 17:14:25 UTC.

Build Command

bash -c docker run --pull=always --rm -v "checkouts-53886768-0":/host -w "$PWD" -e JAVA_HOME="/root/.sdkman/candidates/java/current" -e SPI_BUILD="1" -e SPI_PROCESSING="1" registry.gitlab.com/saguaro1/spi-images:wasm-6.1-latest swift build --swift-sdk wasm32-unknown-wasi 2>&1

Build Log

========================================
RunAll
========================================
Builder version: 0e64495ecc1688c3b3e031a5ef1348b5c05091ae
Interrupt handler set up.
========================================
Checkout
========================================
Clone URL: https://github.com/Dean151/swift-server-gcp-vapor.git
Reference: 0.1.0
Initialized empty Git repository in /host/spi-builder-workspace/.git/
hint: Using 'master' as the name for the initial branch. This default branch name
hint: is subject to change. To configure the initial branch name to use in all
hint: of your new repositories, which will suppress this warning, call:
hint:
hint: 	git config --global init.defaultBranch <name>
hint:
hint: Names commonly chosen instead of 'master' are 'main', 'trunk' and
hint: 'development'. The just-created branch can be renamed via this command:
hint:
hint: 	git branch -m <name>
From https://github.com/Dean151/swift-server-gcp-vapor
 * tag               0.1.0      -> FETCH_HEAD
HEAD is now at 41241db chore: initial commit
Cloned https://github.com/Dean151/swift-server-gcp-vapor.git
Revision (git rev-parse @):
41241db8d590816184bb15a92a160e6b5bb4db81
SUCCESS checkout https://github.com/Dean151/swift-server-gcp-vapor.git at 0.1.0
========================================
Build
========================================
Selected platform:         wasm
Swift version:             6.1
Building package at path:  $PWD
https://github.com/Dean151/swift-server-gcp-vapor.git
https://github.com/Dean151/swift-server-gcp-vapor.git
WARNING: environment variable SUPPRESS_SWIFT_6_FLAGS is not set
Running build ...
bash -c docker run --pull=always --rm -v "checkouts-53886768-0":/host -w "$PWD" -e JAVA_HOME="/root/.sdkman/candidates/java/current" -e SPI_BUILD="1" -e SPI_PROCESSING="1" registry.gitlab.com/saguaro1/spi-images:wasm-6.1-latest swift build --swift-sdk wasm32-unknown-wasi -Xswiftc -Xfrontend -Xswiftc -stats-output-dir -Xswiftc -Xfrontend -Xswiftc .stats -Xswiftc -strict-concurrency=complete -Xswiftc -enable-upcoming-feature -Xswiftc StrictConcurrency -Xswiftc -enable-upcoming-feature -Xswiftc DisableOutwardActorInference -Xswiftc -enable-upcoming-feature -Xswiftc GlobalActorIsolatedTypesUsability -Xswiftc -enable-upcoming-feature -Xswiftc InferSendableFromCaptures 2>&1
wasm-6.1-latest: Pulling from saguaro1/spi-images
Digest: sha256:1ad245dad3d2ae0004e1afbc92334bd39884ed9ca587cf04d0a8d5f640fb02e9
Status: Image is up to date for registry.gitlab.com/saguaro1/spi-images:wasm-6.1-latest
Fetching https://github.com/Dean151/swift-server-gcp.git
Fetching https://github.com/vapor/vapor.git
[1/28] Fetching swift-server-gcp
[29/77468] Fetching swift-server-gcp, vapor
Fetched https://github.com/Dean151/swift-server-gcp.git from cache (1.41s)
Fetched https://github.com/vapor/vapor.git from cache (1.42s)
Computing version for https://github.com/Dean151/swift-server-gcp.git
Computed https://github.com/Dean151/swift-server-gcp.git at 0.1.0 (1.65s)
Fetching https://github.com/apple/swift-log.git
Fetching https://github.com/apple/swift-http-types.git
[1/7598] Fetching swift-log
[1825/8817] Fetching swift-log, swift-http-types
Fetched https://github.com/apple/swift-http-types.git from cache (0.45s)
Fetched https://github.com/apple/swift-log.git from cache (0.49s)
Computing version for https://github.com/apple/swift-http-types.git
Computed https://github.com/apple/swift-http-types.git at 1.6.0 (0.73s)
Computing version for https://github.com/apple/swift-log.git
Computed https://github.com/apple/swift-log.git at 1.14.0 (0.23s)
Computing version for https://github.com/vapor/vapor.git
Computed https://github.com/vapor/vapor.git at 4.121.4 (0.25s)
Fetching https://github.com/apple/swift-certificates.git
Fetching https://github.com/apple/swift-asn1.git
Fetching https://github.com/vapor/multipart-kit.git
Fetching https://github.com/vapor/websocket-kit.git
Fetching https://github.com/apple/swift-atomics.git
Fetching https://github.com/apple/swift-algorithms.git
[1/1868] Fetching swift-atomics
[20/3773] Fetching swift-atomics, swift-asn1
[229/7438] Fetching swift-atomics, swift-asn1, multipart-kit
[1309/10102] Fetching swift-atomics, swift-asn1, multipart-kit, websocket-kit
[3428/16165] Fetching swift-atomics, swift-asn1, multipart-kit, websocket-kit, swift-algorithms
[10945/23493] Fetching swift-atomics, swift-asn1, multipart-kit, websocket-kit, swift-algorithms, swift-certificates
Fetched https://github.com/apple/swift-algorithms.git from cache (0.53s)
[14133/17430] Fetching swift-atomics, swift-asn1, multipart-kit, websocket-kit, swift-certificates
Fetching https://github.com/apple/swift-service-context.git
[15379/18725] Fetching swift-atomics, swift-asn1, multipart-kit, websocket-kit, swift-certificates, swift-service-context
Fetched https://github.com/apple/swift-service-context.git from cache (0.47s)
Fetching https://github.com/apple/swift-distributed-tracing.git
[15415/17430] Fetching swift-atomics, swift-asn1, multipart-kit, websocket-kit, swift-certificates
Fetched https://github.com/vapor/websocket-kit.git from cache (1.18s)
Fetched https://github.com/apple/swift-asn1.git from cache (1.18s)
Fetched https://github.com/apple/swift-atomics.git from cache (1.18s)
Fetched https://github.com/apple/swift-certificates.git from cache (1.18s)
Fetching https://github.com/apple/swift-nio-extras.git
Fetching https://github.com/apple/swift-metrics.git
Fetching https://github.com/apple/swift-nio-http2.git
Fetched https://github.com/vapor/multipart-kit.git from cache (1.20s)
Fetching https://github.com/apple/swift-nio.git
[1/5815] Fetching swift-distributed-tracing
Fetched https://github.com/apple/swift-distributed-tracing.git from cache (0.51s)
Fetching https://github.com/vapor/routing-kit.git
[1/3320] Fetching swift-metrics
[3321/9863] Fetching swift-metrics, swift-nio-extras
Fetched https://github.com/apple/swift-metrics.git from cache (0.46s)
[589/6543] Fetching swift-nio-extras
Fetching https://github.com/apple/swift-crypto.git
[6544/18666] Fetching swift-nio-extras, swift-nio-http2
Fetching https://github.com/apple/swift-nio-ssl.git
[15516/40086] Fetching swift-nio-extras, swift-nio-http2, routing-kit
[19524/124240] Fetching swift-nio-extras, swift-nio-http2, routing-kit, swift-nio
Fetched https://github.com/apple/swift-nio-extras.git from cache (0.92s)
Fetching https://github.com/vapor/console-kit.git
[42495/117697] Fetching swift-nio-http2, routing-kit, swift-nio
Fetched https://github.com/apple/swift-nio-http2.git from cache (0.92s)
Fetching https://github.com/vapor/async-kit.git
[31213/105574] Fetching routing-kit, swift-nio
[54242/123335] Fetching routing-kit, swift-nio, swift-crypto
[56281/138910] Fetching routing-kit, swift-nio, swift-crypto, swift-nio-ssl
Fetched https://github.com/vapor/routing-kit.git from cache (0.78s)
[41002/117490] Fetching swift-nio, swift-crypto, swift-nio-ssl
Fetching https://github.com/swift-server/async-http-client.git
[48380/119986] Fetching swift-nio, swift-crypto, swift-nio-ssl, async-kit
[50270/126685] Fetching swift-nio, swift-crypto, swift-nio-ssl, async-kit, console-kit
[55909/124189] Fetching swift-nio, swift-crypto, swift-nio-ssl, console-kit
Fetched https://github.com/vapor/async-kit.git from cache (0.41s)
Fetched https://github.com/vapor/console-kit.git from cache (0.46s)
[54715/117490] Fetching swift-nio, swift-crypto, swift-nio-ssl
[92245/133462] Fetching swift-nio, swift-crypto, swift-nio-ssl, async-http-client
Fetched https://github.com/apple/swift-nio-ssl.git from cache (1.24s)
[80706/117887] Fetching swift-nio, swift-crypto, async-http-client
Fetched https://github.com/apple/swift-crypto.git from cache (1.40s)
[79930/100126] Fetching swift-nio, async-http-client
Fetched https://github.com/swift-server/async-http-client.git from cache (0.86s)
[68165/84154] Fetching swift-nio
Fetched https://github.com/apple/swift-nio.git from cache (3.14s)
Computing version for https://github.com/apple/swift-atomics.git
Computed https://github.com/apple/swift-atomics.git at 1.3.1 (4.58s)
Computing version for https://github.com/apple/swift-algorithms.git
Computed https://github.com/apple/swift-algorithms.git at 1.2.1 (0.91s)
Fetching https://github.com/apple/swift-numerics.git
[1/6429] Fetching swift-numerics
Fetched https://github.com/apple/swift-numerics.git from cache (0.88s)
Computing version for https://github.com/vapor/routing-kit.git
Computed https://github.com/vapor/routing-kit.git at 4.9.3 (1.10s)
Computing version for https://github.com/apple/swift-service-context.git
Computed https://github.com/apple/swift-service-context.git at 1.3.0 (0.21s)
Computing version for https://github.com/vapor/websocket-kit.git
Computed https://github.com/vapor/websocket-kit.git at 2.16.2 (0.21s)
Fetching https://github.com/apple/swift-nio-transport-services.git
[1/2860] Fetching swift-nio-transport-services
Fetched https://github.com/apple/swift-nio-transport-services.git from cache (0.46s)
Computing version for https://github.com/apple/swift-numerics.git
Computed https://github.com/apple/swift-numerics.git at 1.1.1 (0.68s)
Computing version for https://github.com/apple/swift-nio-ssl.git
Computed https://github.com/apple/swift-nio-ssl.git at 2.37.1 (0.24s)
Computing version for https://github.com/apple/swift-nio.git
Computed https://github.com/apple/swift-nio.git at 2.101.2 (0.43s)
Fetching https://github.com/apple/swift-collections.git
Fetching https://github.com/apple/swift-system.git
[1/25239] Fetching swift-collections
[2/31180] Fetching swift-collections, swift-system
Fetched https://github.com/apple/swift-system.git from cache (1.01s)
Fetched https://github.com/apple/swift-collections.git from cache (1.02s)
Computing version for https://github.com/vapor/console-kit.git
Computed https://github.com/vapor/console-kit.git at 4.16.0 (1.26s)
Computing version for https://github.com/vapor/async-kit.git
Computed https://github.com/vapor/async-kit.git at 1.22.0 (0.21s)
Computing version for https://github.com/apple/swift-collections.git
Computed https://github.com/apple/swift-collections.git at 1.6.0 (0.32s)
Computing version for https://github.com/apple/swift-certificates.git
Computed https://github.com/apple/swift-certificates.git at 1.19.2 (0.94s)
Computing version for https://github.com/apple/swift-asn1.git
Computed https://github.com/apple/swift-asn1.git at 1.7.1 (0.25s)
Computing version for https://github.com/apple/swift-distributed-tracing.git
Computed https://github.com/apple/swift-distributed-tracing.git at 1.4.1 (0.22s)
Computing version for https://github.com/apple/swift-metrics.git
Computed https://github.com/apple/swift-metrics.git at 2.11.0 (0.21s)
Computing version for https://github.com/vapor/multipart-kit.git
Computed https://github.com/vapor/multipart-kit.git at 4.7.1 (0.21s)
Computing version for https://github.com/apple/swift-system.git
Computed https://github.com/apple/swift-system.git at 1.7.2 (0.25s)
Computing version for https://github.com/apple/swift-crypto.git
Computed https://github.com/apple/swift-crypto.git at 4.5.0 (0.77s)
Computing version for https://github.com/apple/swift-nio-transport-services.git
Computed https://github.com/apple/swift-nio-transport-services.git at 1.28.0 (0.23s)
Computing version for https://github.com/apple/swift-nio-extras.git
Computed https://github.com/apple/swift-nio-extras.git at 1.34.1 (0.27s)
Fetching https://github.com/swift-server/swift-service-lifecycle.git
Fetching https://github.com/apple/swift-async-algorithms.git
Fetching https://github.com/apple/swift-http-structured-headers.git
[1/2764] Fetching swift-service-lifecycle
[610/4013] Fetching swift-service-lifecycle, swift-http-structured-headers
[4014/10566] Fetching swift-service-lifecycle, swift-http-structured-headers, swift-async-algorithms
Fetched https://github.com/apple/swift-http-structured-headers.git from cache (0.56s)
Fetched https://github.com/swift-server/swift-service-lifecycle.git from cache (0.56s)
Fetched https://github.com/apple/swift-async-algorithms.git from cache (0.56s)
Computing version for https://github.com/swift-server/swift-service-lifecycle.git
Computed https://github.com/swift-server/swift-service-lifecycle.git at 2.11.0 (0.80s)
Computing version for https://github.com/apple/swift-async-algorithms.git
Computed https://github.com/apple/swift-async-algorithms.git at 1.1.4 (0.27s)
Computing version for https://github.com/apple/swift-http-structured-headers.git
Computed https://github.com/apple/swift-http-structured-headers.git at 1.7.0 (0.22s)
Computing version for https://github.com/apple/swift-nio-http2.git
Computed https://github.com/apple/swift-nio-http2.git at 1.44.0 (0.24s)
Computing version for https://github.com/swift-server/async-http-client.git
Computed https://github.com/swift-server/async-http-client.git at 1.34.0 (0.25s)
Creating working copy for https://github.com/vapor/vapor.git
Working copy of https://github.com/vapor/vapor.git resolved at 4.121.4
Creating working copy for https://github.com/vapor/websocket-kit.git
Working copy of https://github.com/vapor/websocket-kit.git resolved at 2.16.2
Creating working copy for https://github.com/apple/swift-crypto.git
Working copy of https://github.com/apple/swift-crypto.git resolved at 4.5.0
Creating working copy for https://github.com/swift-server/swift-service-lifecycle.git
Working copy of https://github.com/swift-server/swift-service-lifecycle.git resolved at 2.11.0
Creating working copy for https://github.com/apple/swift-http-types.git
Working copy of https://github.com/apple/swift-http-types.git resolved at 1.6.0
Creating working copy for https://github.com/Dean151/swift-server-gcp.git
Working copy of https://github.com/Dean151/swift-server-gcp.git resolved at 0.1.0
Creating working copy for https://github.com/apple/swift-http-structured-headers.git
Working copy of https://github.com/apple/swift-http-structured-headers.git resolved at 1.7.0
Creating working copy for https://github.com/apple/swift-algorithms.git
Working copy of https://github.com/apple/swift-algorithms.git resolved at 1.2.1
Creating working copy for https://github.com/apple/swift-log.git
Working copy of https://github.com/apple/swift-log.git resolved at 1.14.0
Creating working copy for https://github.com/apple/swift-distributed-tracing.git
Working copy of https://github.com/apple/swift-distributed-tracing.git resolved at 1.4.1
Creating working copy for https://github.com/apple/swift-nio.git
Working copy of https://github.com/apple/swift-nio.git resolved at 2.101.2
Creating working copy for https://github.com/apple/swift-atomics.git
Working copy of https://github.com/apple/swift-atomics.git resolved at 1.3.1
Creating working copy for https://github.com/vapor/console-kit.git
Working copy of https://github.com/vapor/console-kit.git resolved at 4.16.0
Creating working copy for https://github.com/apple/swift-async-algorithms.git
Working copy of https://github.com/apple/swift-async-algorithms.git resolved at 1.1.4
Creating working copy for https://github.com/vapor/async-kit.git
Working copy of https://github.com/vapor/async-kit.git resolved at 1.22.0
Creating working copy for https://github.com/apple/swift-certificates.git
Working copy of https://github.com/apple/swift-certificates.git resolved at 1.19.2
Creating working copy for https://github.com/vapor/multipart-kit.git
Working copy of https://github.com/vapor/multipart-kit.git resolved at 4.7.1
Creating working copy for https://github.com/swift-server/async-http-client.git
Working copy of https://github.com/swift-server/async-http-client.git resolved at 1.34.0
Creating working copy for https://github.com/apple/swift-nio-http2.git
Working copy of https://github.com/apple/swift-nio-http2.git resolved at 1.44.0
Creating working copy for https://github.com/apple/swift-collections.git
Working copy of https://github.com/apple/swift-collections.git resolved at 1.6.0
Creating working copy for https://github.com/apple/swift-numerics.git
Working copy of https://github.com/apple/swift-numerics.git resolved at 1.1.1
Creating working copy for https://github.com/apple/swift-nio-transport-services.git
Working copy of https://github.com/apple/swift-nio-transport-services.git resolved at 1.28.0
Creating working copy for https://github.com/apple/swift-asn1.git
Working copy of https://github.com/apple/swift-asn1.git resolved at 1.7.1
Creating working copy for https://github.com/apple/swift-metrics.git
Working copy of https://github.com/apple/swift-metrics.git resolved at 2.11.0
Creating working copy for https://github.com/apple/swift-service-context.git
Working copy of https://github.com/apple/swift-service-context.git resolved at 1.3.0
Creating working copy for https://github.com/apple/swift-system.git
Working copy of https://github.com/apple/swift-system.git resolved at 1.7.2
Creating working copy for https://github.com/vapor/routing-kit.git
Working copy of https://github.com/vapor/routing-kit.git resolved at 4.9.3
Creating working copy for https://github.com/apple/swift-nio-extras.git
Working copy of https://github.com/apple/swift-nio-extras.git resolved at 1.34.1
Creating working copy for https://github.com/apple/swift-nio-ssl.git
Working copy of https://github.com/apple/swift-nio-ssl.git resolved at 2.37.1
Building for debugging...
[0/863] Write sources
[43/863] Compiling CNIOWindows shim.c
[43/863] Write sources
[43/863] Compiling CNIOWASI CNIOWASI.c
[43/863] Write sources
[48/863] Compiling _CWASI _CWASI.c
[49/863] Write sources
[58/863] Compiling CNIOWindows WSAStartup.c
[59/863] Compiling _NumericsShims _NumericsShims.c
[60/863] Compiling _AtomicsShims.c
[61/863] Compiling SimpleFIPS202.c
[62/863] Compiling CXKCPShims shims.c
[62/863] Compiling CNIOSHA1 c_nio_sha1.c
[64/863] Compiling CVaporBcrypt bcrypt.c
[65/863] Compiling KeccakSponge.c
[66/863] Compiling CVaporBcrypt blf.c
[67/863] Compiling CNIOPosix event_loop_id.c
[68/863] Compiling CSystem shims.c
[69/863] Compiling KeccakHash.c
[70/863] Compiling CNIOOpenBSD shim.c
[71/863] Compiling CNIOLinux shim.c
[72/863] Compiling CNIOLinux liburing_shims.c
[73/863] Compiling CNIOFreeBSD shim.c
[74/863] Compiling CNIOLLHTTP c_nio_http.c
[75/863] Compiling CNIOExtrasZlib zutil.c
[76/863] Compiling CNIOLLHTTP c_nio_api.c
[77/863] Compiling CNIOExtrasZlib inftrees.c
[78/863] Compiling CNIOExtrasZlib inffast.c
[79/863] Compiling CNIOExtrasZlib trees.c
[80/863] Compiling CNIODarwin shim.c
[81/863] Compiling CNIOExtrasZlib crc32.c
[82/863] Compiling CNIOExtrasZlib adler32.c
[83/863] Write swift-version-24593BA9C3E375BF.txt
[84/863] Compiling CNIOExtrasZlib inflate.c
[85/863] Compiling fiat_p256_adx_sqr.S
[86/863] Compiling fiat_p256_adx_mul.S
[87/863] Compiling CNIOExtrasZlib deflate.c
[88/863] Compiling fiat_curve25519_adx_square.S
[89/924] Compiling CNIOBoringSSLShims shims.c
[91/927] Emitting module SystemPackage
[91/932] Compiling CNIOLLHTTP c_nio_llhttp.c
[93/943] Compiling ServiceContextModule ServiceContextKey.swift
<unknown>:0: warning: upcoming feature 'InferSendableFromCaptures' is already enabled as of Swift version 6
<unknown>:0: warning: upcoming feature 'GlobalActorIsolatedTypesUsability' is already enabled as of Swift version 6
<unknown>:0: warning: upcoming feature 'DisableOutwardActorInference' is already enabled as of Swift version 6
[94/943] Compiling SwiftASN1 ASN1OctetString.swift
<unknown>:0: warning: upcoming feature 'InferSendableFromCaptures' is already enabled as of Swift version 6
<unknown>:0: warning: upcoming feature 'GlobalActorIsolatedTypesUsability' is already enabled as of Swift version 6
<unknown>:0: warning: upcoming feature 'DisableOutwardActorInference' is already enabled as of Swift version 6
[95/943] Compiling SwiftASN1 ASN1Strings.swift
<unknown>:0: warning: upcoming feature 'InferSendableFromCaptures' is already enabled as of Swift version 6
<unknown>:0: warning: upcoming feature 'GlobalActorIsolatedTypesUsability' is already enabled as of Swift version 6
<unknown>:0: warning: upcoming feature 'DisableOutwardActorInference' is already enabled as of Swift version 6
[96/945] Emitting module _CertificateInternals
<unknown>:0: warning: upcoming feature 'InferSendableFromCaptures' is already enabled as of Swift version 6
<unknown>:0: warning: upcoming feature 'GlobalActorIsolatedTypesUsability' is already enabled as of Swift version 6
<unknown>:0: warning: upcoming feature 'DisableOutwardActorInference' is already enabled as of Swift version 6
[97/945] Compiling _CertificateInternals _TinyArray.swift
<unknown>:0: warning: upcoming feature 'InferSendableFromCaptures' is already enabled as of Swift version 6
<unknown>:0: warning: upcoming feature 'GlobalActorIsolatedTypesUsability' is already enabled as of Swift version 6
<unknown>:0: warning: upcoming feature 'DisableOutwardActorInference' is already enabled as of Swift version 6
[98/946] Compiling RealModule AugmentedArithmetic.swift
[99/946] Compiling RealModule Double+Real.swift
[101/947] Compiling RealModule AlgebraicField.swift
<unknown>:0: warning: upcoming feature 'InferSendableFromCaptures' is already enabled as of Swift version 6
<unknown>:0: warning: upcoming feature 'GlobalActorIsolatedTypesUsability' is already enabled as of Swift version 6
<unknown>:0: warning: upcoming feature 'DisableOutwardActorInference' is already enabled as of Swift version 6
[102/947] Compiling RealModule ApproximateEquality.swift
<unknown>:0: warning: upcoming feature 'InferSendableFromCaptures' is already enabled as of Swift version 6
<unknown>:0: warning: upcoming feature 'GlobalActorIsolatedTypesUsability' is already enabled as of Swift version 6
<unknown>:0: warning: upcoming feature 'DisableOutwardActorInference' is already enabled as of Swift version 6
<unknown>:0: warning: upcoming feature 'InferSendableFromCaptures' is already enabled as of Swift version 6
<unknown>:0: warning: upcoming feature 'GlobalActorIsolatedTypesUsability' is already enabled as of Swift version 6
<unknown>:0: warning: upcoming feature 'DisableOutwardActorInference' is already enabled as of Swift version 6
<unknown>:0: warning: upcoming feature 'InferSendableFromCaptures' is already enabled as of Swift version 6
<unknown>:0: warning: upcoming feature 'GlobalActorIsolatedTypesUsability' is already enabled as of Swift version 6
<unknown>:0: warning: upcoming feature 'DisableOutwardActorInference' is already enabled as of Swift version 6
[105/947] Compiling RealModule ElementaryFunctions.swift
<unknown>:0: warning: upcoming feature 'InferSendableFromCaptures' is already enabled as of Swift version 6
<unknown>:0: warning: upcoming feature 'GlobalActorIsolatedTypesUsability' is already enabled as of Swift version 6
<unknown>:0: warning: upcoming feature 'DisableOutwardActorInference' is already enabled as of Swift version 6
[106/947] Compiling RealModule Float+Real.swift
<unknown>:0: warning: upcoming feature 'InferSendableFromCaptures' is already enabled as of Swift version 6
<unknown>:0: warning: upcoming feature 'GlobalActorIsolatedTypesUsability' is already enabled as of Swift version 6
<unknown>:0: warning: upcoming feature 'DisableOutwardActorInference' is already enabled as of Swift version 6
[107/947] Compiling RealModule RelaxedArithmetic.swift
[108/947] Compiling RealModule Real.swift
[109/947] Compiling RealModule RealFunctions.swift
[110/947] Compiling _NIODataStructures _TinyArray.swift
<unknown>:0: warning: upcoming feature 'InferSendableFromCaptures' is already enabled as of Swift version 6
<unknown>:0: warning: upcoming feature 'GlobalActorIsolatedTypesUsability' is already enabled as of Swift version 6
<unknown>:0: warning: upcoming feature 'DisableOutwardActorInference' is already enabled as of Swift version 6
[113/947] Compiling SystemPackage SystemString.swift
[114/947] Compiling SystemPackage Util+StringArray.swift
[115/947] Emitting module _NIOBase64
<unknown>:0: warning: upcoming feature 'InferSendableFromCaptures' is already enabled as of Swift version 6
<unknown>:0: warning: upcoming feature 'GlobalActorIsolatedTypesUsability' is already enabled as of Swift version 6
<unknown>:0: warning: upcoming feature 'DisableOutwardActorInference' is already enabled as of Swift version 6
[116/947] Compiling _NIOBase64 Base64.swift
<unknown>:0: warning: upcoming feature 'InferSendableFromCaptures' is already enabled as of Swift version 6
<unknown>:0: warning: upcoming feature 'GlobalActorIsolatedTypesUsability' is already enabled as of Swift version 6
<unknown>:0: warning: upcoming feature 'DisableOutwardActorInference' is already enabled as of Swift version 6
[117/947] Compiling SystemPackage Util.swift
[118/947] Compiling SystemPackage UtilConsumers.swift
[119/947] Compiling SystemPackage WinSDK+Overlay.swift
[120/959] Emitting module RealModule
[121/959] Compiling Logging MultiplexLogHandler.swift
[122/959] Compiling Logging StreamLogHandler.swift
[123/959] Compiling SwiftASN1 TimeUtilities.swift
<unknown>:0: warning: upcoming feature 'InferSendableFromCaptures' is already enabled as of Swift version 6
<unknown>:0: warning: upcoming feature 'GlobalActorIsolatedTypesUsability' is already enabled as of Swift version 6
<unknown>:0: warning: upcoming feature 'DisableOutwardActorInference' is already enabled as of Swift version 6
[124/959] Compiling SwiftASN1 UTCTime.swift
<unknown>:0: warning: upcoming feature 'InferSendableFromCaptures' is already enabled as of Swift version 6
<unknown>:0: warning: upcoming feature 'GlobalActorIsolatedTypesUsability' is already enabled as of Swift version 6
<unknown>:0: warning: upcoming feature 'DisableOutwardActorInference' is already enabled as of Swift version 6
[126/959] Emitting module SwiftASN1
<unknown>:0: warning: upcoming feature 'InferSendableFromCaptures' is already enabled as of Swift version 6
<unknown>:0: warning: upcoming feature 'GlobalActorIsolatedTypesUsability' is already enabled as of Swift version 6
<unknown>:0: warning: upcoming feature 'DisableOutwardActorInference' is already enabled as of Swift version 6
[127/959] Compiling RealModule Float80+Real.swift
[128/959] Compiling RealModule Float16+Real.swift
[129/960] Compiling Logging LoggingSystem.swift
<unknown>:0: warning: upcoming feature 'InferSendableFromCaptures' is already enabled as of Swift version 6
<unknown>:0: warning: upcoming feature 'GlobalActorIsolatedTypesUsability' is already enabled as of Swift version 6
<unknown>:0: warning: upcoming feature 'DisableOutwardActorInference' is already enabled as of Swift version 6
[130/961] Emitting module ServiceContextModule
<unknown>:0: warning: upcoming feature 'InferSendableFromCaptures' is already enabled as of Swift version 6
<unknown>:0: warning: upcoming feature 'GlobalActorIsolatedTypesUsability' is already enabled as of Swift version 6
<unknown>:0: warning: upcoming feature 'DisableOutwardActorInference' is already enabled as of Swift version 6
[131/961] Compiling ServiceContextModule ServiceContext.swift
<unknown>:0: warning: upcoming feature 'InferSendableFromCaptures' is already enabled as of Swift version 6
<unknown>:0: warning: upcoming feature 'GlobalActorIsolatedTypesUsability' is already enabled as of Swift version 6
<unknown>:0: warning: upcoming feature 'DisableOutwardActorInference' is already enabled as of Swift version 6
[132/961] Compiling SwiftASN1 DER.swift
<unknown>:0: warning: upcoming feature 'InferSendableFromCaptures' is already enabled as of Swift version 6
<unknown>:0: warning: upcoming feature 'GlobalActorIsolatedTypesUsability' is already enabled as of Swift version 6
<unknown>:0: warning: upcoming feature 'DisableOutwardActorInference' is already enabled as of Swift version 6
[133/961] Compiling SwiftASN1 Errors.swift
<unknown>:0: warning: upcoming feature 'InferSendableFromCaptures' is already enabled as of Swift version 6
<unknown>:0: warning: upcoming feature 'GlobalActorIsolatedTypesUsability' is already enabled as of Swift version 6
<unknown>:0: warning: upcoming feature 'DisableOutwardActorInference' is already enabled as of Swift version 6
[136/980] Compiling Logging MetadataProvider.swift
<unknown>:0: warning: upcoming feature 'InferSendableFromCaptures' is already enabled as of Swift version 6
<unknown>:0: warning: upcoming feature 'GlobalActorIsolatedTypesUsability' is already enabled as of Swift version 6
<unknown>:0: warning: upcoming feature 'DisableOutwardActorInference' is already enabled as of Swift version 6
[137/980] Compiling SystemPackage RawBuffer.swift
[138/980] Compiling SystemPackage Syscalls.swift
[139/980] Compiling SystemPackage WindowsSyscallAdapters.swift
[140/980] Compiling SystemPackage MachPort.swift
[141/980] Compiling SystemPackage PlatformString.swift
[142/980] Compiling _NIODataStructures PriorityQueue.swift
<unknown>:0: warning: upcoming feature 'InferSendableFromCaptures' is already enabled as of Swift version 6
<unknown>:0: warning: upcoming feature 'GlobalActorIsolatedTypesUsability' is already enabled as of Swift version 6
<unknown>:0: warning: upcoming feature 'DisableOutwardActorInference' is already enabled as of Swift version 6
[143/984] Compiling _NIODataStructures Heap.swift
<unknown>:0: warning: upcoming feature 'InferSendableFromCaptures' is already enabled as of Swift version 6
<unknown>:0: warning: upcoming feature 'GlobalActorIsolatedTypesUsability' is already enabled as of Swift version 6
<unknown>:0: warning: upcoming feature 'DisableOutwardActorInference' is already enabled as of Swift version 6
[144/986] Emitting module _NIODataStructures
<unknown>:0: warning: upcoming feature 'InferSendableFromCaptures' is already enabled as of Swift version 6
<unknown>:0: warning: upcoming feature 'GlobalActorIsolatedTypesUsability' is already enabled as of Swift version 6
<unknown>:0: warning: upcoming feature 'DisableOutwardActorInference' is already enabled as of Swift version 6
[145/990] Compiling InternalCollectionsUtilities UnsafeBufferPointer+Extras.swift
[146/990] Compiling InternalCollectionsUtilities UnsafeMutableBufferPointer+Extras.swift
[148/990] Compiling SystemPackage FileType.swift
[149/990] Compiling SystemPackage Identifiers.swift
[150/990] Compiling SystemPackage Stat.swift
[151/990] Compiling SystemPackage IOCompletion.swift
[152/990] Compiling SystemPackage IORequest.swift
[153/990] Compiling SystemPackage IORing.swift
[154/990] Compiling SystemPackage RawIORequest.swift
[155/990] Compiling SystemPackage Backcompat.swift
[156/990] Compiling SystemPackage CInterop.swift
[157/990] Compiling SystemPackage Constants.swift
[158/990] Compiling SystemPackage Exports.swift
[159/990] Compiling SystemPackage Mocking.swift
[160/990] Compiling InternalCollectionsUtilities UInt+reversed.swift
[161/990] Compiling InternalCollectionsUtilities LifetimeOverride.swift
[162/990] Compiling InternalCollectionsUtilities RandomAccessCollection+Offsets.swift
[163/990] Compiling InternalCollectionsUtilities Span+Extras.swift
[164/990] Compiling InternalCollectionsUtilities _UnsafeBitSet+_Word.swift
[165/990] Compiling InternalCollectionsUtilities _UnsafeBitSet.swift
[166/990] Compiling InternalCollectionsUtilities String+Padding.swift
[167/990] Compiling InternalCollectionsUtilities _UnsafeBitSet+Index.swift
[168/990] Compiling InternalCollectionsUtilities UnsafeMutableRawBufferPointer+Extras.swift
[169/990] Compiling InternalCollectionsUtilities UnsafeRawBufferPointer+Extras.swift
[170/990] Compiling HTTPTypes HTTPField.swift
[171/990] Compiling HTTPTypes HTTPFieldName.swift
[172/990] Compiling InternalCollectionsUtilities FixedWidthInteger+roundUpToPowerOfTwo.swift
[173/990] Compiling InternalCollectionsUtilities Integer rank.swift
[174/990] Compiling InternalCollectionsUtilities UInt+first and last set bit.swift
<unknown>:0: warning: upcoming feature 'InferSendableFromCaptures' is already enabled as of Swift version 6
<unknown>:0: warning: upcoming feature 'GlobalActorIsolatedTypesUsability' is already enabled as of Swift version 6
<unknown>:0: warning: upcoming feature 'DisableOutwardActorInference' is already enabled as of Swift version 6
<unknown>:0: warning: upcoming feature 'InferSendableFromCaptures' is already enabled as of Swift version 6
<unknown>:0: warning: upcoming feature 'GlobalActorIsolatedTypesUsability' is already enabled as of Swift version 6
<unknown>:0: warning: upcoming feature 'DisableOutwardActorInference' is already enabled as of Swift version 6
<unknown>:0: warning: upcoming feature 'InferSendableFromCaptures' is already enabled as of Swift version 6
<unknown>:0: warning: upcoming feature 'GlobalActorIsolatedTypesUsability' is already enabled as of Swift version 6
<unknown>:0: warning: upcoming feature 'DisableOutwardActorInference' is already enabled as of Swift version 6
<unknown>:0: warning: upcoming feature 'InferSendableFromCaptures' is already enabled as of Swift version 6
<unknown>:0: warning: upcoming feature 'GlobalActorIsolatedTypesUsability' is already enabled as of Swift version 6
<unknown>:0: warning: upcoming feature 'DisableOutwardActorInference' is already enabled as of Swift version 6
<unknown>:0: warning: upcoming feature 'InferSendableFromCaptures' is already enabled as of Swift version 6
<unknown>:0: warning: upcoming feature 'GlobalActorIsolatedTypesUsability' is already enabled as of Swift version 6
<unknown>:0: warning: upcoming feature 'DisableOutwardActorInference' is already enabled as of Swift version 6
<unknown>:0: warning: upcoming feature 'InferSendableFromCaptures' is already enabled as of Swift version 6
<unknown>:0: warning: upcoming feature 'GlobalActorIsolatedTypesUsability' is already enabled as of Swift version 6
<unknown>:0: warning: upcoming feature 'DisableOutwardActorInference' is already enabled as of Swift version 6
<unknown>:0: warning: upcoming feature 'InferSendableFromCaptures' is already enabled as of Swift version 6
<unknown>:0: warning: upcoming feature 'GlobalActorIsolatedTypesUsability' is already enabled as of Swift version 6
<unknown>:0: warning: upcoming feature 'DisableOutwardActorInference' is already enabled as of Swift version 6
<unknown>:0: warning: upcoming feature 'InferSendableFromCaptures' is already enabled as of Swift version 6
<unknown>:0: warning: upcoming feature 'GlobalActorIsolatedTypesUsability' is already enabled as of Swift version 6
<unknown>:0: warning: upcoming feature 'DisableOutwardActorInference' is already enabled as of Swift version 6
[185/999] Compiling InternalCollectionsUtilities _SortedCollection.swift
<unknown>:0: warning: upcoming feature 'InferSendableFromCaptures' is already enabled as of Swift version 6
<unknown>:0: warning: upcoming feature 'GlobalActorIsolatedTypesUsability' is already enabled as of Swift version 6
<unknown>:0: warning: upcoming feature 'DisableOutwardActorInference' is already enabled as of Swift version 6
[186/999] Compiling InternalCollectionsUtilities _UniqueCollection.swift
<unknown>:0: warning: upcoming feature 'InferSendableFromCaptures' is already enabled as of Swift version 6
<unknown>:0: warning: upcoming feature 'GlobalActorIsolatedTypesUsability' is already enabled as of Swift version 6
<unknown>:0: warning: upcoming feature 'DisableOutwardActorInference' is already enabled as of Swift version 6
[186/1005] Compiling fiat_curve25519_adx_mul.S
[188/1005] Compiling CoreMetrics WithMetricsFactory.swift
<unknown>:0: warning: upcoming feature 'InferSendableFromCaptures' is already enabled as of Swift version 6
<unknown>:0: warning: upcoming feature 'GlobalActorIsolatedTypesUsability' is already enabled as of Swift version 6
<unknown>:0: warning: upcoming feature 'DisableOutwardActorInference' is already enabled as of Swift version 6
<unknown>:0: warning: upcoming feature 'InferSendableFromCaptures' is already enabled as of Swift version 6
<unknown>:0: warning: upcoming feature 'GlobalActorIsolatedTypesUsability' is already enabled as of Swift version 6
<unknown>:0: warning: upcoming feature 'DisableOutwardActorInference' is already enabled as of Swift version 6
<unknown>:0: warning: upcoming feature 'InferSendableFromCaptures' is already enabled as of Swift version 6
<unknown>:0: warning: upcoming feature 'GlobalActorIsolatedTypesUsability' is already enabled as of Swift version 6
<unknown>:0: warning: upcoming feature 'DisableOutwardActorInference' is already enabled as of Swift version 6
<unknown>:0: warning: upcoming feature 'InferSendableFromCaptures' is already enabled as of Swift version 6
<unknown>:0: warning: upcoming feature 'GlobalActorIsolatedTypesUsability' is already enabled as of Swift version 6
<unknown>:0: warning: upcoming feature 'DisableOutwardActorInference' is already enabled as of Swift version 6
<unknown>:0: warning: upcoming feature 'InferSendableFromCaptures' is already enabled as of Swift version 6
<unknown>:0: warning: upcoming feature 'GlobalActorIsolatedTypesUsability' is already enabled as of Swift version 6
<unknown>:0: warning: upcoming feature 'DisableOutwardActorInference' is already enabled as of Swift version 6
<unknown>:0: warning: upcoming feature 'InferSendableFromCaptures' is already enabled as of Swift version 6
<unknown>:0: warning: upcoming feature 'GlobalActorIsolatedTypesUsability' is already enabled as of Swift version 6
<unknown>:0: warning: upcoming feature 'DisableOutwardActorInference' is already enabled as of Swift version 6
<unknown>:0: warning: upcoming feature 'InferSendableFromCaptures' is already enabled as of Swift version 6
<unknown>:0: warning: upcoming feature 'GlobalActorIsolatedTypesUsability' is already enabled as of Swift version 6
<unknown>:0: warning: upcoming feature 'DisableOutwardActorInference' is already enabled as of Swift version 6
<unknown>:0: warning: upcoming feature 'InferSendableFromCaptures' is already enabled as of Swift version 6
<unknown>:0: warning: upcoming feature 'GlobalActorIsolatedTypesUsability' is already enabled as of Swift version 6
<unknown>:0: warning: upcoming feature 'DisableOutwardActorInference' is already enabled as of Swift version 6
<unknown>:0: warning: upcoming feature 'InferSendableFromCaptures' is already enabled as of Swift version 6
<unknown>:0: warning: upcoming feature 'GlobalActorIsolatedTypesUsability' is already enabled as of Swift version 6
<unknown>:0: warning: upcoming feature 'DisableOutwardActorInference' is already enabled as of Swift version 6
<unknown>:0: warning: upcoming feature 'InferSendableFromCaptures' is already enabled as of Swift version 6
<unknown>:0: warning: upcoming feature 'GlobalActorIsolatedTypesUsability' is already enabled as of Swift version 6
<unknown>:0: warning: upcoming feature 'DisableOutwardActorInference' is already enabled as of Swift version 6
<unknown>:0: warning: upcoming feature 'InferSendableFromCaptures' is already enabled as of Swift version 6
<unknown>:0: warning: upcoming feature 'GlobalActorIsolatedTypesUsability' is already enabled as of Swift version 6
<unknown>:0: warning: upcoming feature 'DisableOutwardActorInference' is already enabled as of Swift version 6
<unknown>:0: warning: upcoming feature 'InferSendableFromCaptures' is already enabled as of Swift version 6
<unknown>:0: warning: upcoming feature 'GlobalActorIsolatedTypesUsability' is already enabled as of Swift version 6
<unknown>:0: warning: upcoming feature 'DisableOutwardActorInference' is already enabled as of Swift version 6
[201/1005] Compiling HTTPTypes HTTPRequest+URL.swift
<unknown>:0: warning: upcoming feature 'InferSendableFromCaptures' is already enabled as of Swift version 6
<unknown>:0: warning: upcoming feature 'GlobalActorIsolatedTypesUsability' is already enabled as of Swift version 6
<unknown>:0: warning: upcoming feature 'DisableOutwardActorInference' is already enabled as of Swift version 6
[202/1006] Emitting module Instrumentation
<unknown>:0: warning: upcoming feature 'InferSendableFromCaptures' is already enabled as of Swift version 6
<unknown>:0: warning: upcoming feature 'GlobalActorIsolatedTypesUsability' is already enabled as of Swift version 6
<unknown>:0: warning: upcoming feature 'DisableOutwardActorInference' is already enabled as of Swift version 6
[203/1006] Compiling Instrumentation Instrument.swift
<unknown>:0: warning: upcoming feature 'InferSendableFromCaptures' is already enabled as of Swift version 6
<unknown>:0: warning: upcoming feature 'GlobalActorIsolatedTypesUsability' is already enabled as of Swift version 6
<unknown>:0: warning: upcoming feature 'DisableOutwardActorInference' is already enabled as of Swift version 6
[204/1006] Compiling Instrumentation NoOpInstrument.swift
<unknown>:0: warning: upcoming feature 'InferSendableFromCaptures' is already enabled as of Swift version 6
<unknown>:0: warning: upcoming feature 'GlobalActorIsolatedTypesUsability' is already enabled as of Swift version 6
<unknown>:0: warning: upcoming feature 'DisableOutwardActorInference' is already enabled as of Swift version 6
<unknown>:0: warning: upcoming feature 'InferSendableFromCaptures' is already enabled as of Swift version 6
<unknown>:0: warning: upcoming feature 'GlobalActorIsolatedTypesUsability' is already enabled as of Swift version 6
<unknown>:0: warning: upcoming feature 'DisableOutwardActorInference' is already enabled as of Swift version 6
<unknown>:0: warning: upcoming feature 'InferSendableFromCaptures' is already enabled as of Swift version 6
<unknown>:0: warning: upcoming feature 'GlobalActorIsolatedTypesUsability' is already enabled as of Swift version 6
<unknown>:0: warning: upcoming feature 'DisableOutwardActorInference' is already enabled as of Swift version 6
<unknown>:0: warning: upcoming feature 'InferSendableFromCaptures' is already enabled as of Swift version 6
<unknown>:0: warning: upcoming feature 'GlobalActorIsolatedTypesUsability' is already enabled as of Swift version 6
<unknown>:0: warning: upcoming feature 'DisableOutwardActorInference' is already enabled as of Swift version 6
[208/1006] Compiling Instrumentation InstrumentationSystem.swift
<unknown>:0: warning: upcoming feature 'InferSendableFromCaptures' is already enabled as of Swift version 6
<unknown>:0: warning: upcoming feature 'GlobalActorIsolatedTypesUsability' is already enabled as of Swift version 6
<unknown>:0: warning: upcoming feature 'DisableOutwardActorInference' is already enabled as of Swift version 6
[209/1006] Compiling Instrumentation MultiplexInstrument.swift
<unknown>:0: warning: upcoming feature 'InferSendableFromCaptures' is already enabled as of Swift version 6
<unknown>:0: warning: upcoming feature 'GlobalActorIsolatedTypesUsability' is already enabled as of Swift version 6
<unknown>:0: warning: upcoming feature 'DisableOutwardActorInference' is already enabled as of Swift version 6
[210/1006] Compiling Instrumentation Locks.swift
<unknown>:0: warning: upcoming feature 'InferSendableFromCaptures' is already enabled as of Swift version 6
<unknown>:0: warning: upcoming feature 'GlobalActorIsolatedTypesUsability' is already enabled as of Swift version 6
<unknown>:0: warning: upcoming feature 'DisableOutwardActorInference' is already enabled as of Swift version 6
[211/1007] Compiling HTTPTypes ISOLatin1String.swift
<unknown>:0: warning: upcoming feature 'InferSendableFromCaptures' is already enabled as of Swift version 6
<unknown>:0: warning: upcoming feature 'GlobalActorIsolatedTypesUsability' is already enabled as of Swift version 6
<unknown>:0: warning: upcoming feature 'DisableOutwardActorInference' is already enabled as of Swift version 6
[212/1007] Compiling Logging Logger.swift
<unknown>:0: warning: upcoming feature 'InferSendableFromCaptures' is already enabled as of Swift version 6
<unknown>:0: warning: upcoming feature 'GlobalActorIsolatedTypesUsability' is already enabled as of Swift version 6
<unknown>:0: warning: upcoming feature 'DisableOutwardActorInference' is already enabled as of Swift version 6
[213/1007] Compiling Logging Logger+With.swift
unable to find node: pound
unable to find node: pound
<unknown>:0: warning: upcoming feature 'InferSendableFromCaptures' is already enabled as of Swift version 6
<unknown>:0: warning: upcoming feature 'GlobalActorIsolatedTypesUsability' is already enabled as of Swift version 6
<unknown>:0: warning: upcoming feature 'DisableOutwardActorInference' is already enabled as of Swift version 6
[214/1007] Compiling Logging Logger+Attributes.swift
<unknown>:0: warning: upcoming feature 'InferSendableFromCaptures' is already enabled as of Swift version 6
<unknown>:0: warning: upcoming feature 'GlobalActorIsolatedTypesUsability' is already enabled as of Swift version 6
<unknown>:0: warning: upcoming feature 'DisableOutwardActorInference' is already enabled as of Swift version 6
[215/1007] Emitting module Logging
unable to find node: pound
unable to find node: pound
<unknown>:0: warning: upcoming feature 'InferSendableFromCaptures' is already enabled as of Swift version 6
<unknown>:0: warning: upcoming feature 'GlobalActorIsolatedTypesUsability' is already enabled as of Swift version 6
<unknown>:0: warning: upcoming feature 'DisableOutwardActorInference' is already enabled as of Swift version 6
<unknown>:0: warning: upcoming feature 'InferSendableFromCaptures' is already enabled as of Swift version 6
<unknown>:0: warning: upcoming feature 'GlobalActorIsolatedTypesUsability' is already enabled as of Swift version 6
<unknown>:0: warning: upcoming feature 'DisableOutwardActorInference' is already enabled as of Swift version 6
<unknown>:0: warning: upcoming feature 'InferSendableFromCaptures' is already enabled as of Swift version 6
<unknown>:0: warning: upcoming feature 'GlobalActorIsolatedTypesUsability' is already enabled as of Swift version 6
<unknown>:0: warning: upcoming feature 'DisableOutwardActorInference' is already enabled as of Swift version 6
[219/1008] Compiling HTTPTypes NIOLock.swift
<unknown>:0: warning: upcoming feature 'InferSendableFromCaptures' is already enabled as of Swift version 6
<unknown>:0: warning: upcoming feature 'GlobalActorIsolatedTypesUsability' is already enabled as of Swift version 6
<unknown>:0: warning: upcoming feature 'DisableOutwardActorInference' is already enabled as of Swift version 6
[221/1008] Emitting module CoreMetrics
<unknown>:0: warning: upcoming feature 'InferSendableFromCaptures' is already enabled as of Swift version 6
<unknown>:0: warning: upcoming feature 'GlobalActorIsolatedTypesUsability' is already enabled as of Swift version 6
<unknown>:0: warning: upcoming feature 'DisableOutwardActorInference' is already enabled as of Swift version 6
<unknown>:0: warning: upcoming feature 'InferSendableFromCaptures' is already enabled as of Swift version 6
<unknown>:0: warning: upcoming feature 'GlobalActorIsolatedTypesUsability' is already enabled as of Swift version 6
<unknown>:0: warning: upcoming feature 'DisableOutwardActorInference' is already enabled as of Swift version 6
<unknown>:0: warning: upcoming feature 'InferSendableFromCaptures' is already enabled as of Swift version 6
<unknown>:0: warning: upcoming feature 'GlobalActorIsolatedTypesUsability' is already enabled as of Swift version 6
<unknown>:0: warning: upcoming feature 'DisableOutwardActorInference' is already enabled as of Swift version 6
<unknown>:0: warning: upcoming feature 'InferSendableFromCaptures' is already enabled as of Swift version 6
<unknown>:0: warning: upcoming feature 'GlobalActorIsolatedTypesUsability' is already enabled as of Swift version 6
<unknown>:0: warning: upcoming feature 'DisableOutwardActorInference' is already enabled as of Swift version 6
<unknown>:0: warning: upcoming feature 'InferSendableFromCaptures' is already enabled as of Swift version 6
<unknown>:0: warning: upcoming feature 'GlobalActorIsolatedTypesUsability' is already enabled as of Swift version 6
<unknown>:0: warning: upcoming feature 'DisableOutwardActorInference' is already enabled as of Swift version 6
<unknown>:0: warning: upcoming feature 'InferSendableFromCaptures' is already enabled as of Swift version 6
<unknown>:0: warning: upcoming feature 'GlobalActorIsolatedTypesUsability' is already enabled as of Swift version 6
<unknown>:0: warning: upcoming feature 'DisableOutwardActorInference' is already enabled as of Swift version 6
[227/1008] Emitting module InternalCollectionsUtilities
<unknown>:0: warning: upcoming feature 'InferSendableFromCaptures' is already enabled as of Swift version 6
<unknown>:0: warning: upcoming feature 'GlobalActorIsolatedTypesUsability' is already enabled as of Swift version 6
<unknown>:0: warning: upcoming feature 'DisableOutwardActorInference' is already enabled as of Swift version 6
[228/1017] Compiling HTTPTypes HTTPResponse.swift
<unknown>:0: warning: upcoming feature 'InferSendableFromCaptures' is already enabled as of Swift version 6
<unknown>:0: warning: upcoming feature 'GlobalActorIsolatedTypesUsability' is already enabled as of Swift version 6
<unknown>:0: warning: upcoming feature 'DisableOutwardActorInference' is already enabled as of Swift version 6
[230/1017] Compiling HTTPTypes HTTPParsedFields.swift
<unknown>:0: warning: upcoming feature 'InferSendableFromCaptures' is already enabled as of Swift version 6
<unknown>:0: warning: upcoming feature 'GlobalActorIsolatedTypesUsability' is already enabled as of Swift version 6
<unknown>:0: warning: upcoming feature 'DisableOutwardActorInference' is already enabled as of Swift version 6
[231/1017] Compiling HTTPTypes HTTPRequest.swift
<unknown>:0: warning: upcoming feature 'InferSendableFromCaptures' is already enabled as of Swift version 6
<unknown>:0: warning: upcoming feature 'GlobalActorIsolatedTypesUsability' is already enabled as of Swift version 6
<unknown>:0: warning: upcoming feature 'DisableOutwardActorInference' is already enabled as of Swift version 6
[232/1023] Compiling Tracing TracerProtocol.swift
<unknown>:0: warning: upcoming feature 'InferSendableFromCaptures' is already enabled as of Swift version 6
<unknown>:0: warning: upcoming feature 'GlobalActorIsolatedTypesUsability' is already enabled as of Swift version 6
<unknown>:0: warning: upcoming feature 'DisableOutwardActorInference' is already enabled as of Swift version 6
[233/1023] Emitting module Tracing
<unknown>:0: warning: upcoming feature 'InferSendableFromCaptures' is already enabled as of Swift version 6
<unknown>:0: warning: upcoming feature 'GlobalActorIsolatedTypesUsability' is already enabled as of Swift version 6
<unknown>:0: warning: upcoming feature 'DisableOutwardActorInference' is already enabled as of Swift version 6
[234/1023] Compiling Tracing TracingTime.swift
<unknown>:0: warning: upcoming feature 'InferSendableFromCaptures' is already enabled as of Swift version 6
<unknown>:0: warning: upcoming feature 'GlobalActorIsolatedTypesUsability' is already enabled as of Swift version 6
<unknown>:0: warning: upcoming feature 'DisableOutwardActorInference' is already enabled as of Swift version 6
[235/1023] Compiling Tracing TracerProtocol+Legacy.swift
<unknown>:0: warning: upcoming feature 'InferSendableFromCaptures' is already enabled as of Swift version 6
<unknown>:0: warning: upcoming feature 'GlobalActorIsolatedTypesUsability' is already enabled as of Swift version 6
<unknown>:0: warning: upcoming feature 'DisableOutwardActorInference' is already enabled as of Swift version 6
[236/1023] Compiling CoreMetrics MappingMetricsFactory.swift
<unknown>:0: warning: upcoming feature 'InferSendableFromCaptures' is already enabled as of Swift version 6
<unknown>:0: warning: upcoming feature 'GlobalActorIsolatedTypesUsability' is already enabled as of Swift version 6
<unknown>:0: warning: upcoming feature 'DisableOutwardActorInference' is already enabled as of Swift version 6
[237/1023] Compiling CoreMetrics Metrics.swift
<unknown>:0: warning: upcoming feature 'InferSendableFromCaptures' is already enabled as of Swift version 6
<unknown>:0: warning: upcoming feature 'GlobalActorIsolatedTypesUsability' is already enabled as of Swift version 6
<unknown>:0: warning: upcoming feature 'DisableOutwardActorInference' is already enabled as of Swift version 6
[238/1023] Compiling CoreMetrics Locks.swift
<unknown>:0: warning: upcoming feature 'InferSendableFromCaptures' is already enabled as of Swift version 6
<unknown>:0: warning: upcoming feature 'GlobalActorIsolatedTypesUsability' is already enabled as of Swift version 6
<unknown>:0: warning: upcoming feature 'DisableOutwardActorInference' is already enabled as of Swift version 6
[239/1023] Compiling Tracing Tracer.swift
<unknown>:0: warning: upcoming feature 'InferSendableFromCaptures' is already enabled as of Swift version 6
<unknown>:0: warning: upcoming feature 'GlobalActorIsolatedTypesUsability' is already enabled as of Swift version 6
<unknown>:0: warning: upcoming feature 'DisableOutwardActorInference' is already enabled as of Swift version 6
In file included from /host/spi-builder-workspace/.build/checkouts/swift-nio-ssl/Sources/CNIOBoringSSL/ssl/tls_method.cc:17:
/host/spi-builder-workspace/.build/checkouts/swift-nio-ssl/Sources/CNIOBoringSSL/ssl/../crypto/internal.h:32:10: fatal error: 'pthread.h' file not found
   32 | #include <pthread.h>
      |          ^~~~~~~~~~~
1 error generated.
[240/1024] Compiling tls_method.cc
In file included from /host/spi-builder-workspace/.build/checkouts/swift-nio-ssl/Sources/CNIOBoringSSL/ssl/tls_record.cc:19:
/host/spi-builder-workspace/.build/checkouts/swift-nio-ssl/Sources/CNIOBoringSSL/ssl/../crypto/internal.h:32:10: fatal error: 'pthread.h' file not found
   32 | #include <pthread.h>
      |          ^~~~~~~~~~~
1 error generated.
[240/1024] Compiling tls_record.cc
[240/1024] Compiling tls13_server.cc
[241/1024] Compiling Tracing NoOpTracer.swift
<unknown>:0: warning: upcoming feature 'InferSendableFromCaptures' is already enabled as of Swift version 6
<unknown>:0: warning: upcoming feature 'GlobalActorIsolatedTypesUsability' is already enabled as of Swift version 6
<unknown>:0: warning: upcoming feature 'DisableOutwardActorInference' is already enabled as of Swift version 6
[242/1024] Compiling Tracing InstrumentationSystem+Tracing.swift
<unknown>:0: warning: upcoming feature 'InferSendableFromCaptures' is already enabled as of Swift version 6
<unknown>:0: warning: upcoming feature 'GlobalActorIsolatedTypesUsability' is already enabled as of Swift version 6
<unknown>:0: warning: upcoming feature 'DisableOutwardActorInference' is already enabled as of Swift version 6
<unknown>:0: warning: upcoming feature 'InferSendableFromCaptures' is already enabled as of Swift version 6
<unknown>:0: warning: upcoming feature 'GlobalActorIsolatedTypesUsability' is already enabled as of Swift version 6
<unknown>:0: warning: upcoming feature 'DisableOutwardActorInference' is already enabled as of Swift version 6
[242/1024] Compiling KeccakP-1600-opt64.c
[243/1024] Emitting module HTTPTypes
<unknown>:0: warning: upcoming feature 'InferSendableFromCaptures' is already enabled as of Swift version 6
<unknown>:0: warning: upcoming feature 'GlobalActorIsolatedTypesUsability' is already enabled as of Swift version 6
<unknown>:0: warning: upcoming feature 'DisableOutwardActorInference' is already enabled as of Swift version 6
<unknown>:0: warning: upcoming feature 'InferSendableFromCaptures' is already enabled as of Swift version 6
<unknown>:0: warning: upcoming feature 'GlobalActorIsolatedTypesUsability' is already enabled as of Swift version 6
<unknown>:0: warning: upcoming feature 'DisableOutwardActorInference' is already enabled as of Swift version 6
<unknown>:0: warning: upcoming feature 'InferSendableFromCaptures' is already enabled as of Swift version 6
<unknown>:0: warning: upcoming feature 'GlobalActorIsolatedTypesUsability' is already enabled as of Swift version 6
<unknown>:0: warning: upcoming feature 'DisableOutwardActorInference' is already enabled as of Swift version 6
<unknown>:0: warning: upcoming feature 'InferSendableFromCaptures' is already enabled as of Swift version 6
<unknown>:0: warning: upcoming feature 'GlobalActorIsolatedTypesUsability' is already enabled as of Swift version 6
<unknown>:0: warning: upcoming feature 'DisableOutwardActorInference' is already enabled as of Swift version 6
Running build ...
bash -c docker run --pull=always --rm -v "checkouts-53886768-0":/host -w "$PWD" -e JAVA_HOME="/root/.sdkman/candidates/java/current" -e SPI_BUILD="1" -e SPI_PROCESSING="1" registry.gitlab.com/saguaro1/spi-images:wasm-6.1-latest swift build --swift-sdk wasm32-unknown-wasi 2>&1
wasm-6.1-latest: Pulling from saguaro1/spi-images
Digest: sha256:1ad245dad3d2ae0004e1afbc92334bd39884ed9ca587cf04d0a8d5f640fb02e9
Status: Image is up to date for registry.gitlab.com/saguaro1/spi-images:wasm-6.1-latest
[0/1] Planning build
Building for debugging...
[0/772] Compiling md5-x86_64-linux.S
[1/772] Compiling fiat_curve25519_adx_square.S
[2/772] Compiling fiat_curve25519_adx_mul.S
[3/772] Compiling md5-x86_64-apple.S
[4/772] Compiling fiat_p256_adx_mul.S
[4/772] Compiling fiat_p256_adx_sqr.S
[6/772] Compiling CCryptoBoringSSLShims shims.c
In file included from /host/spi-builder-workspace/.build/checkouts/swift-nio-ssl/Sources/CNIOBoringSSL/ssl/tls_record.cc:19:
/host/spi-builder-workspace/.build/checkouts/swift-nio-ssl/Sources/CNIOBoringSSL/ssl/../crypto/internal.h:32:10: fatal error: 'pthread.h' file not found
   32 | #include <pthread.h>
      |          ^~~~~~~~~~~
1 error generated.
[7/772] Compiling tls_record.cc
[7/772] Write swift-version-24593BA9C3E375BF.txt
In file included from /host/spi-builder-workspace/.build/checkouts/swift-nio-ssl/Sources/CNIOBoringSSL/ssl/tls_method.cc:17:
/host/spi-builder-workspace/.build/checkouts/swift-nio-ssl/Sources/CNIOBoringSSL/ssl/../crypto/internal.h:32:10: fatal error: 'pthread.h' file not found
   32 | #include <pthread.h>
      |          ^~~~~~~~~~~
1 error generated.
[7/772] Compiling tls_method.cc
[7/772] Compiling KeccakP-1600-opt64.c
[7/772] Compiling tls13_both.cc
In file included from /host/spi-builder-workspace/.build/checkouts/swift-nio-ssl/Sources/CNIOBoringSSL/ssl/tls13_server.cc:32:
/host/spi-builder-workspace/.build/checkouts/swift-nio-ssl/Sources/CNIOBoringSSL/ssl/../crypto/internal.h:32:10: fatal error: 'pthread.h' file not found
   32 | #include <pthread.h>
      |          ^~~~~~~~~~~
[7/772] Compiling tls13_server.cc
In file included from /host/spi-builder-workspace/.build/checkouts/swift-nio-ssl/Sources/CNIOBoringSSL/ssl/tls13_enc.cc:34:
/host/spi-builder-workspace/.build/checkouts/swift-nio-ssl/Sources/CNIOBoringSSL/ssl/../crypto/internal.h:32:10: fatal error: 'pthread.h' file not found
   32 | #include <pthread.h>
      |          ^~~~~~~~~~~
[7/772] Compiling tls13_enc.cc
In file included from /host/spi-builder-workspace/.build/checkouts/swift-nio-ssl/Sources/CNIOBoringSSL/ssl/tls13_client.cc:30:
/host/spi-builder-workspace/.build/checkouts/swift-nio-ssl/Sources/CNIOBoringSSL/ssl/../crypto/internal.h:32:10: fatal error: 'pthread.h' file not found
   32 | #include <pthread.h>
      |          ^~~~~~~~~~~
[7/772] Compiling tls13_client.cc
BUILD FAILURE 6.1 wasm