Build Information
Failed to build Hamcrest, reference master (940f72), with Swift 6.1 for tvOS using Xcode 16.3 on 12 Aug 2026 05:34:13 UTC.
Build Command
No build command. This typically means the build failed at an early stage where we determine the build command.Build Log
========================================
RunAll
========================================
Builder version: undefined version: run 'make version' to update
Interrupt handler set up.
========================================
Checkout
========================================
Clone URL: https://github.com/nschum/SwiftHamcrest.git
Reference: master
Initialized empty Git repository in /Users/admin/builder/spi-builder-workspace/.git/
From https://github.com/nschum/SwiftHamcrest
* branch master -> FETCH_HEAD
* [new branch] master -> origin/master
HEAD is now at 940f722 Merge branch 'master' of github.com:nschum/SwiftHamcrest
Cloned https://github.com/nschum/SwiftHamcrest.git
Revision (git rev-parse @):
940f722ef40c373738167fdffb99d8bdff91ab72
SUCCESS checkout https://github.com/nschum/SwiftHamcrest.git at master
========================================
Build
========================================
Selected platform: tvOS
Swift version: 6.1
Building package at path: $PWD
https://github.com/nschum/SwiftHamcrest.git
https://github.com/nschum/SwiftHamcrest.git
{
"dependencies" : [
],
"manifest_display_name" : "Hamcrest",
"name" : "Hamcrest",
"path" : "/Users/admin/builder/spi-builder-workspace",
"platforms" : [
{
"name" : "macos",
"version" : "10.15"
},
{
"name" : "ios",
"version" : "13.0"
},
{
"name" : "tvos",
"version" : "13.0"
},
{
"name" : "watchos",
"version" : "6.0"
},
{
"name" : "maccatalyst",
"version" : "13.0"
}
],
"products" : [
{
"name" : "Hamcrest",
"targets" : [
"Hamcrest"
],
"type" : {
"library" : [
"automatic"
]
}
},
{
"name" : "HamcrestSwiftTesting",
"targets" : [
"HamcrestSwiftTesting"
],
"type" : {
"library" : [
"automatic"
]
}
}
],
"targets" : [
{
"c99name" : "HamcrestTests",
"module_type" : "SwiftTarget",
"name" : "HamcrestTests",
"path" : "HamcrestTests",
"sources" : [
"ArithmeticMatcherTests.swift",
"AssertThatTests.swift",
"BaseTestCase.swift",
"BasicMatcherTests.swift",
"DictionaryMatcherTests.swift",
"ErrorTests.swift",
"MatchResultTests.swift",
"MatcherMocks.swift",
"MetaMatcherTests.swift",
"OperatorMatcherTests.swift",
"ReflectionMatcherTests.swift",
"SequenceMatcherTests.swift",
"StringMatcherTests.swift",
"SwiftTesting.swift"
],
"target_dependencies" : [
"Hamcrest"
],
"type" : "test"
},
{
"c99name" : "HamcrestSwiftTestingTests",
"module_type" : "SwiftTarget",
"name" : "HamcrestSwiftTestingTests",
"path" : "HamcrestSwiftTesting",
"sources" : [
"Source/Test/HamcrestSwiftTestingTests.swift"
],
"target_dependencies" : [
"Hamcrest",
"HamcrestSwiftTesting"
],
"type" : "test"
},
{
"c99name" : "HamcrestSwiftTesting",
"module_type" : "SwiftTarget",
"name" : "HamcrestSwiftTesting",
"path" : "HamcrestSwiftTesting",
"product_memberships" : [
"HamcrestSwiftTesting"
],
"sources" : [
"Source/Main/HamcrestSwiftTesting.swift"
],
"target_dependencies" : [
"Hamcrest"
],
"type" : "library"
},
{
"c99name" : "Hamcrest",
"module_type" : "SwiftTarget",
"name" : "Hamcrest",
"path" : "Hamcrest",
"product_memberships" : [
"Hamcrest",
"HamcrestSwiftTesting"
],
"sources" : [
"ArithmeticMatchers.swift",
"BasicMatchers.swift",
"Descriptions.swift",
"DictionaryMatchers.swift",
"Hamcrest.swift",
"MatchResult.swift",
"Matcher.swift",
"MetaMatchers.swift",
"OperatorMatchers.swift",
"ReflectionMatchers.swift",
"SequenceMatchers.swift",
"StringMatchers.swift"
],
"type" : "library"
}
],
"tools_version" : "6.0"
}
Command line invocation:
/Applications/Xcode-16.3.0.app/Contents/Developer/usr/bin/xcodebuild -IDEClonedSourcePackagesDirPathOverride=/Users/admin/builder/spi-builder-workspace/.dependencies -resolvePackageDependencies
2026-08-11 22:34:12.869 xcodebuild[528:2985] Writing error result bundle to /var/folders/5k/5yc19ymj0jqd5v0zvgfqz0xw0000gn/T/ResultBundle_2026-11-08_22-34-0012.xcresult
xcodebuild: error: The directory /Users/admin/builder/spi-builder-workspace contains 3 projects, including multiple projects with the current extension (.xcodeproj). Specify the project to use with the -project option.
Command line invocation:
/Applications/Xcode-16.3.0.app/Contents/Developer/usr/bin/xcodebuild -IDEClonedSourcePackagesDirPathOverride=/Users/admin/builder/spi-builder-workspace/.dependencies -resolvePackageDependencies
2026-08-11 22:34:13.543 xcodebuild[533:3044] Writing error result bundle to /var/folders/5k/5yc19ymj0jqd5v0zvgfqz0xw0000gn/T/ResultBundle_2026-11-08_22-34-0013.xcresult
xcodebuild: error: The directory /Users/admin/builder/spi-builder-workspace contains 3 projects, including multiple projects with the current extension (.xcodeproj). Specify the project to use with the -project option.
BUILD FAILURE 6.1 tvOS