Build Information
Failed to build UrlUtilities, reference main (933b5c), with Swift 6.2 for watchOS using Xcode 26.3 on 2 Sep 2026 21:33:45 UTC.
Build Command
No build command. This typically means the build failed at an early stage where we determine the build command.Build Log
========================================
RunAll
========================================
Builder version: 5.0.2
Interrupt handler set up.
========================================
Checkout
========================================
Clone URL: https://github.com/Appracatappra/UrlUtilities.git
Reference: main
Initialized empty Git repository in /Users/admin/builder/spi-builder-workspace/.git/
From https://github.com/Appracatappra/UrlUtilities
* branch main -> FETCH_HEAD
* [new branch] main -> origin/main
HEAD is now at 933b5ca Update Package
Cloned https://github.com/Appracatappra/UrlUtilities.git
Revision (git rev-parse @):
933b5ca047f7d1aa9393fcaaec3c59cfca08d6d4
SUCCESS checkout https://github.com/Appracatappra/UrlUtilities.git at main
========================================
Build
========================================
Selected platform: watchOS
Swift version: 6.2
Building package at path: $PWD
https://github.com/Appracatappra/UrlUtilities.git
Command line invocation:
/Applications/Xcode-26.3.0.app/Contents/Developer/usr/bin/xcodebuild -IDEClonedSourcePackagesDirPathOverride=/Users/admin/builder/spi-builder-workspace/.dependencies -resolvePackageDependencies
Resolve Package Graph
package 'spi-builder-workspace' is using Swift tools version 6.4.0 but the installed version is 6.2.4
Resolved source packages:
spi-builder-workspace: (null)
2026-09-02 17:33:44.042 xcodebuild[537:3118] Writing error result bundle to /var/folders/xq/y_g06wb113726d38xsyx71_h0000gn/T/ResultBundle_2026-02-09_17-33-0044.xcresult
xcodebuild: error: Could not resolve package dependencies:
package 'spi-builder-workspace' is using Swift tools version 6.4.0 but the installed version is 6.2.4
Command line invocation:
/Applications/Xcode-26.3.0.app/Contents/Developer/usr/bin/xcodebuild -IDEClonedSourcePackagesDirPathOverride=/Users/admin/builder/spi-builder-workspace/.dependencies -resolvePackageDependencies
Resolve Package Graph
package 'spi-builder-workspace' is using Swift tools version 6.4.0 but the installed version is 6.2.4
Resolved source packages:
spi-builder-workspace: (null)
2026-09-02 17:33:44.995 xcodebuild[599:3643] Writing error result bundle to /var/folders/xq/y_g06wb113726d38xsyx71_h0000gn/T/ResultBundle_2026-02-09_17-33-0044.xcresult
xcodebuild: error: Could not resolve package dependencies:
package 'spi-builder-workspace' is using Swift tools version 6.4.0 but the installed version is 6.2.4
BUILD FAILURE 6.2 watchOS