The Swift Package Index logo.Swift Package Index

Build Information

Failed to build PatternAuthentication, reference dev (514af4), with Swift 6.3 for watchOS using Xcode 26.4 on 3 Jul 2026 10:38:47 UTC.

Build Command

env DEVELOPER_DIR=/Applications/Xcode-26.4.0.app xcrun xcodebuild -IDEClonedSourcePackagesDirPathOverride=$PWD/.dependencies -skipMacroValidation -skipPackagePluginValidation -derivedDataPath $PWD/.derivedData build -scheme PatternAuthentication -destination generic/platform=watchOS

Build Log

========================================
RunAll
========================================
Builder version: undefined version: run 'make version' to update
Interrupt handler set up.
========================================
Checkout
========================================
Clone URL: https://github.com/Apex-Studios-LLC/PatternAuthentication.git
Reference: dev
Initialized empty Git repository in /Users/admin/builder/spi-builder-workspace/.git/
From https://github.com/Apex-Studios-LLC/PatternAuthentication
 * branch            dev        -> FETCH_HEAD
 * [new branch]      dev        -> origin/dev
HEAD is now at 514af4f Merge pull request #3 from Apex-Studios-LLC/feature/security-credential-upgrade
Cloned https://github.com/Apex-Studios-LLC/PatternAuthentication.git
Revision (git rev-parse @):
514af4f67a7e36abb7801fa2a92edd6423ef2a4c
SUCCESS checkout https://github.com/Apex-Studios-LLC/PatternAuthentication.git at dev
========================================
Build
========================================
Selected platform:         watchOS
Swift version:             6.3
Building package at path:  $PWD
https://github.com/Apex-Studios-LLC/PatternAuthentication.git
Command line invocation:
    /Applications/Xcode-26.4.0.app/Contents/Developer/usr/bin/xcodebuild -IDEClonedSourcePackagesDirPathOverride=/Users/admin/builder/spi-builder-workspace/.dependencies -resolvePackageDependencies
Resolve Package Graph
Resolve Package Graph
Resolved source packages:
  PatternAuthentication: /Users/admin/builder/spi-builder-workspace
resolved source packages: PatternAuthentication
2026-07-03 06:37:40.061 xcodebuild[576:3211] [MT] IDERunDestination: Supported platforms for the buildables in the current scheme is empty.
{
  "dependencies" : [
  ],
  "manifest_display_name" : "PatternAuthentication",
  "name" : "PatternAuthentication",
  "path" : "/Users/admin/builder/spi-builder-workspace",
  "platforms" : [
    {
      "name" : "ios",
      "version" : "15.0"
    }
  ],
  "products" : [
    {
      "name" : "PatternAuthentication",
      "targets" : [
        "PatternAuthentication"
      ],
      "type" : {
        "library" : [
          "automatic"
        ]
      }
    }
  ],
  "swift_languages_versions" : [
    "6"
  ],
  "targets" : [
    {
      "c99name" : "PatternAuthenticationTests",
      "module_type" : "SwiftTarget",
      "name" : "PatternAuthenticationTests",
      "path" : "Tests/PatternAuthenticationTests",
      "sources" : [
        "AnimationSupportTests.swift",
        "GestureCredentialTests.swift",
        "GridAuthenticatorViewModelTests.swift"
      ],
      "target_dependencies" : [
        "PatternAuthentication"
      ],
      "type" : "test"
    },
    {
      "c99name" : "PatternAuthentication",
      "module_type" : "SwiftTarget",
      "name" : "PatternAuthentication",
      "path" : "Sources/PatternAuthentication",
      "product_memberships" : [
        "PatternAuthentication"
      ],
      "resources" : [
        {
          "path" : "/Users/admin/builder/spi-builder-workspace/Sources/PatternAuthentication/Media.xcassets",
          "rule" : {
            "process" : {
            }
          }
        }
      ],
      "sources" : [
        "Animations/ParticleSystem.swift",
        "Animations/Shake.swift",
        "Credentials/GestureCredential.swift",
        "Credentials/LegacyPatternHash.swift",
        "GridAuthenticatorViewModel.swift",
        "PatternAuthentication.swift"
      ],
      "type" : "library"
    }
  ],
  "tools_version" : "6.0"
}
{
  "workspace" : {
    "name" : "spi-builder-workspace",
    "schemes" : [
      "PatternAuthentication"
    ]
  }
}
2026-07-03 06:38:00.032 xcodebuild[731:4423] [MT] IDERunDestination: Supported platforms for the buildables in the current scheme is empty.
Running build ...
env DEVELOPER_DIR=/Applications/Xcode-26.4.0.app xcrun xcodebuild -IDEClonedSourcePackagesDirPathOverride=$PWD/.dependencies -skipMacroValidation -skipPackagePluginValidation -derivedDataPath $PWD/.derivedData build -scheme PatternAuthentication -destination generic/platform=watchOS
Command line invocation:
    /Applications/Xcode-26.4.0.app/Contents/Developer/usr/bin/xcodebuild -IDEClonedSourcePackagesDirPathOverride=/Users/admin/builder/spi-builder-workspace/.dependencies -skipMacroValidation -skipPackagePluginValidation -derivedDataPath /Users/admin/builder/spi-builder-workspace/.derivedData build -scheme PatternAuthentication -destination generic/platform=watchOS
Resolve Package Graph
Resolved source packages:
  PatternAuthentication: /Users/admin/builder/spi-builder-workspace
ComputePackagePrebuildTargetDependencyGraph
Prepare packages
CreateBuildRequest
SendProjectDescription
CreateBuildOperation
ComputeTargetDependencyGraph
note: Building targets in dependency order
note: Target dependency graph (3 targets)
    Target 'PatternAuthentication' in project 'PatternAuthentication'
        ➜ Explicit dependency on target 'PatternAuthentication' in project 'PatternAuthentication'
        ➜ Explicit dependency on target 'PatternAuthentication_PatternAuthentication' in project 'PatternAuthentication'
    Target 'PatternAuthentication' in project 'PatternAuthentication'
        ➜ Explicit dependency on target 'PatternAuthentication_PatternAuthentication' in project 'PatternAuthentication'
    Target 'PatternAuthentication_PatternAuthentication' in project 'PatternAuthentication' (no dependencies)
GatherProvisioningInputs
CreateBuildDescription
ExecuteExternalTool /Applications/Xcode-26.4.0.app/Contents/Developer/Toolchains/XcodeDefault.xctoolchain/usr/bin/clang -v -E -dM -isysroot /Applications/Xcode-26.4.0.app/Contents/Developer/Platforms/WatchOS.platform/Developer/SDKs/WatchOS26.4.sdk -x c -c /dev/null
ExecuteExternalTool /Applications/Xcode-26.4.0.app/Contents/Developer/usr/bin/actool --version --output-format xml1
ExecuteExternalTool /Applications/Xcode-26.4.0.app/Contents/Developer/Toolchains/XcodeDefault.xctoolchain/usr/bin/swiftc --version
ExecuteExternalTool /Applications/Xcode-26.4.0.app/Contents/Developer/Toolchains/XcodeDefault.xctoolchain/usr/bin/ld -version_details
ReadFileContents /Applications/Xcode-26.4.0.app/Contents/Developer/Toolchains/XcodeDefault.xctoolchain/usr/share/docc/features.json
Build description signature: 365dfe62b09c1a63dd66ae018b0eb453
Build description path: /Users/admin/builder/spi-builder-workspace/.derivedData/Build/Intermediates.noindex/XCBuildData/365dfe62b09c1a63dd66ae018b0eb453.xcbuilddata
CreateBuildDirectory /Users/admin/builder/spi-builder-workspace/.derivedData/Build/Intermediates.noindex
    cd /Users/admin/builder/spi-builder-workspace/.swiftpm/xcode
    builtin-create-build-directory /Users/admin/builder/spi-builder-workspace/.derivedData/Build/Intermediates.noindex
ClangStatCache /Applications/Xcode-26.4.0.app/Contents/Developer/Toolchains/XcodeDefault.xctoolchain/usr/bin/clang-stat-cache /Applications/Xcode-26.4.0.app/Contents/Developer/Platforms/WatchOS.platform/Developer/SDKs/WatchOS26.4.sdk /Users/admin/builder/spi-builder-workspace/.derivedData/SDKStatCaches.noindex/watchos26.4-23T238-688ef53f1462e2c8f657fdc38a81448f9e51884a582f42380855760c9d4cc599.sdkstatcache
    cd /Users/admin/builder/spi-builder-workspace/.swiftpm/xcode
    /Applications/Xcode-26.4.0.app/Contents/Developer/Toolchains/XcodeDefault.xctoolchain/usr/bin/clang-stat-cache /Applications/Xcode-26.4.0.app/Contents/Developer/Platforms/WatchOS.platform/Developer/SDKs/WatchOS26.4.sdk -o /Users/admin/builder/spi-builder-workspace/.derivedData/SDKStatCaches.noindex/watchos26.4-23T238-688ef53f1462e2c8f657fdc38a81448f9e51884a582f42380855760c9d4cc599.sdkstatcache
CreateBuildDirectory /Users/admin/builder/spi-builder-workspace/.derivedData/Build/Products
    cd /Users/admin/builder/spi-builder-workspace/.swiftpm/xcode
    builtin-create-build-directory /Users/admin/builder/spi-builder-workspace/.derivedData/Build/Products
CreateBuildDirectory /Users/admin/builder/spi-builder-workspace/.derivedData/Build/Intermediates.noindex/SwiftExplicitPrecompiledModules
    cd /Users/admin/builder/spi-builder-workspace/.swiftpm/xcode
    builtin-create-build-directory /Users/admin/builder/spi-builder-workspace/.derivedData/Build/Intermediates.noindex/SwiftExplicitPrecompiledModules
CreateBuildDirectory /Users/admin/builder/spi-builder-workspace/.derivedData/Build/Intermediates.noindex/ExplicitPrecompiledModules
    cd /Users/admin/builder/spi-builder-workspace/.swiftpm/xcode
    builtin-create-build-directory /Users/admin/builder/spi-builder-workspace/.derivedData/Build/Intermediates.noindex/ExplicitPrecompiledModules
CreateBuildDirectory /Users/admin/builder/spi-builder-workspace/.derivedData/Build/Intermediates.noindex/EagerLinkingTBDs/Debug-watchos
    cd /Users/admin/builder/spi-builder-workspace/.swiftpm/xcode
    builtin-create-build-directory /Users/admin/builder/spi-builder-workspace/.derivedData/Build/Intermediates.noindex/EagerLinkingTBDs/Debug-watchos
CreateBuildDirectory /Users/admin/builder/spi-builder-workspace/.derivedData/Build/Products/Debug-watchos
    cd /Users/admin/builder/spi-builder-workspace/.swiftpm/xcode
    builtin-create-build-directory /Users/admin/builder/spi-builder-workspace/.derivedData/Build/Products/Debug-watchos
CreateBuildDirectory /Users/admin/builder/spi-builder-workspace/.derivedData/Build/Products/Debug-watchos/PackageFrameworks
    cd /Users/admin/builder/spi-builder-workspace/.swiftpm/xcode
    builtin-create-build-directory /Users/admin/builder/spi-builder-workspace/.derivedData/Build/Products/Debug-watchos/PackageFrameworks
WriteAuxiliaryFile /Users/admin/builder/spi-builder-workspace/.derivedData/Build/Intermediates.noindex/PatternAuthentication.build/Debug-watchos/PatternAuthentication.build/PatternAuthentication.DependencyStaticMetadataFileList (in target 'PatternAuthentication' from project 'PatternAuthentication')
    cd /Users/admin/builder/spi-builder-workspace
    write-file /Users/admin/builder/spi-builder-workspace/.derivedData/Build/Intermediates.noindex/PatternAuthentication.build/Debug-watchos/PatternAuthentication.build/PatternAuthentication.DependencyStaticMetadataFileList
WriteAuxiliaryFile /Users/admin/builder/spi-builder-workspace/.derivedData/Build/Intermediates.noindex/PatternAuthentication.build/Debug-watchos/PatternAuthentication.build/PatternAuthentication.DependencyMetadataFileList (in target 'PatternAuthentication' from project 'PatternAuthentication')
    cd /Users/admin/builder/spi-builder-workspace
    write-file /Users/admin/builder/spi-builder-workspace/.derivedData/Build/Intermediates.noindex/PatternAuthentication.build/Debug-watchos/PatternAuthentication.build/PatternAuthentication.DependencyMetadataFileList
WriteAuxiliaryFile /Users/admin/builder/spi-builder-workspace/.derivedData/Build/Intermediates.noindex/PatternAuthentication.build/Debug-watchos/PatternAuthentication_PatternAuthentication.build/empty-PatternAuthentication_PatternAuthentication.plist (in target 'PatternAuthentication_PatternAuthentication' from project 'PatternAuthentication')
    cd /Users/admin/builder/spi-builder-workspace
    write-file /Users/admin/builder/spi-builder-workspace/.derivedData/Build/Intermediates.noindex/PatternAuthentication.build/Debug-watchos/PatternAuthentication_PatternAuthentication.build/empty-PatternAuthentication_PatternAuthentication.plist
WriteAuxiliaryFile /Users/admin/builder/spi-builder-workspace/.derivedData/Build/Intermediates.noindex/PatternAuthentication.build/Debug-watchos/PatternAuthentication.build/PatternAuthentication.modulemap (in target 'PatternAuthentication' from project 'PatternAuthentication')
    cd /Users/admin/builder/spi-builder-workspace
    write-file /Users/admin/builder/spi-builder-workspace/.derivedData/Build/Intermediates.noindex/PatternAuthentication.build/Debug-watchos/PatternAuthentication.build/PatternAuthentication.modulemap
WriteAuxiliaryFile /Users/admin/builder/spi-builder-workspace/.derivedData/Build/Intermediates.noindex/PatternAuthentication.build/Debug-watchos/PatternAuthentication.build/Objects-normal/armv7k/PatternAuthentication-OutputFileMap.json (in target 'PatternAuthentication' from project 'PatternAuthentication')
    cd /Users/admin/builder/spi-builder-workspace
    write-file /Users/admin/builder/spi-builder-workspace/.derivedData/Build/Intermediates.noindex/PatternAuthentication.build/Debug-watchos/PatternAuthentication.build/Objects-normal/armv7k/PatternAuthentication-OutputFileMap.json
WriteAuxiliaryFile /Users/admin/builder/spi-builder-workspace/.derivedData/Build/Intermediates.noindex/PatternAuthentication.build/Debug-watchos/PatternAuthentication.build/Objects-normal/armv7k/PatternAuthentication.LinkFileList (in target 'PatternAuthentication' from project 'PatternAuthentication')
    cd /Users/admin/builder/spi-builder-workspace
    write-file /Users/admin/builder/spi-builder-workspace/.derivedData/Build/Intermediates.noindex/PatternAuthentication.build/Debug-watchos/PatternAuthentication.build/Objects-normal/armv7k/PatternAuthentication.LinkFileList
WriteAuxiliaryFile /Users/admin/builder/spi-builder-workspace/.derivedData/Build/Intermediates.noindex/PatternAuthentication.build/Debug-watchos/PatternAuthentication.build/Objects-normal/armv7k/PatternAuthentication_const_extract_protocols.json (in target 'PatternAuthentication' from project 'PatternAuthentication')
    cd /Users/admin/builder/spi-builder-workspace
    write-file /Users/admin/builder/spi-builder-workspace/.derivedData/Build/Intermediates.noindex/PatternAuthentication.build/Debug-watchos/PatternAuthentication.build/Objects-normal/armv7k/PatternAuthentication_const_extract_protocols.json
WriteAuxiliaryFile /Users/admin/builder/spi-builder-workspace/.derivedData/Build/Intermediates.noindex/PatternAuthentication.build/Debug-watchos/PatternAuthentication.build/Objects-normal/arm64_32/PatternAuthentication_const_extract_protocols.json (in target 'PatternAuthentication' from project 'PatternAuthentication')
    cd /Users/admin/builder/spi-builder-workspace
    write-file /Users/admin/builder/spi-builder-workspace/.derivedData/Build/Intermediates.noindex/PatternAuthentication.build/Debug-watchos/PatternAuthentication.build/Objects-normal/arm64_32/PatternAuthentication_const_extract_protocols.json
WriteAuxiliaryFile /Users/admin/builder/spi-builder-workspace/.derivedData/Build/Intermediates.noindex/PatternAuthentication.build/Debug-watchos/PatternAuthentication_PatternAuthentication.build/PatternAuthentication_PatternAuthentication.DependencyStaticMetadataFileList (in target 'PatternAuthentication_PatternAuthentication' from project 'PatternAuthentication')
    cd /Users/admin/builder/spi-builder-workspace
    write-file /Users/admin/builder/spi-builder-workspace/.derivedData/Build/Intermediates.noindex/PatternAuthentication.build/Debug-watchos/PatternAuthentication_PatternAuthentication.build/PatternAuthentication_PatternAuthentication.DependencyStaticMetadataFileList
WriteAuxiliaryFile /Users/admin/builder/spi-builder-workspace/.derivedData/Build/Intermediates.noindex/PatternAuthentication.build/Debug-watchos/PatternAuthentication_PatternAuthentication.build/PatternAuthentication_PatternAuthentication.DependencyMetadataFileList (in target 'PatternAuthentication_PatternAuthentication' from project 'PatternAuthentication')
    cd /Users/admin/builder/spi-builder-workspace
    write-file /Users/admin/builder/spi-builder-workspace/.derivedData/Build/Intermediates.noindex/PatternAuthentication.build/Debug-watchos/PatternAuthentication_PatternAuthentication.build/PatternAuthentication_PatternAuthentication.DependencyMetadataFileList
WriteAuxiliaryFile /Users/admin/builder/spi-builder-workspace/.derivedData/Build/Intermediates.noindex/PatternAuthentication.build/Debug-watchos/PatternAuthentication.build/Objects-normal/armv7k/PatternAuthentication.SwiftFileList (in target 'PatternAuthentication' from project 'PatternAuthentication')
    cd /Users/admin/builder/spi-builder-workspace
    write-file /Users/admin/builder/spi-builder-workspace/.derivedData/Build/Intermediates.noindex/PatternAuthentication.build/Debug-watchos/PatternAuthentication.build/Objects-normal/armv7k/PatternAuthentication.SwiftFileList
WriteAuxiliaryFile /Users/admin/builder/spi-builder-workspace/.derivedData/Build/Intermediates.noindex/PatternAuthentication.build/Debug-watchos/PatternAuthentication.build/Objects-normal/armv7k/PatternAuthentication.SwiftConstValuesFileList (in target 'PatternAuthentication' from project 'PatternAuthentication')
    cd /Users/admin/builder/spi-builder-workspace
    write-file /Users/admin/builder/spi-builder-workspace/.derivedData/Build/Intermediates.noindex/PatternAuthentication.build/Debug-watchos/PatternAuthentication.build/Objects-normal/armv7k/PatternAuthentication.SwiftConstValuesFileList
WriteAuxiliaryFile /Users/admin/builder/spi-builder-workspace/.derivedData/Build/Intermediates.noindex/PatternAuthentication.build/Debug-watchos/PatternAuthentication.build/Objects-normal/arm64_32/PatternAuthentication.SwiftFileList (in target 'PatternAuthentication' from project 'PatternAuthentication')
    cd /Users/admin/builder/spi-builder-workspace
    write-file /Users/admin/builder/spi-builder-workspace/.derivedData/Build/Intermediates.noindex/PatternAuthentication.build/Debug-watchos/PatternAuthentication.build/Objects-normal/arm64_32/PatternAuthentication.SwiftFileList
WriteAuxiliaryFile /Users/admin/builder/spi-builder-workspace/.derivedData/Build/Intermediates.noindex/PatternAuthentication.build/Debug-watchos/PatternAuthentication.build/Objects-normal/arm64_32/PatternAuthentication.SwiftConstValuesFileList (in target 'PatternAuthentication' from project 'PatternAuthentication')
    cd /Users/admin/builder/spi-builder-workspace
    write-file /Users/admin/builder/spi-builder-workspace/.derivedData/Build/Intermediates.noindex/PatternAuthentication.build/Debug-watchos/PatternAuthentication.build/Objects-normal/arm64_32/PatternAuthentication.SwiftConstValuesFileList
WriteAuxiliaryFile /Users/admin/builder/spi-builder-workspace/.derivedData/Build/Intermediates.noindex/PatternAuthentication.build/Debug-watchos/PatternAuthentication.build/Objects-normal/arm64_32/PatternAuthentication-OutputFileMap.json (in target 'PatternAuthentication' from project 'PatternAuthentication')
    cd /Users/admin/builder/spi-builder-workspace
    write-file /Users/admin/builder/spi-builder-workspace/.derivedData/Build/Intermediates.noindex/PatternAuthentication.build/Debug-watchos/PatternAuthentication.build/Objects-normal/arm64_32/PatternAuthentication-OutputFileMap.json
WriteAuxiliaryFile /Users/admin/builder/spi-builder-workspace/.derivedData/Build/Intermediates.noindex/PatternAuthentication.build/Debug-watchos/PatternAuthentication.build/Objects-normal/arm64_32/PatternAuthentication.LinkFileList (in target 'PatternAuthentication' from project 'PatternAuthentication')
    cd /Users/admin/builder/spi-builder-workspace
    write-file /Users/admin/builder/spi-builder-workspace/.derivedData/Build/Intermediates.noindex/PatternAuthentication.build/Debug-watchos/PatternAuthentication.build/Objects-normal/arm64_32/PatternAuthentication.LinkFileList
WriteAuxiliaryFile /Users/admin/builder/spi-builder-workspace/.derivedData/Build/Intermediates.noindex/PatternAuthentication.build/Debug-watchos/PatternAuthentication.build/Objects-normal/arm64/PatternAuthentication.SwiftFileList (in target 'PatternAuthentication' from project 'PatternAuthentication')
    cd /Users/admin/builder/spi-builder-workspace
    write-file /Users/admin/builder/spi-builder-workspace/.derivedData/Build/Intermediates.noindex/PatternAuthentication.build/Debug-watchos/PatternAuthentication.build/Objects-normal/arm64/PatternAuthentication.SwiftFileList
WriteAuxiliaryFile /Users/admin/builder/spi-builder-workspace/.derivedData/Build/Intermediates.noindex/PatternAuthentication.build/Debug-watchos/PatternAuthentication.build/Objects-normal/arm64/PatternAuthentication.SwiftConstValuesFileList (in target 'PatternAuthentication' from project 'PatternAuthentication')
    cd /Users/admin/builder/spi-builder-workspace
    write-file /Users/admin/builder/spi-builder-workspace/.derivedData/Build/Intermediates.noindex/PatternAuthentication.build/Debug-watchos/PatternAuthentication.build/Objects-normal/arm64/PatternAuthentication.SwiftConstValuesFileList
WriteAuxiliaryFile /Users/admin/builder/spi-builder-workspace/.derivedData/Build/Intermediates.noindex/PatternAuthentication.build/Debug-watchos/PatternAuthentication.build/Objects-normal/arm64/PatternAuthentication_const_extract_protocols.json (in target 'PatternAuthentication' from project 'PatternAuthentication')
    cd /Users/admin/builder/spi-builder-workspace
    write-file /Users/admin/builder/spi-builder-workspace/.derivedData/Build/Intermediates.noindex/PatternAuthentication.build/Debug-watchos/PatternAuthentication.build/Objects-normal/arm64/PatternAuthentication_const_extract_protocols.json
WriteAuxiliaryFile /Users/admin/builder/spi-builder-workspace/.derivedData/Build/Intermediates.noindex/PatternAuthentication.build/Debug-watchos/PatternAuthentication.build/Objects-normal/arm64/PatternAuthentication.LinkFileList (in target 'PatternAuthentication' from project 'PatternAuthentication')
    cd /Users/admin/builder/spi-builder-workspace
    write-file /Users/admin/builder/spi-builder-workspace/.derivedData/Build/Intermediates.noindex/PatternAuthentication.build/Debug-watchos/PatternAuthentication.build/Objects-normal/arm64/PatternAuthentication.LinkFileList
WriteAuxiliaryFile /Users/admin/builder/spi-builder-workspace/.derivedData/Build/Intermediates.noindex/PatternAuthentication.build/Debug-watchos/PatternAuthentication.build/Objects-normal/arm64/PatternAuthentication-OutputFileMap.json (in target 'PatternAuthentication' from project 'PatternAuthentication')
    cd /Users/admin/builder/spi-builder-workspace
    write-file /Users/admin/builder/spi-builder-workspace/.derivedData/Build/Intermediates.noindex/PatternAuthentication.build/Debug-watchos/PatternAuthentication.build/Objects-normal/arm64/PatternAuthentication-OutputFileMap.json
MkDir /Users/admin/builder/spi-builder-workspace/.derivedData/Build/Products/Debug-watchos/PatternAuthentication_PatternAuthentication.bundle (in target 'PatternAuthentication_PatternAuthentication' from project 'PatternAuthentication')
    cd /Users/admin/builder/spi-builder-workspace
    /bin/mkdir -p /Users/admin/builder/spi-builder-workspace/.derivedData/Build/Products/Debug-watchos/PatternAuthentication_PatternAuthentication.bundle
WriteAuxiliaryFile /Users/admin/builder/spi-builder-workspace/.derivedData/Build/Intermediates.noindex/PatternAuthentication.build/Debug-watchos/PatternAuthentication.build/DerivedSources/resource_bundle_accessor.swift (in target 'PatternAuthentication' from project 'PatternAuthentication')
    cd /Users/admin/builder/spi-builder-workspace
    write-file /Users/admin/builder/spi-builder-workspace/.derivedData/Build/Intermediates.noindex/PatternAuthentication.build/Debug-watchos/PatternAuthentication.build/DerivedSources/resource_bundle_accessor.swift
Copy /Users/admin/builder/spi-builder-workspace/.derivedData/Build/Intermediates.noindex/GeneratedModuleMaps-watchos/PatternAuthentication.modulemap /Users/admin/builder/spi-builder-workspace/.derivedData/Build/Intermediates.noindex/PatternAuthentication.build/Debug-watchos/PatternAuthentication.build/PatternAuthentication.modulemap (in target 'PatternAuthentication' from project 'PatternAuthentication')
    cd /Users/admin/builder/spi-builder-workspace
    builtin-copy -exclude .DS_Store -exclude CVS -exclude .svn -exclude .git -exclude .hg -resolve-src-symlinks /Users/admin/builder/spi-builder-workspace/.derivedData/Build/Intermediates.noindex/PatternAuthentication.build/Debug-watchos/PatternAuthentication.build/PatternAuthentication.modulemap /Users/admin/builder/spi-builder-workspace/.derivedData/Build/Intermediates.noindex/GeneratedModuleMaps-watchos
GenerateAssetSymbols /Users/admin/builder/spi-builder-workspace/Sources/PatternAuthentication/Media.xcassets (in target 'PatternAuthentication' from project 'PatternAuthentication')
    cd /Users/admin/builder/spi-builder-workspace
    /Applications/Xcode-26.4.0.app/Contents/Developer/usr/bin/actool /Users/admin/builder/spi-builder-workspace/Sources/PatternAuthentication/Media.xcassets --compile /Users/admin/builder/spi-builder-workspace/.derivedData/Build/Products/Debug-watchos --output-format human-readable-text --notices --warnings --export-dependency-info /Users/admin/builder/spi-builder-workspace/.derivedData/Build/Intermediates.noindex/PatternAuthentication.build/Debug-watchos/PatternAuthentication.build/assetcatalog_dependencies --output-partial-info-plist /Users/admin/builder/spi-builder-workspace/.derivedData/Build/Intermediates.noindex/PatternAuthentication.build/Debug-watchos/PatternAuthentication.build/assetcatalog_generated_info.plist --compress-pngs --enable-on-demand-resources NO --development-region en --target-device watch --minimum-deployment-target 8.0 --platform watchos --bundle-identifier spi-builder-workspace.PatternAuthentication --generate-swift-asset-symbol-extensions NO --generate-swift-asset-symbols /Users/admin/builder/spi-builder-workspace/.derivedData/Build/Intermediates.noindex/PatternAuthentication.build/Debug-watchos/PatternAuthentication.build/DerivedSources/GeneratedAssetSymbols.swift --generate-objc-asset-symbols /Users/admin/builder/spi-builder-workspace/.derivedData/Build/Intermediates.noindex/PatternAuthentication.build/Debug-watchos/PatternAuthentication.build/DerivedSources/GeneratedAssetSymbols.h --generate-asset-symbol-index /Users/admin/builder/spi-builder-workspace/.derivedData/Build/Intermediates.noindex/PatternAuthentication.build/Debug-watchos/PatternAuthentication.build/DerivedSources/GeneratedAssetSymbols-Index.plist
/* com.apple.actool.compilation-results */
/Users/admin/builder/spi-builder-workspace/.derivedData/Build/Intermediates.noindex/PatternAuthentication.build/Debug-watchos/PatternAuthentication.build/DerivedSources/GeneratedAssetSymbols-Index.plist
/Users/admin/builder/spi-builder-workspace/.derivedData/Build/Intermediates.noindex/PatternAuthentication.build/Debug-watchos/PatternAuthentication.build/DerivedSources/GeneratedAssetSymbols.h
/Users/admin/builder/spi-builder-workspace/.derivedData/Build/Intermediates.noindex/PatternAuthentication.build/Debug-watchos/PatternAuthentication.build/DerivedSources/GeneratedAssetSymbols.swift
MkDir /Users/admin/builder/spi-builder-workspace/.derivedData/Build/Intermediates.noindex/PatternAuthentication.build/Debug-watchos/PatternAuthentication_PatternAuthentication.build/assetcatalog_output/thinned (in target 'PatternAuthentication_PatternAuthentication' from project 'PatternAuthentication')
    cd /Users/admin/builder/spi-builder-workspace
    /bin/mkdir -p /Users/admin/builder/spi-builder-workspace/.derivedData/Build/Intermediates.noindex/PatternAuthentication.build/Debug-watchos/PatternAuthentication_PatternAuthentication.build/assetcatalog_output/thinned
MkDir /Users/admin/builder/spi-builder-workspace/.derivedData/Build/Intermediates.noindex/PatternAuthentication.build/Debug-watchos/PatternAuthentication_PatternAuthentication.build/assetcatalog_output/unthinned (in target 'PatternAuthentication_PatternAuthentication' from project 'PatternAuthentication')
    cd /Users/admin/builder/spi-builder-workspace
    /bin/mkdir -p /Users/admin/builder/spi-builder-workspace/.derivedData/Build/Intermediates.noindex/PatternAuthentication.build/Debug-watchos/PatternAuthentication_PatternAuthentication.build/assetcatalog_output/unthinned
CompileAssetCatalogVariant thinned /Users/admin/builder/spi-builder-workspace/.derivedData/Build/Products/Debug-watchos/PatternAuthentication_PatternAuthentication.bundle /Users/admin/builder/spi-builder-workspace/Sources/PatternAuthentication/Media.xcassets (in target 'PatternAuthentication_PatternAuthentication' from project 'PatternAuthentication')
    cd /Users/admin/builder/spi-builder-workspace
    /Applications/Xcode-26.4.0.app/Contents/Developer/usr/bin/actool /Users/admin/builder/spi-builder-workspace/Sources/PatternAuthentication/Media.xcassets --compile /Users/admin/builder/spi-builder-workspace/.derivedData/Build/Intermediates.noindex/PatternAuthentication.build/Debug-watchos/PatternAuthentication_PatternAuthentication.build/assetcatalog_output/thinned --output-format human-readable-text --notices --warnings --export-dependency-info /Users/admin/builder/spi-builder-workspace/.derivedData/Build/Intermediates.noindex/PatternAuthentication.build/Debug-watchos/PatternAuthentication_PatternAuthentication.build/assetcatalog_dependencies_thinned --output-partial-info-plist /Users/admin/builder/spi-builder-workspace/.derivedData/Build/Intermediates.noindex/PatternAuthentication.build/Debug-watchos/PatternAuthentication_PatternAuthentication.build/assetcatalog_generated_info.plist_thinned --compress-pngs --enable-on-demand-resources NO --development-region en --target-device watch --minimum-deployment-target 8.0 --platform watchos
SwiftDriver PatternAuthentication normal arm64_32 com.apple.xcode.tools.swift.compiler (in target 'PatternAuthentication' from project 'PatternAuthentication')
    cd /Users/admin/builder/spi-builder-workspace/.swiftpm/xcode
    builtin-SwiftDriver -- /Applications/Xcode-26.4.0.app/Contents/Developer/Toolchains/XcodeDefault.xctoolchain/usr/bin/swiftc -module-name PatternAuthentication -Onone @/Users/admin/builder/spi-builder-workspace/.derivedData/Build/Intermediates.noindex/PatternAuthentication.build/Debug-watchos/PatternAuthentication.build/Objects-normal/arm64_32/PatternAuthentication.SwiftFileList -DSWIFT_PACKAGE -DDEBUG -DSWIFT_MODULE_RESOURCE_BUNDLE_AVAILABLE -DXcode -plugin-path /Applications/Xcode-26.4.0.app/Contents/Developer/Toolchains/XcodeDefault.xctoolchain/usr/lib/swift/host/plugins/testing -enable-experimental-feature DebugDescriptionMacro -sdk /Applications/Xcode-26.4.0.app/Contents/Developer/Platforms/WatchOS.platform/Developer/SDKs/WatchOS26.4.sdk -target arm64_32-apple-watchos8.0 -g -module-cache-path /Users/admin/builder/spi-builder-workspace/.derivedData/ModuleCache.noindex -Xfrontend -serialize-debugging-options -profile-coverage-mapping -profile-generate -enable-testing -index-store-path /Users/admin/builder/spi-builder-workspace/.derivedData/Index.noindex/DataStore -Xcc -D_LIBCPP_HARDENING_MODE\=_LIBCPP_HARDENING_MODE_DEBUG -swift-version 6 -I /Users/admin/builder/spi-builder-workspace/.derivedData/Build/Products/Debug-watchos -Isystem /Applications/Xcode-26.4.0.app/Contents/Developer/Platforms/WatchOS.platform/Developer/usr/lib -F /Users/admin/builder/spi-builder-workspace/.derivedData/Build/Products/Debug-watchos -F /Applications/Xcode-26.4.0.app/Contents/Developer/Platforms/WatchOS.platform/Developer/Library/Frameworks -F /Applications/Xcode-26.4.0.app/Contents/Developer/Platforms/WatchOS.platform/Developer/SDKs/WatchOS26.4.sdk/Developer/Library/Frameworks -c -j10 -enable-batch-mode -incremental -Xcc -ivfsstatcache -Xcc /Users/admin/builder/spi-builder-workspace/.derivedData/SDKStatCaches.noindex/watchos26.4-23T238-688ef53f1462e2c8f657fdc38a81448f9e51884a582f42380855760c9d4cc599.sdkstatcache -output-file-map /Users/admin/builder/spi-builder-workspace/.derivedData/Build/Intermediates.noindex/PatternAuthentication.build/Debug-watchos/PatternAuthentication.build/Objects-normal/arm64_32/PatternAuthentication-OutputFileMap.json -use-frontend-parseable-output -save-temps -no-color-diagnostics -explicit-module-build -module-cache-path /Users/admin/builder/spi-builder-workspace/.derivedData/Build/Intermediates.noindex/SwiftExplicitPrecompiledModules -clang-scanner-module-cache-path /Users/admin/builder/spi-builder-workspace/.derivedData/ModuleCache.noindex -sdk-module-cache-path /Users/admin/builder/spi-builder-workspace/.derivedData/ModuleCache.noindex -serialize-diagnostics -emit-dependencies -emit-module -emit-module-path /Users/admin/builder/spi-builder-workspace/.derivedData/Build/Intermediates.noindex/PatternAuthentication.build/Debug-watchos/PatternAuthentication.build/Objects-normal/arm64_32/PatternAuthentication.swiftmodule -validate-clang-modules-once -clang-build-session-file /Users/admin/builder/spi-builder-workspace/.derivedData/ModuleCache.noindex/Session.modulevalidation -package-name spi_builder_workspace -Xcc -I/Users/admin/builder/spi-builder-workspace/.derivedData/Build/Intermediates.noindex/PatternAuthentication.build/Debug-watchos/PatternAuthentication.build/swift-overrides.hmap -emit-const-values -Xfrontend -const-gather-protocols-file -Xfrontend /Users/admin/builder/spi-builder-workspace/.derivedData/Build/Intermediates.noindex/PatternAuthentication.build/Debug-watchos/PatternAuthentication.build/Objects-normal/arm64_32/PatternAuthentication_const_extract_protocols.json -Xcc -I/Users/admin/builder/spi-builder-workspace/.derivedData/Build/Products/Debug-watchos/include -Xcc -I/Users/admin/builder/spi-builder-workspace/.derivedData/Build/Intermediates.noindex/PatternAuthentication.build/Debug-watchos/PatternAuthentication.build/DerivedSources-normal/arm64_32 -Xcc -I/Users/admin/builder/spi-builder-workspace/.derivedData/Build/Intermediates.noindex/PatternAuthentication.build/Debug-watchos/PatternAuthentication.build/DerivedSources/arm64_32 -Xcc -I/Users/admin/builder/spi-builder-workspace/.derivedData/Build/Intermediates.noindex/PatternAuthentication.build/Debug-watchos/PatternAuthentication.build/DerivedSources -Xcc -DSWIFT_PACKAGE -Xcc -DDEBUG\=1 -emit-objc-header -emit-objc-header-path /Users/admin/builder/spi-builder-workspace/.derivedData/Build/Intermediates.noindex/PatternAuthentication.build/Debug-watchos/PatternAuthentication.build/Objects-normal/arm64_32/PatternAuthentication-Swift.h -working-directory /Users/admin/builder/spi-builder-workspace/.swiftpm/xcode -experimental-emit-module-separately -disable-cmo
SwiftDriver PatternAuthentication normal armv7k com.apple.xcode.tools.swift.compiler (in target 'PatternAuthentication' from project 'PatternAuthentication')
    cd /Users/admin/builder/spi-builder-workspace/.swiftpm/xcode
    builtin-SwiftDriver -- /Applications/Xcode-26.4.0.app/Contents/Developer/Toolchains/XcodeDefault.xctoolchain/usr/bin/swiftc -module-name PatternAuthentication -Onone @/Users/admin/builder/spi-builder-workspace/.derivedData/Build/Intermediates.noindex/PatternAuthentication.build/Debug-watchos/PatternAuthentication.build/Objects-normal/armv7k/PatternAuthentication.SwiftFileList -DSWIFT_PACKAGE -DDEBUG -DSWIFT_MODULE_RESOURCE_BUNDLE_AVAILABLE -DXcode -plugin-path /Applications/Xcode-26.4.0.app/Contents/Developer/Toolchains/XcodeDefault.xctoolchain/usr/lib/swift/host/plugins/testing -enable-experimental-feature DebugDescriptionMacro -sdk /Applications/Xcode-26.4.0.app/Contents/Developer/Platforms/WatchOS.platform/Developer/SDKs/WatchOS26.4.sdk -target armv7k-apple-watchos8.0 -g -module-cache-path /Users/admin/builder/spi-builder-workspace/.derivedData/ModuleCache.noindex -Xfrontend -serialize-debugging-options -profile-coverage-mapping -profile-generate -enable-testing -index-store-path /Users/admin/builder/spi-builder-workspace/.derivedData/Index.noindex/DataStore -Xcc -D_LIBCPP_HARDENING_MODE\=_LIBCPP_HARDENING_MODE_DEBUG -swift-version 6 -I /Users/admin/builder/spi-builder-workspace/.derivedData/Build/Products/Debug-watchos -Isystem /Applications/Xcode-26.4.0.app/Contents/Developer/Platforms/WatchOS.platform/Developer/usr/lib -F /Users/admin/builder/spi-builder-workspace/.derivedData/Build/Products/Debug-watchos -F /Applications/Xcode-26.4.0.app/Contents/Developer/Platforms/WatchOS.platform/Developer/Library/Frameworks -F /Applications/Xcode-26.4.0.app/Contents/Developer/Platforms/WatchOS.platform/Developer/SDKs/WatchOS26.4.sdk/Developer/Library/Frameworks -c -j10 -enable-batch-mode -incremental -Xcc -ivfsstatcache -Xcc /Users/admin/builder/spi-builder-workspace/.derivedData/SDKStatCaches.noindex/watchos26.4-23T238-688ef53f1462e2c8f657fdc38a81448f9e51884a582f42380855760c9d4cc599.sdkstatcache -output-file-map /Users/admin/builder/spi-builder-workspace/.derivedData/Build/Intermediates.noindex/PatternAuthentication.build/Debug-watchos/PatternAuthentication.build/Objects-normal/armv7k/PatternAuthentication-OutputFileMap.json -use-frontend-parseable-output -save-temps -no-color-diagnostics -explicit-module-build -module-cache-path /Users/admin/builder/spi-builder-workspace/.derivedData/Build/Intermediates.noindex/SwiftExplicitPrecompiledModules -clang-scanner-module-cache-path /Users/admin/builder/spi-builder-workspace/.derivedData/ModuleCache.noindex -sdk-module-cache-path /Users/admin/builder/spi-builder-workspace/.derivedData/ModuleCache.noindex -serialize-diagnostics -emit-dependencies -emit-module -emit-module-path /Users/admin/builder/spi-builder-workspace/.derivedData/Build/Intermediates.noindex/PatternAuthentication.build/Debug-watchos/PatternAuthentication.build/Objects-normal/armv7k/PatternAuthentication.swiftmodule -validate-clang-modules-once -clang-build-session-file /Users/admin/builder/spi-builder-workspace/.derivedData/ModuleCache.noindex/Session.modulevalidation -package-name spi_builder_workspace -Xcc -I/Users/admin/builder/spi-builder-workspace/.derivedData/Build/Intermediates.noindex/PatternAuthentication.build/Debug-watchos/PatternAuthentication.build/swift-overrides.hmap -emit-const-values -Xfrontend -const-gather-protocols-file -Xfrontend /Users/admin/builder/spi-builder-workspace/.derivedData/Build/Intermediates.noindex/PatternAuthentication.build/Debug-watchos/PatternAuthentication.build/Objects-normal/armv7k/PatternAuthentication_const_extract_protocols.json -Xcc -I/Users/admin/builder/spi-builder-workspace/.derivedData/Build/Products/Debug-watchos/include -Xcc -I/Users/admin/builder/spi-builder-workspace/.derivedData/Build/Intermediates.noindex/PatternAuthentication.build/Debug-watchos/PatternAuthentication.build/DerivedSources-normal/armv7k -Xcc -I/Users/admin/builder/spi-builder-workspace/.derivedData/Build/Intermediates.noindex/PatternAuthentication.build/Debug-watchos/PatternAuthentication.build/DerivedSources/armv7k -Xcc -I/Users/admin/builder/spi-builder-workspace/.derivedData/Build/Intermediates.noindex/PatternAuthentication.build/Debug-watchos/PatternAuthentication.build/DerivedSources -Xcc -DSWIFT_PACKAGE -Xcc -DDEBUG\=1 -emit-objc-header -emit-objc-header-path /Users/admin/builder/spi-builder-workspace/.derivedData/Build/Intermediates.noindex/PatternAuthentication.build/Debug-watchos/PatternAuthentication.build/Objects-normal/armv7k/PatternAuthentication-Swift.h -working-directory /Users/admin/builder/spi-builder-workspace/.swiftpm/xcode -experimental-emit-module-separately -disable-cmo
SwiftDriver PatternAuthentication normal arm64 com.apple.xcode.tools.swift.compiler (in target 'PatternAuthentication' from project 'PatternAuthentication')
    cd /Users/admin/builder/spi-builder-workspace/.swiftpm/xcode
    builtin-SwiftDriver -- /Applications/Xcode-26.4.0.app/Contents/Developer/Toolchains/XcodeDefault.xctoolchain/usr/bin/swiftc -module-name PatternAuthentication -Onone @/Users/admin/builder/spi-builder-workspace/.derivedData/Build/Intermediates.noindex/PatternAuthentication.build/Debug-watchos/PatternAuthentication.build/Objects-normal/arm64/PatternAuthentication.SwiftFileList -DSWIFT_PACKAGE -DDEBUG -DSWIFT_MODULE_RESOURCE_BUNDLE_AVAILABLE -DXcode -plugin-path /Applications/Xcode-26.4.0.app/Contents/Developer/Toolchains/XcodeDefault.xctoolchain/usr/lib/swift/host/plugins/testing -enable-experimental-feature DebugDescriptionMacro -sdk /Applications/Xcode-26.4.0.app/Contents/Developer/Platforms/WatchOS.platform/Developer/SDKs/WatchOS26.4.sdk -target arm64-apple-watchos8.0 -g -module-cache-path /Users/admin/builder/spi-builder-workspace/.derivedData/ModuleCache.noindex -Xfrontend -serialize-debugging-options -profile-coverage-mapping -profile-generate -enable-testing -index-store-path /Users/admin/builder/spi-builder-workspace/.derivedData/Index.noindex/DataStore -Xcc -D_LIBCPP_HARDENING_MODE\=_LIBCPP_HARDENING_MODE_DEBUG -swift-version 6 -I /Users/admin/builder/spi-builder-workspace/.derivedData/Build/Products/Debug-watchos -Isystem /Applications/Xcode-26.4.0.app/Contents/Developer/Platforms/WatchOS.platform/Developer/usr/lib -F /Users/admin/builder/spi-builder-workspace/.derivedData/Build/Products/Debug-watchos -F /Applications/Xcode-26.4.0.app/Contents/Developer/Platforms/WatchOS.platform/Developer/Library/Frameworks -F /Applications/Xcode-26.4.0.app/Contents/Developer/Platforms/WatchOS.platform/Developer/SDKs/WatchOS26.4.sdk/Developer/Library/Frameworks -c -j10 -enable-batch-mode -incremental -Xcc -ivfsstatcache -Xcc /Users/admin/builder/spi-builder-workspace/.derivedData/SDKStatCaches.noindex/watchos26.4-23T238-688ef53f1462e2c8f657fdc38a81448f9e51884a582f42380855760c9d4cc599.sdkstatcache -output-file-map /Users/admin/builder/spi-builder-workspace/.derivedData/Build/Intermediates.noindex/PatternAuthentication.build/Debug-watchos/PatternAuthentication.build/Objects-normal/arm64/PatternAuthentication-OutputFileMap.json -use-frontend-parseable-output -save-temps -no-color-diagnostics -explicit-module-build -module-cache-path /Users/admin/builder/spi-builder-workspace/.derivedData/Build/Intermediates.noindex/SwiftExplicitPrecompiledModules -clang-scanner-module-cache-path /Users/admin/builder/spi-builder-workspace/.derivedData/ModuleCache.noindex -sdk-module-cache-path /Users/admin/builder/spi-builder-workspace/.derivedData/ModuleCache.noindex -serialize-diagnostics -emit-dependencies -emit-module -emit-module-path /Users/admin/builder/spi-builder-workspace/.derivedData/Build/Intermediates.noindex/PatternAuthentication.build/Debug-watchos/PatternAuthentication.build/Objects-normal/arm64/PatternAuthentication.swiftmodule -validate-clang-modules-once -clang-build-session-file /Users/admin/builder/spi-builder-workspace/.derivedData/ModuleCache.noindex/Session.modulevalidation -package-name spi_builder_workspace -Xcc -I/Users/admin/builder/spi-builder-workspace/.derivedData/Build/Intermediates.noindex/PatternAuthentication.build/Debug-watchos/PatternAuthentication.build/swift-overrides.hmap -emit-const-values -Xfrontend -const-gather-protocols-file -Xfrontend /Users/admin/builder/spi-builder-workspace/.derivedData/Build/Intermediates.noindex/PatternAuthentication.build/Debug-watchos/PatternAuthentication.build/Objects-normal/arm64/PatternAuthentication_const_extract_protocols.json -Xcc -I/Users/admin/builder/spi-builder-workspace/.derivedData/Build/Products/Debug-watchos/include -Xcc -I/Users/admin/builder/spi-builder-workspace/.derivedData/Build/Intermediates.noindex/PatternAuthentication.build/Debug-watchos/PatternAuthentication.build/DerivedSources-normal/arm64 -Xcc -I/Users/admin/builder/spi-builder-workspace/.derivedData/Build/Intermediates.noindex/PatternAuthentication.build/Debug-watchos/PatternAuthentication.build/DerivedSources/arm64 -Xcc -I/Users/admin/builder/spi-builder-workspace/.derivedData/Build/Intermediates.noindex/PatternAuthentication.build/Debug-watchos/PatternAuthentication.build/DerivedSources -Xcc -DSWIFT_PACKAGE -Xcc -DDEBUG\=1 -emit-objc-header -emit-objc-header-path /Users/admin/builder/spi-builder-workspace/.derivedData/Build/Intermediates.noindex/PatternAuthentication.build/Debug-watchos/PatternAuthentication.build/Objects-normal/arm64/PatternAuthentication-Swift.h -working-directory /Users/admin/builder/spi-builder-workspace/.swiftpm/xcode -experimental-emit-module-separately -disable-cmo
SwiftExplicitDependencyGeneratePcm armv7k /Users/admin/builder/spi-builder-workspace/.derivedData/ModuleCache.noindex/_Builtin_stddef-9MVLLGAH7IBICW3NYCD73F8QA.pcm
SwiftExplicitDependencyGeneratePcm armv7k /Users/admin/builder/spi-builder-workspace/.derivedData/ModuleCache.noindex/DeveloperToolsSupport-58LUBQNXYYNS11AKXWK8CJC7R.pcm
SwiftExplicitDependencyGeneratePcm armv7k /Users/admin/builder/spi-builder-workspace/.derivedData/ModuleCache.noindex/ptrauth-CS7PFDO9VO42X1AIZ6EWBVDQ2.pcm
SwiftExplicitDependencyGeneratePcm armv7k /Users/admin/builder/spi-builder-workspace/.derivedData/ModuleCache.noindex/_Builtin_stdbool-856YA4XCT9VDWQMTOUI1NVU2.pcm
SwiftExplicitDependencyGeneratePcm armv7k /Users/admin/builder/spi-builder-workspace/.derivedData/ModuleCache.noindex/_Builtin_stdarg-A6301BTRI5ZX5EDBTBW37E6IM.pcm
SwiftExplicitDependencyGeneratePcm armv7k /Users/admin/builder/spi-builder-workspace/.derivedData/ModuleCache.noindex/_Builtin_float-AI92T2A5LSX8RA8IKBL1CXDZL.pcm
SwiftExplicitDependencyGeneratePcm armv7k /Users/admin/builder/spi-builder-workspace/.derivedData/ModuleCache.noindex/ptrcheck-DEOEBV79WBI36EAEV0AOG0GKL.pcm
SwiftExplicitDependencyGeneratePcm armv7k /Users/admin/builder/spi-builder-workspace/.derivedData/ModuleCache.noindex/SwiftShims-2ZR2MNDQXQDAOMRAQZ45CE81G.pcm
SwiftExplicitDependencyGeneratePcm armv7k /Users/admin/builder/spi-builder-workspace/.derivedData/ModuleCache.noindex/_SwiftConcurrencyShims-8XLZ2TS80YAL53Q0Q3A6ZS6ZT.pcm
SwiftExplicitDependencyGeneratePcm armv7k /Users/admin/builder/spi-builder-workspace/.derivedData/ModuleCache.noindex/_AvailabilityInternal-QJ78F7IJG568G1O466A8X3NB.pcm
SwiftExplicitDependencyGeneratePcm arm64_32 /Users/admin/builder/spi-builder-workspace/.derivedData/ModuleCache.noindex/_Builtin_stdarg-9QJQ6YF71IBBNARH6DJ15ECUA.pcm
SwiftExplicitDependencyGeneratePcm arm64 /Users/admin/builder/spi-builder-workspace/.derivedData/ModuleCache.noindex/DeveloperToolsSupport-45LJQ7XZTZELPNNQ1BSJ9E0Z3.pcm
SwiftExplicitDependencyGeneratePcm arm64_32 /Users/admin/builder/spi-builder-workspace/.derivedData/ModuleCache.noindex/ptrauth-86SG3KWN2416SP1TV07QXWLZJ.pcm
SwiftExplicitDependencyGeneratePcm arm64_32 /Users/admin/builder/spi-builder-workspace/.derivedData/ModuleCache.noindex/_Builtin_stdbool-32VS6E3RJ2GW9HCKVH7N8W3I1.pcm
SwiftExplicitDependencyGeneratePcm arm64_32 /Users/admin/builder/spi-builder-workspace/.derivedData/ModuleCache.noindex/ptrcheck-266NT1P7D1LMWVI1EJLP0L9GE.pcm
SwiftExplicitDependencyGeneratePcm arm64 /Users/admin/builder/spi-builder-workspace/.derivedData/ModuleCache.noindex/ptrauth-8NZTOI4T0VWLZ8LCHBTWOV0U.pcm
SwiftExplicitDependencyGeneratePcm arm64_32 /Users/admin/builder/spi-builder-workspace/.derivedData/ModuleCache.noindex/_Builtin_stddef-5FZDPVDXD2HPLM78ZOM9N03SU.pcm
SwiftExplicitDependencyGeneratePcm arm64 /Users/admin/builder/spi-builder-workspace/.derivedData/ModuleCache.noindex/_Builtin_stdarg-9C1VDMTMAA0JCC5F9EDHMU7LC.pcm
SwiftExplicitDependencyGeneratePcm arm64 /Users/admin/builder/spi-builder-workspace/.derivedData/ModuleCache.noindex/_SwiftConcurrencyShims-4ZAELXTE2GG4SZFDXPWPT7O9.pcm
SwiftExplicitDependencyGeneratePcm armv7k /Users/admin/builder/spi-builder-workspace/.derivedData/ModuleCache.noindex/_DarwinFoundation1-7JDHPVGJXIV0F0QT0TMFHPDJ1.pcm
SwiftExplicitDependencyGeneratePcm arm64 /Users/admin/builder/spi-builder-workspace/.derivedData/ModuleCache.noindex/_AvailabilityInternal-VGXHWQD1X9HM4Q2T00E645TO.pcm
SwiftExplicitDependencyGeneratePcm arm64_32 /Users/admin/builder/spi-builder-workspace/.derivedData/ModuleCache.noindex/_Builtin_float-32WBVDB5Y1RJ3SQX5PTMTSJGL.pcm
SwiftExplicitDependencyGeneratePcm arm64 /Users/admin/builder/spi-builder-workspace/.derivedData/ModuleCache.noindex/ptrcheck-D9WKCDD8BROY62AW3B8MFPIXL.pcm
SwiftExplicitDependencyGeneratePcm arm64_32 /Users/admin/builder/spi-builder-workspace/.derivedData/ModuleCache.noindex/SwiftShims-EDJTPVI58WEN65KIWCAS19P47.pcm
SwiftExplicitDependencyGeneratePcm arm64 /Users/admin/builder/spi-builder-workspace/.derivedData/ModuleCache.noindex/SwiftShims-3F71YKAFPIL4I12A9PF0U6XHE.pcm
SwiftExplicitDependencyGeneratePcm arm64 /Users/admin/builder/spi-builder-workspace/.derivedData/ModuleCache.noindex/_Builtin_float-1SCPK6D91G9GTJ123R4QFENF6.pcm
SwiftExplicitDependencyGeneratePcm arm64_32 /Users/admin/builder/spi-builder-workspace/.derivedData/ModuleCache.noindex/_SwiftConcurrencyShims-CS37TA6S5T8WO941F1Y6KPTPB.pcm
SwiftExplicitDependencyGeneratePcm arm64 /Users/admin/builder/spi-builder-workspace/.derivedData/ModuleCache.noindex/_Builtin_stdbool-EZGCYJSMQH3DYOXQY29AVGE07.pcm
SwiftExplicitDependencyGeneratePcm arm64_32 /Users/admin/builder/spi-builder-workspace/.derivedData/ModuleCache.noindex/DeveloperToolsSupport-1FSHW16ANN5PG1T6KPJTN5QKW.pcm
SwiftExplicitDependencyGeneratePcm arm64_32 /Users/admin/builder/spi-builder-workspace/.derivedData/ModuleCache.noindex/_AvailabilityInternal-3FGS91GJTSCVBQWF0AZ8RDWIB.pcm
SwiftExplicitDependencyGeneratePcm arm64 /Users/admin/builder/spi-builder-workspace/.derivedData/ModuleCache.noindex/_Builtin_stddef-23GVZO3J60TK1907VB9EHEBV9.pcm
SwiftExplicitDependencyGeneratePcm arm64 /Users/admin/builder/spi-builder-workspace/.derivedData/ModuleCache.noindex/_DarwinFoundation1-1DTQYY9UU66023I0ATSGWG7ZE.pcm
SwiftExplicitDependencyGeneratePcm armv7k /Users/admin/builder/spi-builder-workspace/.derivedData/ModuleCache.noindex/_Builtin_limits-BEX4R8967RNOTRUYZ7EFL984V.pcm
SwiftExplicitDependencyGeneratePcm armv7k /Users/admin/builder/spi-builder-workspace/.derivedData/ModuleCache.noindex/_DarwinFoundation2-CL2MZM3NQ4A4YTBAJBGDKOLWP.pcm
SwiftExplicitDependencyGeneratePcm arm64_32 /Users/admin/builder/spi-builder-workspace/.derivedData/ModuleCache.noindex/_DarwinFoundation1-6O6RHGGQ8I02TIQLYBL6S0W5Y.pcm
SwiftExplicitDependencyGeneratePcm arm64 /Users/admin/builder/spi-builder-workspace/.derivedData/ModuleCache.noindex/_Builtin_limits-EL9Q6E0RP2I23KV7GOAH9UASG.pcm
SwiftExplicitDependencyGeneratePcm arm64 /Users/admin/builder/spi-builder-workspace/.derivedData/ModuleCache.noindex/_DarwinFoundation2-9HF0QGHXY3KFYNL697MDX2JFV.pcm
SwiftExplicitDependencyGeneratePcm armv7k /Users/admin/builder/spi-builder-workspace/.derivedData/ModuleCache.noindex/_Builtin_tgmath-47DM9ICOMCJTY9DKQE708EIKC.pcm
SwiftExplicitDependencyGeneratePcm armv7k /Users/admin/builder/spi-builder-workspace/.derivedData/ModuleCache.noindex/_Builtin_stdint-74HTET9XAL0O1QM2B6UDOBYSG.pcm
SwiftExplicitDependencyGeneratePcm armv7k /Users/admin/builder/spi-builder-workspace/.derivedData/ModuleCache.noindex/sys_types-BZOSF4DTRUSRKFFX4T0BLR890.pcm
SwiftExplicitDependencyGeneratePcm arm64_32 /Users/admin/builder/spi-builder-workspace/.derivedData/ModuleCache.noindex/_Builtin_limits-EU5DPB0SJLR7RBL14Y02NSQS1.pcm
SwiftExplicitDependencyGeneratePcm arm64_32 /Users/admin/builder/spi-builder-workspace/.derivedData/ModuleCache.noindex/_DarwinFoundation2-BWJ8WVXJZ6T37PQKKMKQAIQ22.pcm
SwiftExplicitDependencyGeneratePcm armv7k /Users/admin/builder/spi-builder-workspace/.derivedData/ModuleCache.noindex/_DarwinFoundation3-3B8XHA0UANDWBT6BMXZAS4JL5.pcm
SwiftExplicitDependencyGeneratePcm armv7k /Users/admin/builder/spi-builder-workspace/.derivedData/ModuleCache.noindex/_Builtin_intrinsics-A2HSFTGNYEF3BZ9LGI9R3DJXJ.pcm
SwiftExplicitDependencyGeneratePcm armv7k /Users/admin/builder/spi-builder-workspace/.derivedData/ModuleCache.noindex/_Builtin_stdatomic-959NSYIUY24RTV1TQFH8Z3ZLW.pcm
SwiftExplicitDependencyGeneratePcm arm64 /Users/admin/builder/spi-builder-workspace/.derivedData/ModuleCache.noindex/_Builtin_tgmath-1QW94ZHIZZXOB62TJKJPRLCTE.pcm
SwiftExplicitDependencyGeneratePcm arm64 /Users/admin/builder/spi-builder-workspace/.derivedData/ModuleCache.noindex/sys_types-5N90L5D6IYIYT6DRYMU0H0V03.pcm
SwiftExplicitDependencyGeneratePcm arm64 /Users/admin/builder/spi-builder-workspace/.derivedData/ModuleCache.noindex/_Builtin_stdint-7P8EAMJHII1Y13KPDIO6OPE85.pcm
SwiftExplicitDependencyGeneratePcm arm64_32 /Users/admin/builder/spi-builder-workspace/.derivedData/ModuleCache.noindex/_Builtin_stdint-ANMRWEGXQF51I6TK574L4FTFE.pcm
SwiftExplicitDependencyGeneratePcm arm64_32 /Users/admin/builder/spi-builder-workspace/.derivedData/ModuleCache.noindex/sys_types-D49PZOP3LYQFTFQ3ZWU4CUWLY.pcm
SwiftExplicitDependencyGeneratePcm arm64_32 /Users/admin/builder/spi-builder-workspace/.derivedData/ModuleCache.noindex/_Builtin_tgmath-CB4VV3DL9JU7QK07DFPTR1S98.pcm
SwiftExplicitDependencyGeneratePcm arm64 /Users/admin/builder/spi-builder-workspace/.derivedData/ModuleCache.noindex/_DarwinFoundation3-2GWRARA6K993RJ88V1Y96KEJJ.pcm
SwiftExplicitDependencyGeneratePcm arm64 /Users/admin/builder/spi-builder-workspace/.derivedData/ModuleCache.noindex/_Builtin_stdatomic-A88IAH4Z4IGJYJY9DHXOYF0PT.pcm
SwiftExplicitDependencyGeneratePcm arm64 /Users/admin/builder/spi-builder-workspace/.derivedData/ModuleCache.noindex/_Builtin_intrinsics-2WFP6MBSRG4CHG5CFVU25G0JT.pcm
SwiftExplicitDependencyGeneratePcm armv7k /Users/admin/builder/spi-builder-workspace/.derivedData/ModuleCache.noindex/_Builtin_inttypes-4Y8S3D2NV6ZO6MOFCA1EFD9PM.pcm
SwiftExplicitDependencyGeneratePcm armv7k /Users/admin/builder/spi-builder-workspace/.derivedData/ModuleCache.noindex/CommonCrypto-7EQ03BGR5KTSC0R2NYM0KQH6H.pcm
SwiftExplicitDependencyGeneratePcm arm64_32 /Users/admin/builder/spi-builder-workspace/.derivedData/ModuleCache.noindex/_Builtin_intrinsics-DQXMIVMPV59MBDS8RBYO28RCI.pcm
SwiftExplicitDependencyGeneratePcm arm64_32 /Users/admin/builder/spi-builder-workspace/.derivedData/ModuleCache.noindex/_Builtin_stdatomic-2MDX0JUJBHWXYAT94YRQV837U.pcm
SwiftExplicitDependencyGeneratePcm arm64_32 /Users/admin/builder/spi-builder-workspace/.derivedData/ModuleCache.noindex/_DarwinFoundation3-BKK5BSQWGF92KVELOAWQ749XO.pcm
SwiftExplicitDependencyGeneratePcm armv7k /Users/admin/builder/spi-builder-workspace/.derivedData/ModuleCache.noindex/simd-5YE51UEHJ39MMHB4FQOXWHFUM.pcm
SwiftExplicitDependencyGeneratePcm armv7k /Users/admin/builder/spi-builder-workspace/.derivedData/ModuleCache.noindex/Darwin-1H8PZKOXK69WCY0KBMB7R7BOJ.pcm
SwiftExplicitDependencyGeneratePcm arm64 /Users/admin/builder/spi-builder-workspace/.derivedData/ModuleCache.noindex/CommonCrypto-3XE3PJKMRGVLFI8GZ6QRN3B5Q.pcm
SwiftExplicitDependencyGeneratePcm arm64 /Users/admin/builder/spi-builder-workspace/.derivedData/ModuleCache.noindex/_Builtin_inttypes-9IKAGRULHBU3C82MV2Y7ETRR9.pcm
SwiftExplicitDependencyGeneratePcm arm64_32 /Users/admin/builder/spi-builder-workspace/.derivedData/ModuleCache.noindex/_Builtin_inttypes-8SQHK6BHD7C805PBQL0T3FF2V.pcm
SwiftExplicitDependencyGeneratePcm arm64_32 /Users/admin/builder/spi-builder-workspace/.derivedData/ModuleCache.noindex/CommonCrypto-6P8F4M1QGUCOZRB6VPYIDBQ68.pcm
SwiftExplicitDependencyGeneratePcm arm64 /Users/admin/builder/spi-builder-workspace/.derivedData/ModuleCache.noindex/Darwin-D1BA92JP0VXKAOKXR6B6MZJZO.pcm
SwiftExplicitDependencyGeneratePcm arm64_32 /Users/admin/builder/spi-builder-workspace/.derivedData/ModuleCache.noindex/Darwin-EXSLV4FZ23ACOHESV6HN242JF.pcm
SwiftExplicitDependencyGeneratePcm arm64 /Users/admin/builder/spi-builder-workspace/.derivedData/ModuleCache.noindex/simd-XGV52KQFXMD01HFUCKCO8T5R.pcm
SwiftExplicitDependencyGeneratePcm arm64_32 /Users/admin/builder/spi-builder-workspace/.derivedData/ModuleCache.noindex/simd-5RZFWVV8YNUMXZPG68I0D6UIC.pcm
SwiftExplicitDependencyGeneratePcm armv7k /Users/admin/builder/spi-builder-workspace/.derivedData/ModuleCache.noindex/ObjectiveC-1TC7M1HBWDPP5XW1MSG61DOCN.pcm
SwiftExplicitDependencyGeneratePcm armv7k /Users/admin/builder/spi-builder-workspace/.derivedData/ModuleCache.noindex/MachO-B3ESOYIOF1CQGFVZK5XVNB8T1.pcm
SwiftExplicitDependencyGeneratePcm armv7k /Users/admin/builder/spi-builder-workspace/.derivedData/ModuleCache.noindex/os_object-6EYEGDCTXJQGYDTB9IGBGDHR7.pcm
SwiftExplicitDependencyGeneratePcm arm64 /Users/admin/builder/spi-builder-workspace/.derivedData/ModuleCache.noindex/MachO-CCJUSSH0DVWV8RNFZE7C9Q3EZ.pcm
SwiftExplicitDependencyGeneratePcm arm64 /Users/admin/builder/spi-builder-workspace/.derivedData/ModuleCache.noindex/ObjectiveC-E9GNV3GPGTFX3JG66LQF1QW75.pcm
SwiftExplicitDependencyGeneratePcm armv7k /Users/admin/builder/spi-builder-workspace/.derivedData/ModuleCache.noindex/Spatial-7F6IC6WK07LPBKRRAG60I891O.pcm
SwiftExplicitDependencyGeneratePcm armv7k /Users/admin/builder/spi-builder-workspace/.derivedData/ModuleCache.noindex/os_workgroup-325O7SVUGRSTNN7338Z6L40LL.pcm
SwiftExplicitDependencyGeneratePcm arm64_32 /Users/admin/builder/spi-builder-workspace/.derivedData/ModuleCache.noindex/ObjectiveC-7UUR49QAGO7D92C84DCGJCQ92.pcm
SwiftExplicitDependencyGeneratePcm arm64_32 /Users/admin/builder/spi-builder-workspace/.derivedData/ModuleCache.noindex/MachO-7RNW0MG49KNRIDK4EABV8EZ05.pcm
SwiftExplicitDependencyGeneratePcm arm64 /Users/admin/builder/spi-builder-workspace/.derivedData/ModuleCache.noindex/os_object-ABHR2RPZAPKKRPEZKN1VS3U62.pcm
SwiftExplicitDependencyGeneratePcm armv7k /Users/admin/builder/spi-builder-workspace/.derivedData/ModuleCache.noindex/Dispatch-6164Z87B6NSJD9LEHMISCPJJB.pcm
SwiftExplicitDependencyGeneratePcm arm64_32 /Users/admin/builder/spi-builder-workspace/.derivedData/ModuleCache.noindex/os_object-7E7HKSKAV5AQ47IQSCMCCSI5V.pcm
SwiftExplicitDependencyGeneratePcm arm64 /Users/admin/builder/spi-builder-workspace/.derivedData/ModuleCache.noindex/os_workgroup-57SK7T5TWBSHOGKKP26ZBGOZ9.pcm
SwiftExplicitDependencyGeneratePcm arm64 /Users/admin/builder/spi-builder-workspace/.derivedData/ModuleCache.noindex/Spatial-K7MJW2JK4LWSB6YBWRF0HBBW.pcm
SwiftExplicitDependencyGeneratePcm armv7k /Users/admin/builder/spi-builder-workspace/.derivedData/ModuleCache.noindex/CoreFoundation-5YU3N6OE9QRR2JL2WJTZKKGPG.pcm
SwiftExplicitDependencyGeneratePcm armv7k /Users/admin/builder/spi-builder-workspace/.derivedData/ModuleCache.noindex/XPC-QNSWNE0992RTVJN316A9C3HN.pcm
SwiftExplicitDependencyGeneratePcm arm64_32 /Users/admin/builder/spi-builder-workspace/.derivedData/ModuleCache.noindex/os_workgroup-4432WEOWGS1BJEUBC5UJRUFI3.pcm
SwiftExplicitDependencyGeneratePcm arm64 /Users/admin/builder/spi-builder-workspace/.derivedData/ModuleCache.noindex/Dispatch-B36SMAPOXYMQNNNBLHT80G2FZ.pcm
SwiftExplicitDependencyGeneratePcm arm64_32 /Users/admin/builder/spi-builder-workspace/.derivedData/ModuleCache.noindex/Spatial-2HQBH0G7JTCQE4R0LWGW40909.pcm
SwiftExplicitDependencyGeneratePcm arm64_32 /Users/admin/builder/spi-builder-workspace/.derivedData/ModuleCache.noindex/Dispatch-4G9M6BOQAKJFT396RD8IL8IUF.pcm
SwiftExplicitDependencyGeneratePcm armv7k /Users/admin/builder/spi-builder-workspace/.derivedData/ModuleCache.noindex/os-E7QOSTXD79SCFF9742YQD3CMU.pcm
SwiftExplicitDependencyGeneratePcm arm64 /Users/admin/builder/spi-builder-workspace/.derivedData/ModuleCache.noindex/XPC-Y7I7SAWGZK3XSFY29XNYOFQY.pcm
SwiftExplicitDependencyGeneratePcm arm64 /Users/admin/builder/spi-builder-workspace/.derivedData/ModuleCache.noindex/CoreFoundation-84YPE2UAZHTV4F627ZS1DADPK.pcm
SwiftExplicitDependencyGeneratePcm armv7k /Users/admin/builder/spi-builder-workspace/.derivedData/ModuleCache.noindex/CoreGraphics-T25XCDAX1ZRNP5GIAOJCRIV2.pcm
SwiftExplicitDependencyGeneratePcm armv7k /Users/admin/builder/spi-builder-workspace/.derivedData/ModuleCache.noindex/Security-E43LMQGE2B01RGJOII4K5CTAX.pcm
SwiftExplicitDependencyGeneratePcm arm64_32 /Users/admin/builder/spi-builder-workspace/.derivedData/ModuleCache.noindex/CoreFoundation-BJL619DGQVH96DCT9RMEYS271.pcm
SwiftExplicitDependencyGeneratePcm arm64_32 /Users/admin/builder/spi-builder-workspace/.derivedData/ModuleCache.noindex/XPC-EF0P0CB81D8MM9HSY5UO4BF4M.pcm
SwiftExplicitDependencyGeneratePcm arm64 /Users/admin/builder/spi-builder-workspace/.derivedData/ModuleCache.noindex/os-55ZJ68VT842DCPTG7CL87QDCP.pcm
SwiftExplicitDependencyGeneratePcm armv7k /Users/admin/builder/spi-builder-workspace/.derivedData/ModuleCache.noindex/Foundation-63TQ62HBDYSK5FU3X07B5IB91.pcm
SwiftExplicitDependencyGeneratePcm arm64_32 /Users/admin/builder/spi-builder-workspace/.derivedData/ModuleCache.noindex/os-AXKI2YDDM3L6KB47XNG0PF9RP.pcm
SwiftExplicitDependencyGeneratePcm armv7k /Users/admin/builder/spi-builder-workspace/.derivedData/ModuleCache.noindex/CoreText-8IWQXBGMG1U91RCQ1Y96KRAZG.pcm
SwiftExplicitDependencyGeneratePcm armv7k /Users/admin/builder/spi-builder-workspace/.derivedData/ModuleCache.noindex/CoreVideo-231O46CE7X0E84GXF9UJ095VF.pcm
SwiftExplicitDependencyGeneratePcm arm64 /Users/admin/builder/spi-builder-workspace/.derivedData/ModuleCache.noindex/Security-8P4ROWVRZKZVZOL4S233P5SIA.pcm
SwiftExplicitDependencyGeneratePcm arm64 /Users/admin/builder/spi-builder-workspace/.derivedData/ModuleCache.noindex/CoreGraphics-CJF9S1GD17SUTG2N02F5NUAQM.pcm
SwiftExplicitDependencyGeneratePcm arm64_32 /Users/admin/builder/spi-builder-workspace/.derivedData/ModuleCache.noindex/Security-71DXGL209Y0POA2RI0VLBU7FT.pcm
SwiftExplicitDependencyGeneratePcm arm64_32 /Users/admin/builder/spi-builder-workspace/.derivedData/ModuleCache.noindex/CoreGraphics-7PZPGEIU06ZLG1N4R7CBZS0QH.pcm
SwiftExplicitDependencyGeneratePcm arm64 /Users/admin/builder/spi-builder-workspace/.derivedData/ModuleCache.noindex/Foundation-7BDO0EMJRHS1THDHPCHC04IUO.pcm
SwiftExplicitDependencyGeneratePcm arm64 /Users/admin/builder/spi-builder-workspace/.derivedData/ModuleCache.noindex/CoreText-DKQ1H2IQA0VI090S208DOVW22.pcm
SwiftExplicitDependencyGeneratePcm arm64 /Users/admin/builder/spi-builder-workspace/.derivedData/ModuleCache.noindex/CoreVideo-9F7Z2CN8YMUC79RM7WW75WT87.pcm
SwiftExplicitDependencyGeneratePcm arm64_32 /Users/admin/builder/spi-builder-workspace/.derivedData/ModuleCache.noindex/Foundation-31UN2CX7CUTVJGRDSF1GJVT2O.pcm
SwiftExplicitDependencyGeneratePcm arm64_32 /Users/admin/builder/spi-builder-workspace/.derivedData/ModuleCache.noindex/CoreText-CR8L5TZMBRNUVXR0FMEA1J47D.pcm
SwiftExplicitDependencyGeneratePcm arm64_32 /Users/admin/builder/spi-builder-workspace/.derivedData/ModuleCache.noindex/CoreVideo-AW7TSDOET4XXX01XSZA02UJAR.pcm
SwiftExplicitDependencyGeneratePcm armv7k /Users/admin/builder/spi-builder-workspace/.derivedData/ModuleCache.noindex/QuartzCore-C2P66P4VQ1N44DRJ9MNUH1FD4.pcm
SwiftExplicitDependencyGeneratePcm armv7k /Users/admin/builder/spi-builder-workspace/.derivedData/ModuleCache.noindex/CoreData-58ZPU9N0RL684VJ2KXM0OEC0I.pcm
SwiftExplicitDependencyGeneratePcm armv7k /Users/admin/builder/spi-builder-workspace/.derivedData/ModuleCache.noindex/OSLog-31YJKKDD84KNAJZ72EOQI0D1K.pcm
SwiftExplicitDependencyGeneratePcm armv7k /Users/admin/builder/spi-builder-workspace/.derivedData/ModuleCache.noindex/Accessibility-7945C2R6YRP1V03CGW5WUFU2O.pcm
SwiftExplicitDependencyGeneratePcm armv7k /Users/admin/builder/spi-builder-workspace/.derivedData/ModuleCache.noindex/UIUtilities-71B6BH0PGGGWWI9B6CANVL4QU.pcm
SwiftExplicitDependencyGeneratePcm armv7k /Users/admin/builder/spi-builder-workspace/.derivedData/ModuleCache.noindex/DataDetection-EA5MXTPNWZVIZ5M2G9P2K5IYW.pcm
SwiftExplicitDependencyGeneratePcm armv7k /Users/admin/builder/spi-builder-workspace/.derivedData/ModuleCache.noindex/Symbols-31ZRBSVHXL9EMR6JADYP6FL0W.pcm
SwiftExplicitDependencyGeneratePcm armv7k /Users/admin/builder/spi-builder-workspace/.derivedData/ModuleCache.noindex/CoreTransferable-V17OMFUCYSA7ZMKRHYYTWW7U.pcm
SwiftExplicitDependencyGeneratePcm armv7k /Users/admin/builder/spi-builder-workspace/.derivedData/ModuleCache.noindex/UniformTypeIdentifiers-C1CG25P7FF42EFXD1D3QQOCT7.pcm
SwiftExplicitDependencyGeneratePcm armv7k /Users/admin/builder/spi-builder-workspace/.derivedData/ModuleCache.noindex/_LocationEssentials-EC21OFK47R5LM3D96MF85CDZ2.pcm
SwiftExplicitDependencyGeneratePcm armv7k /Users/admin/builder/spi-builder-workspace/.derivedData/ModuleCache.noindex/LocalAuthentication-CJQQ0USNTOWL3Z2F912BKNQT0.pcm
SwiftExplicitDependencyGeneratePcm armv7k /Users/admin/builder/spi-builder-workspace/.derivedData/ModuleCache.noindex/SceneKit-PMD54VEXFT0TPCZFEUFGL1VA.pcm
SwiftExplicitDependencyGeneratePcm armv7k /Users/admin/builder/spi-builder-workspace/.derivedData/ModuleCache.noindex/UserNotifications-2W7C2GVWF03BOCRRYMXPJVEWF.pcm
SwiftExplicitDependencyGeneratePcm armv7k /Users/admin/builder/spi-builder-workspace/.derivedData/ModuleCache.noindex/SwiftUICore-2O6GQZN8IDKG9SREJROMHLN9Y.pcm
SwiftExplicitDependencyGeneratePcm arm64 /Users/admin/builder/spi-builder-workspace/.derivedData/ModuleCache.noindex/UserNotifications-1XRBR8THAS82FYCG1S3NUI3VG.pcm
SwiftExplicitDependencyGeneratePcm arm64 /Users/admin/builder/spi-builder-workspace/.derivedData/ModuleCache.noindex/SceneKit-4EG3GAG253F1I6715CP4FFHI7.pcm
SwiftExplicitDependencyGeneratePcm arm64 /Users/admin/builder/spi-builder-workspace/.derivedData/ModuleCache.noindex/CoreData-97ALW7ZZF0MZ60UC8DO74ZMJ6.pcm
SwiftExplicitDependencyGeneratePcm armv7k /Users/admin/builder/spi-builder-workspace/.derivedData/ModuleCache.noindex/CoreLocation-D0JXLRWCZ4E1ZNPAEV81VRXNS.pcm
SwiftExplicitDependencyGeneratePcm arm64 /Users/admin/builder/spi-builder-workspace/.derivedData/ModuleCache.noindex/CoreTransferable-EL7RFUIKC28GAWA2GIEM51F86.pcm
SwiftExplicitDependencyGeneratePcm arm64 /Users/admin/builder/spi-builder-workspace/.derivedData/ModuleCache.noindex/DataDetection-9RQFQJAE703DUU3GQPQ5Q4E0Q.pcm
SwiftExplicitDependencyGeneratePcm arm64_32 /Users/admin/builder/spi-builder-workspace/.derivedData/ModuleCache.noindex/QuartzCore-9C8ME3X3G6ATSYC10PEHCREZX.pcm
SwiftExplicitDependencyGeneratePcm arm64_32 /Users/admin/builder/spi-builder-workspace/.derivedData/ModuleCache.noindex/Accessibility-2WF1BI7EUEK6NSM71EANBAJMB.pcm
SwiftExplicitDependencyGeneratePcm arm64_32 /Users/admin/builder/spi-builder-workspace/.derivedData/ModuleCache.noindex/_LocationEssentials-6LU8ZHGXG44ECN8AJL1IQOQ34.pcm
SwiftExplicitDependencyGeneratePcm arm64_32 /Users/admin/builder/spi-builder-workspace/.derivedData/ModuleCache.noindex/SceneKit-4EO8PNU3TVYUYTAY3H2VSM32K.pcm
SwiftExplicitDependencyGeneratePcm armv7k /Users/admin/builder/spi-builder-workspace/.derivedData/ModuleCache.noindex/UIKit-AEHB58EDEUZF8ZCEMFOE7QT34.pcm
SwiftExplicitDependencyGeneratePcm arm64_32 /Users/admin/builder/spi-builder-workspace/.derivedData/ModuleCache.noindex/LocalAuthentication-79E09MNM2KT15I9CWXLDKCTN6.pcm
SwiftExplicitDependencyGeneratePcm arm64 /Users/admin/builder/spi-builder-workspace/.derivedData/ModuleCache.noindex/Accessibility-BN08FMLP1D7IKZUH3P8G7HR4G.pcm
SwiftExplicitDependencyGeneratePcm arm64 /Users/admin/builder/spi-builder-workspace/.derivedData/ModuleCache.noindex/Symbols-1J0IF6PMUM2IOCC7TS6HVP4K4.pcm
SwiftExplicitDependencyGeneratePcm arm64_32 /Users/admin/builder/spi-builder-workspace/.derivedData/ModuleCache.noindex/CoreData-DSXTYFXB3ATGC8I08ZBG3HYU9.pcm
SwiftExplicitDependencyGeneratePcm arm64_32 /Users/admin/builder/spi-builder-workspace/.derivedData/ModuleCache.noindex/CoreTransferable-E6BJ3ZX6H73MQE88QOOXT43E7.pcm
SwiftExplicitDependencyGeneratePcm arm64 /Users/admin/builder/spi-builder-workspace/.derivedData/ModuleCache.noindex/_LocationEssentials-1OLLMD341ASV33BD7CMYM659Z.pcm
SwiftExplicitDependencyGeneratePcm arm64 /Users/admin/builder/spi-builder-workspace/.derivedData/ModuleCache.noindex/LocalAuthentication-4XOF8J33DDGXKURP6VG7KTDMN.pcm
SwiftExplicitDependencyGeneratePcm arm64_32 /Users/admin/builder/spi-builder-workspace/.derivedData/ModuleCache.noindex/SwiftUICore-3FFNAPLT00UCITTOD5WSFJ1U2.pcm
SwiftExplicitDependencyGeneratePcm arm64 /Users/admin/builder/spi-builder-workspace/.derivedData/ModuleCache.noindex/OSLog-8TNC6QTAOHB3R9J131QRHTSUR.pcm
SwiftExplicitDependencyGeneratePcm arm64_32 /Users/admin/builder/spi-builder-workspace/.derivedData/ModuleCache.noindex/UIUtilities-1YF394OTMURQ3MZX7A81A23BA.pcm
SwiftExplicitDependencyGeneratePcm arm64_32 /Users/admin/builder/spi-builder-workspace/.derivedData/ModuleCache.noindex/DataDetection-89PNCSMZLKUCW3HH4HW9HB0DQ.pcm
SwiftExplicitDependencyGeneratePcm arm64_32 /Users/admin/builder/spi-builder-workspace/.derivedData/ModuleCache.noindex/UniformTypeIdentifiers-7276IVX86B0Q4DB58ZSZV5FW8.pcm
SwiftExplicitDependencyGeneratePcm arm64_32 /Users/admin/builder/spi-builder-workspace/.derivedData/ModuleCache.noindex/OSLog-7MQDJ3O3IADLHVCKYCSONIC0.pcm
SwiftExplicitDependencyGeneratePcm arm64 /Users/admin/builder/spi-builder-workspace/.derivedData/ModuleCache.noindex/CoreLocation-B11W686JE716ORTZ0W5Y92NR9.pcm
SwiftExplicitDependencyGeneratePcm arm64 /Users/admin/builder/spi-builder-workspace/.derivedData/ModuleCache.noindex/UniformTypeIdentifiers-9KJ5D81P3YTXBB61JCG6G3JHT.pcm
SwiftExplicitDependencyGeneratePcm arm64_32 /Users/admin/builder/spi-builder-workspace/.derivedData/ModuleCache.noindex/Symbols-4KZ6YENVJ92H1HOEI8W7RE2LJ.pcm
SwiftExplicitDependencyGeneratePcm arm64 /Users/admin/builder/spi-builder-workspace/.derivedData/ModuleCache.noindex/UIUtilities-5X9L0DGBNOV1O9W25YOP4Y2IA.pcm
SwiftExplicitDependencyGeneratePcm arm64_32 /Users/admin/builder/spi-builder-workspace/.derivedData/ModuleCache.noindex/CoreLocation-6EJTJYNJPW3N2EO9CEQYETTN9.pcm
SwiftExplicitDependencyGeneratePcm arm64 /Users/admin/builder/spi-builder-workspace/.derivedData/ModuleCache.noindex/QuartzCore-6GQM93B2IQBVUAXB2G2N2HM8Z.pcm
SwiftExplicitDependencyGeneratePcm arm64_32 /Users/admin/builder/spi-builder-workspace/.derivedData/ModuleCache.noindex/UserNotifications-2T4F538BEAW3G40FNLKU7U9TS.pcm
SwiftExplicitDependencyGeneratePcm arm64_32 /Users/admin/builder/spi-builder-workspace/.derivedData/ModuleCache.noindex/UIKit-5A1UE7V689D3DVX5WXRL1JNU5.pcm
SwiftExplicitDependencyGeneratePcm arm64 /Users/admin/builder/spi-builder-workspace/.derivedData/ModuleCache.noindex/SwiftUICore-5OOGX25OAJ6JALJYHHXDDUZKO.pcm
SwiftExplicitDependencyGeneratePcm arm64 /Users/admin/builder/spi-builder-workspace/.derivedData/ModuleCache.noindex/UIKit-94KS1FNJV95BHB1N4XQJIBC7R.pcm
SwiftExplicitDependencyGeneratePcm armv7k /Users/admin/builder/spi-builder-workspace/.derivedData/ModuleCache.noindex/HomeKit-7PTKPDEOUBXJXXYJA5SBTA8YV.pcm
SwiftExplicitDependencyGeneratePcm armv7k /Users/admin/builder/spi-builder-workspace/.derivedData/ModuleCache.noindex/MapKit-BLHBI1LDSKAZNQBEX5LGWQHH8.pcm
SwiftExplicitDependencyGeneratePcm armv7k /Users/admin/builder/spi-builder-workspace/.derivedData/ModuleCache.noindex/WatchKit-85U6QOOOT3R77B9J15HID78WW.pcm
SwiftExplicitDependencyGeneratePcm armv7k /Users/admin/builder/spi-builder-workspace/.derivedData/ModuleCache.noindex/SwiftUI-7DGDLV1DYBLVZHGOCD4CLAZBQ.pcm
SwiftExplicitDependencyGeneratePcm arm64_32 /Users/admin/builder/spi-builder-workspace/.derivedData/ModuleCache.noindex/MapKit-23AI17V4246GEDFSAYR1MCK8.pcm
SwiftExplicitDependencyGeneratePcm arm64_32 /Users/admin/builder/spi-builder-workspace/.derivedData/ModuleCache.noindex/HomeKit-7Y0PZQBIUBNAKR0H59OG5RJDU.pcm
SwiftExplicitDependencyGeneratePcm arm64 /Users/admin/builder/spi-builder-workspace/.derivedData/ModuleCache.noindex/HomeKit-E0047TOB3J81IX300229RHICP.pcm
SwiftExplicitDependencyGeneratePcm arm64 /Users/admin/builder/spi-builder-workspace/.derivedData/ModuleCache.noindex/MapKit-60KULWEA9OCLKP2QQIJ9K3IDP.pcm
SwiftEmitModule normal armv7k Emitting\ module\ for\ PatternAuthentication (in target 'PatternAuthentication' from project 'PatternAuthentication')
EmitSwiftModule normal armv7k (in target 'PatternAuthentication' from project 'PatternAuthentication')
    cd /Users/admin/builder/spi-builder-workspace/.swiftpm/xcode

SwiftCompile normal armv7k Compiling\ LegacyPatternHash.swift /Users/admin/builder/spi-builder-workspace/Sources/PatternAuthentication/Credentials/LegacyPatternHash.swift (in target 'PatternAuthentication' from project 'PatternAuthentication')
SwiftCompile normal armv7k /Users/admin/builder/spi-builder-workspace/Sources/PatternAuthentication/Credentials/LegacyPatternHash.swift (in target 'PatternAuthentication' from project 'PatternAuthentication')
    cd /Users/admin/builder/spi-builder-workspace/.swiftpm/xcode

SwiftCompile normal armv7k Compiling\ PatternAuthentication.swift /Users/admin/builder/spi-builder-workspace/Sources/PatternAuthentication/PatternAuthentication.swift (in target 'PatternAuthentication' from project 'PatternAuthentication')
SwiftCompile normal armv7k /Users/admin/builder/spi-builder-workspace/Sources/PatternAuthentication/PatternAuthentication.swift (in target 'PatternAuthentication' from project 'PatternAuthentication')
    cd /Users/admin/builder/spi-builder-workspace/.swiftpm/xcode

SwiftCompile normal armv7k Compiling\ resource_bundle_accessor.swift /Users/admin/builder/spi-builder-workspace/.derivedData/Build/Intermediates.noindex/PatternAuthentication.build/Debug-watchos/PatternAuthentication.build/DerivedSources/resource_bundle_accessor.swift (in target 'PatternAuthentication' from project 'PatternAuthentication')
SwiftCompile normal armv7k /Users/admin/builder/spi-builder-workspace/.derivedData/Build/Intermediates.noindex/PatternAuthentication.build/Debug-watchos/PatternAuthentication.build/DerivedSources/resource_bundle_accessor.swift (in target 'PatternAuthentication' from project 'PatternAuthentication')
    cd /Users/admin/builder/spi-builder-workspace/.swiftpm/xcode

SwiftCompile normal armv7k Compiling\ Shake.swift /Users/admin/builder/spi-builder-workspace/Sources/PatternAuthentication/Animations/Shake.swift (in target 'PatternAuthentication' from project 'PatternAuthentication')
SwiftCompile normal armv7k /Users/admin/builder/spi-builder-workspace/Sources/PatternAuthentication/Animations/Shake.swift (in target 'PatternAuthentication' from project 'PatternAuthentication')
    cd /Users/admin/builder/spi-builder-workspace/.swiftpm/xcode

SwiftCompile normal armv7k Compiling\ ParticleSystem.swift /Users/admin/builder/spi-builder-workspace/Sources/PatternAuthentication/Animations/ParticleSystem.swift (in target 'PatternAuthentication' from project 'PatternAuthentication')
Failed frontend command:
/Applications/Xcode-26.4.0.app/Contents/Developer/Toolchains/XcodeDefault.xctoolchain/usr/bin/swift-frontend -frontend -c /Users/admin/builder/spi-builder-workspace/.derivedData/Build/Intermediates.noindex/PatternAuthentication.build/Debug-watchos/PatternAuthentication.build/DerivedSources/resource_bundle_accessor.swift -primary-file /Users/admin/builder/spi-builder-workspace/Sources/PatternAuthentication/Animations/ParticleSystem.swift /Users/admin/builder/spi-builder-workspace/Sources/PatternAuthentication/Animations/Shake.swift /Users/admin/builder/spi-builder-workspace/Sources/PatternAuthentication/Credentials/GestureCredential.swift /Users/admin/builder/spi-builder-workspace/Sources/PatternAuthentication/Credentials/LegacyPatternHash.swift /Users/admin/builder/spi-builder-workspace/Sources/PatternAuthentication/GridAuthenticatorViewModel.swift /Users/admin/builder/spi-builder-workspace/Sources/PatternAuthentication/PatternAuthentication.swift /Users/admin/builder/spi-builder-workspace/.derivedData/Build/Intermediates.noindex/PatternAuthentication.build/Debug-watchos/PatternAuthentication.build/DerivedSources/GeneratedAssetSymbols.swift -emit-dependencies-path /Users/admin/builder/spi-builder-workspace/.derivedData/Build/Intermediates.noindex/PatternAuthentication.build/Debug-watchos/PatternAuthentication.build/Objects-normal/armv7k/ParticleSystem.d -emit-const-values-path /Users/admin/builder/spi-builder-workspace/.derivedData/Build/Intermediates.noindex/PatternAuthentication.build/Debug-watchos/PatternAuthentication.build/Objects-normal/armv7k/ParticleSystem.swiftconstvalues -emit-reference-dependencies-path /Users/admin/builder/spi-builder-workspace/.derivedData/Build/Intermediates.noindex/PatternAuthentication.build/Debug-watchos/PatternAuthentication.build/Objects-normal/armv7k/ParticleSystem.swiftdeps -serialize-diagnostics-path /Users/admin/builder/spi-builder-workspace/.derivedData/Build/Intermediates.noindex/PatternAuthentication.build/Debug-watchos/PatternAuthentication.build/Objects-normal/armv7k/ParticleSystem.dia -target armv7k-apple-watchos8.0 -module-can-import-version DeveloperToolsSupport 23.40.26 23.40.26 -module-can-import-version SwiftUI 7.4.27 7.4.27 -module-can-import-version UIKit 9126.4.27.1 9126.4.27 -load-resolved-plugin /Applications/Xcode-26.4.0.app/Contents/Developer/Platforms/WatchOS.platform/Developer/usr/lib/swift/host/plugins/libFoundationMacros.dylib\#/Applications/Xcode-26.4.0.app/Contents/Developer/Platforms/WatchOS.platform/Developer/usr/bin/swift-plugin-server\#FoundationMacros -load-resolved-plugin /Applications/Xcode-26.4.0.app/Contents/Developer/Platforms/WatchOS.platform/Developer/usr/lib/swift/host/plugins/libObservationMacros.dylib\#/Applications/Xcode-26.4.0.app/Contents/Developer/Platforms/WatchOS.platform/Developer/usr/bin/swift-plugin-server\#ObservationMacros -load-resolved-plugin /Applications/Xcode-26.4.0.app/Contents/Developer/Platforms/WatchOS.platform/Developer/usr/lib/swift/host/plugins/libPreviewsMacros.dylib\#/Applications/Xcode-26.4.0.app/Contents/Developer/Platforms/WatchOS.platform/Developer/usr/bin/swift-plugin-server\#PreviewsMacros -load-resolved-plugin /Applications/Xcode-26.4.0.app/Contents/Developer/Platforms/WatchOS.platform/Developer/usr/lib/swift/host/plugins/libSwiftMacros.dylib\#/Applications/Xcode-26.4.0.app/Contents/Developer/Platforms/WatchOS.platform/Developer/usr/bin/swift-plugin-server\#SwiftMacros -load-resolved-plugin /Applications/Xcode-26.4.0.app/Contents/Developer/Platforms/WatchOS.platform/Developer/usr/lib/swift/host/plugins/libSwiftUIMacros.dylib\#/Applications/Xcode-26.4.0.app/Contents/Developer/Platforms/WatchOS.platform/Developer/usr/bin/swift-plugin-server\#SwiftUIMacros -disable-implicit-swift-modules -Xcc -fno-implicit-modules -Xcc -fno-implicit-module-maps -explicit-swift-module-map-file /Users/admin/builder/spi-builder-workspace/.derivedData/Build/Intermediates.noindex/PatternAuthentication.build/Debug-watchos/PatternAuthentication.build/Objects-normal/armv7k/PatternAuthentication-dependencies-1.json -debug-module-path /Users/admin/builder/spi-builder-workspace/.derivedData/Build/Intermediates.noindex/PatternAuthentication.build/Debug-watchos/PatternAuthentication.build/Objects-normal/armv7k/PatternAuthentication.swiftmodule -enable-objc-interop -stack-check -sdk /Applications/Xcode-26.4.0.app/Contents/Developer/Platforms/WatchOS.platform/Developer/SDKs/WatchOS26.4.sdk -I /Users/admin/builder/spi-builder-workspace/.derivedData/Build/Products/Debug-watchos -Isystem /Applications/Xcode-26.4.0.app/Contents/Developer/Platforms/WatchOS.platform/Developer/usr/lib -F /Users/admin/builder/spi-builder-workspace/.derivedData/Build/Products/Debug-watchos -F /Applications/Xcode-26.4.0.app/Contents/Developer/Platforms/WatchOS.platform/Developer/Library/Frameworks -F /Applications/Xcode-26.4.0.app/Contents/Developer/Platforms/WatchOS.platform/Developer/SDKs/WatchOS26.4.sdk/Developer/Library/Frameworks -no-color-diagnostics -Xcc -fno-color-diagnostics -enable-testing -g -debug-info-format\=dwarf -dwarf-version\=4 -module-cache-path /Users/admin/builder/spi-builder-workspace/.derivedData/Build/Intermediates.noindex/SwiftExplicitPrecompiledModules -profile-generate -profile-coverage-mapping -swift-version 6 -Onone -D SWIFT_PACKAGE -D DEBUG -D SWIFT_MODULE_RESOURCE_BUNDLE_AVAILABLE -D Xcode -serialize-debugging-options -const-gather-protocols-file /Users/admin/builder/spi-builder-workspace/.derivedData/Build/Intermediates.noindex/PatternAuthentication.build/Debug-watchos/PatternAuthentication.build/Objects-normal/armv7k/PatternAuthentication_const_extract_protocols.json -enable-experimental-feature DebugDescriptionMacro -empty-abi-descriptor -validate-clang-modules-once -clang-build-session-file /Users/admin/builder/spi-builder-workspace/.derivedData/ModuleCache.noindex/Session.modulevalidation -Xcc -working-directory -Xcc /Users/admin/builder/spi-builder-workspace/.swiftpm/xcode -enable-anonymous-context-mangled-names -file-compilation-dir /Users/admin/builder/spi-builder-workspace/.swiftpm/xcode -Xcc -D_LIBCPP_HARDENING_MODE\=_LIBCPP_HARDENING_MODE_DEBUG -Xcc -ivfsstatcache -Xcc /Users/admin/builder/spi-builder-workspace/.derivedData/SDKStatCaches.noindex/watchos26.4-23T238-688ef53f1462e2c8f657fdc38a81448f9e51884a582f42380855760c9d4cc599.sdkstatcache -Xcc -I/Users/admin/builder/spi-builder-workspace/.derivedData/Build/Intermediates.noindex/PatternAuthentication.build/Debug-watchos/PatternAuthentication.build/swift-overrides.hmap -Xcc -I/Users/admin/builder/spi-builder-workspace/.derivedData/Build/Products/Debug-watchos/include -Xcc -I/Users/admin/builder/spi-builder-workspace/.derivedData/Build/Intermediates.noindex/PatternAuthentication.build/Debug-watchos/PatternAuthentication.build/DerivedSources-normal/armv7k -Xcc -I/Users/admin/builder/spi-builder-workspace/.derivedData/Build/Intermediates.noindex/PatternAuthentication.build/Debug-watchos/PatternAuthentication.build/DerivedSources/armv7k -Xcc -I/Users/admin/builder/spi-builder-workspace/.derivedData/Build/Intermediates.noindex/PatternAuthentication.build/Debug-watchos/PatternAuthentication.build/DerivedSources -Xcc -DSWIFT_PACKAGE -Xcc -DDEBUG\=1 -no-auto-bridging-header-chaining -module-name PatternAuthentication -package-name spi_builder_workspace -frontend-parseable-output -disable-clang-spi -clang-target armv7k-apple-watchos26.4 -target-sdk-version 26.4 -target-sdk-name watchos26.4 -in-process-plugin-server-path /Applications/Xcode-26.4.0.app/Contents/Developer/Toolchains/XcodeDefault.xctoolchain/usr/lib/swift/host/libSwiftInProcPluginServer.dylib -o /Users/admin/builder/spi-builder-workspace/.derivedData/Build/Intermediates.noindex/PatternAuthentication.build/Debug-watchos/PatternAuthentication.build/Objects-normal/armv7k/ParticleSystem.o -index-unit-output-path /PatternAuthentication.build/Debug-watchos/PatternAuthentication.build/Objects-normal/armv7k/ParticleSystem.o -index-store-path /Users/admin/builder/spi-builder-workspace/.derivedData/Index.noindex/DataStore -index-system-modules
SwiftCompile normal armv7k /Users/admin/builder/spi-builder-workspace/Sources/PatternAuthentication/Animations/ParticleSystem.swift (in target 'PatternAuthentication' from project 'PatternAuthentication')
    cd /Users/admin/builder/spi-builder-workspace/.swiftpm/xcode

/Users/admin/builder/spi-builder-workspace/Sources/PatternAuthentication/Animations/ParticleSystem.swift:162:9: error: 'init(named:in:compatibleWith:)' is unavailable in watchOS
        UIImage(named: "spark", in: .module, compatibleWith: nil) != nil
        ^~~~~~~
/Applications/Xcode-26.4.0.app/Contents/Developer/Platforms/WatchOS.platform/Developer/SDKs/WatchOS26.4.sdk/System/Library/Frameworks/UIKit.framework/Headers/UIImage.h:107:1: note: 'init(named:in:compatibleWith:)' has been explicitly marked unavailable here
+ (nullable UIImage *)imageNamed:(NSString *)name inBundle:(nullable NSBundle *)bundle compatibleWithTraitCollection:(nullable UITraitCollection *)traitCollection API_AVAILABLE(ios(8.0)) API_UNAVAILABLE(watchos);
^
SwiftCompile normal armv7k Compiling\ GestureCredential.swift /Users/admin/builder/spi-builder-workspace/Sources/PatternAuthentication/Credentials/GestureCredential.swift (in target 'PatternAuthentication' from project 'PatternAuthentication')
SwiftCompile normal armv7k /Users/admin/builder/spi-builder-workspace/Sources/PatternAuthentication/Credentials/GestureCredential.swift (in target 'PatternAuthentication' from project 'PatternAuthentication')
    cd /Users/admin/builder/spi-builder-workspace/.swiftpm/xcode

SwiftExplicitDependencyGeneratePcm arm64_32 /Users/admin/builder/spi-builder-workspace/.derivedData/ModuleCache.noindex/WatchKit-E1MTFMTFBDS1EI04LQI8M4AA0.pcm
SwiftCompile normal armv7k Compiling\ GeneratedAssetSymbols.swift /Users/admin/builder/spi-builder-workspace/.derivedData/Build/Intermediates.noindex/PatternAuthentication.build/Debug-watchos/PatternAuthentication.build/DerivedSources/GeneratedAssetSymbols.swift (in target 'PatternAuthentication' from project 'PatternAuthentication')
SwiftCompile normal armv7k /Users/admin/builder/spi-builder-workspace/.derivedData/Build/Intermediates.noindex/PatternAuthentication.build/Debug-watchos/PatternAuthentication.build/DerivedSources/GeneratedAssetSymbols.swift (in target 'PatternAuthentication' from project 'PatternAuthentication')
    cd /Users/admin/builder/spi-builder-workspace/.swiftpm/xcode

SwiftExplicitDependencyGeneratePcm arm64 /Users/admin/builder/spi-builder-workspace/.derivedData/ModuleCache.noindex/WatchKit-5WLC0LWBKJ8XSW9GHP09682QC.pcm
SwiftExplicitDependencyGeneratePcm arm64_32 /Users/admin/builder/spi-builder-workspace/.derivedData/ModuleCache.noindex/SwiftUI-2LLE4ZFY8G39SFPLZJS5OT04E.pcm
SwiftDriverJobDiscovery normal armv7k Emitting module for PatternAuthentication (in target 'PatternAuthentication' from project 'PatternAuthentication')
SwiftDriver\ Compilation\ Requirements PatternAuthentication normal armv7k com.apple.xcode.tools.swift.compiler (in target 'PatternAuthentication' from project 'PatternAuthentication')
    cd /Users/admin/builder/spi-builder-workspace/.swiftpm/xcode
    builtin-Swift-Compilation-Requirements -- /Applications/Xcode-26.4.0.app/Contents/Developer/Toolchains/XcodeDefault.xctoolchain/usr/bin/swiftc -module-name PatternAuthentication -Onone @/Users/admin/builder/spi-builder-workspace/.derivedData/Build/Intermediates.noindex/PatternAuthentication.build/Debug-watchos/PatternAuthentication.build/Objects-normal/armv7k/PatternAuthentication.SwiftFileList -DSWIFT_PACKAGE -DDEBUG -DSWIFT_MODULE_RESOURCE_BUNDLE_AVAILABLE -DXcode -plugin-path /Applications/Xcode-26.4.0.app/Contents/Developer/Toolchains/XcodeDefault.xctoolchain/usr/lib/swift/host/plugins/testing -enable-experimental-feature DebugDescriptionMacro -sdk /Applications/Xcode-26.4.0.app/Contents/Developer/Platforms/WatchOS.platform/Developer/SDKs/WatchOS26.4.sdk -target armv7k-apple-watchos8.0 -g -module-cache-path /Users/admin/builder/spi-builder-workspace/.derivedData/ModuleCache.noindex -Xfrontend -serialize-debugging-options -profile-coverage-mapping -profile-generate -enable-testing -index-store-path /Users/admin/builder/spi-builder-workspace/.derivedData/Index.noindex/DataStore -Xcc -D_LIBCPP_HARDENING_MODE\=_LIBCPP_HARDENING_MODE_DEBUG -swift-version 6 -I /Users/admin/builder/spi-builder-workspace/.derivedData/Build/Products/Debug-watchos -Isystem /Applications/Xcode-26.4.0.app/Contents/Developer/Platforms/WatchOS.platform/Developer/usr/lib -F /Users/admin/builder/spi-builder-workspace/.derivedData/Build/Products/Debug-watchos -F /Applications/Xcode-26.4.0.app/Contents/Developer/Platforms/WatchOS.platform/Developer/Library/Frameworks -F /Applications/Xcode-26.4.0.app/Contents/Developer/Platforms/WatchOS.platform/Developer/SDKs/WatchOS26.4.sdk/Developer/Library/Frameworks -c -j10 -enable-batch-mode -incremental -Xcc -ivfsstatcache -Xcc /Users/admin/builder/spi-builder-workspace/.derivedData/SDKStatCaches.noindex/watchos26.4-23T238-688ef53f1462e2c8f657fdc38a81448f9e51884a582f42380855760c9d4cc599.sdkstatcache -output-file-map /Users/admin/builder/spi-builder-workspace/.derivedData/Build/Intermediates.noindex/PatternAuthentication.build/Debug-watchos/PatternAuthentication.build/Objects-normal/armv7k/PatternAuthentication-OutputFileMap.json -use-frontend-parseable-output -save-temps -no-color-diagnostics -explicit-module-build -module-cache-path /Users/admin/builder/spi-builder-workspace/.derivedData/Build/Intermediates.noindex/SwiftExplicitPrecompiledModules -clang-scanner-module-cache-path /Users/admin/builder/spi-builder-workspace/.derivedData/ModuleCache.noindex -sdk-module-cache-path /Users/admin/builder/spi-builder-workspace/.derivedData/ModuleCache.noindex -serialize-diagnostics -emit-dependencies -emit-module -emit-module-path /Users/admin/builder/spi-builder-workspace/.derivedData/Build/Intermediates.noindex/PatternAuthentication.build/Debug-watchos/PatternAuthentication.build/Objects-normal/armv7k/PatternAuthentication.swiftmodule -validate-clang-modules-once -clang-build-session-file /Users/admin/builder/spi-builder-workspace/.derivedData/ModuleCache.noindex/Session.modulevalidation -package-name spi_builder_workspace -Xcc -I/Users/admin/builder/spi-builder-workspace/.derivedData/Build/Intermediates.noindex/PatternAuthentication.build/Debug-watchos/PatternAuthentication.build/swift-overrides.hmap -emit-const-values -Xfrontend -const-gather-protocols-file -Xfrontend /Users/admin/builder/spi-builder-workspace/.derivedData/Build/Intermediates.noindex/PatternAuthentication.build/Debug-watchos/PatternAuthentication.build/Objects-normal/armv7k/PatternAuthentication_const_extract_protocols.json -Xcc -I/Users/admin/builder/spi-builder-workspace/.derivedData/Build/Products/Debug-watchos/include -Xcc -I/Users/admin/builder/spi-builder-workspace/.derivedData/Build/Intermediates.noindex/PatternAuthentication.build/Debug-watchos/PatternAuthentication.build/DerivedSources-normal/armv7k -Xcc -I/Users/admin/builder/spi-builder-workspace/.derivedData/Build/Intermediates.noindex/PatternAuthentication.build/Debug-watchos/PatternAuthentication.build/DerivedSources/armv7k -Xcc -I/Users/admin/builder/spi-builder-workspace/.derivedData/Build/Intermediates.noindex/PatternAuthentication.build/Debug-watchos/PatternAuthentication.build/DerivedSources -Xcc -DSWIFT_PACKAGE -Xcc -DDEBUG\=1 -emit-objc-header -emit-objc-header-path /Users/admin/builder/spi-builder-workspace/.derivedData/Build/Intermediates.noindex/PatternAuthentication.build/Debug-watchos/PatternAuthentication.build/Objects-normal/armv7k/PatternAuthentication-Swift.h -working-directory /Users/admin/builder/spi-builder-workspace/.swiftpm/xcode -experimental-emit-module-separately -disable-cmo
SwiftExplicitDependencyGeneratePcm arm64 /Users/admin/builder/spi-builder-workspace/.derivedData/ModuleCache.noindex/SwiftUI-C0JJA5OUZW984282DZ7ZYYMLV.pcm
Copy /Users/admin/builder/spi-builder-workspace/.derivedData/Build/Products/Debug-watchos/PatternAuthentication.swiftmodule/armv7k-apple-watchos.swiftmodule /Users/admin/builder/spi-builder-workspace/.derivedData/Build/Intermediates.noindex/PatternAuthentication.build/Debug-watchos/PatternAuthentication.build/Objects-normal/armv7k/PatternAuthentication.swiftmodule (in target 'PatternAuthentication' from project 'PatternAuthentication')
    cd /Users/admin/builder/spi-builder-workspace
    builtin-copy -exclude .DS_Store -exclude CVS -exclude .svn -exclude .git -exclude .hg -resolve-src-symlinks -rename /Users/admin/builder/spi-builder-workspace/.derivedData/Build/Intermediates.noindex/PatternAuthentication.build/Debug-watchos/PatternAuthentication.build/Objects-normal/armv7k/PatternAuthentication.swiftmodule /Users/admin/builder/spi-builder-workspace/.derivedData/Build/Products/Debug-watchos/PatternAuthentication.swiftmodule/armv7k-apple-watchos.swiftmodule
Copy /Users/admin/builder/spi-builder-workspace/.derivedData/Build/Products/Debug-watchos/PatternAuthentication.swiftmodule/armv7k-apple-watchos.swiftdoc /Users/admin/builder/spi-builder-workspace/.derivedData/Build/Intermediates.noindex/PatternAuthentication.build/Debug-watchos/PatternAuthentication.build/Objects-normal/armv7k/PatternAuthentication.swiftdoc (in target 'PatternAuthentication' from project 'PatternAuthentication')
    cd /Users/admin/builder/spi-builder-workspace
    builtin-copy -exclude .DS_Store -exclude CVS -exclude .svn -exclude .git -exclude .hg -resolve-src-symlinks -rename /Users/admin/builder/spi-builder-workspace/.derivedData/Build/Intermediates.noindex/PatternAuthentication.build/Debug-watchos/PatternAuthentication.build/Objects-normal/armv7k/PatternAuthentication.swiftdoc /Users/admin/builder/spi-builder-workspace/.derivedData/Build/Products/Debug-watchos/PatternAuthentication.swiftmodule/armv7k-apple-watchos.swiftdoc
Copy /Users/admin/builder/spi-builder-workspace/.derivedData/Build/Products/Debug-watchos/PatternAuthentication.swiftmodule/armv7k-apple-watchos.abi.json /Users/admin/builder/spi-builder-workspace/.derivedData/Build/Intermediates.noindex/PatternAuthentication.build/Debug-watchos/PatternAuthentication.build/Objects-normal/armv7k/PatternAuthentication.abi.json (in target 'PatternAuthentication' from project 'PatternAuthentication')
    cd /Users/admin/builder/spi-builder-workspace
    builtin-copy -exclude .DS_Store -exclude CVS -exclude .svn -exclude .git -exclude .hg -resolve-src-symlinks -rename /Users/admin/builder/spi-builder-workspace/.derivedData/Build/Intermediates.noindex/PatternAuthentication.build/Debug-watchos/PatternAuthentication.build/Objects-normal/armv7k/PatternAuthentication.abi.json /Users/admin/builder/spi-builder-workspace/.derivedData/Build/Products/Debug-watchos/PatternAuthentication.swiftmodule/armv7k-apple-watchos.abi.json
Copy /Users/admin/builder/spi-builder-workspace/.derivedData/Build/Products/Debug-watchos/PatternAuthentication.swiftmodule/Project/armv7k-apple-watchos.swiftsourceinfo /Users/admin/builder/spi-builder-workspace/.derivedData/Build/Intermediates.noindex/PatternAuthentication.build/Debug-watchos/PatternAuthentication.build/Objects-normal/armv7k/PatternAuthentication.swiftsourceinfo (in target 'PatternAuthentication' from project 'PatternAuthentication')
    cd /Users/admin/builder/spi-builder-workspace
    builtin-copy -exclude .DS_Store -exclude CVS -exclude .svn -exclude .git -exclude .hg -resolve-src-symlinks -rename /Users/admin/builder/spi-builder-workspace/.derivedData/Build/Intermediates.noindex/PatternAuthentication.build/Debug-watchos/PatternAuthentication.build/Objects-normal/armv7k/PatternAuthentication.swiftsourceinfo /Users/admin/builder/spi-builder-workspace/.derivedData/Build/Products/Debug-watchos/PatternAuthentication.swiftmodule/Project/armv7k-apple-watchos.swiftsourceinfo
SwiftEmitModule normal arm64_32 Emitting\ module\ for\ PatternAuthentication (in target 'PatternAuthentication' from project 'PatternAuthentication')
EmitSwiftModule normal arm64_32 (in target 'PatternAuthentication' from project 'PatternAuthentication')
    cd /Users/admin/builder/spi-builder-workspace/.swiftpm/xcode

SwiftCompile normal arm64_32 Compiling\ GeneratedAssetSymbols.swift /Users/admin/builder/spi-builder-workspace/.derivedData/Build/Intermediates.noindex/PatternAuthentication.build/Debug-watchos/PatternAuthentication.build/DerivedSources/GeneratedAssetSymbols.swift (in target 'PatternAuthentication' from project 'PatternAuthentication')
SwiftCompile normal arm64_32 /Users/admin/builder/spi-builder-workspace/.derivedData/Build/Intermediates.noindex/PatternAuthentication.build/Debug-watchos/PatternAuthentication.build/DerivedSources/GeneratedAssetSymbols.swift (in target 'PatternAuthentication' from project 'PatternAuthentication')
    cd /Users/admin/builder/spi-builder-workspace/.swiftpm/xcode

SwiftEmitModule normal arm64 Emitting\ module\ for\ PatternAuthentication (in target 'PatternAuthentication' from project 'PatternAuthentication')
EmitSwiftModule normal arm64 (in target 'PatternAuthentication' from project 'PatternAuthentication')
    cd /Users/admin/builder/spi-builder-workspace/.swiftpm/xcode

SwiftDriverJobDiscovery normal arm64_32 Emitting module for PatternAuthentication (in target 'PatternAuthentication' from project 'PatternAuthentication')
SwiftDriver\ Compilation\ Requirements PatternAuthentication normal arm64_32 com.apple.xcode.tools.swift.compiler (in target 'PatternAuthentication' from project 'PatternAuthentication')
    cd /Users/admin/builder/spi-builder-workspace/.swiftpm/xcode
    builtin-Swift-Compilation-Requirements -- /Applications/Xcode-26.4.0.app/Contents/Developer/Toolchains/XcodeDefault.xctoolchain/usr/bin/swiftc -module-name PatternAuthentication -Onone @/Users/admin/builder/spi-builder-workspace/.derivedData/Build/Intermediates.noindex/PatternAuthentication.build/Debug-watchos/PatternAuthentication.build/Objects-normal/arm64_32/PatternAuthentication.SwiftFileList -DSWIFT_PACKAGE -DDEBUG -DSWIFT_MODULE_RESOURCE_BUNDLE_AVAILABLE -DXcode -plugin-path /Applications/Xcode-26.4.0.app/Contents/Developer/Toolchains/XcodeDefault.xctoolchain/usr/lib/swift/host/plugins/testing -enable-experimental-feature DebugDescriptionMacro -sdk /Applications/Xcode-26.4.0.app/Contents/Developer/Platforms/WatchOS.platform/Developer/SDKs/WatchOS26.4.sdk -target arm64_32-apple-watchos8.0 -g -module-cache-path /Users/admin/builder/spi-builder-workspace/.derivedData/ModuleCache.noindex -Xfrontend -serialize-debugging-options -profile-coverage-mapping -profile-generate -enable-testing -index-store-path /Users/admin/builder/spi-builder-workspace/.derivedData/Index.noindex/DataStore -Xcc -D_LIBCPP_HARDENING_MODE\=_LIBCPP_HARDENING_MODE_DEBUG -swift-version 6 -I /Users/admin/builder/spi-builder-workspace/.derivedData/Build/Products/Debug-watchos -Isystem /Applications/Xcode-26.4.0.app/Contents/Developer/Platforms/WatchOS.platform/Developer/usr/lib -F /Users/admin/builder/spi-builder-workspace/.derivedData/Build/Products/Debug-watchos -F /Applications/Xcode-26.4.0.app/Contents/Developer/Platforms/WatchOS.platform/Developer/Library/Frameworks -F /Applications/Xcode-26.4.0.app/Contents/Developer/Platforms/WatchOS.platform/Developer/SDKs/WatchOS26.4.sdk/Developer/Library/Frameworks -c -j10 -enable-batch-mode -incremental -Xcc -ivfsstatcache -Xcc /Users/admin/builder/spi-builder-workspace/.derivedData/SDKStatCaches.noindex/watchos26.4-23T238-688ef53f1462e2c8f657fdc38a81448f9e51884a582f42380855760c9d4cc599.sdkstatcache -output-file-map /Users/admin/builder/spi-builder-workspace/.derivedData/Build/Intermediates.noindex/PatternAuthentication.build/Debug-watchos/PatternAuthentication.build/Objects-normal/arm64_32/PatternAuthentication-OutputFileMap.json -use-frontend-parseable-output -save-temps -no-color-diagnostics -explicit-module-build -module-cache-path /Users/admin/builder/spi-builder-workspace/.derivedData/Build/Intermediates.noindex/SwiftExplicitPrecompiledModules -clang-scanner-module-cache-path /Users/admin/builder/spi-builder-workspace/.derivedData/ModuleCache.noindex -sdk-module-cache-path /Users/admin/builder/spi-builder-workspace/.derivedData/ModuleCache.noindex -serialize-diagnostics -emit-dependencies -emit-module -emit-module-path /Users/admin/builder/spi-builder-workspace/.derivedData/Build/Intermediates.noindex/PatternAuthentication.build/Debug-watchos/PatternAuthentication.build/Objects-normal/arm64_32/PatternAuthentication.swiftmodule -validate-clang-modules-once -clang-build-session-file /Users/admin/builder/spi-builder-workspace/.derivedData/ModuleCache.noindex/Session.modulevalidation -package-name spi_builder_workspace -Xcc -I/Users/admin/builder/spi-builder-workspace/.derivedData/Build/Intermediates.noindex/PatternAuthentication.build/Debug-watchos/PatternAuthentication.build/swift-overrides.hmap -emit-const-values -Xfrontend -const-gather-protocols-file -Xfrontend /Users/admin/builder/spi-builder-workspace/.derivedData/Build/Intermediates.noindex/PatternAuthentication.build/Debug-watchos/PatternAuthentication.build/Objects-normal/arm64_32/PatternAuthentication_const_extract_protocols.json -Xcc -I/Users/admin/builder/spi-builder-workspace/.derivedData/Build/Products/Debug-watchos/include -Xcc -I/Users/admin/builder/spi-builder-workspace/.derivedData/Build/Intermediates.noindex/PatternAuthentication.build/Debug-watchos/PatternAuthentication.build/DerivedSources-normal/arm64_32 -Xcc -I/Users/admin/builder/spi-builder-workspace/.derivedData/Build/Intermediates.noindex/PatternAuthentication.build/Debug-watchos/PatternAuthentication.build/DerivedSources/arm64_32 -Xcc -I/Users/admin/builder/spi-builder-workspace/.derivedData/Build/Intermediates.noindex/PatternAuthentication.build/Debug-watchos/PatternAuthentication.build/DerivedSources -Xcc -DSWIFT_PACKAGE -Xcc -DDEBUG\=1 -emit-objc-header -emit-objc-header-path /Users/admin/builder/spi-builder-workspace/.derivedData/Build/Intermediates.noindex/PatternAuthentication.build/Debug-watchos/PatternAuthentication.build/Objects-normal/arm64_32/PatternAuthentication-Swift.h -working-directory /Users/admin/builder/spi-builder-workspace/.swiftpm/xcode -experimental-emit-module-separately -disable-cmo
SwiftDriverJobDiscovery normal arm64 Emitting module for PatternAuthentication (in target 'PatternAuthentication' from project 'PatternAuthentication')
SwiftDriver\ Compilation\ Requirements PatternAuthentication normal arm64 com.apple.xcode.tools.swift.compiler (in target 'PatternAuthentication' from project 'PatternAuthentication')
    cd /Users/admin/builder/spi-builder-workspace/.swiftpm/xcode
    builtin-Swift-Compilation-Requirements -- /Applications/Xcode-26.4.0.app/Contents/Developer/Toolchains/XcodeDefault.xctoolchain/usr/bin/swiftc -module-name PatternAuthentication -Onone @/Users/admin/builder/spi-builder-workspace/.derivedData/Build/Intermediates.noindex/PatternAuthentication.build/Debug-watchos/PatternAuthentication.build/Objects-normal/arm64/PatternAuthentication.SwiftFileList -DSWIFT_PACKAGE -DDEBUG -DSWIFT_MODULE_RESOURCE_BUNDLE_AVAILABLE -DXcode -plugin-path /Applications/Xcode-26.4.0.app/Contents/Developer/Toolchains/XcodeDefault.xctoolchain/usr/lib/swift/host/plugins/testing -enable-experimental-feature DebugDescriptionMacro -sdk /Applications/Xcode-26.4.0.app/Contents/Developer/Platforms/WatchOS.platform/Developer/SDKs/WatchOS26.4.sdk -target arm64-apple-watchos8.0 -g -module-cache-path /Users/admin/builder/spi-builder-workspace/.derivedData/ModuleCache.noindex -Xfrontend -serialize-debugging-options -profile-coverage-mapping -profile-generate -enable-testing -index-store-path /Users/admin/builder/spi-builder-workspace/.derivedData/Index.noindex/DataStore -Xcc -D_LIBCPP_HARDENING_MODE\=_LIBCPP_HARDENING_MODE_DEBUG -swift-version 6 -I /Users/admin/builder/spi-builder-workspace/.derivedData/Build/Products/Debug-watchos -Isystem /Applications/Xcode-26.4.0.app/Contents/Developer/Platforms/WatchOS.platform/Developer/usr/lib -F /Users/admin/builder/spi-builder-workspace/.derivedData/Build/Products/Debug-watchos -F /Applications/Xcode-26.4.0.app/Contents/Developer/Platforms/WatchOS.platform/Developer/Library/Frameworks -F /Applications/Xcode-26.4.0.app/Contents/Developer/Platforms/WatchOS.platform/Developer/SDKs/WatchOS26.4.sdk/Developer/Library/Frameworks -c -j10 -enable-batch-mode -incremental -Xcc -ivfsstatcache -Xcc /Users/admin/builder/spi-builder-workspace/.derivedData/SDKStatCaches.noindex/watchos26.4-23T238-688ef53f1462e2c8f657fdc38a81448f9e51884a582f42380855760c9d4cc599.sdkstatcache -output-file-map /Users/admin/builder/spi-builder-workspace/.derivedData/Build/Intermediates.noindex/PatternAuthentication.build/Debug-watchos/PatternAuthentication.build/Objects-normal/arm64/PatternAuthentication-OutputFileMap.json -use-frontend-parseable-output -save-temps -no-color-diagnostics -explicit-module-build -module-cache-path /Users/admin/builder/spi-builder-workspace/.derivedData/Build/Intermediates.noindex/SwiftExplicitPrecompiledModules -clang-scanner-module-cache-path /Users/admin/builder/spi-builder-workspace/.derivedData/ModuleCache.noindex -sdk-module-cache-path /Users/admin/builder/spi-builder-workspace/.derivedData/ModuleCache.noindex -serialize-diagnostics -emit-dependencies -emit-module -emit-module-path /Users/admin/builder/spi-builder-workspace/.derivedData/Build/Intermediates.noindex/PatternAuthentication.build/Debug-watchos/PatternAuthentication.build/Objects-normal/arm64/PatternAuthentication.swiftmodule -validate-clang-modules-once -clang-build-session-file /Users/admin/builder/spi-builder-workspace/.derivedData/ModuleCache.noindex/Session.modulevalidation -package-name spi_builder_workspace -Xcc -I/Users/admin/builder/spi-builder-workspace/.derivedData/Build/Intermediates.noindex/PatternAuthentication.build/Debug-watchos/PatternAuthentication.build/swift-overrides.hmap -emit-const-values -Xfrontend -const-gather-protocols-file -Xfrontend /Users/admin/builder/spi-builder-workspace/.derivedData/Build/Intermediates.noindex/PatternAuthentication.build/Debug-watchos/PatternAuthentication.build/Objects-normal/arm64/PatternAuthentication_const_extract_protocols.json -Xcc -I/Users/admin/builder/spi-builder-workspace/.derivedData/Build/Products/Debug-watchos/include -Xcc -I/Users/admin/builder/spi-builder-workspace/.derivedData/Build/Intermediates.noindex/PatternAuthentication.build/Debug-watchos/PatternAuthentication.build/DerivedSources-normal/arm64 -Xcc -I/Users/admin/builder/spi-builder-workspace/.derivedData/Build/Intermediates.noindex/PatternAuthentication.build/Debug-watchos/PatternAuthentication.build/DerivedSources/arm64 -Xcc -I/Users/admin/builder/spi-builder-workspace/.derivedData/Build/Intermediates.noindex/PatternAuthentication.build/Debug-watchos/PatternAuthentication.build/DerivedSources -Xcc -DSWIFT_PACKAGE -Xcc -DDEBUG\=1 -emit-objc-header -emit-objc-header-path /Users/admin/builder/spi-builder-workspace/.derivedData/Build/Intermediates.noindex/PatternAuthentication.build/Debug-watchos/PatternAuthentication.build/Objects-normal/arm64/PatternAuthentication-Swift.h -working-directory /Users/admin/builder/spi-builder-workspace/.swiftpm/xcode -experimental-emit-module-separately -disable-cmo
SwiftCompile normal arm64_32 Compiling\ resource_bundle_accessor.swift /Users/admin/builder/spi-builder-workspace/.derivedData/Build/Intermediates.noindex/PatternAuthentication.build/Debug-watchos/PatternAuthentication.build/DerivedSources/resource_bundle_accessor.swift (in target 'PatternAuthentication' from project 'PatternAuthentication')
SwiftCompile normal arm64_32 /Users/admin/builder/spi-builder-workspace/.derivedData/Build/Intermediates.noindex/PatternAuthentication.build/Debug-watchos/PatternAuthentication.build/DerivedSources/resource_bundle_accessor.swift (in target 'PatternAuthentication' from project 'PatternAuthentication')
    cd /Users/admin/builder/spi-builder-workspace/.swiftpm/xcode

SwiftMergeGeneratedHeaders /Users/admin/builder/spi-builder-workspace/.derivedData/Build/Intermediates.noindex/GeneratedModuleMaps-watchos/PatternAuthentication-Swift.h /Users/admin/builder/spi-builder-workspace/.derivedData/Build/Intermediates.noindex/PatternAuthentication.build/Debug-watchos/PatternAuthentication.build/Objects-normal/arm64/PatternAuthentication-Swift.h /Users/admin/builder/spi-builder-workspace/.derivedData/Build/Intermediates.noindex/PatternAuthentication.build/Debug-watchos/PatternAuthentication.build/Objects-normal/arm64_32/PatternAuthentication-Swift.h /Users/admin/builder/spi-builder-workspace/.derivedData/Build/Intermediates.noindex/PatternAuthentication.build/Debug-watchos/PatternAuthentication.build/Objects-normal/armv7k/PatternAuthentication-Swift.h (in target 'PatternAuthentication' from project 'PatternAuthentication')
    cd /Users/admin/builder/spi-builder-workspace
    builtin-swiftHeaderTool -arch arm64 /Users/admin/builder/spi-builder-workspace/.derivedData/Build/Intermediates.noindex/PatternAuthentication.build/Debug-watchos/PatternAuthentication.build/Objects-normal/arm64/PatternAuthentication-Swift.h -arch arm64_32 /Users/admin/builder/spi-builder-workspace/.derivedData/Build/Intermediates.noindex/PatternAuthentication.build/Debug-watchos/PatternAuthentication.build/Objects-normal/arm64_32/PatternAuthentication-Swift.h -arch armv7k /Users/admin/builder/spi-builder-workspace/.derivedData/Build/Intermediates.noindex/PatternAuthentication.build/Debug-watchos/PatternAuthentication.build/Objects-normal/armv7k/PatternAuthentication-Swift.h -o /Users/admin/builder/spi-builder-workspace/.derivedData/Build/Intermediates.noindex/GeneratedModuleMaps-watchos/PatternAuthentication-Swift.h
SwiftDriverJobDiscovery normal armv7k Compiling resource_bundle_accessor.swift (in target 'PatternAuthentication' from project 'PatternAuthentication')
Copy /Users/admin/builder/spi-builder-workspace/.derivedData/Build/Products/Debug-watchos/PatternAuthentication.swiftmodule/arm64_32-apple-watchos.swiftmodule /Users/admin/builder/spi-builder-workspace/.derivedData/Build/Intermediates.noindex/PatternAuthentication.build/Debug-watchos/PatternAuthentication.build/Objects-normal/arm64_32/PatternAuthentication.swiftmodule (in target 'PatternAuthentication' from project 'PatternAuthentication')
    cd /Users/admin/builder/spi-builder-workspace
    builtin-copy -exclude .DS_Store -exclude CVS -exclude .svn -exclude .git -exclude .hg -resolve-src-symlinks -rename /Users/admin/builder/spi-builder-workspace/.derivedData/Build/Intermediates.noindex/PatternAuthentication.build/Debug-watchos/PatternAuthentication.build/Objects-normal/arm64_32/PatternAuthentication.swiftmodule /Users/admin/builder/spi-builder-workspace/.derivedData/Build/Products/Debug-watchos/PatternAuthentication.swiftmodule/arm64_32-apple-watchos.swiftmodule
Copy /Users/admin/builder/spi-builder-workspace/.derivedData/Build/Products/Debug-watchos/PatternAuthentication.swiftmodule/arm64_32-apple-watchos.swiftdoc /Users/admin/builder/spi-builder-workspace/.derivedData/Build/Intermediates.noindex/PatternAuthentication.build/Debug-watchos/PatternAuthentication.build/Objects-normal/arm64_32/PatternAuthentication.swiftdoc (in target 'PatternAuthentication' from project 'PatternAuthentication')
    cd /Users/admin/builder/spi-builder-workspace
    builtin-copy -exclude .DS_Store -exclude CVS -exclude .svn -exclude .git -exclude .hg -resolve-src-symlinks -rename /Users/admin/builder/spi-builder-workspace/.derivedData/Build/Intermediates.noindex/PatternAuthentication.build/Debug-watchos/PatternAuthentication.build/Objects-normal/arm64_32/PatternAuthentication.swiftdoc /Users/admin/builder/spi-builder-workspace/.derivedData/Build/Products/Debug-watchos/PatternAuthentication.swiftmodule/arm64_32-apple-watchos.swiftdoc
Copy /Users/admin/builder/spi-builder-workspace/.derivedData/Build/Products/Debug-watchos/PatternAuthentication.swiftmodule/arm64_32-apple-watchos.abi.json /Users/admin/builder/spi-builder-workspace/.derivedData/Build/Intermediates.noindex/PatternAuthentication.build/Debug-watchos/PatternAuthentication.build/Objects-normal/arm64_32/PatternAuthentication.abi.json (in target 'PatternAuthentication' from project 'PatternAuthentication')
    cd /Users/admin/builder/spi-builder-workspace
    builtin-copy -exclude .DS_Store -exclude CVS -exclude .svn -exclude .git -exclude .hg -resolve-src-symlinks -rename /Users/admin/builder/spi-builder-workspace/.derivedData/Build/Intermediates.noindex/PatternAuthentication.build/Debug-watchos/PatternAuthentication.build/Objects-normal/arm64_32/PatternAuthentication.abi.json /Users/admin/builder/spi-builder-workspace/.derivedData/Build/Products/Debug-watchos/PatternAuthentication.swiftmodule/arm64_32-apple-watchos.abi.json
SwiftDriverJobDiscovery normal armv7k Compiling LegacyPatternHash.swift (in target 'PatternAuthentication' from project 'PatternAuthentication')
Copy /Users/admin/builder/spi-builder-workspace/.derivedData/Build/Products/Debug-watchos/PatternAuthentication.swiftmodule/arm64-apple-watchos.swiftmodule /Users/admin/builder/spi-builder-workspace/.derivedData/Build/Intermediates.noindex/PatternAuthentication.build/Debug-watchos/PatternAuthentication.build/Objects-normal/arm64/PatternAuthentication.swiftmodule (in target 'PatternAuthentication' from project 'PatternAuthentication')
    cd /Users/admin/builder/spi-builder-workspace
    builtin-copy -exclude .DS_Store -exclude CVS -exclude .svn -exclude .git -exclude .hg -resolve-src-symlinks -rename /Users/admin/builder/spi-builder-workspace/.derivedData/Build/Intermediates.noindex/PatternAuthentication.build/Debug-watchos/PatternAuthentication.build/Objects-normal/arm64/PatternAuthentication.swiftmodule /Users/admin/builder/spi-builder-workspace/.derivedData/Build/Products/Debug-watchos/PatternAuthentication.swiftmodule/arm64-apple-watchos.swiftmodule
Copy /Users/admin/builder/spi-builder-workspace/.derivedData/Build/Products/Debug-watchos/PatternAuthentication.swiftmodule/arm64-apple-watchos.swiftdoc /Users/admin/builder/spi-builder-workspace/.derivedData/Build/Intermediates.noindex/PatternAuthentication.build/Debug-watchos/PatternAuthentication.build/Objects-normal/arm64/PatternAuthentication.swiftdoc (in target 'PatternAuthentication' from project 'PatternAuthentication')
    cd /Users/admin/builder/spi-builder-workspace
    builtin-copy -exclude .DS_Store -exclude CVS -exclude .svn -exclude .git -exclude .hg -resolve-src-symlinks -rename /Users/admin/builder/spi-builder-workspace/.derivedData/Build/Intermediates.noindex/PatternAuthentication.build/Debug-watchos/PatternAuthentication.build/Objects-normal/arm64/PatternAuthentication.swiftdoc /Users/admin/builder/spi-builder-workspace/.derivedData/Build/Products/Debug-watchos/PatternAuthentication.swiftmodule/arm64-apple-watchos.swiftdoc
Copy /Users/admin/builder/spi-builder-workspace/.derivedData/Build/Products/Debug-watchos/PatternAuthentication.swiftmodule/arm64-apple-watchos.abi.json /Users/admin/builder/spi-builder-workspace/.derivedData/Build/Intermediates.noindex/PatternAuthentication.build/Debug-watchos/PatternAuthentication.build/Objects-normal/arm64/PatternAuthentication.abi.json (in target 'PatternAuthentication' from project 'PatternAuthentication')
    cd /Users/admin/builder/spi-builder-workspace
    builtin-copy -exclude .DS_Store -exclude CVS -exclude .svn -exclude .git -exclude .hg -resolve-src-symlinks -rename /Users/admin/builder/spi-builder-workspace/.derivedData/Build/Intermediates.noindex/PatternAuthentication.build/Debug-watchos/PatternAuthentication.build/Objects-normal/arm64/PatternAuthentication.abi.json /Users/admin/builder/spi-builder-workspace/.derivedData/Build/Products/Debug-watchos/PatternAuthentication.swiftmodule/arm64-apple-watchos.abi.json
Copy /Users/admin/builder/spi-builder-workspace/.derivedData/Build/Products/Debug-watchos/PatternAuthentication.swiftmodule/Project/arm64_32-apple-watchos.swiftsourceinfo /Users/admin/builder/spi-builder-workspace/.derivedData/Build/Intermediates.noindex/PatternAuthentication.build/Debug-watchos/PatternAuthentication.build/Objects-normal/arm64_32/PatternAuthentication.swiftsourceinfo (in target 'PatternAuthentication' from project 'PatternAuthentication')
    cd /Users/admin/builder/spi-builder-workspace
    builtin-copy -exclude .DS_Store -exclude CVS -exclude .svn -exclude .git -exclude .hg -resolve-src-symlinks -rename /Users/admin/builder/spi-builder-workspace/.derivedData/Build/Intermediates.noindex/PatternAuthentication.build/Debug-watchos/PatternAuthentication.build/Objects-normal/arm64_32/PatternAuthentication.swiftsourceinfo /Users/admin/builder/spi-builder-workspace/.derivedData/Build/Products/Debug-watchos/PatternAuthentication.swiftmodule/Project/arm64_32-apple-watchos.swiftsourceinfo
Copy /Users/admin/builder/spi-builder-workspace/.derivedData/Build/Products/Debug-watchos/PatternAuthentication.swiftmodule/Project/arm64-apple-watchos.swiftsourceinfo /Users/admin/builder/spi-builder-workspace/.derivedData/Build/Intermediates.noindex/PatternAuthentication.build/Debug-watchos/PatternAuthentication.build/Objects-normal/arm64/PatternAuthentication.swiftsourceinfo (in target 'PatternAuthentication' from project 'PatternAuthentication')
    cd /Users/admin/builder/spi-builder-workspace
    builtin-copy -exclude .DS_Store -exclude CVS -exclude .svn -exclude .git -exclude .hg -resolve-src-symlinks -rename /Users/admin/builder/spi-builder-workspace/.derivedData/Build/Intermediates.noindex/PatternAuthentication.build/Debug-watchos/PatternAuthentication.build/Objects-normal/arm64/PatternAuthentication.swiftsourceinfo /Users/admin/builder/spi-builder-workspace/.derivedData/Build/Products/Debug-watchos/PatternAuthentication.swiftmodule/Project/arm64-apple-watchos.swiftsourceinfo
SwiftCompile normal arm64 Compiling\ Shake.swift /Users/admin/builder/spi-builder-workspace/Sources/PatternAuthentication/Animations/Shake.swift (in target 'PatternAuthentication' from project 'PatternAuthentication')
SwiftCompile normal arm64 /Users/admin/builder/spi-builder-workspace/Sources/PatternAuthentication/Animations/Shake.swift (in target 'PatternAuthentication' from project 'PatternAuthentication')
    cd /Users/admin/builder/spi-builder-workspace/.swiftpm/xcode

SwiftCompile normal arm64_32 Compiling\ ParticleSystem.swift /Users/admin/builder/spi-builder-workspace/Sources/PatternAuthentication/Animations/ParticleSystem.swift (in target 'PatternAuthentication' from project 'PatternAuthentication')
SwiftCompile normal arm64_32 /Users/admin/builder/spi-builder-workspace/Sources/PatternAuthentication/Animations/ParticleSystem.swift (in target 'PatternAuthentication' from project 'PatternAuthentication')
    cd /Users/admin/builder/spi-builder-workspace/.swiftpm/xcode

SwiftDriverJobDiscovery normal armv7k Compiling GestureCredential.swift (in target 'PatternAuthentication' from project 'PatternAuthentication')
SwiftCompile normal arm64 Compiling\ resource_bundle_accessor.swift /Users/admin/builder/spi-builder-workspace/.derivedData/Build/Intermediates.noindex/PatternAuthentication.build/Debug-watchos/PatternAuthentication.build/DerivedSources/resource_bundle_accessor.swift (in target 'PatternAuthentication' from project 'PatternAuthentication')
SwiftCompile normal arm64 /Users/admin/builder/spi-builder-workspace/.derivedData/Build/Intermediates.noindex/PatternAuthentication.build/Debug-watchos/PatternAuthentication.build/DerivedSources/resource_bundle_accessor.swift (in target 'PatternAuthentication' from project 'PatternAuthentication')
    cd /Users/admin/builder/spi-builder-workspace/.swiftpm/xcode

SwiftCompile normal arm64_32 Compiling\ LegacyPatternHash.swift /Users/admin/builder/spi-builder-workspace/Sources/PatternAuthentication/Credentials/LegacyPatternHash.swift (in target 'PatternAuthentication' from project 'PatternAuthentication')
SwiftCompile normal arm64_32 /Users/admin/builder/spi-builder-workspace/Sources/PatternAuthentication/Credentials/LegacyPatternHash.swift (in target 'PatternAuthentication' from project 'PatternAuthentication')
    cd /Users/admin/builder/spi-builder-workspace/.swiftpm/xcode

SwiftDriverJobDiscovery normal arm64_32 Compiling resource_bundle_accessor.swift (in target 'PatternAuthentication' from project 'PatternAuthentication')
SwiftCompile normal arm64 Compiling\ PatternAuthentication.swift /Users/admin/builder/spi-builder-workspace/Sources/PatternAuthentication/PatternAuthentication.swift (in target 'PatternAuthentication' from project 'PatternAuthentication')
SwiftCompile normal arm64 /Users/admin/builder/spi-builder-workspace/Sources/PatternAuthentication/PatternAuthentication.swift (in target 'PatternAuthentication' from project 'PatternAuthentication')
    cd /Users/admin/builder/spi-builder-workspace/.swiftpm/xcode

SwiftDriverJobDiscovery normal arm64_32 Compiling LegacyPatternHash.swift (in target 'PatternAuthentication' from project 'PatternAuthentication')
SwiftCompile normal arm64 Compiling\ LegacyPatternHash.swift /Users/admin/builder/spi-builder-workspace/Sources/PatternAuthentication/Credentials/LegacyPatternHash.swift (in target 'PatternAuthentication' from project 'PatternAuthentication')
2026-07-03 06:38:01.530 xcodebuild[736:4499] [MT] IDERunDestination: Supported platforms for the buildables in the current scheme is empty.
** BUILD FAILED **
The following build commands failed:
	SwiftCompile normal armv7k Compiling\ ParticleSystem.swift /Users/admin/builder/spi-builder-workspace/Sources/PatternAuthentication/Animations/ParticleSystem.swift (in target 'PatternAuthentication' from project 'PatternAuthentication')
	SwiftCompile normal armv7k /Users/admin/builder/spi-builder-workspace/Sources/PatternAuthentication/Animations/ParticleSystem.swift (in target 'PatternAuthentication' from project 'PatternAuthentication')
	Building workspace spi-builder-workspace with scheme PatternAuthentication
(3 failures)
Command line invocation:
    /Applications/Xcode-26.4.0.app/Contents/Developer/usr/bin/xcodebuild -IDEClonedSourcePackagesDirPathOverride=/Users/admin/builder/spi-builder-workspace/.dependencies -resolvePackageDependencies
Resolve Package Graph
Resolved source packages:
  PatternAuthentication: /Users/admin/builder/spi-builder-workspace
resolved source packages: PatternAuthentication
2026-07-03 06:38:43.089 xcodebuild[947:5306] [MT] IDERunDestination: Supported platforms for the buildables in the current scheme is empty.
{
  "dependencies" : [
  ],
  "manifest_display_name" : "PatternAuthentication",
  "name" : "PatternAuthentication",
  "path" : "/Users/admin/builder/spi-builder-workspace",
  "platforms" : [
    {
      "name" : "ios",
      "version" : "15.0"
    }
  ],
  "products" : [
    {
      "name" : "PatternAuthentication",
      "targets" : [
        "PatternAuthentication"
      ],
      "type" : {
        "library" : [
          "automatic"
        ]
      }
    }
  ],
  "swift_languages_versions" : [
    "6"
  ],
  "targets" : [
    {
      "c99name" : "PatternAuthenticationTests",
      "module_type" : "SwiftTarget",
      "name" : "PatternAuthenticationTests",
      "path" : "Tests/PatternAuthenticationTests",
      "sources" : [
        "AnimationSupportTests.swift",
        "GestureCredentialTests.swift",
        "GridAuthenticatorViewModelTests.swift"
      ],
      "target_dependencies" : [
        "PatternAuthentication"
      ],
      "type" : "test"
    },
    {
      "c99name" : "PatternAuthentication",
      "module_type" : "SwiftTarget",
      "name" : "PatternAuthentication",
      "path" : "Sources/PatternAuthentication",
      "product_memberships" : [
        "PatternAuthentication"
      ],
      "resources" : [
        {
          "path" : "/Users/admin/builder/spi-builder-workspace/Sources/PatternAuthentication/Media.xcassets",
          "rule" : {
            "process" : {
            }
          }
        }
      ],
      "sources" : [
        "Animations/ParticleSystem.swift",
        "Animations/Shake.swift",
        "Credentials/GestureCredential.swift",
        "Credentials/LegacyPatternHash.swift",
        "GridAuthenticatorViewModel.swift",
        "PatternAuthentication.swift"
      ],
      "type" : "library"
    }
  ],
  "tools_version" : "6.0"
}
{
  "workspace" : {
    "name" : "spi-builder-workspace",
    "schemes" : [
      "PatternAuthentication"
    ]
  }
}
2026-07-03 06:38:45.020 xcodebuild[956:5506] [MT] IDERunDestination: Supported platforms for the buildables in the current scheme is empty.
Running build ...
env DEVELOPER_DIR=/Applications/Xcode-26.4.0.app xcrun xcodebuild -IDEClonedSourcePackagesDirPathOverride=$PWD/.dependencies -skipMacroValidation -skipPackagePluginValidation -derivedDataPath $PWD/.derivedData build -scheme PatternAuthentication -destination generic/platform=watchOS
Command line invocation:
    /Applications/Xcode-26.4.0.app/Contents/Developer/usr/bin/xcodebuild -IDEClonedSourcePackagesDirPathOverride=/Users/admin/builder/spi-builder-workspace/.dependencies -skipMacroValidation -skipPackagePluginValidation -derivedDataPath /Users/admin/builder/spi-builder-workspace/.derivedData build -scheme PatternAuthentication -destination generic/platform=watchOS
Resolve Package Graph
Resolved source packages:
  PatternAuthentication: /Users/admin/builder/spi-builder-workspace
ComputePackagePrebuildTargetDependencyGraph
Prepare packages
CreateBuildRequest
SendProjectDescription
CreateBuildOperation
ComputeTargetDependencyGraph
note: Building targets in dependency order
note: Target dependency graph (3 targets)
    Target 'PatternAuthentication' in project 'PatternAuthentication'
        ➜ Explicit dependency on target 'PatternAuthentication' in project 'PatternAuthentication'
        ➜ Explicit dependency on target 'PatternAuthentication_PatternAuthentication' in project 'PatternAuthentication'
    Target 'PatternAuthentication' in project 'PatternAuthentication'
        ➜ Explicit dependency on target 'PatternAuthentication_PatternAuthentication' in project 'PatternAuthentication'
    Target 'PatternAuthentication_PatternAuthentication' in project 'PatternAuthentication' (no dependencies)
GatherProvisioningInputs
CreateBuildDescription
ClangStatCache /Applications/Xcode-26.4.0.app/Contents/Developer/Toolchains/XcodeDefault.xctoolchain/usr/bin/clang-stat-cache /Applications/Xcode-26.4.0.app/Contents/Developer/Platforms/WatchOS.platform/Developer/SDKs/WatchOS26.4.sdk /Users/admin/builder/spi-builder-workspace/.derivedData/SDKStatCaches.noindex/watchos26.4-23T238-688ef53f1462e2c8f657fdc38a81448f9e51884a582f42380855760c9d4cc599.sdkstatcache
    cd /Users/admin/builder/spi-builder-workspace/.swiftpm/xcode
    /Applications/Xcode-26.4.0.app/Contents/Developer/Toolchains/XcodeDefault.xctoolchain/usr/bin/clang-stat-cache /Applications/Xcode-26.4.0.app/Contents/Developer/Platforms/WatchOS.platform/Developer/SDKs/WatchOS26.4.sdk -o /Users/admin/builder/spi-builder-workspace/.derivedData/SDKStatCaches.noindex/watchos26.4-23T238-688ef53f1462e2c8f657fdc38a81448f9e51884a582f42380855760c9d4cc599.sdkstatcache
CompileAssetCatalogVariant thinned /Users/admin/builder/spi-builder-workspace/.derivedData/Build/Products/Debug-watchos/PatternAuthentication_PatternAuthentication.bundle /Users/admin/builder/spi-builder-workspace/Sources/PatternAuthentication/Media.xcassets (in target 'PatternAuthentication_PatternAuthentication' from project 'PatternAuthentication')
    cd /Users/admin/builder/spi-builder-workspace
    /Applications/Xcode-26.4.0.app/Contents/Developer/usr/bin/actool /Users/admin/builder/spi-builder-workspace/Sources/PatternAuthentication/Media.xcassets --compile /Users/admin/builder/spi-builder-workspace/.derivedData/Build/Intermediates.noindex/PatternAuthentication.build/Debug-watchos/PatternAuthentication_PatternAuthentication.build/assetcatalog_output/thinned --output-format human-readable-text --notices --warnings --export-dependency-info /Users/admin/builder/spi-builder-workspace/.derivedData/Build/Intermediates.noindex/PatternAuthentication.build/Debug-watchos/PatternAuthentication_PatternAuthentication.build/assetcatalog_dependencies_thinned --output-partial-info-plist /Users/admin/builder/spi-builder-workspace/.derivedData/Build/Intermediates.noindex/PatternAuthentication.build/Debug-watchos/PatternAuthentication_PatternAuthentication.build/assetcatalog_generated_info.plist_thinned --compress-pngs --enable-on-demand-resources NO --development-region en --target-device watch --minimum-deployment-target 8.0 --platform watchos
SwiftDriver PatternAuthentication normal armv7k com.apple.xcode.tools.swift.compiler (in target 'PatternAuthentication' from project 'PatternAuthentication')
    cd /Users/admin/builder/spi-builder-workspace/.swiftpm/xcode
    builtin-SwiftDriver -- /Applications/Xcode-26.4.0.app/Contents/Developer/Toolchains/XcodeDefault.xctoolchain/usr/bin/swiftc -module-name PatternAuthentication -Onone @/Users/admin/builder/spi-builder-workspace/.derivedData/Build/Intermediates.noindex/PatternAuthentication.build/Debug-watchos/PatternAuthentication.build/Objects-normal/armv7k/PatternAuthentication.SwiftFileList -DSWIFT_PACKAGE -DDEBUG -DSWIFT_MODULE_RESOURCE_BUNDLE_AVAILABLE -DXcode -plugin-path /Applications/Xcode-26.4.0.app/Contents/Developer/Toolchains/XcodeDefault.xctoolchain/usr/lib/swift/host/plugins/testing -enable-experimental-feature DebugDescriptionMacro -sdk /Applications/Xcode-26.4.0.app/Contents/Developer/Platforms/WatchOS.platform/Developer/SDKs/WatchOS26.4.sdk -target armv7k-apple-watchos8.0 -g -module-cache-path /Users/admin/builder/spi-builder-workspace/.derivedData/ModuleCache.noindex -Xfrontend -serialize-debugging-options -profile-coverage-mapping -profile-generate -enable-testing -index-store-path /Users/admin/builder/spi-builder-workspace/.derivedData/Index.noindex/DataStore -Xcc -D_LIBCPP_HARDENING_MODE\=_LIBCPP_HARDENING_MODE_DEBUG -swift-version 6 -I /Users/admin/builder/spi-builder-workspace/.derivedData/Build/Products/Debug-watchos -Isystem /Applications/Xcode-26.4.0.app/Contents/Developer/Platforms/WatchOS.platform/Developer/usr/lib -F /Users/admin/builder/spi-builder-workspace/.derivedData/Build/Products/Debug-watchos -F /Applications/Xcode-26.4.0.app/Contents/Developer/Platforms/WatchOS.platform/Developer/Library/Frameworks -F /Applications/Xcode-26.4.0.app/Contents/Developer/Platforms/WatchOS.platform/Developer/SDKs/WatchOS26.4.sdk/Developer/Library/Frameworks -c -j10 -enable-batch-mode -incremental -Xcc -ivfsstatcache -Xcc /Users/admin/builder/spi-builder-workspace/.derivedData/SDKStatCaches.noindex/watchos26.4-23T238-688ef53f1462e2c8f657fdc38a81448f9e51884a582f42380855760c9d4cc599.sdkstatcache -output-file-map /Users/admin/builder/spi-builder-workspace/.derivedData/Build/Intermediates.noindex/PatternAuthentication.build/Debug-watchos/PatternAuthentication.build/Objects-normal/armv7k/PatternAuthentication-OutputFileMap.json -use-frontend-parseable-output -save-temps -no-color-diagnostics -explicit-module-build -module-cache-path /Users/admin/builder/spi-builder-workspace/.derivedData/Build/Intermediates.noindex/SwiftExplicitPrecompiledModules -clang-scanner-module-cache-path /Users/admin/builder/spi-builder-workspace/.derivedData/ModuleCache.noindex -sdk-module-cache-path /Users/admin/builder/spi-builder-workspace/.derivedData/ModuleCache.noindex -serialize-diagnostics -emit-dependencies -emit-module -emit-module-path /Users/admin/builder/spi-builder-workspace/.derivedData/Build/Intermediates.noindex/PatternAuthentication.build/Debug-watchos/PatternAuthentication.build/Objects-normal/armv7k/PatternAuthentication.swiftmodule -validate-clang-modules-once -clang-build-session-file /Users/admin/builder/spi-builder-workspace/.derivedData/ModuleCache.noindex/Session.modulevalidation -package-name spi_builder_workspace -Xcc -I/Users/admin/builder/spi-builder-workspace/.derivedData/Build/Intermediates.noindex/PatternAuthentication.build/Debug-watchos/PatternAuthentication.build/swift-overrides.hmap -emit-const-values -Xfrontend -const-gather-protocols-file -Xfrontend /Users/admin/builder/spi-builder-workspace/.derivedData/Build/Intermediates.noindex/PatternAuthentication.build/Debug-watchos/PatternAuthentication.build/Objects-normal/armv7k/PatternAuthentication_const_extract_protocols.json -Xcc -I/Users/admin/builder/spi-builder-workspace/.derivedData/Build/Products/Debug-watchos/include -Xcc -I/Users/admin/builder/spi-builder-workspace/.derivedData/Build/Intermediates.noindex/PatternAuthentication.build/Debug-watchos/PatternAuthentication.build/DerivedSources-normal/armv7k -Xcc -I/Users/admin/builder/spi-builder-workspace/.derivedData/Build/Intermediates.noindex/PatternAuthentication.build/Debug-watchos/PatternAuthentication.build/DerivedSources/armv7k -Xcc -I/Users/admin/builder/spi-builder-workspace/.derivedData/Build/Intermediates.noindex/PatternAuthentication.build/Debug-watchos/PatternAuthentication.build/DerivedSources -Xcc -DSWIFT_PACKAGE -Xcc -DDEBUG\=1 -emit-objc-header -emit-objc-header-path /Users/admin/builder/spi-builder-workspace/.derivedData/Build/Intermediates.noindex/PatternAuthentication.build/Debug-watchos/PatternAuthentication.build/Objects-normal/armv7k/PatternAuthentication-Swift.h -working-directory /Users/admin/builder/spi-builder-workspace/.swiftpm/xcode -experimental-emit-module-separately -disable-cmo
SwiftDriver PatternAuthentication normal arm64_32 com.apple.xcode.tools.swift.compiler (in target 'PatternAuthentication' from project 'PatternAuthentication')
    cd /Users/admin/builder/spi-builder-workspace/.swiftpm/xcode
    builtin-SwiftDriver -- /Applications/Xcode-26.4.0.app/Contents/Developer/Toolchains/XcodeDefault.xctoolchain/usr/bin/swiftc -module-name PatternAuthentication -Onone @/Users/admin/builder/spi-builder-workspace/.derivedData/Build/Intermediates.noindex/PatternAuthentication.build/Debug-watchos/PatternAuthentication.build/Objects-normal/arm64_32/PatternAuthentication.SwiftFileList -DSWIFT_PACKAGE -DDEBUG -DSWIFT_MODULE_RESOURCE_BUNDLE_AVAILABLE -DXcode -plugin-path /Applications/Xcode-26.4.0.app/Contents/Developer/Toolchains/XcodeDefault.xctoolchain/usr/lib/swift/host/plugins/testing -enable-experimental-feature DebugDescriptionMacro -sdk /Applications/Xcode-26.4.0.app/Contents/Developer/Platforms/WatchOS.platform/Developer/SDKs/WatchOS26.4.sdk -target arm64_32-apple-watchos8.0 -g -module-cache-path /Users/admin/builder/spi-builder-workspace/.derivedData/ModuleCache.noindex -Xfrontend -serialize-debugging-options -profile-coverage-mapping -profile-generate -enable-testing -index-store-path /Users/admin/builder/spi-builder-workspace/.derivedData/Index.noindex/DataStore -Xcc -D_LIBCPP_HARDENING_MODE\=_LIBCPP_HARDENING_MODE_DEBUG -swift-version 6 -I /Users/admin/builder/spi-builder-workspace/.derivedData/Build/Products/Debug-watchos -Isystem /Applications/Xcode-26.4.0.app/Contents/Developer/Platforms/WatchOS.platform/Developer/usr/lib -F /Users/admin/builder/spi-builder-workspace/.derivedData/Build/Products/Debug-watchos -F /Applications/Xcode-26.4.0.app/Contents/Developer/Platforms/WatchOS.platform/Developer/Library/Frameworks -F /Applications/Xcode-26.4.0.app/Contents/Developer/Platforms/WatchOS.platform/Developer/SDKs/WatchOS26.4.sdk/Developer/Library/Frameworks -c -j10 -enable-batch-mode -incremental -Xcc -ivfsstatcache -Xcc /Users/admin/builder/spi-builder-workspace/.derivedData/SDKStatCaches.noindex/watchos26.4-23T238-688ef53f1462e2c8f657fdc38a81448f9e51884a582f42380855760c9d4cc599.sdkstatcache -output-file-map /Users/admin/builder/spi-builder-workspace/.derivedData/Build/Intermediates.noindex/PatternAuthentication.build/Debug-watchos/PatternAuthentication.build/Objects-normal/arm64_32/PatternAuthentication-OutputFileMap.json -use-frontend-parseable-output -save-temps -no-color-diagnostics -explicit-module-build -module-cache-path /Users/admin/builder/spi-builder-workspace/.derivedData/Build/Intermediates.noindex/SwiftExplicitPrecompiledModules -clang-scanner-module-cache-path /Users/admin/builder/spi-builder-workspace/.derivedData/ModuleCache.noindex -sdk-module-cache-path /Users/admin/builder/spi-builder-workspace/.derivedData/ModuleCache.noindex -serialize-diagnostics -emit-dependencies -emit-module -emit-module-path /Users/admin/builder/spi-builder-workspace/.derivedData/Build/Intermediates.noindex/PatternAuthentication.build/Debug-watchos/PatternAuthentication.build/Objects-normal/arm64_32/PatternAuthentication.swiftmodule -validate-clang-modules-once -clang-build-session-file /Users/admin/builder/spi-builder-workspace/.derivedData/ModuleCache.noindex/Session.modulevalidation -package-name spi_builder_workspace -Xcc -I/Users/admin/builder/spi-builder-workspace/.derivedData/Build/Intermediates.noindex/PatternAuthentication.build/Debug-watchos/PatternAuthentication.build/swift-overrides.hmap -emit-const-values -Xfrontend -const-gather-protocols-file -Xfrontend /Users/admin/builder/spi-builder-workspace/.derivedData/Build/Intermediates.noindex/PatternAuthentication.build/Debug-watchos/PatternAuthentication.build/Objects-normal/arm64_32/PatternAuthentication_const_extract_protocols.json -Xcc -I/Users/admin/builder/spi-builder-workspace/.derivedData/Build/Products/Debug-watchos/include -Xcc -I/Users/admin/builder/spi-builder-workspace/.derivedData/Build/Intermediates.noindex/PatternAuthentication.build/Debug-watchos/PatternAuthentication.build/DerivedSources-normal/arm64_32 -Xcc -I/Users/admin/builder/spi-builder-workspace/.derivedData/Build/Intermediates.noindex/PatternAuthentication.build/Debug-watchos/PatternAuthentication.build/DerivedSources/arm64_32 -Xcc -I/Users/admin/builder/spi-builder-workspace/.derivedData/Build/Intermediates.noindex/PatternAuthentication.build/Debug-watchos/PatternAuthentication.build/DerivedSources -Xcc -DSWIFT_PACKAGE -Xcc -DDEBUG\=1 -emit-objc-header -emit-objc-header-path /Users/admin/builder/spi-builder-workspace/.derivedData/Build/Intermediates.noindex/PatternAuthentication.build/Debug-watchos/PatternAuthentication.build/Objects-normal/arm64_32/PatternAuthentication-Swift.h -working-directory /Users/admin/builder/spi-builder-workspace/.swiftpm/xcode -experimental-emit-module-separately -disable-cmo
SwiftDriver PatternAuthentication normal arm64 com.apple.xcode.tools.swift.compiler (in target 'PatternAuthentication' from project 'PatternAuthentication')
    cd /Users/admin/builder/spi-builder-workspace/.swiftpm/xcode
    builtin-SwiftDriver -- /Applications/Xcode-26.4.0.app/Contents/Developer/Toolchains/XcodeDefault.xctoolchain/usr/bin/swiftc -module-name PatternAuthentication -Onone @/Users/admin/builder/spi-builder-workspace/.derivedData/Build/Intermediates.noindex/PatternAuthentication.build/Debug-watchos/PatternAuthentication.build/Objects-normal/arm64/PatternAuthentication.SwiftFileList -DSWIFT_PACKAGE -DDEBUG -DSWIFT_MODULE_RESOURCE_BUNDLE_AVAILABLE -DXcode -plugin-path /Applications/Xcode-26.4.0.app/Contents/Developer/Toolchains/XcodeDefault.xctoolchain/usr/lib/swift/host/plugins/testing -enable-experimental-feature DebugDescriptionMacro -sdk /Applications/Xcode-26.4.0.app/Contents/Developer/Platforms/WatchOS.platform/Developer/SDKs/WatchOS26.4.sdk -target arm64-apple-watchos8.0 -g -module-cache-path /Users/admin/builder/spi-builder-workspace/.derivedData/ModuleCache.noindex -Xfrontend -serialize-debugging-options -profile-coverage-mapping -profile-generate -enable-testing -index-store-path /Users/admin/builder/spi-builder-workspace/.derivedData/Index.noindex/DataStore -Xcc -D_LIBCPP_HARDENING_MODE\=_LIBCPP_HARDENING_MODE_DEBUG -swift-version 6 -I /Users/admin/builder/spi-builder-workspace/.derivedData/Build/Products/Debug-watchos -Isystem /Applications/Xcode-26.4.0.app/Contents/Developer/Platforms/WatchOS.platform/Developer/usr/lib -F /Users/admin/builder/spi-builder-workspace/.derivedData/Build/Products/Debug-watchos -F /Applications/Xcode-26.4.0.app/Contents/Developer/Platforms/WatchOS.platform/Developer/Library/Frameworks -F /Applications/Xcode-26.4.0.app/Contents/Developer/Platforms/WatchOS.platform/Developer/SDKs/WatchOS26.4.sdk/Developer/Library/Frameworks -c -j10 -enable-batch-mode -incremental -Xcc -ivfsstatcache -Xcc /Users/admin/builder/spi-builder-workspace/.derivedData/SDKStatCaches.noindex/watchos26.4-23T238-688ef53f1462e2c8f657fdc38a81448f9e51884a582f42380855760c9d4cc599.sdkstatcache -output-file-map /Users/admin/builder/spi-builder-workspace/.derivedData/Build/Intermediates.noindex/PatternAuthentication.build/Debug-watchos/PatternAuthentication.build/Objects-normal/arm64/PatternAuthentication-OutputFileMap.json -use-frontend-parseable-output -save-temps -no-color-diagnostics -explicit-module-build -module-cache-path /Users/admin/builder/spi-builder-workspace/.derivedData/Build/Intermediates.noindex/SwiftExplicitPrecompiledModules -clang-scanner-module-cache-path /Users/admin/builder/spi-builder-workspace/.derivedData/ModuleCache.noindex -sdk-module-cache-path /Users/admin/builder/spi-builder-workspace/.derivedData/ModuleCache.noindex -serialize-diagnostics -emit-dependencies -emit-module -emit-module-path /Users/admin/builder/spi-builder-workspace/.derivedData/Build/Intermediates.noindex/PatternAuthentication.build/Debug-watchos/PatternAuthentication.build/Objects-normal/arm64/PatternAuthentication.swiftmodule -validate-clang-modules-once -clang-build-session-file /Users/admin/builder/spi-builder-workspace/.derivedData/ModuleCache.noindex/Session.modulevalidation -package-name spi_builder_workspace -Xcc -I/Users/admin/builder/spi-builder-workspace/.derivedData/Build/Intermediates.noindex/PatternAuthentication.build/Debug-watchos/PatternAuthentication.build/swift-overrides.hmap -emit-const-values -Xfrontend -const-gather-protocols-file -Xfrontend /Users/admin/builder/spi-builder-workspace/.derivedData/Build/Intermediates.noindex/PatternAuthentication.build/Debug-watchos/PatternAuthentication.build/Objects-normal/arm64/PatternAuthentication_const_extract_protocols.json -Xcc -I/Users/admin/builder/spi-builder-workspace/.derivedData/Build/Products/Debug-watchos/include -Xcc -I/Users/admin/builder/spi-builder-workspace/.derivedData/Build/Intermediates.noindex/PatternAuthentication.build/Debug-watchos/PatternAuthentication.build/DerivedSources-normal/arm64 -Xcc -I/Users/admin/builder/spi-builder-workspace/.derivedData/Build/Intermediates.noindex/PatternAuthentication.build/Debug-watchos/PatternAuthentication.build/DerivedSources/arm64 -Xcc -I/Users/admin/builder/spi-builder-workspace/.derivedData/Build/Intermediates.noindex/PatternAuthentication.build/Debug-watchos/PatternAuthentication.build/DerivedSources -Xcc -DSWIFT_PACKAGE -Xcc -DDEBUG\=1 -emit-objc-header -emit-objc-header-path /Users/admin/builder/spi-builder-workspace/.derivedData/Build/Intermediates.noindex/PatternAuthentication.build/Debug-watchos/PatternAuthentication.build/Objects-normal/arm64/PatternAuthentication-Swift.h -working-directory /Users/admin/builder/spi-builder-workspace/.swiftpm/xcode -experimental-emit-module-separately -disable-cmo
SwiftCompile normal arm64_32 Compiling\ GestureCredential.swift /Users/admin/builder/spi-builder-workspace/Sources/PatternAuthentication/Credentials/GestureCredential.swift (in target 'PatternAuthentication' from project 'PatternAuthentication')
SwiftCompile normal arm64_32 /Users/admin/builder/spi-builder-workspace/Sources/PatternAuthentication/Credentials/GestureCredential.swift (in target 'PatternAuthentication' from project 'PatternAuthentication')
    cd /Users/admin/builder/spi-builder-workspace/.swiftpm/xcode

SwiftCompile normal arm64_32 Compiling\ GeneratedAssetSymbols.swift /Users/admin/builder/spi-builder-workspace/.derivedData/Build/Intermediates.noindex/PatternAuthentication.build/Debug-watchos/PatternAuthentication.build/DerivedSources/GeneratedAssetSymbols.swift (in target 'PatternAuthentication' from project 'PatternAuthentication')
SwiftCompile normal arm64_32 /Users/admin/builder/spi-builder-workspace/.derivedData/Build/Intermediates.noindex/PatternAuthentication.build/Debug-watchos/PatternAuthentication.build/DerivedSources/GeneratedAssetSymbols.swift (in target 'PatternAuthentication' from project 'PatternAuthentication')
    cd /Users/admin/builder/spi-builder-workspace/.swiftpm/xcode

SwiftEmitModule normal arm64_32 Emitting\ module\ for\ PatternAuthentication (in target 'PatternAuthentication' from project 'PatternAuthentication')
EmitSwiftModule normal arm64_32 (in target 'PatternAuthentication' from project 'PatternAuthentication')
    cd /Users/admin/builder/spi-builder-workspace/.swiftpm/xcode

SwiftCompile normal arm64_32 Compiling\ PatternAuthentication.swift /Users/admin/builder/spi-builder-workspace/Sources/PatternAuthentication/PatternAuthentication.swift (in target 'PatternAuthentication' from project 'PatternAuthentication')
SwiftCompile normal arm64_32 /Users/admin/builder/spi-builder-workspace/Sources/PatternAuthentication/PatternAuthentication.swift (in target 'PatternAuthentication' from project 'PatternAuthentication')
    cd /Users/admin/builder/spi-builder-workspace/.swiftpm/xcode

SwiftCompile normal arm64_32 Compiling\ ParticleSystem.swift /Users/admin/builder/spi-builder-workspace/Sources/PatternAuthentication/Animations/ParticleSystem.swift (in target 'PatternAuthentication' from project 'PatternAuthentication')
Failed frontend command:
/Applications/Xcode-26.4.0.app/Contents/Developer/Toolchains/XcodeDefault.xctoolchain/usr/bin/swift-frontend -frontend -c /Users/admin/builder/spi-builder-workspace/.derivedData/Build/Intermediates.noindex/PatternAuthentication.build/Debug-watchos/PatternAuthentication.build/DerivedSources/resource_bundle_accessor.swift -primary-file /Users/admin/builder/spi-builder-workspace/Sources/PatternAuthentication/Animations/ParticleSystem.swift /Users/admin/builder/spi-builder-workspace/Sources/PatternAuthentication/Animations/Shake.swift /Users/admin/builder/spi-builder-workspace/Sources/PatternAuthentication/Credentials/GestureCredential.swift /Users/admin/builder/spi-builder-workspace/Sources/PatternAuthentication/Credentials/LegacyPatternHash.swift /Users/admin/builder/spi-builder-workspace/Sources/PatternAuthentication/GridAuthenticatorViewModel.swift /Users/admin/builder/spi-builder-workspace/Sources/PatternAuthentication/PatternAuthentication.swift /Users/admin/builder/spi-builder-workspace/.derivedData/Build/Intermediates.noindex/PatternAuthentication.build/Debug-watchos/PatternAuthentication.build/DerivedSources/GeneratedAssetSymbols.swift -emit-dependencies-path /Users/admin/builder/spi-builder-workspace/.derivedData/Build/Intermediates.noindex/PatternAuthentication.build/Debug-watchos/PatternAuthentication.build/Objects-normal/arm64_32/ParticleSystem.d -emit-const-values-path /Users/admin/builder/spi-builder-workspace/.derivedData/Build/Intermediates.noindex/PatternAuthentication.build/Debug-watchos/PatternAuthentication.build/Objects-normal/arm64_32/ParticleSystem.swiftconstvalues -emit-reference-dependencies-path /Users/admin/builder/spi-builder-workspace/.derivedData/Build/Intermediates.noindex/PatternAuthentication.build/Debug-watchos/PatternAuthentication.build/Objects-normal/arm64_32/ParticleSystem.swiftdeps -serialize-diagnostics-path /Users/admin/builder/spi-builder-workspace/.derivedData/Build/Intermediates.noindex/PatternAuthentication.build/Debug-watchos/PatternAuthentication.build/Objects-normal/arm64_32/ParticleSystem.dia -target arm64_32-apple-watchos8.0 -module-can-import-version DeveloperToolsSupport 23.40.26 23.40.26 -module-can-import-version SwiftUI 7.4.27 7.4.27 -module-can-import-version UIKit 9126.4.27.1 9126.4.27 -load-resolved-plugin /Applications/Xcode-26.4.0.app/Contents/Developer/Platforms/WatchOS.platform/Developer/usr/lib/swift/host/plugins/libFoundationMacros.dylib\#/Applications/Xcode-26.4.0.app/Contents/Developer/Platforms/WatchOS.platform/Developer/usr/bin/swift-plugin-server\#FoundationMacros -load-resolved-plugin /Applications/Xcode-26.4.0.app/Contents/Developer/Platforms/WatchOS.platform/Developer/usr/lib/swift/host/plugins/libObservationMacros.dylib\#/Applications/Xcode-26.4.0.app/Contents/Developer/Platforms/WatchOS.platform/Developer/usr/bin/swift-plugin-server\#ObservationMacros -load-resolved-plugin /Applications/Xcode-26.4.0.app/Contents/Developer/Platforms/WatchOS.platform/Developer/usr/lib/swift/host/plugins/libPreviewsMacros.dylib\#/Applications/Xcode-26.4.0.app/Contents/Developer/Platforms/WatchOS.platform/Developer/usr/bin/swift-plugin-server\#PreviewsMacros -load-resolved-plugin /Applications/Xcode-26.4.0.app/Contents/Developer/Platforms/WatchOS.platform/Developer/usr/lib/swift/host/plugins/libSwiftMacros.dylib\#/Applications/Xcode-26.4.0.app/Contents/Developer/Platforms/WatchOS.platform/Developer/usr/bin/swift-plugin-server\#SwiftMacros -load-resolved-plugin /Applications/Xcode-26.4.0.app/Contents/Developer/Platforms/WatchOS.platform/Developer/usr/lib/swift/host/plugins/libSwiftUIMacros.dylib\#/Applications/Xcode-26.4.0.app/Contents/Developer/Platforms/WatchOS.platform/Developer/usr/bin/swift-plugin-server\#SwiftUIMacros -disable-implicit-swift-modules -Xcc -fno-implicit-modules -Xcc -fno-implicit-module-maps -explicit-swift-module-map-file /Users/admin/builder/spi-builder-workspace/.derivedData/Build/Intermediates.noindex/PatternAuthentication.build/Debug-watchos/PatternAuthentication.build/Objects-normal/arm64_32/PatternAuthentication-dependencies-3.json -debug-module-path /Users/admin/builder/spi-builder-workspace/.derivedData/Build/Intermediates.noindex/PatternAuthentication.build/Debug-watchos/PatternAuthentication.build/Objects-normal/arm64_32/PatternAuthentication.swiftmodule -enable-objc-interop -sdk /Applications/Xcode-26.4.0.app/Contents/Developer/Platforms/WatchOS.platform/Developer/SDKs/WatchOS26.4.sdk -I /Users/admin/builder/spi-builder-workspace/.derivedData/Build/Products/Debug-watchos -Isystem /Applications/Xcode-26.4.0.app/Contents/Developer/Platforms/WatchOS.platform/Developer/usr/lib -F /Users/admin/builder/spi-builder-workspace/.derivedData/Build/Products/Debug-watchos -F /Applications/Xcode-26.4.0.app/Contents/Developer/Platforms/WatchOS.platform/Developer/Library/Frameworks -F /Applications/Xcode-26.4.0.app/Contents/Developer/Platforms/WatchOS.platform/Developer/SDKs/WatchOS26.4.sdk/Developer/Library/Frameworks -no-color-diagnostics -Xcc -fno-color-diagnostics -enable-testing -g -debug-info-format\=dwarf -dwarf-version\=4 -module-cache-path /Users/admin/builder/spi-builder-workspace/.derivedData/Build/Intermediates.noindex/SwiftExplicitPrecompiledModules -profile-generate -profile-coverage-mapping -swift-version 6 -Onone -D SWIFT_PACKAGE -D DEBUG -D SWIFT_MODULE_RESOURCE_BUNDLE_AVAILABLE -D Xcode -serialize-debugging-options -const-gather-protocols-file /Users/admin/builder/spi-builder-workspace/.derivedData/Build/Intermediates.noindex/PatternAuthentication.build/Debug-watchos/PatternAuthentication.build/Objects-normal/arm64_32/PatternAuthentication_const_extract_protocols.json -enable-experimental-feature DebugDescriptionMacro -empty-abi-descriptor -validate-clang-modules-once -clang-build-session-file /Users/admin/builder/spi-builder-workspace/.derivedData/ModuleCache.noindex/Session.modulevalidation -Xcc -working-directory -Xcc /Users/admin/builder/spi-builder-workspace/.swiftpm/xcode -enable-anonymous-context-mangled-names -file-compilation-dir /Users/admin/builder/spi-builder-workspace/.swiftpm/xcode -Xcc -D_LIBCPP_HARDENING_MODE\=_LIBCPP_HARDENING_MODE_DEBUG -Xcc -ivfsstatcache -Xcc /Users/admin/builder/spi-builder-workspace/.derivedData/SDKStatCaches.noindex/watchos26.4-23T238-688ef53f1462e2c8f657fdc38a81448f9e51884a582f42380855760c9d4cc599.sdkstatcache -Xcc -I/Users/admin/builder/spi-builder-workspace/.derivedData/Build/Intermediates.noindex/PatternAuthentication.build/Debug-watchos/PatternAuthentication.build/swift-overrides.hmap -Xcc -I/Users/admin/builder/spi-builder-workspace/.derivedData/Build/Products/Debug-watchos/include -Xcc -I/Users/admin/builder/spi-builder-workspace/.derivedData/Build/Intermediates.noindex/PatternAuthentication.build/Debug-watchos/PatternAuthentication.build/DerivedSources-normal/arm64_32 -Xcc -I/Users/admin/builder/spi-builder-workspace/.derivedData/Build/Intermediates.noindex/PatternAuthentication.build/Debug-watchos/PatternAuthentication.build/DerivedSources/arm64_32 -Xcc -I/Users/admin/builder/spi-builder-workspace/.derivedData/Build/Intermediates.noindex/PatternAuthentication.build/Debug-watchos/PatternAuthentication.build/DerivedSources -Xcc -DSWIFT_PACKAGE -Xcc -DDEBUG\=1 -no-auto-bridging-header-chaining -module-name PatternAuthentication -package-name spi_builder_workspace -frontend-parseable-output -disable-clang-spi -clang-target arm64_32-apple-watchos26.4 -target-sdk-version 26.4 -target-sdk-name watchos26.4 -in-process-plugin-server-path /Applications/Xcode-26.4.0.app/Contents/Developer/Toolchains/XcodeDefault.xctoolchain/usr/lib/swift/host/libSwiftInProcPluginServer.dylib -o /Users/admin/builder/spi-builder-workspace/.derivedData/Build/Intermediates.noindex/PatternAuthentication.build/Debug-watchos/PatternAuthentication.build/Objects-normal/arm64_32/ParticleSystem.o -index-unit-output-path /PatternAuthentication.build/Debug-watchos/PatternAuthentication.build/Objects-normal/arm64_32/ParticleSystem.o -index-store-path /Users/admin/builder/spi-builder-workspace/.derivedData/Index.noindex/DataStore -index-system-modules
SwiftCompile normal arm64_32 /Users/admin/builder/spi-builder-workspace/Sources/PatternAuthentication/Animations/ParticleSystem.swift (in target 'PatternAuthentication' from project 'PatternAuthentication')
    cd /Users/admin/builder/spi-builder-workspace/.swiftpm/xcode

/Users/admin/builder/spi-builder-workspace/Sources/PatternAuthentication/Animations/ParticleSystem.swift:162:9: error: 'init(named:in:compatibleWith:)' is unavailable in watchOS
        UIImage(named: "spark", in: .module, compatibleWith: nil) != nil
        ^~~~~~~
/Applications/Xcode-26.4.0.app/Contents/Developer/Platforms/WatchOS.platform/Developer/SDKs/WatchOS26.4.sdk/System/Library/Frameworks/UIKit.framework/Headers/UIImage.h:107:1: note: 'init(named:in:compatibleWith:)' has been explicitly marked unavailable here
+ (nullable UIImage *)imageNamed:(NSString *)name inBundle:(nullable NSBundle *)bundle compatibleWithTraitCollection:(nullable UITraitCollection *)traitCollection API_AVAILABLE(ios(8.0)) API_UNAVAILABLE(watchos);
^
SwiftCompile normal arm64 Compiling\ GestureCredential.swift /Users/admin/builder/spi-builder-workspace/Sources/PatternAuthentication/Credentials/GestureCredential.swift (in target 'PatternAuthentication' from project 'PatternAuthentication')
SwiftCompile normal arm64 /Users/admin/builder/spi-builder-workspace/Sources/PatternAuthentication/Credentials/GestureCredential.swift (in target 'PatternAuthentication' from project 'PatternAuthentication')
    cd /Users/admin/builder/spi-builder-workspace/.swiftpm/xcode

SwiftCompile normal arm64_32 Compiling\ GridAuthenticatorViewModel.swift /Users/admin/builder/spi-builder-workspace/Sources/PatternAuthentication/GridAuthenticatorViewModel.swift (in target 'PatternAuthentication' from project 'PatternAuthentication')
SwiftCompile normal arm64_32 /Users/admin/builder/spi-builder-workspace/Sources/PatternAuthentication/GridAuthenticatorViewModel.swift (in target 'PatternAuthentication' from project 'PatternAuthentication')
    cd /Users/admin/builder/spi-builder-workspace/.swiftpm/xcode

SwiftCompile normal arm64 Compiling\ Shake.swift /Users/admin/builder/spi-builder-workspace/Sources/PatternAuthentication/Animations/Shake.swift (in target 'PatternAuthentication' from project 'PatternAuthentication')
SwiftCompile normal arm64 /Users/admin/builder/spi-builder-workspace/Sources/PatternAuthentication/Animations/Shake.swift (in target 'PatternAuthentication' from project 'PatternAuthentication')
    cd /Users/admin/builder/spi-builder-workspace/.swiftpm/xcode

SwiftEmitModule normal arm64 Emitting\ module\ for\ PatternAuthentication (in target 'PatternAuthentication' from project 'PatternAuthentication')
EmitSwiftModule normal arm64 (in target 'PatternAuthentication' from project 'PatternAuthentication')
    cd /Users/admin/builder/spi-builder-workspace/.swiftpm/xcode

SwiftEmitModule normal armv7k Emitting\ module\ for\ PatternAuthentication (in target 'PatternAuthentication' from project 'PatternAuthentication')
2026-07-03 06:38:45.898 xcodebuild[958:5550] [MT] IDERunDestination: Supported platforms for the buildables in the current scheme is empty.
** BUILD FAILED **
The following build commands failed:
	SwiftCompile normal arm64_32 Compiling\ ParticleSystem.swift /Users/admin/builder/spi-builder-workspace/Sources/PatternAuthentication/Animations/ParticleSystem.swift (in target 'PatternAuthentication' from project 'PatternAuthentication')
	SwiftCompile normal arm64_32 /Users/admin/builder/spi-builder-workspace/Sources/PatternAuthentication/Animations/ParticleSystem.swift (in target 'PatternAuthentication' from project 'PatternAuthentication')
	Building workspace spi-builder-workspace with scheme PatternAuthentication
(3 failures)
BUILD FAILURE 6.3 watchOS