The Swift Package Index logo.Swift Package Index

Build Information

Failed to build CollectionAlgorithms, reference main (c62496), with Swift 6.4 for Android on 22 Sep 2026 13:08:51 UTC.

Build Command

bash -c docker run --pull=always --rm -v "checkouts-54344844-1":/host -w "$PWD" -e JAVA_HOME="/root/.sdkman/candidates/java/current" -e SPI_BUILD="1" -e SPI_PROCESSING="1" registry.gitlab.com/saguaro1/spi-images:android-6.4-latest swift build --swift-sdk aarch64-unknown-linux-android28 2>&1

Build Log

========================================
RunAll
========================================
Builder version: 5.1.0
Interrupt handler set up.
========================================
Checkout
========================================
Clone URL: https://github.com/SangaleBhushan/CollectionAlgorithms.git
Reference: main
Initialized empty Git repository in /host/spi-builder-workspace/.git/
hint: Using 'master' as the name for the initial branch. This default branch name
hint: is subject to change. To configure the initial branch name to use in all
hint: of your new repositories, which will suppress this warning, call:
hint:
hint: 	git config --global init.defaultBranch <name>
hint:
hint: Names commonly chosen instead of 'master' are 'main', 'trunk' and
hint: 'development'. The just-created branch can be renamed via this command:
hint:
hint: 	git branch -m <name>
From https://github.com/SangaleBhushan/CollectionAlgorithms
 * branch            main       -> FETCH_HEAD
 * [new branch]      main       -> origin/main
HEAD is now at c62496f Update README.md
Cloned https://github.com/SangaleBhushan/CollectionAlgorithms.git
Revision (git rev-parse @):
c62496f08891b6ec44d77f7b32fc4f1b61be62b1
SUCCESS checkout https://github.com/SangaleBhushan/CollectionAlgorithms.git at main
========================================
Build
========================================
Selected platform:         android
Swift version:             6.4
Building package at path:  $PWD
https://github.com/SangaleBhushan/CollectionAlgorithms.git
Running build ...
bash -c docker run --pull=always --rm -v "checkouts-54344844-1":/host -w "$PWD" -e JAVA_HOME="/root/.sdkman/candidates/java/current" -e SPI_BUILD="1" -e SPI_PROCESSING="1" registry.gitlab.com/saguaro1/spi-images:android-6.4-latest swift build --swift-sdk aarch64-unknown-linux-android28 2>&1
android-6.4-latest: Pulling from saguaro1/spi-images
Digest: sha256:abadcff584c273feba50641b454858d377ba30b35ea7287a94f45ebd8afd0ea0
Status: Image is up to date for registry.gitlab.com/saguaro1/spi-images:android-6.4-latest
Building for debugging...
[Planning deferred tasks]
[28 / 36] CollectionAlgorithms
[29 / 36] CollectionAlgorithms
error: SwiftCompile normal aarch64 /host/spi-builder-workspace/Sources/CollectionAlgorithms/StandardDeviation.swift failed with a nonzero exit code. Command line:     cd /host
    builtin-SwiftPerFileCompile StandardDeviation.swift
/host/spi-builder-workspace/Sources/CollectionAlgorithms/StandardDeviation.swift:16:21: error: cannot convert value of type 'Self.Element' to expected argument type 'Double'
14 |         let avg = self.reduce(0, +) / Element(count)
15 |         let variance = self.map { ($0 - avg) * ($0 - avg) }.reduce(0, +) / Element(count)
16 |         return sqrt(variance)
   |                     `- error: cannot convert value of type 'Self.Element' to expected argument type 'Double'
17 |     }
18 | }
/host/spi-builder-workspace/Sources/CollectionAlgorithms/StandardDeviation.swift:16:16: error: cannot convert return expression of type 'Double' to return type 'Self.Element'
14 |         let avg = self.reduce(0, +) / Element(count)
15 |         let variance = self.map { ($0 - avg) * ($0 - avg) }.reduce(0, +) / Element(count)
16 |         return sqrt(variance)
   |                `- error: cannot convert return expression of type 'Double' to return type 'Self.Element'
17 |     }
18 | }
Failed frontend command:
/root/.local/share/swiftly/toolchains/6.4.x-snapshot-2026-09-04/usr/bin/swift-frontend -frontend -c /host/spi-builder-workspace/Sources/CollectionAlgorithms/Average.swift /host/spi-builder-workspace/Sources/CollectionAlgorithms/BinarySearch.swift /host/spi-builder-workspace/Sources/CollectionAlgorithms/BinarySearchClosest.swift /host/spi-builder-workspace/Sources/CollectionAlgorithms/Bounds.swift /host/spi-builder-workspace/Sources/CollectionAlgorithms/Chunked.swift /host/spi-builder-workspace/Sources/CollectionAlgorithms/CountWhere.swift /host/spi-builder-workspace/Sources/CollectionAlgorithms/Frequencies.swift /host/spi-builder-workspace/Sources/CollectionAlgorithms/Grouped.swift /host/spi-builder-workspace/Sources/CollectionAlgorithms/IndexOfMinMax.swift /host/spi-builder-workspace/Sources/CollectionAlgorithms/IsSorted.swift /host/spi-builder-workspace/Sources/CollectionAlgorithms/KthSmallest.swift /host/spi-builder-workspace/Sources/CollectionAlgorithms/Median.swift /host/spi-builder-workspace/Sources/CollectionAlgorithms/Mode.swift /host/spi-builder-workspace/Sources/CollectionAlgorithms/Partitioned.swift /host/spi-builder-workspace/Sources/CollectionAlgorithms/Permutations.swift /host/spi-builder-workspace/Sources/CollectionAlgorithms/Rotate.swift /host/spi-builder-workspace/Sources/CollectionAlgorithms/Sample.swift -primary-file /host/spi-builder-workspace/Sources/CollectionAlgorithms/StandardDeviation.swift -primary-file /host/spi-builder-workspace/Sources/CollectionAlgorithms/Sum.swift /host/spi-builder-workspace/Sources/CollectionAlgorithms/Unique.swift /host/spi-builder-workspace/Sources/CollectionAlgorithms/Windowed.swift -emit-dependencies-path /host/spi-builder-workspace/.build/out/Intermediates.noindex/CollectionAlgorithms.build/Debug-android-aarch64/CollectionAlgorithms-t.build/Objects-normal/aarch64/StandardDeviation.d -emit-const-values-path /host/spi-builder-workspace/.build/out/Intermediates.noindex/CollectionAlgorithms.build/Debug-android-aarch64/CollectionAlgorithms-t.build/Objects-normal/aarch64/StandardDeviation.swiftconstvalues -emit-reference-dependencies-path /host/spi-builder-workspace/.build/out/Intermediates.noindex/CollectionAlgorithms.build/Debug-android-aarch64/CollectionAlgorithms-t.build/Objects-normal/aarch64/StandardDeviation.swiftdeps -serialize-diagnostics-path /host/spi-builder-workspace/.build/out/Intermediates.noindex/CollectionAlgorithms.build/Debug-android-aarch64/CollectionAlgorithms-t.build/Objects-normal/aarch64/StandardDeviation.dia -emit-dependencies-path /host/spi-builder-workspace/.build/out/Intermediates.noindex/CollectionAlgorithms.build/Debug-android-aarch64/CollectionAlgorithms-t.build/Objects-normal/aarch64/Sum.d -emit-const-values-path /host/spi-builder-workspace/.build/out/Intermediates.noindex/CollectionAlgorithms.build/Debug-android-aarch64/CollectionAlgorithms-t.build/Objects-normal/aarch64/Sum.swiftconstvalues -emit-reference-dependencies-path /host/spi-builder-workspace/.build/out/Intermediates.noindex/CollectionAlgorithms.build/Debug-android-aarch64/CollectionAlgorithms-t.build/Objects-normal/aarch64/Sum.swiftdeps -serialize-diagnostics-path /host/spi-builder-workspace/.build/out/Intermediates.noindex/CollectionAlgorithms.build/Debug-android-aarch64/CollectionAlgorithms-t.build/Objects-normal/aarch64/Sum.dia -target aarch64-unknown-linux-android28 -Xllvm -aarch64-use-tbi -disable-objc-interop -sdk /android-ndk/android-ndk-r27d/toolchains/llvm/prebuilt/linux-x86_64/sysroot -sysroot /android-ndk/android-ndk-r27d/toolchains/llvm/prebuilt/linux-x86_64/sysroot -I /host/spi-builder-workspace/.build/out/Products/Debug-android-aarch64 -module-cache-path /host/spi-builder-workspace/.build/out/ModuleCache.noindex -color-diagnostics -Xcc -fcolor-diagnostics -enable-testing -g -debug-info-format\=dwarf -dwarf-version\=4 -swift-version 6 -Onone -D SWIFT_PACKAGE -D DEBUG -D SWIFT_MODULE_RESOURCE_BUNDLE_UNAVAILABLE -D Xcode -serialize-debugging-options -enable-experimental-feature DebugDescriptionMacro -empty-abi-descriptor -external-plugin-path /root/.local/share/swiftly/toolchains/6.4.x-snapshot-2026-09-04/usr/lib/swift/host/plugins/testing\#/root/.local/share/swiftly/toolchains/6.4.x-snapshot-2026-09-04/usr/bin/swift-plugin-server -validate-clang-modules-once -clang-build-session-file /host/spi-builder-workspace/.build/out/ModuleCache.noindex/Session.modulevalidation -Xcc -working-directory -Xcc /host -resource-dir /root/.swiftpm/swift-sdks/swift-6.4.x-DEVELOPMENT-SNAPSHOT-2026-09-04-a_android.artifactbundle/swift-android/swift-resources/usr/lib/swift-aarch64 -enable-anonymous-context-mangled-names -file-compilation-dir /host -Xcc -resource-dir -Xcc /android-ndk/android-ndk-r27d/toolchains/llvm/prebuilt/linux-x86_64/lib/clang/18 -Xcc -fno-omit-frame-pointer -Xcc -D_LIBCPP_HARDENING_MODE\=_LIBCPP_HARDENING_MODE_DEBUG -Xcc -fmodules-prune-interval\=86400 -Xcc -fmodules-prune-after\=345600 -Xcc -I/host/spi-builder-workspace/.build/out/Products/Debug-android-aarch64/include -Xcc -I/host/spi-builder-workspace/.build/out/Intermediates.noindex/CollectionAlgorithms.build/Debug-android-aarch64/CollectionAlgorithms-t.build/DerivedSources-normal/aarch64 -Xcc -I/host/spi-builder-workspace/.build/out/Intermediates.noindex/CollectionAlgorithms.build/Debug-android-aarch64/CollectionAlgorithms-t.build/DerivedSources/aarch64 -Xcc -I/host/spi-builder-workspace/.build/out/Intermediates.noindex/CollectionAlgorithms.build/Debug-android-aarch64/CollectionAlgorithms-t.build/DerivedSources -Xcc -DSWIFT_PACKAGE -Xcc -DDEBUG\=1 -no-auto-bridging-header-chaining -module-name CollectionAlgorithms -package-name spi_builder_workspace -const-gather-protocols-file /host/spi-builder-workspace/.build/out/Intermediates.noindex/CollectionAlgorithms.build/Debug-android-aarch64/CollectionAlgorithms-t.build/Objects-normal/aarch64/CollectionAlgorithms_const_extract_protocols.json -in-process-plugin-server-path /root/.local/share/swiftly/toolchains/6.4.x-snapshot-2026-09-04/usr/lib/swift/host/libSwiftInProcPluginServer.so -plugin-path /root/.local/share/swiftly/toolchains/6.4.x-snapshot-2026-09-04/usr/lib/swift/host/plugins -plugin-path /root/.local/share/swiftly/toolchains/6.4.x-snapshot-2026-09-04/usr/local/lib/swift/host/plugins -parse-as-library -o /host/spi-builder-workspace/.build/out/Intermediates.noindex/CollectionAlgorithms.build/Debug-android-aarch64/CollectionAlgorithms-t.build/Objects-normal/aarch64/StandardDeviation.o -o /host/spi-builder-workspace/.build/out/Intermediates.noindex/CollectionAlgorithms.build/Debug-android-aarch64/CollectionAlgorithms-t.build/Objects-normal/aarch64/Sum.o -index-unit-output-path /CollectionAlgorithms.build/Debug-android-aarch64/CollectionAlgorithms-t.build/Objects-normal/aarch64/StandardDeviation.o -index-unit-output-path /CollectionAlgorithms.build/Debug-android-aarch64/CollectionAlgorithms-t.build/Objects-normal/aarch64/Sum.o -index-store-path /host/spi-builder-workspace/.build/out -index-system-modules
error: Build failed
BUILD FAILURE 6.4 android