The Swift Package Index logo.Swift Package Index

Build Information

Failed to build FusionSpoofDetection, reference main (24cc9c), with Swift 6.4 for macOS (Xcode) using Xcode 27.0 on 23 Sep 2026 08:47:03 UTC.

Build Command

env DEVELOPER_DIR=/Applications/Xcode-27.0.0-Release.Candidate.app xcrun xcodebuild -IDEClonedSourcePackagesDirPathOverride=$PWD/.dependencies -skipMacroValidation -skipPackagePluginValidation -derivedDataPath $PWD/.derivedData build -scheme FusionSpoofDetection -destination platform=macOS,arch=arm64

Build Log

========================================
RunAll
========================================
Builder version: 5.1.0
Interrupt handler set up.
========================================
Checkout
========================================
Clone URL: https://github.com/AppliedRecognition/Spoof-Detection-Fusion-Apple.git
Reference: main
Initialized empty Git repository in /Users/admin/builder/spi-builder-workspace/.git/
From https://github.com/AppliedRecognition/Spoof-Detection-Fusion-Apple
 * branch            main       -> FETCH_HEAD
 * [new branch]      main       -> origin/main
HEAD is now at 24cc9cb Merge branch 'development'
Cloned https://github.com/AppliedRecognition/Spoof-Detection-Fusion-Apple.git
Revision (git rev-parse @):
24cc9cb7286ceb620753cef6aa372557db281798
SUCCESS checkout https://github.com/AppliedRecognition/Spoof-Detection-Fusion-Apple.git at main
========================================
Build
========================================
Selected platform:         macosXcodebuild
Swift version:             6.4
Building package at path:  $PWD
https://github.com/AppliedRecognition/Spoof-Detection-Fusion-Apple.git
Command line invocation:
    /Applications/Xcode-27.0.0-Release.Candidate.app/Contents/Developer/usr/bin/xcodebuild -IDEClonedSourcePackagesDirPathOverride=/Users/admin/builder/spi-builder-workspace/.dependencies -resolvePackageDependencies
Resolve Package Graph
Fetching from https://github.com/AppliedRecognition/Spoof-Device-Detection-Ver-ID-3-Apple.git
Fetching from https://github.com/AppliedRecognition/Spoof-Detection-Fasnet-Apple.git
Fetching from https://github.com/AppliedRecognition/Ver-ID-Common-Types-Apple.git
Creating working copy of package ‘Spoof-Detection-Fasnet-Apple’
Checking out 1.0.1 of package ‘Spoof-Detection-Fasnet-Apple’
Creating working copy of package ‘Spoof-Device-Detection-Ver-ID-3-Apple’
Checking out 1.0.2 of package ‘Spoof-Device-Detection-Ver-ID-3-Apple’
Creating working copy of package ‘Ver-ID-Common-Types-Apple’
Checking out 3.3.0 of package ‘Ver-ID-Common-Types-Apple’
Resolve Package Graph
Resolved source packages:
  FusionSpoofDetection: /Users/admin/builder/spi-builder-workspace
  FASnetSpoofDetection: https://github.com/AppliedRecognition/Spoof-Detection-Fasnet-Apple.git @ 1.0.1
  SpoofDeviceDetection: https://github.com/AppliedRecognition/Spoof-Device-Detection-Ver-ID-3-Apple.git @ 1.0.2
  VerIDCommonTypes: https://github.com/AppliedRecognition/Ver-ID-Common-Types-Apple.git @ 3.3.0
resolved source packages: FusionSpoofDetection, FASnetSpoofDetection, SpoofDeviceDetection, VerIDCommonTypes
2026-09-23 04:46:19.345 xcodebuild[529:3057] [MT] IDERunDestination: Supported platforms for the buildables in the current scheme is empty.
{
  "dependencies" : [
    {
      "identity" : "spoof-device-detection-ver-id-3-apple",
      "requirement" : {
        "range" : [
          {
            "lower_bound" : "1.0.2",
            "upper_bound" : "2.0.0"
          }
        ]
      },
      "type" : "sourceControl",
      "url" : "https://github.com/AppliedRecognition/Spoof-Device-Detection-Ver-ID-3-Apple.git"
    },
    {
      "identity" : "spoof-detection-fasnet-apple",
      "requirement" : {
        "range" : [
          {
            "lower_bound" : "1.0.1",
            "upper_bound" : "2.0.0"
          }
        ]
      },
      "type" : "sourceControl",
      "url" : "https://github.com/AppliedRecognition/Spoof-Detection-Fasnet-Apple.git"
    }
  ],
  "manifest_display_name" : "FusionSpoofDetection",
  "name" : "FusionSpoofDetection",
  "path" : "/Users/admin/builder/spi-builder-workspace",
  "platforms" : [
    {
      "name" : "ios",
      "version" : "13.0"
    }
  ],
  "products" : [
    {
      "name" : "FusionSpoofDetection",
      "targets" : [
        "FusionSpoofDetection"
      ],
      "type" : {
        "library" : [
          "automatic"
        ]
      }
    }
  ],
  "targets" : [
    {
      "c99name" : "FusionSpoofDetectionTests",
      "module_type" : "SwiftTarget",
      "name" : "FusionSpoofDetectionTests",
      "path" : "Tests/FusionSpoofDetectionTests",
      "resources" : [
        {
          "path" : "/Users/admin/builder/spi-builder-workspace/Tests/FusionSpoofDetectionTests/Resources/config.json",
          "rule" : {
            "process" : {
            }
          }
        },
        {
          "path" : "/Users/admin/builder/spi-builder-workspace/Tests/FusionSpoofDetectionTests/Resources/face_on_iPad_001.jpg",
          "rule" : {
            "process" : {
            }
          }
        }
      ],
      "sources" : [
        "FusionSpoofDetectionTests.swift"
      ],
      "target_dependencies" : [
        "FusionSpoofDetection"
      ],
      "type" : "test"
    },
    {
      "c99name" : "FusionSpoofDetection",
      "module_type" : "SwiftTarget",
      "name" : "FusionSpoofDetection",
      "path" : "Sources/FusionSpoofDetection",
      "product_dependencies" : [
        "SpoofDeviceDetectionCore",
        "FASnetSpoofDetectionCore"
      ],
      "product_memberships" : [
        "FusionSpoofDetection"
      ],
      "sources" : [
        "Errors.swift",
        "FusionSpoofDetection.swift"
      ],
      "type" : "library"
    }
  ],
  "tools_version" : "5.9"
}
{
  "workspace" : {
    "name" : "FusionSpoofDetection",
    "schemes" : [
      "FusionSpoofDetection"
    ]
  }
}
2026-09-23 04:46:51.559 xcodebuild[759:4534] [MT] IDERunDestination: Supported platforms for the buildables in the current scheme is empty.
Running build ...
env DEVELOPER_DIR=/Applications/Xcode-27.0.0-Release.Candidate.app xcrun xcodebuild -IDEClonedSourcePackagesDirPathOverride=$PWD/.dependencies -skipMacroValidation -skipPackagePluginValidation -derivedDataPath $PWD/.derivedData build -scheme FusionSpoofDetection -destination platform=macOS,arch=arm64
Command line invocation:
    /Applications/Xcode-27.0.0-Release.Candidate.app/Contents/Developer/usr/bin/xcodebuild -IDEClonedSourcePackagesDirPathOverride=/Users/admin/builder/spi-builder-workspace/.dependencies -skipMacroValidation -skipPackagePluginValidation -derivedDataPath /Users/admin/builder/spi-builder-workspace/.derivedData build -scheme FusionSpoofDetection -destination platform=macOS,arch=arm64
Resolve Package Graph
Resolve Package Graph
Resolved source packages:
  FASnetSpoofDetection: https://github.com/AppliedRecognition/Spoof-Detection-Fasnet-Apple.git @ 1.0.1
  FusionSpoofDetection: /Users/admin/builder/spi-builder-workspace
  VerIDCommonTypes: https://github.com/AppliedRecognition/Ver-ID-Common-Types-Apple.git @ 3.3.0
  SpoofDeviceDetection: https://github.com/AppliedRecognition/Spoof-Device-Detection-Ver-ID-3-Apple.git @ 1.0.2
ComputePackagePrebuildTargetDependencyGraph
Prepare packages
CreateBuildRequest
SendProjectDescription
CreateBuildOperation
ComputeTargetDependencyGraph
note: Building targets in dependency order
note: Target dependency graph (8 targets)
    Target 'FusionSpoofDetection-product' in project 'FusionSpoofDetection'
        ➜ Explicit dependency on target 'FusionSpoofDetection' in project 'FusionSpoofDetection'
        ➜ Explicit dependency on target 'SpoofDeviceDetectionCore-product' in project 'SpoofDeviceDetection'
        ➜ Explicit dependency on target 'FASnetSpoofDetectionCore-product' in project 'FASnetSpoofDetection'
    Target 'FusionSpoofDetection' in project 'FusionSpoofDetection'
        ➜ Explicit dependency on target 'SpoofDeviceDetectionCore-product' in project 'SpoofDeviceDetection'
        ➜ Explicit dependency on target 'FASnetSpoofDetectionCore-product' in project 'FASnetSpoofDetection'
    Target 'FASnetSpoofDetectionCore-product' in project 'FASnetSpoofDetection'
        ➜ Explicit dependency on target 'FASnetSpoofDetectionCore' in project 'FASnetSpoofDetection'
        ➜ Explicit dependency on target 'VerIDCommonTypes-product' in project 'VerIDCommonTypes'
    Target 'FASnetSpoofDetectionCore' in project 'FASnetSpoofDetection'
        ➜ Explicit dependency on target 'VerIDCommonTypes-product' in project 'VerIDCommonTypes'
    Target 'SpoofDeviceDetectionCore-product' in project 'SpoofDeviceDetection'
        ➜ Explicit dependency on target 'SpoofDeviceDetectionCore' in project 'SpoofDeviceDetection'
        ➜ Explicit dependency on target 'VerIDCommonTypes-product' in project 'VerIDCommonTypes'
    Target 'SpoofDeviceDetectionCore' in project 'SpoofDeviceDetection'
        ➜ Explicit dependency on target 'VerIDCommonTypes-product' in project 'VerIDCommonTypes'
    Target 'VerIDCommonTypes-product' in project 'VerIDCommonTypes'
        ➜ Explicit dependency on target 'VerIDCommonTypes' in project 'VerIDCommonTypes'
    Target 'VerIDCommonTypes' in project 'VerIDCommonTypes' (no dependencies)
GatherProvisioningInputs
CreateBuildDescription
ExecuteExternalTool /Applications/Xcode-27.0.0-Release.Candidate.app/Contents/Developer/Toolchains/XcodeDefault.xctoolchain/usr/bin/swiftc --version
ExecuteExternalTool /Applications/Xcode-27.0.0-Release.Candidate.app/Contents/Developer/Toolchains/XcodeDefault.xctoolchain/usr/bin/clang -v -E -dM -isysroot /Applications/Xcode-27.0.0-Release.Candidate.app/Contents/Developer/Platforms/MacOSX.platform/Developer/SDKs/MacOSX27.0.sdk -x c -c /dev/null
ExecuteExternalTool /Applications/Xcode-27.0.0-Release.Candidate.app/Contents/Developer/Toolchains/XcodeDefault.xctoolchain/usr/bin/ld -version_details
ReadFileContents /Applications/Xcode-27.0.0-Release.Candidate.app/Contents/Developer/Toolchains/XcodeDefault.xctoolchain/usr/share/docc/features.json
Build description signature: fcbdad91e16ac07ed120794a75ea7f67
Build description path: /Users/admin/builder/spi-builder-workspace/.derivedData/Build/Intermediates.noindex/XCBuildData/fcbdad91e16ac07ed120794a75ea7f67.xcbuilddata
CreateBuildDirectory /Users/admin/builder/spi-builder-workspace/.derivedData/SDKExplicitPrecompiledModules
    cd /Users/admin/builder/spi-builder-workspace/.swiftpm/xcode
    builtin-create-build-directory /Users/admin/builder/spi-builder-workspace/.derivedData/SDKExplicitPrecompiledModules
CreateBuildDirectory /Users/admin/builder/spi-builder-workspace/.derivedData/ModuleCache.noindex
    cd /Users/admin/builder/spi-builder-workspace/.swiftpm/xcode
    builtin-create-build-directory /Users/admin/builder/spi-builder-workspace/.derivedData/ModuleCache.noindex
CreateBuildDirectory /Users/admin/builder/spi-builder-workspace/.derivedData/CompilationCache.noindex
    cd /Users/admin/builder/spi-builder-workspace/.swiftpm/xcode
    builtin-create-build-directory /Users/admin/builder/spi-builder-workspace/.derivedData/CompilationCache.noindex
CreateBuildDirectory /Users/admin/builder/spi-builder-workspace/.derivedData/Build/Products
    cd /Users/admin/builder/spi-builder-workspace/.swiftpm/xcode
    builtin-create-build-directory /Users/admin/builder/spi-builder-workspace/.derivedData/Build/Products
CreateBuildDirectory /Users/admin/builder/spi-builder-workspace/.derivedData/Build/Intermediates.noindex
    cd /Users/admin/builder/spi-builder-workspace/.swiftpm/xcode
    builtin-create-build-directory /Users/admin/builder/spi-builder-workspace/.derivedData/Build/Intermediates.noindex
ClangStatCache /Applications/Xcode-27.0.0-Release.Candidate.app/Contents/Developer/Toolchains/XcodeDefault.xctoolchain/usr/bin/clang-stat-cache /Applications/Xcode-27.0.0-Release.Candidate.app/Contents/Developer/Platforms/MacOSX.platform/Developer/SDKs/MacOSX27.0.sdk /Users/admin/builder/spi-builder-workspace/.derivedData/SDKStatCaches.noindex/macosx27.0-26A425-e829b21a6f8c9b70876ba0858053c0446a22442a12e9d48fe1a705f55a1adfc4.sdkstatcache
    cd /Users/admin/builder/spi-builder-workspace/.swiftpm/xcode
    /Applications/Xcode-27.0.0-Release.Candidate.app/Contents/Developer/Toolchains/XcodeDefault.xctoolchain/usr/bin/clang-stat-cache /Applications/Xcode-27.0.0-Release.Candidate.app/Contents/Developer/Platforms/MacOSX.platform/Developer/SDKs/MacOSX27.0.sdk -o /Users/admin/builder/spi-builder-workspace/.derivedData/SDKStatCaches.noindex/macosx27.0-26A425-e829b21a6f8c9b70876ba0858053c0446a22442a12e9d48fe1a705f55a1adfc4.sdkstatcache
CreateBuildDirectory /Users/admin/builder/spi-builder-workspace/.derivedData/Build/Intermediates.noindex/SwiftExplicitPrecompiledModules
    cd /Users/admin/builder/spi-builder-workspace/.swiftpm/xcode
    builtin-create-build-directory /Users/admin/builder/spi-builder-workspace/.derivedData/Build/Intermediates.noindex/SwiftExplicitPrecompiledModules
CreateBuildDirectory /Users/admin/builder/spi-builder-workspace/.derivedData/Build/Intermediates.noindex/PrecompiledHeaders
    cd /Users/admin/builder/spi-builder-workspace/.swiftpm/xcode
    builtin-create-build-directory /Users/admin/builder/spi-builder-workspace/.derivedData/Build/Intermediates.noindex/PrecompiledHeaders
CreateBuildDirectory /Users/admin/builder/spi-builder-workspace/.derivedData/Build/Intermediates.noindex/ExplicitPrecompiledModules
    cd /Users/admin/builder/spi-builder-workspace/.swiftpm/xcode
    builtin-create-build-directory /Users/admin/builder/spi-builder-workspace/.derivedData/Build/Intermediates.noindex/ExplicitPrecompiledModules
CreateBuildDirectory /Users/admin/builder/spi-builder-workspace/.derivedData/Build/Intermediates.noindex/EagerLinkingTBDs/Debug
    cd /Users/admin/builder/spi-builder-workspace/.swiftpm/xcode
    builtin-create-build-directory /Users/admin/builder/spi-builder-workspace/.derivedData/Build/Intermediates.noindex/EagerLinkingTBDs/Debug
CreateBuildDirectory /Users/admin/builder/spi-builder-workspace/.derivedData/Build/Products/Debug
    cd /Users/admin/builder/spi-builder-workspace/.swiftpm/xcode
    builtin-create-build-directory /Users/admin/builder/spi-builder-workspace/.derivedData/Build/Products/Debug
CreateBuildDirectory /Users/admin/builder/spi-builder-workspace/.derivedData/Build/Products/Debug/PackageFrameworks
    cd /Users/admin/builder/spi-builder-workspace/.swiftpm/xcode
    builtin-create-build-directory /Users/admin/builder/spi-builder-workspace/.derivedData/Build/Products/Debug/PackageFrameworks
WriteAuxiliaryFile /Users/admin/builder/spi-builder-workspace/.derivedData/Build/Intermediates.noindex/SpoofDeviceDetection.build/Debug/SpoofDeviceDetectionCore-t.build/SpoofDeviceDetectionCore.modulemap (in target 'SpoofDeviceDetectionCore' from project 'SpoofDeviceDetection')
    cd /Users/admin/builder/spi-builder-workspace/.dependencies/checkouts/Spoof-Device-Detection-Ver-ID-3-Apple
    write-file /Users/admin/builder/spi-builder-workspace/.derivedData/Build/Intermediates.noindex/SpoofDeviceDetection.build/Debug/SpoofDeviceDetectionCore-t.build/SpoofDeviceDetectionCore.modulemap
WriteAuxiliaryFile /Users/admin/builder/spi-builder-workspace/.derivedData/Build/Intermediates.noindex/VerIDCommonTypes.build/Debug/VerIDCommonTypes-t.build/VerIDCommonTypes.DependencyStaticMetadataFileList (in target 'VerIDCommonTypes' from project 'VerIDCommonTypes')
    cd /Users/admin/builder/spi-builder-workspace/.dependencies/checkouts/Ver-ID-Common-Types-Apple
    write-file /Users/admin/builder/spi-builder-workspace/.derivedData/Build/Intermediates.noindex/VerIDCommonTypes.build/Debug/VerIDCommonTypes-t.build/VerIDCommonTypes.DependencyStaticMetadataFileList
WriteAuxiliaryFile /Users/admin/builder/spi-builder-workspace/.derivedData/Build/Intermediates.noindex/VerIDCommonTypes.build/Debug/VerIDCommonTypes-t.build/VerIDCommonTypes.modulemap (in target 'VerIDCommonTypes' from project 'VerIDCommonTypes')
    cd /Users/admin/builder/spi-builder-workspace/.dependencies/checkouts/Ver-ID-Common-Types-Apple
    write-file /Users/admin/builder/spi-builder-workspace/.derivedData/Build/Intermediates.noindex/VerIDCommonTypes.build/Debug/VerIDCommonTypes-t.build/VerIDCommonTypes.modulemap
WriteAuxiliaryFile /Users/admin/builder/spi-builder-workspace/.derivedData/Build/Intermediates.noindex/VerIDCommonTypes.build/Debug/VerIDCommonTypes-t.build/VerIDCommonTypes.DependencyMetadataFileList (in target 'VerIDCommonTypes' from project 'VerIDCommonTypes')
    cd /Users/admin/builder/spi-builder-workspace/.dependencies/checkouts/Ver-ID-Common-Types-Apple
    write-file /Users/admin/builder/spi-builder-workspace/.derivedData/Build/Intermediates.noindex/VerIDCommonTypes.build/Debug/VerIDCommonTypes-t.build/VerIDCommonTypes.DependencyMetadataFileList
WriteAuxiliaryFile /Users/admin/builder/spi-builder-workspace/.derivedData/Build/Intermediates.noindex/VerIDCommonTypes.build/Debug/VerIDCommonTypes-product-t.build/VerIDCommonTypes.DependencyStaticMetadataFileList (in target 'VerIDCommonTypes-product' from project 'VerIDCommonTypes')
    cd /Users/admin/builder/spi-builder-workspace/.dependencies/checkouts/Ver-ID-Common-Types-Apple
    write-file /Users/admin/builder/spi-builder-workspace/.derivedData/Build/Intermediates.noindex/VerIDCommonTypes.build/Debug/VerIDCommonTypes-product-t.build/VerIDCommonTypes.DependencyStaticMetadataFileList
WriteAuxiliaryFile /Users/admin/builder/spi-builder-workspace/.derivedData/Build/Intermediates.noindex/VerIDCommonTypes.build/Debug/VerIDCommonTypes-product-t.build/empty-VerIDCommonTypes.plist (in target 'VerIDCommonTypes-product' from project 'VerIDCommonTypes')
    cd /Users/admin/builder/spi-builder-workspace/.dependencies/checkouts/Ver-ID-Common-Types-Apple
    write-file /Users/admin/builder/spi-builder-workspace/.derivedData/Build/Intermediates.noindex/VerIDCommonTypes.build/Debug/VerIDCommonTypes-product-t.build/empty-VerIDCommonTypes.plist
WriteAuxiliaryFile /Users/admin/builder/spi-builder-workspace/.derivedData/Build/Intermediates.noindex/SpoofDeviceDetection.build/Debug/SpoofDeviceDetectionCore-t.build/Objects-normal/arm64/SpoofDeviceDetectionCore_const_extract_protocols.json (in target 'SpoofDeviceDetectionCore' from project 'SpoofDeviceDetection')
    cd /Users/admin/builder/spi-builder-workspace/.dependencies/checkouts/Spoof-Device-Detection-Ver-ID-3-Apple
    write-file /Users/admin/builder/spi-builder-workspace/.derivedData/Build/Intermediates.noindex/SpoofDeviceDetection.build/Debug/SpoofDeviceDetectionCore-t.build/Objects-normal/arm64/SpoofDeviceDetectionCore_const_extract_protocols.json
WriteAuxiliaryFile /Users/admin/builder/spi-builder-workspace/.derivedData/Build/Intermediates.noindex/SpoofDeviceDetection.build/Debug/SpoofDeviceDetectionCore-t.build/Objects-normal/arm64/SpoofDeviceDetectionCore-OutputFileMap.json (in target 'SpoofDeviceDetectionCore' from project 'SpoofDeviceDetection')
    cd /Users/admin/builder/spi-builder-workspace/.dependencies/checkouts/Spoof-Device-Detection-Ver-ID-3-Apple
    write-file /Users/admin/builder/spi-builder-workspace/.derivedData/Build/Intermediates.noindex/SpoofDeviceDetection.build/Debug/SpoofDeviceDetectionCore-t.build/Objects-normal/arm64/SpoofDeviceDetectionCore-OutputFileMap.json
WriteAuxiliaryFile /Users/admin/builder/spi-builder-workspace/.derivedData/Build/Intermediates.noindex/VerIDCommonTypes.build/Debug/VerIDCommonTypes-product-t.build/VerIDCommonTypes.DependencyMetadataFileList (in target 'VerIDCommonTypes-product' from project 'VerIDCommonTypes')
    cd /Users/admin/builder/spi-builder-workspace/.dependencies/checkouts/Ver-ID-Common-Types-Apple
    write-file /Users/admin/builder/spi-builder-workspace/.derivedData/Build/Intermediates.noindex/VerIDCommonTypes.build/Debug/VerIDCommonTypes-product-t.build/VerIDCommonTypes.DependencyMetadataFileList
WriteAuxiliaryFile /Users/admin/builder/spi-builder-workspace/.derivedData/Build/Intermediates.noindex/VerIDCommonTypes.build/Debug/VerIDCommonTypes-t.build/Objects-normal/arm64/VerIDCommonTypes_const_extract_protocols.json (in target 'VerIDCommonTypes' from project 'VerIDCommonTypes')
    cd /Users/admin/builder/spi-builder-workspace/.dependencies/checkouts/Ver-ID-Common-Types-Apple
    write-file /Users/admin/builder/spi-builder-workspace/.derivedData/Build/Intermediates.noindex/VerIDCommonTypes.build/Debug/VerIDCommonTypes-t.build/Objects-normal/arm64/VerIDCommonTypes_const_extract_protocols.json
WriteAuxiliaryFile /Users/admin/builder/spi-builder-workspace/.derivedData/Build/Intermediates.noindex/VerIDCommonTypes.build/Debug/VerIDCommonTypes-t.build/Objects-normal/arm64/VerIDCommonTypes.SwiftConstValuesFileList (in target 'VerIDCommonTypes' from project 'VerIDCommonTypes')
    cd /Users/admin/builder/spi-builder-workspace/.dependencies/checkouts/Ver-ID-Common-Types-Apple
    write-file /Users/admin/builder/spi-builder-workspace/.derivedData/Build/Intermediates.noindex/VerIDCommonTypes.build/Debug/VerIDCommonTypes-t.build/Objects-normal/arm64/VerIDCommonTypes.SwiftConstValuesFileList
WriteAuxiliaryFile /Users/admin/builder/spi-builder-workspace/.derivedData/Build/Intermediates.noindex/VerIDCommonTypes.build/Debug/VerIDCommonTypes-t.build/Objects-normal/arm64/VerIDCommonTypes.LinkFileList (in target 'VerIDCommonTypes' from project 'VerIDCommonTypes')
    cd /Users/admin/builder/spi-builder-workspace/.dependencies/checkouts/Ver-ID-Common-Types-Apple
    write-file /Users/admin/builder/spi-builder-workspace/.derivedData/Build/Intermediates.noindex/VerIDCommonTypes.build/Debug/VerIDCommonTypes-t.build/Objects-normal/arm64/VerIDCommonTypes.LinkFileList
WriteAuxiliaryFile /Users/admin/builder/spi-builder-workspace/.derivedData/Build/Intermediates.noindex/VerIDCommonTypes.build/Debug/VerIDCommonTypes-product-t.build/Objects-normal/arm64/VerIDCommonTypes.LinkFileList (in target 'VerIDCommonTypes-product' from project 'VerIDCommonTypes')
    cd /Users/admin/builder/spi-builder-workspace/.dependencies/checkouts/Ver-ID-Common-Types-Apple
    write-file /Users/admin/builder/spi-builder-workspace/.derivedData/Build/Intermediates.noindex/VerIDCommonTypes.build/Debug/VerIDCommonTypes-product-t.build/Objects-normal/arm64/VerIDCommonTypes.LinkFileList
WriteAuxiliaryFile /Users/admin/builder/spi-builder-workspace/.derivedData/Build/Intermediates.noindex/VerIDCommonTypes.build/Debug/VerIDCommonTypes-t.build/Objects-normal/arm64/VerIDCommonTypes.SwiftFileList (in target 'VerIDCommonTypes' from project 'VerIDCommonTypes')
    cd /Users/admin/builder/spi-builder-workspace/.dependencies/checkouts/Ver-ID-Common-Types-Apple
    write-file /Users/admin/builder/spi-builder-workspace/.derivedData/Build/Intermediates.noindex/VerIDCommonTypes.build/Debug/VerIDCommonTypes-t.build/Objects-normal/arm64/VerIDCommonTypes.SwiftFileList
WriteAuxiliaryFile /Users/admin/builder/spi-builder-workspace/.derivedData/Build/Intermediates.noindex/VerIDCommonTypes.build/Debug/VerIDCommonTypes-t.build/Objects-normal/arm64/VerIDCommonTypes-OutputFileMap.json (in target 'VerIDCommonTypes' from project 'VerIDCommonTypes')
    cd /Users/admin/builder/spi-builder-workspace/.dependencies/checkouts/Ver-ID-Common-Types-Apple
    write-file /Users/admin/builder/spi-builder-workspace/.derivedData/Build/Intermediates.noindex/VerIDCommonTypes.build/Debug/VerIDCommonTypes-t.build/Objects-normal/arm64/VerIDCommonTypes-OutputFileMap.json
WriteAuxiliaryFile /Users/admin/builder/spi-builder-workspace/.derivedData/Build/Intermediates.noindex/SpoofDeviceDetection.build/Debug/SpoofDeviceDetectionCore-t.build/SpoofDeviceDetectionCore.DependencyStaticMetadataFileList (in target 'SpoofDeviceDetectionCore' from project 'SpoofDeviceDetection')
    cd /Users/admin/builder/spi-builder-workspace/.dependencies/checkouts/Spoof-Device-Detection-Ver-ID-3-Apple
    write-file /Users/admin/builder/spi-builder-workspace/.derivedData/Build/Intermediates.noindex/SpoofDeviceDetection.build/Debug/SpoofDeviceDetectionCore-t.build/SpoofDeviceDetectionCore.DependencyStaticMetadataFileList
Copy /Users/admin/builder/spi-builder-workspace/.derivedData/Build/Intermediates.noindex/GeneratedModuleMaps/VerIDCommonTypes.modulemap /Users/admin/builder/spi-builder-workspace/.derivedData/Build/Intermediates.noindex/VerIDCommonTypes.build/Debug/VerIDCommonTypes-t.build/VerIDCommonTypes.modulemap (in target 'VerIDCommonTypes' from project 'VerIDCommonTypes')
    cd /Users/admin/builder/spi-builder-workspace/.dependencies/checkouts/Ver-ID-Common-Types-Apple
    builtin-copy -exclude .DS_Store -exclude CVS -exclude .svn -exclude .git -exclude .hg -resolve-src-symlinks /Users/admin/builder/spi-builder-workspace/.derivedData/Build/Intermediates.noindex/VerIDCommonTypes.build/Debug/VerIDCommonTypes-t.build/VerIDCommonTypes.modulemap /Users/admin/builder/spi-builder-workspace/.derivedData/Build/Intermediates.noindex/GeneratedModuleMaps
WriteAuxiliaryFile /Users/admin/builder/spi-builder-workspace/.derivedData/Build/Intermediates.noindex/SpoofDeviceDetection.build/Debug/SpoofDeviceDetectionCore-t.build/SpoofDeviceDetectionCore.DependencyMetadataFileList (in target 'SpoofDeviceDetectionCore' from project 'SpoofDeviceDetection')
    cd /Users/admin/builder/spi-builder-workspace/.dependencies/checkouts/Spoof-Device-Detection-Ver-ID-3-Apple
    write-file /Users/admin/builder/spi-builder-workspace/.derivedData/Build/Intermediates.noindex/SpoofDeviceDetection.build/Debug/SpoofDeviceDetectionCore-t.build/SpoofDeviceDetectionCore.DependencyMetadataFileList
WriteAuxiliaryFile /Users/admin/builder/spi-builder-workspace/.derivedData/Build/Intermediates.noindex/SpoofDeviceDetection.build/Debug/SpoofDeviceDetectionCore-t.build/Objects-normal/arm64/SpoofDeviceDetectionCore.SwiftConstValuesFileList (in target 'SpoofDeviceDetectionCore' from project 'SpoofDeviceDetection')
    cd /Users/admin/builder/spi-builder-workspace/.dependencies/checkouts/Spoof-Device-Detection-Ver-ID-3-Apple
    write-file /Users/admin/builder/spi-builder-workspace/.derivedData/Build/Intermediates.noindex/SpoofDeviceDetection.build/Debug/SpoofDeviceDetectionCore-t.build/Objects-normal/arm64/SpoofDeviceDetectionCore.SwiftConstValuesFileList
WriteAuxiliaryFile /Users/admin/builder/spi-builder-workspace/.derivedData/Build/Intermediates.noindex/SpoofDeviceDetection.build/Debug/SpoofDeviceDetectionCore-t.build/Objects-normal/arm64/SpoofDeviceDetectionCore.SwiftFileList (in target 'SpoofDeviceDetectionCore' from project 'SpoofDeviceDetection')
    cd /Users/admin/builder/spi-builder-workspace/.dependencies/checkouts/Spoof-Device-Detection-Ver-ID-3-Apple
    write-file /Users/admin/builder/spi-builder-workspace/.derivedData/Build/Intermediates.noindex/SpoofDeviceDetection.build/Debug/SpoofDeviceDetectionCore-t.build/Objects-normal/arm64/SpoofDeviceDetectionCore.SwiftFileList
WriteAuxiliaryFile /Users/admin/builder/spi-builder-workspace/.derivedData/Build/Intermediates.noindex/SpoofDeviceDetection.build/Debug/SpoofDeviceDetectionCore-t.build/Objects-normal/arm64/SpoofDeviceDetectionCore.LinkFileList (in target 'SpoofDeviceDetectionCore' from project 'SpoofDeviceDetection')
    cd /Users/admin/builder/spi-builder-workspace/.dependencies/checkouts/Spoof-Device-Detection-Ver-ID-3-Apple
    write-file /Users/admin/builder/spi-builder-workspace/.derivedData/Build/Intermediates.noindex/SpoofDeviceDetection.build/Debug/SpoofDeviceDetectionCore-t.build/Objects-normal/arm64/SpoofDeviceDetectionCore.LinkFileList
Copy /Users/admin/builder/spi-builder-workspace/.derivedData/Build/Intermediates.noindex/GeneratedModuleMaps/SpoofDeviceDetectionCore.modulemap /Users/admin/builder/spi-builder-workspace/.derivedData/Build/Intermediates.noindex/SpoofDeviceDetection.build/Debug/SpoofDeviceDetectionCore-t.build/SpoofDeviceDetectionCore.modulemap (in target 'SpoofDeviceDetectionCore' from project 'SpoofDeviceDetection')
    cd /Users/admin/builder/spi-builder-workspace/.dependencies/checkouts/Spoof-Device-Detection-Ver-ID-3-Apple
    builtin-copy -exclude .DS_Store -exclude CVS -exclude .svn -exclude .git -exclude .hg -resolve-src-symlinks /Users/admin/builder/spi-builder-workspace/.derivedData/Build/Intermediates.noindex/SpoofDeviceDetection.build/Debug/SpoofDeviceDetectionCore-t.build/SpoofDeviceDetectionCore.modulemap /Users/admin/builder/spi-builder-workspace/.derivedData/Build/Intermediates.noindex/GeneratedModuleMaps
WriteAuxiliaryFile /Users/admin/builder/spi-builder-workspace/.derivedData/Build/Intermediates.noindex/FusionSpoofDetection.build/Debug/FusionSpoofDetection-t.build/Objects-normal/arm64/FusionSpoofDetection_const_extract_protocols.json (in target 'FusionSpoofDetection' from project 'FusionSpoofDetection')
    cd /Users/admin/builder/spi-builder-workspace
    write-file /Users/admin/builder/spi-builder-workspace/.derivedData/Build/Intermediates.noindex/FusionSpoofDetection.build/Debug/FusionSpoofDetection-t.build/Objects-normal/arm64/FusionSpoofDetection_const_extract_protocols.json
WriteAuxiliaryFile /Users/admin/builder/spi-builder-workspace/.derivedData/Build/Intermediates.noindex/FusionSpoofDetection.build/Debug/FusionSpoofDetection-t.build/Objects-normal/arm64/FusionSpoofDetection.SwiftFileList (in target 'FusionSpoofDetection' from project 'FusionSpoofDetection')
    cd /Users/admin/builder/spi-builder-workspace
    write-file /Users/admin/builder/spi-builder-workspace/.derivedData/Build/Intermediates.noindex/FusionSpoofDetection.build/Debug/FusionSpoofDetection-t.build/Objects-normal/arm64/FusionSpoofDetection.SwiftFileList
WriteAuxiliaryFile /Users/admin/builder/spi-builder-workspace/.derivedData/Build/Intermediates.noindex/FusionSpoofDetection.build/Debug/FusionSpoofDetection-t.build/Objects-normal/arm64/FusionSpoofDetection.SwiftConstValuesFileList (in target 'FusionSpoofDetection' from project 'FusionSpoofDetection')
    cd /Users/admin/builder/spi-builder-workspace
    write-file /Users/admin/builder/spi-builder-workspace/.derivedData/Build/Intermediates.noindex/FusionSpoofDetection.build/Debug/FusionSpoofDetection-t.build/Objects-normal/arm64/FusionSpoofDetection.SwiftConstValuesFileList
WriteAuxiliaryFile /Users/admin/builder/spi-builder-workspace/.derivedData/Build/Intermediates.noindex/FusionSpoofDetection.build/Debug/FusionSpoofDetection-t.build/Objects-normal/arm64/FusionSpoofDetection.LinkFileList (in target 'FusionSpoofDetection' from project 'FusionSpoofDetection')
    cd /Users/admin/builder/spi-builder-workspace
    write-file /Users/admin/builder/spi-builder-workspace/.derivedData/Build/Intermediates.noindex/FusionSpoofDetection.build/Debug/FusionSpoofDetection-t.build/Objects-normal/arm64/FusionSpoofDetection.LinkFileList
WriteAuxiliaryFile /Users/admin/builder/spi-builder-workspace/.derivedData/Build/Intermediates.noindex/FusionSpoofDetection.build/Debug/FusionSpoofDetection-t.build/Objects-normal/arm64/FusionSpoofDetection-OutputFileMap.json (in target 'FusionSpoofDetection' from project 'FusionSpoofDetection')
    cd /Users/admin/builder/spi-builder-workspace
    write-file /Users/admin/builder/spi-builder-workspace/.derivedData/Build/Intermediates.noindex/FusionSpoofDetection.build/Debug/FusionSpoofDetection-t.build/Objects-normal/arm64/FusionSpoofDetection-OutputFileMap.json
WriteAuxiliaryFile /Users/admin/builder/spi-builder-workspace/.derivedData/Build/Intermediates.noindex/FusionSpoofDetection.build/Debug/FusionSpoofDetection-t.build/FusionSpoofDetection.modulemap (in target 'FusionSpoofDetection' from project 'FusionSpoofDetection')
    cd /Users/admin/builder/spi-builder-workspace
    write-file /Users/admin/builder/spi-builder-workspace/.derivedData/Build/Intermediates.noindex/FusionSpoofDetection.build/Debug/FusionSpoofDetection-t.build/FusionSpoofDetection.modulemap
WriteAuxiliaryFile /Users/admin/builder/spi-builder-workspace/.derivedData/Build/Intermediates.noindex/FusionSpoofDetection.build/Debug/FusionSpoofDetection-t.build/FusionSpoofDetection.DependencyStaticMetadataFileList (in target 'FusionSpoofDetection' from project 'FusionSpoofDetection')
    cd /Users/admin/builder/spi-builder-workspace
    write-file /Users/admin/builder/spi-builder-workspace/.derivedData/Build/Intermediates.noindex/FusionSpoofDetection.build/Debug/FusionSpoofDetection-t.build/FusionSpoofDetection.DependencyStaticMetadataFileList
WriteAuxiliaryFile /Users/admin/builder/spi-builder-workspace/.derivedData/Build/Intermediates.noindex/FusionSpoofDetection.build/Debug/FusionSpoofDetection-t.build/FusionSpoofDetection.DependencyMetadataFileList (in target 'FusionSpoofDetection' from project 'FusionSpoofDetection')
    cd /Users/admin/builder/spi-builder-workspace
    write-file /Users/admin/builder/spi-builder-workspace/.derivedData/Build/Intermediates.noindex/FusionSpoofDetection.build/Debug/FusionSpoofDetection-t.build/FusionSpoofDetection.DependencyMetadataFileList
WriteAuxiliaryFile /Users/admin/builder/spi-builder-workspace/.derivedData/Build/Intermediates.noindex/FASnetSpoofDetection.build/Debug/FASnetSpoofDetectionCore-t.build/Objects-normal/arm64/FASnetSpoofDetectionCore.SwiftConstValuesFileList (in target 'FASnetSpoofDetectionCore' from project 'FASnetSpoofDetection')
    cd /Users/admin/builder/spi-builder-workspace/.dependencies/checkouts/Spoof-Detection-Fasnet-Apple
    write-file /Users/admin/builder/spi-builder-workspace/.derivedData/Build/Intermediates.noindex/FASnetSpoofDetection.build/Debug/FASnetSpoofDetectionCore-t.build/Objects-normal/arm64/FASnetSpoofDetectionCore.SwiftConstValuesFileList
WriteAuxiliaryFile /Users/admin/builder/spi-builder-workspace/.derivedData/Build/Intermediates.noindex/FASnetSpoofDetection.build/Debug/FASnetSpoofDetectionCore-t.build/Objects-normal/arm64/FASnetSpoofDetectionCore.LinkFileList (in target 'FASnetSpoofDetectionCore' from project 'FASnetSpoofDetection')
    cd /Users/admin/builder/spi-builder-workspace/.dependencies/checkouts/Spoof-Detection-Fasnet-Apple
    write-file /Users/admin/builder/spi-builder-workspace/.derivedData/Build/Intermediates.noindex/FASnetSpoofDetection.build/Debug/FASnetSpoofDetectionCore-t.build/Objects-normal/arm64/FASnetSpoofDetectionCore.LinkFileList
WriteAuxiliaryFile /Users/admin/builder/spi-builder-workspace/.derivedData/Build/Intermediates.noindex/FASnetSpoofDetection.build/Debug/FASnetSpoofDetectionCore-t.build/Objects-normal/arm64/FASnetSpoofDetectionCore.SwiftFileList (in target 'FASnetSpoofDetectionCore' from project 'FASnetSpoofDetection')
    cd /Users/admin/builder/spi-builder-workspace/.dependencies/checkouts/Spoof-Detection-Fasnet-Apple
    write-file /Users/admin/builder/spi-builder-workspace/.derivedData/Build/Intermediates.noindex/FASnetSpoofDetection.build/Debug/FASnetSpoofDetectionCore-t.build/Objects-normal/arm64/FASnetSpoofDetectionCore.SwiftFileList
WriteAuxiliaryFile /Users/admin/builder/spi-builder-workspace/.derivedData/Build/Intermediates.noindex/FASnetSpoofDetection.build/Debug/FASnetSpoofDetectionCore-t.build/Objects-normal/arm64/FASnetSpoofDetectionCore_const_extract_protocols.json (in target 'FASnetSpoofDetectionCore' from project 'FASnetSpoofDetection')
    cd /Users/admin/builder/spi-builder-workspace/.dependencies/checkouts/Spoof-Detection-Fasnet-Apple
    write-file /Users/admin/builder/spi-builder-workspace/.derivedData/Build/Intermediates.noindex/FASnetSpoofDetection.build/Debug/FASnetSpoofDetectionCore-t.build/Objects-normal/arm64/FASnetSpoofDetectionCore_const_extract_protocols.json
WriteAuxiliaryFile /Users/admin/builder/spi-builder-workspace/.derivedData/Build/Intermediates.noindex/FASnetSpoofDetection.build/Debug/FASnetSpoofDetectionCore-t.build/Objects-normal/arm64/FASnetSpoofDetectionCore-OutputFileMap.json (in target 'FASnetSpoofDetectionCore' from project 'FASnetSpoofDetection')
    cd /Users/admin/builder/spi-builder-workspace/.dependencies/checkouts/Spoof-Detection-Fasnet-Apple
    write-file /Users/admin/builder/spi-builder-workspace/.derivedData/Build/Intermediates.noindex/FASnetSpoofDetection.build/Debug/FASnetSpoofDetectionCore-t.build/Objects-normal/arm64/FASnetSpoofDetectionCore-OutputFileMap.json
WriteAuxiliaryFile /Users/admin/builder/spi-builder-workspace/.derivedData/Build/Intermediates.noindex/FASnetSpoofDetection.build/Debug/FASnetSpoofDetectionCore-t.build/FASnetSpoofDetectionCore.modulemap (in target 'FASnetSpoofDetectionCore' from project 'FASnetSpoofDetection')
    cd /Users/admin/builder/spi-builder-workspace/.dependencies/checkouts/Spoof-Detection-Fasnet-Apple
    write-file /Users/admin/builder/spi-builder-workspace/.derivedData/Build/Intermediates.noindex/FASnetSpoofDetection.build/Debug/FASnetSpoofDetectionCore-t.build/FASnetSpoofDetectionCore.modulemap
WriteAuxiliaryFile /Users/admin/builder/spi-builder-workspace/.derivedData/Build/Intermediates.noindex/FASnetSpoofDetection.build/Debug/FASnetSpoofDetectionCore-t.build/FASnetSpoofDetectionCore.DependencyStaticMetadataFileList (in target 'FASnetSpoofDetectionCore' from project 'FASnetSpoofDetection')
    cd /Users/admin/builder/spi-builder-workspace/.dependencies/checkouts/Spoof-Detection-Fasnet-Apple
    write-file /Users/admin/builder/spi-builder-workspace/.derivedData/Build/Intermediates.noindex/FASnetSpoofDetection.build/Debug/FASnetSpoofDetectionCore-t.build/FASnetSpoofDetectionCore.DependencyStaticMetadataFileList
WriteAuxiliaryFile /Users/admin/builder/spi-builder-workspace/.derivedData/Build/Intermediates.noindex/FASnetSpoofDetection.build/Debug/FASnetSpoofDetectionCore-t.build/FASnetSpoofDetectionCore.DependencyMetadataFileList (in target 'FASnetSpoofDetectionCore' from project 'FASnetSpoofDetection')
    cd /Users/admin/builder/spi-builder-workspace/.dependencies/checkouts/Spoof-Detection-Fasnet-Apple
    write-file /Users/admin/builder/spi-builder-workspace/.derivedData/Build/Intermediates.noindex/FASnetSpoofDetection.build/Debug/FASnetSpoofDetectionCore-t.build/FASnetSpoofDetectionCore.DependencyMetadataFileList
Copy /Users/admin/builder/spi-builder-workspace/.derivedData/Build/Intermediates.noindex/GeneratedModuleMaps/FusionSpoofDetection.modulemap /Users/admin/builder/spi-builder-workspace/.derivedData/Build/Intermediates.noindex/FusionSpoofDetection.build/Debug/FusionSpoofDetection-t.build/FusionSpoofDetection.modulemap (in target 'FusionSpoofDetection' from project 'FusionSpoofDetection')
    cd /Users/admin/builder/spi-builder-workspace
    builtin-copy -exclude .DS_Store -exclude CVS -exclude .svn -exclude .git -exclude .hg -resolve-src-symlinks /Users/admin/builder/spi-builder-workspace/.derivedData/Build/Intermediates.noindex/FusionSpoofDetection.build/Debug/FusionSpoofDetection-t.build/FusionSpoofDetection.modulemap /Users/admin/builder/spi-builder-workspace/.derivedData/Build/Intermediates.noindex/GeneratedModuleMaps
SymLink /Users/admin/builder/spi-builder-workspace/.derivedData/Build/Products/Debug/PackageFrameworks/VerIDCommonTypes.framework/Resources Versions/Current/Resources (in target 'VerIDCommonTypes-product' from project 'VerIDCommonTypes')
    cd /Users/admin/builder/spi-builder-workspace/.dependencies/checkouts/Ver-ID-Common-Types-Apple
    /bin/ln -sfh Versions/Current/Resources /Users/admin/builder/spi-builder-workspace/.derivedData/Build/Products/Debug/PackageFrameworks/VerIDCommonTypes.framework/Resources
SymLink /Users/admin/builder/spi-builder-workspace/.derivedData/Build/Products/Debug/PackageFrameworks/VerIDCommonTypes.framework/VerIDCommonTypes Versions/Current/VerIDCommonTypes (in target 'VerIDCommonTypes-product' from project 'VerIDCommonTypes')
    cd /Users/admin/builder/spi-builder-workspace/.dependencies/checkouts/Ver-ID-Common-Types-Apple
    /bin/ln -sfh Versions/Current/VerIDCommonTypes /Users/admin/builder/spi-builder-workspace/.derivedData/Build/Products/Debug/PackageFrameworks/VerIDCommonTypes.framework/VerIDCommonTypes
SymLink /Users/admin/builder/spi-builder-workspace/.derivedData/Build/Products/Debug/PackageFrameworks/VerIDCommonTypes.framework/Versions/Current A (in target 'VerIDCommonTypes-product' from project 'VerIDCommonTypes')
    cd /Users/admin/builder/spi-builder-workspace/.dependencies/checkouts/Ver-ID-Common-Types-Apple
    /bin/ln -sfh A /Users/admin/builder/spi-builder-workspace/.derivedData/Build/Products/Debug/PackageFrameworks/VerIDCommonTypes.framework/Versions/Current
MkDir /Users/admin/builder/spi-builder-workspace/.derivedData/Build/Products/Debug/PackageFrameworks/VerIDCommonTypes.framework/Versions/A (in target 'VerIDCommonTypes-product' from project 'VerIDCommonTypes')
    cd /Users/admin/builder/spi-builder-workspace/.dependencies/checkouts/Ver-ID-Common-Types-Apple
    /bin/mkdir -p /Users/admin/builder/spi-builder-workspace/.derivedData/Build/Products/Debug/PackageFrameworks/VerIDCommonTypes.framework/Versions/A
MkDir /Users/admin/builder/spi-builder-workspace/.derivedData/Build/Products/Debug/PackageFrameworks/VerIDCommonTypes.framework/Versions/A/Resources (in target 'VerIDCommonTypes-product' from project 'VerIDCommonTypes')
    cd /Users/admin/builder/spi-builder-workspace/.dependencies/checkouts/Ver-ID-Common-Types-Apple
    /bin/mkdir -p /Users/admin/builder/spi-builder-workspace/.derivedData/Build/Products/Debug/PackageFrameworks/VerIDCommonTypes.framework/Versions/A/Resources
MkDir /Users/admin/builder/spi-builder-workspace/.derivedData/Build/Products/Debug/PackageFrameworks/VerIDCommonTypes.framework/Versions (in target 'VerIDCommonTypes-product' from project 'VerIDCommonTypes')
    cd /Users/admin/builder/spi-builder-workspace/.dependencies/checkouts/Ver-ID-Common-Types-Apple
    /bin/mkdir -p /Users/admin/builder/spi-builder-workspace/.derivedData/Build/Products/Debug/PackageFrameworks/VerIDCommonTypes.framework/Versions
MkDir /Users/admin/builder/spi-builder-workspace/.derivedData/Build/Products/Debug/PackageFrameworks/VerIDCommonTypes.framework (in target 'VerIDCommonTypes-product' from project 'VerIDCommonTypes')
    cd /Users/admin/builder/spi-builder-workspace/.dependencies/checkouts/Ver-ID-Common-Types-Apple
    /bin/mkdir -p /Users/admin/builder/spi-builder-workspace/.derivedData/Build/Products/Debug/PackageFrameworks/VerIDCommonTypes.framework
Copy /Users/admin/builder/spi-builder-workspace/.derivedData/Build/Intermediates.noindex/GeneratedModuleMaps/FASnetSpoofDetectionCore.modulemap /Users/admin/builder/spi-builder-workspace/.derivedData/Build/Intermediates.noindex/FASnetSpoofDetection.build/Debug/FASnetSpoofDetectionCore-t.build/FASnetSpoofDetectionCore.modulemap (in target 'FASnetSpoofDetectionCore' from project 'FASnetSpoofDetection')
    cd /Users/admin/builder/spi-builder-workspace/.dependencies/checkouts/Spoof-Detection-Fasnet-Apple
    builtin-copy -exclude .DS_Store -exclude CVS -exclude .svn -exclude .git -exclude .hg -resolve-src-symlinks /Users/admin/builder/spi-builder-workspace/.derivedData/Build/Intermediates.noindex/FASnetSpoofDetection.build/Debug/FASnetSpoofDetectionCore-t.build/FASnetSpoofDetectionCore.modulemap /Users/admin/builder/spi-builder-workspace/.derivedData/Build/Intermediates.noindex/GeneratedModuleMaps
SwiftDriver VerIDCommonTypes normal arm64 com.apple.xcode.tools.swift.compiler (in target 'VerIDCommonTypes' from project 'VerIDCommonTypes')
    cd /Users/admin/builder/spi-builder-workspace/.swiftpm/xcode
    builtin-SwiftDriver -- /Applications/Xcode-27.0.0-Release.Candidate.app/Contents/Developer/Toolchains/XcodeDefault.xctoolchain/usr/bin/swiftc -parse-as-library -module-name VerIDCommonTypes -Onone @/Users/admin/builder/spi-builder-workspace/.derivedData/Build/Intermediates.noindex/VerIDCommonTypes.build/Debug/VerIDCommonTypes-t.build/Objects-normal/arm64/VerIDCommonTypes.SwiftFileList -DSWIFT_PACKAGE -DDEBUG -DSWIFT_MODULE_RESOURCE_BUNDLE_UNAVAILABLE -DXcode -plugin-path /Applications/Xcode-27.0.0-Release.Candidate.app/Contents/Developer/Toolchains/XcodeDefault.xctoolchain/usr/lib/swift/host/plugins/testing -enable-experimental-feature DebugDescriptionMacro -sdk /Applications/Xcode-27.0.0-Release.Candidate.app/Contents/Developer/Platforms/MacOSX.platform/Developer/SDKs/MacOSX27.0.sdk -target arm64-apple-macos12.0 -g -module-cache-path /Users/admin/builder/spi-builder-workspace/.derivedData/ModuleCache.noindex -Xfrontend -serialize-debugging-options -profile-coverage-mapping -profile-generate -enable-testing -suppress-warnings -index-store-path /Users/admin/builder/spi-builder-workspace/.derivedData/Index.noindex/DataStore -Xcc -D_LIBCPP_HARDENING_MODE\=_LIBCPP_HARDENING_MODE_DEBUG -swift-version 5 -I /Users/admin/builder/spi-builder-workspace/.derivedData/Build/Products/Debug -Isystem /Applications/Xcode-27.0.0-Release.Candidate.app/Contents/Developer/Platforms/MacOSX.platform/Developer/usr/lib -F /Users/admin/builder/spi-builder-workspace/.derivedData/Build/Products/Debug -F /Applications/Xcode-27.0.0-Release.Candidate.app/Contents/Developer/Platforms/MacOSX.platform/Developer/Library/Frameworks -c -j10 -enable-batch-mode -incremental -Xcc -ivfsstatcache -Xcc /Users/admin/builder/spi-builder-workspace/.derivedData/SDKStatCaches.noindex/macosx27.0-26A425-e829b21a6f8c9b70876ba0858053c0446a22442a12e9d48fe1a705f55a1adfc4.sdkstatcache -output-file-map /Users/admin/builder/spi-builder-workspace/.derivedData/Build/Intermediates.noindex/VerIDCommonTypes.build/Debug/VerIDCommonTypes-t.build/Objects-normal/arm64/VerIDCommonTypes-OutputFileMap.json -save-temps -no-color-diagnostics -explicit-module-build -module-cache-path /Users/admin/builder/spi-builder-workspace/.derivedData/Build/Intermediates.noindex/SwiftExplicitPrecompiledModules -clang-scanner-module-cache-path /Users/admin/builder/spi-builder-workspace/.derivedData/ModuleCache.noindex -sdk-module-cache-path /Users/admin/builder/spi-builder-workspace/.derivedData/SDKExplicitPrecompiledModules -emit-dependencies -emit-module -emit-module-path /Users/admin/builder/spi-builder-workspace/.derivedData/Build/Intermediates.noindex/VerIDCommonTypes.build/Debug/VerIDCommonTypes-t.build/Objects-normal/arm64/VerIDCommonTypes.swiftmodule -serialize-diagnostics -dependency-scan-serialize-diagnostics-path /Users/admin/builder/spi-builder-workspace/.derivedData/Build/Intermediates.noindex/VerIDCommonTypes.build/Debug/VerIDCommonTypes-t.build/Objects-normal/arm64/VerIDCommonTypes-dependency-scan.dia -validate-clang-modules-once -clang-build-session-file /Users/admin/builder/spi-builder-workspace/.derivedData/ModuleCache.noindex/Session.modulevalidation -Xcc -fmodules-prune-interval\=86400 -Xcc -fmodules-prune-after\=345600 -package-name ver_id_common_types_apple -emit-const-values -const-gather-protocols-list /Users/admin/builder/spi-builder-workspace/.derivedData/Build/Intermediates.noindex/VerIDCommonTypes.build/Debug/VerIDCommonTypes-t.build/Objects-normal/arm64/VerIDCommonTypes_const_extract_protocols.json -Xcc -I/Users/admin/builder/spi-builder-workspace/.derivedData/Build/Products/Debug/include -Xcc -I/Users/admin/builder/spi-builder-workspace/.derivedData/Build/Intermediates.noindex/VerIDCommonTypes.build/Debug/VerIDCommonTypes-t.build/DerivedSources-normal/arm64 -Xcc -I/Users/admin/builder/spi-builder-workspace/.derivedData/Build/Intermediates.noindex/VerIDCommonTypes.build/Debug/VerIDCommonTypes-t.build/DerivedSources/arm64 -Xcc -I/Users/admin/builder/spi-builder-workspace/.derivedData/Build/Intermediates.noindex/VerIDCommonTypes.build/Debug/VerIDCommonTypes-t.build/DerivedSources -Xcc -DSWIFT_PACKAGE -Xcc -DDEBUG\=1 -emit-objc-header -emit-objc-header-path /Users/admin/builder/spi-builder-workspace/.derivedData/Build/Intermediates.noindex/VerIDCommonTypes.build/Debug/VerIDCommonTypes-t.build/Objects-normal/arm64/VerIDCommonTypes-Swift.h -working-directory /Users/admin/builder/spi-builder-workspace/.swiftpm/xcode -experimental-emit-module-separately -disable-cmo
/Users/admin/builder/spi-builder-workspace/.dependencies/checkouts/Ver-ID-Common-Types-Apple/Sources/VerIDCommonTypes/Image.swift:18:8: error: Unable to resolve module dependency: 'MobileCoreServices' (in target 'VerIDCommonTypes' from project 'VerIDCommonTypes')
    note: A dependency of main module 'VerIDCommonTypes'
/Users/admin/builder/spi-builder-workspace/.dependencies/checkouts/Ver-ID-Common-Types-Apple/Sources/VerIDCommonTypes/Image.swift:18:8: note: A dependency of main module 'VerIDCommonTypes'
import MobileCoreServices
       ^ (in target 'VerIDCommonTypes' from project 'VerIDCommonTypes')
PruneExplicitPrecompiledModules /Users/admin/builder/spi-builder-workspace/.derivedData/Build/Intermediates.noindex/ExplicitPrecompiledModules
PruneExplicitPrecompiledModules /Users/admin/builder/spi-builder-workspace/.derivedData/SDKExplicitPrecompiledModules
PruneExplicitPrecompiledModules /Users/admin/builder/spi-builder-workspace/.derivedData/Build/Intermediates.noindex/SwiftExplicitPrecompiledModules
2026-09-23 04:46:54.667 xcodebuild[760:4576] [MT] IDERunDestination: Supported platforms for the buildables in the current scheme is empty.
--- xcodebuild: WARNING: Using the first of multiple matching destinations:
{ platform:macOS, arch:arm64, id:0a511e15d80efd2cc2be89b0d820f4aa6eadfdec, name:My Mac }
{ platform:macOS, arch:arm64, variant:Mac Catalyst, id:0a511e15d80efd2cc2be89b0d820f4aa6eadfdec, name:My Mac }
{ platform:macOS, arch:arm64, variant:DriverKit, id:0a511e15d80efd2cc2be89b0d820f4aa6eadfdec, name:My Mac }
{ platform:macOS, arch:arm64, variant:Designed for [iPad,iPhone], id:0a511e15d80efd2cc2be89b0d820f4aa6eadfdec, name:My Mac }
** BUILD FAILED **
The following build commands failed:
	SwiftDriver VerIDCommonTypes normal arm64 com.apple.xcode.tools.swift.compiler (in target 'VerIDCommonTypes' from project 'VerIDCommonTypes')
	Building workspace FusionSpoofDetection with scheme FusionSpoofDetection
(2 failures)
Command line invocation:
    /Applications/Xcode-27.0.0-Release.Candidate.app/Contents/Developer/usr/bin/xcodebuild -IDEClonedSourcePackagesDirPathOverride=/Users/admin/builder/spi-builder-workspace/.dependencies -resolvePackageDependencies
Resolve Package Graph
Resolved source packages:
  VerIDCommonTypes: https://github.com/AppliedRecognition/Ver-ID-Common-Types-Apple.git @ 3.3.0
  SpoofDeviceDetection: https://github.com/AppliedRecognition/Spoof-Device-Detection-Ver-ID-3-Apple.git @ 1.0.2
  FusionSpoofDetection: /Users/admin/builder/spi-builder-workspace
  FASnetSpoofDetection: https://github.com/AppliedRecognition/Spoof-Detection-Fasnet-Apple.git @ 1.0.1
resolved source packages: VerIDCommonTypes, SpoofDeviceDetection, FusionSpoofDetection, FASnetSpoofDetection
2026-09-23 04:47:00.112 xcodebuild[799:4908] [MT] IDERunDestination: Supported platforms for the buildables in the current scheme is empty.
{
  "dependencies" : [
    {
      "identity" : "spoof-device-detection-ver-id-3-apple",
      "requirement" : {
        "range" : [
          {
            "lower_bound" : "1.0.2",
            "upper_bound" : "2.0.0"
          }
        ]
      },
      "type" : "sourceControl",
      "url" : "https://github.com/AppliedRecognition/Spoof-Device-Detection-Ver-ID-3-Apple.git"
    },
    {
      "identity" : "spoof-detection-fasnet-apple",
      "requirement" : {
        "range" : [
          {
            "lower_bound" : "1.0.1",
            "upper_bound" : "2.0.0"
          }
        ]
      },
      "type" : "sourceControl",
      "url" : "https://github.com/AppliedRecognition/Spoof-Detection-Fasnet-Apple.git"
    }
  ],
  "manifest_display_name" : "FusionSpoofDetection",
  "name" : "FusionSpoofDetection",
  "path" : "/Users/admin/builder/spi-builder-workspace",
  "platforms" : [
    {
      "name" : "ios",
      "version" : "13.0"
    }
  ],
  "products" : [
    {
      "name" : "FusionSpoofDetection",
      "targets" : [
        "FusionSpoofDetection"
      ],
      "type" : {
        "library" : [
          "automatic"
        ]
      }
    }
  ],
  "targets" : [
    {
      "c99name" : "FusionSpoofDetectionTests",
      "module_type" : "SwiftTarget",
      "name" : "FusionSpoofDetectionTests",
      "path" : "Tests/FusionSpoofDetectionTests",
      "resources" : [
        {
          "path" : "/Users/admin/builder/spi-builder-workspace/Tests/FusionSpoofDetectionTests/Resources/config.json",
          "rule" : {
            "process" : {
            }
          }
        },
        {
          "path" : "/Users/admin/builder/spi-builder-workspace/Tests/FusionSpoofDetectionTests/Resources/face_on_iPad_001.jpg",
          "rule" : {
            "process" : {
            }
          }
        }
      ],
      "sources" : [
        "FusionSpoofDetectionTests.swift"
      ],
      "target_dependencies" : [
        "FusionSpoofDetection"
      ],
      "type" : "test"
    },
    {
      "c99name" : "FusionSpoofDetection",
      "module_type" : "SwiftTarget",
      "name" : "FusionSpoofDetection",
      "path" : "Sources/FusionSpoofDetection",
      "product_dependencies" : [
        "SpoofDeviceDetectionCore",
        "FASnetSpoofDetectionCore"
      ],
      "product_memberships" : [
        "FusionSpoofDetection"
      ],
      "sources" : [
        "Errors.swift",
        "FusionSpoofDetection.swift"
      ],
      "type" : "library"
    }
  ],
  "tools_version" : "5.9"
}
{
  "workspace" : {
    "name" : "FusionSpoofDetection",
    "schemes" : [
      "FusionSpoofDetection"
    ]
  }
}
2026-09-23 04:47:01.490 xcodebuild[807:4978] [MT] IDERunDestination: Supported platforms for the buildables in the current scheme is empty.
Running build ...
env DEVELOPER_DIR=/Applications/Xcode-27.0.0-Release.Candidate.app xcrun xcodebuild -IDEClonedSourcePackagesDirPathOverride=$PWD/.dependencies -skipMacroValidation -skipPackagePluginValidation -derivedDataPath $PWD/.derivedData build -scheme FusionSpoofDetection -destination platform=macOS,arch=arm64
Command line invocation:
    /Applications/Xcode-27.0.0-Release.Candidate.app/Contents/Developer/usr/bin/xcodebuild -IDEClonedSourcePackagesDirPathOverride=/Users/admin/builder/spi-builder-workspace/.dependencies -skipMacroValidation -skipPackagePluginValidation -derivedDataPath /Users/admin/builder/spi-builder-workspace/.derivedData build -scheme FusionSpoofDetection -destination platform=macOS,arch=arm64
Resolve Package Graph
Resolved source packages:
  VerIDCommonTypes: https://github.com/AppliedRecognition/Ver-ID-Common-Types-Apple.git @ 3.3.0
  FusionSpoofDetection: /Users/admin/builder/spi-builder-workspace
  SpoofDeviceDetection: https://github.com/AppliedRecognition/Spoof-Device-Detection-Ver-ID-3-Apple.git @ 1.0.2
  FASnetSpoofDetection: https://github.com/AppliedRecognition/Spoof-Detection-Fasnet-Apple.git @ 1.0.1
ComputePackagePrebuildTargetDependencyGraph
Prepare packages
CreateBuildRequest
SendProjectDescription
CreateBuildOperation
ComputeTargetDependencyGraph
note: Building targets in dependency order
note: Target dependency graph (8 targets)
    Target 'FusionSpoofDetection-product' in project 'FusionSpoofDetection'
        ➜ Explicit dependency on target 'FusionSpoofDetection' in project 'FusionSpoofDetection'
        ➜ Explicit dependency on target 'SpoofDeviceDetectionCore-product' in project 'SpoofDeviceDetection'
        ➜ Explicit dependency on target 'FASnetSpoofDetectionCore-product' in project 'FASnetSpoofDetection'
    Target 'FusionSpoofDetection' in project 'FusionSpoofDetection'
        ➜ Explicit dependency on target 'SpoofDeviceDetectionCore-product' in project 'SpoofDeviceDetection'
        ➜ Explicit dependency on target 'FASnetSpoofDetectionCore-product' in project 'FASnetSpoofDetection'
    Target 'FASnetSpoofDetectionCore-product' in project 'FASnetSpoofDetection'
        ➜ Explicit dependency on target 'FASnetSpoofDetectionCore' in project 'FASnetSpoofDetection'
        ➜ Explicit dependency on target 'VerIDCommonTypes-product' in project 'VerIDCommonTypes'
    Target 'FASnetSpoofDetectionCore' in project 'FASnetSpoofDetection'
        ➜ Explicit dependency on target 'VerIDCommonTypes-product' in project 'VerIDCommonTypes'
    Target 'SpoofDeviceDetectionCore-product' in project 'SpoofDeviceDetection'
        ➜ Explicit dependency on target 'SpoofDeviceDetectionCore' in project 'SpoofDeviceDetection'
        ➜ Explicit dependency on target 'VerIDCommonTypes-product' in project 'VerIDCommonTypes'
    Target 'SpoofDeviceDetectionCore' in project 'SpoofDeviceDetection'
        ➜ Explicit dependency on target 'VerIDCommonTypes-product' in project 'VerIDCommonTypes'
    Target 'VerIDCommonTypes-product' in project 'VerIDCommonTypes'
        ➜ Explicit dependency on target 'VerIDCommonTypes' in project 'VerIDCommonTypes'
    Target 'VerIDCommonTypes' in project 'VerIDCommonTypes' (no dependencies)
GatherProvisioningInputs
CreateBuildDescription
ClangStatCache /Applications/Xcode-27.0.0-Release.Candidate.app/Contents/Developer/Toolchains/XcodeDefault.xctoolchain/usr/bin/clang-stat-cache /Applications/Xcode-27.0.0-Release.Candidate.app/Contents/Developer/Platforms/MacOSX.platform/Developer/SDKs/MacOSX27.0.sdk /Users/admin/builder/spi-builder-workspace/.derivedData/SDKStatCaches.noindex/macosx27.0-26A425-e829b21a6f8c9b70876ba0858053c0446a22442a12e9d48fe1a705f55a1adfc4.sdkstatcache
    cd /Users/admin/builder/spi-builder-workspace/.swiftpm/xcode
    /Applications/Xcode-27.0.0-Release.Candidate.app/Contents/Developer/Toolchains/XcodeDefault.xctoolchain/usr/bin/clang-stat-cache /Applications/Xcode-27.0.0-Release.Candidate.app/Contents/Developer/Platforms/MacOSX.platform/Developer/SDKs/MacOSX27.0.sdk -o /Users/admin/builder/spi-builder-workspace/.derivedData/SDKStatCaches.noindex/macosx27.0-26A425-e829b21a6f8c9b70876ba0858053c0446a22442a12e9d48fe1a705f55a1adfc4.sdkstatcache
SwiftDriver VerIDCommonTypes normal arm64 com.apple.xcode.tools.swift.compiler (in target 'VerIDCommonTypes' from project 'VerIDCommonTypes')
    cd /Users/admin/builder/spi-builder-workspace/.swiftpm/xcode
    builtin-SwiftDriver -- /Applications/Xcode-27.0.0-Release.Candidate.app/Contents/Developer/Toolchains/XcodeDefault.xctoolchain/usr/bin/swiftc -parse-as-library -module-name VerIDCommonTypes -Onone @/Users/admin/builder/spi-builder-workspace/.derivedData/Build/Intermediates.noindex/VerIDCommonTypes.build/Debug/VerIDCommonTypes-t.build/Objects-normal/arm64/VerIDCommonTypes.SwiftFileList -DSWIFT_PACKAGE -DDEBUG -DSWIFT_MODULE_RESOURCE_BUNDLE_UNAVAILABLE -DXcode -plugin-path /Applications/Xcode-27.0.0-Release.Candidate.app/Contents/Developer/Toolchains/XcodeDefault.xctoolchain/usr/lib/swift/host/plugins/testing -enable-experimental-feature DebugDescriptionMacro -sdk /Applications/Xcode-27.0.0-Release.Candidate.app/Contents/Developer/Platforms/MacOSX.platform/Developer/SDKs/MacOSX27.0.sdk -target arm64-apple-macos12.0 -g -module-cache-path /Users/admin/builder/spi-builder-workspace/.derivedData/ModuleCache.noindex -Xfrontend -serialize-debugging-options -profile-coverage-mapping -profile-generate -enable-testing -suppress-warnings -index-store-path /Users/admin/builder/spi-builder-workspace/.derivedData/Index.noindex/DataStore -Xcc -D_LIBCPP_HARDENING_MODE\=_LIBCPP_HARDENING_MODE_DEBUG -swift-version 5 -I /Users/admin/builder/spi-builder-workspace/.derivedData/Build/Products/Debug -Isystem /Applications/Xcode-27.0.0-Release.Candidate.app/Contents/Developer/Platforms/MacOSX.platform/Developer/usr/lib -F /Users/admin/builder/spi-builder-workspace/.derivedData/Build/Products/Debug -F /Applications/Xcode-27.0.0-Release.Candidate.app/Contents/Developer/Platforms/MacOSX.platform/Developer/Library/Frameworks -c -j10 -enable-batch-mode -incremental -Xcc -ivfsstatcache -Xcc /Users/admin/builder/spi-builder-workspace/.derivedData/SDKStatCaches.noindex/macosx27.0-26A425-e829b21a6f8c9b70876ba0858053c0446a22442a12e9d48fe1a705f55a1adfc4.sdkstatcache -output-file-map /Users/admin/builder/spi-builder-workspace/.derivedData/Build/Intermediates.noindex/VerIDCommonTypes.build/Debug/VerIDCommonTypes-t.build/Objects-normal/arm64/VerIDCommonTypes-OutputFileMap.json -save-temps -no-color-diagnostics -explicit-module-build -module-cache-path /Users/admin/builder/spi-builder-workspace/.derivedData/Build/Intermediates.noindex/SwiftExplicitPrecompiledModules -clang-scanner-module-cache-path /Users/admin/builder/spi-builder-workspace/.derivedData/ModuleCache.noindex -sdk-module-cache-path /Users/admin/builder/spi-builder-workspace/.derivedData/SDKExplicitPrecompiledModules -emit-dependencies -emit-module -emit-module-path /Users/admin/builder/spi-builder-workspace/.derivedData/Build/Intermediates.noindex/VerIDCommonTypes.build/Debug/VerIDCommonTypes-t.build/Objects-normal/arm64/VerIDCommonTypes.swiftmodule -serialize-diagnostics -dependency-scan-serialize-diagnostics-path /Users/admin/builder/spi-builder-workspace/.derivedData/Build/Intermediates.noindex/VerIDCommonTypes.build/Debug/VerIDCommonTypes-t.build/Objects-normal/arm64/VerIDCommonTypes-dependency-scan.dia -validate-clang-modules-once -clang-build-session-file /Users/admin/builder/spi-builder-workspace/.derivedData/ModuleCache.noindex/Session.modulevalidation -Xcc -fmodules-prune-interval\=86400 -Xcc -fmodules-prune-after\=345600 -package-name ver_id_common_types_apple -emit-const-values -const-gather-protocols-list /Users/admin/builder/spi-builder-workspace/.derivedData/Build/Intermediates.noindex/VerIDCommonTypes.build/Debug/VerIDCommonTypes-t.build/Objects-normal/arm64/VerIDCommonTypes_const_extract_protocols.json -Xcc -I/Users/admin/builder/spi-builder-workspace/.derivedData/Build/Products/Debug/include -Xcc -I/Users/admin/builder/spi-builder-workspace/.derivedData/Build/Intermediates.noindex/VerIDCommonTypes.build/Debug/VerIDCommonTypes-t.build/DerivedSources-normal/arm64 -Xcc -I/Users/admin/builder/spi-builder-workspace/.derivedData/Build/Intermediates.noindex/VerIDCommonTypes.build/Debug/VerIDCommonTypes-t.build/DerivedSources/arm64 -Xcc -I/Users/admin/builder/spi-builder-workspace/.derivedData/Build/Intermediates.noindex/VerIDCommonTypes.build/Debug/VerIDCommonTypes-t.build/DerivedSources -Xcc -DSWIFT_PACKAGE -Xcc -DDEBUG\=1 -emit-objc-header -emit-objc-header-path /Users/admin/builder/spi-builder-workspace/.derivedData/Build/Intermediates.noindex/VerIDCommonTypes.build/Debug/VerIDCommonTypes-t.build/Objects-normal/arm64/VerIDCommonTypes-Swift.h -working-directory /Users/admin/builder/spi-builder-workspace/.swiftpm/xcode -experimental-emit-module-separately -disable-cmo
/Users/admin/builder/spi-builder-workspace/.dependencies/checkouts/Ver-ID-Common-Types-Apple/Sources/VerIDCommonTypes/Image.swift:18:8: error: Unable to resolve module dependency: 'MobileCoreServices' (in target 'VerIDCommonTypes' from project 'VerIDCommonTypes')
    note: A dependency of main module 'VerIDCommonTypes'
/Users/admin/builder/spi-builder-workspace/.dependencies/checkouts/Ver-ID-Common-Types-Apple/Sources/VerIDCommonTypes/Image.swift:18:8: note: A dependency of main module 'VerIDCommonTypes'
import MobileCoreServices
       ^ (in target 'VerIDCommonTypes' from project 'VerIDCommonTypes')
PruneExplicitPrecompiledModules /Users/admin/builder/spi-builder-workspace/.derivedData/SDKExplicitPrecompiledModules
PruneExplicitPrecompiledModules /Users/admin/builder/spi-builder-workspace/.derivedData/Build/Intermediates.noindex/SwiftExplicitPrecompiledModules
PruneExplicitPrecompiledModules /Users/admin/builder/spi-builder-workspace/.derivedData/Build/Intermediates.noindex/ExplicitPrecompiledModules
2026-09-23 04:47:02.544 xcodebuild[808:5003] [MT] IDERunDestination: Supported platforms for the buildables in the current scheme is empty.
--- xcodebuild: WARNING: Using the first of multiple matching destinations:
{ platform:macOS, arch:arm64, id:0a511e15d80efd2cc2be89b0d820f4aa6eadfdec, name:My Mac }
{ platform:macOS, arch:arm64, variant:Mac Catalyst, id:0a511e15d80efd2cc2be89b0d820f4aa6eadfdec, name:My Mac }
{ platform:macOS, arch:arm64, variant:DriverKit, id:0a511e15d80efd2cc2be89b0d820f4aa6eadfdec, name:My Mac }
{ platform:macOS, arch:arm64, variant:Designed for [iPad,iPhone], id:0a511e15d80efd2cc2be89b0d820f4aa6eadfdec, name:My Mac }
** BUILD FAILED **
The following build commands failed:
	SwiftDriver VerIDCommonTypes normal arm64 com.apple.xcode.tools.swift.compiler (in target 'VerIDCommonTypes' from project 'VerIDCommonTypes')
	Building workspace FusionSpoofDetection with scheme FusionSpoofDetection
(2 failures)
BUILD FAILURE 6.4 macosXcodebuild