Build Information
Failed to build Instabug, reference master (b0ec33), with Swift 6.4 for macOS (Xcode) using Xcode 27.0 on 22 Sep 2026 23:54:23 UTC.
Build Command
env DEVELOPER_DIR=/Applications/Xcode-27.0.0-Release.Candidate.app xcrun xcodebuild -IDEClonedSourcePackagesDirPathOverride=$PWD/.dependencies -skipMacroValidation -skipPackagePluginValidation -derivedDataPath $PWD/.derivedData build -scheme Instabug -destination platform=macOS,arch=arm64Build Log
========================================
RunAll
========================================
Builder version: 5.1.0
Interrupt handler set up.
========================================
Checkout
========================================
Clone URL: https://github.com/Instabug/Instabug-SP.git
Reference: master
Initialized empty Git repository in /Users/admin/builder/spi-builder-workspace/.git/
From https://github.com/Instabug/Instabug-SP
* branch master -> FETCH_HEAD
* [new branch] master -> origin/master
HEAD is now at b0ec337 Added a notice for archiving the repo
Cloned https://github.com/Instabug/Instabug-SP.git
Revision (git rev-parse @):
b0ec33764b8935fd5867e416df85982347b1b2ab
SUCCESS checkout https://github.com/Instabug/Instabug-SP.git at master
========================================
Build
========================================
Selected platform: macosXcodebuild
Swift version: 6.4
Building package at path: $PWD
https://github.com/Instabug/Instabug-SP.git
Command line invocation:
/Applications/Xcode-27.0.0-Release.Candidate.app/Contents/Developer/usr/bin/xcodebuild -IDEClonedSourcePackagesDirPathOverride=/Users/admin/builder/spi-builder-workspace/.dependencies -resolvePackageDependencies
Resolve Package Graph
Resolve Package Graph
Resolved source packages:
Instabug: /Users/admin/builder/spi-builder-workspace
resolved source packages: Instabug
2026-09-22 19:53:36.350 xcodebuild[529:3022] [MT] IDERunDestination: Supported platforms for the buildables in the current scheme is empty.
{
"dependencies" : [
],
"manifest_display_name" : "Instabug",
"name" : "Instabug",
"path" : "/Users/admin/builder/spi-builder-workspace",
"platforms" : [
],
"products" : [
{
"name" : "Instabug",
"targets" : [
"Instabug"
],
"type" : {
"library" : [
"automatic"
]
}
}
],
"targets" : [
{
"c99name" : "Instabug",
"module_type" : "BinaryTarget",
"name" : "Instabug",
"path" : "remote/archive/Instabug-XCFramework.zip",
"product_memberships" : [
"Instabug"
],
"sources" : [
],
"type" : "binary"
}
],
"tools_version" : "5.3"
}
{
"workspace" : {
"name" : "Instabug",
"schemes" : [
"Instabug"
]
}
}
2026-09-22 19:54:17.845 xcodebuild[659:4180] [MT] IDERunDestination: Supported platforms for the buildables in the current scheme is empty.
Running build ...
env DEVELOPER_DIR=/Applications/Xcode-27.0.0-Release.Candidate.app xcrun xcodebuild -IDEClonedSourcePackagesDirPathOverride=$PWD/.dependencies -skipMacroValidation -skipPackagePluginValidation -derivedDataPath $PWD/.derivedData build -scheme Instabug -destination platform=macOS,arch=arm64
Command line invocation:
/Applications/Xcode-27.0.0-Release.Candidate.app/Contents/Developer/usr/bin/xcodebuild -IDEClonedSourcePackagesDirPathOverride=/Users/admin/builder/spi-builder-workspace/.dependencies -skipMacroValidation -skipPackagePluginValidation -derivedDataPath /Users/admin/builder/spi-builder-workspace/.derivedData build -scheme Instabug -destination platform=macOS,arch=arm64
Resolve Package Graph
Resolved source packages:
Instabug: /Users/admin/builder/spi-builder-workspace
ComputePackagePrebuildTargetDependencyGraph
Prepare packages
CreateBuildRequest
SendProjectDescription
CreateBuildOperation
ComputeTargetDependencyGraph
note: Building targets in dependency order
note: Target dependency graph (1 target)
Target 'Instabug-product' in project 'Instabug' (no dependencies)
GatherProvisioningInputs
CreateBuildDescription
ExecuteExternalTool /Applications/Xcode-27.0.0-Release.Candidate.app/Contents/Developer/Toolchains/XcodeDefault.xctoolchain/usr/bin/clang -v -E -dM -isysroot /Applications/Xcode-27.0.0-Release.Candidate.app/Contents/Developer/Platforms/MacOSX.platform/Developer/SDKs/MacOSX27.0.sdk -x c -c /dev/null
Build description signature: 13e1f4bc9c176d2a35d353f8de128111
Build description path: /Users/admin/builder/spi-builder-workspace/.derivedData/Build/Intermediates.noindex/XCBuildData/13e1f4bc9c176d2a35d353f8de128111.xcbuilddata
/Users/admin/builder/spi-builder-workspace/.dependencies/artifacts/spi-builder-workspace/Instabug/InstabugSDK.xcframework:1:1: error: While building for macOS, no library for this platform was found in '/Users/admin/builder/spi-builder-workspace/.dependencies/artifacts/spi-builder-workspace/Instabug/InstabugSDK.xcframework'. (in target 'Instabug-product' from project 'Instabug')
2026-09-22 19:54:19.296 xcodebuild[660:4236] [MT] IDERunDestination: Supported platforms for the buildables in the current scheme is empty.
--- xcodebuild: WARNING: Using the first of multiple matching destinations:
{ platform:macOS, arch:arm64, id:ff8552eac8dc0fc38027ccfde7fba50d3b66ad13, name:My Mac }
{ platform:macOS, arch:arm64, variant:Mac Catalyst, id:ff8552eac8dc0fc38027ccfde7fba50d3b66ad13, name:My Mac }
{ platform:macOS, arch:arm64, variant:DriverKit, id:ff8552eac8dc0fc38027ccfde7fba50d3b66ad13, name:My Mac }
{ platform:macOS, arch:arm64, variant:Designed for [iPad,iPhone], id:ff8552eac8dc0fc38027ccfde7fba50d3b66ad13, name:My Mac }
** BUILD FAILED **
The following build commands failed:
Building workspace Instabug with scheme Instabug
(1 failure)
Command line invocation:
/Applications/Xcode-27.0.0-Release.Candidate.app/Contents/Developer/usr/bin/xcodebuild -IDEClonedSourcePackagesDirPathOverride=/Users/admin/builder/spi-builder-workspace/.dependencies -resolvePackageDependencies
Resolve Package Graph
Resolved source packages:
Instabug: /Users/admin/builder/spi-builder-workspace
resolved source packages: Instabug
2026-09-22 19:54:20.895 xcodebuild[672:4333] [MT] IDERunDestination: Supported platforms for the buildables in the current scheme is empty.
{
"dependencies" : [
],
"manifest_display_name" : "Instabug",
"name" : "Instabug",
"path" : "/Users/admin/builder/spi-builder-workspace",
"platforms" : [
],
"products" : [
{
"name" : "Instabug",
"targets" : [
"Instabug"
],
"type" : {
"library" : [
"automatic"
]
}
}
],
"targets" : [
{
"c99name" : "Instabug",
"module_type" : "BinaryTarget",
"name" : "Instabug",
"path" : "remote/archive/Instabug-XCFramework.zip",
"product_memberships" : [
"Instabug"
],
"sources" : [
],
"type" : "binary"
}
],
"tools_version" : "5.3"
}
{
"workspace" : {
"name" : "Instabug",
"schemes" : [
"Instabug"
]
}
}
2026-09-22 19:54:22.093 xcodebuild[680:4391] [MT] IDERunDestination: Supported platforms for the buildables in the current scheme is empty.
Running build ...
env DEVELOPER_DIR=/Applications/Xcode-27.0.0-Release.Candidate.app xcrun xcodebuild -IDEClonedSourcePackagesDirPathOverride=$PWD/.dependencies -skipMacroValidation -skipPackagePluginValidation -derivedDataPath $PWD/.derivedData build -scheme Instabug -destination platform=macOS,arch=arm64
Command line invocation:
/Applications/Xcode-27.0.0-Release.Candidate.app/Contents/Developer/usr/bin/xcodebuild -IDEClonedSourcePackagesDirPathOverride=/Users/admin/builder/spi-builder-workspace/.dependencies -skipMacroValidation -skipPackagePluginValidation -derivedDataPath /Users/admin/builder/spi-builder-workspace/.derivedData build -scheme Instabug -destination platform=macOS,arch=arm64
Resolve Package Graph
Resolved source packages:
Instabug: /Users/admin/builder/spi-builder-workspace
ComputePackagePrebuildTargetDependencyGraph
Prepare packages
CreateBuildRequest
SendProjectDescription
CreateBuildOperation
ComputeTargetDependencyGraph
note: Building targets in dependency order
note: Target dependency graph (1 target)
Target 'Instabug-product' in project 'Instabug' (no dependencies)
GatherProvisioningInputs
CreateBuildDescription
/Users/admin/builder/spi-builder-workspace/.dependencies/artifacts/spi-builder-workspace/Instabug/InstabugSDK.xcframework:1:1: error: While building for macOS, no library for this platform was found in '/Users/admin/builder/spi-builder-workspace/.dependencies/artifacts/spi-builder-workspace/Instabug/InstabugSDK.xcframework'. (in target 'Instabug-product' from project 'Instabug')
2026-09-22 19:54:23.037 xcodebuild[681:4415] [MT] IDERunDestination: Supported platforms for the buildables in the current scheme is empty.
--- xcodebuild: WARNING: Using the first of multiple matching destinations:
{ platform:macOS, arch:arm64, id:ff8552eac8dc0fc38027ccfde7fba50d3b66ad13, name:My Mac }
{ platform:macOS, arch:arm64, variant:Mac Catalyst, id:ff8552eac8dc0fc38027ccfde7fba50d3b66ad13, name:My Mac }
{ platform:macOS, arch:arm64, variant:DriverKit, id:ff8552eac8dc0fc38027ccfde7fba50d3b66ad13, name:My Mac }
{ platform:macOS, arch:arm64, variant:Designed for [iPad,iPhone], id:ff8552eac8dc0fc38027ccfde7fba50d3b66ad13, name:My Mac }
** BUILD FAILED **
The following build commands failed:
Building workspace Instabug with scheme Instabug
(1 failure)
BUILD FAILURE 6.4 macosXcodebuild