Build Information
Failed to build Instantiate, reference 4.0.1 (5652b7), with Swift 6.4 for visionOS using Xcode 27.0 on 17 Sep 2026 11:05:29 UTC.
Build Command
env DEVELOPER_DIR=/Applications/Xcode-27.0.0-Release.Candidate.app xcrun xcodebuild -IDEClonedSourcePackagesDirPathOverride=$PWD/.dependencies -skipMacroValidation -skipPackagePluginValidation -derivedDataPath $PWD/.derivedData build -scheme Instantiate-Package -destination generic/platform=xrOSBuild Log
========================================
RunAll
========================================
Builder version: 5.1.0
Interrupt handler set up.
========================================
Checkout
========================================
Clone URL: https://github.com/tarunon/Instantiate.git
Reference: 4.0.1
Initialized empty Git repository in /Users/admin/builder/spi-builder-workspace/.git/
From https://github.com/tarunon/Instantiate
* tag 4.0.1 -> FETCH_HEAD
HEAD is now at 5652b7d fix: spm package resolve problem
Cloned https://github.com/tarunon/Instantiate.git
Revision (git rev-parse @):
5652b7deb45e4826dab31fa67336c1f9649e42c2
SUCCESS checkout https://github.com/tarunon/Instantiate.git at 4.0.1
========================================
Build
========================================
Selected platform: visionOS
Swift version: 6.4
Building package at path: $PWD
https://github.com/tarunon/Instantiate.git
Command line invocation:
/Applications/Xcode-27.0.0-Release.Candidate.app/Contents/Developer/usr/bin/xcodebuild -IDEClonedSourcePackagesDirPathOverride=/Users/admin/builder/spi-builder-workspace/.dependencies -resolvePackageDependencies
resolved source packages:
{
"dependencies" : [
],
"manifest_display_name" : "Instantiate",
"name" : "Instantiate",
"path" : "/Users/admin/builder/spi-builder-workspace",
"platforms" : [
{
"name" : "ios",
"version" : "9.0"
},
{
"name" : "tvos",
"version" : "9.0"
},
{
"name" : "macos",
"version" : "10.11"
}
],
"products" : [
{
"name" : "Instantiate",
"targets" : [
"Instantiate"
],
"type" : {
"library" : [
"automatic"
]
}
},
{
"name" : "InstantiateStandard",
"targets" : [
"InstantiateStandard"
],
"type" : {
"library" : [
"automatic"
]
}
}
],
"swift_languages_versions" : [
"4",
"5"
],
"targets" : [
{
"c99name" : "InstantiateTests",
"module_type" : "SwiftTarget",
"name" : "InstantiateTests",
"path" : "Tests/InstantiateTests",
"sources" : [
"InstantiateTests.swift",
"iOS/Resources-iOS.swift",
"macOS/Resources-macOS.swift",
"tvOS/Resoources-tvOS.swift"
],
"target_dependencies" : [
"Instantiate",
"InstantiateStandard"
],
"type" : "test"
},
{
"c99name" : "InstantiateStandard",
"module_type" : "SwiftTarget",
"name" : "InstantiateStandard",
"path" : "Sources/InstantiateStandard",
"product_memberships" : [
"InstantiateStandard"
],
"sources" : [
"Deprecated.swift",
"Extensions.swift"
],
"target_dependencies" : [
"Instantiate"
],
"type" : "library"
},
{
"c99name" : "Instantiate",
"module_type" : "SwiftTarget",
"name" : "Instantiate",
"path" : "Sources/Instantiate",
"product_memberships" : [
"Instantiate",
"InstantiateStandard"
],
"sources" : [
"Deprecated.swift",
"Identifier.swift",
"Injectable.swift",
"Instantiatable.swift",
"Nib.swift",
"Reusable.swift",
"Storyboard.swift",
"ViewLoadBeforeInject.swift",
"iOS/Nib+UIView.swift",
"iOS/Nib+UIViewController.swift",
"iOS/Reusable+UICollectionView.swift",
"iOS/Reusable+UITableView.swift",
"iOS/Storyboard+UIViewController.swift",
"macOS/Nib+NSView.swift",
"macOS/Nib+NSViewController.swift",
"macOS/Reusable+NSCollectionView.swift",
"macOS/Reusable+NSTableView.swift",
"macOS/Storyboard+NSViewController.swift"
],
"type" : "library"
}
],
"tools_version" : "5.2"
}
{
"project" : {
"configurations" : [
"Debug",
"Release"
],
"name" : "Instantiate",
"schemes" : [
"Instantiate",
"InstantiateStandard"
],
"targets" : [
"Instantiate",
"InstantiateStandard",
"InstantiateTests"
]
}
}
{
"workspace" : {
"name" : "Instantiate",
"schemes" : [
"Instantiate",
"Instantiate-Package",
"InstantiateStandard"
]
}
}
2026-09-17 07:05:17.965 xcodebuild[642:4074] [MT] IDERunDestination: Supported platforms for the buildables in the current scheme is empty.
Running build ...
env DEVELOPER_DIR=/Applications/Xcode-27.0.0-Release.Candidate.app xcrun xcodebuild -IDEClonedSourcePackagesDirPathOverride=$PWD/.dependencies -skipMacroValidation -skipPackagePluginValidation -derivedDataPath $PWD/.derivedData build -scheme Instantiate-Package -destination generic/platform=xrOS
Command line invocation:
/Applications/Xcode-27.0.0-Release.Candidate.app/Contents/Developer/usr/bin/xcodebuild -IDEClonedSourcePackagesDirPathOverride=/Users/admin/builder/spi-builder-workspace/.dependencies -skipMacroValidation -skipPackagePluginValidation -derivedDataPath /Users/admin/builder/spi-builder-workspace/.derivedData build -scheme Instantiate-Package -destination generic/platform=xrOS
Resolve Package Graph
Resolved source packages:
Instantiate: /Users/admin/builder/spi-builder-workspace
ComputePackagePrebuildTargetDependencyGraph
Prepare packages
CreateBuildRequest
SendProjectDescription
CreateBuildOperation
ComputeTargetDependencyGraph
note: Building targets in dependency order
note: Target dependency graph (4 targets)
Target 'InstantiateStandard-product' in project 'Instantiate'
➜ Explicit dependency on target 'InstantiateStandard' in project 'Instantiate'
➜ Explicit dependency on target 'Instantiate' in project 'Instantiate'
Target 'InstantiateStandard' in project 'Instantiate'
➜ Explicit dependency on target 'Instantiate' in project 'Instantiate'
Target 'Instantiate-product' in project 'Instantiate'
➜ Explicit dependency on target 'Instantiate' in project 'Instantiate'
Target 'Instantiate' in project 'Instantiate' (no dependencies)
GatherProvisioningInputs
CreateBuildDescription
ExecuteExternalTool /Applications/Xcode-27.0.0-Release.Candidate.app/Contents/Developer/Toolchains/XcodeDefault.xctoolchain/usr/bin/clang -v -E -dM -isysroot /Applications/Xcode-27.0.0-Release.Candidate.app/Contents/Developer/Platforms/XROS.platform/Developer/SDKs/XROS27.0.sdk -x c -c /dev/null
ExecuteExternalTool /Applications/Xcode-27.0.0-Release.Candidate.app/Contents/Developer/Toolchains/XcodeDefault.xctoolchain/usr/bin/swiftc --version
ExecuteExternalTool /Applications/Xcode-27.0.0-Release.Candidate.app/Contents/Developer/Toolchains/XcodeDefault.xctoolchain/usr/bin/ld -version_details
Build description signature: 3dc69b736ae85a9fc34b95a7741547fc
Build description path: /Users/admin/builder/spi-builder-workspace/.derivedData/Build/Intermediates.noindex/XCBuildData/3dc69b736ae85a9fc34b95a7741547fc.xcbuilddata
CreateBuildDirectory /Users/admin/builder/spi-builder-workspace/.derivedData/SDKExplicitPrecompiledModules
cd /Users/admin/builder/spi-builder-workspace/.swiftpm/xcode
builtin-create-build-directory /Users/admin/builder/spi-builder-workspace/.derivedData/SDKExplicitPrecompiledModules
CreateBuildDirectory /Users/admin/builder/spi-builder-workspace/.derivedData/ModuleCache.noindex
cd /Users/admin/builder/spi-builder-workspace/.swiftpm/xcode
builtin-create-build-directory /Users/admin/builder/spi-builder-workspace/.derivedData/ModuleCache.noindex
CreateBuildDirectory /Users/admin/builder/spi-builder-workspace/.derivedData/CompilationCache.noindex
cd /Users/admin/builder/spi-builder-workspace/.swiftpm/xcode
builtin-create-build-directory /Users/admin/builder/spi-builder-workspace/.derivedData/CompilationCache.noindex
ClangStatCache /Applications/Xcode-27.0.0-Release.Candidate.app/Contents/Developer/Toolchains/XcodeDefault.xctoolchain/usr/bin/clang-stat-cache /Applications/Xcode-27.0.0-Release.Candidate.app/Contents/Developer/Platforms/XROS.platform/Developer/SDKs/XROS27.0.sdk /Users/admin/builder/spi-builder-workspace/.derivedData/SDKStatCaches.noindex/xros27.0-24M361-e829b21a6f8c9b70876ba0858053c044735bd543db762f57723cac368afd1ce4.sdkstatcache
cd /Users/admin/builder/spi-builder-workspace/.swiftpm/xcode
/Applications/Xcode-27.0.0-Release.Candidate.app/Contents/Developer/Toolchains/XcodeDefault.xctoolchain/usr/bin/clang-stat-cache /Applications/Xcode-27.0.0-Release.Candidate.app/Contents/Developer/Platforms/XROS.platform/Developer/SDKs/XROS27.0.sdk -o /Users/admin/builder/spi-builder-workspace/.derivedData/SDKStatCaches.noindex/xros27.0-24M361-e829b21a6f8c9b70876ba0858053c044735bd543db762f57723cac368afd1ce4.sdkstatcache
CreateBuildDirectory /Users/admin/builder/spi-builder-workspace/.derivedData/Build/Intermediates.noindex
cd /Users/admin/builder/spi-builder-workspace/.swiftpm/xcode
builtin-create-build-directory /Users/admin/builder/spi-builder-workspace/.derivedData/Build/Intermediates.noindex
CreateBuildDirectory /Users/admin/builder/spi-builder-workspace/.derivedData/Build/Products
cd /Users/admin/builder/spi-builder-workspace/.swiftpm/xcode
builtin-create-build-directory /Users/admin/builder/spi-builder-workspace/.derivedData/Build/Products
CreateBuildDirectory /Users/admin/builder/spi-builder-workspace/.derivedData/Build/Intermediates.noindex/SwiftExplicitPrecompiledModules
cd /Users/admin/builder/spi-builder-workspace/.swiftpm/xcode
builtin-create-build-directory /Users/admin/builder/spi-builder-workspace/.derivedData/Build/Intermediates.noindex/SwiftExplicitPrecompiledModules
CreateBuildDirectory /Users/admin/builder/spi-builder-workspace/.derivedData/Build/Intermediates.noindex/PrecompiledHeaders
cd /Users/admin/builder/spi-builder-workspace/.swiftpm/xcode
builtin-create-build-directory /Users/admin/builder/spi-builder-workspace/.derivedData/Build/Intermediates.noindex/PrecompiledHeaders
CreateBuildDirectory /Users/admin/builder/spi-builder-workspace/.derivedData/Build/Intermediates.noindex/ExplicitPrecompiledModules
cd /Users/admin/builder/spi-builder-workspace/.swiftpm/xcode
builtin-create-build-directory /Users/admin/builder/spi-builder-workspace/.derivedData/Build/Intermediates.noindex/ExplicitPrecompiledModules
CreateBuildDirectory /Users/admin/builder/spi-builder-workspace/.derivedData/Build/Intermediates.noindex/EagerLinkingTBDs/Debug-xros
cd /Users/admin/builder/spi-builder-workspace/.swiftpm/xcode
builtin-create-build-directory /Users/admin/builder/spi-builder-workspace/.derivedData/Build/Intermediates.noindex/EagerLinkingTBDs/Debug-xros
CreateBuildDirectory /Users/admin/builder/spi-builder-workspace/.derivedData/Build/Products/Debug-xros
cd /Users/admin/builder/spi-builder-workspace/.swiftpm/xcode
builtin-create-build-directory /Users/admin/builder/spi-builder-workspace/.derivedData/Build/Products/Debug-xros
CreateBuildDirectory /Users/admin/builder/spi-builder-workspace/.derivedData/Build/Products/Debug-xros/PackageFrameworks
cd /Users/admin/builder/spi-builder-workspace/.swiftpm/xcode
builtin-create-build-directory /Users/admin/builder/spi-builder-workspace/.derivedData/Build/Products/Debug-xros/PackageFrameworks
WriteAuxiliaryFile /Users/admin/builder/spi-builder-workspace/.derivedData/Build/Intermediates.noindex/Instantiate.build/Debug-xros/InstantiateStandard-t.build/InstantiateStandard.modulemap (in target 'InstantiateStandard' from project 'Instantiate')
cd /Users/admin/builder/spi-builder-workspace
write-file /Users/admin/builder/spi-builder-workspace/.derivedData/Build/Intermediates.noindex/Instantiate.build/Debug-xros/InstantiateStandard-t.build/InstantiateStandard.modulemap
WriteAuxiliaryFile /Users/admin/builder/spi-builder-workspace/.derivedData/Build/Intermediates.noindex/Instantiate.build/Debug-xros/InstantiateStandard-t.build/InstantiateStandard.DependencyStaticMetadataFileList (in target 'InstantiateStandard' from project 'Instantiate')
cd /Users/admin/builder/spi-builder-workspace
write-file /Users/admin/builder/spi-builder-workspace/.derivedData/Build/Intermediates.noindex/Instantiate.build/Debug-xros/InstantiateStandard-t.build/InstantiateStandard.DependencyStaticMetadataFileList
WriteAuxiliaryFile /Users/admin/builder/spi-builder-workspace/.derivedData/Build/Intermediates.noindex/Instantiate.build/Debug-xros/InstantiateStandard-t.build/InstantiateStandard.DependencyMetadataFileList (in target 'InstantiateStandard' from project 'Instantiate')
cd /Users/admin/builder/spi-builder-workspace
write-file /Users/admin/builder/spi-builder-workspace/.derivedData/Build/Intermediates.noindex/Instantiate.build/Debug-xros/InstantiateStandard-t.build/InstantiateStandard.DependencyMetadataFileList
WriteAuxiliaryFile /Users/admin/builder/spi-builder-workspace/.derivedData/Build/Intermediates.noindex/Instantiate.build/Debug-xros/InstantiateStandard-t.build/Objects-normal/arm64/InstantiateStandard-OutputFileMap.json (in target 'InstantiateStandard' from project 'Instantiate')
cd /Users/admin/builder/spi-builder-workspace
write-file /Users/admin/builder/spi-builder-workspace/.derivedData/Build/Intermediates.noindex/Instantiate.build/Debug-xros/InstantiateStandard-t.build/Objects-normal/arm64/InstantiateStandard-OutputFileMap.json
WriteAuxiliaryFile /Users/admin/builder/spi-builder-workspace/.derivedData/Build/Intermediates.noindex/Instantiate.build/Debug-xros/InstantiateStandard-t.build/Objects-normal/arm64/InstantiateStandard_const_extract_protocols.json (in target 'InstantiateStandard' from project 'Instantiate')
cd /Users/admin/builder/spi-builder-workspace
write-file /Users/admin/builder/spi-builder-workspace/.derivedData/Build/Intermediates.noindex/Instantiate.build/Debug-xros/InstantiateStandard-t.build/Objects-normal/arm64/InstantiateStandard_const_extract_protocols.json
WriteAuxiliaryFile /Users/admin/builder/spi-builder-workspace/.derivedData/Build/Intermediates.noindex/Instantiate.build/Debug-xros/InstantiateStandard-t.build/Objects-normal/arm64/InstantiateStandard.SwiftFileList (in target 'InstantiateStandard' from project 'Instantiate')
cd /Users/admin/builder/spi-builder-workspace
write-file /Users/admin/builder/spi-builder-workspace/.derivedData/Build/Intermediates.noindex/Instantiate.build/Debug-xros/InstantiateStandard-t.build/Objects-normal/arm64/InstantiateStandard.SwiftFileList
WriteAuxiliaryFile /Users/admin/builder/spi-builder-workspace/.derivedData/Build/Intermediates.noindex/Instantiate.build/Debug-xros/InstantiateStandard-t.build/Objects-normal/arm64/InstantiateStandard.LinkFileList (in target 'InstantiateStandard' from project 'Instantiate')
cd /Users/admin/builder/spi-builder-workspace
write-file /Users/admin/builder/spi-builder-workspace/.derivedData/Build/Intermediates.noindex/Instantiate.build/Debug-xros/InstantiateStandard-t.build/Objects-normal/arm64/InstantiateStandard.LinkFileList
WriteAuxiliaryFile /Users/admin/builder/spi-builder-workspace/.derivedData/Build/Intermediates.noindex/Instantiate.build/Debug-xros/InstantiateStandard-t.build/Objects-normal/arm64/InstantiateStandard.SwiftConstValuesFileList (in target 'InstantiateStandard' from project 'Instantiate')
cd /Users/admin/builder/spi-builder-workspace
write-file /Users/admin/builder/spi-builder-workspace/.derivedData/Build/Intermediates.noindex/Instantiate.build/Debug-xros/InstantiateStandard-t.build/Objects-normal/arm64/InstantiateStandard.SwiftConstValuesFileList
WriteAuxiliaryFile /Users/admin/builder/spi-builder-workspace/.derivedData/Build/Intermediates.noindex/Instantiate.build/Debug-xros/Instantiate-t.build/Objects-normal/arm64/Instantiate_const_extract_protocols.json (in target 'Instantiate' from project 'Instantiate')
cd /Users/admin/builder/spi-builder-workspace
write-file /Users/admin/builder/spi-builder-workspace/.derivedData/Build/Intermediates.noindex/Instantiate.build/Debug-xros/Instantiate-t.build/Objects-normal/arm64/Instantiate_const_extract_protocols.json
WriteAuxiliaryFile /Users/admin/builder/spi-builder-workspace/.derivedData/Build/Intermediates.noindex/Instantiate.build/Debug-xros/Instantiate-t.build/Objects-normal/arm64/Instantiate.SwiftFileList (in target 'Instantiate' from project 'Instantiate')
cd /Users/admin/builder/spi-builder-workspace
write-file /Users/admin/builder/spi-builder-workspace/.derivedData/Build/Intermediates.noindex/Instantiate.build/Debug-xros/Instantiate-t.build/Objects-normal/arm64/Instantiate.SwiftFileList
WriteAuxiliaryFile /Users/admin/builder/spi-builder-workspace/.derivedData/Build/Intermediates.noindex/Instantiate.build/Debug-xros/Instantiate-t.build/Objects-normal/arm64/Instantiate.SwiftConstValuesFileList (in target 'Instantiate' from project 'Instantiate')
cd /Users/admin/builder/spi-builder-workspace
write-file /Users/admin/builder/spi-builder-workspace/.derivedData/Build/Intermediates.noindex/Instantiate.build/Debug-xros/Instantiate-t.build/Objects-normal/arm64/Instantiate.SwiftConstValuesFileList
WriteAuxiliaryFile /Users/admin/builder/spi-builder-workspace/.derivedData/Build/Intermediates.noindex/Instantiate.build/Debug-xros/Instantiate-t.build/Objects-normal/arm64/Instantiate-OutputFileMap.json (in target 'Instantiate' from project 'Instantiate')
cd /Users/admin/builder/spi-builder-workspace
write-file /Users/admin/builder/spi-builder-workspace/.derivedData/Build/Intermediates.noindex/Instantiate.build/Debug-xros/Instantiate-t.build/Objects-normal/arm64/Instantiate-OutputFileMap.json
WriteAuxiliaryFile /Users/admin/builder/spi-builder-workspace/.derivedData/Build/Intermediates.noindex/Instantiate.build/Debug-xros/Instantiate-t.build/Objects-normal/arm64/Instantiate.LinkFileList (in target 'Instantiate' from project 'Instantiate')
cd /Users/admin/builder/spi-builder-workspace
write-file /Users/admin/builder/spi-builder-workspace/.derivedData/Build/Intermediates.noindex/Instantiate.build/Debug-xros/Instantiate-t.build/Objects-normal/arm64/Instantiate.LinkFileList
WriteAuxiliaryFile /Users/admin/builder/spi-builder-workspace/.derivedData/Build/Intermediates.noindex/Instantiate.build/Debug-xros/Instantiate-t.build/Instantiate.modulemap (in target 'Instantiate' from project 'Instantiate')
cd /Users/admin/builder/spi-builder-workspace
write-file /Users/admin/builder/spi-builder-workspace/.derivedData/Build/Intermediates.noindex/Instantiate.build/Debug-xros/Instantiate-t.build/Instantiate.modulemap
WriteAuxiliaryFile /Users/admin/builder/spi-builder-workspace/.derivedData/Build/Intermediates.noindex/Instantiate.build/Debug-xros/Instantiate-t.build/Instantiate.DependencyStaticMetadataFileList (in target 'Instantiate' from project 'Instantiate')
cd /Users/admin/builder/spi-builder-workspace
write-file /Users/admin/builder/spi-builder-workspace/.derivedData/Build/Intermediates.noindex/Instantiate.build/Debug-xros/Instantiate-t.build/Instantiate.DependencyStaticMetadataFileList
WriteAuxiliaryFile /Users/admin/builder/spi-builder-workspace/.derivedData/Build/Intermediates.noindex/Instantiate.build/Debug-xros/Instantiate-t.build/Instantiate.DependencyMetadataFileList (in target 'Instantiate' from project 'Instantiate')
cd /Users/admin/builder/spi-builder-workspace
write-file /Users/admin/builder/spi-builder-workspace/.derivedData/Build/Intermediates.noindex/Instantiate.build/Debug-xros/Instantiate-t.build/Instantiate.DependencyMetadataFileList
Copy /Users/admin/builder/spi-builder-workspace/.derivedData/Build/Intermediates.noindex/GeneratedModuleMaps-xros/InstantiateStandard.modulemap /Users/admin/builder/spi-builder-workspace/.derivedData/Build/Intermediates.noindex/Instantiate.build/Debug-xros/InstantiateStandard-t.build/InstantiateStandard.modulemap (in target 'InstantiateStandard' from project 'Instantiate')
cd /Users/admin/builder/spi-builder-workspace
builtin-copy -exclude .DS_Store -exclude CVS -exclude .svn -exclude .git -exclude .hg -resolve-src-symlinks /Users/admin/builder/spi-builder-workspace/.derivedData/Build/Intermediates.noindex/Instantiate.build/Debug-xros/InstantiateStandard-t.build/InstantiateStandard.modulemap /Users/admin/builder/spi-builder-workspace/.derivedData/Build/Intermediates.noindex/GeneratedModuleMaps-xros
Copy /Users/admin/builder/spi-builder-workspace/.derivedData/Build/Intermediates.noindex/GeneratedModuleMaps-xros/Instantiate.modulemap /Users/admin/builder/spi-builder-workspace/.derivedData/Build/Intermediates.noindex/Instantiate.build/Debug-xros/Instantiate-t.build/Instantiate.modulemap (in target 'Instantiate' from project 'Instantiate')
cd /Users/admin/builder/spi-builder-workspace
builtin-copy -exclude .DS_Store -exclude CVS -exclude .svn -exclude .git -exclude .hg -resolve-src-symlinks /Users/admin/builder/spi-builder-workspace/.derivedData/Build/Intermediates.noindex/Instantiate.build/Debug-xros/Instantiate-t.build/Instantiate.modulemap /Users/admin/builder/spi-builder-workspace/.derivedData/Build/Intermediates.noindex/GeneratedModuleMaps-xros
SwiftDriver Instantiate normal arm64 com.apple.xcode.tools.swift.compiler (in target 'Instantiate' from project 'Instantiate')
cd /Users/admin/builder/spi-builder-workspace/.swiftpm/xcode
builtin-SwiftDriver -- /Applications/Xcode-27.0.0-Release.Candidate.app/Contents/Developer/Toolchains/XcodeDefault.xctoolchain/usr/bin/swiftc -parse-as-library -module-name Instantiate -Onone @/Users/admin/builder/spi-builder-workspace/.derivedData/Build/Intermediates.noindex/Instantiate.build/Debug-xros/Instantiate-t.build/Objects-normal/arm64/Instantiate.SwiftFileList -DSWIFT_PACKAGE -DDEBUG -DSWIFT_MODULE_RESOURCE_BUNDLE_UNAVAILABLE -DXcode -plugin-path /Applications/Xcode-27.0.0-Release.Candidate.app/Contents/Developer/Toolchains/XcodeDefault.xctoolchain/usr/lib/swift/host/plugins/testing -enable-experimental-feature DebugDescriptionMacro -sdk /Applications/Xcode-27.0.0-Release.Candidate.app/Contents/Developer/Platforms/XROS.platform/Developer/SDKs/XROS27.0.sdk -target arm64-apple-xros1.0 -g -module-cache-path /Users/admin/builder/spi-builder-workspace/.derivedData/ModuleCache.noindex -Xfrontend -serialize-debugging-options -profile-coverage-mapping -profile-generate -enable-testing -index-store-path /Users/admin/builder/spi-builder-workspace/.derivedData/Index.noindex/DataStore -Xcc -D_LIBCPP_HARDENING_MODE\=_LIBCPP_HARDENING_MODE_DEBUG -swift-version 5 -I /Users/admin/builder/spi-builder-workspace/.derivedData/Build/Products/Debug-xros -Isystem /Applications/Xcode-27.0.0-Release.Candidate.app/Contents/Developer/Platforms/XROS.platform/Developer/usr/lib -F /Users/admin/builder/spi-builder-workspace/.derivedData/Build/Products/Debug-xros -F /Applications/Xcode-27.0.0-Release.Candidate.app/Contents/Developer/Platforms/XROS.platform/Developer/Library/Frameworks -F /Applications/Xcode-27.0.0-Release.Candidate.app/Contents/Developer/Platforms/XROS.platform/Developer/SDKs/XROS27.0.sdk/Developer/Library/Frameworks -c -j10 -enable-batch-mode -incremental -Xcc -ivfsstatcache -Xcc /Users/admin/builder/spi-builder-workspace/.derivedData/SDKStatCaches.noindex/xros27.0-24M361-e829b21a6f8c9b70876ba0858053c044735bd543db762f57723cac368afd1ce4.sdkstatcache -output-file-map /Users/admin/builder/spi-builder-workspace/.derivedData/Build/Intermediates.noindex/Instantiate.build/Debug-xros/Instantiate-t.build/Objects-normal/arm64/Instantiate-OutputFileMap.json -save-temps -no-color-diagnostics -explicit-module-build -module-cache-path /Users/admin/builder/spi-builder-workspace/.derivedData/Build/Intermediates.noindex/SwiftExplicitPrecompiledModules -clang-scanner-module-cache-path /Users/admin/builder/spi-builder-workspace/.derivedData/ModuleCache.noindex -sdk-module-cache-path /Users/admin/builder/spi-builder-workspace/.derivedData/SDKExplicitPrecompiledModules -emit-dependencies -emit-module -emit-module-path /Users/admin/builder/spi-builder-workspace/.derivedData/Build/Intermediates.noindex/Instantiate.build/Debug-xros/Instantiate-t.build/Objects-normal/arm64/Instantiate.swiftmodule -serialize-diagnostics -dependency-scan-serialize-diagnostics-path /Users/admin/builder/spi-builder-workspace/.derivedData/Build/Intermediates.noindex/Instantiate.build/Debug-xros/Instantiate-t.build/Objects-normal/arm64/Instantiate-dependency-scan.dia -validate-clang-modules-once -clang-build-session-file /Users/admin/builder/spi-builder-workspace/.derivedData/ModuleCache.noindex/Session.modulevalidation -Xcc -fmodules-prune-interval\=86400 -Xcc -fmodules-prune-after\=345600 -emit-const-values -const-gather-protocols-list /Users/admin/builder/spi-builder-workspace/.derivedData/Build/Intermediates.noindex/Instantiate.build/Debug-xros/Instantiate-t.build/Objects-normal/arm64/Instantiate_const_extract_protocols.json -Xcc -I/Users/admin/builder/spi-builder-workspace/.derivedData/Build/Products/Debug-xros/include -Xcc -I/Users/admin/builder/spi-builder-workspace/.derivedData/Build/Intermediates.noindex/Instantiate.build/Debug-xros/Instantiate-t.build/DerivedSources-normal/arm64 -Xcc -I/Users/admin/builder/spi-builder-workspace/.derivedData/Build/Intermediates.noindex/Instantiate.build/Debug-xros/Instantiate-t.build/DerivedSources/arm64 -Xcc -I/Users/admin/builder/spi-builder-workspace/.derivedData/Build/Intermediates.noindex/Instantiate.build/Debug-xros/Instantiate-t.build/DerivedSources -Xcc -DSWIFT_PACKAGE -Xcc -DDEBUG\=1 -emit-objc-header -emit-objc-header-path /Users/admin/builder/spi-builder-workspace/.derivedData/Build/Intermediates.noindex/Instantiate.build/Debug-xros/Instantiate-t.build/Objects-normal/arm64/Instantiate-Swift.h -working-directory /Users/admin/builder/spi-builder-workspace/.swiftpm/xcode -experimental-emit-module-separately -disable-cmo
SwiftExplicitDependencyGeneratePcm arm64 /Users/admin/builder/spi-builder-workspace/.derivedData/SDKExplicitPrecompiledModules/SwiftShims-CI4H5RO9IYFFWQ2COB512Q2S9.pcm
SwiftExplicitDependencyGeneratePcm arm64 /Users/admin/builder/spi-builder-workspace/.derivedData/SDKExplicitPrecompiledModules/ptrauth-1WBA714DZSVUL5JQDJ08CLKZ.pcm
SwiftExplicitDependencyGeneratePcm arm64 /Users/admin/builder/spi-builder-workspace/.derivedData/SDKExplicitPrecompiledModules/_Builtin_stdbool-5BU2ADS7JXQMYENKQHW9X8XOU.pcm
SwiftExplicitDependencyGeneratePcm arm64 /Users/admin/builder/spi-builder-workspace/.derivedData/SDKExplicitPrecompiledModules/_Builtin_float-6WKHNW5S40U2QGHXXGETUDIRA.pcm
SwiftExplicitDependencyGeneratePcm arm64 /Users/admin/builder/spi-builder-workspace/.derivedData/SDKExplicitPrecompiledModules/_SwiftConcurrencyShims-C8XHKSHX96D5YYALNM4W70Z0O.pcm
SwiftExplicitDependencyGeneratePcm arm64 /Users/admin/builder/spi-builder-workspace/.derivedData/SDKExplicitPrecompiledModules/_Builtin_stdarg-CDA349K2K4US766844K8E0PVA.pcm
SwiftExplicitDependencyGeneratePcm arm64 /Users/admin/builder/spi-builder-workspace/.derivedData/SDKExplicitPrecompiledModules/_AvailabilityInternal-1Q8IQP6M38UWSGZ95UCEY2M44.pcm
SwiftExplicitDependencyGeneratePcm arm64 /Users/admin/builder/spi-builder-workspace/.derivedData/SDKExplicitPrecompiledModules/ptrcheck-BXA97MNLI4BB0HF5I8MJE403D.pcm
SwiftExplicitDependencyGeneratePcm arm64 /Users/admin/builder/spi-builder-workspace/.derivedData/SDKExplicitPrecompiledModules/_Builtin_stddef-5NQ9Z1GV07GBSRQGAQCGXGVRI.pcm
SwiftExplicitDependencyGeneratePcm arm64 /Users/admin/builder/spi-builder-workspace/.derivedData/SDKExplicitPrecompiledModules/_DarwinFoundation1-5RGRVV2TZ6WC4WZW5IXF8NQ04.pcm
SwiftExplicitDependencyGeneratePcm arm64 /Users/admin/builder/spi-builder-workspace/.derivedData/SDKExplicitPrecompiledModules/_Builtin_limits-425JDMN5HPM3D0UEI8LEHP6NM.pcm
SwiftExplicitDependencyGeneratePcm arm64 /Users/admin/builder/spi-builder-workspace/.derivedData/SDKExplicitPrecompiledModules/_DarwinFoundation2-ENTECK156YEWITZRRBTOCE4KR.pcm
SwiftExplicitDependencyGeneratePcm arm64 /Users/admin/builder/spi-builder-workspace/.derivedData/SDKExplicitPrecompiledModules/sys_types-AYM0BHR77VKMWZCO2T0XGV2HF.pcm
SwiftExplicitDependencyGeneratePcm arm64 /Users/admin/builder/spi-builder-workspace/.derivedData/SDKExplicitPrecompiledModules/_Builtin_stdint-8OR6T47OOYJA90ZBO3N1USDE.pcm
SwiftExplicitDependencyGeneratePcm arm64 /Users/admin/builder/spi-builder-workspace/.derivedData/SDKExplicitPrecompiledModules/string_h-2GT67HHHHK5CF1V1S31LH0PU2.pcm
SwiftExplicitDependencyGeneratePcm arm64 /Users/admin/builder/spi-builder-workspace/.derivedData/SDKExplicitPrecompiledModules/_DarwinFoundation3-9ZHN6JKBS40BBA81RQMV8H0IC.pcm
SwiftExplicitDependencyGeneratePcm arm64 /Users/admin/builder/spi-builder-workspace/.derivedData/SDKExplicitPrecompiledModules/_Builtin_inttypes-11B64KJD36B3YOHBR1BBXBJY8.pcm
SwiftExplicitDependencyGeneratePcm arm64 /Users/admin/builder/spi-builder-workspace/.derivedData/SDKExplicitPrecompiledModules/Darwin-60P5LVNQO3ESRRM5DCJ05PFNK.pcm
SwiftExplicitDependencyGeneratePcm arm64 /Users/admin/builder/spi-builder-workspace/.derivedData/SDKExplicitPrecompiledModules/ObjectiveC-26TIBFYCEJZVP216ZZAU1X8KN.pcm
SwiftExplicitDependencyGeneratePcm arm64 /Users/admin/builder/spi-builder-workspace/.derivedData/SDKExplicitPrecompiledModules/os_object-692CJ8BG6RE5H04487EJJOVXW.pcm
SwiftExplicitDependencyGeneratePcm arm64 /Users/admin/builder/spi-builder-workspace/.derivedData/SDKExplicitPrecompiledModules/os_workgroup-4U1VXMWIZD80E7PRUQF2G7P9X.pcm
SwiftExplicitDependencyGeneratePcm arm64 /Users/admin/builder/spi-builder-workspace/.derivedData/SDKExplicitPrecompiledModules/Dispatch-CLT3466HKC22GCKAWSCNG0H7T.pcm
SwiftExplicitDependencyGeneratePcm arm64 /Users/admin/builder/spi-builder-workspace/.derivedData/SDKExplicitPrecompiledModules/XPC-EP5EU7FNGP4VOA3EDM18P1KHO.pcm
SwiftExplicitDependencyGeneratePcm arm64 /Users/admin/builder/spi-builder-workspace/.derivedData/SDKExplicitPrecompiledModules/CoreFoundation-AVLTZVCXBU2TO75JCN4AGU8XJ.pcm
SwiftExplicitDependencyGeneratePcm arm64 /Users/admin/builder/spi-builder-workspace/.derivedData/SDKExplicitPrecompiledModules/CFNetwork-5MI70N1VLDQSWTX4COWLMSIRO.pcm
SwiftExplicitDependencyGeneratePcm arm64 /Users/admin/builder/spi-builder-workspace/.derivedData/SDKExplicitPrecompiledModules/Security-8TH2M8WJIQMET4SADWX0N8372.pcm
SwiftExplicitDependencyGeneratePcm arm64 /Users/admin/builder/spi-builder-workspace/.derivedData/SDKExplicitPrecompiledModules/Foundation-8GON1KVEKRN3NOQI8RETBRWJP.pcm
SwiftEmitModule normal arm64 Emitting\ module\ for\ Instantiate (in target 'Instantiate' from project 'Instantiate')
/Users/admin/builder/spi-builder-workspace/Sources/Instantiate/Nib.swift:28:25: error: cannot find type 'NibName' in scope
26 |
27 | public protocol NibType {
28 | static var nibName: NibName { get }
| `- error: cannot find type 'NibName' in scope
29 | static var nibBundle: Bundle { get }
30 | static var nib: Nib { get }
/Users/admin/builder/spi-builder-workspace/Sources/Instantiate/Nib.swift:30:21: error: cannot find type 'Nib' in scope
28 | static var nibName: NibName { get }
29 | static var nibBundle: Bundle { get }
30 | static var nib: Nib { get }
| `- error: cannot find type 'Nib' in scope
31 | }
32 |
/Users/admin/builder/spi-builder-workspace/Sources/Instantiate/Nib.swift:38:21: error: cannot find type 'Nib' in scope
36 | }
37 |
38 | static var nib: Nib {
| `- error: cannot find type 'Nib' in scope
39 | #if os(iOS) || os(tvOS)
40 | return Nib(nibName: nibName, bundle: nibBundle)
/Users/admin/builder/spi-builder-workspace/Sources/Instantiate/Storyboard.swift:28:32: error: cannot find type 'StoryboardName' in scope
26 |
27 | public protocol StoryboardType {
28 | static var storyboardName: StoryboardName { get }
| `- error: cannot find type 'StoryboardName' in scope
29 | static var storyboardBundle: Bundle { get }
30 | static var storyboard: Storyboard { get }
/Users/admin/builder/spi-builder-workspace/Sources/Instantiate/Storyboard.swift:30:28: error: cannot find type 'Storyboard' in scope
28 | static var storyboardName: StoryboardName { get }
29 | static var storyboardBundle: Bundle { get }
30 | static var storyboard: Storyboard { get }
| `- error: cannot find type 'Storyboard' in scope
31 | }
32 |
/Users/admin/builder/spi-builder-workspace/Sources/Instantiate/Storyboard.swift:38:28: error: cannot find type 'Storyboard' in scope
36 | }
37 |
38 | static var storyboard: Storyboard {
| `- error: cannot find type 'Storyboard' in scope
39 | return Storyboard(name: storyboardName, bundle: storyboardBundle)
40 | }
/Users/admin/builder/spi-builder-workspace/Sources/Instantiate/Storyboard.swift:45:21: error: cannot find type 'StoryboardSceneIdentifier' in scope
43 | public enum InstantiateSource {
44 | case initial
45 | case identifier(StoryboardSceneIdentifier)
| `- error: cannot find type 'StoryboardSceneIdentifier' in scope
46 | }
47 |
Failed frontend command:
SwiftCompile normal arm64 (in target 'Instantiate' from project 'Instantiate')
cd /Users/admin/builder/spi-builder-workspace/.swiftpm/xcode
/Applications/Xcode-27.0.0-Release.Candidate.app/Contents/Developer/Toolchains/XcodeDefault.xctoolchain/usr/bin/swift-frontend -frontend -emit-module -experimental-skip-non-inlinable-function-bodies-without-types /Users/admin/builder/spi-builder-workspace/Sources/Instantiate/Deprecated.swift /Users/admin/builder/spi-builder-workspace/Sources/Instantiate/Identifier.swift /Users/admin/builder/spi-builder-workspace/Sources/Instantiate/Injectable.swift /Users/admin/builder/spi-builder-workspace/Sources/Instantiate/Instantiatable.swift /Users/admin/builder/spi-builder-workspace/Sources/Instantiate/Nib.swift /Users/admin/builder/spi-builder-workspace/Sources/Instantiate/Reusable.swift /Users/admin/builder/spi-builder-workspace/Sources/Instantiate/Storyboard.swift /Users/admin/builder/spi-builder-workspace/Sources/Instantiate/ViewLoadBeforeInject.swift /Users/admin/builder/spi-builder-workspace/Sources/Instantiate/iOS/Nib+UIView.swift /Users/admin/builder/spi-builder-workspace/Sources/Instantiate/iOS/Nib+UIViewController.swift /Users/admin/builder/spi-builder-workspace/Sources/Instantiate/iOS/Reusable+UICollectionView.swift /Users/admin/builder/spi-builder-workspace/Sources/Instantiate/iOS/Reusable+UITableView.swift /Users/admin/builder/spi-builder-workspace/Sources/Instantiate/iOS/Storyboard+UIViewController.swift /Users/admin/builder/spi-builder-workspace/Sources/Instantiate/macOS/Nib+NSView.swift /Users/admin/builder/spi-builder-workspace/Sources/Instantiate/macOS/Nib+NSViewController.swift /Users/admin/builder/spi-builder-workspace/Sources/Instantiate/macOS/Reusable+NSCollectionView.swift /Users/admin/builder/spi-builder-workspace/Sources/Instantiate/macOS/Reusable+NSTableView.swift /Users/admin/builder/spi-builder-workspace/Sources/Instantiate/macOS/Storyboard+NSViewController.swift -target arm64-apple-xros1.0 -disable-cross-import-overlay-search -load-resolved-plugin /Applications/Xcode-27.0.0-Release.Candidate.app/Contents/Developer/Platforms/XROS.platform/Developer/usr/lib/swift/host/plugins/libFoundationMacros.dylib\#/Applications/Xcode-27.0.0-Release.Candidate.app/Contents/Developer/Platforms/XROS.platform/Developer/usr/bin/swift-plugin-server\#FoundationMacros -load-resolved-plugin /Applications/Xcode-27.0.0-Release.Candidate.app/Contents/Developer/Platforms/XROS.platform/Developer/usr/lib/swift/host/plugins/libObservationMacros.dylib\#/Applications/Xcode-27.0.0-Release.Candidate.app/Contents/Developer/Platforms/XROS.platform/Developer/usr/bin/swift-plugin-server\#ObservationMacros -load-resolved-plugin /Applications/Xcode-27.0.0-Release.Candidate.app/Contents/Developer/Platforms/XROS.platform/Developer/usr/lib/swift/host/plugins/libSwiftMacros.dylib\#/Applications/Xcode-27.0.0-Release.Candidate.app/Contents/Developer/Platforms/XROS.platform/Developer/usr/bin/swift-plugin-server\#SwiftMacros -disable-implicit-swift-modules -Xcc -fno-implicit-modules -Xcc -fno-implicit-module-maps -explicit-swift-module-map-file /Users/admin/builder/spi-builder-workspace/.derivedData/Build/Intermediates.noindex/Instantiate.build/Debug-xros/Instantiate-t.build/Objects-normal/arm64/Instantiate-dependencies-1.json -Xllvm -aarch64-use-tbi -enable-objc-interop -stack-check -sdk /Applications/Xcode-27.0.0-Release.Candidate.app/Contents/Developer/Platforms/XROS.platform/Developer/SDKs/XROS27.0.sdk -I /Users/admin/builder/spi-builder-workspace/.derivedData/Build/Products/Debug-xros -Isystem /Applications/Xcode-27.0.0-Release.Candidate.app/Contents/Developer/Platforms/XROS.platform/Developer/usr/lib -F /Users/admin/builder/spi-builder-workspace/.derivedData/Build/Products/Debug-xros -F /Applications/Xcode-27.0.0-Release.Candidate.app/Contents/Developer/Platforms/XROS.platform/Developer/Library/Frameworks -F /Applications/Xcode-27.0.0-Release.Candidate.app/Contents/Developer/Platforms/XROS.platform/Developer/SDKs/XROS27.0.sdk/Developer/Library/Frameworks -module-cache-path /Users/admin/builder/spi-builder-workspace/.derivedData/Build/Intermediates.noindex/SwiftExplicitPrecompiledModules -no-color-diagnostics -Xcc -fno-color-diagnostics -enable-testing -g -debug-info-format\=dwarf -dwarf-version\=4 -profile-generate -profile-coverage-mapping -swift-version 5 -Onone -D SWIFT_PACKAGE -D DEBUG -D SWIFT_MODULE_RESOURCE_BUNDLE_UNAVAILABLE -D Xcode -serialize-debugging-options -enable-experimental-feature DebugDescriptionMacro -empty-abi-descriptor -validate-clang-modules-once -clang-build-session-file /Users/admin/builder/spi-builder-workspace/.derivedData/ModuleCache.noindex/Session.modulevalidation -Xcc -working-directory -Xcc /Users/admin/builder/spi-builder-workspace/.swiftpm/xcode -enable-anonymous-context-mangled-names -file-compilation-dir /Users/admin/builder/spi-builder-workspace/.swiftpm/xcode -Xcc -D_LIBCPP_HARDENING_MODE\=_LIBCPP_HARDENING_MODE_DEBUG -Xcc -ivfsstatcache -Xcc /Users/admin/builder/spi-builder-workspace/.derivedData/SDKStatCaches.noindex/xros27.0-24M361-e829b21a6f8c9b70876ba0858053c044735bd543db762f57723cac368afd1ce4.sdkstatcache -Xcc -fmodules-prune-interval\=86400 -Xcc -fmodules-prune-after\=345600 -Xcc -I/Users/admin/builder/spi-builder-workspace/.derivedData/Build/Products/Debug-xros/include -Xcc -I/Users/admin/builder/spi-builder-workspace/.derivedData/Build/Intermediates.noindex/Instantiate.build/Debug-xros/Instantiate-t.build/DerivedSources-normal/arm64 -Xcc -I/Users/admin/builder/spi-builder-workspace/.derivedData/Build/Intermediates.noindex/Instantiate.build/Debug-xros/Instantiate-t.build/DerivedSources/arm64 -Xcc -I/Users/admin/builder/spi-builder-workspace/.derivedData/Build/Intermediates.noindex/Instantiate.build/Debug-xros/Instantiate-t.build/DerivedSources -Xcc -DSWIFT_PACKAGE -Xcc -DDEBUG\=1 -no-auto-bridging-header-chaining -module-name Instantiate -const-gather-protocols-file /Users/admin/builder/spi-builder-workspace/.derivedData/Build/Intermediates.noindex/Instantiate.build/Debug-xros/Instantiate-t.build/Objects-normal/arm64/Instantiate_const_extract_protocols.json -disable-clang-spi -clang-target arm64-apple-xros27.0 -target-sdk-version 27.0 -target-sdk-name xros27.0 -in-process-plugin-server-path /Applications/Xcode-27.0.0-Release.Candidate.app/Contents/Developer/Toolchains/XcodeDefault.xctoolchain/usr/lib/swift/host/libSwiftInProcPluginServer.dylib -emit-module-doc-path /Users/admin/builder/spi-builder-workspace/.derivedData/Build/Intermediates.noindex/Instantiate.build/Debug-xros/Instantiate-t.build/Objects-normal/arm64/Instantiate.swiftdoc -emit-module-source-info-path /Users/admin/builder/spi-builder-workspace/.derivedData/Build/Intermediates.noindex/Instantiate.build/Debug-xros/Instantiate-t.build/Objects-normal/arm64/Instantiate.swiftsourceinfo -emit-objc-header-path /Users/admin/builder/spi-builder-workspace/.derivedData/Build/Intermediates.noindex/Instantiate.build/Debug-xros/Instantiate-t.build/Objects-normal/arm64/Instantiate-Swift.h -serialize-diagnostics-path /Users/admin/builder/spi-builder-workspace/.derivedData/Build/Intermediates.noindex/Instantiate.build/Debug-xros/Instantiate-t.build/Objects-normal/arm64/Instantiate-primary-emit-module.dia -emit-dependencies-path /Users/admin/builder/spi-builder-workspace/.derivedData/Build/Intermediates.noindex/Instantiate.build/Debug-xros/Instantiate-t.build/Objects-normal/arm64/Instantiate-primary-emit-module.d -parse-as-library -o /Users/admin/builder/spi-builder-workspace/.derivedData/Build/Intermediates.noindex/Instantiate.build/Debug-xros/Instantiate-t.build/Objects-normal/arm64/Instantiate.swiftmodule -emit-abi-descriptor-path /Users/admin/builder/spi-builder-workspace/.derivedData/Build/Intermediates.noindex/Instantiate.build/Debug-xros/Instantiate-t.build/Objects-normal/arm64/Instantiate.abi.json
SwiftCompile normal arm64 Compiling\ Reusable+NSTableView.swift /Users/admin/builder/spi-builder-workspace/Sources/Instantiate/macOS/Reusable+NSTableView.swift (in target 'Instantiate' from project 'Instantiate')
SwiftCompile normal arm64 /Users/admin/builder/spi-builder-workspace/Sources/Instantiate/macOS/Reusable+NSTableView.swift (in target 'Instantiate' from project 'Instantiate')
cd /Users/admin/builder/spi-builder-workspace/.swiftpm/xcode
builtin-SwiftPerFileCompile Reusable+NSTableView.swift
SwiftCompile normal arm64 Compiling\ Nib+NSViewController.swift,\ Reusable+NSCollectionView.swift /Users/admin/builder/spi-builder-workspace/Sources/Instantiate/macOS/Nib+NSViewController.swift /Users/admin/builder/spi-builder-workspace/Sources/Instantiate/macOS/Reusable+NSCollectionView.swift (in target 'Instantiate' from project 'Instantiate')
SwiftCompile normal arm64 /Users/admin/builder/spi-builder-workspace/Sources/Instantiate/macOS/Nib+NSViewController.swift (in target 'Instantiate' from project 'Instantiate')
cd /Users/admin/builder/spi-builder-workspace/.swiftpm/xcode
builtin-SwiftPerFileCompile Nib+NSViewController.swift
SwiftCompile normal arm64 /Users/admin/builder/spi-builder-workspace/Sources/Instantiate/macOS/Reusable+NSCollectionView.swift (in target 'Instantiate' from project 'Instantiate')
cd /Users/admin/builder/spi-builder-workspace/.swiftpm/xcode
builtin-SwiftPerFileCompile Reusable+NSCollectionView.swift
SwiftCompile normal arm64 Compiling\ Storyboard+NSViewController.swift /Users/admin/builder/spi-builder-workspace/Sources/Instantiate/macOS/Storyboard+NSViewController.swift (in target 'Instantiate' from project 'Instantiate')
SwiftCompile normal arm64 /Users/admin/builder/spi-builder-workspace/Sources/Instantiate/macOS/Storyboard+NSViewController.swift (in target 'Instantiate' from project 'Instantiate')
cd /Users/admin/builder/spi-builder-workspace/.swiftpm/xcode
builtin-SwiftPerFileCompile Storyboard+NSViewController.swift
SwiftCompile normal arm64 Compiling\ Reusable+UICollectionView.swift,\ Reusable+UITableView.swift /Users/admin/builder/spi-builder-workspace/Sources/Instantiate/iOS/Reusable+UICollectionView.swift /Users/admin/builder/spi-builder-workspace/Sources/Instantiate/iOS/Reusable+UITableView.swift (in target 'Instantiate' from project 'Instantiate')
SwiftCompile normal arm64 /Users/admin/builder/spi-builder-workspace/Sources/Instantiate/iOS/Reusable+UICollectionView.swift (in target 'Instantiate' from project 'Instantiate')
cd /Users/admin/builder/spi-builder-workspace/.swiftpm/xcode
builtin-SwiftPerFileCompile Reusable+UICollectionView.swift
SwiftCompile normal arm64 /Users/admin/builder/spi-builder-workspace/Sources/Instantiate/iOS/Reusable+UITableView.swift (in target 'Instantiate' from project 'Instantiate')
cd /Users/admin/builder/spi-builder-workspace/.swiftpm/xcode
builtin-SwiftPerFileCompile Reusable+UITableView.swift
SwiftCompile normal arm64 Compiling\ Storyboard.swift,\ ViewLoadBeforeInject.swift /Users/admin/builder/spi-builder-workspace/Sources/Instantiate/Storyboard.swift /Users/admin/builder/spi-builder-workspace/Sources/Instantiate/ViewLoadBeforeInject.swift (in target 'Instantiate' from project 'Instantiate')
/Users/admin/builder/spi-builder-workspace/Sources/Instantiate/Storyboard.swift:28:32: error: cannot find type 'StoryboardName' in scope
26 |
27 | public protocol StoryboardType {
28 | static var storyboardName: StoryboardName { get }
| `- error: cannot find type 'StoryboardName' in scope
29 | static var storyboardBundle: Bundle { get }
30 | static var storyboard: Storyboard { get }
/Users/admin/builder/spi-builder-workspace/Sources/Instantiate/Storyboard.swift:30:28: error: cannot find type 'Storyboard' in scope
28 | static var storyboardName: StoryboardName { get }
29 | static var storyboardBundle: Bundle { get }
30 | static var storyboard: Storyboard { get }
| `- error: cannot find type 'Storyboard' in scope
31 | }
32 |
/Users/admin/builder/spi-builder-workspace/Sources/Instantiate/Storyboard.swift:38:28: error: cannot find type 'Storyboard' in scope
36 | }
37 |
38 | static var storyboard: Storyboard {
| `- error: cannot find type 'Storyboard' in scope
39 | return Storyboard(name: storyboardName, bundle: storyboardBundle)
40 | }
/Users/admin/builder/spi-builder-workspace/Sources/Instantiate/Storyboard.swift:45:21: error: cannot find type 'StoryboardSceneIdentifier' in scope
43 | public enum InstantiateSource {
44 | case initial
45 | case identifier(StoryboardSceneIdentifier)
| `- error: cannot find type 'StoryboardSceneIdentifier' in scope
46 | }
47 |
SwiftCompile normal arm64 /Users/admin/builder/spi-builder-workspace/Sources/Instantiate/Storyboard.swift (in target 'Instantiate' from project 'Instantiate')
cd /Users/admin/builder/spi-builder-workspace/.swiftpm/xcode
builtin-SwiftPerFileCompile Storyboard.swift
SwiftCompile normal arm64 /Users/admin/builder/spi-builder-workspace/Sources/Instantiate/ViewLoadBeforeInject.swift (in target 'Instantiate' from project 'Instantiate')
cd /Users/admin/builder/spi-builder-workspace/.swiftpm/xcode
builtin-SwiftPerFileCompile ViewLoadBeforeInject.swift
SwiftCompile normal arm64 Compiling\ Injectable.swift,\ Instantiatable.swift /Users/admin/builder/spi-builder-workspace/Sources/Instantiate/Injectable.swift /Users/admin/builder/spi-builder-workspace/Sources/Instantiate/Instantiatable.swift (in target 'Instantiate' from project 'Instantiate')
SwiftCompile normal arm64 /Users/admin/builder/spi-builder-workspace/Sources/Instantiate/Injectable.swift (in target 'Instantiate' from project 'Instantiate')
cd /Users/admin/builder/spi-builder-workspace/.swiftpm/xcode
builtin-SwiftPerFileCompile Injectable.swift
SwiftCompile normal arm64 /Users/admin/builder/spi-builder-workspace/Sources/Instantiate/Instantiatable.swift (in target 'Instantiate' from project 'Instantiate')
cd /Users/admin/builder/spi-builder-workspace/.swiftpm/xcode
builtin-SwiftPerFileCompile Instantiatable.swift
SwiftCompile normal arm64 Compiling\ Nib+UIView.swift,\ Nib+UIViewController.swift /Users/admin/builder/spi-builder-workspace/Sources/Instantiate/iOS/Nib+UIView.swift /Users/admin/builder/spi-builder-workspace/Sources/Instantiate/iOS/Nib+UIViewController.swift (in target 'Instantiate' from project 'Instantiate')
SwiftCompile normal arm64 /Users/admin/builder/spi-builder-workspace/Sources/Instantiate/iOS/Nib+UIView.swift (in target 'Instantiate' from project 'Instantiate')
cd /Users/admin/builder/spi-builder-workspace/.swiftpm/xcode
builtin-SwiftPerFileCompile Nib+UIView.swift
SwiftCompile normal arm64 /Users/admin/builder/spi-builder-workspace/Sources/Instantiate/iOS/Nib+UIViewController.swift (in target 'Instantiate' from project 'Instantiate')
cd /Users/admin/builder/spi-builder-workspace/.swiftpm/xcode
builtin-SwiftPerFileCompile Nib+UIViewController.swift
SwiftCompile normal arm64 Compiling\ Deprecated.swift,\ Identifier.swift /Users/admin/builder/spi-builder-workspace/Sources/Instantiate/Deprecated.swift /Users/admin/builder/spi-builder-workspace/Sources/Instantiate/Identifier.swift (in target 'Instantiate' from project 'Instantiate')
SwiftCompile normal arm64 /Users/admin/builder/spi-builder-workspace/Sources/Instantiate/Deprecated.swift (in target 'Instantiate' from project 'Instantiate')
cd /Users/admin/builder/spi-builder-workspace/.swiftpm/xcode
builtin-SwiftPerFileCompile Deprecated.swift
SwiftCompile normal arm64 /Users/admin/builder/spi-builder-workspace/Sources/Instantiate/Identifier.swift (in target 'Instantiate' from project 'Instantiate')
cd /Users/admin/builder/spi-builder-workspace/.swiftpm/xcode
builtin-SwiftPerFileCompile Identifier.swift
SwiftCompile normal arm64 Compiling\ Nib.swift,\ Reusable.swift /Users/admin/builder/spi-builder-workspace/Sources/Instantiate/Nib.swift /Users/admin/builder/spi-builder-workspace/Sources/Instantiate/Reusable.swift (in target 'Instantiate' from project 'Instantiate')
/Users/admin/builder/spi-builder-workspace/Sources/Instantiate/Nib.swift:28:25: error: cannot find type 'NibName' in scope
26 |
27 | public protocol NibType {
28 | static var nibName: NibName { get }
| `- error: cannot find type 'NibName' in scope
29 | static var nibBundle: Bundle { get }
30 | static var nib: Nib { get }
/Users/admin/builder/spi-builder-workspace/Sources/Instantiate/Nib.swift:30:21: error: cannot find type 'Nib' in scope
28 | static var nibName: NibName { get }
29 | static var nibBundle: Bundle { get }
30 | static var nib: Nib { get }
| `- error: cannot find type 'Nib' in scope
31 | }
32 |
SwiftCompile normal arm64 /Users/admin/builder/spi-builder-workspace/Sources/Instantiate/Nib.swift (in target 'Instantiate' from project 'Instantiate')
cd /Users/admin/builder/spi-builder-workspace/.swiftpm/xcode
builtin-SwiftPerFileCompile Nib.swift
SwiftCompile normal arm64 /Users/admin/builder/spi-builder-workspace/Sources/Instantiate/Reusable.swift (in target 'Instantiate' from project 'Instantiate')
cd /Users/admin/builder/spi-builder-workspace/.swiftpm/xcode
builtin-SwiftPerFileCompile Reusable.swift
SwiftCompile normal arm64 Compiling\ Storyboard+UIViewController.swift,\ Nib+NSView.swift /Users/admin/builder/spi-builder-workspace/Sources/Instantiate/iOS/Storyboard+UIViewController.swift /Users/admin/builder/spi-builder-workspace/Sources/Instantiate/macOS/Nib+NSView.swift (in target 'Instantiate' from project 'Instantiate')
SwiftCompile normal arm64 /Users/admin/builder/spi-builder-workspace/Sources/Instantiate/iOS/Storyboard+UIViewController.swift (in target 'Instantiate' from project 'Instantiate')
cd /Users/admin/builder/spi-builder-workspace/.swiftpm/xcode
builtin-SwiftPerFileCompile Storyboard+UIViewController.swift
SwiftCompile normal arm64 /Users/admin/builder/spi-builder-workspace/Sources/Instantiate/macOS/Nib+NSView.swift (in target 'Instantiate' from project 'Instantiate')
cd /Users/admin/builder/spi-builder-workspace/.swiftpm/xcode
builtin-SwiftPerFileCompile Nib+NSView.swift
PruneExplicitPrecompiledModules /Users/admin/builder/spi-builder-workspace/.derivedData/SDKExplicitPrecompiledModules
PruneExplicitPrecompiledModules /Users/admin/builder/spi-builder-workspace/.derivedData/Build/Intermediates.noindex/ExplicitPrecompiledModules
PruneExplicitPrecompiledModules /Users/admin/builder/spi-builder-workspace/.derivedData/Build/Intermediates.noindex/SwiftExplicitPrecompiledModules
2026-09-17 07:05:19.621 xcodebuild[651:4246] [MT] IDERunDestination: Supported platforms for the buildables in the current scheme is empty.
** BUILD FAILED **
The following build commands failed:
SwiftCompile normal arm64 (in target 'Instantiate' from project 'Instantiate')
SwiftEmitModule normal arm64 Emitting\ module\ for\ Instantiate (in target 'Instantiate' from project 'Instantiate')
Building workspace Instantiate with scheme Instantiate-Package
(3 failures)
Command line invocation:
/Applications/Xcode-27.0.0-Release.Candidate.app/Contents/Developer/usr/bin/xcodebuild -IDEClonedSourcePackagesDirPathOverride=/Users/admin/builder/spi-builder-workspace/.dependencies -resolvePackageDependencies
Resolve Package Graph
Resolved source packages:
Instantiate: /Users/admin/builder/spi-builder-workspace
resolved source packages: Instantiate
2026-09-17 07:05:25.268 xcodebuild[712:4537] [MT] IDERunDestination: Supported platforms for the buildables in the current scheme is empty.
{
"dependencies" : [
],
"manifest_display_name" : "Instantiate",
"name" : "Instantiate",
"path" : "/Users/admin/builder/spi-builder-workspace",
"platforms" : [
{
"name" : "ios",
"version" : "9.0"
},
{
"name" : "tvos",
"version" : "9.0"
},
{
"name" : "macos",
"version" : "10.11"
}
],
"products" : [
{
"name" : "Instantiate",
"targets" : [
"Instantiate"
],
"type" : {
"library" : [
"automatic"
]
}
},
{
"name" : "InstantiateStandard",
"targets" : [
"InstantiateStandard"
],
"type" : {
"library" : [
"automatic"
]
}
}
],
"swift_languages_versions" : [
"4",
"5"
],
"targets" : [
{
"c99name" : "InstantiateTests",
"module_type" : "SwiftTarget",
"name" : "InstantiateTests",
"path" : "Tests/InstantiateTests",
"sources" : [
"InstantiateTests.swift",
"iOS/Resources-iOS.swift",
"macOS/Resources-macOS.swift",
"tvOS/Resoources-tvOS.swift"
],
"target_dependencies" : [
"Instantiate",
"InstantiateStandard"
],
"type" : "test"
},
{
"c99name" : "InstantiateStandard",
"module_type" : "SwiftTarget",
"name" : "InstantiateStandard",
"path" : "Sources/InstantiateStandard",
"product_memberships" : [
"InstantiateStandard"
],
"sources" : [
"Deprecated.swift",
"Extensions.swift"
],
"target_dependencies" : [
"Instantiate"
],
"type" : "library"
},
{
"c99name" : "Instantiate",
"module_type" : "SwiftTarget",
"name" : "Instantiate",
"path" : "Sources/Instantiate",
"product_memberships" : [
"Instantiate",
"InstantiateStandard"
],
"sources" : [
"Deprecated.swift",
"Identifier.swift",
"Injectable.swift",
"Instantiatable.swift",
"Nib.swift",
"Reusable.swift",
"Storyboard.swift",
"ViewLoadBeforeInject.swift",
"iOS/Nib+UIView.swift",
"iOS/Nib+UIViewController.swift",
"iOS/Reusable+UICollectionView.swift",
"iOS/Reusable+UITableView.swift",
"iOS/Storyboard+UIViewController.swift",
"macOS/Nib+NSView.swift",
"macOS/Nib+NSViewController.swift",
"macOS/Reusable+NSCollectionView.swift",
"macOS/Reusable+NSTableView.swift",
"macOS/Storyboard+NSViewController.swift"
],
"type" : "library"
}
],
"tools_version" : "5.2"
}
{
"workspace" : {
"name" : "Instantiate",
"schemes" : [
"Instantiate",
"Instantiate-Package",
"InstantiateStandard"
]
}
}
2026-09-17 07:05:26.514 xcodebuild[720:4606] [MT] IDERunDestination: Supported platforms for the buildables in the current scheme is empty.
{
"workspace" : {
"name" : "Instantiate",
"schemes" : [
"Instantiate",
"Instantiate-Package",
"InstantiateStandard"
]
}
}
2026-09-17 07:05:27.532 xcodebuild[722:4637] [MT] IDERunDestination: Supported platforms for the buildables in the current scheme is empty.
Running build ...
env DEVELOPER_DIR=/Applications/Xcode-27.0.0-Release.Candidate.app xcrun xcodebuild -IDEClonedSourcePackagesDirPathOverride=$PWD/.dependencies -skipMacroValidation -skipPackagePluginValidation -derivedDataPath $PWD/.derivedData build -scheme Instantiate-Package -destination generic/platform=xrOS
Command line invocation:
/Applications/Xcode-27.0.0-Release.Candidate.app/Contents/Developer/usr/bin/xcodebuild -IDEClonedSourcePackagesDirPathOverride=/Users/admin/builder/spi-builder-workspace/.dependencies -skipMacroValidation -skipPackagePluginValidation -derivedDataPath /Users/admin/builder/spi-builder-workspace/.derivedData build -scheme Instantiate-Package -destination generic/platform=xrOS
Resolve Package Graph
Resolved source packages:
Instantiate: /Users/admin/builder/spi-builder-workspace
ComputePackagePrebuildTargetDependencyGraph
Prepare packages
CreateBuildRequest
SendProjectDescription
CreateBuildOperation
ComputeTargetDependencyGraph
note: Building targets in dependency order
note: Target dependency graph (4 targets)
Target 'InstantiateStandard-product' in project 'Instantiate'
➜ Explicit dependency on target 'InstantiateStandard' in project 'Instantiate'
➜ Explicit dependency on target 'Instantiate' in project 'Instantiate'
Target 'InstantiateStandard' in project 'Instantiate'
➜ Explicit dependency on target 'Instantiate' in project 'Instantiate'
Target 'Instantiate-product' in project 'Instantiate'
➜ Explicit dependency on target 'Instantiate' in project 'Instantiate'
Target 'Instantiate' in project 'Instantiate' (no dependencies)
GatherProvisioningInputs
CreateBuildDescription
ClangStatCache /Applications/Xcode-27.0.0-Release.Candidate.app/Contents/Developer/Toolchains/XcodeDefault.xctoolchain/usr/bin/clang-stat-cache /Applications/Xcode-27.0.0-Release.Candidate.app/Contents/Developer/Platforms/XROS.platform/Developer/SDKs/XROS27.0.sdk /Users/admin/builder/spi-builder-workspace/.derivedData/SDKStatCaches.noindex/xros27.0-24M361-e829b21a6f8c9b70876ba0858053c044735bd543db762f57723cac368afd1ce4.sdkstatcache
cd /Users/admin/builder/spi-builder-workspace/.swiftpm/xcode
/Applications/Xcode-27.0.0-Release.Candidate.app/Contents/Developer/Toolchains/XcodeDefault.xctoolchain/usr/bin/clang-stat-cache /Applications/Xcode-27.0.0-Release.Candidate.app/Contents/Developer/Platforms/XROS.platform/Developer/SDKs/XROS27.0.sdk -o /Users/admin/builder/spi-builder-workspace/.derivedData/SDKStatCaches.noindex/xros27.0-24M361-e829b21a6f8c9b70876ba0858053c044735bd543db762f57723cac368afd1ce4.sdkstatcache
SwiftDriver Instantiate normal arm64 com.apple.xcode.tools.swift.compiler (in target 'Instantiate' from project 'Instantiate')
cd /Users/admin/builder/spi-builder-workspace/.swiftpm/xcode
builtin-SwiftDriver -- /Applications/Xcode-27.0.0-Release.Candidate.app/Contents/Developer/Toolchains/XcodeDefault.xctoolchain/usr/bin/swiftc -parse-as-library -module-name Instantiate -Onone @/Users/admin/builder/spi-builder-workspace/.derivedData/Build/Intermediates.noindex/Instantiate.build/Debug-xros/Instantiate-t.build/Objects-normal/arm64/Instantiate.SwiftFileList -DSWIFT_PACKAGE -DDEBUG -DSWIFT_MODULE_RESOURCE_BUNDLE_UNAVAILABLE -DXcode -plugin-path /Applications/Xcode-27.0.0-Release.Candidate.app/Contents/Developer/Toolchains/XcodeDefault.xctoolchain/usr/lib/swift/host/plugins/testing -enable-experimental-feature DebugDescriptionMacro -sdk /Applications/Xcode-27.0.0-Release.Candidate.app/Contents/Developer/Platforms/XROS.platform/Developer/SDKs/XROS27.0.sdk -target arm64-apple-xros1.0 -g -module-cache-path /Users/admin/builder/spi-builder-workspace/.derivedData/ModuleCache.noindex -Xfrontend -serialize-debugging-options -profile-coverage-mapping -profile-generate -enable-testing -index-store-path /Users/admin/builder/spi-builder-workspace/.derivedData/Index.noindex/DataStore -Xcc -D_LIBCPP_HARDENING_MODE\=_LIBCPP_HARDENING_MODE_DEBUG -swift-version 5 -I /Users/admin/builder/spi-builder-workspace/.derivedData/Build/Products/Debug-xros -Isystem /Applications/Xcode-27.0.0-Release.Candidate.app/Contents/Developer/Platforms/XROS.platform/Developer/usr/lib -F /Users/admin/builder/spi-builder-workspace/.derivedData/Build/Products/Debug-xros -F /Applications/Xcode-27.0.0-Release.Candidate.app/Contents/Developer/Platforms/XROS.platform/Developer/Library/Frameworks -F /Applications/Xcode-27.0.0-Release.Candidate.app/Contents/Developer/Platforms/XROS.platform/Developer/SDKs/XROS27.0.sdk/Developer/Library/Frameworks -c -j10 -enable-batch-mode -incremental -Xcc -ivfsstatcache -Xcc /Users/admin/builder/spi-builder-workspace/.derivedData/SDKStatCaches.noindex/xros27.0-24M361-e829b21a6f8c9b70876ba0858053c044735bd543db762f57723cac368afd1ce4.sdkstatcache -output-file-map /Users/admin/builder/spi-builder-workspace/.derivedData/Build/Intermediates.noindex/Instantiate.build/Debug-xros/Instantiate-t.build/Objects-normal/arm64/Instantiate-OutputFileMap.json -save-temps -no-color-diagnostics -explicit-module-build -module-cache-path /Users/admin/builder/spi-builder-workspace/.derivedData/Build/Intermediates.noindex/SwiftExplicitPrecompiledModules -clang-scanner-module-cache-path /Users/admin/builder/spi-builder-workspace/.derivedData/ModuleCache.noindex -sdk-module-cache-path /Users/admin/builder/spi-builder-workspace/.derivedData/SDKExplicitPrecompiledModules -emit-dependencies -emit-module -emit-module-path /Users/admin/builder/spi-builder-workspace/.derivedData/Build/Intermediates.noindex/Instantiate.build/Debug-xros/Instantiate-t.build/Objects-normal/arm64/Instantiate.swiftmodule -serialize-diagnostics -dependency-scan-serialize-diagnostics-path /Users/admin/builder/spi-builder-workspace/.derivedData/Build/Intermediates.noindex/Instantiate.build/Debug-xros/Instantiate-t.build/Objects-normal/arm64/Instantiate-dependency-scan.dia -validate-clang-modules-once -clang-build-session-file /Users/admin/builder/spi-builder-workspace/.derivedData/ModuleCache.noindex/Session.modulevalidation -Xcc -fmodules-prune-interval\=86400 -Xcc -fmodules-prune-after\=345600 -emit-const-values -const-gather-protocols-list /Users/admin/builder/spi-builder-workspace/.derivedData/Build/Intermediates.noindex/Instantiate.build/Debug-xros/Instantiate-t.build/Objects-normal/arm64/Instantiate_const_extract_protocols.json -Xcc -I/Users/admin/builder/spi-builder-workspace/.derivedData/Build/Products/Debug-xros/include -Xcc -I/Users/admin/builder/spi-builder-workspace/.derivedData/Build/Intermediates.noindex/Instantiate.build/Debug-xros/Instantiate-t.build/DerivedSources-normal/arm64 -Xcc -I/Users/admin/builder/spi-builder-workspace/.derivedData/Build/Intermediates.noindex/Instantiate.build/Debug-xros/Instantiate-t.build/DerivedSources/arm64 -Xcc -I/Users/admin/builder/spi-builder-workspace/.derivedData/Build/Intermediates.noindex/Instantiate.build/Debug-xros/Instantiate-t.build/DerivedSources -Xcc -DSWIFT_PACKAGE -Xcc -DDEBUG\=1 -emit-objc-header -emit-objc-header-path /Users/admin/builder/spi-builder-workspace/.derivedData/Build/Intermediates.noindex/Instantiate.build/Debug-xros/Instantiate-t.build/Objects-normal/arm64/Instantiate-Swift.h -working-directory /Users/admin/builder/spi-builder-workspace/.swiftpm/xcode -experimental-emit-module-separately -disable-cmo
SwiftCompile normal arm64 Compiling\ Storyboard.swift,\ ViewLoadBeforeInject.swift /Users/admin/builder/spi-builder-workspace/Sources/Instantiate/Storyboard.swift /Users/admin/builder/spi-builder-workspace/Sources/Instantiate/ViewLoadBeforeInject.swift (in target 'Instantiate' from project 'Instantiate')
SwiftCompile normal arm64 /Users/admin/builder/spi-builder-workspace/Sources/Instantiate/Storyboard.swift (in target 'Instantiate' from project 'Instantiate')
cd /Users/admin/builder/spi-builder-workspace/.swiftpm/xcode
builtin-SwiftPerFileCompile Storyboard.swift
SwiftCompile normal arm64 /Users/admin/builder/spi-builder-workspace/Sources/Instantiate/ViewLoadBeforeInject.swift (in target 'Instantiate' from project 'Instantiate')
cd /Users/admin/builder/spi-builder-workspace/.swiftpm/xcode
builtin-SwiftPerFileCompile ViewLoadBeforeInject.swift
/Users/admin/builder/spi-builder-workspace/Sources/Instantiate/Storyboard.swift:28:32: error: cannot find type 'StoryboardName' in scope
26 |
27 | public protocol StoryboardType {
28 | static var storyboardName: StoryboardName { get }
| `- error: cannot find type 'StoryboardName' in scope
29 | static var storyboardBundle: Bundle { get }
30 | static var storyboard: Storyboard { get }
/Users/admin/builder/spi-builder-workspace/Sources/Instantiate/Storyboard.swift:30:28: error: cannot find type 'Storyboard' in scope
28 | static var storyboardName: StoryboardName { get }
29 | static var storyboardBundle: Bundle { get }
30 | static var storyboard: Storyboard { get }
| `- error: cannot find type 'Storyboard' in scope
31 | }
32 |
/Users/admin/builder/spi-builder-workspace/Sources/Instantiate/Storyboard.swift:38:28: error: cannot find type 'Storyboard' in scope
36 | }
37 |
38 | static var storyboard: Storyboard {
| `- error: cannot find type 'Storyboard' in scope
39 | return Storyboard(name: storyboardName, bundle: storyboardBundle)
40 | }
/Users/admin/builder/spi-builder-workspace/Sources/Instantiate/Storyboard.swift:45:21: error: cannot find type 'StoryboardSceneIdentifier' in scope
43 | public enum InstantiateSource {
44 | case initial
45 | case identifier(StoryboardSceneIdentifier)
| `- error: cannot find type 'StoryboardSceneIdentifier' in scope
46 | }
47 |
SwiftCompile normal arm64 Compiling\ Nib+UIView.swift,\ Nib+UIViewController.swift /Users/admin/builder/spi-builder-workspace/Sources/Instantiate/iOS/Nib+UIView.swift /Users/admin/builder/spi-builder-workspace/Sources/Instantiate/iOS/Nib+UIViewController.swift (in target 'Instantiate' from project 'Instantiate')
SwiftCompile normal arm64 /Users/admin/builder/spi-builder-workspace/Sources/Instantiate/iOS/Nib+UIView.swift (in target 'Instantiate' from project 'Instantiate')
cd /Users/admin/builder/spi-builder-workspace/.swiftpm/xcode
builtin-SwiftPerFileCompile Nib+UIView.swift
SwiftCompile normal arm64 /Users/admin/builder/spi-builder-workspace/Sources/Instantiate/iOS/Nib+UIViewController.swift (in target 'Instantiate' from project 'Instantiate')
cd /Users/admin/builder/spi-builder-workspace/.swiftpm/xcode
builtin-SwiftPerFileCompile Nib+UIViewController.swift
SwiftCompile normal arm64 Compiling\ Storyboard+UIViewController.swift,\ Nib+NSView.swift /Users/admin/builder/spi-builder-workspace/Sources/Instantiate/iOS/Storyboard+UIViewController.swift /Users/admin/builder/spi-builder-workspace/Sources/Instantiate/macOS/Nib+NSView.swift (in target 'Instantiate' from project 'Instantiate')
SwiftCompile normal arm64 /Users/admin/builder/spi-builder-workspace/Sources/Instantiate/iOS/Storyboard+UIViewController.swift (in target 'Instantiate' from project 'Instantiate')
cd /Users/admin/builder/spi-builder-workspace/.swiftpm/xcode
builtin-SwiftPerFileCompile Storyboard+UIViewController.swift
SwiftCompile normal arm64 /Users/admin/builder/spi-builder-workspace/Sources/Instantiate/macOS/Nib+NSView.swift (in target 'Instantiate' from project 'Instantiate')
cd /Users/admin/builder/spi-builder-workspace/.swiftpm/xcode
builtin-SwiftPerFileCompile Nib+NSView.swift
SwiftEmitModule normal arm64 Emitting\ module\ for\ Instantiate (in target 'Instantiate' from project 'Instantiate')
/Users/admin/builder/spi-builder-workspace/Sources/Instantiate/Nib.swift:28:25: error: cannot find type 'NibName' in scope
26 |
27 | public protocol NibType {
28 | static var nibName: NibName { get }
| `- error: cannot find type 'NibName' in scope
29 | static var nibBundle: Bundle { get }
30 | static var nib: Nib { get }
/Users/admin/builder/spi-builder-workspace/Sources/Instantiate/Nib.swift:30:21: error: cannot find type 'Nib' in scope
28 | static var nibName: NibName { get }
29 | static var nibBundle: Bundle { get }
30 | static var nib: Nib { get }
| `- error: cannot find type 'Nib' in scope
31 | }
32 |
/Users/admin/builder/spi-builder-workspace/Sources/Instantiate/Nib.swift:38:21: error: cannot find type 'Nib' in scope
36 | }
37 |
38 | static var nib: Nib {
| `- error: cannot find type 'Nib' in scope
39 | #if os(iOS) || os(tvOS)
40 | return Nib(nibName: nibName, bundle: nibBundle)
/Users/admin/builder/spi-builder-workspace/Sources/Instantiate/Storyboard.swift:28:32: error: cannot find type 'StoryboardName' in scope
26 |
27 | public protocol StoryboardType {
28 | static var storyboardName: StoryboardName { get }
| `- error: cannot find type 'StoryboardName' in scope
29 | static var storyboardBundle: Bundle { get }
30 | static var storyboard: Storyboard { get }
/Users/admin/builder/spi-builder-workspace/Sources/Instantiate/Storyboard.swift:30:28: error: cannot find type 'Storyboard' in scope
28 | static var storyboardName: StoryboardName { get }
29 | static var storyboardBundle: Bundle { get }
30 | static var storyboard: Storyboard { get }
| `- error: cannot find type 'Storyboard' in scope
31 | }
32 |
/Users/admin/builder/spi-builder-workspace/Sources/Instantiate/Storyboard.swift:38:28: error: cannot find type 'Storyboard' in scope
36 | }
37 |
38 | static var storyboard: Storyboard {
| `- error: cannot find type 'Storyboard' in scope
39 | return Storyboard(name: storyboardName, bundle: storyboardBundle)
40 | }
/Users/admin/builder/spi-builder-workspace/Sources/Instantiate/Storyboard.swift:45:21: error: cannot find type 'StoryboardSceneIdentifier' in scope
43 | public enum InstantiateSource {
44 | case initial
45 | case identifier(StoryboardSceneIdentifier)
| `- error: cannot find type 'StoryboardSceneIdentifier' in scope
46 | }
47 |
Failed frontend command:
/Applications/Xcode-27.0.0-Release.Candidate.app/Contents/Developer/Toolchains/XcodeDefault.xctoolchain/usr/bin/swift-frontend -frontend -emit-module -experimental-skip-non-inlinable-function-bodies-without-types /Users/admin/builder/spi-builder-workspace/Sources/Instantiate/Deprecated.swift /Users/admin/builder/spi-builder-workspace/Sources/Instantiate/Identifier.swift /Users/admin/builder/spi-builder-workspace/Sources/Instantiate/Injectable.swift /Users/admin/builder/spi-builder-workspace/Sources/Instantiate/Instantiatable.swift /Users/admin/builder/spi-builder-workspace/Sources/Instantiate/Nib.swift /Users/admin/builder/spi-builder-workspace/Sources/Instantiate/Reusable.swift /Users/admin/builder/spi-builder-workspace/Sources/Instantiate/Storyboard.swift /Users/admin/builder/spi-builder-workspace/Sources/Instantiate/ViewLoadBeforeInject.swift /Users/admin/builder/spi-builder-workspace/Sources/Instantiate/iOS/Nib+UIView.swift /Users/admin/builder/spi-builder-workspace/Sources/Instantiate/iOS/Nib+UIViewController.swift /Users/admin/builder/spi-builder-workspace/Sources/Instantiate/iOS/Reusable+UICollectionView.swift /Users/admin/builder/spi-builder-workspace/Sources/Instantiate/iOS/Reusable+UITableView.swift /Users/admin/builder/spi-builder-workspace/Sources/Instantiate/iOS/Storyboard+UIViewController.swift /Users/admin/builder/spi-builder-workspace/Sources/Instantiate/macOS/Nib+NSView.swift /Users/admin/builder/spi-builder-workspace/Sources/Instantiate/macOS/Nib+NSViewController.swift /Users/admin/builder/spi-builder-workspace/Sources/Instantiate/macOS/Reusable+NSCollectionView.swift /Users/admin/builder/spi-builder-workspace/Sources/Instantiate/macOS/Reusable+NSTableView.swift /Users/admin/builder/spi-builder-workspace/Sources/Instantiate/macOS/Storyboard+NSViewController.swift -target arm64-apple-xros1.0 -disable-cross-import-overlay-search -load-resolved-plugin /Applications/Xcode-27.0.0-Release.Candidate.app/Contents/Developer/Platforms/XROS.platform/Developer/usr/lib/swift/host/plugins/libFoundationMacros.dylib\#/Applications/Xcode-27.0.0-Release.Candidate.app/Contents/Developer/Platforms/XROS.platform/Developer/usr/bin/swift-plugin-server\#FoundationMacros -load-resolved-plugin /Applications/Xcode-27.0.0-Release.Candidate.app/Contents/Developer/Platforms/XROS.platform/Developer/usr/lib/swift/host/plugins/libObservationMacros.dylib\#/Applications/Xcode-27.0.0-Release.Candidate.app/Contents/Developer/Platforms/XROS.platform/Developer/usr/bin/swift-plugin-server\#ObservationMacros -load-resolved-plugin /Applications/Xcode-27.0.0-Release.Candidate.app/Contents/Developer/Platforms/XROS.platform/Developer/usr/lib/swift/host/plugins/libSwiftMacros.dylib\#/Applications/Xcode-27.0.0-Release.Candidate.app/Contents/Developer/Platforms/XROS.platform/Developer/usr/bin/swift-plugin-server\#SwiftMacros -disable-implicit-swift-modules -Xcc -fno-implicit-modules -Xcc -fno-implicit-module-maps -explicit-swift-module-map-file /Users/admin/builder/spi-builder-workspace/.derivedData/Build/Intermediates.noindex/Instantiate.build/Debug-xros/Instantiate-t.build/Objects-normal/arm64/Instantiate-dependencies-1.json -Xllvm -aarch64-use-tbi -enable-objc-interop -stack-check -sdk /Applications/Xcode-27.0.0-Release.Candidate.app/Contents/Developer/Platforms/XROS.platform/Developer/SDKs/XROS27.0.sdk -I /Users/admin/builder/spi-builder-workspace/.derivedData/Build/Products/Debug-xros -Isystem /Applications/Xcode-27.0.0-Release.Candidate.app/Contents/Developer/Platforms/XROS.platform/Developer/usr/lib -F /Users/admin/builder/spi-builder-workspace/.derivedData/Build/Products/Debug-xros -F /Applications/Xcode-27.0.0-Release.Candidate.app/Contents/Developer/Platforms/XROS.platform/Developer/Library/Frameworks -F /Applications/Xcode-27.0.0-Release.Candidate.app/Contents/Developer/Platforms/XROS.platform/Developer/SDKs/XROS27.0.sdk/Developer/Library/Frameworks -module-cache-path /Users/admin/builder/spi-builder-workspace/.derivedData/Build/Intermediates.noindex/SwiftExplicitPrecompiledModules -no-color-diagnostics -Xcc -fno-color-diagnostics -enable-testing -g -debug-info-format\=dwarf -dwarf-version\=4 -profile-generate -profile-coverage-mapping -swift-version 5 -Onone -D SWIFT_PACKAGE -D DEBUG -D SWIFT_MODULE_RESOURCE_BUNDLE_UNAVAILABLE -D Xcode -serialize-debugging-options -enable-experimental-feature DebugDescriptionMacro -empty-abi-descriptor -validate-clang-modules-once -clang-build-session-file /Users/admin/builder/spi-builder-workspace/.derivedData/ModuleCache.noindex/Session.modulevalidation -Xcc -working-directory -Xcc /Users/admin/builder/spi-builder-workspace/.swiftpm/xcode -enable-anonymous-context-mangled-names -file-compilation-dir /Users/admin/builder/spi-builder-workspace/.swiftpm/xcode -Xcc -D_LIBCPP_HARDENING_MODE\=_LIBCPP_HARDENING_MODE_DEBUG -Xcc -ivfsstatcache -Xcc /Users/admin/builder/spi-builder-workspace/.derivedData/SDKStatCaches.noindex/xros27.0-24M361-e829b21a6f8c9b70876ba0858053c044735bd543db762f57723cac368afd1ce4.sdkstatcache -Xcc -fmodules-prune-interval\=86400 -Xcc -fmodules-prune-after\=345600 -Xcc -I/Users/admin/builder/spi-builder-workspace/.derivedData/Build/Products/Debug-xros/include -Xcc -I/Users/admin/builder/spi-builder-workspace/.derivedData/Build/Intermediates.noindex/Instantiate.build/Debug-xros/Instantiate-t.build/DerivedSources-normal/arm64 -Xcc -I/Users/admin/builder/spi-builder-workspace/.derivedData/Build/Intermediates.noindex/Instantiate.build/Debug-xros/Instantiate-t.build/DerivedSources/arm64 -Xcc -I/Users/admin/builder/spi-builder-workspace/.derivedData/Build/Intermediates.noindex/Instantiate.build/Debug-xros/Instantiate-t.build/DerivedSources -Xcc -DSWIFT_PACKAGE -Xcc -DDEBUG\=1 -no-auto-bridging-header-chaining -module-name Instantiate -const-gather-protocols-file /Users/admin/builder/spi-builder-workspace/.derivedData/Build/Intermediates.noindex/Instantiate.build/Debug-xros/Instantiate-t.build/Objects-normal/arm64/Instantiate_const_extract_protocols.json -disable-clang-spi -clang-target arm64-apple-xros27.0 -target-sdk-version 27.0 -target-sdk-name xros27.0 -in-process-plugin-server-path /Applications/Xcode-27.0.0-Release.Candidate.app/Contents/Developer/Toolchains/XcodeDefault.xctoolchain/usr/lib/swift/host/libSwiftInProcPluginServer.dylib -emit-module-doc-path /Users/admin/builder/spi-builder-workspace/.derivedData/Build/Intermediates.noindex/Instantiate.build/Debug-xros/Instantiate-t.build/Objects-normal/arm64/Instantiate.swiftdoc -emit-module-source-info-path /Users/admin/builder/spi-builder-workspace/.derivedData/Build/Intermediates.noindex/Instantiate.build/Debug-xros/Instantiate-t.build/Objects-normal/arm64/Instantiate.swiftsourceinfo -emit-objc-header-path /Users/admin/builder/spi-builder-workspace/.derivedData/Build/Intermediates.noindex/Instantiate.build/Debug-xros/Instantiate-t.build/Objects-normal/arm64/Instantiate-Swift.h -serialize-diagnostics-path /Users/admin/builder/spi-builder-workspace/.derivedData/Build/Intermediates.noindex/Instantiate.build/Debug-xros/Instantiate-t.build/Objects-normal/arm64/Instantiate-primary-emit-module.dia -emit-dependencies-path /Users/admin/builder/spi-builder-workspace/.derivedData/Build/Intermediates.noindex/Instantiate.build/Debug-xros/Instantiate-t.build/Objects-normal/arm64/Instantiate-primary-emit-module.d -parse-as-library -o /Users/admin/builder/spi-builder-workspace/.derivedData/Build/Intermediates.noindex/Instantiate.build/Debug-xros/Instantiate-t.build/Objects-normal/arm64/Instantiate.swiftmodule -emit-abi-descriptor-path /Users/admin/builder/spi-builder-workspace/.derivedData/Build/Intermediates.noindex/Instantiate.build/Debug-xros/Instantiate-t.build/Objects-normal/arm64/Instantiate.abi.json
SwiftCompile normal arm64 (in target 'Instantiate' from project 'Instantiate')
cd /Users/admin/builder/spi-builder-workspace/.swiftpm/xcode
SwiftCompile normal arm64 Compiling\ Reusable+NSTableView.swift /Users/admin/builder/spi-builder-workspace/Sources/Instantiate/macOS/Reusable+NSTableView.swift (in target 'Instantiate' from project 'Instantiate')
SwiftCompile normal arm64 /Users/admin/builder/spi-builder-workspace/Sources/Instantiate/macOS/Reusable+NSTableView.swift (in target 'Instantiate' from project 'Instantiate')
cd /Users/admin/builder/spi-builder-workspace/.swiftpm/xcode
builtin-SwiftPerFileCompile Reusable+NSTableView.swift
SwiftCompile normal arm64 Compiling\ Reusable+UICollectionView.swift,\ Reusable+UITableView.swift /Users/admin/builder/spi-builder-workspace/Sources/Instantiate/iOS/Reusable+UICollectionView.swift /Users/admin/builder/spi-builder-workspace/Sources/Instantiate/iOS/Reusable+UITableView.swift (in target 'Instantiate' from project 'Instantiate')
SwiftCompile normal arm64 /Users/admin/builder/spi-builder-workspace/Sources/Instantiate/iOS/Reusable+UICollectionView.swift (in target 'Instantiate' from project 'Instantiate')
cd /Users/admin/builder/spi-builder-workspace/.swiftpm/xcode
builtin-SwiftPerFileCompile Reusable+UICollectionView.swift
SwiftCompile normal arm64 /Users/admin/builder/spi-builder-workspace/Sources/Instantiate/iOS/Reusable+UITableView.swift (in target 'Instantiate' from project 'Instantiate')
cd /Users/admin/builder/spi-builder-workspace/.swiftpm/xcode
builtin-SwiftPerFileCompile Reusable+UITableView.swift
SwiftCompile normal arm64 Compiling\ Storyboard+NSViewController.swift /Users/admin/builder/spi-builder-workspace/Sources/Instantiate/macOS/Storyboard+NSViewController.swift (in target 'Instantiate' from project 'Instantiate')
SwiftCompile normal arm64 /Users/admin/builder/spi-builder-workspace/Sources/Instantiate/macOS/Storyboard+NSViewController.swift (in target 'Instantiate' from project 'Instantiate')
cd /Users/admin/builder/spi-builder-workspace/.swiftpm/xcode
builtin-SwiftPerFileCompile Storyboard+NSViewController.swift
SwiftCompile normal arm64 Compiling\ Injectable.swift,\ Instantiatable.swift /Users/admin/builder/spi-builder-workspace/Sources/Instantiate/Injectable.swift /Users/admin/builder/spi-builder-workspace/Sources/Instantiate/Instantiatable.swift (in target 'Instantiate' from project 'Instantiate')
SwiftCompile normal arm64 /Users/admin/builder/spi-builder-workspace/Sources/Instantiate/Injectable.swift (in target 'Instantiate' from project 'Instantiate')
cd /Users/admin/builder/spi-builder-workspace/.swiftpm/xcode
builtin-SwiftPerFileCompile Injectable.swift
SwiftCompile normal arm64 /Users/admin/builder/spi-builder-workspace/Sources/Instantiate/Instantiatable.swift (in target 'Instantiate' from project 'Instantiate')
cd /Users/admin/builder/spi-builder-workspace/.swiftpm/xcode
builtin-SwiftPerFileCompile Instantiatable.swift
SwiftCompile normal arm64 Compiling\ Nib.swift,\ Reusable.swift /Users/admin/builder/spi-builder-workspace/Sources/Instantiate/Nib.swift /Users/admin/builder/spi-builder-workspace/Sources/Instantiate/Reusable.swift (in target 'Instantiate' from project 'Instantiate')
/Users/admin/builder/spi-builder-workspace/Sources/Instantiate/Nib.swift:28:25: error: cannot find type 'NibName' in scope
26 |
27 | public protocol NibType {
28 | static var nibName: NibName { get }
| `- error: cannot find type 'NibName' in scope
29 | static var nibBundle: Bundle { get }
30 | static var nib: Nib { get }
/Users/admin/builder/spi-builder-workspace/Sources/Instantiate/Nib.swift:30:21: error: cannot find type 'Nib' in scope
28 | static var nibName: NibName { get }
29 | static var nibBundle: Bundle { get }
30 | static var nib: Nib { get }
| `- error: cannot find type 'Nib' in scope
31 | }
32 |
SwiftCompile normal arm64 /Users/admin/builder/spi-builder-workspace/Sources/Instantiate/Nib.swift (in target 'Instantiate' from project 'Instantiate')
cd /Users/admin/builder/spi-builder-workspace/.swiftpm/xcode
builtin-SwiftPerFileCompile Nib.swift
SwiftCompile normal arm64 /Users/admin/builder/spi-builder-workspace/Sources/Instantiate/Reusable.swift (in target 'Instantiate' from project 'Instantiate')
cd /Users/admin/builder/spi-builder-workspace/.swiftpm/xcode
builtin-SwiftPerFileCompile Reusable.swift
SwiftCompile normal arm64 Compiling\ Nib+NSViewController.swift,\ Reusable+NSCollectionView.swift /Users/admin/builder/spi-builder-workspace/Sources/Instantiate/macOS/Nib+NSViewController.swift /Users/admin/builder/spi-builder-workspace/Sources/Instantiate/macOS/Reusable+NSCollectionView.swift (in target 'Instantiate' from project 'Instantiate')
SwiftCompile normal arm64 /Users/admin/builder/spi-builder-workspace/Sources/Instantiate/macOS/Nib+NSViewController.swift (in target 'Instantiate' from project 'Instantiate')
cd /Users/admin/builder/spi-builder-workspace/.swiftpm/xcode
builtin-SwiftPerFileCompile Nib+NSViewController.swift
SwiftCompile normal arm64 /Users/admin/builder/spi-builder-workspace/Sources/Instantiate/macOS/Reusable+NSCollectionView.swift (in target 'Instantiate' from project 'Instantiate')
cd /Users/admin/builder/spi-builder-workspace/.swiftpm/xcode
builtin-SwiftPerFileCompile Reusable+NSCollectionView.swift
SwiftCompile normal arm64 Compiling\ Deprecated.swift,\ Identifier.swift /Users/admin/builder/spi-builder-workspace/Sources/Instantiate/Deprecated.swift /Users/admin/builder/spi-builder-workspace/Sources/Instantiate/Identifier.swift (in target 'Instantiate' from project 'Instantiate')
SwiftCompile normal arm64 /Users/admin/builder/spi-builder-workspace/Sources/Instantiate/Deprecated.swift (in target 'Instantiate' from project 'Instantiate')
cd /Users/admin/builder/spi-builder-workspace/.swiftpm/xcode
builtin-SwiftPerFileCompile Deprecated.swift
SwiftCompile normal arm64 /Users/admin/builder/spi-builder-workspace/Sources/Instantiate/Identifier.swift (in target 'Instantiate' from project 'Instantiate')
cd /Users/admin/builder/spi-builder-workspace/.swiftpm/xcode
builtin-SwiftPerFileCompile Identifier.swift
PruneExplicitPrecompiledModules /Users/admin/builder/spi-builder-workspace/.derivedData/SDKExplicitPrecompiledModules
PruneExplicitPrecompiledModules /Users/admin/builder/spi-builder-workspace/.derivedData/Build/Intermediates.noindex/ExplicitPrecompiledModules
PruneExplicitPrecompiledModules /Users/admin/builder/spi-builder-workspace/.derivedData/Build/Intermediates.noindex/SwiftExplicitPrecompiledModules
2026-09-17 07:05:28.510 xcodebuild[723:4665] [MT] IDERunDestination: Supported platforms for the buildables in the current scheme is empty.
** BUILD FAILED **
The following build commands failed:
SwiftEmitModule normal arm64 Emitting\ module\ for\ Instantiate (in target 'Instantiate' from project 'Instantiate')
SwiftCompile normal arm64 (in target 'Instantiate' from project 'Instantiate')
Building workspace Instantiate with scheme Instantiate-Package
(3 failures)
BUILD FAILURE 6.4 visionOS