The Swift Package Index logo.Swift Package Index

Build Information

Failed to build GeoProjector, reference 0.4.0 (76eb38), with Swift 6.1 for tvOS using Xcode 16.3 on 25 Jun 2026 19:31:18 UTC.

Build Command

env DEVELOPER_DIR=/Applications/Xcode-16.3.0.app xcrun xcodebuild -IDEClonedSourcePackagesDirPathOverride=$PWD/.dependencies -skipMacroValidation -skipPackagePluginValidation -derivedDataPath $PWD/.derivedData build -scheme GeoProjector-Package -destination generic/platform=tvOS

Build Log

    cd /Users/admin/builder/spi-builder-workspace/.dependencies/checkouts/geojsonkit
    builtin-RegisterExecutionPolicyException /Users/admin/builder/spi-builder-workspace/.derivedData/Build/Products/Debug-appletvos/GeoJSONKit.o
Ld /Users/admin/builder/spi-builder-workspace/.derivedData/Build/Products/Debug-appletvos/GeoJSONKitTurf.o normal (in target 'GeoJSONKitTurf' from project 'GeoJSONKitTurf')
    cd /Users/admin/builder/spi-builder-workspace/.dependencies/checkouts/geojsonkit-turf
    /Applications/Xcode-16.3.0.app/Contents/Developer/Toolchains/XcodeDefault.xctoolchain/usr/bin/clang -Xlinker -reproducible -target arm64-apple-tvos15.0 -r -isysroot /Applications/Xcode-16.3.0.app/Contents/Developer/Platforms/AppleTVOS.platform/Developer/SDKs/AppleTVOS18.4.sdk -O0 -w -L/Users/admin/builder/spi-builder-workspace/.derivedData/Build/Intermediates.noindex/EagerLinkingTBDs/Debug-appletvos -L/Users/admin/builder/spi-builder-workspace/.derivedData/Build/Products/Debug-appletvos -L/Applications/Xcode-16.3.0.app/Contents/Developer/Platforms/AppleTVOS.platform/Developer/usr/lib -F/Users/admin/builder/spi-builder-workspace/.derivedData/Build/Intermediates.noindex/EagerLinkingTBDs/Debug-appletvos -F/Users/admin/builder/spi-builder-workspace/.derivedData/Build/Products/Debug-appletvos/PackageFrameworks -F/Users/admin/builder/spi-builder-workspace/.derivedData/Build/Products/Debug-appletvos -iframework /Applications/Xcode-16.3.0.app/Contents/Developer/Platforms/AppleTVOS.platform/Developer/Library/Frameworks -iframework /Applications/Xcode-16.3.0.app/Contents/Developer/Platforms/AppleTVOS.platform/Developer/SDKs/AppleTVOS18.4.sdk/Developer/Library/Frameworks -filelist /Users/admin/builder/spi-builder-workspace/.derivedData/Build/Intermediates.noindex/GeoJSONKitTurf.build/Debug-appletvos/GeoJSONKitTurf.build/Objects-normal/arm64/GeoJSONKitTurf.LinkFileList -nostdlib -Xlinker -object_path_lto -Xlinker /Users/admin/builder/spi-builder-workspace/.derivedData/Build/Intermediates.noindex/GeoJSONKitTurf.build/Debug-appletvos/GeoJSONKitTurf.build/Objects-normal/arm64/GeoJSONKitTurf_lto.o -rdynamic -Xlinker -no_deduplicate -Xlinker -debug_variant -Xlinker -dependency_info -Xlinker /Users/admin/builder/spi-builder-workspace/.derivedData/Build/Intermediates.noindex/GeoJSONKitTurf.build/Debug-appletvos/GeoJSONKitTurf.build/Objects-normal/arm64/GeoJSONKitTurf_dependency_info.dat -fobjc-link-runtime -L/Applications/Xcode-16.3.0.app/Contents/Developer/Toolchains/XcodeDefault.xctoolchain/usr/lib/swift/appletvos -L/usr/lib/swift -Xlinker -add_ast_path -Xlinker /Users/admin/builder/spi-builder-workspace/.derivedData/Build/Intermediates.noindex/GeoJSONKitTurf.build/Debug-appletvos/GeoJSONKitTurf.build/Objects-normal/arm64/GeoJSONKitTurf.swiftmodule -o /Users/admin/builder/spi-builder-workspace/.derivedData/Build/Products/Debug-appletvos/GeoJSONKitTurf.o
ExtractAppIntentsMetadata (in target 'GeoJSONKitTurf' from project 'GeoJSONKitTurf')
    cd /Users/admin/builder/spi-builder-workspace/.dependencies/checkouts/geojsonkit-turf
    /Applications/Xcode-16.3.0.app/Contents/Developer/Toolchains/XcodeDefault.xctoolchain/usr/bin/appintentsmetadataprocessor --toolchain-dir /Applications/Xcode-16.3.0.app/Contents/Developer/Toolchains/XcodeDefault.xctoolchain --module-name GeoJSONKitTurf --sdk-root /Applications/Xcode-16.3.0.app/Contents/Developer/Platforms/AppleTVOS.platform/Developer/SDKs/AppleTVOS18.4.sdk --xcode-version 16E140 --platform-family tvOS --deployment-target 15.0 --bundle-identifier geojsonkit-turf.GeoJSONKitTurf --output /Users/admin/builder/spi-builder-workspace/.derivedData/Build/Products/Debug-appletvos/GeoJSONKitTurf.appintents --target-triple arm64-apple-tvos15.0 --binary-file /Users/admin/builder/spi-builder-workspace/.derivedData/Build/Products/Debug-appletvos/GeoJSONKitTurf.o --dependency-file /Users/admin/builder/spi-builder-workspace/.derivedData/Build/Intermediates.noindex/GeoJSONKitTurf.build/Debug-appletvos/GeoJSONKitTurf.build/Objects-normal/arm64/GeoJSONKitTurf_dependency_info.dat --stringsdata-file /Users/admin/builder/spi-builder-workspace/.derivedData/Build/Intermediates.noindex/GeoJSONKitTurf.build/Debug-appletvos/GeoJSONKitTurf.build/Objects-normal/arm64/ExtractedAppShortcutsMetadata.stringsdata --source-file-list /Users/admin/builder/spi-builder-workspace/.derivedData/Build/Intermediates.noindex/GeoJSONKitTurf.build/Debug-appletvos/GeoJSONKitTurf.build/Objects-normal/arm64/GeoJSONKitTurf.SwiftFileList --metadata-file-list /Users/admin/builder/spi-builder-workspace/.derivedData/Build/Intermediates.noindex/GeoJSONKitTurf.build/Debug-appletvos/GeoJSONKitTurf.build/GeoJSONKitTurf.DependencyMetadataFileList --static-metadata-file-list /Users/admin/builder/spi-builder-workspace/.derivedData/Build/Intermediates.noindex/GeoJSONKitTurf.build/Debug-appletvos/GeoJSONKitTurf.build/GeoJSONKitTurf.DependencyStaticMetadataFileList --swift-const-vals-list /Users/admin/builder/spi-builder-workspace/.derivedData/Build/Intermediates.noindex/GeoJSONKitTurf.build/Debug-appletvos/GeoJSONKitTurf.build/Objects-normal/arm64/GeoJSONKitTurf.SwiftConstValuesFileList --force --compile-time-extraction --deployment-aware-processing --validate-assistant-intents --no-app-shortcuts-localization
2026-06-25 12:31:07.056 appintentsmetadataprocessor[1032:5639] Starting appintentsmetadataprocessor export
2026-06-25 12:31:07.097 appintentsmetadataprocessor[1032:5639] Extracted no relevant App Intents symbols, skipping writing output
SwiftDriverJobDiscovery normal arm64 Compiling GeoJSON+Continents.swift (in target 'GeoDrawer' from project 'GeoProjector')
RegisterExecutionPolicyException /Users/admin/builder/spi-builder-workspace/.derivedData/Build/Products/Debug-appletvos/GeoJSONKitTurf.o (in target 'GeoJSONKitTurf' from project 'GeoJSONKitTurf')
    cd /Users/admin/builder/spi-builder-workspace/.dependencies/checkouts/geojsonkit-turf
    builtin-RegisterExecutionPolicyException /Users/admin/builder/spi-builder-workspace/.derivedData/Build/Products/Debug-appletvos/GeoJSONKitTurf.o
Ld /Users/admin/builder/spi-builder-workspace/.derivedData/Build/Products/Debug-appletvos/GeoProjector.o normal (in target 'GeoProjector' from project 'GeoProjector')
    cd /Users/admin/builder/spi-builder-workspace
    /Applications/Xcode-16.3.0.app/Contents/Developer/Toolchains/XcodeDefault.xctoolchain/usr/bin/clang -Xlinker -reproducible -target arm64-apple-tvos15.0 -r -isysroot /Applications/Xcode-16.3.0.app/Contents/Developer/Platforms/AppleTVOS.platform/Developer/SDKs/AppleTVOS18.4.sdk -O0 -L/Users/admin/builder/spi-builder-workspace/.derivedData/Build/Intermediates.noindex/EagerLinkingTBDs/Debug-appletvos -L/Users/admin/builder/spi-builder-workspace/.derivedData/Build/Products/Debug-appletvos -L/Applications/Xcode-16.3.0.app/Contents/Developer/Platforms/AppleTVOS.platform/Developer/usr/lib -F/Users/admin/builder/spi-builder-workspace/.derivedData/Build/Intermediates.noindex/EagerLinkingTBDs/Debug-appletvos -F/Users/admin/builder/spi-builder-workspace/.derivedData/Build/Products/Debug-appletvos/PackageFrameworks -F/Users/admin/builder/spi-builder-workspace/.derivedData/Build/Products/Debug-appletvos/PackageFrameworks -F/Users/admin/builder/spi-builder-workspace/.derivedData/Build/Products/Debug-appletvos -iframework /Applications/Xcode-16.3.0.app/Contents/Developer/Platforms/AppleTVOS.platform/Developer/Library/Frameworks -iframework /Applications/Xcode-16.3.0.app/Contents/Developer/Platforms/AppleTVOS.platform/Developer/SDKs/AppleTVOS18.4.sdk/Developer/Library/Frameworks -filelist /Users/admin/builder/spi-builder-workspace/.derivedData/Build/Intermediates.noindex/GeoProjector.build/Debug-appletvos/GeoProjector.build/Objects-normal/arm64/GeoProjector.LinkFileList -nostdlib -Xlinker -object_path_lto -Xlinker /Users/admin/builder/spi-builder-workspace/.derivedData/Build/Intermediates.noindex/GeoProjector.build/Debug-appletvos/GeoProjector.build/Objects-normal/arm64/GeoProjector_lto.o -rdynamic -Xlinker -no_deduplicate -Xlinker -debug_variant -Xlinker -dependency_info -Xlinker /Users/admin/builder/spi-builder-workspace/.derivedData/Build/Intermediates.noindex/GeoProjector.build/Debug-appletvos/GeoProjector.build/Objects-normal/arm64/GeoProjector_dependency_info.dat -fobjc-link-runtime -L/Applications/Xcode-16.3.0.app/Contents/Developer/Toolchains/XcodeDefault.xctoolchain/usr/lib/swift/appletvos -L/usr/lib/swift -Xlinker -add_ast_path -Xlinker /Users/admin/builder/spi-builder-workspace/.derivedData/Build/Intermediates.noindex/GeoProjector.build/Debug-appletvos/GeoProjector.build/Objects-normal/arm64/GeoProjector.swiftmodule -o /Users/admin/builder/spi-builder-workspace/.derivedData/Build/Products/Debug-appletvos/GeoProjector.o
SwiftDriverJobDiscovery normal arm64 Emitting module for GeoDrawer (in target 'GeoDrawer' from project 'GeoProjector')
SwiftDriver\ Compilation\ Requirements GeoDrawer normal arm64 com.apple.xcode.tools.swift.compiler (in target 'GeoDrawer' from project 'GeoProjector')
    cd /Users/admin/builder/spi-builder-workspace/.swiftpm/xcode
    builtin-Swift-Compilation-Requirements -- /Applications/Xcode-16.3.0.app/Contents/Developer/Toolchains/XcodeDefault.xctoolchain/usr/bin/swiftc -module-name GeoDrawer -Onone -enforce-exclusivity\=checked @/Users/admin/builder/spi-builder-workspace/.derivedData/Build/Intermediates.noindex/GeoProjector.build/Debug-appletvos/GeoDrawer.build/Objects-normal/arm64/GeoDrawer.SwiftFileList -DSWIFT_PACKAGE -DDEBUG -stats-output-dir .stats -strict-concurrency\=complete -enable-upcoming-feature StrictConcurrency -enable-upcoming-feature DisableOutwardActorInference -enable-upcoming-feature GlobalActorIsolatedTypesUsability -enable-upcoming-feature InferSendableFromCaptures -plugin-path /Applications/Xcode-16.3.0.app/Contents/Developer/Toolchains/XcodeDefault.xctoolchain/usr/lib/swift/host/plugins/testing -enable-experimental-feature DebugDescriptionMacro -sdk /Applications/Xcode-16.3.0.app/Contents/Developer/Platforms/AppleTVOS.platform/Developer/SDKs/AppleTVOS18.4.sdk -target arm64-apple-tvos15.0 -g -module-cache-path /Users/admin/builder/spi-builder-workspace/.derivedData/ModuleCache.noindex -Xfrontend -serialize-debugging-options -profile-coverage-mapping -profile-generate -enable-testing -index-store-path /Users/admin/builder/spi-builder-workspace/.derivedData/Index.noindex/DataStore -swift-version 5 -I /Users/admin/builder/spi-builder-workspace/.derivedData/Build/Products/Debug-appletvos -I /Applications/Xcode-16.3.0.app/Contents/Developer/Platforms/AppleTVOS.platform/Developer/usr/lib -F /Users/admin/builder/spi-builder-workspace/.derivedData/Build/Products/Debug-appletvos/PackageFrameworks -F /Users/admin/builder/spi-builder-workspace/.derivedData/Build/Products/Debug-appletvos/PackageFrameworks -F /Users/admin/builder/spi-builder-workspace/.derivedData/Build/Products/Debug-appletvos/PackageFrameworks -F /Users/admin/builder/spi-builder-workspace/.derivedData/Build/Products/Debug-appletvos/PackageFrameworks -F /Users/admin/builder/spi-builder-workspace/.derivedData/Build/Products/Debug-appletvos/PackageFrameworks -F /Users/admin/builder/spi-builder-workspace/.derivedData/Build/Products/Debug-appletvos/PackageFrameworks -F /Users/admin/builder/spi-builder-workspace/.derivedData/Build/Products/Debug-appletvos -F /Applications/Xcode-16.3.0.app/Contents/Developer/Platforms/AppleTVOS.platform/Developer/Library/Frameworks -F /Applications/Xcode-16.3.0.app/Contents/Developer/Platforms/AppleTVOS.platform/Developer/SDKs/AppleTVOS18.4.sdk/Developer/Library/Frameworks -c -j10 -enable-batch-mode -incremental -Xcc -ivfsstatcache -Xcc /Users/admin/builder/spi-builder-workspace/.derivedData/SDKStatCaches.noindex/appletvos18.4-22L251-271d326055c85f9856fa135c41255102.sdkstatcache -output-file-map /Users/admin/builder/spi-builder-workspace/.derivedData/Build/Intermediates.noindex/GeoProjector.build/Debug-appletvos/GeoDrawer.build/Objects-normal/arm64/GeoDrawer-OutputFileMap.json -use-frontend-parseable-output -save-temps -no-color-diagnostics -serialize-diagnostics -emit-dependencies -emit-module -emit-module-path /Users/admin/builder/spi-builder-workspace/.derivedData/Build/Intermediates.noindex/GeoProjector.build/Debug-appletvos/GeoDrawer.build/Objects-normal/arm64/GeoDrawer.swiftmodule -validate-clang-modules-once -clang-build-session-file /Users/admin/builder/spi-builder-workspace/.derivedData/ModuleCache.noindex/Session.modulevalidation -Xcc -I/Users/admin/builder/spi-builder-workspace/.derivedData/Build/Intermediates.noindex/GeoProjector.build/Debug-appletvos/GeoDrawer.build/swift-overrides.hmap -emit-const-values -Xfrontend -const-gather-protocols-file -Xfrontend /Users/admin/builder/spi-builder-workspace/.derivedData/Build/Intermediates.noindex/GeoProjector.build/Debug-appletvos/GeoDrawer.build/Objects-normal/arm64/GeoDrawer_const_extract_protocols.json -Xcc -I/Users/admin/builder/spi-builder-workspace/.dependencies/checkouts/swift-numerics/Sources/_NumericsShims/include -Xcc -I/Users/admin/builder/spi-builder-workspace/.derivedData/Build/Products/Debug-appletvos/include -Xcc -I/Users/admin/builder/spi-builder-workspace/.derivedData/Build/Intermediates.noindex/GeoProjector.build/Debug-appletvos/GeoDrawer.build/DerivedSources-normal/arm64 -Xcc -I/Users/admin/builder/spi-builder-workspace/.derivedData/Build/Intermediates.noindex/GeoProjector.build/Debug-appletvos/GeoDrawer.build/DerivedSources/arm64 -Xcc -I/Users/admin/builder/spi-builder-workspace/.derivedData/Build/Intermediates.noindex/GeoProjector.build/Debug-appletvos/GeoDrawer.build/DerivedSources -Xcc -DSWIFT_PACKAGE -Xcc -DDEBUG\=1 -emit-objc-header -emit-objc-header-path /Users/admin/builder/spi-builder-workspace/.derivedData/Build/Intermediates.noindex/GeoProjector.build/Debug-appletvos/GeoDrawer.build/Objects-normal/arm64/GeoDrawer-Swift.h -working-directory /Users/admin/builder/spi-builder-workspace/.swiftpm/xcode -experimental-emit-module-separately -disable-cmo
SwiftMergeGeneratedHeaders /Users/admin/builder/spi-builder-workspace/.derivedData/Build/Intermediates.noindex/GeneratedModuleMaps-appletvos/GeoDrawer-Swift.h /Users/admin/builder/spi-builder-workspace/.derivedData/Build/Intermediates.noindex/GeoProjector.build/Debug-appletvos/GeoDrawer.build/Objects-normal/arm64/GeoDrawer-Swift.h (in target 'GeoDrawer' from project 'GeoProjector')
    cd /Users/admin/builder/spi-builder-workspace
    builtin-swiftHeaderTool -arch arm64 /Users/admin/builder/spi-builder-workspace/.derivedData/Build/Intermediates.noindex/GeoProjector.build/Debug-appletvos/GeoDrawer.build/Objects-normal/arm64/GeoDrawer-Swift.h -o /Users/admin/builder/spi-builder-workspace/.derivedData/Build/Intermediates.noindex/GeneratedModuleMaps-appletvos/GeoDrawer-Swift.h
Copy /Users/admin/builder/spi-builder-workspace/.derivedData/Build/Products/Debug-appletvos/GeoDrawer.swiftmodule/arm64-apple-tvos.swiftmodule /Users/admin/builder/spi-builder-workspace/.derivedData/Build/Intermediates.noindex/GeoProjector.build/Debug-appletvos/GeoDrawer.build/Objects-normal/arm64/GeoDrawer.swiftmodule (in target 'GeoDrawer' from project 'GeoProjector')
    cd /Users/admin/builder/spi-builder-workspace
    builtin-copy -exclude .DS_Store -exclude CVS -exclude .svn -exclude .git -exclude .hg -resolve-src-symlinks -rename /Users/admin/builder/spi-builder-workspace/.derivedData/Build/Intermediates.noindex/GeoProjector.build/Debug-appletvos/GeoDrawer.build/Objects-normal/arm64/GeoDrawer.swiftmodule /Users/admin/builder/spi-builder-workspace/.derivedData/Build/Products/Debug-appletvos/GeoDrawer.swiftmodule/arm64-apple-tvos.swiftmodule
Copy /Users/admin/builder/spi-builder-workspace/.derivedData/Build/Products/Debug-appletvos/GeoDrawer.swiftmodule/arm64-apple-tvos.swiftdoc /Users/admin/builder/spi-builder-workspace/.derivedData/Build/Intermediates.noindex/GeoProjector.build/Debug-appletvos/GeoDrawer.build/Objects-normal/arm64/GeoDrawer.swiftdoc (in target 'GeoDrawer' from project 'GeoProjector')
    cd /Users/admin/builder/spi-builder-workspace
    builtin-copy -exclude .DS_Store -exclude CVS -exclude .svn -exclude .git -exclude .hg -resolve-src-symlinks -rename /Users/admin/builder/spi-builder-workspace/.derivedData/Build/Intermediates.noindex/GeoProjector.build/Debug-appletvos/GeoDrawer.build/Objects-normal/arm64/GeoDrawer.swiftdoc /Users/admin/builder/spi-builder-workspace/.derivedData/Build/Products/Debug-appletvos/GeoDrawer.swiftmodule/arm64-apple-tvos.swiftdoc
Copy /Users/admin/builder/spi-builder-workspace/.derivedData/Build/Products/Debug-appletvos/GeoDrawer.swiftmodule/arm64-apple-tvos.abi.json /Users/admin/builder/spi-builder-workspace/.derivedData/Build/Intermediates.noindex/GeoProjector.build/Debug-appletvos/GeoDrawer.build/Objects-normal/arm64/GeoDrawer.abi.json (in target 'GeoDrawer' from project 'GeoProjector')
    cd /Users/admin/builder/spi-builder-workspace
    builtin-copy -exclude .DS_Store -exclude CVS -exclude .svn -exclude .git -exclude .hg -resolve-src-symlinks -rename /Users/admin/builder/spi-builder-workspace/.derivedData/Build/Intermediates.noindex/GeoProjector.build/Debug-appletvos/GeoDrawer.build/Objects-normal/arm64/GeoDrawer.abi.json /Users/admin/builder/spi-builder-workspace/.derivedData/Build/Products/Debug-appletvos/GeoDrawer.swiftmodule/arm64-apple-tvos.abi.json
Copy /Users/admin/builder/spi-builder-workspace/.derivedData/Build/Products/Debug-appletvos/GeoDrawer.swiftmodule/Project/arm64-apple-tvos.swiftsourceinfo /Users/admin/builder/spi-builder-workspace/.derivedData/Build/Intermediates.noindex/GeoProjector.build/Debug-appletvos/GeoDrawer.build/Objects-normal/arm64/GeoDrawer.swiftsourceinfo (in target 'GeoDrawer' from project 'GeoProjector')
    cd /Users/admin/builder/spi-builder-workspace
    builtin-copy -exclude .DS_Store -exclude CVS -exclude .svn -exclude .git -exclude .hg -resolve-src-symlinks -rename /Users/admin/builder/spi-builder-workspace/.derivedData/Build/Intermediates.noindex/GeoProjector.build/Debug-appletvos/GeoDrawer.build/Objects-normal/arm64/GeoDrawer.swiftsourceinfo /Users/admin/builder/spi-builder-workspace/.derivedData/Build/Products/Debug-appletvos/GeoDrawer.swiftmodule/Project/arm64-apple-tvos.swiftsourceinfo
SwiftDriverJobDiscovery normal arm64 Compiling GeoDrawer+CoreGraphics.swift (in target 'GeoDrawer' from project 'GeoProjector')
ExtractAppIntentsMetadata (in target 'GeoProjector' from project 'GeoProjector')
    cd /Users/admin/builder/spi-builder-workspace
    /Applications/Xcode-16.3.0.app/Contents/Developer/Toolchains/XcodeDefault.xctoolchain/usr/bin/appintentsmetadataprocessor --toolchain-dir /Applications/Xcode-16.3.0.app/Contents/Developer/Toolchains/XcodeDefault.xctoolchain --module-name GeoProjector --sdk-root /Applications/Xcode-16.3.0.app/Contents/Developer/Platforms/AppleTVOS.platform/Developer/SDKs/AppleTVOS18.4.sdk --xcode-version 16E140 --platform-family tvOS --deployment-target 15.0 --bundle-identifier spi-builder-workspace.GeoProjector --output /Users/admin/builder/spi-builder-workspace/.derivedData/Build/Products/Debug-appletvos/GeoProjector.appintents --target-triple arm64-apple-tvos15.0 --binary-file /Users/admin/builder/spi-builder-workspace/.derivedData/Build/Products/Debug-appletvos/GeoProjector.o --dependency-file /Users/admin/builder/spi-builder-workspace/.derivedData/Build/Intermediates.noindex/GeoProjector.build/Debug-appletvos/GeoProjector.build/Objects-normal/arm64/GeoProjector_dependency_info.dat --stringsdata-file /Users/admin/builder/spi-builder-workspace/.derivedData/Build/Intermediates.noindex/GeoProjector.build/Debug-appletvos/GeoProjector.build/Objects-normal/arm64/ExtractedAppShortcutsMetadata.stringsdata --source-file-list /Users/admin/builder/spi-builder-workspace/.derivedData/Build/Intermediates.noindex/GeoProjector.build/Debug-appletvos/GeoProjector.build/Objects-normal/arm64/GeoProjector.SwiftFileList --metadata-file-list /Users/admin/builder/spi-builder-workspace/.derivedData/Build/Intermediates.noindex/GeoProjector.build/Debug-appletvos/GeoProjector.build/GeoProjector.DependencyMetadataFileList --static-metadata-file-list /Users/admin/builder/spi-builder-workspace/.derivedData/Build/Intermediates.noindex/GeoProjector.build/Debug-appletvos/GeoProjector.build/GeoProjector.DependencyStaticMetadataFileList --swift-const-vals-list /Users/admin/builder/spi-builder-workspace/.derivedData/Build/Intermediates.noindex/GeoProjector.build/Debug-appletvos/GeoProjector.build/Objects-normal/arm64/GeoProjector.SwiftConstValuesFileList --force --compile-time-extraction --deployment-aware-processing --validate-assistant-intents --no-app-shortcuts-localization
2026-06-25 12:31:07.160 appintentsmetadataprocessor[1035:5657] Starting appintentsmetadataprocessor export
2026-06-25 12:31:07.199 appintentsmetadataprocessor[1035:5657] Extracted no relevant App Intents symbols, skipping writing output
SwiftDriverJobDiscovery normal arm64 Compiling GeoDrawer+BoundarySplit.swift (in target 'GeoDrawer' from project 'GeoProjector')
RegisterExecutionPolicyException /Users/admin/builder/spi-builder-workspace/.derivedData/Build/Products/Debug-appletvos/GeoProjector.o (in target 'GeoProjector' from project 'GeoProjector')
    cd /Users/admin/builder/spi-builder-workspace
    builtin-RegisterExecutionPolicyException /Users/admin/builder/spi-builder-workspace/.derivedData/Build/Products/Debug-appletvos/GeoProjector.o
Ld /Users/admin/builder/spi-builder-workspace/.derivedData/Build/Products/Debug-appletvos/GeoProjectorDanseiji.o normal (in target 'GeoProjectorDanseiji' from project 'GeoProjector')
    cd /Users/admin/builder/spi-builder-workspace
    /Applications/Xcode-16.3.0.app/Contents/Developer/Toolchains/XcodeDefault.xctoolchain/usr/bin/clang -Xlinker -reproducible -target arm64-apple-tvos15.0 -r -isysroot /Applications/Xcode-16.3.0.app/Contents/Developer/Platforms/AppleTVOS.platform/Developer/SDKs/AppleTVOS18.4.sdk -O0 -L/Users/admin/builder/spi-builder-workspace/.derivedData/Build/Intermediates.noindex/EagerLinkingTBDs/Debug-appletvos -L/Users/admin/builder/spi-builder-workspace/.derivedData/Build/Products/Debug-appletvos -L/Applications/Xcode-16.3.0.app/Contents/Developer/Platforms/AppleTVOS.platform/Developer/usr/lib -F/Users/admin/builder/spi-builder-workspace/.derivedData/Build/Intermediates.noindex/EagerLinkingTBDs/Debug-appletvos -F/Users/admin/builder/spi-builder-workspace/.derivedData/Build/Products/Debug-appletvos/PackageFrameworks -F/Users/admin/builder/spi-builder-workspace/.derivedData/Build/Products/Debug-appletvos/PackageFrameworks -F/Users/admin/builder/spi-builder-workspace/.derivedData/Build/Products/Debug-appletvos/PackageFrameworks -F/Users/admin/builder/spi-builder-workspace/.derivedData/Build/Products/Debug-appletvos -iframework /Applications/Xcode-16.3.0.app/Contents/Developer/Platforms/AppleTVOS.platform/Developer/Library/Frameworks -iframework /Applications/Xcode-16.3.0.app/Contents/Developer/Platforms/AppleTVOS.platform/Developer/SDKs/AppleTVOS18.4.sdk/Developer/Library/Frameworks -filelist /Users/admin/builder/spi-builder-workspace/.derivedData/Build/Intermediates.noindex/GeoProjector.build/Debug-appletvos/GeoProjectorDanseiji.build/Objects-normal/arm64/GeoProjectorDanseiji.LinkFileList -nostdlib -Xlinker -object_path_lto -Xlinker /Users/admin/builder/spi-builder-workspace/.derivedData/Build/Intermediates.noindex/GeoProjector.build/Debug-appletvos/GeoProjectorDanseiji.build/Objects-normal/arm64/GeoProjectorDanseiji_lto.o -rdynamic -Xlinker -no_deduplicate -Xlinker -debug_variant -Xlinker -dependency_info -Xlinker /Users/admin/builder/spi-builder-workspace/.derivedData/Build/Intermediates.noindex/GeoProjector.build/Debug-appletvos/GeoProjectorDanseiji.build/Objects-normal/arm64/GeoProjectorDanseiji_dependency_info.dat -fobjc-link-runtime -L/Applications/Xcode-16.3.0.app/Contents/Developer/Toolchains/XcodeDefault.xctoolchain/usr/lib/swift/appletvos -L/usr/lib/swift -Xlinker -add_ast_path -Xlinker /Users/admin/builder/spi-builder-workspace/.derivedData/Build/Intermediates.noindex/GeoProjector.build/Debug-appletvos/GeoProjectorDanseiji.build/Objects-normal/arm64/GeoProjectorDanseiji.swiftmodule -o /Users/admin/builder/spi-builder-workspace/.derivedData/Build/Products/Debug-appletvos/GeoProjectorDanseiji.o
ExtractAppIntentsMetadata (in target 'GeoProjectorDanseiji' from project 'GeoProjector')
    cd /Users/admin/builder/spi-builder-workspace
    /Applications/Xcode-16.3.0.app/Contents/Developer/Toolchains/XcodeDefault.xctoolchain/usr/bin/appintentsmetadataprocessor --toolchain-dir /Applications/Xcode-16.3.0.app/Contents/Developer/Toolchains/XcodeDefault.xctoolchain --module-name GeoProjectorDanseiji --sdk-root /Applications/Xcode-16.3.0.app/Contents/Developer/Platforms/AppleTVOS.platform/Developer/SDKs/AppleTVOS18.4.sdk --xcode-version 16E140 --platform-family tvOS --deployment-target 15.0 --bundle-identifier spi-builder-workspace.GeoProjectorDanseiji --output /Users/admin/builder/spi-builder-workspace/.derivedData/Build/Products/Debug-appletvos/GeoProjectorDanseiji.appintents --target-triple arm64-apple-tvos15.0 --binary-file /Users/admin/builder/spi-builder-workspace/.derivedData/Build/Products/Debug-appletvos/GeoProjectorDanseiji.o --dependency-file /Users/admin/builder/spi-builder-workspace/.derivedData/Build/Intermediates.noindex/GeoProjector.build/Debug-appletvos/GeoProjectorDanseiji.build/Objects-normal/arm64/GeoProjectorDanseiji_dependency_info.dat --stringsdata-file /Users/admin/builder/spi-builder-workspace/.derivedData/Build/Intermediates.noindex/GeoProjector.build/Debug-appletvos/GeoProjectorDanseiji.build/Objects-normal/arm64/ExtractedAppShortcutsMetadata.stringsdata --source-file-list /Users/admin/builder/spi-builder-workspace/.derivedData/Build/Intermediates.noindex/GeoProjector.build/Debug-appletvos/GeoProjectorDanseiji.build/Objects-normal/arm64/GeoProjectorDanseiji.SwiftFileList --metadata-file-list /Users/admin/builder/spi-builder-workspace/.derivedData/Build/Intermediates.noindex/GeoProjector.build/Debug-appletvos/GeoProjectorDanseiji.build/GeoProjectorDanseiji.DependencyMetadataFileList --static-metadata-file-list /Users/admin/builder/spi-builder-workspace/.derivedData/Build/Intermediates.noindex/GeoProjector.build/Debug-appletvos/GeoProjectorDanseiji.build/GeoProjectorDanseiji.DependencyStaticMetadataFileList --swift-const-vals-list /Users/admin/builder/spi-builder-workspace/.derivedData/Build/Intermediates.noindex/GeoProjector.build/Debug-appletvos/GeoProjectorDanseiji.build/Objects-normal/arm64/GeoProjectorDanseiji.SwiftConstValuesFileList --force --compile-time-extraction --deployment-aware-processing --validate-assistant-intents --no-app-shortcuts-localization
2026-06-25 12:31:07.252 appintentsmetadataprocessor[1038:5675] Starting appintentsmetadataprocessor export
2026-06-25 12:31:07.292 appintentsmetadataprocessor[1038:5675] Extracted no relevant App Intents symbols, skipping writing output
SwiftDriverJobDiscovery normal arm64 Compiling GeoDrawer+SVG.swift (in target 'GeoDrawer' from project 'GeoProjector')
SwiftDriverJobDiscovery normal arm64 Compiling GeoDrawer.swift (in target 'GeoDrawer' from project 'GeoProjector')
RegisterExecutionPolicyException /Users/admin/builder/spi-builder-workspace/.derivedData/Build/Products/Debug-appletvos/GeoProjectorDanseiji.o (in target 'GeoProjectorDanseiji' from project 'GeoProjector')
    cd /Users/admin/builder/spi-builder-workspace
    builtin-RegisterExecutionPolicyException /Users/admin/builder/spi-builder-workspace/.derivedData/Build/Products/Debug-appletvos/GeoProjectorDanseiji.o
SwiftDriverJobDiscovery normal arm64 Compiling GeoDrawer+Image.swift (in target 'GeoDrawer' from project 'GeoProjector')
SwiftDriverJobDiscovery normal arm64 Compiling GeoDrawerContent+Style.swift (in target 'GeoDrawer' from project 'GeoProjector')
** BUILD FAILED **
The following build commands failed:
	SwiftCompile normal arm64 /Users/admin/builder/spi-builder-workspace/Sources/GeoDrawer/GeoMap+UIKit.swift (in target 'GeoDrawer' from project 'GeoProjector')
	SwiftCompile normal arm64 Compiling\ GeoMap+UIKit.swift /Users/admin/builder/spi-builder-workspace/Sources/GeoDrawer/GeoMap+UIKit.swift (in target 'GeoDrawer' from project 'GeoProjector')
	Building workspace spi-builder-workspace with scheme GeoProjector-Package
(3 failures)
Command line invocation:
    /Applications/Xcode-16.3.0.app/Contents/Developer/usr/bin/xcodebuild -IDEClonedSourcePackagesDirPathOverride=/Users/admin/builder/spi-builder-workspace/.dependencies -resolvePackageDependencies
Resolve Package Graph
Resolved source packages:
  GeoJSONKit: https://github.com/maparoni/geojsonkit.git @ 0.6.0
  GeoProjector: /Users/admin/builder/spi-builder-workspace
  swift-argument-parser: https://github.com/apple/swift-argument-parser @ 1.8.2
  swift-algorithms: https://github.com/apple/swift-algorithms.git @ 1.2.1
  swift-numerics: https://github.com/apple/swift-numerics.git @ 1.1.1
  GeoJSONKitTurf: https://github.com/maparoni/geojsonkit-turf @ 0.4.3
resolved source packages: GeoJSONKit, GeoProjector, swift-argument-parser, swift-algorithms, swift-numerics, GeoJSONKitTurf
{
  "dependencies" : [
    {
      "identity" : "geojsonkit",
      "requirement" : {
        "range" : [
          {
            "lower_bound" : "0.5.0",
            "upper_bound" : "1.0.0"
          }
        ]
      },
      "type" : "sourceControl",
      "url" : "https://github.com/maparoni/geojsonkit.git"
    },
    {
      "identity" : "geojsonkit-turf",
      "requirement" : {
        "range" : [
          {
            "lower_bound" : "0.1.0",
            "upper_bound" : "1.0.0"
          }
        ]
      },
      "type" : "sourceControl",
      "url" : "https://github.com/maparoni/geojsonkit-turf"
    },
    {
      "identity" : "swift-algorithms",
      "requirement" : {
        "range" : [
          {
            "lower_bound" : "1.0.0",
            "upper_bound" : "2.0.0"
          }
        ]
      },
      "type" : "sourceControl",
      "url" : "https://github.com/apple/swift-algorithms.git"
    }
  ],
  "manifest_display_name" : "GeoProjector",
  "name" : "GeoProjector",
  "path" : "/Users/admin/builder/spi-builder-workspace",
  "platforms" : [
    {
      "name" : "macos",
      "version" : "12.0"
    },
    {
      "name" : "ios",
      "version" : "15.0"
    },
    {
      "name" : "watchos",
      "version" : "8.0"
    },
    {
      "name" : "tvos",
      "version" : "15.0"
    },
    {
      "name" : "xros",
      "version" : "1.0"
    }
  ],
  "products" : [
    {
      "name" : "GeoProjector",
      "targets" : [
        "GeoProjector"
      ],
      "type" : {
        "library" : [
          "automatic"
        ]
      }
    },
    {
      "name" : "GeoProjectorDanseiji",
      "targets" : [
        "GeoProjectorDanseiji"
      ],
      "type" : {
        "library" : [
          "automatic"
        ]
      }
    },
    {
      "name" : "GeoDrawer",
      "targets" : [
        "GeoDrawer"
      ],
      "type" : {
        "library" : [
          "automatic"
        ]
      }
    }
  ],
  "targets" : [
    {
      "c99name" : "GeoProjectorTests",
      "module_type" : "SwiftTarget",
      "name" : "GeoProjectorTests",
      "path" : "Tests/GeoProjectorTests",
      "sources" : [
        "InverseTests.swift",
        "MapBoundsTests.swift",
        "NaturalEarthTests.swift",
        "ProjectionTests.swift",
        "TranslationTests.swift"
      ],
      "target_dependencies" : [
        "GeoProjector"
      ],
      "type" : "test"
    },
    {
      "c99name" : "GeoProjectorDanseijiTests",
      "module_type" : "SwiftTarget",
      "name" : "GeoProjectorDanseijiTests",
      "path" : "Tests/GeoProjectorDanseijiTests",
      "sources" : [
        "DanseijiTests.swift"
      ],
      "target_dependencies" : [
        "GeoProjectorDanseiji"
      ],
      "type" : "test"
    },
    {
      "c99name" : "GeoProjectorDanseiji",
      "module_type" : "SwiftTarget",
      "name" : "GeoProjectorDanseiji",
      "path" : "Sources/GeoProjectorDanseiji",
      "product_dependencies" : [
        "GeoJSONKit"
      ],
      "product_memberships" : [
        "GeoProjectorDanseiji"
      ],
      "resources" : [
        {
          "path" : "/Users/admin/builder/spi-builder-workspace/Sources/GeoProjectorDanseiji/Resources/LICENSE-Danseiji.txt",
          "rule" : {
            "process" : {
            }
          }
        },
        {
          "path" : "/Users/admin/builder/spi-builder-workspace/Sources/GeoProjectorDanseiji/Resources/danseijiI.csv",
          "rule" : {
            "process" : {
            }
          }
        },
        {
          "path" : "/Users/admin/builder/spi-builder-workspace/Sources/GeoProjectorDanseiji/Resources/danseijiII.csv",
          "rule" : {
            "process" : {
            }
          }
        },
        {
          "path" : "/Users/admin/builder/spi-builder-workspace/Sources/GeoProjectorDanseiji/Resources/danseijiIII.csv",
          "rule" : {
            "process" : {
            }
          }
        },
        {
          "path" : "/Users/admin/builder/spi-builder-workspace/Sources/GeoProjectorDanseiji/Resources/danseijiIV.csv",
          "rule" : {
            "process" : {
            }
          }
        },
        {
          "path" : "/Users/admin/builder/spi-builder-workspace/Sources/GeoProjectorDanseiji/Resources/danseijiV.csv",
          "rule" : {
            "process" : {
            }
          }
        },
        {
          "path" : "/Users/admin/builder/spi-builder-workspace/Sources/GeoProjectorDanseiji/Resources/danseijiVI.csv",
          "rule" : {
            "process" : {
            }
          }
        }
      ],
      "sources" : [
        "DanseijiCore.swift",
        "DanseijiData.swift",
        "DanseijiVariant.swift",
        "Projections+Danseiji.swift"
      ],
      "target_dependencies" : [
        "GeoProjector"
      ],
      "type" : "library"
    },
    {
      "c99name" : "GeoProjector",
      "module_type" : "SwiftTarget",
      "name" : "GeoProjector",
      "path" : "Sources/GeoProjector",
      "product_dependencies" : [
        "GeoJSONKit",
        "GeoJSONKitTurf"
      ],
      "product_memberships" : [
        "GeoProjector",
        "GeoProjectorDanseiji",
        "GeoDrawer"
      ],
      "sources" : [
        "Interpolator.swift",
        "MapBounds+Contains.swift",
        "Projection.swift",
        "ProjectionMode.swift",
        "Projections+Azimuthal.swift",
        "Projections+Cylindrical.swift",
        "Projections+Orthographic.swift",
        "Projections+Pseudocylindrical.swift",
        "Projections.swift",
        "Structs.swift"
      ],
      "type" : "library"
    },
    {
      "c99name" : "GeoDrawerTests",
      "module_type" : "SwiftTarget",
      "name" : "GeoDrawerTests",
      "path" : "Tests/GeoDrawerTests",
      "sources" : [
        "BoundarySplitTests.swift",
        "GeoDrawerSVGTests.swift",
        "GeoDrawerSVGZoomTests.swift"
      ],
      "target_dependencies" : [
        "GeoDrawer",
        "GeoProjector"
      ],
      "type" : "test"
    },
    {
      "c99name" : "GeoDrawer",
      "module_type" : "SwiftTarget",
      "name" : "GeoDrawer",
      "path" : "Sources/GeoDrawer",
      "product_dependencies" : [
        "Algorithms"
      ],
      "product_memberships" : [
        "GeoDrawer"
      ],
      "sources" : [
        "GeoDrawer+BoundarySplit.swift",
        "GeoDrawer+CoreGraphics.swift",
        "GeoDrawer+Image.swift",
        "GeoDrawer+SVG.swift",
        "GeoDrawer.swift",
        "GeoJSON+Continents.swift",
        "GeoMap+AppKit.swift",
        "GeoMap+UIKit.swift",
        "styling/GeoDrawerContent+Style.swift"
      ],
      "target_dependencies" : [
        "GeoProjector"
      ],
      "type" : "library"
    }
  ],
  "tools_version" : "5.7"
}
{
  "workspace" : {
    "name" : "spi-builder-workspace",
    "schemes" : [
      "GeoDrawer",
      "GeoJSONKit",
      "GeoProjector",
      "GeoProjector-Package",
      "GeoProjectorDanseiji"
    ]
  }
}
Running build ...
env DEVELOPER_DIR=/Applications/Xcode-16.3.0.app xcrun xcodebuild -IDEClonedSourcePackagesDirPathOverride=$PWD/.dependencies -skipMacroValidation -skipPackagePluginValidation -derivedDataPath $PWD/.derivedData build -scheme GeoProjector-Package -destination generic/platform=tvOS
Command line invocation:
    /Applications/Xcode-16.3.0.app/Contents/Developer/usr/bin/xcodebuild -IDEClonedSourcePackagesDirPathOverride=/Users/admin/builder/spi-builder-workspace/.dependencies -skipMacroValidation -skipPackagePluginValidation -derivedDataPath /Users/admin/builder/spi-builder-workspace/.derivedData build -scheme GeoProjector-Package -destination generic/platform=tvOS
Resolve Package Graph
Resolved source packages:
  swift-algorithms: https://github.com/apple/swift-algorithms.git @ 1.2.1
  swift-numerics: https://github.com/apple/swift-numerics.git @ 1.1.1
  GeoJSONKit: https://github.com/maparoni/geojsonkit.git @ 0.6.0
  swift-argument-parser: https://github.com/apple/swift-argument-parser @ 1.8.2
  GeoJSONKitTurf: https://github.com/maparoni/geojsonkit-turf @ 0.4.3
  GeoProjector: /Users/admin/builder/spi-builder-workspace
ComputePackagePrebuildTargetDependencyGraph
Prepare packages
CreateBuildRequest
SendProjectDescription
CreateBuildOperation
ComputeTargetDependencyGraph
note: Building targets in dependency order
note: Target dependency graph (16 targets)
    Target 'GeoProjectorDanseiji' in project 'GeoProjector'
        ➜ Explicit dependency on target 'GeoProjectorDanseiji' in project 'GeoProjector'
        ➜ Explicit dependency on target 'GeoProjector_GeoProjectorDanseiji' in project 'GeoProjector'
        ➜ Explicit dependency on target 'GeoProjector' in project 'GeoProjector'
        ➜ Explicit dependency on target 'GeoJSONKit' in project 'GeoJSONKit'
        ➜ Explicit dependency on target 'GeoJSONKitTurf' in project 'GeoJSONKitTurf'
    Target 'GeoProjectorDanseiji' in project 'GeoProjector'
        ➜ Explicit dependency on target 'GeoProjector_GeoProjectorDanseiji' in project 'GeoProjector'
        ➜ Explicit dependency on target 'GeoProjector' in project 'GeoProjector'
        ➜ Explicit dependency on target 'GeoJSONKit' in project 'GeoJSONKit'
        ➜ Explicit dependency on target 'GeoJSONKitTurf' in project 'GeoJSONKitTurf'
    Target 'GeoProjector_GeoProjectorDanseiji' in project 'GeoProjector' (no dependencies)
    Target 'GeoProjector' in project 'GeoProjector'
        ➜ Explicit dependency on target 'GeoProjector' in project 'GeoProjector'
        ➜ Explicit dependency on target 'GeoJSONKit' in project 'GeoJSONKit'
        ➜ Explicit dependency on target 'GeoJSONKitTurf' in project 'GeoJSONKitTurf'
    Target 'GeoDrawer' in project 'GeoProjector'
        ➜ Explicit dependency on target 'GeoDrawer' in project 'GeoProjector'
        ➜ Explicit dependency on target 'GeoProjector' in project 'GeoProjector'
        ➜ Explicit dependency on target 'GeoJSONKit' in project 'GeoJSONKit'
        ➜ Explicit dependency on target 'GeoJSONKitTurf' in project 'GeoJSONKitTurf'
        ➜ Explicit dependency on target 'Algorithms' in project 'swift-algorithms'
    Target 'GeoDrawer' in project 'GeoProjector'
        ➜ Explicit dependency on target 'GeoProjector' in project 'GeoProjector'
        ➜ Explicit dependency on target 'GeoJSONKit' in project 'GeoJSONKit'
        ➜ Explicit dependency on target 'GeoJSONKitTurf' in project 'GeoJSONKitTurf'
        ➜ Explicit dependency on target 'Algorithms' in project 'swift-algorithms'
    Target 'Algorithms' in project 'swift-algorithms'
        ➜ Explicit dependency on target 'Algorithms' in project 'swift-algorithms'
        ➜ Explicit dependency on target 'RealModule' in project 'swift-numerics'
    Target 'Algorithms' in project 'swift-algorithms'
        ➜ Explicit dependency on target 'RealModule' in project 'swift-numerics'
    Target 'RealModule' in project 'swift-numerics'
        ➜ Explicit dependency on target 'RealModule' in project 'swift-numerics'
        ➜ Explicit dependency on target '_NumericsShims' in project 'swift-numerics'
    Target 'RealModule' in project 'swift-numerics'
        ➜ Explicit dependency on target '_NumericsShims' in project 'swift-numerics'
    Target '_NumericsShims' in project 'swift-numerics' (no dependencies)
    Target 'GeoProjector' in project 'GeoProjector'
        ➜ Explicit dependency on target 'GeoJSONKit' in project 'GeoJSONKit'
        ➜ Explicit dependency on target 'GeoJSONKitTurf' in project 'GeoJSONKitTurf'
    Target 'GeoJSONKitTurf' in project 'GeoJSONKitTurf'
        ➜ Explicit dependency on target 'GeoJSONKitTurf' in project 'GeoJSONKitTurf'
        ➜ Explicit dependency on target 'GeoJSONKit' in project 'GeoJSONKit'
    Target 'GeoJSONKitTurf' in project 'GeoJSONKitTurf'
        ➜ Explicit dependency on target 'GeoJSONKit' in project 'GeoJSONKit'
    Target 'GeoJSONKit' in project 'GeoJSONKit'
        ➜ Explicit dependency on target 'GeoJSONKit' in project 'GeoJSONKit'
    Target 'GeoJSONKit' in project 'GeoJSONKit' (no dependencies)
GatherProvisioningInputs
CreateBuildDescription
ExecuteExternalTool /Applications/Xcode-16.3.0.app/Contents/Developer/Toolchains/XcodeDefault.xctoolchain/usr/bin/swiftc --version
ExecuteExternalTool /Applications/Xcode-16.3.0.app/Contents/Developer/Toolchains/XcodeDefault.xctoolchain/usr/bin/clang -v -E -dM -arch arm64 -isysroot /Applications/Xcode-16.3.0.app/Contents/Developer/Platforms/AppleTVOS.platform/Developer/SDKs/AppleTVOS18.4.sdk -x c -c /dev/null
ExecuteExternalTool /Applications/Xcode-16.3.0.app/Contents/Developer/Toolchains/XcodeDefault.xctoolchain/usr/bin/clang -v -E -dM -isysroot /Applications/Xcode-16.3.0.app/Contents/Developer/Platforms/AppleTVOS.platform/Developer/SDKs/AppleTVOS18.4.sdk -x c -c /dev/null
ExecuteExternalTool /Applications/Xcode-16.3.0.app/Contents/Developer/Toolchains/XcodeDefault.xctoolchain/usr/bin/ld -version_details
ReadFileContents /Applications/Xcode-16.3.0.app/Contents/Developer/Toolchains/XcodeDefault.xctoolchain/usr/share/docc/features.json
Build description signature: 9a7ff8e28111b59eb79a98b79d3b8950
Build description path: /Users/admin/builder/spi-builder-workspace/.derivedData/Build/Intermediates.noindex/XCBuildData/9a7ff8e28111b59eb79a98b79d3b8950.xcbuilddata
ClangStatCache /Applications/Xcode-16.3.0.app/Contents/Developer/Toolchains/XcodeDefault.xctoolchain/usr/bin/clang-stat-cache /Applications/Xcode-16.3.0.app/Contents/Developer/Platforms/AppleTVOS.platform/Developer/SDKs/AppleTVOS18.4.sdk /Users/admin/builder/spi-builder-workspace/.derivedData/SDKStatCaches.noindex/appletvos18.4-22L251-271d326055c85f9856fa135c41255102.sdkstatcache
    cd /Users/admin/builder/spi-builder-workspace/.swiftpm/xcode
    /Applications/Xcode-16.3.0.app/Contents/Developer/Toolchains/XcodeDefault.xctoolchain/usr/bin/clang-stat-cache /Applications/Xcode-16.3.0.app/Contents/Developer/Platforms/AppleTVOS.platform/Developer/SDKs/AppleTVOS18.4.sdk -o /Users/admin/builder/spi-builder-workspace/.derivedData/SDKStatCaches.noindex/appletvos18.4-22L251-271d326055c85f9856fa135c41255102.sdkstatcache
ProcessInfoPlistFile /Users/admin/builder/spi-builder-workspace/.derivedData/Build/Products/Debug-appletvos/GeoProjector_GeoProjectorDanseiji.bundle/Info.plist /Users/admin/builder/spi-builder-workspace/.derivedData/Build/Intermediates.noindex/GeoProjector.build/Debug-appletvos/GeoProjector_GeoProjectorDanseiji.build/empty-GeoProjector_GeoProjectorDanseiji.plist (in target 'GeoProjector_GeoProjectorDanseiji' from project 'GeoProjector')
    cd /Users/admin/builder/spi-builder-workspace
    builtin-infoPlistUtility /Users/admin/builder/spi-builder-workspace/.derivedData/Build/Intermediates.noindex/GeoProjector.build/Debug-appletvos/GeoProjector_GeoProjectorDanseiji.build/empty-GeoProjector_GeoProjectorDanseiji.plist -producttype com.apple.product-type.bundle -expandbuildsettings -format binary -platform appletvos -o /Users/admin/builder/spi-builder-workspace/.derivedData/Build/Products/Debug-appletvos/GeoProjector_GeoProjectorDanseiji.bundle/Info.plist
SwiftDriver GeoJSONKit normal arm64 com.apple.xcode.tools.swift.compiler (in target 'GeoJSONKit' from project 'GeoJSONKit')
    cd /Users/admin/builder/spi-builder-workspace/.swiftpm/xcode
    builtin-SwiftDriver -- /Applications/Xcode-16.3.0.app/Contents/Developer/Toolchains/XcodeDefault.xctoolchain/usr/bin/swiftc -module-name GeoJSONKit -Onone -enforce-exclusivity\=checked @/Users/admin/builder/spi-builder-workspace/.derivedData/Build/Intermediates.noindex/GeoJSONKit.build/Debug-appletvos/GeoJSONKit.build/Objects-normal/arm64/GeoJSONKit.SwiftFileList -DSWIFT_PACKAGE -DDEBUG -DXcode -plugin-path /Applications/Xcode-16.3.0.app/Contents/Developer/Toolchains/XcodeDefault.xctoolchain/usr/lib/swift/host/plugins/testing -enable-experimental-feature DebugDescriptionMacro -sdk /Applications/Xcode-16.3.0.app/Contents/Developer/Platforms/AppleTVOS.platform/Developer/SDKs/AppleTVOS18.4.sdk -target arm64-apple-tvos12.0 -g -module-cache-path /Users/admin/builder/spi-builder-workspace/.derivedData/ModuleCache.noindex -Xfrontend -serialize-debugging-options -profile-coverage-mapping -profile-generate -enable-testing -suppress-warnings -index-store-path /Users/admin/builder/spi-builder-workspace/.derivedData/Index.noindex/DataStore -swift-version 5 -I /Users/admin/builder/spi-builder-workspace/.derivedData/Build/Products/Debug-appletvos -I /Applications/Xcode-16.3.0.app/Contents/Developer/Platforms/AppleTVOS.platform/Developer/usr/lib -F /Users/admin/builder/spi-builder-workspace/.derivedData/Build/Products/Debug-appletvos -F /Applications/Xcode-16.3.0.app/Contents/Developer/Platforms/AppleTVOS.platform/Developer/Library/Frameworks -F /Applications/Xcode-16.3.0.app/Contents/Developer/Platforms/AppleTVOS.platform/Developer/SDKs/AppleTVOS18.4.sdk/Developer/Library/Frameworks -c -j10 -enable-batch-mode -incremental -Xcc -ivfsstatcache -Xcc /Users/admin/builder/spi-builder-workspace/.derivedData/SDKStatCaches.noindex/appletvos18.4-22L251-271d326055c85f9856fa135c41255102.sdkstatcache -output-file-map /Users/admin/builder/spi-builder-workspace/.derivedData/Build/Intermediates.noindex/GeoJSONKit.build/Debug-appletvos/GeoJSONKit.build/Objects-normal/arm64/GeoJSONKit-OutputFileMap.json -use-frontend-parseable-output -save-temps -no-color-diagnostics -serialize-diagnostics -emit-dependencies -emit-module -emit-module-path /Users/admin/builder/spi-builder-workspace/.derivedData/Build/Intermediates.noindex/GeoJSONKit.build/Debug-appletvos/GeoJSONKit.build/Objects-normal/arm64/GeoJSONKit.swiftmodule -validate-clang-modules-once -clang-build-session-file /Users/admin/builder/spi-builder-workspace/.derivedData/ModuleCache.noindex/Session.modulevalidation -Xcc -I/Users/admin/builder/spi-builder-workspace/.derivedData/Build/Intermediates.noindex/GeoJSONKit.build/Debug-appletvos/GeoJSONKit.build/swift-overrides.hmap -emit-const-values -Xfrontend -const-gather-protocols-file -Xfrontend /Users/admin/builder/spi-builder-workspace/.derivedData/Build/Intermediates.noindex/GeoJSONKit.build/Debug-appletvos/GeoJSONKit.build/Objects-normal/arm64/GeoJSONKit_const_extract_protocols.json -Xcc -I/Users/admin/builder/spi-builder-workspace/.derivedData/Build/Products/Debug-appletvos/include -Xcc -I/Users/admin/builder/spi-builder-workspace/.derivedData/Build/Intermediates.noindex/GeoJSONKit.build/Debug-appletvos/GeoJSONKit.build/DerivedSources-normal/arm64 -Xcc -I/Users/admin/builder/spi-builder-workspace/.derivedData/Build/Intermediates.noindex/GeoJSONKit.build/Debug-appletvos/GeoJSONKit.build/DerivedSources/arm64 -Xcc -I/Users/admin/builder/spi-builder-workspace/.derivedData/Build/Intermediates.noindex/GeoJSONKit.build/Debug-appletvos/GeoJSONKit.build/DerivedSources -Xcc -DSWIFT_PACKAGE -Xcc -DDEBUG\=1 -emit-objc-header -emit-objc-header-path /Users/admin/builder/spi-builder-workspace/.derivedData/Build/Intermediates.noindex/GeoJSONKit.build/Debug-appletvos/GeoJSONKit.build/Objects-normal/arm64/GeoJSONKit-Swift.h -working-directory /Users/admin/builder/spi-builder-workspace/.swiftpm/xcode -experimental-emit-module-separately -disable-cmo
SwiftDriver RealModule normal arm64 com.apple.xcode.tools.swift.compiler (in target 'RealModule' from project 'swift-numerics')
    cd /Users/admin/builder/spi-builder-workspace/.swiftpm/xcode
    builtin-SwiftDriver -- /Applications/Xcode-16.3.0.app/Contents/Developer/Toolchains/XcodeDefault.xctoolchain/usr/bin/swiftc -module-name RealModule -Onone -enforce-exclusivity\=checked @/Users/admin/builder/spi-builder-workspace/.derivedData/Build/Intermediates.noindex/swift-numerics.build/Debug-appletvos/RealModule.build/Objects-normal/arm64/RealModule.SwiftFileList -DSWIFT_PACKAGE -DDEBUG -DXcode -plugin-path /Applications/Xcode-16.3.0.app/Contents/Developer/Toolchains/XcodeDefault.xctoolchain/usr/lib/swift/host/plugins/testing -enable-experimental-feature DebugDescriptionMacro -sdk /Applications/Xcode-16.3.0.app/Contents/Developer/Platforms/AppleTVOS.platform/Developer/SDKs/AppleTVOS18.4.sdk -target arm64-apple-tvos12.0 -g -module-cache-path /Users/admin/builder/spi-builder-workspace/.derivedData/ModuleCache.noindex -Xfrontend -serialize-debugging-options -profile-coverage-mapping -profile-generate -enable-testing -suppress-warnings -index-store-path /Users/admin/builder/spi-builder-workspace/.derivedData/Index.noindex/DataStore -swift-version 5 -I /Users/admin/builder/spi-builder-workspace/.derivedData/Build/Products/Debug-appletvos -I /Applications/Xcode-16.3.0.app/Contents/Developer/Platforms/AppleTVOS.platform/Developer/usr/lib -F /Users/admin/builder/spi-builder-workspace/.derivedData/Build/Products/Debug-appletvos/PackageFrameworks -F /Users/admin/builder/spi-builder-workspace/.derivedData/Build/Products/Debug-appletvos -F /Applications/Xcode-16.3.0.app/Contents/Developer/Platforms/AppleTVOS.platform/Developer/Library/Frameworks -F /Applications/Xcode-16.3.0.app/Contents/Developer/Platforms/AppleTVOS.platform/Developer/SDKs/AppleTVOS18.4.sdk/Developer/Library/Frameworks -c -j10 -enable-batch-mode -incremental -Xcc -ivfsstatcache -Xcc /Users/admin/builder/spi-builder-workspace/.derivedData/SDKStatCaches.noindex/appletvos18.4-22L251-271d326055c85f9856fa135c41255102.sdkstatcache -output-file-map /Users/admin/builder/spi-builder-workspace/.derivedData/Build/Intermediates.noindex/swift-numerics.build/Debug-appletvos/RealModule.build/Objects-normal/arm64/RealModule-OutputFileMap.json -use-frontend-parseable-output -save-temps -no-color-diagnostics -serialize-diagnostics -emit-dependencies -emit-module -emit-module-path /Users/admin/builder/spi-builder-workspace/.derivedData/Build/Intermediates.noindex/swift-numerics.build/Debug-appletvos/RealModule.build/Objects-normal/arm64/RealModule.swiftmodule -validate-clang-modules-once -clang-build-session-file /Users/admin/builder/spi-builder-workspace/.derivedData/ModuleCache.noindex/Session.modulevalidation -package-name swift_numerics -Xcc -I/Users/admin/builder/spi-builder-workspace/.derivedData/Build/Intermediates.noindex/swift-numerics.build/Debug-appletvos/RealModule.build/swift-overrides.hmap -emit-const-values -Xfrontend -const-gather-protocols-file -Xfrontend /Users/admin/builder/spi-builder-workspace/.derivedData/Build/Intermediates.noindex/swift-numerics.build/Debug-appletvos/RealModule.build/Objects-normal/arm64/RealModule_const_extract_protocols.json -Xcc -I/Users/admin/builder/spi-builder-workspace/.dependencies/checkouts/swift-numerics/Sources/_NumericsShims/include -Xcc -I/Users/admin/builder/spi-builder-workspace/.derivedData/Build/Products/Debug-appletvos/include -Xcc -I/Users/admin/builder/spi-builder-workspace/.derivedData/Build/Intermediates.noindex/swift-numerics.build/Debug-appletvos/RealModule.build/DerivedSources-normal/arm64 -Xcc -I/Users/admin/builder/spi-builder-workspace/.derivedData/Build/Intermediates.noindex/swift-numerics.build/Debug-appletvos/RealModule.build/DerivedSources/arm64 -Xcc -I/Users/admin/builder/spi-builder-workspace/.derivedData/Build/Intermediates.noindex/swift-numerics.build/Debug-appletvos/RealModule.build/DerivedSources -Xcc -DSWIFT_PACKAGE -Xcc -DDEBUG\=1 -emit-objc-header -emit-objc-header-path /Users/admin/builder/spi-builder-workspace/.derivedData/Build/Intermediates.noindex/swift-numerics.build/Debug-appletvos/RealModule.build/Objects-normal/arm64/RealModule-Swift.h -working-directory /Users/admin/builder/spi-builder-workspace/.swiftpm/xcode -experimental-emit-module-separately -disable-cmo
SwiftCompile normal arm64 Compiling\ GeoJSON.swift /Users/admin/builder/spi-builder-workspace/.dependencies/checkouts/geojsonkit/Sources/GeoJSONKit/GeoJSON.swift (in target 'GeoJSONKit' from project 'GeoJSONKit')
SwiftCompile normal arm64 /Users/admin/builder/spi-builder-workspace/.dependencies/checkouts/geojsonkit/Sources/GeoJSONKit/GeoJSON.swift (in target 'GeoJSONKit' from project 'GeoJSONKit')
    cd /Users/admin/builder/spi-builder-workspace/.swiftpm/xcode

SwiftEmitModule normal arm64 Emitting\ module\ for\ GeoJSONKit (in target 'GeoJSONKit' from project 'GeoJSONKit')
EmitSwiftModule normal arm64 (in target 'GeoJSONKit' from project 'GeoJSONKit')
    cd /Users/admin/builder/spi-builder-workspace/.swiftpm/xcode

SwiftCompile normal arm64 Compiling\ GeoJSON+Codable.swift /Users/admin/builder/spi-builder-workspace/.dependencies/checkouts/geojsonkit/Sources/GeoJSONKit/GeoJSON+Codable.swift (in target 'GeoJSONKit' from project 'GeoJSONKit')
SwiftCompile normal arm64 /Users/admin/builder/spi-builder-workspace/.dependencies/checkouts/geojsonkit/Sources/GeoJSONKit/GeoJSON+Codable.swift (in target 'GeoJSONKit' from project 'GeoJSONKit')
    cd /Users/admin/builder/spi-builder-workspace/.swiftpm/xcode

SwiftCompile normal arm64 Compiling\ AlgebraicField.swift,\ ApproximateEquality.swift /Users/admin/builder/spi-builder-workspace/.dependencies/checkouts/swift-numerics/Sources/RealModule/AlgebraicField.swift /Users/admin/builder/spi-builder-workspace/.dependencies/checkouts/swift-numerics/Sources/RealModule/ApproximateEquality.swift (in target 'RealModule' from project 'swift-numerics')
SwiftCompile normal arm64 /Users/admin/builder/spi-builder-workspace/.dependencies/checkouts/swift-numerics/Sources/RealModule/AlgebraicField.swift (in target 'RealModule' from project 'swift-numerics')
    cd /Users/admin/builder/spi-builder-workspace/.swiftpm/xcode

SwiftCompile normal arm64 /Users/admin/builder/spi-builder-workspace/.dependencies/checkouts/swift-numerics/Sources/RealModule/ApproximateEquality.swift (in target 'RealModule' from project 'swift-numerics')
    cd /Users/admin/builder/spi-builder-workspace/.swiftpm/xcode

SwiftCompile normal arm64 Compiling\ Float+Real.swift /Users/admin/builder/spi-builder-workspace/.dependencies/checkouts/swift-numerics/Sources/RealModule/Float+Real.swift (in target 'RealModule' from project 'swift-numerics')
SwiftCompile normal arm64 /Users/admin/builder/spi-builder-workspace/.dependencies/checkouts/swift-numerics/Sources/RealModule/Float+Real.swift (in target 'RealModule' from project 'swift-numerics')
    cd /Users/admin/builder/spi-builder-workspace/.swiftpm/xcode

SwiftEmitModule normal arm64 Emitting\ module\ for\ RealModule (in target 'RealModule' from project 'swift-numerics')
EmitSwiftModule normal arm64 (in target 'RealModule' from project 'swift-numerics')
    cd /Users/admin/builder/spi-builder-workspace/.swiftpm/xcode

SwiftCompile normal arm64 Compiling\ Real.swift /Users/admin/builder/spi-builder-workspace/.dependencies/checkouts/swift-numerics/Sources/RealModule/Real.swift (in target 'RealModule' from project 'swift-numerics')
SwiftCompile normal arm64 /Users/admin/builder/spi-builder-workspace/.dependencies/checkouts/swift-numerics/Sources/RealModule/Real.swift (in target 'RealModule' from project 'swift-numerics')
    cd /Users/admin/builder/spi-builder-workspace/.swiftpm/xcode

SwiftCompile normal arm64 Compiling\ RelaxedArithmetic.swift /Users/admin/builder/spi-builder-workspace/.dependencies/checkouts/swift-numerics/Sources/RealModule/RelaxedArithmetic.swift (in target 'RealModule' from project 'swift-numerics')
SwiftCompile normal arm64 /Users/admin/builder/spi-builder-workspace/.dependencies/checkouts/swift-numerics/Sources/RealModule/RelaxedArithmetic.swift (in target 'RealModule' from project 'swift-numerics')
    cd /Users/admin/builder/spi-builder-workspace/.swiftpm/xcode

SwiftCompile normal arm64 Compiling\ ElementaryFunctions.swift /Users/admin/builder/spi-builder-workspace/.dependencies/checkouts/swift-numerics/Sources/RealModule/ElementaryFunctions.swift (in target 'RealModule' from project 'swift-numerics')
SwiftCompile normal arm64 /Users/admin/builder/spi-builder-workspace/.dependencies/checkouts/swift-numerics/Sources/RealModule/ElementaryFunctions.swift (in target 'RealModule' from project 'swift-numerics')
    cd /Users/admin/builder/spi-builder-workspace/.swiftpm/xcode

SwiftCompile normal arm64 Compiling\ Float16+Real.swift /Users/admin/builder/spi-builder-workspace/.dependencies/checkouts/swift-numerics/Sources/RealModule/Float16+Real.swift (in target 'RealModule' from project 'swift-numerics')
SwiftCompile normal arm64 /Users/admin/builder/spi-builder-workspace/.dependencies/checkouts/swift-numerics/Sources/RealModule/Float16+Real.swift (in target 'RealModule' from project 'swift-numerics')
    cd /Users/admin/builder/spi-builder-workspace/.swiftpm/xcode

SwiftCompile normal arm64 Compiling\ RealFunctions.swift /Users/admin/builder/spi-builder-workspace/.dependencies/checkouts/swift-numerics/Sources/RealModule/RealFunctions.swift (in target 'RealModule' from project 'swift-numerics')
SwiftCompile normal arm64 /Users/admin/builder/spi-builder-workspace/.dependencies/checkouts/swift-numerics/Sources/RealModule/RealFunctions.swift (in target 'RealModule' from project 'swift-numerics')
    cd /Users/admin/builder/spi-builder-workspace/.swiftpm/xcode

SwiftDriverJobDiscovery normal arm64 Compiling ElementaryFunctions.swift (in target 'RealModule' from project 'swift-numerics')
SwiftCompile normal arm64 Compiling\ AugmentedArithmetic.swift /Users/admin/builder/spi-builder-workspace/.dependencies/checkouts/swift-numerics/Sources/RealModule/AugmentedArithmetic.swift (in target 'RealModule' from project 'swift-numerics')
SwiftCompile normal arm64 /Users/admin/builder/spi-builder-workspace/.dependencies/checkouts/swift-numerics/Sources/RealModule/AugmentedArithmetic.swift (in target 'RealModule' from project 'swift-numerics')
    cd /Users/admin/builder/spi-builder-workspace/.swiftpm/xcode

SwiftDriverJobDiscovery normal arm64 Compiling RelaxedArithmetic.swift (in target 'RealModule' from project 'swift-numerics')
SwiftCompile normal arm64 Compiling\ Double+Real.swift /Users/admin/builder/spi-builder-workspace/.dependencies/checkouts/swift-numerics/Sources/RealModule/Double+Real.swift (in target 'RealModule' from project 'swift-numerics')
SwiftCompile normal arm64 /Users/admin/builder/spi-builder-workspace/.dependencies/checkouts/swift-numerics/Sources/RealModule/Double+Real.swift (in target 'RealModule' from project 'swift-numerics')
    cd /Users/admin/builder/spi-builder-workspace/.swiftpm/xcode

SwiftDriverJobDiscovery normal arm64 Compiling Real.swift (in target 'RealModule' from project 'swift-numerics')
SwiftCompile normal arm64 Compiling\ Float80+Real.swift /Users/admin/builder/spi-builder-workspace/.dependencies/checkouts/swift-numerics/Sources/RealModule/Float80+Real.swift (in target 'RealModule' from project 'swift-numerics')
SwiftCompile normal arm64 /Users/admin/builder/spi-builder-workspace/.dependencies/checkouts/swift-numerics/Sources/RealModule/Float80+Real.swift (in target 'RealModule' from project 'swift-numerics')
    cd /Users/admin/builder/spi-builder-workspace/.swiftpm/xcode

SwiftDriverJobDiscovery normal arm64 Compiling AlgebraicField.swift, ApproximateEquality.swift (in target 'RealModule' from project 'swift-numerics')
SwiftDriverJobDiscovery normal arm64 Compiling Float16+Real.swift (in target 'RealModule' from project 'swift-numerics')
SwiftDriverJobDiscovery normal arm64 Compiling Float+Real.swift (in target 'RealModule' from project 'swift-numerics')
SwiftDriverJobDiscovery normal arm64 Compiling RealFunctions.swift (in target 'RealModule' from project 'swift-numerics')
SwiftDriverJobDiscovery normal arm64 Emitting module for GeoJSONKit (in target 'GeoJSONKit' from project 'GeoJSONKit')
SwiftDriver\ Compilation\ Requirements GeoJSONKit normal arm64 com.apple.xcode.tools.swift.compiler (in target 'GeoJSONKit' from project 'GeoJSONKit')
    cd /Users/admin/builder/spi-builder-workspace/.swiftpm/xcode
    builtin-Swift-Compilation-Requirements -- /Applications/Xcode-16.3.0.app/Contents/Developer/Toolchains/XcodeDefault.xctoolchain/usr/bin/swiftc -module-name GeoJSONKit -Onone -enforce-exclusivity\=checked @/Users/admin/builder/spi-builder-workspace/.derivedData/Build/Intermediates.noindex/GeoJSONKit.build/Debug-appletvos/GeoJSONKit.build/Objects-normal/arm64/GeoJSONKit.SwiftFileList -DSWIFT_PACKAGE -DDEBUG -DXcode -plugin-path /Applications/Xcode-16.3.0.app/Contents/Developer/Toolchains/XcodeDefault.xctoolchain/usr/lib/swift/host/plugins/testing -enable-experimental-feature DebugDescriptionMacro -sdk /Applications/Xcode-16.3.0.app/Contents/Developer/Platforms/AppleTVOS.platform/Developer/SDKs/AppleTVOS18.4.sdk -target arm64-apple-tvos12.0 -g -module-cache-path /Users/admin/builder/spi-builder-workspace/.derivedData/ModuleCache.noindex -Xfrontend -serialize-debugging-options -profile-coverage-mapping -profile-generate -enable-testing -suppress-warnings -index-store-path /Users/admin/builder/spi-builder-workspace/.derivedData/Index.noindex/DataStore -swift-version 5 -I /Users/admin/builder/spi-builder-workspace/.derivedData/Build/Products/Debug-appletvos -I /Applications/Xcode-16.3.0.app/Contents/Developer/Platforms/AppleTVOS.platform/Developer/usr/lib -F /Users/admin/builder/spi-builder-workspace/.derivedData/Build/Products/Debug-appletvos -F /Applications/Xcode-16.3.0.app/Contents/Developer/Platforms/AppleTVOS.platform/Developer/Library/Frameworks -F /Applications/Xcode-16.3.0.app/Contents/Developer/Platforms/AppleTVOS.platform/Developer/SDKs/AppleTVOS18.4.sdk/Developer/Library/Frameworks -c -j10 -enable-batch-mode -incremental -Xcc -ivfsstatcache -Xcc /Users/admin/builder/spi-builder-workspace/.derivedData/SDKStatCaches.noindex/appletvos18.4-22L251-271d326055c85f9856fa135c41255102.sdkstatcache -output-file-map /Users/admin/builder/spi-builder-workspace/.derivedData/Build/Intermediates.noindex/GeoJSONKit.build/Debug-appletvos/GeoJSONKit.build/Objects-normal/arm64/GeoJSONKit-OutputFileMap.json -use-frontend-parseable-output -save-temps -no-color-diagnostics -serialize-diagnostics -emit-dependencies -emit-module -emit-module-path /Users/admin/builder/spi-builder-workspace/.derivedData/Build/Intermediates.noindex/GeoJSONKit.build/Debug-appletvos/GeoJSONKit.build/Objects-normal/arm64/GeoJSONKit.swiftmodule -validate-clang-modules-once -clang-build-session-file /Users/admin/builder/spi-builder-workspace/.derivedData/ModuleCache.noindex/Session.modulevalidation -Xcc -I/Users/admin/builder/spi-builder-workspace/.derivedData/Build/Intermediates.noindex/GeoJSONKit.build/Debug-appletvos/GeoJSONKit.build/swift-overrides.hmap -emit-const-values -Xfrontend -const-gather-protocols-file -Xfrontend /Users/admin/builder/spi-builder-workspace/.derivedData/Build/Intermediates.noindex/GeoJSONKit.build/Debug-appletvos/GeoJSONKit.build/Objects-normal/arm64/GeoJSONKit_const_extract_protocols.json -Xcc -I/Users/admin/builder/spi-builder-workspace/.derivedData/Build/Products/Debug-appletvos/include -Xcc -I/Users/admin/builder/spi-builder-workspace/.derivedData/Build/Intermediates.noindex/GeoJSONKit.build/Debug-appletvos/GeoJSONKit.build/DerivedSources-normal/arm64 -Xcc -I/Users/admin/builder/spi-builder-workspace/.derivedData/Build/Intermediates.noindex/GeoJSONKit.build/Debug-appletvos/GeoJSONKit.build/DerivedSources/arm64 -Xcc -I/Users/admin/builder/spi-builder-workspace/.derivedData/Build/Intermediates.noindex/GeoJSONKit.build/Debug-appletvos/GeoJSONKit.build/DerivedSources -Xcc -DSWIFT_PACKAGE -Xcc -DDEBUG\=1 -emit-objc-header -emit-objc-header-path /Users/admin/builder/spi-builder-workspace/.derivedData/Build/Intermediates.noindex/GeoJSONKit.build/Debug-appletvos/GeoJSONKit.build/Objects-normal/arm64/GeoJSONKit-Swift.h -working-directory /Users/admin/builder/spi-builder-workspace/.swiftpm/xcode -experimental-emit-module-separately -disable-cmo
SwiftDriverJobDiscovery normal arm64 Compiling AugmentedArithmetic.swift (in target 'RealModule' from project 'swift-numerics')
Copy /Users/admin/builder/spi-builder-workspace/.derivedData/Build/Products/Debug-appletvos/GeoJSONKit.swiftmodule/arm64-apple-tvos.abi.json /Users/admin/builder/spi-builder-workspace/.derivedData/Build/Intermediates.noindex/GeoJSONKit.build/Debug-appletvos/GeoJSONKit.build/Objects-normal/arm64/GeoJSONKit.abi.json (in target 'GeoJSONKit' from project 'GeoJSONKit')
    cd /Users/admin/builder/spi-builder-workspace/.dependencies/checkouts/geojsonkit
    builtin-copy -exclude .DS_Store -exclude CVS -exclude .svn -exclude .git -exclude .hg -resolve-src-symlinks -rename /Users/admin/builder/spi-builder-workspace/.derivedData/Build/Intermediates.noindex/GeoJSONKit.build/Debug-appletvos/GeoJSONKit.build/Objects-normal/arm64/GeoJSONKit.abi.json /Users/admin/builder/spi-builder-workspace/.derivedData/Build/Products/Debug-appletvos/GeoJSONKit.swiftmodule/arm64-apple-tvos.abi.json
SwiftDriverJobDiscovery normal arm64 Compiling Float80+Real.swift (in target 'RealModule' from project 'swift-numerics')
SwiftDriver GeoJSONKitTurf normal arm64 com.apple.xcode.tools.swift.compiler (in target 'GeoJSONKitTurf' from project 'GeoJSONKitTurf')
    cd /Users/admin/builder/spi-builder-workspace/.swiftpm/xcode
    builtin-SwiftDriver -- /Applications/Xcode-16.3.0.app/Contents/Developer/Toolchains/XcodeDefault.xctoolchain/usr/bin/swiftc -module-name GeoJSONKitTurf -Onone -enforce-exclusivity\=checked @/Users/admin/builder/spi-builder-workspace/.derivedData/Build/Intermediates.noindex/GeoJSONKitTurf.build/Debug-appletvos/GeoJSONKitTurf.build/Objects-normal/arm64/GeoJSONKitTurf.SwiftFileList -DSWIFT_PACKAGE -DDEBUG -DXcode -plugin-path /Applications/Xcode-16.3.0.app/Contents/Developer/Toolchains/XcodeDefault.xctoolchain/usr/lib/swift/host/plugins/testing -enable-experimental-feature DebugDescriptionMacro -sdk /Applications/Xcode-16.3.0.app/Contents/Developer/Platforms/AppleTVOS.platform/Developer/SDKs/AppleTVOS18.4.sdk -target arm64-apple-tvos15.0 -g -module-cache-path /Users/admin/builder/spi-builder-workspace/.derivedData/ModuleCache.noindex -Xfrontend -serialize-debugging-options -profile-coverage-mapping -profile-generate -enable-testing -suppress-warnings -index-store-path /Users/admin/builder/spi-builder-workspace/.derivedData/Index.noindex/DataStore -swift-version 5 -I /Users/admin/builder/spi-builder-workspace/.derivedData/Build/Products/Debug-appletvos -I /Applications/Xcode-16.3.0.app/Contents/Developer/Platforms/AppleTVOS.platform/Developer/usr/lib -F /Users/admin/builder/spi-builder-workspace/.derivedData/Build/Products/Debug-appletvos/PackageFrameworks -F /Users/admin/builder/spi-builder-workspace/.derivedData/Build/Products/Debug-appletvos -F /Applications/Xcode-16.3.0.app/Contents/Developer/Platforms/AppleTVOS.platform/Developer/Library/Frameworks -F /Applications/Xcode-16.3.0.app/Contents/Developer/Platforms/AppleTVOS.platform/Developer/SDKs/AppleTVOS18.4.sdk/Developer/Library/Frameworks -c -j10 -enable-batch-mode -incremental -Xcc -ivfsstatcache -Xcc /Users/admin/builder/spi-builder-workspace/.derivedData/SDKStatCaches.noindex/appletvos18.4-22L251-271d326055c85f9856fa135c41255102.sdkstatcache -output-file-map /Users/admin/builder/spi-builder-workspace/.derivedData/Build/Intermediates.noindex/GeoJSONKitTurf.build/Debug-appletvos/GeoJSONKitTurf.build/Objects-normal/arm64/GeoJSONKitTurf-OutputFileMap.json -use-frontend-parseable-output -save-temps -no-color-diagnostics -serialize-diagnostics -emit-dependencies -emit-module -emit-module-path /Users/admin/builder/spi-builder-workspace/.derivedData/Build/Intermediates.noindex/GeoJSONKitTurf.build/Debug-appletvos/GeoJSONKitTurf.build/Objects-normal/arm64/GeoJSONKitTurf.swiftmodule -validate-clang-modules-once -clang-build-session-file /Users/admin/builder/spi-builder-workspace/.derivedData/ModuleCache.noindex/Session.modulevalidation -Xcc -I/Users/admin/builder/spi-builder-workspace/.derivedData/Build/Intermediates.noindex/GeoJSONKitTurf.build/Debug-appletvos/GeoJSONKitTurf.build/swift-overrides.hmap -emit-const-values -Xfrontend -const-gather-protocols-file -Xfrontend /Users/admin/builder/spi-builder-workspace/.derivedData/Build/Intermediates.noindex/GeoJSONKitTurf.build/Debug-appletvos/GeoJSONKitTurf.build/Objects-normal/arm64/GeoJSONKitTurf_const_extract_protocols.json -Xcc -I/Users/admin/builder/spi-builder-workspace/.derivedData/Build/Products/Debug-appletvos/include -Xcc -I/Users/admin/builder/spi-builder-workspace/.derivedData/Build/Intermediates.noindex/GeoJSONKitTurf.build/Debug-appletvos/GeoJSONKitTurf.build/DerivedSources-normal/arm64 -Xcc -I/Users/admin/builder/spi-builder-workspace/.derivedData/Build/Intermediates.noindex/GeoJSONKitTurf.build/Debug-appletvos/GeoJSONKitTurf.build/DerivedSources/arm64 -Xcc -I/Users/admin/builder/spi-builder-workspace/.derivedData/Build/Intermediates.noindex/GeoJSONKitTurf.build/Debug-appletvos/GeoJSONKitTurf.build/DerivedSources -Xcc -DSWIFT_PACKAGE -Xcc -DDEBUG\=1 -emit-objc-header -emit-objc-header-path /Users/admin/builder/spi-builder-workspace/.derivedData/Build/Intermediates.noindex/GeoJSONKitTurf.build/Debug-appletvos/GeoJSONKitTurf.build/Objects-normal/arm64/GeoJSONKitTurf-Swift.h -working-directory /Users/admin/builder/spi-builder-workspace/.swiftpm/xcode -experimental-emit-module-separately -disable-cmo
SwiftDriverJobDiscovery normal arm64 Emitting module for RealModule (in target 'RealModule' from project 'swift-numerics')
SwiftDriver\ Compilation\ Requirements RealModule normal arm64 com.apple.xcode.tools.swift.compiler (in target 'RealModule' from project 'swift-numerics')
    cd /Users/admin/builder/spi-builder-workspace/.swiftpm/xcode
    builtin-Swift-Compilation-Requirements -- /Applications/Xcode-16.3.0.app/Contents/Developer/Toolchains/XcodeDefault.xctoolchain/usr/bin/swiftc -module-name RealModule -Onone -enforce-exclusivity\=checked @/Users/admin/builder/spi-builder-workspace/.derivedData/Build/Intermediates.noindex/swift-numerics.build/Debug-appletvos/RealModule.build/Objects-normal/arm64/RealModule.SwiftFileList -DSWIFT_PACKAGE -DDEBUG -DXcode -plugin-path /Applications/Xcode-16.3.0.app/Contents/Developer/Toolchains/XcodeDefault.xctoolchain/usr/lib/swift/host/plugins/testing -enable-experimental-feature DebugDescriptionMacro -sdk /Applications/Xcode-16.3.0.app/Contents/Developer/Platforms/AppleTVOS.platform/Developer/SDKs/AppleTVOS18.4.sdk -target arm64-apple-tvos12.0 -g -module-cache-path /Users/admin/builder/spi-builder-workspace/.derivedData/ModuleCache.noindex -Xfrontend -serialize-debugging-options -profile-coverage-mapping -profile-generate -enable-testing -suppress-warnings -index-store-path /Users/admin/builder/spi-builder-workspace/.derivedData/Index.noindex/DataStore -swift-version 5 -I /Users/admin/builder/spi-builder-workspace/.derivedData/Build/Products/Debug-appletvos -I /Applications/Xcode-16.3.0.app/Contents/Developer/Platforms/AppleTVOS.platform/Developer/usr/lib -F /Users/admin/builder/spi-builder-workspace/.derivedData/Build/Products/Debug-appletvos/PackageFrameworks -F /Users/admin/builder/spi-builder-workspace/.derivedData/Build/Products/Debug-appletvos -F /Applications/Xcode-16.3.0.app/Contents/Developer/Platforms/AppleTVOS.platform/Developer/Library/Frameworks -F /Applications/Xcode-16.3.0.app/Contents/Developer/Platforms/AppleTVOS.platform/Developer/SDKs/AppleTVOS18.4.sdk/Developer/Library/Frameworks -c -j10 -enable-batch-mode -incremental -Xcc -ivfsstatcache -Xcc /Users/admin/builder/spi-builder-workspace/.derivedData/SDKStatCaches.noindex/appletvos18.4-22L251-271d326055c85f9856fa135c41255102.sdkstatcache -output-file-map /Users/admin/builder/spi-builder-workspace/.derivedData/Build/Intermediates.noindex/swift-numerics.build/Debug-appletvos/RealModule.build/Objects-normal/arm64/RealModule-OutputFileMap.json -use-frontend-parseable-output -save-temps -no-color-diagnostics -serialize-diagnostics -emit-dependencies -emit-module -emit-module-path /Users/admin/builder/spi-builder-workspace/.derivedData/Build/Intermediates.noindex/swift-numerics.build/Debug-appletvos/RealModule.build/Objects-normal/arm64/RealModule.swiftmodule -validate-clang-modules-once -clang-build-session-file /Users/admin/builder/spi-builder-workspace/.derivedData/ModuleCache.noindex/Session.modulevalidation -package-name swift_numerics -Xcc -I/Users/admin/builder/spi-builder-workspace/.derivedData/Build/Intermediates.noindex/swift-numerics.build/Debug-appletvos/RealModule.build/swift-overrides.hmap -emit-const-values -Xfrontend -const-gather-protocols-file -Xfrontend /Users/admin/builder/spi-builder-workspace/.derivedData/Build/Intermediates.noindex/swift-numerics.build/Debug-appletvos/RealModule.build/Objects-normal/arm64/RealModule_const_extract_protocols.json -Xcc -I/Users/admin/builder/spi-builder-workspace/.dependencies/checkouts/swift-numerics/Sources/_NumericsShims/include -Xcc -I/Users/admin/builder/spi-builder-workspace/.derivedData/Build/Products/Debug-appletvos/include -Xcc -I/Users/admin/builder/spi-builder-workspace/.derivedData/Build/Intermediates.noindex/swift-numerics.build/Debug-appletvos/RealModule.build/DerivedSources-normal/arm64 -Xcc -I/Users/admin/builder/spi-builder-workspace/.derivedData/Build/Intermediates.noindex/swift-numerics.build/Debug-appletvos/RealModule.build/DerivedSources/arm64 -Xcc -I/Users/admin/builder/spi-builder-workspace/.derivedData/Build/Intermediates.noindex/swift-numerics.build/Debug-appletvos/RealModule.build/DerivedSources -Xcc -DSWIFT_PACKAGE -Xcc -DDEBUG\=1 -emit-objc-header -emit-objc-header-path /Users/admin/builder/spi-builder-workspace/.derivedData/Build/Intermediates.noindex/swift-numerics.build/Debug-appletvos/RealModule.build/Objects-normal/arm64/RealModule-Swift.h -working-directory /Users/admin/builder/spi-builder-workspace/.swiftpm/xcode -experimental-emit-module-separately -disable-cmo
Copy /Users/admin/builder/spi-builder-workspace/.derivedData/Build/Products/Debug-appletvos/RealModule.swiftmodule/arm64-apple-tvos.abi.json /Users/admin/builder/spi-builder-workspace/.derivedData/Build/Intermediates.noindex/swift-numerics.build/Debug-appletvos/RealModule.build/Objects-normal/arm64/RealModule.abi.json (in target 'RealModule' from project 'swift-numerics')
    cd /Users/admin/builder/spi-builder-workspace/.dependencies/checkouts/swift-numerics
    builtin-copy -exclude .DS_Store -exclude CVS -exclude .svn -exclude .git -exclude .hg -resolve-src-symlinks -rename /Users/admin/builder/spi-builder-workspace/.derivedData/Build/Intermediates.noindex/swift-numerics.build/Debug-appletvos/RealModule.build/Objects-normal/arm64/RealModule.abi.json /Users/admin/builder/spi-builder-workspace/.derivedData/Build/Products/Debug-appletvos/RealModule.swiftmodule/arm64-apple-tvos.abi.json
Copy /Users/admin/builder/spi-builder-workspace/.derivedData/Build/Products/Debug-appletvos/RealModule.swiftmodule/arm64-apple-tvos.swiftmodule /Users/admin/builder/spi-builder-workspace/.derivedData/Build/Intermediates.noindex/swift-numerics.build/Debug-appletvos/RealModule.build/Objects-normal/arm64/RealModule.swiftmodule (in target 'RealModule' from project 'swift-numerics')
    cd /Users/admin/builder/spi-builder-workspace/.dependencies/checkouts/swift-numerics
    builtin-copy -exclude .DS_Store -exclude CVS -exclude .svn -exclude .git -exclude .hg -resolve-src-symlinks -rename /Users/admin/builder/spi-builder-workspace/.derivedData/Build/Intermediates.noindex/swift-numerics.build/Debug-appletvos/RealModule.build/Objects-normal/arm64/RealModule.swiftmodule /Users/admin/builder/spi-builder-workspace/.derivedData/Build/Products/Debug-appletvos/RealModule.swiftmodule/arm64-apple-tvos.swiftmodule
SwiftDriver Algorithms normal arm64 com.apple.xcode.tools.swift.compiler (in target 'Algorithms' from project 'swift-algorithms')
    cd /Users/admin/builder/spi-builder-workspace/.swiftpm/xcode
    builtin-SwiftDriver -- /Applications/Xcode-16.3.0.app/Contents/Developer/Toolchains/XcodeDefault.xctoolchain/usr/bin/swiftc -module-name Algorithms -Onone -enforce-exclusivity\=checked @/Users/admin/builder/spi-builder-workspace/.derivedData/Build/Intermediates.noindex/swift-algorithms.build/Debug-appletvos/Algorithms.build/Objects-normal/arm64/Algorithms.SwiftFileList -DSWIFT_PACKAGE -DDEBUG -DXcode -plugin-path /Applications/Xcode-16.3.0.app/Contents/Developer/Toolchains/XcodeDefault.xctoolchain/usr/lib/swift/host/plugins/testing -enable-experimental-feature DebugDescriptionMacro -sdk /Applications/Xcode-16.3.0.app/Contents/Developer/Platforms/AppleTVOS.platform/Developer/SDKs/AppleTVOS18.4.sdk -target arm64-apple-tvos12.0 -g -module-cache-path /Users/admin/builder/spi-builder-workspace/.derivedData/ModuleCache.noindex -Xfrontend -serialize-debugging-options -profile-coverage-mapping -profile-generate -enable-testing -suppress-warnings -index-store-path /Users/admin/builder/spi-builder-workspace/.derivedData/Index.noindex/DataStore -swift-version 5 -I /Users/admin/builder/spi-builder-workspace/.derivedData/Build/Products/Debug-appletvos -I /Applications/Xcode-16.3.0.app/Contents/Developer/Platforms/AppleTVOS.platform/Developer/usr/lib -F /Users/admin/builder/spi-builder-workspace/.derivedData/Build/Products/Debug-appletvos/PackageFrameworks -F /Users/admin/builder/spi-builder-workspace/.derivedData/Build/Products/Debug-appletvos/PackageFrameworks -F /Users/admin/builder/spi-builder-workspace/.derivedData/Build/Products/Debug-appletvos -F /Applications/Xcode-16.3.0.app/Contents/Developer/Platforms/AppleTVOS.platform/Developer/Library/Frameworks -F /Applications/Xcode-16.3.0.app/Contents/Developer/Platforms/AppleTVOS.platform/Developer/SDKs/AppleTVOS18.4.sdk/Developer/Library/Frameworks -c -j10 -enable-batch-mode -incremental -Xcc -ivfsstatcache -Xcc /Users/admin/builder/spi-builder-workspace/.derivedData/SDKStatCaches.noindex/appletvos18.4-22L251-271d326055c85f9856fa135c41255102.sdkstatcache -output-file-map /Users/admin/builder/spi-builder-workspace/.derivedData/Build/Intermediates.noindex/swift-algorithms.build/Debug-appletvos/Algorithms.build/Objects-normal/arm64/Algorithms-OutputFileMap.json -use-frontend-parseable-output -save-temps -no-color-diagnostics -serialize-diagnostics -emit-dependencies -emit-module -emit-module-path /Users/admin/builder/spi-builder-workspace/.derivedData/Build/Intermediates.noindex/swift-algorithms.build/Debug-appletvos/Algorithms.build/Objects-normal/arm64/Algorithms.swiftmodule -validate-clang-modules-once -clang-build-session-file /Users/admin/builder/spi-builder-workspace/.derivedData/ModuleCache.noindex/Session.modulevalidation -Xcc -I/Users/admin/builder/spi-builder-workspace/.derivedData/Build/Intermediates.noindex/swift-algorithms.build/Debug-appletvos/Algorithms.build/swift-overrides.hmap -emit-const-values -Xfrontend -const-gather-protocols-file -Xfrontend /Users/admin/builder/spi-builder-workspace/.derivedData/Build/Intermediates.noindex/swift-algorithms.build/Debug-appletvos/Algorithms.build/Objects-normal/arm64/Algorithms_const_extract_protocols.json -Xcc -I/Users/admin/builder/spi-builder-workspace/.dependencies/checkouts/swift-numerics/Sources/_NumericsShims/include -Xcc -I/Users/admin/builder/spi-builder-workspace/.derivedData/Build/Products/Debug-appletvos/include -Xcc -I/Users/admin/builder/spi-builder-workspace/.derivedData/Build/Intermediates.noindex/swift-algorithms.build/Debug-appletvos/Algorithms.build/DerivedSources-normal/arm64 -Xcc -I/Users/admin/builder/spi-builder-workspace/.derivedData/Build/Intermediates.noindex/swift-algorithms.build/Debug-appletvos/Algorithms.build/DerivedSources/arm64 -Xcc -I/Users/admin/builder/spi-builder-workspace/.derivedData/Build/Intermediates.noindex/swift-algorithms.build/Debug-appletvos/Algorithms.build/DerivedSources -Xcc -DSWIFT_PACKAGE -Xcc -DDEBUG\=1 -emit-objc-header -emit-objc-header-path /Users/admin/builder/spi-builder-workspace/.derivedData/Build/Intermediates.noindex/swift-algorithms.build/Debug-appletvos/Algorithms.build/Objects-normal/arm64/Algorithms-Swift.h -working-directory /Users/admin/builder/spi-builder-workspace/.swiftpm/xcode -experimental-emit-module-separately -disable-cmo
SwiftCompile normal arm64 Compiling\ GeoJSON+LineString+EncodedPolyline.swift,\ Position+Helpers.swift /Users/admin/builder/spi-builder-workspace/.dependencies/checkouts/geojsonkit-turf/Sources/GeoJSONKitTurf/GeoJSON+LineString+EncodedPolyline.swift /Users/admin/builder/spi-builder-workspace/.dependencies/checkouts/geojsonkit-turf/Sources/GeoJSONKitTurf/Position+Helpers.swift (in target 'GeoJSONKitTurf' from project 'GeoJSONKitTurf')
SwiftCompile normal arm64 /Users/admin/builder/spi-builder-workspace/.dependencies/checkouts/geojsonkit-turf/Sources/GeoJSONKitTurf/GeoJSON+LineString+EncodedPolyline.swift (in target 'GeoJSONKitTurf' from project 'GeoJSONKitTurf')
    cd /Users/admin/builder/spi-builder-workspace/.swiftpm/xcode

SwiftCompile normal arm64 /Users/admin/builder/spi-builder-workspace/.dependencies/checkouts/geojsonkit-turf/Sources/GeoJSONKitTurf/Position+Helpers.swift (in target 'GeoJSONKitTurf' from project 'GeoJSONKitTurf')
    cd /Users/admin/builder/spi-builder-workspace/.swiftpm/xcode

SwiftCompile normal arm64 Compiling\ Turf+LineString.swift,\ Turf+LinearRing.swift /Users/admin/builder/spi-builder-workspace/.dependencies/checkouts/geojsonkit-turf/Sources/GeoJSONKitTurf/Turf+LineString.swift /Users/admin/builder/spi-builder-workspace/.dependencies/checkouts/geojsonkit-turf/Sources/GeoJSONKitTurf/Turf+LinearRing.swift (in target 'GeoJSONKitTurf' from project 'GeoJSONKitTurf')
SwiftCompile normal arm64 /Users/admin/builder/spi-builder-workspace/.dependencies/checkouts/geojsonkit-turf/Sources/GeoJSONKitTurf/Turf+LineString.swift (in target 'GeoJSONKitTurf' from project 'GeoJSONKitTurf')
    cd /Users/admin/builder/spi-builder-workspace/.swiftpm/xcode

SwiftCompile normal arm64 /Users/admin/builder/spi-builder-workspace/.dependencies/checkouts/geojsonkit-turf/Sources/GeoJSONKitTurf/Turf+LinearRing.swift (in target 'GeoJSONKitTurf' from project 'GeoJSONKitTurf')
    cd /Users/admin/builder/spi-builder-workspace/.swiftpm/xcode

SwiftCompile normal arm64 Compiling\ Turf+BoundingBox.swift,\ Turf+GeometryObject.swift /Users/admin/builder/spi-builder-workspace/.dependencies/checkouts/geojsonkit-turf/Sources/GeoJSONKitTurf/Turf+BoundingBox.swift /Users/admin/builder/spi-builder-workspace/.dependencies/checkouts/geojsonkit-turf/Sources/GeoJSONKitTurf/Turf+GeometryObject.swift (in target 'GeoJSONKitTurf' from project 'GeoJSONKitTurf')
SwiftCompile normal arm64 /Users/admin/builder/spi-builder-workspace/.dependencies/checkouts/geojsonkit-turf/Sources/GeoJSONKitTurf/Turf+BoundingBox.swift (in target 'GeoJSONKitTurf' from project 'GeoJSONKitTurf')
    cd /Users/admin/builder/spi-builder-workspace/.swiftpm/xcode

SwiftCompile normal arm64 /Users/admin/builder/spi-builder-workspace/.dependencies/checkouts/geojsonkit-turf/Sources/GeoJSONKitTurf/Turf+GeometryObject.swift (in target 'GeoJSONKitTurf' from project 'GeoJSONKitTurf')
    cd /Users/admin/builder/spi-builder-workspace/.swiftpm/xcode

SwiftEmitModule normal arm64 Emitting\ module\ for\ GeoJSONKitTurf (in target 'GeoJSONKitTurf' from project 'GeoJSONKitTurf')
EmitSwiftModule normal arm64 (in target 'GeoJSONKitTurf' from project 'GeoJSONKitTurf')
    cd /Users/admin/builder/spi-builder-workspace/.swiftpm/xcode

SwiftCompile normal arm64 Compiling\ ClosestCoordinate.swift,\ ConvexHull.swift /Users/admin/builder/spi-builder-workspace/.dependencies/checkouts/geojsonkit-turf/Sources/GeoJSONKitTurf/ClosestCoordinate.swift /Users/admin/builder/spi-builder-workspace/.dependencies/checkouts/geojsonkit-turf/Sources/GeoJSONKitTurf/ConvexHull.swift (in target 'GeoJSONKitTurf' from project 'GeoJSONKitTurf')
SwiftCompile normal arm64 /Users/admin/builder/spi-builder-workspace/.dependencies/checkouts/geojsonkit-turf/Sources/GeoJSONKitTurf/ClosestCoordinate.swift (in target 'GeoJSONKitTurf' from project 'GeoJSONKitTurf')
    cd /Users/admin/builder/spi-builder-workspace/.swiftpm/xcode

SwiftCompile normal arm64 /Users/admin/builder/spi-builder-workspace/.dependencies/checkouts/geojsonkit-turf/Sources/GeoJSONKitTurf/ConvexHull.swift (in target 'GeoJSONKitTurf' from project 'GeoJSONKitTurf')
    cd /Users/admin/builder/spi-builder-workspace/.swiftpm/xcode

SwiftCompile normal arm64 Compiling\ DouglasPeucker.swift,\ MonotoneChain.swift /Users/admin/builder/spi-builder-workspace/.dependencies/checkouts/geojsonkit-turf/Sources/GeoJSONKitTurf/algorithms/DouglasPeucker.swift /Users/admin/builder/spi-builder-workspace/.dependencies/checkouts/geojsonkit-turf/Sources/GeoJSONKitTurf/algorithms/MonotoneChain.swift (in target 'GeoJSONKitTurf' from project 'GeoJSONKitTurf')
SwiftCompile normal arm64 /Users/admin/builder/spi-builder-workspace/.dependencies/checkouts/geojsonkit-turf/Sources/GeoJSONKitTurf/algorithms/DouglasPeucker.swift (in target 'GeoJSONKitTurf' from project 'GeoJSONKitTurf')
    cd /Users/admin/builder/spi-builder-workspace/.swiftpm/xcode

SwiftCompile normal arm64 /Users/admin/builder/spi-builder-workspace/.dependencies/checkouts/geojsonkit-turf/Sources/GeoJSONKitTurf/algorithms/MonotoneChain.swift (in target 'GeoJSONKitTurf' from project 'GeoJSONKitTurf')
    cd /Users/admin/builder/spi-builder-workspace/.swiftpm/xcode

SwiftCompile normal arm64 Compiling\ Turf+Polygon.swift,\ Turf.swift /Users/admin/builder/spi-builder-workspace/.dependencies/checkouts/geojsonkit-turf/Sources/GeoJSONKitTurf/Turf+Polygon.swift /Users/admin/builder/spi-builder-workspace/.dependencies/checkouts/geojsonkit-turf/Sources/GeoJSONKitTurf/Turf.swift (in target 'GeoJSONKitTurf' from project 'GeoJSONKitTurf')
SwiftCompile normal arm64 /Users/admin/builder/spi-builder-workspace/.dependencies/checkouts/geojsonkit-turf/Sources/GeoJSONKitTurf/Turf+Polygon.swift (in target 'GeoJSONKitTurf' from project 'GeoJSONKitTurf')
    cd /Users/admin/builder/spi-builder-workspace/.swiftpm/xcode

SwiftCompile normal arm64 /Users/admin/builder/spi-builder-workspace/.dependencies/checkouts/geojsonkit-turf/Sources/GeoJSONKitTurf/Turf.swift (in target 'GeoJSONKitTurf' from project 'GeoJSONKitTurf')
    cd /Users/admin/builder/spi-builder-workspace/.swiftpm/xcode

SwiftDriverJobDiscovery normal arm64 Compiling GeoJSON+Codable.swift (in target 'GeoJSONKit' from project 'GeoJSONKit')
SwiftCompile normal arm64 Compiling\ SutherlandHodgeman.swift /Users/admin/builder/spi-builder-workspace/.dependencies/checkouts/geojsonkit-turf/Sources/GeoJSONKitTurf/algorithms/SutherlandHodgeman.swift (in target 'GeoJSONKitTurf' from project 'GeoJSONKitTurf')
SwiftCompile normal arm64 /Users/admin/builder/spi-builder-workspace/.dependencies/checkouts/geojsonkit-turf/Sources/GeoJSONKitTurf/algorithms/SutherlandHodgeman.swift (in target 'GeoJSONKitTurf' from project 'GeoJSONKitTurf')
    cd /Users/admin/builder/spi-builder-workspace/.swiftpm/xcode

SwiftEmitModule normal arm64 Emitting\ module\ for\ Algorithms (in target 'Algorithms' from project 'swift-algorithms')
EmitSwiftModule normal arm64 (in target 'Algorithms' from project 'swift-algorithms')
    cd /Users/admin/builder/spi-builder-workspace/.swiftpm/xcode

SwiftDriverJobDiscovery normal arm64 Compiling Double+Real.swift (in target 'RealModule' from project 'swift-numerics')
SwiftDriver\ Compilation RealModule normal arm64 com.apple.xcode.tools.swift.compiler (in target 'RealModule' from project 'swift-numerics')
    cd /Users/admin/builder/spi-builder-workspace/.swiftpm/xcode
    builtin-Swift-Compilation -- /Applications/Xcode-16.3.0.app/Contents/Developer/Toolchains/XcodeDefault.xctoolchain/usr/bin/swiftc -module-name RealModule -Onone -enforce-exclusivity\=checked @/Users/admin/builder/spi-builder-workspace/.derivedData/Build/Intermediates.noindex/swift-numerics.build/Debug-appletvos/RealModule.build/Objects-normal/arm64/RealModule.SwiftFileList -DSWIFT_PACKAGE -DDEBUG -DXcode -plugin-path /Applications/Xcode-16.3.0.app/Contents/Developer/Toolchains/XcodeDefault.xctoolchain/usr/lib/swift/host/plugins/testing -enable-experimental-feature DebugDescriptionMacro -sdk /Applications/Xcode-16.3.0.app/Contents/Developer/Platforms/AppleTVOS.platform/Developer/SDKs/AppleTVOS18.4.sdk -target arm64-apple-tvos12.0 -g -module-cache-path /Users/admin/builder/spi-builder-workspace/.derivedData/ModuleCache.noindex -Xfrontend -serialize-debugging-options -profile-coverage-mapping -profile-generate -enable-testing -suppress-warnings -index-store-path /Users/admin/builder/spi-builder-workspace/.derivedData/Index.noindex/DataStore -swift-version 5 -I /Users/admin/builder/spi-builder-workspace/.derivedData/Build/Products/Debug-appletvos -I /Applications/Xcode-16.3.0.app/Contents/Developer/Platforms/AppleTVOS.platform/Developer/usr/lib -F /Users/admin/builder/spi-builder-workspace/.derivedData/Build/Products/Debug-appletvos/PackageFrameworks -F /Users/admin/builder/spi-builder-workspace/.derivedData/Build/Products/Debug-appletvos -F /Applications/Xcode-16.3.0.app/Contents/Developer/Platforms/AppleTVOS.platform/Developer/Library/Frameworks -F /Applications/Xcode-16.3.0.app/Contents/Developer/Platforms/AppleTVOS.platform/Developer/SDKs/AppleTVOS18.4.sdk/Developer/Library/Frameworks -c -j10 -enable-batch-mode -incremental -Xcc -ivfsstatcache -Xcc /Users/admin/builder/spi-builder-workspace/.derivedData/SDKStatCaches.noindex/appletvos18.4-22L251-271d326055c85f9856fa135c41255102.sdkstatcache -output-file-map /Users/admin/builder/spi-builder-workspace/.derivedData/Build/Intermediates.noindex/swift-numerics.build/Debug-appletvos/RealModule.build/Objects-normal/arm64/RealModule-OutputFileMap.json -use-frontend-parseable-output -save-temps -no-color-diagnostics -serialize-diagnostics -emit-dependencies -emit-module -emit-module-path /Users/admin/builder/spi-builder-workspace/.derivedData/Build/Intermediates.noindex/swift-numerics.build/Debug-appletvos/RealModule.build/Objects-normal/arm64/RealModule.swiftmodule -validate-clang-modules-once -clang-build-session-file /Users/admin/builder/spi-builder-workspace/.derivedData/ModuleCache.noindex/Session.modulevalidation -package-name swift_numerics -Xcc -I/Users/admin/builder/spi-builder-workspace/.derivedData/Build/Intermediates.noindex/swift-numerics.build/Debug-appletvos/RealModule.build/swift-overrides.hmap -emit-const-values -Xfrontend -const-gather-protocols-file -Xfrontend /Users/admin/builder/spi-builder-workspace/.derivedData/Build/Intermediates.noindex/swift-numerics.build/Debug-appletvos/RealModule.build/Objects-normal/arm64/RealModule_const_extract_protocols.json -Xcc -I/Users/admin/builder/spi-builder-workspace/.dependencies/checkouts/swift-numerics/Sources/_NumericsShims/include -Xcc -I/Users/admin/builder/spi-builder-workspace/.derivedData/Build/Products/Debug-appletvos/include -Xcc -I/Users/admin/builder/spi-builder-workspace/.derivedData/Build/Intermediates.noindex/swift-numerics.build/Debug-appletvos/RealModule.build/DerivedSources-normal/arm64 -Xcc -I/Users/admin/builder/spi-builder-workspace/.derivedData/Build/Intermediates.noindex/swift-numerics.build/Debug-appletvos/RealModule.build/DerivedSources/arm64 -Xcc -I/Users/admin/builder/spi-builder-workspace/.derivedData/Build/Intermediates.noindex/swift-numerics.build/Debug-appletvos/RealModule.build/DerivedSources -Xcc -DSWIFT_PACKAGE -Xcc -DDEBUG\=1 -emit-objc-header -emit-objc-header-path /Users/admin/builder/spi-builder-workspace/.derivedData/Build/Intermediates.noindex/swift-numerics.build/Debug-appletvos/RealModule.build/Objects-normal/arm64/RealModule-Swift.h -working-directory /Users/admin/builder/spi-builder-workspace/.swiftpm/xcode -experimental-emit-module-separately -disable-cmo
SwiftDriverJobDiscovery normal arm64 Emitting module for GeoJSONKitTurf (in target 'GeoJSONKitTurf' from project 'GeoJSONKitTurf')
SwiftCompile normal arm64 Compiling\ Spline.swift /Users/admin/builder/spi-builder-workspace/.dependencies/checkouts/geojsonkit-turf/Sources/GeoJSONKitTurf/algorithms/Spline.swift (in target 'GeoJSONKitTurf' from project 'GeoJSONKitTurf')
SwiftCompile normal arm64 /Users/admin/builder/spi-builder-workspace/.dependencies/checkouts/geojsonkit-turf/Sources/GeoJSONKitTurf/algorithms/Spline.swift (in target 'GeoJSONKitTurf' from project 'GeoJSONKitTurf')
    cd /Users/admin/builder/spi-builder-workspace/.swiftpm/xcode

SwiftDriver\ Compilation\ Requirements GeoJSONKitTurf normal arm64 com.apple.xcode.tools.swift.compiler (in target 'GeoJSONKitTurf' from project 'GeoJSONKitTurf')
    cd /Users/admin/builder/spi-builder-workspace/.swiftpm/xcode
    builtin-Swift-Compilation-Requirements -- /Applications/Xcode-16.3.0.app/Contents/Developer/Toolchains/XcodeDefault.xctoolchain/usr/bin/swiftc -module-name GeoJSONKitTurf -Onone -enforce-exclusivity\=checked @/Users/admin/builder/spi-builder-workspace/.derivedData/Build/Intermediates.noindex/GeoJSONKitTurf.build/Debug-appletvos/GeoJSONKitTurf.build/Objects-normal/arm64/GeoJSONKitTurf.SwiftFileList -DSWIFT_PACKAGE -DDEBUG -DXcode -plugin-path /Applications/Xcode-16.3.0.app/Contents/Developer/Toolchains/XcodeDefault.xctoolchain/usr/lib/swift/host/plugins/testing -enable-experimental-feature DebugDescriptionMacro -sdk /Applications/Xcode-16.3.0.app/Contents/Developer/Platforms/AppleTVOS.platform/Developer/SDKs/AppleTVOS18.4.sdk -target arm64-apple-tvos15.0 -g -module-cache-path /Users/admin/builder/spi-builder-workspace/.derivedData/ModuleCache.noindex -Xfrontend -serialize-debugging-options -profile-coverage-mapping -profile-generate -enable-testing -suppress-warnings -index-store-path /Users/admin/builder/spi-builder-workspace/.derivedData/Index.noindex/DataStore -swift-version 5 -I /Users/admin/builder/spi-builder-workspace/.derivedData/Build/Products/Debug-appletvos -I /Applications/Xcode-16.3.0.app/Contents/Developer/Platforms/AppleTVOS.platform/Developer/usr/lib -F /Users/admin/builder/spi-builder-workspace/.derivedData/Build/Products/Debug-appletvos/PackageFrameworks -F /Users/admin/builder/spi-builder-workspace/.derivedData/Build/Products/Debug-appletvos -F /Applications/Xcode-16.3.0.app/Contents/Developer/Platforms/AppleTVOS.platform/Developer/Library/Frameworks -F /Applications/Xcode-16.3.0.app/Contents/Developer/Platforms/AppleTVOS.platform/Developer/SDKs/AppleTVOS18.4.sdk/Developer/Library/Frameworks -c -j10 -enable-batch-mode -incremental -Xcc -ivfsstatcache -Xcc /Users/admin/builder/spi-builder-workspace/.derivedData/SDKStatCaches.noindex/appletvos18.4-22L251-271d326055c85f9856fa135c41255102.sdkstatcache -output-file-map /Users/admin/builder/spi-builder-workspace/.derivedData/Build/Intermediates.noindex/GeoJSONKitTurf.build/Debug-appletvos/GeoJSONKitTurf.build/Objects-normal/arm64/GeoJSONKitTurf-OutputFileMap.json -use-frontend-parseable-output -save-temps -no-color-diagnostics -serialize-diagnostics -emit-dependencies -emit-module -emit-module-path /Users/admin/builder/spi-builder-workspace/.derivedData/Build/Intermediates.noindex/GeoJSONKitTurf.build/Debug-appletvos/GeoJSONKitTurf.build/Objects-normal/arm64/GeoJSONKitTurf.swiftmodule -validate-clang-modules-once -clang-build-session-file /Users/admin/builder/spi-builder-workspace/.derivedData/ModuleCache.noindex/Session.modulevalidation -Xcc -I/Users/admin/builder/spi-builder-workspace/.derivedData/Build/Intermediates.noindex/GeoJSONKitTurf.build/Debug-appletvos/GeoJSONKitTurf.build/swift-overrides.hmap -emit-const-values -Xfrontend -const-gather-protocols-file -Xfrontend /Users/admin/builder/spi-builder-workspace/.derivedData/Build/Intermediates.noindex/GeoJSONKitTurf.build/Debug-appletvos/GeoJSONKitTurf.build/Objects-normal/arm64/GeoJSONKitTurf_const_extract_protocols.json -Xcc -I/Users/admin/builder/spi-builder-workspace/.derivedData/Build/Products/Debug-appletvos/include -Xcc -I/Users/admin/builder/spi-builder-workspace/.derivedData/Build/Intermediates.noindex/GeoJSONKitTurf.build/Debug-appletvos/GeoJSONKitTurf.build/DerivedSources-normal/arm64 -Xcc -I/Users/admin/builder/spi-builder-workspace/.derivedData/Build/Intermediates.noindex/GeoJSONKitTurf.build/Debug-appletvos/GeoJSONKitTurf.build/DerivedSources/arm64 -Xcc -I/Users/admin/builder/spi-builder-workspace/.derivedData/Build/Intermediates.noindex/GeoJSONKitTurf.build/Debug-appletvos/GeoJSONKitTurf.build/DerivedSources -Xcc -DSWIFT_PACKAGE -Xcc -DDEBUG\=1 -emit-objc-header -emit-objc-header-path /Users/admin/builder/spi-builder-workspace/.derivedData/Build/Intermediates.noindex/GeoJSONKitTurf.build/Debug-appletvos/GeoJSONKitTurf.build/Objects-normal/arm64/GeoJSONKitTurf-Swift.h -working-directory /Users/admin/builder/spi-builder-workspace/.swiftpm/xcode -experimental-emit-module-separately -disable-cmo
SwiftDriverJobDiscovery normal arm64 Compiling SutherlandHodgeman.swift (in target 'GeoJSONKitTurf' from project 'GeoJSONKitTurf')
SwiftCompile normal arm64 Compiling\ CoreLocation.swift,\ GeoJSON+Helpers.swift /Users/admin/builder/spi-builder-workspace/.dependencies/checkouts/geojsonkit-turf/Sources/GeoJSONKitTurf/CoreLocation.swift /Users/admin/builder/spi-builder-workspace/.dependencies/checkouts/geojsonkit-turf/Sources/GeoJSONKitTurf/GeoJSON+Helpers.swift (in target 'GeoJSONKitTurf' from project 'GeoJSONKitTurf')
SwiftCompile normal arm64 /Users/admin/builder/spi-builder-workspace/.dependencies/checkouts/geojsonkit-turf/Sources/GeoJSONKitTurf/CoreLocation.swift (in target 'GeoJSONKitTurf' from project 'GeoJSONKitTurf')
    cd /Users/admin/builder/spi-builder-workspace/.swiftpm/xcode

SwiftCompile normal arm64 /Users/admin/builder/spi-builder-workspace/.dependencies/checkouts/geojsonkit-turf/Sources/GeoJSONKitTurf/GeoJSON+Helpers.swift (in target 'GeoJSONKitTurf' from project 'GeoJSONKitTurf')
    cd /Users/admin/builder/spi-builder-workspace/.swiftpm/xcode

Copy /Users/admin/builder/spi-builder-workspace/.derivedData/Build/Products/Debug-appletvos/GeoJSONKitTurf.swiftmodule/arm64-apple-tvos.abi.json /Users/admin/builder/spi-builder-workspace/.derivedData/Build/Intermediates.noindex/GeoJSONKitTurf.build/Debug-appletvos/GeoJSONKitTurf.build/Objects-normal/arm64/GeoJSONKitTurf.abi.json (in target 'GeoJSONKitTurf' from project 'GeoJSONKitTurf')
    cd /Users/admin/builder/spi-builder-workspace/.dependencies/checkouts/geojsonkit-turf
    builtin-copy -exclude .DS_Store -exclude CVS -exclude .svn -exclude .git -exclude .hg -resolve-src-symlinks -rename /Users/admin/builder/spi-builder-workspace/.derivedData/Build/Intermediates.noindex/GeoJSONKitTurf.build/Debug-appletvos/GeoJSONKitTurf.build/Objects-normal/arm64/GeoJSONKitTurf.abi.json /Users/admin/builder/spi-builder-workspace/.derivedData/Build/Products/Debug-appletvos/GeoJSONKitTurf.swiftmodule/arm64-apple-tvos.abi.json
SwiftDriverJobDiscovery normal arm64 Compiling ClosestCoordinate.swift, ConvexHull.swift (in target 'GeoJSONKitTurf' from project 'GeoJSONKitTurf')
SwiftCompile normal arm64 Compiling\ RadianCoordinate2D.swift,\ Simplify.swift /Users/admin/builder/spi-builder-workspace/.dependencies/checkouts/geojsonkit-turf/Sources/GeoJSONKitTurf/RadianCoordinate2D.swift /Users/admin/builder/spi-builder-workspace/.dependencies/checkouts/geojsonkit-turf/Sources/GeoJSONKitTurf/Simplify.swift (in target 'GeoJSONKitTurf' from project 'GeoJSONKitTurf')
SwiftCompile normal arm64 /Users/admin/builder/spi-builder-workspace/.dependencies/checkouts/geojsonkit-turf/Sources/GeoJSONKitTurf/RadianCoordinate2D.swift (in target 'GeoJSONKitTurf' from project 'GeoJSONKitTurf')
    cd /Users/admin/builder/spi-builder-workspace/.swiftpm/xcode

SwiftCompile normal arm64 /Users/admin/builder/spi-builder-workspace/.dependencies/checkouts/geojsonkit-turf/Sources/GeoJSONKitTurf/Simplify.swift (in target 'GeoJSONKitTurf' from project 'GeoJSONKitTurf')
    cd /Users/admin/builder/spi-builder-workspace/.swiftpm/xcode

SwiftCompile normal arm64 Compiling\ Combinations.swift,\ Compacted.swift,\ Cycle.swift /Users/admin/builder/spi-builder-workspace/.dependencies/checkouts/swift-algorithms/Sources/Algorithms/Combinations.swift /Users/admin/builder/spi-builder-workspace/.dependencies/checkouts/swift-algorithms/Sources/Algorithms/Compacted.swift /Users/admin/builder/spi-builder-workspace/.dependencies/checkouts/swift-algorithms/Sources/Algorithms/Cycle.swift (in target 'Algorithms' from project 'swift-algorithms')
SwiftCompile normal arm64 /Users/admin/builder/spi-builder-workspace/.dependencies/checkouts/swift-algorithms/Sources/Algorithms/Combinations.swift (in target 'Algorithms' from project 'swift-algorithms')
    cd /Users/admin/builder/spi-builder-workspace/.swiftpm/xcode

SwiftCompile normal arm64 /Users/admin/builder/spi-builder-workspace/.dependencies/checkouts/swift-algorithms/Sources/Algorithms/Compacted.swift (in target 'Algorithms' from project 'swift-algorithms')
    cd /Users/admin/builder/spi-builder-workspace/.swiftpm/xcode

SwiftCompile normal arm64 /Users/admin/builder/spi-builder-workspace/.dependencies/checkouts/swift-algorithms/Sources/Algorithms/Cycle.swift (in target 'Algorithms' from project 'swift-algorithms')
    cd /Users/admin/builder/spi-builder-workspace/.swiftpm/xcode

SwiftCompile normal arm64 Compiling\ Joined.swift,\ Keyed.swift,\ MinMax.swift /Users/admin/builder/spi-builder-workspace/.dependencies/checkouts/swift-algorithms/Sources/Algorithms/Joined.swift /Users/admin/builder/spi-builder-workspace/.dependencies/checkouts/swift-algorithms/Sources/Algorithms/Keyed.swift /Users/admin/builder/spi-builder-workspace/.dependencies/checkouts/swift-algorithms/Sources/Algorithms/MinMax.swift (in target 'Algorithms' from project 'swift-algorithms')
SwiftCompile normal arm64 /Users/admin/builder/spi-builder-workspace/.dependencies/checkouts/swift-algorithms/Sources/Algorithms/Joined.swift (in target 'Algorithms' from project 'swift-algorithms')
    cd /Users/admin/builder/spi-builder-workspace/.swiftpm/xcode

SwiftCompile normal arm64 /Users/admin/builder/spi-builder-workspace/.dependencies/checkouts/swift-algorithms/Sources/Algorithms/Keyed.swift (in target 'Algorithms' from project 'swift-algorithms')
    cd /Users/admin/builder/spi-builder-workspace/.swiftpm/xcode

SwiftCompile normal arm64 /Users/admin/builder/spi-builder-workspace/.dependencies/checkouts/swift-algorithms/Sources/Algorithms/MinMax.swift (in target 'Algorithms' from project 'swift-algorithms')
    cd /Users/admin/builder/spi-builder-workspace/.swiftpm/xcode

SwiftDriverJobDiscovery normal arm64 Compiling GeoJSON.swift (in target 'GeoJSONKit' from project 'GeoJSONKit')
SwiftCompile normal arm64 Compiling\ EitherSequence.swift,\ FirstNonNil.swift,\ FlattenCollection.swift /Users/admin/builder/spi-builder-workspace/.dependencies/checkouts/swift-algorithms/Sources/Algorithms/EitherSequence.swift /Users/admin/builder/spi-builder-workspace/.dependencies/checkouts/swift-algorithms/Sources/Algorithms/FirstNonNil.swift /Users/admin/builder/spi-builder-workspace/.dependencies/checkouts/swift-algorithms/Sources/Algorithms/FlattenCollection.swift (in target 'Algorithms' from project 'swift-algorithms')
SwiftCompile normal arm64 /Users/admin/builder/spi-builder-workspace/.dependencies/checkouts/swift-algorithms/Sources/Algorithms/EitherSequence.swift (in target 'Algorithms' from project 'swift-algorithms')
    cd /Users/admin/builder/spi-builder-workspace/.swiftpm/xcode

SwiftCompile normal arm64 /Users/admin/builder/spi-builder-workspace/.dependencies/checkouts/swift-algorithms/Sources/Algorithms/FirstNonNil.swift (in target 'Algorithms' from project 'swift-algorithms')
    cd /Users/admin/builder/spi-builder-workspace/.swiftpm/xcode

SwiftCompile normal arm64 /Users/admin/builder/spi-builder-workspace/.dependencies/checkouts/swift-algorithms/Sources/Algorithms/FlattenCollection.swift (in target 'Algorithms' from project 'swift-algorithms')
    cd /Users/admin/builder/spi-builder-workspace/.swiftpm/xcode

SwiftDriverJobDiscovery normal arm64 Compiling DouglasPeucker.swift, MonotoneChain.swift (in target 'GeoJSONKitTurf' from project 'GeoJSONKitTurf')
SwiftDriverJobDiscovery normal arm64 Compiling GeoJSON+LineString+EncodedPolyline.swift, Position+Helpers.swift (in target 'GeoJSONKitTurf' from project 'GeoJSONKitTurf')
SwiftDriver GeoProjector normal arm64 com.apple.xcode.tools.swift.compiler (in target 'GeoProjector' from project 'GeoProjector')
    cd /Users/admin/builder/spi-builder-workspace/.swiftpm/xcode
    builtin-SwiftDriver -- /Applications/Xcode-16.3.0.app/Contents/Developer/Toolchains/XcodeDefault.xctoolchain/usr/bin/swiftc -module-name GeoProjector -Onone -enforce-exclusivity\=checked @/Users/admin/builder/spi-builder-workspace/.derivedData/Build/Intermediates.noindex/GeoProjector.build/Debug-appletvos/GeoProjector.build/Objects-normal/arm64/GeoProjector.SwiftFileList -DSWIFT_PACKAGE -DDEBUG -DXcode -plugin-path /Applications/Xcode-16.3.0.app/Contents/Developer/Toolchains/XcodeDefault.xctoolchain/usr/lib/swift/host/plugins/testing -enable-experimental-feature DebugDescriptionMacro -sdk /Applications/Xcode-16.3.0.app/Contents/Developer/Platforms/AppleTVOS.platform/Developer/SDKs/AppleTVOS18.4.sdk -target arm64-apple-tvos15.0 -g -module-cache-path /Users/admin/builder/spi-builder-workspace/.derivedData/ModuleCache.noindex -Xfrontend -serialize-debugging-options -profile-coverage-mapping -profile-generate -enable-testing -index-store-path /Users/admin/builder/spi-builder-workspace/.derivedData/Index.noindex/DataStore -swift-version 5 -I /Users/admin/builder/spi-builder-workspace/.derivedData/Build/Products/Debug-appletvos -I /Applications/Xcode-16.3.0.app/Contents/Developer/Platforms/AppleTVOS.platform/Developer/usr/lib -F /Users/admin/builder/spi-builder-workspace/.derivedData/Build/Products/Debug-appletvos/PackageFrameworks -F /Users/admin/builder/spi-builder-workspace/.derivedData/Build/Products/Debug-appletvos/PackageFrameworks -F /Users/admin/builder/spi-builder-workspace/.derivedData/Build/Products/Debug-appletvos -F /Applications/Xcode-16.3.0.app/Contents/Developer/Platforms/AppleTVOS.platform/Developer/Library/Frameworks -F /Applications/Xcode-16.3.0.app/Contents/Developer/Platforms/AppleTVOS.platform/Developer/SDKs/AppleTVOS18.4.sdk/Developer/Library/Frameworks -c -j10 -enable-batch-mode -incremental -Xcc -ivfsstatcache -Xcc /Users/admin/builder/spi-builder-workspace/.derivedData/SDKStatCaches.noindex/appletvos18.4-22L251-271d326055c85f9856fa135c41255102.sdkstatcache -output-file-map /Users/admin/builder/spi-builder-workspace/.derivedData/Build/Intermediates.noindex/GeoProjector.build/Debug-appletvos/GeoProjector.build/Objects-normal/arm64/GeoProjector-OutputFileMap.json -use-frontend-parseable-output -save-temps -no-color-diagnostics -serialize-diagnostics -emit-dependencies -emit-module -emit-module-path /Users/admin/builder/spi-builder-workspace/.derivedData/Build/Intermediates.noindex/GeoProjector.build/Debug-appletvos/GeoProjector.build/Objects-normal/arm64/GeoProjector.swiftmodule -validate-clang-modules-once -clang-build-session-file /Users/admin/builder/spi-builder-workspace/.derivedData/ModuleCache.noindex/Session.modulevalidation -Xcc -I/Users/admin/builder/spi-builder-workspace/.derivedData/Build/Intermediates.noindex/GeoProjector.build/Debug-appletvos/GeoProjector.build/swift-overrides.hmap -emit-const-values -Xfrontend -const-gather-protocols-file -Xfrontend /Users/admin/builder/spi-builder-workspace/.derivedData/Build/Intermediates.noindex/GeoProjector.build/Debug-appletvos/GeoProjector.build/Objects-normal/arm64/GeoProjector_const_extract_protocols.json -Xcc -I/Users/admin/builder/spi-builder-workspace/.derivedData/Build/Products/Debug-appletvos/include -Xcc -I/Users/admin/builder/spi-builder-workspace/.derivedData/Build/Intermediates.noindex/GeoProjector.build/Debug-appletvos/GeoProjector.build/DerivedSources-normal/arm64 -Xcc -I/Users/admin/builder/spi-builder-workspace/.derivedData/Build/Intermediates.noindex/GeoProjector.build/Debug-appletvos/GeoProjector.build/DerivedSources/arm64 -Xcc -I/Users/admin/builder/spi-builder-workspace/.derivedData/Build/Intermediates.noindex/GeoProjector.build/Debug-appletvos/GeoProjector.build/DerivedSources -Xcc -DSWIFT_PACKAGE -Xcc -DDEBUG\=1 -emit-objc-header -emit-objc-header-path /Users/admin/builder/spi-builder-workspace/.derivedData/Build/Intermediates.noindex/GeoProjector.build/Debug-appletvos/GeoProjector.build/Objects-normal/arm64/GeoProjector-Swift.h -working-directory /Users/admin/builder/spi-builder-workspace/.swiftpm/xcode -experimental-emit-module-separately -disable-cmo
SwiftDriverJobDiscovery normal arm64 Compiling Turf+Polygon.swift, Turf.swift (in target 'GeoJSONKitTurf' from project 'GeoJSONKitTurf')
SwiftDriver\ Compilation GeoJSONKit normal arm64 com.apple.xcode.tools.swift.compiler (in target 'GeoJSONKit' from project 'GeoJSONKit')
    cd /Users/admin/builder/spi-builder-workspace/.swiftpm/xcode
    builtin-Swift-Compilation -- /Applications/Xcode-16.3.0.app/Contents/Developer/Toolchains/XcodeDefault.xctoolchain/usr/bin/swiftc -module-name GeoJSONKit -Onone -enforce-exclusivity\=checked @/Users/admin/builder/spi-builder-workspace/.derivedData/Build/Intermediates.noindex/GeoJSONKit.build/Debug-appletvos/GeoJSONKit.build/Objects-normal/arm64/GeoJSONKit.SwiftFileList -DSWIFT_PACKAGE -DDEBUG -DXcode -plugin-path /Applications/Xcode-16.3.0.app/Contents/Developer/Toolchains/XcodeDefault.xctoolchain/usr/lib/swift/host/plugins/testing -enable-experimental-feature DebugDescriptionMacro -sdk /Applications/Xcode-16.3.0.app/Contents/Developer/Platforms/AppleTVOS.platform/Developer/SDKs/AppleTVOS18.4.sdk -target arm64-apple-tvos12.0 -g -module-cache-path /Users/admin/builder/spi-builder-workspace/.derivedData/ModuleCache.noindex -Xfrontend -serialize-debugging-options -profile-coverage-mapping -profile-generate -enable-testing -suppress-warnings -index-store-path /Users/admin/builder/spi-builder-workspace/.derivedData/Index.noindex/DataStore -swift-version 5 -I /Users/admin/builder/spi-builder-workspace/.derivedData/Build/Products/Debug-appletvos -I /Applications/Xcode-16.3.0.app/Contents/Developer/Platforms/AppleTVOS.platform/Developer/usr/lib -F /Users/admin/builder/spi-builder-workspace/.derivedData/Build/Products/Debug-appletvos -F /Applications/Xcode-16.3.0.app/Contents/Developer/Platforms/AppleTVOS.platform/Developer/Library/Frameworks -F /Applications/Xcode-16.3.0.app/Contents/Developer/Platforms/AppleTVOS.platform/Developer/SDKs/AppleTVOS18.4.sdk/Developer/Library/Frameworks -c -j10 -enable-batch-mode -incremental -Xcc -ivfsstatcache -Xcc /Users/admin/builder/spi-builder-workspace/.derivedData/SDKStatCaches.noindex/appletvos18.4-22L251-271d326055c85f9856fa135c41255102.sdkstatcache -output-file-map /Users/admin/builder/spi-builder-workspace/.derivedData/Build/Intermediates.noindex/GeoJSONKit.build/Debug-appletvos/GeoJSONKit.build/Objects-normal/arm64/GeoJSONKit-OutputFileMap.json -use-frontend-parseable-output -save-temps -no-color-diagnostics -serialize-diagnostics -emit-dependencies -emit-module -emit-module-path /Users/admin/builder/spi-builder-workspace/.derivedData/Build/Intermediates.noindex/GeoJSONKit.build/Debug-appletvos/GeoJSONKit.build/Objects-normal/arm64/GeoJSONKit.swiftmodule -validate-clang-modules-once -clang-build-session-file /Users/admin/builder/spi-builder-workspace/.derivedData/ModuleCache.noindex/Session.modulevalidation -Xcc -I/Users/admin/builder/spi-builder-workspace/.derivedData/Build/Intermediates.noindex/GeoJSONKit.build/Debug-appletvos/GeoJSONKit.build/swift-overrides.hmap -emit-const-values -Xfrontend -const-gather-protocols-file -Xfrontend /Users/admin/builder/spi-builder-workspace/.derivedData/Build/Intermediates.noindex/GeoJSONKit.build/Debug-appletvos/GeoJSONKit.build/Objects-normal/arm64/GeoJSONKit_const_extract_protocols.json -Xcc -I/Users/admin/builder/spi-builder-workspace/.derivedData/Build/Products/Debug-appletvos/include -Xcc -I/Users/admin/builder/spi-builder-workspace/.derivedData/Build/Intermediates.noindex/GeoJSONKit.build/Debug-appletvos/GeoJSONKit.build/DerivedSources-normal/arm64 -Xcc -I/Users/admin/builder/spi-builder-workspace/.derivedData/Build/Intermediates.noindex/GeoJSONKit.build/Debug-appletvos/GeoJSONKit.build/DerivedSources/arm64 -Xcc -I/Users/admin/builder/spi-builder-workspace/.derivedData/Build/Intermediates.noindex/GeoJSONKit.build/Debug-appletvos/GeoJSONKit.build/DerivedSources -Xcc -DSWIFT_PACKAGE -Xcc -DDEBUG\=1 -emit-objc-header -emit-objc-header-path /Users/admin/builder/spi-builder-workspace/.derivedData/Build/Intermediates.noindex/GeoJSONKit.build/Debug-appletvos/GeoJSONKit.build/Objects-normal/arm64/GeoJSONKit-Swift.h -working-directory /Users/admin/builder/spi-builder-workspace/.swiftpm/xcode -experimental-emit-module-separately -disable-cmo
SwiftDriverJobDiscovery normal arm64 Compiling Turf+BoundingBox.swift, Turf+GeometryObject.swift (in target 'GeoJSONKitTurf' from project 'GeoJSONKitTurf')
SwiftCompile normal arm64 Compiling\ Unique.swift,\ Windows.swift /Users/admin/builder/spi-builder-workspace/.dependencies/checkouts/swift-algorithms/Sources/Algorithms/Unique.swift /Users/admin/builder/spi-builder-workspace/.dependencies/checkouts/swift-algorithms/Sources/Algorithms/Windows.swift (in target 'Algorithms' from project 'swift-algorithms')
SwiftCompile normal arm64 /Users/admin/builder/spi-builder-workspace/.dependencies/checkouts/swift-algorithms/Sources/Algorithms/Unique.swift (in target 'Algorithms' from project 'swift-algorithms')
    cd /Users/admin/builder/spi-builder-workspace/.swiftpm/xcode

SwiftCompile normal arm64 /Users/admin/builder/spi-builder-workspace/.dependencies/checkouts/swift-algorithms/Sources/Algorithms/Windows.swift (in target 'Algorithms' from project 'swift-algorithms')
    cd /Users/admin/builder/spi-builder-workspace/.swiftpm/xcode

SwiftCompile normal arm64 Compiling\ Suffix.swift,\ Trim.swift /Users/admin/builder/spi-builder-workspace/.dependencies/checkouts/swift-algorithms/Sources/Algorithms/Suffix.swift /Users/admin/builder/spi-builder-workspace/.dependencies/checkouts/swift-algorithms/Sources/Algorithms/Trim.swift (in target 'Algorithms' from project 'swift-algorithms')
SwiftCompile normal arm64 /Users/admin/builder/spi-builder-workspace/.dependencies/checkouts/swift-algorithms/Sources/Algorithms/Suffix.swift (in target 'Algorithms' from project 'swift-algorithms')
    cd /Users/admin/builder/spi-builder-workspace/.swiftpm/xcode

SwiftCompile normal arm64 /Users/admin/builder/spi-builder-workspace/.dependencies/checkouts/swift-algorithms/Sources/Algorithms/Trim.swift (in target 'Algorithms' from project 'swift-algorithms')
    cd /Users/admin/builder/spi-builder-workspace/.swiftpm/xcode

SwiftEmitModule normal arm64 Emitting\ module\ for\ GeoProjector (in target 'GeoProjector' from project 'GeoProjector')
EmitSwiftModule normal arm64 (in target 'GeoProjector' from project 'GeoProjector')
    cd /Users/admin/builder/spi-builder-workspace/.swiftpm/xcode

SwiftDriverJobDiscovery normal arm64 Compiling CoreLocation.swift, GeoJSON+Helpers.swift (in target 'GeoJSONKitTurf' from project 'GeoJSONKitTurf')
SwiftCompile normal arm64 Compiling\ Structs.swift /Users/admin/builder/spi-builder-workspace/Sources/GeoProjector/Structs.swift (in target 'GeoProjector' from project 'GeoProjector')
SwiftCompile normal arm64 /Users/admin/builder/spi-builder-workspace/Sources/GeoProjector/Structs.swift (in target 'GeoProjector' from project 'GeoProjector')
    cd /Users/admin/builder/spi-builder-workspace/.swiftpm/xcode

SwiftDriverJobDiscovery normal arm64 Compiling Spline.swift (in target 'GeoJSONKitTurf' from project 'GeoJSONKitTurf')
SwiftCompile normal arm64 Compiling\ Projections.swift /Users/admin/builder/spi-builder-workspace/Sources/GeoProjector/Projections.swift (in target 'GeoProjector' from project 'GeoProjector')
SwiftCompile normal arm64 /Users/admin/builder/spi-builder-workspace/Sources/GeoProjector/Projections.swift (in target 'GeoProjector' from project 'GeoProjector')
    cd /Users/admin/builder/spi-builder-workspace/.swiftpm/xcode

SwiftDriverJobDiscovery normal arm64 Compiling Suffix.swift, Trim.swift (in target 'Algorithms' from project 'swift-algorithms')
SwiftCompile normal arm64 Compiling\ Projections+Pseudocylindrical.swift /Users/admin/builder/spi-builder-workspace/Sources/GeoProjector/Projections+Pseudocylindrical.swift (in target 'GeoProjector' from project 'GeoProjector')
SwiftCompile normal arm64 /Users/admin/builder/spi-builder-workspace/Sources/GeoProjector/Projections+Pseudocylindrical.swift (in target 'GeoProjector' from project 'GeoProjector')
    cd /Users/admin/builder/spi-builder-workspace/.swiftpm/xcode

SwiftDriverJobDiscovery normal arm64 Compiling Turf+LineString.swift, Turf+LinearRing.swift (in target 'GeoJSONKitTurf' from project 'GeoJSONKitTurf')
SwiftCompile normal arm64 Compiling\ Projections+Orthographic.swift /Users/admin/builder/spi-builder-workspace/Sources/GeoProjector/Projections+Orthographic.swift (in target 'GeoProjector' from project 'GeoProjector')
SwiftCompile normal arm64 /Users/admin/builder/spi-builder-workspace/Sources/GeoProjector/Projections+Orthographic.swift (in target 'GeoProjector' from project 'GeoProjector')
    cd /Users/admin/builder/spi-builder-workspace/.swiftpm/xcode

SwiftDriverJobDiscovery normal arm64 Compiling RadianCoordinate2D.swift, Simplify.swift (in target 'GeoJSONKitTurf' from project 'GeoJSONKitTurf')
SwiftCompile normal arm64 Compiling\ Interpolator.swift /Users/admin/builder/spi-builder-workspace/Sources/GeoProjector/Interpolator.swift (in target 'GeoProjector' from project 'GeoProjector')
SwiftCompile normal arm64 /Users/admin/builder/spi-builder-workspace/Sources/GeoProjector/Interpolator.swift (in target 'GeoProjector' from project 'GeoProjector')
    cd /Users/admin/builder/spi-builder-workspace/.swiftpm/xcode

SwiftDriverJobDiscovery normal arm64 Compiling Unique.swift, Windows.swift (in target 'Algorithms' from project 'swift-algorithms')
SwiftCompile normal arm64 Compiling\ Projection.swift /Users/admin/builder/spi-builder-workspace/Sources/GeoProjector/Projection.swift (in target 'GeoProjector' from project 'GeoProjector')
SwiftCompile normal arm64 /Users/admin/builder/spi-builder-workspace/Sources/GeoProjector/Projection.swift (in target 'GeoProjector' from project 'GeoProjector')
    cd /Users/admin/builder/spi-builder-workspace/.swiftpm/xcode

SwiftDriverJobDiscovery normal arm64 Compiling EitherSequence.swift, FirstNonNil.swift, FlattenCollection.swift (in target 'Algorithms' from project 'swift-algorithms')
SwiftCompile normal arm64 Compiling\ ProjectionMode.swift /Users/admin/builder/spi-builder-workspace/Sources/GeoProjector/ProjectionMode.swift (in target 'GeoProjector' from project 'GeoProjector')
SwiftCompile normal arm64 /Users/admin/builder/spi-builder-workspace/Sources/GeoProjector/ProjectionMode.swift (in target 'GeoProjector' from project 'GeoProjector')
    cd /Users/admin/builder/spi-builder-workspace/.swiftpm/xcode

SwiftDriverJobDiscovery normal arm64 Compiling Projections.swift (in target 'GeoProjector' from project 'GeoProjector')
SwiftCompile normal arm64 Compiling\ Projections+Cylindrical.swift /Users/admin/builder/spi-builder-workspace/Sources/GeoProjector/Projections+Cylindrical.swift (in target 'GeoProjector' from project 'GeoProjector')
SwiftCompile normal arm64 /Users/admin/builder/spi-builder-workspace/Sources/GeoProjector/Projections+Cylindrical.swift (in target 'GeoProjector' from project 'GeoProjector')
    cd /Users/admin/builder/spi-builder-workspace/.swiftpm/xcode

SwiftDriverJobDiscovery normal arm64 Emitting module for GeoProjector (in target 'GeoProjector' from project 'GeoProjector')
SwiftDriver\ Compilation\ Requirements GeoProjector normal arm64 com.apple.xcode.tools.swift.compiler (in target 'GeoProjector' from project 'GeoProjector')
    cd /Users/admin/builder/spi-builder-workspace/.swiftpm/xcode
    builtin-Swift-Compilation-Requirements -- /Applications/Xcode-16.3.0.app/Contents/Developer/Toolchains/XcodeDefault.xctoolchain/usr/bin/swiftc -module-name GeoProjector -Onone -enforce-exclusivity\=checked @/Users/admin/builder/spi-builder-workspace/.derivedData/Build/Intermediates.noindex/GeoProjector.build/Debug-appletvos/GeoProjector.build/Objects-normal/arm64/GeoProjector.SwiftFileList -DSWIFT_PACKAGE -DDEBUG -DXcode -plugin-path /Applications/Xcode-16.3.0.app/Contents/Developer/Toolchains/XcodeDefault.xctoolchain/usr/lib/swift/host/plugins/testing -enable-experimental-feature DebugDescriptionMacro -sdk /Applications/Xcode-16.3.0.app/Contents/Developer/Platforms/AppleTVOS.platform/Developer/SDKs/AppleTVOS18.4.sdk -target arm64-apple-tvos15.0 -g -module-cache-path /Users/admin/builder/spi-builder-workspace/.derivedData/ModuleCache.noindex -Xfrontend -serialize-debugging-options -profile-coverage-mapping -profile-generate -enable-testing -index-store-path /Users/admin/builder/spi-builder-workspace/.derivedData/Index.noindex/DataStore -swift-version 5 -I /Users/admin/builder/spi-builder-workspace/.derivedData/Build/Products/Debug-appletvos -I /Applications/Xcode-16.3.0.app/Contents/Developer/Platforms/AppleTVOS.platform/Developer/usr/lib -F /Users/admin/builder/spi-builder-workspace/.derivedData/Build/Products/Debug-appletvos/PackageFrameworks -F /Users/admin/builder/spi-builder-workspace/.derivedData/Build/Products/Debug-appletvos/PackageFrameworks -F /Users/admin/builder/spi-builder-workspace/.derivedData/Build/Products/Debug-appletvos -F /Applications/Xcode-16.3.0.app/Contents/Developer/Platforms/AppleTVOS.platform/Developer/Library/Frameworks -F /Applications/Xcode-16.3.0.app/Contents/Developer/Platforms/AppleTVOS.platform/Developer/SDKs/AppleTVOS18.4.sdk/Developer/Library/Frameworks -c -j10 -enable-batch-mode -incremental -Xcc -ivfsstatcache -Xcc /Users/admin/builder/spi-builder-workspace/.derivedData/SDKStatCaches.noindex/appletvos18.4-22L251-271d326055c85f9856fa135c41255102.sdkstatcache -output-file-map /Users/admin/builder/spi-builder-workspace/.derivedData/Build/Intermediates.noindex/GeoProjector.build/Debug-appletvos/GeoProjector.build/Objects-normal/arm64/GeoProjector-OutputFileMap.json -use-frontend-parseable-output -save-temps -no-color-diagnostics -serialize-diagnostics -emit-dependencies -emit-module -emit-module-path /Users/admin/builder/spi-builder-workspace/.derivedData/Build/Intermediates.noindex/GeoProjector.build/Debug-appletvos/GeoProjector.build/Objects-normal/arm64/GeoProjector.swiftmodule -validate-clang-modules-once -clang-build-session-file /Users/admin/builder/spi-builder-workspace/.derivedData/ModuleCache.noindex/Session.modulevalidation -Xcc -I/Users/admin/builder/spi-builder-workspace/.derivedData/Build/Intermediates.noindex/GeoProjector.build/Debug-appletvos/GeoProjector.build/swift-overrides.hmap -emit-const-values -Xfrontend -const-gather-protocols-file -Xfrontend /Users/admin/builder/spi-builder-workspace/.derivedData/Build/Intermediates.noindex/GeoProjector.build/Debug-appletvos/GeoProjector.build/Objects-normal/arm64/GeoProjector_const_extract_protocols.json -Xcc -I/Users/admin/builder/spi-builder-workspace/.derivedData/Build/Products/Debug-appletvos/include -Xcc -I/Users/admin/builder/spi-builder-workspace/.derivedData/Build/Intermediates.noindex/GeoProjector.build/Debug-appletvos/GeoProjector.build/DerivedSources-normal/arm64 -Xcc -I/Users/admin/builder/spi-builder-workspace/.derivedData/Build/Intermediates.noindex/GeoProjector.build/Debug-appletvos/GeoProjector.build/DerivedSources/arm64 -Xcc -I/Users/admin/builder/spi-builder-workspace/.derivedData/Build/Intermediates.noindex/GeoProjector.build/Debug-appletvos/GeoProjector.build/DerivedSources -Xcc -DSWIFT_PACKAGE -Xcc -DDEBUG\=1 -emit-objc-header -emit-objc-header-path /Users/admin/builder/spi-builder-workspace/.derivedData/Build/Intermediates.noindex/GeoProjector.build/Debug-appletvos/GeoProjector.build/Objects-normal/arm64/GeoProjector-Swift.h -working-directory /Users/admin/builder/spi-builder-workspace/.swiftpm/xcode -experimental-emit-module-separately -disable-cmo
SwiftDriverJobDiscovery normal arm64 Compiling Combinations.swift, Compacted.swift, Cycle.swift (in target 'Algorithms' from project 'swift-algorithms')
SwiftCompile normal arm64 Compiling\ MapBounds+Contains.swift /Users/admin/builder/spi-builder-workspace/Sources/GeoProjector/MapBounds+Contains.swift (in target 'GeoProjector' from project 'GeoProjector')
SwiftCompile normal arm64 /Users/admin/builder/spi-builder-workspace/Sources/GeoProjector/MapBounds+Contains.swift (in target 'GeoProjector' from project 'GeoProjector')
    cd /Users/admin/builder/spi-builder-workspace/.swiftpm/xcode

Copy /Users/admin/builder/spi-builder-workspace/.derivedData/Build/Products/Debug-appletvos/GeoProjector.swiftmodule/arm64-apple-tvos.abi.json /Users/admin/builder/spi-builder-workspace/.derivedData/Build/Intermediates.noindex/GeoProjector.build/Debug-appletvos/GeoProjector.build/Objects-normal/arm64/GeoProjector.abi.json (in target 'GeoProjector' from project 'GeoProjector')
    cd /Users/admin/builder/spi-builder-workspace
    builtin-copy -exclude .DS_Store -exclude CVS -exclude .svn -exclude .git -exclude .hg -resolve-src-symlinks -rename /Users/admin/builder/spi-builder-workspace/.derivedData/Build/Intermediates.noindex/GeoProjector.build/Debug-appletvos/GeoProjector.build/Objects-normal/arm64/GeoProjector.abi.json /Users/admin/builder/spi-builder-workspace/.derivedData/Build/Products/Debug-appletvos/GeoProjector.swiftmodule/arm64-apple-tvos.abi.json
SwiftDriverJobDiscovery normal arm64 Compiling Structs.swift (in target 'GeoProjector' from project 'GeoProjector')
SwiftCompile normal arm64 Compiling\ Projections+Azimuthal.swift /Users/admin/builder/spi-builder-workspace/Sources/GeoProjector/Projections+Azimuthal.swift (in target 'GeoProjector' from project 'GeoProjector')
SwiftCompile normal arm64 /Users/admin/builder/spi-builder-workspace/Sources/GeoProjector/Projections+Azimuthal.swift (in target 'GeoProjector' from project 'GeoProjector')
    cd /Users/admin/builder/spi-builder-workspace/.swiftpm/xcode

SwiftDriver\ Compilation GeoJSONKitTurf normal arm64 com.apple.xcode.tools.swift.compiler (in target 'GeoJSONKitTurf' from project 'GeoJSONKitTurf')
    cd /Users/admin/builder/spi-builder-workspace/.swiftpm/xcode
    builtin-Swift-Compilation -- /Applications/Xcode-16.3.0.app/Contents/Developer/Toolchains/XcodeDefault.xctoolchain/usr/bin/swiftc -module-name GeoJSONKitTurf -Onone -enforce-exclusivity\=checked @/Users/admin/builder/spi-builder-workspace/.derivedData/Build/Intermediates.noindex/GeoJSONKitTurf.build/Debug-appletvos/GeoJSONKitTurf.build/Objects-normal/arm64/GeoJSONKitTurf.SwiftFileList -DSWIFT_PACKAGE -DDEBUG -DXcode -plugin-path /Applications/Xcode-16.3.0.app/Contents/Developer/Toolchains/XcodeDefault.xctoolchain/usr/lib/swift/host/plugins/testing -enable-experimental-feature DebugDescriptionMacro -sdk /Applications/Xcode-16.3.0.app/Contents/Developer/Platforms/AppleTVOS.platform/Developer/SDKs/AppleTVOS18.4.sdk -target arm64-apple-tvos15.0 -g -module-cache-path /Users/admin/builder/spi-builder-workspace/.derivedData/ModuleCache.noindex -Xfrontend -serialize-debugging-options -profile-coverage-mapping -profile-generate -enable-testing -suppress-warnings -index-store-path /Users/admin/builder/spi-builder-workspace/.derivedData/Index.noindex/DataStore -swift-version 5 -I /Users/admin/builder/spi-builder-workspace/.derivedData/Build/Products/Debug-appletvos -I /Applications/Xcode-16.3.0.app/Contents/Developer/Platforms/AppleTVOS.platform/Developer/usr/lib -F /Users/admin/builder/spi-builder-workspace/.derivedData/Build/Products/Debug-appletvos/PackageFrameworks -F /Users/admin/builder/spi-builder-workspace/.derivedData/Build/Products/Debug-appletvos -F /Applications/Xcode-16.3.0.app/Contents/Developer/Platforms/AppleTVOS.platform/Developer/Library/Frameworks -F /Applications/Xcode-16.3.0.app/Contents/Developer/Platforms/AppleTVOS.platform/Developer/SDKs/AppleTVOS18.4.sdk/Developer/Library/Frameworks -c -j10 -enable-batch-mode -incremental -Xcc -ivfsstatcache -Xcc /Users/admin/builder/spi-builder-workspace/.derivedData/SDKStatCaches.noindex/appletvos18.4-22L251-271d326055c85f9856fa135c41255102.sdkstatcache -output-file-map /Users/admin/builder/spi-builder-workspace/.derivedData/Build/Intermediates.noindex/GeoJSONKitTurf.build/Debug-appletvos/GeoJSONKitTurf.build/Objects-normal/arm64/GeoJSONKitTurf-OutputFileMap.json -use-frontend-parseable-output -save-temps -no-color-diagnostics -serialize-diagnostics -emit-dependencies -emit-module -emit-module-path /Users/admin/builder/spi-builder-workspace/.derivedData/Build/Intermediates.noindex/GeoJSONKitTurf.build/Debug-appletvos/GeoJSONKitTurf.build/Objects-normal/arm64/GeoJSONKitTurf.swiftmodule -validate-clang-modules-once -clang-build-session-file /Users/admin/builder/spi-builder-workspace/.derivedData/ModuleCache.noindex/Session.modulevalidation -Xcc -I/Users/admin/builder/spi-builder-workspace/.derivedData/Build/Intermediates.noindex/GeoJSONKitTurf.build/Debug-appletvos/GeoJSONKitTurf.build/swift-overrides.hmap -emit-const-values -Xfrontend -const-gather-protocols-file -Xfrontend /Users/admin/builder/spi-builder-workspace/.derivedData/Build/Intermediates.noindex/GeoJSONKitTurf.build/Debug-appletvos/GeoJSONKitTurf.build/Objects-normal/arm64/GeoJSONKitTurf_const_extract_protocols.json -Xcc -I/Users/admin/builder/spi-builder-workspace/.derivedData/Build/Products/Debug-appletvos/include -Xcc -I/Users/admin/builder/spi-builder-workspace/.derivedData/Build/Intermediates.noindex/GeoJSONKitTurf.build/Debug-appletvos/GeoJSONKitTurf.build/DerivedSources-normal/arm64 -Xcc -I/Users/admin/builder/spi-builder-workspace/.derivedData/Build/Intermediates.noindex/GeoJSONKitTurf.build/Debug-appletvos/GeoJSONKitTurf.build/DerivedSources/arm64 -Xcc -I/Users/admin/builder/spi-builder-workspace/.derivedData/Build/Intermediates.noindex/GeoJSONKitTurf.build/Debug-appletvos/GeoJSONKitTurf.build/DerivedSources -Xcc -DSWIFT_PACKAGE -Xcc -DDEBUG\=1 -emit-objc-header -emit-objc-header-path /Users/admin/builder/spi-builder-workspace/.derivedData/Build/Intermediates.noindex/GeoJSONKitTurf.build/Debug-appletvos/GeoJSONKitTurf.build/Objects-normal/arm64/GeoJSONKitTurf-Swift.h -working-directory /Users/admin/builder/spi-builder-workspace/.swiftpm/xcode -experimental-emit-module-separately -disable-cmo
SwiftDriverJobDiscovery normal arm64 Compiling Interpolator.swift (in target 'GeoProjector' from project 'GeoProjector')
SwiftCompile normal arm64 Compiling\ Split.swift,\ Stride.swift /Users/admin/builder/spi-builder-workspace/.dependencies/checkouts/swift-algorithms/Sources/Algorithms/Split.swift /Users/admin/builder/spi-builder-workspace/.dependencies/checkouts/swift-algorithms/Sources/Algorithms/Stride.swift (in target 'Algorithms' from project 'swift-algorithms')
SwiftCompile normal arm64 /Users/admin/builder/spi-builder-workspace/.dependencies/checkouts/swift-algorithms/Sources/Algorithms/Split.swift (in target 'Algorithms' from project 'swift-algorithms')
    cd /Users/admin/builder/spi-builder-workspace/.swiftpm/xcode

SwiftCompile normal arm64 /Users/admin/builder/spi-builder-workspace/.dependencies/checkouts/swift-algorithms/Sources/Algorithms/Stride.swift (in target 'Algorithms' from project 'swift-algorithms')
    cd /Users/admin/builder/spi-builder-workspace/.swiftpm/xcode

SwiftCompile normal arm64 Compiling\ Partition.swift,\ Permutations.swift,\ Product.swift /Users/admin/builder/spi-builder-workspace/.dependencies/checkouts/swift-algorithms/Sources/Algorithms/Partition.swift /Users/admin/builder/spi-builder-workspace/.dependencies/checkouts/swift-algorithms/Sources/Algorithms/Permutations.swift /Users/admin/builder/spi-builder-workspace/.dependencies/checkouts/swift-algorithms/Sources/Algorithms/Product.swift (in target 'Algorithms' from project 'swift-algorithms')
SwiftCompile normal arm64 /Users/admin/builder/spi-builder-workspace/.dependencies/checkouts/swift-algorithms/Sources/Algorithms/Partition.swift (in target 'Algorithms' from project 'swift-algorithms')
    cd /Users/admin/builder/spi-builder-workspace/.swiftpm/xcode

SwiftCompile normal arm64 /Users/admin/builder/spi-builder-workspace/.dependencies/checkouts/swift-algorithms/Sources/Algorithms/Permutations.swift (in target 'Algorithms' from project 'swift-algorithms')
    cd /Users/admin/builder/spi-builder-workspace/.swiftpm/xcode

SwiftCompile normal arm64 /Users/admin/builder/spi-builder-workspace/.dependencies/checkouts/swift-algorithms/Sources/Algorithms/Product.swift (in target 'Algorithms' from project 'swift-algorithms')
    cd /Users/admin/builder/spi-builder-workspace/.swiftpm/xcode

SwiftDriverJobDiscovery normal arm64 Compiling Projections+Orthographic.swift (in target 'GeoProjector' from project 'GeoProjector')
SwiftDriver GeoProjectorDanseiji normal arm64 com.apple.xcode.tools.swift.compiler (in target 'GeoProjectorDanseiji' from project 'GeoProjector')
    cd /Users/admin/builder/spi-builder-workspace/.swiftpm/xcode
    builtin-SwiftDriver -- /Applications/Xcode-16.3.0.app/Contents/Developer/Toolchains/XcodeDefault.xctoolchain/usr/bin/swiftc -module-name GeoProjectorDanseiji -Onone -enforce-exclusivity\=checked @/Users/admin/builder/spi-builder-workspace/.derivedData/Build/Intermediates.noindex/GeoProjector.build/Debug-appletvos/GeoProjectorDanseiji.build/Objects-normal/arm64/GeoProjectorDanseiji.SwiftFileList -DSWIFT_PACKAGE -DDEBUG -DXcode -plugin-path /Applications/Xcode-16.3.0.app/Contents/Developer/Toolchains/XcodeDefault.xctoolchain/usr/lib/swift/host/plugins/testing -enable-experimental-feature DebugDescriptionMacro -sdk /Applications/Xcode-16.3.0.app/Contents/Developer/Platforms/AppleTVOS.platform/Developer/SDKs/AppleTVOS18.4.sdk -target arm64-apple-tvos15.0 -g -module-cache-path /Users/admin/builder/spi-builder-workspace/.derivedData/ModuleCache.noindex -Xfrontend -serialize-debugging-options -profile-coverage-mapping -profile-generate -enable-testing -index-store-path /Users/admin/builder/spi-builder-workspace/.derivedData/Index.noindex/DataStore -swift-version 5 -I /Users/admin/builder/spi-builder-workspace/.derivedData/Build/Products/Debug-appletvos -I /Applications/Xcode-16.3.0.app/Contents/Developer/Platforms/AppleTVOS.platform/Developer/usr/lib -F /Users/admin/builder/spi-builder-workspace/.derivedData/Build/Products/Debug-appletvos/PackageFrameworks -F /Users/admin/builder/spi-builder-workspace/.derivedData/Build/Products/Debug-appletvos/PackageFrameworks -F /Users/admin/builder/spi-builder-workspace/.derivedData/Build/Products/Debug-appletvos/PackageFrameworks -F /Users/admin/builder/spi-builder-workspace/.derivedData/Build/Products/Debug-appletvos -F /Applications/Xcode-16.3.0.app/Contents/Developer/Platforms/AppleTVOS.platform/Developer/Library/Frameworks -F /Applications/Xcode-16.3.0.app/Contents/Developer/Platforms/AppleTVOS.platform/Developer/SDKs/AppleTVOS18.4.sdk/Developer/Library/Frameworks -c -j10 -enable-batch-mode -incremental -Xcc -ivfsstatcache -Xcc /Users/admin/builder/spi-builder-workspace/.derivedData/SDKStatCaches.noindex/appletvos18.4-22L251-271d326055c85f9856fa135c41255102.sdkstatcache -output-file-map /Users/admin/builder/spi-builder-workspace/.derivedData/Build/Intermediates.noindex/GeoProjector.build/Debug-appletvos/GeoProjectorDanseiji.build/Objects-normal/arm64/GeoProjectorDanseiji-OutputFileMap.json -use-frontend-parseable-output -save-temps -no-color-diagnostics -serialize-diagnostics -emit-dependencies -emit-module -emit-module-path /Users/admin/builder/spi-builder-workspace/.derivedData/Build/Intermediates.noindex/GeoProjector.build/Debug-appletvos/GeoProjectorDanseiji.build/Objects-normal/arm64/GeoProjectorDanseiji.swiftmodule -validate-clang-modules-once -clang-build-session-file /Users/admin/builder/spi-builder-workspace/.derivedData/ModuleCache.noindex/Session.modulevalidation -Xcc -I/Users/admin/builder/spi-builder-workspace/.derivedData/Build/Intermediates.noindex/GeoProjector.build/Debug-appletvos/GeoProjectorDanseiji.build/swift-overrides.hmap -emit-const-values -Xfrontend -const-gather-protocols-file -Xfrontend /Users/admin/builder/spi-builder-workspace/.derivedData/Build/Intermediates.noindex/GeoProjector.build/Debug-appletvos/GeoProjectorDanseiji.build/Objects-normal/arm64/GeoProjectorDanseiji_const_extract_protocols.json -Xcc -I/Users/admin/builder/spi-builder-workspace/.derivedData/Build/Products/Debug-appletvos/include -Xcc -I/Users/admin/builder/spi-builder-workspace/.derivedData/Build/Intermediates.noindex/GeoProjector.build/Debug-appletvos/GeoProjectorDanseiji.build/DerivedSources-normal/arm64 -Xcc -I/Users/admin/builder/spi-builder-workspace/.derivedData/Build/Intermediates.noindex/GeoProjector.build/Debug-appletvos/GeoProjectorDanseiji.build/DerivedSources/arm64 -Xcc -I/Users/admin/builder/spi-builder-workspace/.derivedData/Build/Intermediates.noindex/GeoProjector.build/Debug-appletvos/GeoProjectorDanseiji.build/DerivedSources -Xcc -DSWIFT_PACKAGE -Xcc -DDEBUG\=1 -emit-objc-header -emit-objc-header-path /Users/admin/builder/spi-builder-workspace/.derivedData/Build/Intermediates.noindex/GeoProjector.build/Debug-appletvos/GeoProjectorDanseiji.build/Objects-normal/arm64/GeoProjectorDanseiji-Swift.h -working-directory /Users/admin/builder/spi-builder-workspace/.swiftpm/xcode -experimental-emit-module-separately -disable-cmo
SwiftDriverJobDiscovery normal arm64 Compiling Joined.swift, Keyed.swift, MinMax.swift (in target 'Algorithms' from project 'swift-algorithms')
SwiftCompile normal arm64 Compiling\ RandomSample.swift,\ Reductions.swift,\ Rotate.swift /Users/admin/builder/spi-builder-workspace/.dependencies/checkouts/swift-algorithms/Sources/Algorithms/RandomSample.swift /Users/admin/builder/spi-builder-workspace/.dependencies/checkouts/swift-algorithms/Sources/Algorithms/Reductions.swift /Users/admin/builder/spi-builder-workspace/.dependencies/checkouts/swift-algorithms/Sources/Algorithms/Rotate.swift (in target 'Algorithms' from project 'swift-algorithms')
SwiftCompile normal arm64 /Users/admin/builder/spi-builder-workspace/.dependencies/checkouts/swift-algorithms/Sources/Algorithms/RandomSample.swift (in target 'Algorithms' from project 'swift-algorithms')
    cd /Users/admin/builder/spi-builder-workspace/.swiftpm/xcode

SwiftCompile normal arm64 /Users/admin/builder/spi-builder-workspace/.dependencies/checkouts/swift-algorithms/Sources/Algorithms/Reductions.swift (in target 'Algorithms' from project 'swift-algorithms')
    cd /Users/admin/builder/spi-builder-workspace/.swiftpm/xcode

SwiftCompile normal arm64 /Users/admin/builder/spi-builder-workspace/.dependencies/checkouts/swift-algorithms/Sources/Algorithms/Rotate.swift (in target 'Algorithms' from project 'swift-algorithms')
    cd /Users/admin/builder/spi-builder-workspace/.swiftpm/xcode

SwiftEmitModule normal arm64 Emitting\ module\ for\ GeoProjectorDanseiji (in target 'GeoProjectorDanseiji' from project 'GeoProjector')
EmitSwiftModule normal arm64 (in target 'GeoProjectorDanseiji' from project 'GeoProjector')
    cd /Users/admin/builder/spi-builder-workspace/.swiftpm/xcode

SwiftDriverJobDiscovery normal arm64 Compiling ProjectionMode.swift (in target 'GeoProjector' from project 'GeoProjector')
SwiftCompile normal arm64 Compiling\ Projections+Danseiji.swift /Users/admin/builder/spi-builder-workspace/Sources/GeoProjectorDanseiji/Projections+Danseiji.swift (in target 'GeoProjectorDanseiji' from project 'GeoProjector')
SwiftCompile normal arm64 /Users/admin/builder/spi-builder-workspace/Sources/GeoProjectorDanseiji/Projections+Danseiji.swift (in target 'GeoProjectorDanseiji' from project 'GeoProjector')
    cd /Users/admin/builder/spi-builder-workspace/.swiftpm/xcode

SwiftDriverJobDiscovery normal arm64 Compiling Projection.swift (in target 'GeoProjector' from project 'GeoProjector')
SwiftCompile normal arm64 Compiling\ DanseijiCore.swift /Users/admin/builder/spi-builder-workspace/Sources/GeoProjectorDanseiji/DanseijiCore.swift (in target 'GeoProjectorDanseiji' from project 'GeoProjector')
SwiftCompile normal arm64 /Users/admin/builder/spi-builder-workspace/Sources/GeoProjectorDanseiji/DanseijiCore.swift (in target 'GeoProjectorDanseiji' from project 'GeoProjector')
    cd /Users/admin/builder/spi-builder-workspace/.swiftpm/xcode

SwiftDriverJobDiscovery normal arm64 Compiling Projections+Pseudocylindrical.swift (in target 'GeoProjector' from project 'GeoProjector')
SwiftCompile normal arm64 Compiling\ DanseijiVariant.swift /Users/admin/builder/spi-builder-workspace/Sources/GeoProjectorDanseiji/DanseijiVariant.swift (in target 'GeoProjectorDanseiji' from project 'GeoProjector')
SwiftCompile normal arm64 /Users/admin/builder/spi-builder-workspace/Sources/GeoProjectorDanseiji/DanseijiVariant.swift (in target 'GeoProjectorDanseiji' from project 'GeoProjector')
    cd /Users/admin/builder/spi-builder-workspace/.swiftpm/xcode

SwiftDriverJobDiscovery normal arm64 Compiling Projections+Cylindrical.swift (in target 'GeoProjector' from project 'GeoProjector')
SwiftCompile normal arm64 Compiling\ resource_bundle_accessor.swift /Users/admin/builder/spi-builder-workspace/.derivedData/Build/Intermediates.noindex/GeoProjector.build/Debug-appletvos/GeoProjectorDanseiji.build/DerivedSources/resource_bundle_accessor.swift (in target 'GeoProjectorDanseiji' from project 'GeoProjector')
SwiftCompile normal arm64 /Users/admin/builder/spi-builder-workspace/.derivedData/Build/Intermediates.noindex/GeoProjector.build/Debug-appletvos/GeoProjectorDanseiji.build/DerivedSources/resource_bundle_accessor.swift (in target 'GeoProjectorDanseiji' from project 'GeoProjector')
    cd /Users/admin/builder/spi-builder-workspace/.swiftpm/xcode

SwiftDriverJobDiscovery normal arm64 Compiling Projections+Azimuthal.swift (in target 'GeoProjector' from project 'GeoProjector')
SwiftCompile normal arm64 Compiling\ DanseijiData.swift /Users/admin/builder/spi-builder-workspace/Sources/GeoProjectorDanseiji/DanseijiData.swift (in target 'GeoProjectorDanseiji' from project 'GeoProjector')
SwiftCompile normal arm64 /Users/admin/builder/spi-builder-workspace/Sources/GeoProjectorDanseiji/DanseijiData.swift (in target 'GeoProjectorDanseiji' from project 'GeoProjector')
    cd /Users/admin/builder/spi-builder-workspace/.swiftpm/xcode

SwiftDriverJobDiscovery normal arm64 Compiling Projections+Danseiji.swift (in target 'GeoProjectorDanseiji' from project 'GeoProjector')
SwiftCompile normal arm64 Compiling\ AdjacentPairs.swift,\ Chain.swift,\ Chunked.swift /Users/admin/builder/spi-builder-workspace/.dependencies/checkouts/swift-algorithms/Sources/Algorithms/AdjacentPairs.swift /Users/admin/builder/spi-builder-workspace/.dependencies/checkouts/swift-algorithms/Sources/Algorithms/Chain.swift /Users/admin/builder/spi-builder-workspace/.dependencies/checkouts/swift-algorithms/Sources/Algorithms/Chunked.swift (in target 'Algorithms' from project 'swift-algorithms')
SwiftCompile normal arm64 /Users/admin/builder/spi-builder-workspace/.dependencies/checkouts/swift-algorithms/Sources/Algorithms/AdjacentPairs.swift (in target 'Algorithms' from project 'swift-algorithms')
    cd /Users/admin/builder/spi-builder-workspace/.swiftpm/xcode

SwiftCompile normal arm64 /Users/admin/builder/spi-builder-workspace/.dependencies/checkouts/swift-algorithms/Sources/Algorithms/Chain.swift (in target 'Algorithms' from project 'swift-algorithms')
    cd /Users/admin/builder/spi-builder-workspace/.swiftpm/xcode

SwiftCompile normal arm64 /Users/admin/builder/spi-builder-workspace/.dependencies/checkouts/swift-algorithms/Sources/Algorithms/Chunked.swift (in target 'Algorithms' from project 'swift-algorithms')
    cd /Users/admin/builder/spi-builder-workspace/.swiftpm/xcode

SwiftDriverJobDiscovery normal arm64 Emitting module for GeoProjectorDanseiji (in target 'GeoProjectorDanseiji' from project 'GeoProjector')
SwiftDriver\ Compilation\ Requirements GeoProjectorDanseiji normal arm64 com.apple.xcode.tools.swift.compiler (in target 'GeoProjectorDanseiji' from project 'GeoProjector')
    cd /Users/admin/builder/spi-builder-workspace/.swiftpm/xcode
    builtin-Swift-Compilation-Requirements -- /Applications/Xcode-16.3.0.app/Contents/Developer/Toolchains/XcodeDefault.xctoolchain/usr/bin/swiftc -module-name GeoProjectorDanseiji -Onone -enforce-exclusivity\=checked @/Users/admin/builder/spi-builder-workspace/.derivedData/Build/Intermediates.noindex/GeoProjector.build/Debug-appletvos/GeoProjectorDanseiji.build/Objects-normal/arm64/GeoProjectorDanseiji.SwiftFileList -DSWIFT_PACKAGE -DDEBUG -DXcode -plugin-path /Applications/Xcode-16.3.0.app/Contents/Developer/Toolchains/XcodeDefault.xctoolchain/usr/lib/swift/host/plugins/testing -enable-experimental-feature DebugDescriptionMacro -sdk /Applications/Xcode-16.3.0.app/Contents/Developer/Platforms/AppleTVOS.platform/Developer/SDKs/AppleTVOS18.4.sdk -target arm64-apple-tvos15.0 -g -module-cache-path /Users/admin/builder/spi-builder-workspace/.derivedData/ModuleCache.noindex -Xfrontend -serialize-debugging-options -profile-coverage-mapping -profile-generate -enable-testing -index-store-path /Users/admin/builder/spi-builder-workspace/.derivedData/Index.noindex/DataStore -swift-version 5 -I /Users/admin/builder/spi-builder-workspace/.derivedData/Build/Products/Debug-appletvos -I /Applications/Xcode-16.3.0.app/Contents/Developer/Platforms/AppleTVOS.platform/Developer/usr/lib -F /Users/admin/builder/spi-builder-workspace/.derivedData/Build/Products/Debug-appletvos/PackageFrameworks -F /Users/admin/builder/spi-builder-workspace/.derivedData/Build/Products/Debug-appletvos/PackageFrameworks -F /Users/admin/builder/spi-builder-workspace/.derivedData/Build/Products/Debug-appletvos/PackageFrameworks -F /Users/admin/builder/spi-builder-workspace/.derivedData/Build/Products/Debug-appletvos -F /Applications/Xcode-16.3.0.app/Contents/Developer/Platforms/AppleTVOS.platform/Developer/Library/Frameworks -F /Applications/Xcode-16.3.0.app/Contents/Developer/Platforms/AppleTVOS.platform/Developer/SDKs/AppleTVOS18.4.sdk/Developer/Library/Frameworks -c -j10 -enable-batch-mode -incremental -Xcc -ivfsstatcache -Xcc /Users/admin/builder/spi-builder-workspace/.derivedData/SDKStatCaches.noindex/appletvos18.4-22L251-271d326055c85f9856fa135c41255102.sdkstatcache -output-file-map /Users/admin/builder/spi-builder-workspace/.derivedData/Build/Intermediates.noindex/GeoProjector.build/Debug-appletvos/GeoProjectorDanseiji.build/Objects-normal/arm64/GeoProjectorDanseiji-OutputFileMap.json -use-frontend-parseable-output -save-temps -no-color-diagnostics -serialize-diagnostics -emit-dependencies -emit-module -emit-module-path /Users/admin/builder/spi-builder-workspace/.derivedData/Build/Intermediates.noindex/GeoProjector.build/Debug-appletvos/GeoProjectorDanseiji.build/Objects-normal/arm64/GeoProjectorDanseiji.swiftmodule -validate-clang-modules-once -clang-build-session-file /Users/admin/builder/spi-builder-workspace/.derivedData/ModuleCache.noindex/Session.modulevalidation -Xcc -I/Users/admin/builder/spi-builder-workspace/.derivedData/Build/Intermediates.noindex/GeoProjector.build/Debug-appletvos/GeoProjectorDanseiji.build/swift-overrides.hmap -emit-const-values -Xfrontend -const-gather-protocols-file -Xfrontend /Users/admin/builder/spi-builder-workspace/.derivedData/Build/Intermediates.noindex/GeoProjector.build/Debug-appletvos/GeoProjectorDanseiji.build/Objects-normal/arm64/GeoProjectorDanseiji_const_extract_protocols.json -Xcc -I/Users/admin/builder/spi-builder-workspace/.derivedData/Build/Products/Debug-appletvos/include -Xcc -I/Users/admin/builder/spi-builder-workspace/.derivedData/Build/Intermediates.noindex/GeoProjector.build/Debug-appletvos/GeoProjectorDanseiji.build/DerivedSources-normal/arm64 -Xcc -I/Users/admin/builder/spi-builder-workspace/.derivedData/Build/Intermediates.noindex/GeoProjector.build/Debug-appletvos/GeoProjectorDanseiji.build/DerivedSources/arm64 -Xcc -I/Users/admin/builder/spi-builder-workspace/.derivedData/Build/Intermediates.noindex/GeoProjector.build/Debug-appletvos/GeoProjectorDanseiji.build/DerivedSources -Xcc -DSWIFT_PACKAGE -Xcc -DDEBUG\=1 -emit-objc-header -emit-objc-header-path /Users/admin/builder/spi-builder-workspace/.derivedData/Build/Intermediates.noindex/GeoProjector.build/Debug-appletvos/GeoProjectorDanseiji.build/Objects-normal/arm64/GeoProjectorDanseiji-Swift.h -working-directory /Users/admin/builder/spi-builder-workspace/.swiftpm/xcode -experimental-emit-module-separately -disable-cmo
SwiftDriverJobDiscovery normal arm64 Compiling DanseijiVariant.swift (in target 'GeoProjectorDanseiji' from project 'GeoProjector')
SwiftCompile normal arm64 Compiling\ Grouped.swift,\ Indexed.swift,\ Intersperse.swift /Users/admin/builder/spi-builder-workspace/.dependencies/checkouts/swift-algorithms/Sources/Algorithms/Grouped.swift /Users/admin/builder/spi-builder-workspace/.dependencies/checkouts/swift-algorithms/Sources/Algorithms/Indexed.swift /Users/admin/builder/spi-builder-workspace/.dependencies/checkouts/swift-algorithms/Sources/Algorithms/Intersperse.swift (in target 'Algorithms' from project 'swift-algorithms')
SwiftCompile normal arm64 /Users/admin/builder/spi-builder-workspace/.dependencies/checkouts/swift-algorithms/Sources/Algorithms/Grouped.swift (in target 'Algorithms' from project 'swift-algorithms')
    cd /Users/admin/builder/spi-builder-workspace/.swiftpm/xcode

SwiftCompile normal arm64 /Users/admin/builder/spi-builder-workspace/.dependencies/checkouts/swift-algorithms/Sources/Algorithms/Indexed.swift (in target 'Algorithms' from project 'swift-algorithms')
    cd /Users/admin/builder/spi-builder-workspace/.swiftpm/xcode

SwiftCompile normal arm64 /Users/admin/builder/spi-builder-workspace/.dependencies/checkouts/swift-algorithms/Sources/Algorithms/Intersperse.swift (in target 'Algorithms' from project 'swift-algorithms')
    cd /Users/admin/builder/spi-builder-workspace/.swiftpm/xcode

Copy /Users/admin/builder/spi-builder-workspace/.derivedData/Build/Products/Debug-appletvos/GeoProjectorDanseiji.swiftmodule/arm64-apple-tvos.abi.json /Users/admin/builder/spi-builder-workspace/.derivedData/Build/Intermediates.noindex/GeoProjector.build/Debug-appletvos/GeoProjectorDanseiji.build/Objects-normal/arm64/GeoProjectorDanseiji.abi.json (in target 'GeoProjectorDanseiji' from project 'GeoProjector')
    cd /Users/admin/builder/spi-builder-workspace
    builtin-copy -exclude .DS_Store -exclude CVS -exclude .svn -exclude .git -exclude .hg -resolve-src-symlinks -rename /Users/admin/builder/spi-builder-workspace/.derivedData/Build/Intermediates.noindex/GeoProjector.build/Debug-appletvos/GeoProjectorDanseiji.build/Objects-normal/arm64/GeoProjectorDanseiji.abi.json /Users/admin/builder/spi-builder-workspace/.derivedData/Build/Products/Debug-appletvos/GeoProjectorDanseiji.swiftmodule/arm64-apple-tvos.abi.json
SwiftDriverJobDiscovery normal arm64 Compiling MapBounds+Contains.swift (in target 'GeoProjector' from project 'GeoProjector')
SwiftDriver\ Compilation GeoProjector normal arm64 com.apple.xcode.tools.swift.compiler (in target 'GeoProjector' from project 'GeoProjector')
    cd /Users/admin/builder/spi-builder-workspace/.swiftpm/xcode
    builtin-Swift-Compilation -- /Applications/Xcode-16.3.0.app/Contents/Developer/Toolchains/XcodeDefault.xctoolchain/usr/bin/swiftc -module-name GeoProjector -Onone -enforce-exclusivity\=checked @/Users/admin/builder/spi-builder-workspace/.derivedData/Build/Intermediates.noindex/GeoProjector.build/Debug-appletvos/GeoProjector.build/Objects-normal/arm64/GeoProjector.SwiftFileList -DSWIFT_PACKAGE -DDEBUG -DXcode -plugin-path /Applications/Xcode-16.3.0.app/Contents/Developer/Toolchains/XcodeDefault.xctoolchain/usr/lib/swift/host/plugins/testing -enable-experimental-feature DebugDescriptionMacro -sdk /Applications/Xcode-16.3.0.app/Contents/Developer/Platforms/AppleTVOS.platform/Developer/SDKs/AppleTVOS18.4.sdk -target arm64-apple-tvos15.0 -g -module-cache-path /Users/admin/builder/spi-builder-workspace/.derivedData/ModuleCache.noindex -Xfrontend -serialize-debugging-options -profile-coverage-mapping -profile-generate -enable-testing -index-store-path /Users/admin/builder/spi-builder-workspace/.derivedData/Index.noindex/DataStore -swift-version 5 -I /Users/admin/builder/spi-builder-workspace/.derivedData/Build/Products/Debug-appletvos -I /Applications/Xcode-16.3.0.app/Contents/Developer/Platforms/AppleTVOS.platform/Developer/usr/lib -F /Users/admin/builder/spi-builder-workspace/.derivedData/Build/Products/Debug-appletvos/PackageFrameworks -F /Users/admin/builder/spi-builder-workspace/.derivedData/Build/Products/Debug-appletvos/PackageFrameworks -F /Users/admin/builder/spi-builder-workspace/.derivedData/Build/Products/Debug-appletvos -F /Applications/Xcode-16.3.0.app/Contents/Developer/Platforms/AppleTVOS.platform/Developer/Library/Frameworks -F /Applications/Xcode-16.3.0.app/Contents/Developer/Platforms/AppleTVOS.platform/Developer/SDKs/AppleTVOS18.4.sdk/Developer/Library/Frameworks -c -j10 -enable-batch-mode -incremental -Xcc -ivfsstatcache -Xcc /Users/admin/builder/spi-builder-workspace/.derivedData/SDKStatCaches.noindex/appletvos18.4-22L251-271d326055c85f9856fa135c41255102.sdkstatcache -output-file-map /Users/admin/builder/spi-builder-workspace/.derivedData/Build/Intermediates.noindex/GeoProjector.build/Debug-appletvos/GeoProjector.build/Objects-normal/arm64/GeoProjector-OutputFileMap.json -use-frontend-parseable-output -save-temps -no-color-diagnostics -serialize-diagnostics -emit-dependencies -emit-module -emit-module-path /Users/admin/builder/spi-builder-workspace/.derivedData/Build/Intermediates.noindex/GeoProjector.build/Debug-appletvos/GeoProjector.build/Objects-normal/arm64/GeoProjector.swiftmodule -validate-clang-modules-once -clang-build-session-file /Users/admin/builder/spi-builder-workspace/.derivedData/ModuleCache.noindex/Session.modulevalidation -Xcc -I/Users/admin/builder/spi-builder-workspace/.derivedData/Build/Intermediates.noindex/GeoProjector.build/Debug-appletvos/GeoProjector.build/swift-overrides.hmap -emit-const-values -Xfrontend -const-gather-protocols-file -Xfrontend /Users/admin/builder/spi-builder-workspace/.derivedData/Build/Intermediates.noindex/GeoProjector.build/Debug-appletvos/GeoProjector.build/Objects-normal/arm64/GeoProjector_const_extract_protocols.json -Xcc -I/Users/admin/builder/spi-builder-workspace/.derivedData/Build/Products/Debug-appletvos/include -Xcc -I/Users/admin/builder/spi-builder-workspace/.derivedData/Build/Intermediates.noindex/GeoProjector.build/Debug-appletvos/GeoProjector.build/DerivedSources-normal/arm64 -Xcc -I/Users/admin/builder/spi-builder-workspace/.derivedData/Build/Intermediates.noindex/GeoProjector.build/Debug-appletvos/GeoProjector.build/DerivedSources/arm64 -Xcc -I/Users/admin/builder/spi-builder-workspace/.derivedData/Build/Intermediates.noindex/GeoProjector.build/Debug-appletvos/GeoProjector.build/DerivedSources -Xcc -DSWIFT_PACKAGE -Xcc -DDEBUG\=1 -emit-objc-header -emit-objc-header-path /Users/admin/builder/spi-builder-workspace/.derivedData/Build/Intermediates.noindex/GeoProjector.build/Debug-appletvos/GeoProjector.build/Objects-normal/arm64/GeoProjector-Swift.h -working-directory /Users/admin/builder/spi-builder-workspace/.swiftpm/xcode -experimental-emit-module-separately -disable-cmo
Copy /Users/admin/builder/spi-builder-workspace/.derivedData/Build/Products/Debug-appletvos/GeoProjectorDanseiji.swiftmodule/arm64-apple-tvos.swiftmodule /Users/admin/builder/spi-builder-workspace/.derivedData/Build/Intermediates.noindex/GeoProjector.build/Debug-appletvos/GeoProjectorDanseiji.build/Objects-normal/arm64/GeoProjectorDanseiji.swiftmodule (in target 'GeoProjectorDanseiji' from project 'GeoProjector')
    cd /Users/admin/builder/spi-builder-workspace
    builtin-copy -exclude .DS_Store -exclude CVS -exclude .svn -exclude .git -exclude .hg -resolve-src-symlinks -rename /Users/admin/builder/spi-builder-workspace/.derivedData/Build/Intermediates.noindex/GeoProjector.build/Debug-appletvos/GeoProjectorDanseiji.build/Objects-normal/arm64/GeoProjectorDanseiji.swiftmodule /Users/admin/builder/spi-builder-workspace/.derivedData/Build/Products/Debug-appletvos/GeoProjectorDanseiji.swiftmodule/arm64-apple-tvos.swiftmodule
Ld /Users/admin/builder/spi-builder-workspace/.derivedData/Build/Products/Debug-appletvos/GeoJSONKit.o normal (in target 'GeoJSONKit' from project 'GeoJSONKit')
    cd /Users/admin/builder/spi-builder-workspace/.dependencies/checkouts/geojsonkit
    /Applications/Xcode-16.3.0.app/Contents/Developer/Toolchains/XcodeDefault.xctoolchain/usr/bin/clang -Xlinker -reproducible -target arm64-apple-tvos12.0 -r -isysroot /Applications/Xcode-16.3.0.app/Contents/Developer/Platforms/AppleTVOS.platform/Developer/SDKs/AppleTVOS18.4.sdk -O0 -w -L/Users/admin/builder/spi-builder-workspace/.derivedData/Build/Intermediates.noindex/EagerLinkingTBDs/Debug-appletvos -L/Users/admin/builder/spi-builder-workspace/.derivedData/Build/Products/Debug-appletvos -L/Applications/Xcode-16.3.0.app/Contents/Developer/Platforms/AppleTVOS.platform/Developer/usr/lib -F/Users/admin/builder/spi-builder-workspace/.derivedData/Build/Intermediates.noindex/EagerLinkingTBDs/Debug-appletvos -F/Users/admin/builder/spi-builder-workspace/.derivedData/Build/Products/Debug-appletvos -iframework /Applications/Xcode-16.3.0.app/Contents/Developer/Platforms/AppleTVOS.platform/Developer/Library/Frameworks -iframework /Applications/Xcode-16.3.0.app/Contents/Developer/Platforms/AppleTVOS.platform/Developer/SDKs/AppleTVOS18.4.sdk/Developer/Library/Frameworks -filelist /Users/admin/builder/spi-builder-workspace/.derivedData/Build/Intermediates.noindex/GeoJSONKit.build/Debug-appletvos/GeoJSONKit.build/Objects-normal/arm64/GeoJSONKit.LinkFileList -nostdlib -Xlinker -object_path_lto -Xlinker /Users/admin/builder/spi-builder-workspace/.derivedData/Build/Intermediates.noindex/GeoJSONKit.build/Debug-appletvos/GeoJSONKit.build/Objects-normal/arm64/GeoJSONKit_lto.o -rdynamic -Xlinker -no_deduplicate -Xlinker -debug_variant -Xlinker -dependency_info -Xlinker /Users/admin/builder/spi-builder-workspace/.derivedData/Build/Intermediates.noindex/GeoJSONKit.build/Debug-appletvos/GeoJSONKit.build/Objects-normal/arm64/GeoJSONKit_dependency_info.dat -fobjc-link-runtime -L/Applications/Xcode-16.3.0.app/Contents/Developer/Toolchains/XcodeDefault.xctoolchain/usr/lib/swift/appletvos -L/usr/lib/swift -Xlinker -add_ast_path -Xlinker /Users/admin/builder/spi-builder-workspace/.derivedData/Build/Intermediates.noindex/GeoJSONKit.build/Debug-appletvos/GeoJSONKit.build/Objects-normal/arm64/GeoJSONKit.swiftmodule -o /Users/admin/builder/spi-builder-workspace/.derivedData/Build/Products/Debug-appletvos/GeoJSONKit.o
SwiftDriverJobDiscovery normal arm64 Compiling resource_bundle_accessor.swift (in target 'GeoProjectorDanseiji' from project 'GeoProjector')
SwiftDriverJobDiscovery normal arm64 Compiling Split.swift, Stride.swift (in target 'Algorithms' from project 'swift-algorithms')
ExtractAppIntentsMetadata (in target 'GeoJSONKit' from project 'GeoJSONKit')
    cd /Users/admin/builder/spi-builder-workspace/.dependencies/checkouts/geojsonkit
    /Applications/Xcode-16.3.0.app/Contents/Developer/Toolchains/XcodeDefault.xctoolchain/usr/bin/appintentsmetadataprocessor --toolchain-dir /Applications/Xcode-16.3.0.app/Contents/Developer/Toolchains/XcodeDefault.xctoolchain --module-name GeoJSONKit --sdk-root /Applications/Xcode-16.3.0.app/Contents/Developer/Platforms/AppleTVOS.platform/Developer/SDKs/AppleTVOS18.4.sdk --xcode-version 16E140 --platform-family tvOS --deployment-target 12.0 --bundle-identifier geojsonkit.GeoJSONKit --output /Users/admin/builder/spi-builder-workspace/.derivedData/Build/Products/Debug-appletvos/GeoJSONKit.appintents --target-triple arm64-apple-tvos12.0 --binary-file /Users/admin/builder/spi-builder-workspace/.derivedData/Build/Products/Debug-appletvos/GeoJSONKit.o --dependency-file /Users/admin/builder/spi-builder-workspace/.derivedData/Build/Intermediates.noindex/GeoJSONKit.build/Debug-appletvos/GeoJSONKit.build/Objects-normal/arm64/GeoJSONKit_dependency_info.dat --stringsdata-file /Users/admin/builder/spi-builder-workspace/.derivedData/Build/Intermediates.noindex/GeoJSONKit.build/Debug-appletvos/GeoJSONKit.build/Objects-normal/arm64/ExtractedAppShortcutsMetadata.stringsdata --source-file-list /Users/admin/builder/spi-builder-workspace/.derivedData/Build/Intermediates.noindex/GeoJSONKit.build/Debug-appletvos/GeoJSONKit.build/Objects-normal/arm64/GeoJSONKit.SwiftFileList --metadata-file-list /Users/admin/builder/spi-builder-workspace/.derivedData/Build/Intermediates.noindex/GeoJSONKit.build/Debug-appletvos/GeoJSONKit.build/GeoJSONKit.DependencyMetadataFileList --static-metadata-file-list /Users/admin/builder/spi-builder-workspace/.derivedData/Build/Intermediates.noindex/GeoJSONKit.build/Debug-appletvos/GeoJSONKit.build/GeoJSONKit.DependencyStaticMetadataFileList --swift-const-vals-list /Users/admin/builder/spi-builder-workspace/.derivedData/Build/Intermediates.noindex/GeoJSONKit.build/Debug-appletvos/GeoJSONKit.build/Objects-normal/arm64/GeoJSONKit.SwiftConstValuesFileList --force --compile-time-extraction --deployment-aware-processing --validate-assistant-intents --no-app-shortcuts-localization
2026-06-25 12:31:18.415 appintentsmetadataprocessor[1136:6214] Starting appintentsmetadataprocessor export
2026-06-25 12:31:18.451 appintentsmetadataprocessor[1136:6214] Extracted no relevant App Intents symbols, skipping writing output
SwiftDriverJobDiscovery normal arm64 Compiling RandomSample.swift, Reductions.swift, Rotate.swift (in target 'Algorithms' from project 'swift-algorithms')
RegisterExecutionPolicyException /Users/admin/builder/spi-builder-workspace/.derivedData/Build/Products/Debug-appletvos/GeoJSONKit.o (in target 'GeoJSONKit' from project 'GeoJSONKit')
    cd /Users/admin/builder/spi-builder-workspace/.dependencies/checkouts/geojsonkit
    builtin-RegisterExecutionPolicyException /Users/admin/builder/spi-builder-workspace/.derivedData/Build/Products/Debug-appletvos/GeoJSONKit.o
SwiftDriverJobDiscovery normal arm64 Compiling DanseijiCore.swift (in target 'GeoProjectorDanseiji' from project 'GeoProjector')
Ld /Users/admin/builder/spi-builder-workspace/.derivedData/Build/Products/Debug-appletvos/GeoJSONKitTurf.o normal (in target 'GeoJSONKitTurf' from project 'GeoJSONKitTurf')
    cd /Users/admin/builder/spi-builder-workspace/.dependencies/checkouts/geojsonkit-turf
    /Applications/Xcode-16.3.0.app/Contents/Developer/Toolchains/XcodeDefault.xctoolchain/usr/bin/clang -Xlinker -reproducible -target arm64-apple-tvos15.0 -r -isysroot /Applications/Xcode-16.3.0.app/Contents/Developer/Platforms/AppleTVOS.platform/Developer/SDKs/AppleTVOS18.4.sdk -O0 -w -L/Users/admin/builder/spi-builder-workspace/.derivedData/Build/Intermediates.noindex/EagerLinkingTBDs/Debug-appletvos -L/Users/admin/builder/spi-builder-workspace/.derivedData/Build/Products/Debug-appletvos -L/Applications/Xcode-16.3.0.app/Contents/Developer/Platforms/AppleTVOS.platform/Developer/usr/lib -F/Users/admin/builder/spi-builder-workspace/.derivedData/Build/Intermediates.noindex/EagerLinkingTBDs/Debug-appletvos -F/Users/admin/builder/spi-builder-workspace/.derivedData/Build/Products/Debug-appletvos/PackageFrameworks -F/Users/admin/builder/spi-builder-workspace/.derivedData/Build/Products/Debug-appletvos -iframework /Applications/Xcode-16.3.0.app/Contents/Developer/Platforms/AppleTVOS.platform/Developer/Library/Frameworks -iframework /Applications/Xcode-16.3.0.app/Contents/Developer/Platforms/AppleTVOS.platform/Developer/SDKs/AppleTVOS18.4.sdk/Developer/Library/Frameworks -filelist /Users/admin/builder/spi-builder-workspace/.derivedData/Build/Intermediates.noindex/GeoJSONKitTurf.build/Debug-appletvos/GeoJSONKitTurf.build/Objects-normal/arm64/GeoJSONKitTurf.LinkFileList -nostdlib -Xlinker -object_path_lto -Xlinker /Users/admin/builder/spi-builder-workspace/.derivedData/Build/Intermediates.noindex/GeoJSONKitTurf.build/Debug-appletvos/GeoJSONKitTurf.build/Objects-normal/arm64/GeoJSONKitTurf_lto.o -rdynamic -Xlinker -no_deduplicate -Xlinker -debug_variant -Xlinker -dependency_info -Xlinker /Users/admin/builder/spi-builder-workspace/.derivedData/Build/Intermediates.noindex/GeoJSONKitTurf.build/Debug-appletvos/GeoJSONKitTurf.build/Objects-normal/arm64/GeoJSONKitTurf_dependency_info.dat -fobjc-link-runtime -L/Applications/Xcode-16.3.0.app/Contents/Developer/Toolchains/XcodeDefault.xctoolchain/usr/lib/swift/appletvos -L/usr/lib/swift -Xlinker -add_ast_path -Xlinker /Users/admin/builder/spi-builder-workspace/.derivedData/Build/Intermediates.noindex/GeoJSONKitTurf.build/Debug-appletvos/GeoJSONKitTurf.build/Objects-normal/arm64/GeoJSONKitTurf.swiftmodule -o /Users/admin/builder/spi-builder-workspace/.derivedData/Build/Products/Debug-appletvos/GeoJSONKitTurf.o
SwiftDriverJobDiscovery normal arm64 Emitting module for Algorithms (in target 'Algorithms' from project 'swift-algorithms')
SwiftDriver\ Compilation\ Requirements Algorithms normal arm64 com.apple.xcode.tools.swift.compiler (in target 'Algorithms' from project 'swift-algorithms')
    cd /Users/admin/builder/spi-builder-workspace/.swiftpm/xcode
    builtin-Swift-Compilation-Requirements -- /Applications/Xcode-16.3.0.app/Contents/Developer/Toolchains/XcodeDefault.xctoolchain/usr/bin/swiftc -module-name Algorithms -Onone -enforce-exclusivity\=checked @/Users/admin/builder/spi-builder-workspace/.derivedData/Build/Intermediates.noindex/swift-algorithms.build/Debug-appletvos/Algorithms.build/Objects-normal/arm64/Algorithms.SwiftFileList -DSWIFT_PACKAGE -DDEBUG -DXcode -plugin-path /Applications/Xcode-16.3.0.app/Contents/Developer/Toolchains/XcodeDefault.xctoolchain/usr/lib/swift/host/plugins/testing -enable-experimental-feature DebugDescriptionMacro -sdk /Applications/Xcode-16.3.0.app/Contents/Developer/Platforms/AppleTVOS.platform/Developer/SDKs/AppleTVOS18.4.sdk -target arm64-apple-tvos12.0 -g -module-cache-path /Users/admin/builder/spi-builder-workspace/.derivedData/ModuleCache.noindex -Xfrontend -serialize-debugging-options -profile-coverage-mapping -profile-generate -enable-testing -suppress-warnings -index-store-path /Users/admin/builder/spi-builder-workspace/.derivedData/Index.noindex/DataStore -swift-version 5 -I /Users/admin/builder/spi-builder-workspace/.derivedData/Build/Products/Debug-appletvos -I /Applications/Xcode-16.3.0.app/Contents/Developer/Platforms/AppleTVOS.platform/Developer/usr/lib -F /Users/admin/builder/spi-builder-workspace/.derivedData/Build/Products/Debug-appletvos/PackageFrameworks -F /Users/admin/builder/spi-builder-workspace/.derivedData/Build/Products/Debug-appletvos/PackageFrameworks -F /Users/admin/builder/spi-builder-workspace/.derivedData/Build/Products/Debug-appletvos -F /Applications/Xcode-16.3.0.app/Contents/Developer/Platforms/AppleTVOS.platform/Developer/Library/Frameworks -F /Applications/Xcode-16.3.0.app/Contents/Developer/Platforms/AppleTVOS.platform/Developer/SDKs/AppleTVOS18.4.sdk/Developer/Library/Frameworks -c -j10 -enable-batch-mode -incremental -Xcc -ivfsstatcache -Xcc /Users/admin/builder/spi-builder-workspace/.derivedData/SDKStatCaches.noindex/appletvos18.4-22L251-271d326055c85f9856fa135c41255102.sdkstatcache -output-file-map /Users/admin/builder/spi-builder-workspace/.derivedData/Build/Intermediates.noindex/swift-algorithms.build/Debug-appletvos/Algorithms.build/Objects-normal/arm64/Algorithms-OutputFileMap.json -use-frontend-parseable-output -save-temps -no-color-diagnostics -serialize-diagnostics -emit-dependencies -emit-module -emit-module-path /Users/admin/builder/spi-builder-workspace/.derivedData/Build/Intermediates.noindex/swift-algorithms.build/Debug-appletvos/Algorithms.build/Objects-normal/arm64/Algorithms.swiftmodule -validate-clang-modules-once -clang-build-session-file /Users/admin/builder/spi-builder-workspace/.derivedData/ModuleCache.noindex/Session.modulevalidation -Xcc -I/Users/admin/builder/spi-builder-workspace/.derivedData/Build/Intermediates.noindex/swift-algorithms.build/Debug-appletvos/Algorithms.build/swift-overrides.hmap -emit-const-values -Xfrontend -const-gather-protocols-file -Xfrontend /Users/admin/builder/spi-builder-workspace/.derivedData/Build/Intermediates.noindex/swift-algorithms.build/Debug-appletvos/Algorithms.build/Objects-normal/arm64/Algorithms_const_extract_protocols.json -Xcc -I/Users/admin/builder/spi-builder-workspace/.dependencies/checkouts/swift-numerics/Sources/_NumericsShims/include -Xcc -I/Users/admin/builder/spi-builder-workspace/.derivedData/Build/Products/Debug-appletvos/include -Xcc -I/Users/admin/builder/spi-builder-workspace/.derivedData/Build/Intermediates.noindex/swift-algorithms.build/Debug-appletvos/Algorithms.build/DerivedSources-normal/arm64 -Xcc -I/Users/admin/builder/spi-builder-workspace/.derivedData/Build/Intermediates.noindex/swift-algorithms.build/Debug-appletvos/Algorithms.build/DerivedSources/arm64 -Xcc -I/Users/admin/builder/spi-builder-workspace/.derivedData/Build/Intermediates.noindex/swift-algorithms.build/Debug-appletvos/Algorithms.build/DerivedSources -Xcc -DSWIFT_PACKAGE -Xcc -DDEBUG\=1 -emit-objc-header -emit-objc-header-path /Users/admin/builder/spi-builder-workspace/.derivedData/Build/Intermediates.noindex/swift-algorithms.build/Debug-appletvos/Algorithms.build/Objects-normal/arm64/Algorithms-Swift.h -working-directory /Users/admin/builder/spi-builder-workspace/.swiftpm/xcode -experimental-emit-module-separately -disable-cmo
Copy /Users/admin/builder/spi-builder-workspace/.derivedData/Build/Products/Debug-appletvos/Algorithms.swiftmodule/arm64-apple-tvos.abi.json /Users/admin/builder/spi-builder-workspace/.derivedData/Build/Intermediates.noindex/swift-algorithms.build/Debug-appletvos/Algorithms.build/Objects-normal/arm64/Algorithms.abi.json (in target 'Algorithms' from project 'swift-algorithms')
    cd /Users/admin/builder/spi-builder-workspace/.dependencies/checkouts/swift-algorithms
    builtin-copy -exclude .DS_Store -exclude CVS -exclude .svn -exclude .git -exclude .hg -resolve-src-symlinks -rename /Users/admin/builder/spi-builder-workspace/.derivedData/Build/Intermediates.noindex/swift-algorithms.build/Debug-appletvos/Algorithms.build/Objects-normal/arm64/Algorithms.abi.json /Users/admin/builder/spi-builder-workspace/.derivedData/Build/Products/Debug-appletvos/Algorithms.swiftmodule/arm64-apple-tvos.abi.json
Copy /Users/admin/builder/spi-builder-workspace/.derivedData/Build/Products/Debug-appletvos/Algorithms.swiftmodule/arm64-apple-tvos.swiftmodule /Users/admin/builder/spi-builder-workspace/.derivedData/Build/Intermediates.noindex/swift-algorithms.build/Debug-appletvos/Algorithms.build/Objects-normal/arm64/Algorithms.swiftmodule (in target 'Algorithms' from project 'swift-algorithms')
    cd /Users/admin/builder/spi-builder-workspace/.dependencies/checkouts/swift-algorithms
    builtin-copy -exclude .DS_Store -exclude CVS -exclude .svn -exclude .git -exclude .hg -resolve-src-symlinks -rename /Users/admin/builder/spi-builder-workspace/.derivedData/Build/Intermediates.noindex/swift-algorithms.build/Debug-appletvos/Algorithms.build/Objects-normal/arm64/Algorithms.swiftmodule /Users/admin/builder/spi-builder-workspace/.derivedData/Build/Products/Debug-appletvos/Algorithms.swiftmodule/arm64-apple-tvos.swiftmodule
SwiftDriver GeoDrawer normal arm64 com.apple.xcode.tools.swift.compiler (in target 'GeoDrawer' from project 'GeoProjector')
    cd /Users/admin/builder/spi-builder-workspace/.swiftpm/xcode
    builtin-SwiftDriver -- /Applications/Xcode-16.3.0.app/Contents/Developer/Toolchains/XcodeDefault.xctoolchain/usr/bin/swiftc -module-name GeoDrawer -Onone -enforce-exclusivity\=checked @/Users/admin/builder/spi-builder-workspace/.derivedData/Build/Intermediates.noindex/GeoProjector.build/Debug-appletvos/GeoDrawer.build/Objects-normal/arm64/GeoDrawer.SwiftFileList -DSWIFT_PACKAGE -DDEBUG -DXcode -plugin-path /Applications/Xcode-16.3.0.app/Contents/Developer/Toolchains/XcodeDefault.xctoolchain/usr/lib/swift/host/plugins/testing -enable-experimental-feature DebugDescriptionMacro -sdk /Applications/Xcode-16.3.0.app/Contents/Developer/Platforms/AppleTVOS.platform/Developer/SDKs/AppleTVOS18.4.sdk -target arm64-apple-tvos15.0 -g -module-cache-path /Users/admin/builder/spi-builder-workspace/.derivedData/ModuleCache.noindex -Xfrontend -serialize-debugging-options -profile-coverage-mapping -profile-generate -enable-testing -index-store-path /Users/admin/builder/spi-builder-workspace/.derivedData/Index.noindex/DataStore -swift-version 5 -I /Users/admin/builder/spi-builder-workspace/.derivedData/Build/Products/Debug-appletvos -I /Applications/Xcode-16.3.0.app/Contents/Developer/Platforms/AppleTVOS.platform/Developer/usr/lib -F /Users/admin/builder/spi-builder-workspace/.derivedData/Build/Products/Debug-appletvos/PackageFrameworks -F /Users/admin/builder/spi-builder-workspace/.derivedData/Build/Products/Debug-appletvos/PackageFrameworks -F /Users/admin/builder/spi-builder-workspace/.derivedData/Build/Products/Debug-appletvos/PackageFrameworks -F /Users/admin/builder/spi-builder-workspace/.derivedData/Build/Products/Debug-appletvos/PackageFrameworks -F /Users/admin/builder/spi-builder-workspace/.derivedData/Build/Products/Debug-appletvos/PackageFrameworks -F /Users/admin/builder/spi-builder-workspace/.derivedData/Build/Products/Debug-appletvos/PackageFrameworks -F /Users/admin/builder/spi-builder-workspace/.derivedData/Build/Products/Debug-appletvos -F /Applications/Xcode-16.3.0.app/Contents/Developer/Platforms/AppleTVOS.platform/Developer/Library/Frameworks -F /Applications/Xcode-16.3.0.app/Contents/Developer/Platforms/AppleTVOS.platform/Developer/SDKs/AppleTVOS18.4.sdk/Developer/Library/Frameworks -c -j10 -enable-batch-mode -incremental -Xcc -ivfsstatcache -Xcc /Users/admin/builder/spi-builder-workspace/.derivedData/SDKStatCaches.noindex/appletvos18.4-22L251-271d326055c85f9856fa135c41255102.sdkstatcache -output-file-map /Users/admin/builder/spi-builder-workspace/.derivedData/Build/Intermediates.noindex/GeoProjector.build/Debug-appletvos/GeoDrawer.build/Objects-normal/arm64/GeoDrawer-OutputFileMap.json -use-frontend-parseable-output -save-temps -no-color-diagnostics -serialize-diagnostics -emit-dependencies -emit-module -emit-module-path /Users/admin/builder/spi-builder-workspace/.derivedData/Build/Intermediates.noindex/GeoProjector.build/Debug-appletvos/GeoDrawer.build/Objects-normal/arm64/GeoDrawer.swiftmodule -validate-clang-modules-once -clang-build-session-file /Users/admin/builder/spi-builder-workspace/.derivedData/ModuleCache.noindex/Session.modulevalidation -Xcc -I/Users/admin/builder/spi-builder-workspace/.derivedData/Build/Intermediates.noindex/GeoProjector.build/Debug-appletvos/GeoDrawer.build/swift-overrides.hmap -emit-const-values -Xfrontend -const-gather-protocols-file -Xfrontend /Users/admin/builder/spi-builder-workspace/.derivedData/Build/Intermediates.noindex/GeoProjector.build/Debug-appletvos/GeoDrawer.build/Objects-normal/arm64/GeoDrawer_const_extract_protocols.json -Xcc -I/Users/admin/builder/spi-builder-workspace/.dependencies/checkouts/swift-numerics/Sources/_NumericsShims/include -Xcc -I/Users/admin/builder/spi-builder-workspace/.derivedData/Build/Products/Debug-appletvos/include -Xcc -I/Users/admin/builder/spi-builder-workspace/.derivedData/Build/Intermediates.noindex/GeoProjector.build/Debug-appletvos/GeoDrawer.build/DerivedSources-normal/arm64 -Xcc -I/Users/admin/builder/spi-builder-workspace/.derivedData/Build/Intermediates.noindex/GeoProjector.build/Debug-appletvos/GeoDrawer.build/DerivedSources/arm64 -Xcc -I/Users/admin/builder/spi-builder-workspace/.derivedData/Build/Intermediates.noindex/GeoProjector.build/Debug-appletvos/GeoDrawer.build/DerivedSources -Xcc -DSWIFT_PACKAGE -Xcc -DDEBUG\=1 -emit-objc-header -emit-objc-header-path /Users/admin/builder/spi-builder-workspace/.derivedData/Build/Intermediates.noindex/GeoProjector.build/Debug-appletvos/GeoDrawer.build/Objects-normal/arm64/GeoDrawer-Swift.h -working-directory /Users/admin/builder/spi-builder-workspace/.swiftpm/xcode -experimental-emit-module-separately -disable-cmo
ExtractAppIntentsMetadata (in target 'GeoJSONKitTurf' from project 'GeoJSONKitTurf')
    cd /Users/admin/builder/spi-builder-workspace/.dependencies/checkouts/geojsonkit-turf
    /Applications/Xcode-16.3.0.app/Contents/Developer/Toolchains/XcodeDefault.xctoolchain/usr/bin/appintentsmetadataprocessor --toolchain-dir /Applications/Xcode-16.3.0.app/Contents/Developer/Toolchains/XcodeDefault.xctoolchain --module-name GeoJSONKitTurf --sdk-root /Applications/Xcode-16.3.0.app/Contents/Developer/Platforms/AppleTVOS.platform/Developer/SDKs/AppleTVOS18.4.sdk --xcode-version 16E140 --platform-family tvOS --deployment-target 15.0 --bundle-identifier geojsonkit-turf.GeoJSONKitTurf --output /Users/admin/builder/spi-builder-workspace/.derivedData/Build/Products/Debug-appletvos/GeoJSONKitTurf.appintents --target-triple arm64-apple-tvos15.0 --binary-file /Users/admin/builder/spi-builder-workspace/.derivedData/Build/Products/Debug-appletvos/GeoJSONKitTurf.o --dependency-file /Users/admin/builder/spi-builder-workspace/.derivedData/Build/Intermediates.noindex/GeoJSONKitTurf.build/Debug-appletvos/GeoJSONKitTurf.build/Objects-normal/arm64/GeoJSONKitTurf_dependency_info.dat --stringsdata-file /Users/admin/builder/spi-builder-workspace/.derivedData/Build/Intermediates.noindex/GeoJSONKitTurf.build/Debug-appletvos/GeoJSONKitTurf.build/Objects-normal/arm64/ExtractedAppShortcutsMetadata.stringsdata --source-file-list /Users/admin/builder/spi-builder-workspace/.derivedData/Build/Intermediates.noindex/GeoJSONKitTurf.build/Debug-appletvos/GeoJSONKitTurf.build/Objects-normal/arm64/GeoJSONKitTurf.SwiftFileList --metadata-file-list /Users/admin/builder/spi-builder-workspace/.derivedData/Build/Intermediates.noindex/GeoJSONKitTurf.build/Debug-appletvos/GeoJSONKitTurf.build/GeoJSONKitTurf.DependencyMetadataFileList --static-metadata-file-list /Users/admin/builder/spi-builder-workspace/.derivedData/Build/Intermediates.noindex/GeoJSONKitTurf.build/Debug-appletvos/GeoJSONKitTurf.build/GeoJSONKitTurf.DependencyStaticMetadataFileList --swift-const-vals-list /Users/admin/builder/spi-builder-workspace/.derivedData/Build/Intermediates.noindex/GeoJSONKitTurf.build/Debug-appletvos/GeoJSONKitTurf.build/Objects-normal/arm64/GeoJSONKitTurf.SwiftConstValuesFileList --force --compile-time-extraction --deployment-aware-processing --validate-assistant-intents --no-app-shortcuts-localization
2026-06-25 12:31:18.513 appintentsmetadataprocessor[1139:6232] Starting appintentsmetadataprocessor export
2026-06-25 12:31:18.550 appintentsmetadataprocessor[1139:6232] Extracted no relevant App Intents symbols, skipping writing output
SwiftEmitModule normal arm64 Emitting\ module\ for\ GeoDrawer (in target 'GeoDrawer' from project 'GeoProjector')
EmitSwiftModule normal arm64 (in target 'GeoDrawer' from project 'GeoProjector')
    cd /Users/admin/builder/spi-builder-workspace/.swiftpm/xcode

SwiftCompile normal arm64 Compiling\ GeoDrawer+CoreGraphics.swift /Users/admin/builder/spi-builder-workspace/Sources/GeoDrawer/GeoDrawer+CoreGraphics.swift (in target 'GeoDrawer' from project 'GeoProjector')
SwiftCompile normal arm64 /Users/admin/builder/spi-builder-workspace/Sources/GeoDrawer/GeoDrawer+CoreGraphics.swift (in target 'GeoDrawer' from project 'GeoProjector')
    cd /Users/admin/builder/spi-builder-workspace/.swiftpm/xcode

SwiftCompile normal arm64 Compiling\ GeoDrawer+BoundarySplit.swift /Users/admin/builder/spi-builder-workspace/Sources/GeoDrawer/GeoDrawer+BoundarySplit.swift (in target 'GeoDrawer' from project 'GeoProjector')
SwiftCompile normal arm64 /Users/admin/builder/spi-builder-workspace/Sources/GeoDrawer/GeoDrawer+BoundarySplit.swift (in target 'GeoDrawer' from project 'GeoProjector')
    cd /Users/admin/builder/spi-builder-workspace/.swiftpm/xcode

SwiftCompile normal arm64 Compiling\ GeoDrawer+SVG.swift /Users/admin/builder/spi-builder-workspace/Sources/GeoDrawer/GeoDrawer+SVG.swift (in target 'GeoDrawer' from project 'GeoProjector')
SwiftCompile normal arm64 /Users/admin/builder/spi-builder-workspace/Sources/GeoDrawer/GeoDrawer+SVG.swift (in target 'GeoDrawer' from project 'GeoProjector')
    cd /Users/admin/builder/spi-builder-workspace/.swiftpm/xcode

SwiftCompile normal arm64 Compiling\ GeoMap+UIKit.swift /Users/admin/builder/spi-builder-workspace/Sources/GeoDrawer/GeoMap+UIKit.swift (in target 'GeoDrawer' from project 'GeoProjector')
Failed frontend command:
/Applications/Xcode-16.3.0.app/Contents/Developer/Toolchains/XcodeDefault.xctoolchain/usr/bin/swift-frontend -frontend -c /Users/admin/builder/spi-builder-workspace/Sources/GeoDrawer/GeoDrawer+BoundarySplit.swift /Users/admin/builder/spi-builder-workspace/Sources/GeoDrawer/GeoDrawer+CoreGraphics.swift /Users/admin/builder/spi-builder-workspace/Sources/GeoDrawer/GeoDrawer+Image.swift /Users/admin/builder/spi-builder-workspace/Sources/GeoDrawer/GeoDrawer+SVG.swift /Users/admin/builder/spi-builder-workspace/Sources/GeoDrawer/GeoDrawer.swift /Users/admin/builder/spi-builder-workspace/Sources/GeoDrawer/GeoJSON+Continents.swift /Users/admin/builder/spi-builder-workspace/Sources/GeoDrawer/GeoMap+AppKit.swift -primary-file /Users/admin/builder/spi-builder-workspace/Sources/GeoDrawer/GeoMap+UIKit.swift /Users/admin/builder/spi-builder-workspace/Sources/GeoDrawer/styling/GeoDrawerContent+Style.swift -emit-dependencies-path /Users/admin/builder/spi-builder-workspace/.derivedData/Build/Intermediates.noindex/GeoProjector.build/Debug-appletvos/GeoDrawer.build/Objects-normal/arm64/GeoMap+UIKit.d -emit-const-values-path /Users/admin/builder/spi-builder-workspace/.derivedData/Build/Intermediates.noindex/GeoProjector.build/Debug-appletvos/GeoDrawer.build/Objects-normal/arm64/GeoMap+UIKit.swiftconstvalues -emit-reference-dependencies-path /Users/admin/builder/spi-builder-workspace/.derivedData/Build/Intermediates.noindex/GeoProjector.build/Debug-appletvos/GeoDrawer.build/Objects-normal/arm64/GeoMap+UIKit.swiftdeps -serialize-diagnostics-path /Users/admin/builder/spi-builder-workspace/.derivedData/Build/Intermediates.noindex/GeoProjector.build/Debug-appletvos/GeoDrawer.build/Objects-normal/arm64/GeoMap+UIKit.dia -target arm64-apple-tvos15.0 -Xllvm -aarch64-use-tbi -enable-objc-interop -stack-check -sdk /Applications/Xcode-16.3.0.app/Contents/Developer/Platforms/AppleTVOS.platform/Developer/SDKs/AppleTVOS18.4.sdk -I /Users/admin/builder/spi-builder-workspace/.derivedData/Build/Products/Debug-appletvos -I /Applications/Xcode-16.3.0.app/Contents/Developer/Platforms/AppleTVOS.platform/Developer/usr/lib -F /Users/admin/builder/spi-builder-workspace/.derivedData/Build/Products/Debug-appletvos/PackageFrameworks -F /Users/admin/builder/spi-builder-workspace/.derivedData/Build/Products/Debug-appletvos/PackageFrameworks -F /Users/admin/builder/spi-builder-workspace/.derivedData/Build/Products/Debug-appletvos/PackageFrameworks -F /Users/admin/builder/spi-builder-workspace/.derivedData/Build/Products/Debug-appletvos/PackageFrameworks -F /Users/admin/builder/spi-builder-workspace/.derivedData/Build/Products/Debug-appletvos/PackageFrameworks -F /Users/admin/builder/spi-builder-workspace/.derivedData/Build/Products/Debug-appletvos/PackageFrameworks -F /Users/admin/builder/spi-builder-workspace/.derivedData/Build/Products/Debug-appletvos -F /Applications/Xcode-16.3.0.app/Contents/Developer/Platforms/AppleTVOS.platform/Developer/Library/Frameworks -F /Applications/Xcode-16.3.0.app/Contents/Developer/Platforms/AppleTVOS.platform/Developer/SDKs/AppleTVOS18.4.sdk/Developer/Library/Frameworks -no-color-diagnostics -enable-testing -g -debug-info-format\=dwarf -dwarf-version\=4 -module-cache-path /Users/admin/builder/spi-builder-workspace/.derivedData/ModuleCache.noindex -profile-generate -profile-coverage-mapping -swift-version 5 -enforce-exclusivity\=checked -Onone -D SWIFT_PACKAGE -D DEBUG -D Xcode -serialize-debugging-options -const-gather-protocols-file /Users/admin/builder/spi-builder-workspace/.derivedData/Build/Intermediates.noindex/GeoProjector.build/Debug-appletvos/GeoDrawer.build/Objects-normal/arm64/GeoDrawer_const_extract_protocols.json -enable-experimental-feature DebugDescriptionMacro -empty-abi-descriptor -plugin-path /Applications/Xcode-16.3.0.app/Contents/Developer/Toolchains/XcodeDefault.xctoolchain/usr/lib/swift/host/plugins/testing -validate-clang-modules-once -clang-build-session-file /Users/admin/builder/spi-builder-workspace/.derivedData/ModuleCache.noindex/Session.modulevalidation -Xcc -working-directory -Xcc /Users/admin/builder/spi-builder-workspace/.swiftpm/xcode -resource-dir /Applications/Xcode-16.3.0.app/Contents/Developer/Toolchains/XcodeDefault.xctoolchain/usr/lib/swift -enable-anonymous-context-mangled-names -file-compilation-dir /Users/admin/builder/spi-builder-workspace/.swiftpm/xcode -Xcc -ivfsstatcache -Xcc /Users/admin/builder/spi-builder-workspace/.derivedData/SDKStatCaches.noindex/appletvos18.4-22L251-271d326055c85f9856fa135c41255102.sdkstatcache -Xcc -I/Users/admin/builder/spi-builder-workspace/.derivedData/Build/Intermediates.noindex/GeoProjector.build/Debug-appletvos/GeoDrawer.build/swift-overrides.hmap -Xcc -I/Users/admin/builder/spi-builder-workspace/.dependencies/checkouts/swift-numerics/Sources/_NumericsShims/include -Xcc -I/Users/admin/builder/spi-builder-workspace/.derivedData/Build/Products/Debug-appletvos/include -Xcc -I/Users/admin/builder/spi-builder-workspace/.derivedData/Build/Intermediates.noindex/GeoProjector.build/Debug-appletvos/GeoDrawer.build/DerivedSources-normal/arm64 -Xcc -I/Users/admin/builder/spi-builder-workspace/.derivedData/Build/Intermediates.noindex/GeoProjector.build/Debug-appletvos/GeoDrawer.build/DerivedSources/arm64 -Xcc -I/Users/admin/builder/spi-builder-workspace/.derivedData/Build/Intermediates.noindex/GeoProjector.build/Debug-appletvos/GeoDrawer.build/DerivedSources -Xcc -DSWIFT_PACKAGE -Xcc -DDEBUG\=1 -module-name GeoDrawer -frontend-parseable-output -disable-clang-spi -target-sdk-version 18.4 -target-sdk-name appletvos18.4 -external-plugin-path /Applications/Xcode-16.3.0.app/Contents/Developer/Platforms/AppleTVOS.platform/Developer/usr/lib/swift/host/plugins\#/Applications/Xcode-16.3.0.app/Contents/Developer/Platforms/AppleTVOS.platform/Developer/usr/bin/swift-plugin-server -external-plugin-path /Applications/Xcode-16.3.0.app/Contents/Developer/Platforms/AppleTVOS.platform/Developer/usr/local/lib/swift/host/plugins\#/Applications/Xcode-16.3.0.app/Contents/Developer/Platforms/AppleTVOS.platform/Developer/usr/bin/swift-plugin-server -in-process-plugin-server-path /Applications/Xcode-16.3.0.app/Contents/Developer/Toolchains/XcodeDefault.xctoolchain/usr/lib/swift/host/libSwiftInProcPluginServer.dylib -plugin-path /Applications/Xcode-16.3.0.app/Contents/Developer/Toolchains/XcodeDefault.xctoolchain/usr/lib/swift/host/plugins -plugin-path /Applications/Xcode-16.3.0.app/Contents/Developer/Toolchains/XcodeDefault.xctoolchain/usr/local/lib/swift/host/plugins -o /Users/admin/builder/spi-builder-workspace/.derivedData/Build/Intermediates.noindex/GeoProjector.build/Debug-appletvos/GeoDrawer.build/Objects-normal/arm64/GeoMap+UIKit.o -index-unit-output-path /GeoProjector.build/Debug-appletvos/GeoDrawer.build/Objects-normal/arm64/GeoMap+UIKit.o -index-store-path /Users/admin/builder/spi-builder-workspace/.derivedData/Index.noindex/DataStore -index-system-modules
SwiftCompile normal arm64 /Users/admin/builder/spi-builder-workspace/Sources/GeoDrawer/GeoMap+UIKit.swift (in target 'GeoDrawer' from project 'GeoProjector')
    cd /Users/admin/builder/spi-builder-workspace/.swiftpm/xcode

/Users/admin/builder/spi-builder-workspace/Sources/GeoDrawer/GeoMap+UIKit.swift:99:21: error: 'systemBackground' is unavailable in tvOS
      background = .systemBackground
                    ^~~~~~~~~~~~~~~~
/Applications/Xcode-16.3.0.app/Contents/Developer/Platforms/AppleTVOS.platform/Developer/SDKs/AppleTVOS18.4.sdk/System/Library/Frameworks/UIKit.framework/Headers/UIInterface.h:199:49: note: 'systemBackground' has been explicitly marked unavailable here
@property (class, nonatomic, readonly) UIColor *systemBackgroundColor                   API_AVAILABLE(ios(13.0)) API_UNAVAILABLE(tvos, watchos);
                                                ^
SwiftCompile normal arm64 Compiling\ GeoJSON+Continents.swift /Users/admin/builder/spi-builder-workspace/Sources/GeoDrawer/GeoJSON+Continents.swift (in target 'GeoDrawer' from project 'GeoProjector')
SwiftCompile normal arm64 /Users/admin/builder/spi-builder-workspace/Sources/GeoDrawer/GeoJSON+Continents.swift (in target 'GeoDrawer' from project 'GeoProjector')
    cd /Users/admin/builder/spi-builder-workspace/.swiftpm/xcode

SwiftDriverJobDiscovery normal arm64 Compiling Partition.swift, Permutations.swift, Product.swift (in target 'Algorithms' from project 'swift-algorithms')
SwiftCompile normal arm64 Compiling\ GeoDrawer+Image.swift /Users/admin/builder/spi-builder-workspace/Sources/GeoDrawer/GeoDrawer+Image.swift (in target 'GeoDrawer' from project 'GeoProjector')
SwiftCompile normal arm64 /Users/admin/builder/spi-builder-workspace/Sources/GeoDrawer/GeoDrawer+Image.swift (in target 'GeoDrawer' from project 'GeoProjector')
    cd /Users/admin/builder/spi-builder-workspace/.swiftpm/xcode

SwiftDriverJobDiscovery normal arm64 Compiling DanseijiData.swift (in target 'GeoProjectorDanseiji' from project 'GeoProjector')
SwiftDriver\ Compilation GeoProjectorDanseiji normal arm64 com.apple.xcode.tools.swift.compiler (in target 'GeoProjectorDanseiji' from project 'GeoProjector')
    cd /Users/admin/builder/spi-builder-workspace/.swiftpm/xcode
    builtin-Swift-Compilation -- /Applications/Xcode-16.3.0.app/Contents/Developer/Toolchains/XcodeDefault.xctoolchain/usr/bin/swiftc -module-name GeoProjectorDanseiji -Onone -enforce-exclusivity\=checked @/Users/admin/builder/spi-builder-workspace/.derivedData/Build/Intermediates.noindex/GeoProjector.build/Debug-appletvos/GeoProjectorDanseiji.build/Objects-normal/arm64/GeoProjectorDanseiji.SwiftFileList -DSWIFT_PACKAGE -DDEBUG -DXcode -plugin-path /Applications/Xcode-16.3.0.app/Contents/Developer/Toolchains/XcodeDefault.xctoolchain/usr/lib/swift/host/plugins/testing -enable-experimental-feature DebugDescriptionMacro -sdk /Applications/Xcode-16.3.0.app/Contents/Developer/Platforms/AppleTVOS.platform/Developer/SDKs/AppleTVOS18.4.sdk -target arm64-apple-tvos15.0 -g -module-cache-path /Users/admin/builder/spi-builder-workspace/.derivedData/ModuleCache.noindex -Xfrontend -serialize-debugging-options -profile-coverage-mapping -profile-generate -enable-testing -index-store-path /Users/admin/builder/spi-builder-workspace/.derivedData/Index.noindex/DataStore -swift-version 5 -I /Users/admin/builder/spi-builder-workspace/.derivedData/Build/Products/Debug-appletvos -I /Applications/Xcode-16.3.0.app/Contents/Developer/Platforms/AppleTVOS.platform/Developer/usr/lib -F /Users/admin/builder/spi-builder-workspace/.derivedData/Build/Products/Debug-appletvos/PackageFrameworks -F /Users/admin/builder/spi-builder-workspace/.derivedData/Build/Products/Debug-appletvos/PackageFrameworks -F /Users/admin/builder/spi-builder-workspace/.derivedData/Build/Products/Debug-appletvos/PackageFrameworks -F /Users/admin/builder/spi-builder-workspace/.derivedData/Build/Products/Debug-appletvos -F /Applications/Xcode-16.3.0.app/Contents/Developer/Platforms/AppleTVOS.platform/Developer/Library/Frameworks -F /Applications/Xcode-16.3.0.app/Contents/Developer/Platforms/AppleTVOS.platform/Developer/SDKs/AppleTVOS18.4.sdk/Developer/Library/Frameworks -c -j10 -enable-batch-mode -incremental -Xcc -ivfsstatcache -Xcc /Users/admin/builder/spi-builder-workspace/.derivedData/SDKStatCaches.noindex/appletvos18.4-22L251-271d326055c85f9856fa135c41255102.sdkstatcache -output-file-map /Users/admin/builder/spi-builder-workspace/.derivedData/Build/Intermediates.noindex/GeoProjector.build/Debug-appletvos/GeoProjectorDanseiji.build/Objects-normal/arm64/GeoProjectorDanseiji-OutputFileMap.json -use-frontend-parseable-output -save-temps -no-color-diagnostics -serialize-diagnostics -emit-dependencies -emit-module -emit-module-path /Users/admin/builder/spi-builder-workspace/.derivedData/Build/Intermediates.noindex/GeoProjector.build/Debug-appletvos/GeoProjectorDanseiji.build/Objects-normal/arm64/GeoProjectorDanseiji.swiftmodule -validate-clang-modules-once -clang-build-session-file /Users/admin/builder/spi-builder-workspace/.derivedData/ModuleCache.noindex/Session.modulevalidation -Xcc -I/Users/admin/builder/spi-builder-workspace/.derivedData/Build/Intermediates.noindex/GeoProjector.build/Debug-appletvos/GeoProjectorDanseiji.build/swift-overrides.hmap -emit-const-values -Xfrontend -const-gather-protocols-file -Xfrontend /Users/admin/builder/spi-builder-workspace/.derivedData/Build/Intermediates.noindex/GeoProjector.build/Debug-appletvos/GeoProjectorDanseiji.build/Objects-normal/arm64/GeoProjectorDanseiji_const_extract_protocols.json -Xcc -I/Users/admin/builder/spi-builder-workspace/.derivedData/Build/Products/Debug-appletvos/include -Xcc -I/Users/admin/builder/spi-builder-workspace/.derivedData/Build/Intermediates.noindex/GeoProjector.build/Debug-appletvos/GeoProjectorDanseiji.build/DerivedSources-normal/arm64 -Xcc -I/Users/admin/builder/spi-builder-workspace/.derivedData/Build/Intermediates.noindex/GeoProjector.build/Debug-appletvos/GeoProjectorDanseiji.build/DerivedSources/arm64 -Xcc -I/Users/admin/builder/spi-builder-workspace/.derivedData/Build/Intermediates.noindex/GeoProjector.build/Debug-appletvos/GeoProjectorDanseiji.build/DerivedSources -Xcc -DSWIFT_PACKAGE -Xcc -DDEBUG\=1 -emit-objc-header -emit-objc-header-path /Users/admin/builder/spi-builder-workspace/.derivedData/Build/Intermediates.noindex/GeoProjector.build/Debug-appletvos/GeoProjectorDanseiji.build/Objects-normal/arm64/GeoProjectorDanseiji-Swift.h -working-directory /Users/admin/builder/spi-builder-workspace/.swiftpm/xcode -experimental-emit-module-separately -disable-cmo
SwiftCompile normal arm64 Compiling\ GeoDrawer.swift /Users/admin/builder/spi-builder-workspace/Sources/GeoDrawer/GeoDrawer.swift (in target 'GeoDrawer' from project 'GeoProjector')
SwiftCompile normal arm64 /Users/admin/builder/spi-builder-workspace/Sources/GeoDrawer/GeoDrawer.swift (in target 'GeoDrawer' from project 'GeoProjector')
    cd /Users/admin/builder/spi-builder-workspace/.swiftpm/xcode

RegisterExecutionPolicyException /Users/admin/builder/spi-builder-workspace/.derivedData/Build/Products/Debug-appletvos/GeoJSONKitTurf.o (in target 'GeoJSONKitTurf' from project 'GeoJSONKitTurf')
    cd /Users/admin/builder/spi-builder-workspace/.dependencies/checkouts/geojsonkit-turf
    builtin-RegisterExecutionPolicyException /Users/admin/builder/spi-builder-workspace/.derivedData/Build/Products/Debug-appletvos/GeoJSONKitTurf.o
SwiftDriverJobDiscovery normal arm64 Compiling Grouped.swift, Indexed.swift, Intersperse.swift (in target 'Algorithms' from project 'swift-algorithms')
SwiftCompile normal arm64 Compiling\ GeoDrawerContent+Style.swift /Users/admin/builder/spi-builder-workspace/Sources/GeoDrawer/styling/GeoDrawerContent+Style.swift (in target 'GeoDrawer' from project 'GeoProjector')
SwiftCompile normal arm64 /Users/admin/builder/spi-builder-workspace/Sources/GeoDrawer/styling/GeoDrawerContent+Style.swift (in target 'GeoDrawer' from project 'GeoProjector')
    cd /Users/admin/builder/spi-builder-workspace/.swiftpm/xcode

SwiftCompile normal arm64 Compiling\ GeoMap+AppKit.swift /Users/admin/builder/spi-builder-workspace/Sources/GeoDrawer/GeoMap+AppKit.swift (in target 'GeoDrawer' from project 'GeoProjector')
SwiftCompile normal arm64 /Users/admin/builder/spi-builder-workspace/Sources/GeoDrawer/GeoMap+AppKit.swift (in target 'GeoDrawer' from project 'GeoProjector')
    cd /Users/admin/builder/spi-builder-workspace/.swiftpm/xcode

SwiftDriverJobDiscovery normal arm64 Compiling GeoJSON+Continents.swift (in target 'GeoDrawer' from project 'GeoProjector')
Ld /Users/admin/builder/spi-builder-workspace/.derivedData/Build/Products/Debug-appletvos/GeoProjector.o normal (in target 'GeoProjector' from project 'GeoProjector')
    cd /Users/admin/builder/spi-builder-workspace
    /Applications/Xcode-16.3.0.app/Contents/Developer/Toolchains/XcodeDefault.xctoolchain/usr/bin/clang -Xlinker -reproducible -target arm64-apple-tvos15.0 -r -isysroot /Applications/Xcode-16.3.0.app/Contents/Developer/Platforms/AppleTVOS.platform/Developer/SDKs/AppleTVOS18.4.sdk -O0 -L/Users/admin/builder/spi-builder-workspace/.derivedData/Build/Intermediates.noindex/EagerLinkingTBDs/Debug-appletvos -L/Users/admin/builder/spi-builder-workspace/.derivedData/Build/Products/Debug-appletvos -L/Applications/Xcode-16.3.0.app/Contents/Developer/Platforms/AppleTVOS.platform/Developer/usr/lib -F/Users/admin/builder/spi-builder-workspace/.derivedData/Build/Intermediates.noindex/EagerLinkingTBDs/Debug-appletvos -F/Users/admin/builder/spi-builder-workspace/.derivedData/Build/Products/Debug-appletvos/PackageFrameworks -F/Users/admin/builder/spi-builder-workspace/.derivedData/Build/Products/Debug-appletvos/PackageFrameworks -F/Users/admin/builder/spi-builder-workspace/.derivedData/Build/Products/Debug-appletvos -iframework /Applications/Xcode-16.3.0.app/Contents/Developer/Platforms/AppleTVOS.platform/Developer/Library/Frameworks -iframework /Applications/Xcode-16.3.0.app/Contents/Developer/Platforms/AppleTVOS.platform/Developer/SDKs/AppleTVOS18.4.sdk/Developer/Library/Frameworks -filelist /Users/admin/builder/spi-builder-workspace/.derivedData/Build/Intermediates.noindex/GeoProjector.build/Debug-appletvos/GeoProjector.build/Objects-normal/arm64/GeoProjector.LinkFileList -nostdlib -Xlinker -object_path_lto -Xlinker /Users/admin/builder/spi-builder-workspace/.derivedData/Build/Intermediates.noindex/GeoProjector.build/Debug-appletvos/GeoProjector.build/Objects-normal/arm64/GeoProjector_lto.o -rdynamic -Xlinker -no_deduplicate -Xlinker -debug_variant -Xlinker -dependency_info -Xlinker /Users/admin/builder/spi-builder-workspace/.derivedData/Build/Intermediates.noindex/GeoProjector.build/Debug-appletvos/GeoProjector.build/Objects-normal/arm64/GeoProjector_dependency_info.dat -fobjc-link-runtime -L/Applications/Xcode-16.3.0.app/Contents/Developer/Toolchains/XcodeDefault.xctoolchain/usr/lib/swift/appletvos -L/usr/lib/swift -Xlinker -add_ast_path -Xlinker /Users/admin/builder/spi-builder-workspace/.derivedData/Build/Intermediates.noindex/GeoProjector.build/Debug-appletvos/GeoProjector.build/Objects-normal/arm64/GeoProjector.swiftmodule -o /Users/admin/builder/spi-builder-workspace/.derivedData/Build/Products/Debug-appletvos/GeoProjector.o
SwiftDriverJobDiscovery normal arm64 Compiling GeoDrawer+Image.swift (in target 'GeoDrawer' from project 'GeoProjector')
** BUILD FAILED **
The following build commands failed:
	SwiftCompile normal arm64 Compiling\ GeoMap+UIKit.swift /Users/admin/builder/spi-builder-workspace/Sources/GeoDrawer/GeoMap+UIKit.swift (in target 'GeoDrawer' from project 'GeoProjector')
	SwiftCompile normal arm64 /Users/admin/builder/spi-builder-workspace/Sources/GeoDrawer/GeoMap+UIKit.swift (in target 'GeoDrawer' from project 'GeoProjector')
	Building workspace spi-builder-workspace with scheme GeoProjector-Package
(3 failures)
BUILD FAILURE 6.1 tvOS