The Swift Package Index logo.Swift Package Index

Build Information

Failed to build SwiftHPKE, reference 2.8.0 (38742b), with Swift 6.4 for Linux on 22 Sep 2026 17:11:50 UTC.

Build Command

bash -c docker run --pull=always --rm -v "checkouts-54344844-0":/host -w "$PWD" -e JAVA_HOME="/root/.sdkman/candidates/java/current" -e SPI_BUILD="1" -e SPI_PROCESSING="1" registry.gitlab.com/saguaro1/spi-images:basic-6.4-latest swift build --triple x86_64-unknown-linux-gnu 2>&1

Build Log

========================================
RunAll
========================================
Builder version: 5.1.0
Interrupt handler set up.
========================================
Checkout
========================================
Clone URL: https://github.com/leif-ibsen/SwiftHPKE.git
Reference: 2.8.0
Initialized empty Git repository in /host/spi-builder-workspace/.git/
hint: Using 'master' as the name for the initial branch. This default branch name
hint: is subject to change. To configure the initial branch name to use in all
hint: of your new repositories, which will suppress this warning, call:
hint:
hint: 	git config --global init.defaultBranch <name>
hint:
hint: Names commonly chosen instead of 'master' are 'main', 'trunk' and
hint: 'development'. The just-created branch can be renamed via this command:
hint:
hint: 	git branch -m <name>
From https://github.com/leif-ibsen/SwiftHPKE
 * tag               2.8.0      -> FETCH_HEAD
HEAD is now at 38742b7 Release 2.8.0
Cloned https://github.com/leif-ibsen/SwiftHPKE.git
Revision (git rev-parse @):
38742b7ac47912d156f57957cc9ccb9d6b3ad3a7
SUCCESS checkout https://github.com/leif-ibsen/SwiftHPKE.git at 2.8.0
========================================
Build
========================================
Selected platform:         linux
Swift version:             6.4
Building package at path:  $PWD
https://github.com/leif-ibsen/SwiftHPKE.git
Running build ...
bash -c docker run --pull=always --rm -v "checkouts-54344844-0":/host -w "$PWD" -e JAVA_HOME="/root/.sdkman/candidates/java/current" -e SPI_BUILD="1" -e SPI_PROCESSING="1" registry.gitlab.com/saguaro1/spi-images:basic-6.4-latest swift build --triple x86_64-unknown-linux-gnu 2>&1
basic-6.4-latest: Pulling from saguaro1/spi-images
Digest: sha256:c77fcce225e223ac0fafed844619173fc6de8d62dd560eeb28db3182af6a282b
Status: Image is up to date for registry.gitlab.com/saguaro1/spi-images:basic-6.4-latest
Fetching https://github.com/leif-ibsen/BigInt
Fetching https://github.com/leif-ibsen/Digest
Fetching https://github.com/leif-ibsen/ASN1
[1/2593] Fetching digest
[2439/10048] Fetching digest, bigint
[2669/12475] Fetching digest, bigint, asn1
Fetched https://github.com/leif-ibsen/ASN1 (0.70s)
Fetched https://github.com/leif-ibsen/Digest (0.70s)
[4026/7455] Fetching bigint
Fetched https://github.com/leif-ibsen/BigInt (0.87s)
Computing version for https://github.com/leif-ibsen/Digest
Computed https://github.com/leif-ibsen/Digest at 1.13.0 (1.02s)
Computing version for https://github.com/leif-ibsen/ASN1
Computed https://github.com/leif-ibsen/ASN1 at 2.7.0 (1.05s)
Computing version for https://github.com/leif-ibsen/BigInt
Computed https://github.com/leif-ibsen/BigInt at 1.24.0 (0.15s)
Creating working copy for https://github.com/leif-ibsen/Digest
Working copy of https://github.com/leif-ibsen/Digest resolved at 1.13.0
Creating working copy for https://github.com/leif-ibsen/ASN1
Working copy of https://github.com/leif-ibsen/ASN1 resolved at 2.7.0
Creating working copy for https://github.com/leif-ibsen/BigInt
Working copy of https://github.com/leif-ibsen/BigInt resolved at 1.24.0
Building for debugging...
[Constructing description]
[Planning deferred tasks]
[47 / 85] Digest
[48 / 85] Digest
[49 / 85] Digest
[61 / 85] BigInt
[65 / 85] BigInt
[69 / 95] ASN1
[70 / 95] BigInt
[73 / 95] ASN1
[77 / 95] ASN1
[79 / 95] ASN1-product
[80 / 95] ASN1-product
error: SwiftCompile normal x86_64 /host/spi-builder-workspace/.build/checkouts/BigInt/Sources/BigInt/BigInt.swift failed with a nonzero exit code. Command line:     cd /host
    builtin-SwiftPerFileCompile BigInt.swift
/host/spi-builder-workspace/.build/checkouts/BigInt/Sources/BigInt/BigInt.swift:1775:15: error: cannot find 'SecRandomCopyBytes' in scope
1773 |
1774 |     static internal func randomBytes(_ bytes: inout Bytes) {
1775 |         guard SecRandomCopyBytes(kSecRandomDefault, bytes.count, &bytes) == errSecSuccess else {
     |               `- error: cannot find 'SecRandomCopyBytes' in scope
1776 |             fatalError("randomBytes failed")
1777 |         }
/host/spi-builder-workspace/.build/checkouts/BigInt/Sources/BigInt/BigInt.swift:1775:34: error: cannot find 'kSecRandomDefault' in scope
1773 |
1774 |     static internal func randomBytes(_ bytes: inout Bytes) {
1775 |         guard SecRandomCopyBytes(kSecRandomDefault, bytes.count, &bytes) == errSecSuccess else {
     |                                  `- error: cannot find 'kSecRandomDefault' in scope
1776 |             fatalError("randomBytes failed")
1777 |         }
/host/spi-builder-workspace/.build/checkouts/BigInt/Sources/BigInt/BigInt.swift:1775:77: error: cannot find 'errSecSuccess' in scope
1773 |
1774 |     static internal func randomBytes(_ bytes: inout Bytes) {
1775 |         guard SecRandomCopyBytes(kSecRandomDefault, bytes.count, &bytes) == errSecSuccess else {
     |                                                                             `- error: cannot find 'errSecSuccess' in scope
1776 |             fatalError("randomBytes failed")
1777 |         }
/host/spi-builder-workspace/.build/checkouts/BigInt/Sources/BigInt/BigInt.swift:1781:15: error: cannot find 'SecRandomCopyBytes' in scope
1779 |
1780 |     static internal func randomLimbs(_ limbs: inout Limbs) {
1781 |         guard SecRandomCopyBytes(kSecRandomDefault, 8 * limbs.count, &limbs) == errSecSuccess else {
     |               `- error: cannot find 'SecRandomCopyBytes' in scope
1782 |             fatalError("randomLimbs failed")
1783 |         }
/host/spi-builder-workspace/.build/checkouts/BigInt/Sources/BigInt/BigInt.swift:1781:34: error: cannot find 'kSecRandomDefault' in scope
1779 |
1780 |     static internal func randomLimbs(_ limbs: inout Limbs) {
1781 |         guard SecRandomCopyBytes(kSecRandomDefault, 8 * limbs.count, &limbs) == errSecSuccess else {
     |                                  `- error: cannot find 'kSecRandomDefault' in scope
1782 |             fatalError("randomLimbs failed")
1783 |         }
/host/spi-builder-workspace/.build/checkouts/BigInt/Sources/BigInt/BigInt.swift:1781:81: error: cannot find 'errSecSuccess' in scope
1779 |
1780 |     static internal func randomLimbs(_ limbs: inout Limbs) {
1781 |         guard SecRandomCopyBytes(kSecRandomDefault, 8 * limbs.count, &limbs) == errSecSuccess else {
     |                                                                                 `- error: cannot find 'errSecSuccess' in scope
1782 |             fatalError("randomLimbs failed")
1783 |         }
Failed frontend command:
/usr/bin/swift-frontend -frontend -c /host/spi-builder-workspace/.build/checkouts/BigInt/Sources/BigInt/BailliePSW.swift /host/spi-builder-workspace/.build/checkouts/BigInt/Sources/BigInt/BigFrac.swift -primary-file /host/spi-builder-workspace/.build/checkouts/BigInt/Sources/BigInt/BigInt.swift -primary-file /host/spi-builder-workspace/.build/checkouts/BigInt/Sources/BigInt/BitSieve.swift /host/spi-builder-workspace/.build/checkouts/BigInt/Sources/BigInt/BurnikelZiegler.swift /host/spi-builder-workspace/.build/checkouts/BigInt/Sources/BigInt/CRT.swift /host/spi-builder-workspace/.build/checkouts/BigInt/Sources/BigInt/ExpMod.swift /host/spi-builder-workspace/.build/checkouts/BigInt/Sources/BigInt/Factorial.swift /host/spi-builder-workspace/.build/checkouts/BigInt/Sources/BigInt/GCD.swift /host/spi-builder-workspace/.build/checkouts/BigInt/Sources/BigInt/Karatsuba.swift /host/spi-builder-workspace/.build/checkouts/BigInt/Sources/BigInt/Limbs.swift /host/spi-builder-workspace/.build/checkouts/BigInt/Sources/BigInt/ToomCook.swift -emit-dependencies-path /host/spi-builder-workspace/.build/out/Intermediates.noindex/BigInt.build/Debug-linux-x86_64/BigInt-t.build/Objects-normal/x86_64/BigInt.d -emit-const-values-path /host/spi-builder-workspace/.build/out/Intermediates.noindex/BigInt.build/Debug-linux-x86_64/BigInt-t.build/Objects-normal/x86_64/BigInt.swiftconstvalues -emit-reference-dependencies-path /host/spi-builder-workspace/.build/out/Intermediates.noindex/BigInt.build/Debug-linux-x86_64/BigInt-t.build/Objects-normal/x86_64/BigInt.swiftdeps -serialize-diagnostics-path /host/spi-builder-workspace/.build/out/Intermediates.noindex/BigInt.build/Debug-linux-x86_64/BigInt-t.build/Objects-normal/x86_64/BigInt.dia -emit-dependencies-path /host/spi-builder-workspace/.build/out/Intermediates.noindex/BigInt.build/Debug-linux-x86_64/BigInt-t.build/Objects-normal/x86_64/BitSieve.d -emit-const-values-path /host/spi-builder-workspace/.build/out/Intermediates.noindex/BigInt.build/Debug-linux-x86_64/BigInt-t.build/Objects-normal/x86_64/BitSieve.swiftconstvalues -emit-reference-dependencies-path /host/spi-builder-workspace/.build/out/Intermediates.noindex/BigInt.build/Debug-linux-x86_64/BigInt-t.build/Objects-normal/x86_64/BitSieve.swiftdeps -serialize-diagnostics-path /host/spi-builder-workspace/.build/out/Intermediates.noindex/BigInt.build/Debug-linux-x86_64/BigInt-t.build/Objects-normal/x86_64/BitSieve.dia -target x86_64-unknown-linux-gnu -disable-objc-interop -I /host/spi-builder-workspace/.build/out/Products/Debug-linux-x86_64 -module-cache-path /host/spi-builder-workspace/.build/out/ModuleCache.noindex -color-diagnostics -Xcc -fcolor-diagnostics -enable-testing -g -debug-info-format\=dwarf -dwarf-version\=4 -suppress-warnings -swift-version 5 -Onone -D SWIFT_PACKAGE -D DEBUG -D SWIFT_MODULE_RESOURCE_BUNDLE_UNAVAILABLE -D Xcode -serialize-debugging-options -enable-experimental-feature DebugDescriptionMacro -empty-abi-descriptor -external-plugin-path /usr/lib/swift/host/plugins/testing\#/usr/bin/swift-plugin-server -validate-clang-modules-once -clang-build-session-file /host/spi-builder-workspace/.build/out/ModuleCache.noindex/Session.modulevalidation -Xcc -working-directory -Xcc /host -enable-anonymous-context-mangled-names -file-compilation-dir /host -Xcc -fno-omit-frame-pointer -Xcc -D_LIBCPP_HARDENING_MODE\=_LIBCPP_HARDENING_MODE_DEBUG -Xcc -fmodules-prune-interval\=86400 -Xcc -fmodules-prune-after\=345600 -Xcc -I/host/spi-builder-workspace/.build/out/Products/Debug-linux-x86_64/include -Xcc -I/host/spi-builder-workspace/.build/out/Intermediates.noindex/BigInt.build/Debug-linux-x86_64/BigInt-t.build/DerivedSources-normal/x86_64 -Xcc -I/host/spi-builder-workspace/.build/out/Intermediates.noindex/BigInt.build/Debug-linux-x86_64/BigInt-t.build/DerivedSources/x86_64 -Xcc -I/host/spi-builder-workspace/.build/out/Intermediates.noindex/BigInt.build/Debug-linux-x86_64/BigInt-t.build/DerivedSources -Xcc -DSWIFT_PACKAGE -Xcc -DDEBUG\=1 -no-auto-bridging-header-chaining -module-name BigInt -package-name bigint -const-gather-protocols-file /host/spi-builder-workspace/.build/out/Intermediates.noindex/BigInt.build/Debug-linux-x86_64/BigInt-t.build/Objects-normal/x86_64/BigInt_const_extract_protocols.json -in-process-plugin-server-path /usr/lib/swift/host/libSwiftInProcPluginServer.so -plugin-path /usr/lib/swift/host/plugins -plugin-path /usr/local/lib/swift/host/plugins -parse-as-library -o /host/spi-builder-workspace/.build/out/Intermediates.noindex/BigInt.build/Debug-linux-x86_64/BigInt-t.build/Objects-normal/x86_64/BigInt.o -o /host/spi-builder-workspace/.build/out/Intermediates.noindex/BigInt.build/Debug-linux-x86_64/BigInt-t.build/Objects-normal/x86_64/BitSieve.o -index-unit-output-path /BigInt.build/Debug-linux-x86_64/BigInt-t.build/Objects-normal/x86_64/BigInt.o -index-unit-output-path /BigInt.build/Debug-linux-x86_64/BigInt-t.build/Objects-normal/x86_64/BitSieve.o -index-store-path /host/spi-builder-workspace/.build/out -index-system-modules
error: Build failed
BUILD FAILURE 6.4 linux