Build Information
Failed to build LaTeXSwiftUI, reference v2.0.0 (cc677f), with Swift 6.4 for visionOS using Xcode 27.0 on 24 Sep 2026 16:23:25 UTC.
Build Command
env DEVELOPER_DIR=/Applications/Xcode-27.0.0-Release.Candidate.app xcrun xcodebuild -IDEClonedSourcePackagesDirPathOverride=$PWD/.dependencies -skipMacroValidation -skipPackagePluginValidation -derivedDataPath $PWD/.derivedData build -scheme LaTeXSwiftUI -destination generic/platform=xrOSBuild Log
SwiftEmitModule normal arm64 Emitting\ module\ for\ HTMLEntities (in target 'HTMLEntities' from project 'HTMLEntities')
SwiftCompile normal arm64 (in target 'HTMLEntities' from project 'HTMLEntities')
cd /Users/admin/builder/spi-builder-workspace/.swiftpm/xcode
SwiftCompile normal arm64 Compiling\ ParseError.swift /Users/admin/builder/spi-builder-workspace/.dependencies/checkouts/swift-html-entities/Sources/HTMLEntities/ParseError.swift (in target 'HTMLEntities' from project 'HTMLEntities')
SwiftCompile normal arm64 /Users/admin/builder/spi-builder-workspace/.dependencies/checkouts/swift-html-entities/Sources/HTMLEntities/ParseError.swift (in target 'HTMLEntities' from project 'HTMLEntities')
cd /Users/admin/builder/spi-builder-workspace/.swiftpm/xcode
builtin-SwiftPerFileCompile ParseError.swift
SwiftCompile normal arm64 Compiling\ String+HTMLEntities.swift /Users/admin/builder/spi-builder-workspace/.dependencies/checkouts/swift-html-entities/Sources/HTMLEntities/String+HTMLEntities.swift (in target 'HTMLEntities' from project 'HTMLEntities')
SwiftCompile normal arm64 /Users/admin/builder/spi-builder-workspace/.dependencies/checkouts/swift-html-entities/Sources/HTMLEntities/String+HTMLEntities.swift (in target 'HTMLEntities' from project 'HTMLEntities')
cd /Users/admin/builder/spi-builder-workspace/.swiftpm/xcode
builtin-SwiftPerFileCompile String+HTMLEntities.swift
SwiftCompile normal arm64 Compiling\ Utilities.swift /Users/admin/builder/spi-builder-workspace/.dependencies/checkouts/swift-html-entities/Sources/HTMLEntities/Utilities.swift (in target 'HTMLEntities' from project 'HTMLEntities')
SwiftCompile normal arm64 /Users/admin/builder/spi-builder-workspace/.dependencies/checkouts/swift-html-entities/Sources/HTMLEntities/Utilities.swift (in target 'HTMLEntities' from project 'HTMLEntities')
cd /Users/admin/builder/spi-builder-workspace/.swiftpm/xcode
builtin-SwiftPerFileCompile Utilities.swift
SwiftCompile normal arm64 Compiling\ Constants.swift /Users/admin/builder/spi-builder-workspace/.dependencies/checkouts/swift-html-entities/Sources/HTMLEntities/Constants.swift (in target 'HTMLEntities' from project 'HTMLEntities')
SwiftCompile normal arm64 /Users/admin/builder/spi-builder-workspace/.dependencies/checkouts/swift-html-entities/Sources/HTMLEntities/Constants.swift (in target 'HTMLEntities' from project 'HTMLEntities')
cd /Users/admin/builder/spi-builder-workspace/.swiftpm/xcode
builtin-SwiftPerFileCompile Constants.swift
SwiftExplicitDependencyGeneratePcm arm64 /Users/admin/builder/spi-builder-workspace/.derivedData/SDKExplicitPrecompiledModules/_Builtin_stdarg-62NPPE4D8O3BNLU35D74TGLVQ.pcm
SwiftExplicitDependencyGeneratePcm arm64 /Users/admin/builder/spi-builder-workspace/.derivedData/SDKExplicitPrecompiledModules/_SwiftConcurrencyShims-9H7TQT237JM0VTD7TXCR6CNM9.pcm
SwiftExplicitDependencyGeneratePcm arm64 /Users/admin/builder/spi-builder-workspace/.derivedData/SDKExplicitPrecompiledModules/_Builtin_stdbool-1Q6BTYNEVHC9M74WL5O5GJ1ZM.pcm
SwiftExplicitDependencyGeneratePcm arm64 /Users/admin/builder/spi-builder-workspace/.derivedData/SDKExplicitPrecompiledModules/_AvailabilityInternal-6BH9T8OE123ARKKFOJFR111NS.pcm
SwiftExplicitDependencyGeneratePcm arm64 /Users/admin/builder/spi-builder-workspace/.derivedData/SDKExplicitPrecompiledModules/_Builtin_stddef-2IE0R9M96I5XG0WY72N2UIQ8V.pcm
SwiftExplicitDependencyGeneratePcm arm64 /Users/admin/builder/spi-builder-workspace/.derivedData/SDKExplicitPrecompiledModules/_AvailabilityInternal-1Q8IQP6M38UWSGZ95UCEY2M44.pcm
SwiftExplicitDependencyGeneratePcm arm64 /Users/admin/builder/spi-builder-workspace/.derivedData/SDKExplicitPrecompiledModules/_Builtin_stddef-5NQ9Z1GV07GBSRQGAQCGXGVRI.pcm
SwiftExplicitDependencyGeneratePcm arm64 /Users/admin/builder/spi-builder-workspace/.derivedData/SDKExplicitPrecompiledModules/ptrcheck-BXA97MNLI4BB0HF5I8MJE403D.pcm
SwiftExplicitDependencyGeneratePcm arm64 /Users/admin/builder/spi-builder-workspace/.derivedData/SDKExplicitPrecompiledModules/_Builtin_stdarg-CDA349K2K4US766844K8E0PVA.pcm
SwiftExplicitDependencyGeneratePcm arm64 /Users/admin/builder/spi-builder-workspace/.derivedData/SDKExplicitPrecompiledModules/_Builtin_stdbool-5BU2ADS7JXQMYENKQHW9X8XOU.pcm
SwiftDriverJobDiscovery normal arm64 Compiling ParseError.swift (in target 'HTMLEntities' from project 'HTMLEntities')
SwiftExplicitDependencyGeneratePcm arm64 /Users/admin/builder/spi-builder-workspace/.derivedData/SDKExplicitPrecompiledModules/ptrcheck-98Y8DWD0HPCMRMDFKAEZCA81O.pcm
SwiftExplicitDependencyGeneratePcm arm64 /Users/admin/builder/spi-builder-workspace/.derivedData/SDKExplicitPrecompiledModules/ptrauth-9Q1PN7OTQZN7B0Z9D7V7Q8UB1.pcm
SwiftDriverJobDiscovery normal arm64 Compiling Utilities.swift (in target 'HTMLEntities' from project 'HTMLEntities')
SwiftExplicitDependencyGeneratePcm arm64 /Users/admin/builder/spi-builder-workspace/.derivedData/SDKExplicitPrecompiledModules/ptrauth-1WBA714DZSVUL5JQDJ08CLKZ.pcm
SwiftExplicitDependencyGeneratePcm arm64 /Users/admin/builder/spi-builder-workspace/.derivedData/SDKExplicitPrecompiledModules/SwiftShims-2HAZ94YF1BA79JLFTAIV7APMW.pcm
SwiftExplicitDependencyGeneratePcm arm64 /Users/admin/builder/spi-builder-workspace/.derivedData/SDKExplicitPrecompiledModules/_Builtin_float-1J8SO31WACP82RKV0LOTRKG39.pcm
SwiftExplicitDependencyGeneratePcm arm64 /Users/admin/builder/spi-builder-workspace/.derivedData/SDKExplicitPrecompiledModules/_Builtin_float-6WKHNW5S40U2QGHXXGETUDIRA.pcm
SwiftDriverJobDiscovery normal arm64 Compiling String+HTMLEntities.swift (in target 'HTMLEntities' from project 'HTMLEntities')
SwiftExplicitDependencyGeneratePcm arm64 /Users/admin/builder/spi-builder-workspace/.derivedData/SDKExplicitPrecompiledModules/_DarwinFoundation1-AVZIQZ8HOAUXTT5CXVE5TNG7E.pcm
SwiftExplicitDependencyGeneratePcm arm64 /Users/admin/builder/spi-builder-workspace/.derivedData/SDKExplicitPrecompiledModules/_DarwinFoundation1-5RGRVV2TZ6WC4WZW5IXF8NQ04.pcm
SwiftExplicitDependencyGeneratePcm arm64 /Users/admin/builder/spi-builder-workspace/.derivedData/SDKExplicitPrecompiledModules/_Builtin_limits-599EXAY0E7DPK78D1JASUXYCQ.pcm
SwiftExplicitDependencyGeneratePcm arm64 /Users/admin/builder/spi-builder-workspace/.derivedData/SDKExplicitPrecompiledModules/_DarwinFoundation2-E0NXA4K8N3W3XTJG0EDH15WR2.pcm
SwiftExplicitDependencyGeneratePcm arm64 /Users/admin/builder/spi-builder-workspace/.derivedData/SDKExplicitPrecompiledModules/_Builtin_limits-425JDMN5HPM3D0UEI8LEHP6NM.pcm
SwiftExplicitDependencyGeneratePcm arm64 /Users/admin/builder/spi-builder-workspace/.derivedData/SDKExplicitPrecompiledModules/_DarwinFoundation2-ENTECK156YEWITZRRBTOCE4KR.pcm
SwiftExplicitDependencyGeneratePcm arm64 /Users/admin/builder/spi-builder-workspace/.derivedData/SDKExplicitPrecompiledModules/_Builtin_stdint-F1DLW8WMMSOC414RWOQWK8OS8.pcm
SwiftExplicitDependencyGeneratePcm arm64 /Users/admin/builder/spi-builder-workspace/.derivedData/SDKExplicitPrecompiledModules/sys_types-A3BBS6FJZK4C974FRQ5ZCTND7.pcm
SwiftExplicitDependencyGeneratePcm arm64 /Users/admin/builder/spi-builder-workspace/.derivedData/SDKExplicitPrecompiledModules/string_h-BGPLTZ4H9HACR813QKF6VS72D.pcm
SwiftExplicitDependencyGeneratePcm arm64 /Users/admin/builder/spi-builder-workspace/.derivedData/SDKExplicitPrecompiledModules/string_h-2GT67HHHHK5CF1V1S31LH0PU2.pcm
SwiftExplicitDependencyGeneratePcm arm64 /Users/admin/builder/spi-builder-workspace/.derivedData/SDKExplicitPrecompiledModules/sys_types-AYM0BHR77VKMWZCO2T0XGV2HF.pcm
SwiftExplicitDependencyGeneratePcm arm64 /Users/admin/builder/spi-builder-workspace/.derivedData/SDKExplicitPrecompiledModules/_Builtin_stdint-8OR6T47OOYJA90ZBO3N1USDE.pcm
SwiftDriverJobDiscovery normal arm64 Emitting module for HTMLEntities (in target 'HTMLEntities' from project 'HTMLEntities')
SwiftDriver\ Compilation\ Requirements HTMLEntities normal arm64 com.apple.xcode.tools.swift.compiler (in target 'HTMLEntities' from project 'HTMLEntities')
cd /Users/admin/builder/spi-builder-workspace/.swiftpm/xcode
builtin-Swift-Compilation-Requirements -- /Applications/Xcode-27.0.0-Release.Candidate.app/Contents/Developer/Toolchains/XcodeDefault.xctoolchain/usr/bin/swiftc -parse-as-library -module-name HTMLEntities -Onone @/Users/admin/builder/spi-builder-workspace/.derivedData/Build/Intermediates.noindex/HTMLEntities.build/Debug-xros/HTMLEntities-t.build/Objects-normal/arm64/HTMLEntities.SwiftFileList -DSWIFT_PACKAGE -DDEBUG -DSWIFT_MODULE_RESOURCE_BUNDLE_UNAVAILABLE -DXcode -plugin-path /Applications/Xcode-27.0.0-Release.Candidate.app/Contents/Developer/Toolchains/XcodeDefault.xctoolchain/usr/lib/swift/host/plugins/testing -enable-experimental-feature DebugDescriptionMacro -sdk /Applications/Xcode-27.0.0-Release.Candidate.app/Contents/Developer/Platforms/XROS.platform/Developer/SDKs/XROS27.0.sdk -target arm64-apple-xros1.0 -g -module-cache-path /Users/admin/builder/spi-builder-workspace/.derivedData/ModuleCache.noindex -Xfrontend -serialize-debugging-options -profile-coverage-mapping -profile-generate -enable-testing -suppress-warnings -index-store-path /Users/admin/builder/spi-builder-workspace/.derivedData/Index.noindex/DataStore -Xcc -D_LIBCPP_HARDENING_MODE\=_LIBCPP_HARDENING_MODE_DEBUG -swift-version 5 -I /Users/admin/builder/spi-builder-workspace/.derivedData/Build/Products/Debug-xros -Isystem /Applications/Xcode-27.0.0-Release.Candidate.app/Contents/Developer/Platforms/XROS.platform/Developer/usr/lib -F /Users/admin/builder/spi-builder-workspace/.derivedData/Build/Products/Debug-xros -F /Applications/Xcode-27.0.0-Release.Candidate.app/Contents/Developer/Platforms/XROS.platform/Developer/Library/Frameworks -F /Applications/Xcode-27.0.0-Release.Candidate.app/Contents/Developer/Platforms/XROS.platform/Developer/SDKs/XROS27.0.sdk/Developer/Library/Frameworks -c -j10 -enable-batch-mode -incremental -Xcc -ivfsstatcache -Xcc /Users/admin/builder/spi-builder-workspace/.derivedData/SDKStatCaches.noindex/xros27.0-24M361-e829b21a6f8c9b70876ba0858053c044735bd543db762f57723cac368afd1ce4.sdkstatcache -output-file-map /Users/admin/builder/spi-builder-workspace/.derivedData/Build/Intermediates.noindex/HTMLEntities.build/Debug-xros/HTMLEntities-t.build/Objects-normal/arm64/HTMLEntities-OutputFileMap.json -save-temps -no-color-diagnostics -explicit-module-build -module-cache-path /Users/admin/builder/spi-builder-workspace/.derivedData/Build/Intermediates.noindex/SwiftExplicitPrecompiledModules -clang-scanner-module-cache-path /Users/admin/builder/spi-builder-workspace/.derivedData/ModuleCache.noindex -sdk-module-cache-path /Users/admin/builder/spi-builder-workspace/.derivedData/SDKExplicitPrecompiledModules -emit-dependencies -emit-module -emit-module-path /Users/admin/builder/spi-builder-workspace/.derivedData/Build/Intermediates.noindex/HTMLEntities.build/Debug-xros/HTMLEntities-t.build/Objects-normal/arm64/HTMLEntities.swiftmodule -serialize-diagnostics -dependency-scan-serialize-diagnostics-path /Users/admin/builder/spi-builder-workspace/.derivedData/Build/Intermediates.noindex/HTMLEntities.build/Debug-xros/HTMLEntities-t.build/Objects-normal/arm64/HTMLEntities-dependency-scan.dia -validate-clang-modules-once -clang-build-session-file /Users/admin/builder/spi-builder-workspace/.derivedData/ModuleCache.noindex/Session.modulevalidation -Xcc -fmodules-prune-interval\=86400 -Xcc -fmodules-prune-after\=345600 -emit-const-values -const-gather-protocols-list /Users/admin/builder/spi-builder-workspace/.derivedData/Build/Intermediates.noindex/HTMLEntities.build/Debug-xros/HTMLEntities-t.build/Objects-normal/arm64/HTMLEntities_const_extract_protocols.json -Xcc -I/Users/admin/builder/spi-builder-workspace/.derivedData/Build/Products/Debug-xros/include -Xcc -I/Users/admin/builder/spi-builder-workspace/.derivedData/Build/Intermediates.noindex/HTMLEntities.build/Debug-xros/HTMLEntities-t.build/DerivedSources-normal/arm64 -Xcc -I/Users/admin/builder/spi-builder-workspace/.derivedData/Build/Intermediates.noindex/HTMLEntities.build/Debug-xros/HTMLEntities-t.build/DerivedSources/arm64 -Xcc -I/Users/admin/builder/spi-builder-workspace/.derivedData/Build/Intermediates.noindex/HTMLEntities.build/Debug-xros/HTMLEntities-t.build/DerivedSources -Xcc -DSWIFT_PACKAGE -Xcc -DDEBUG\=1 -emit-objc-header -emit-objc-header-path /Users/admin/builder/spi-builder-workspace/.derivedData/Build/Intermediates.noindex/HTMLEntities.build/Debug-xros/HTMLEntities-t.build/Objects-normal/arm64/HTMLEntities-Swift.h -working-directory /Users/admin/builder/spi-builder-workspace/.swiftpm/xcode -experimental-emit-module-separately -disable-cmo
SwiftMergeGeneratedHeaders /Users/admin/builder/spi-builder-workspace/.derivedData/Build/Intermediates.noindex/GeneratedModuleMaps-xros/HTMLEntities-Swift.h /Users/admin/builder/spi-builder-workspace/.derivedData/Build/Intermediates.noindex/HTMLEntities.build/Debug-xros/HTMLEntities-t.build/Objects-normal/arm64/HTMLEntities-Swift.h (in target 'HTMLEntities' from project 'HTMLEntities')
cd /Users/admin/builder/spi-builder-workspace/.dependencies/checkouts/swift-html-entities
builtin-swiftHeaderTool -arch arm64 /Users/admin/builder/spi-builder-workspace/.derivedData/Build/Intermediates.noindex/HTMLEntities.build/Debug-xros/HTMLEntities-t.build/Objects-normal/arm64/HTMLEntities-Swift.h -o /Users/admin/builder/spi-builder-workspace/.derivedData/Build/Intermediates.noindex/GeneratedModuleMaps-xros/HTMLEntities-Swift.h
Copy /Users/admin/builder/spi-builder-workspace/.derivedData/Build/Products/Debug-xros/HTMLEntities.swiftmodule/arm64-apple-xros.swiftmodule /Users/admin/builder/spi-builder-workspace/.derivedData/Build/Intermediates.noindex/HTMLEntities.build/Debug-xros/HTMLEntities-t.build/Objects-normal/arm64/HTMLEntities.swiftmodule (in target 'HTMLEntities' from project 'HTMLEntities')
cd /Users/admin/builder/spi-builder-workspace/.dependencies/checkouts/swift-html-entities
builtin-copy -exclude .DS_Store -exclude CVS -exclude .svn -exclude .git -exclude .hg -resolve-src-symlinks -rename /Users/admin/builder/spi-builder-workspace/.derivedData/Build/Intermediates.noindex/HTMLEntities.build/Debug-xros/HTMLEntities-t.build/Objects-normal/arm64/HTMLEntities.swiftmodule /Users/admin/builder/spi-builder-workspace/.derivedData/Build/Products/Debug-xros/HTMLEntities.swiftmodule/arm64-apple-xros.swiftmodule
Copy /Users/admin/builder/spi-builder-workspace/.derivedData/Build/Products/Debug-xros/HTMLEntities.swiftmodule/arm64-apple-xros.swiftdoc /Users/admin/builder/spi-builder-workspace/.derivedData/Build/Intermediates.noindex/HTMLEntities.build/Debug-xros/HTMLEntities-t.build/Objects-normal/arm64/HTMLEntities.swiftdoc (in target 'HTMLEntities' from project 'HTMLEntities')
cd /Users/admin/builder/spi-builder-workspace/.dependencies/checkouts/swift-html-entities
builtin-copy -exclude .DS_Store -exclude CVS -exclude .svn -exclude .git -exclude .hg -resolve-src-symlinks -rename /Users/admin/builder/spi-builder-workspace/.derivedData/Build/Intermediates.noindex/HTMLEntities.build/Debug-xros/HTMLEntities-t.build/Objects-normal/arm64/HTMLEntities.swiftdoc /Users/admin/builder/spi-builder-workspace/.derivedData/Build/Products/Debug-xros/HTMLEntities.swiftmodule/arm64-apple-xros.swiftdoc
Copy /Users/admin/builder/spi-builder-workspace/.derivedData/Build/Products/Debug-xros/HTMLEntities.swiftmodule/arm64-apple-xros.abi.json /Users/admin/builder/spi-builder-workspace/.derivedData/Build/Intermediates.noindex/HTMLEntities.build/Debug-xros/HTMLEntities-t.build/Objects-normal/arm64/HTMLEntities.abi.json (in target 'HTMLEntities' from project 'HTMLEntities')
cd /Users/admin/builder/spi-builder-workspace/.dependencies/checkouts/swift-html-entities
builtin-copy -exclude .DS_Store -exclude CVS -exclude .svn -exclude .git -exclude .hg -resolve-src-symlinks -rename /Users/admin/builder/spi-builder-workspace/.derivedData/Build/Intermediates.noindex/HTMLEntities.build/Debug-xros/HTMLEntities-t.build/Objects-normal/arm64/HTMLEntities.abi.json /Users/admin/builder/spi-builder-workspace/.derivedData/Build/Products/Debug-xros/HTMLEntities.swiftmodule/arm64-apple-xros.abi.json
Copy /Users/admin/builder/spi-builder-workspace/.derivedData/Build/Products/Debug-xros/HTMLEntities.swiftmodule/Project/arm64-apple-xros.swiftsourceinfo /Users/admin/builder/spi-builder-workspace/.derivedData/Build/Intermediates.noindex/HTMLEntities.build/Debug-xros/HTMLEntities-t.build/Objects-normal/arm64/HTMLEntities.swiftsourceinfo (in target 'HTMLEntities' from project 'HTMLEntities')
cd /Users/admin/builder/spi-builder-workspace/.dependencies/checkouts/swift-html-entities
builtin-copy -exclude .DS_Store -exclude CVS -exclude .svn -exclude .git -exclude .hg -resolve-src-symlinks -rename /Users/admin/builder/spi-builder-workspace/.derivedData/Build/Intermediates.noindex/HTMLEntities.build/Debug-xros/HTMLEntities-t.build/Objects-normal/arm64/HTMLEntities.swiftsourceinfo /Users/admin/builder/spi-builder-workspace/.derivedData/Build/Products/Debug-xros/HTMLEntities.swiftmodule/Project/arm64-apple-xros.swiftsourceinfo
SwiftExplicitDependencyGeneratePcm arm64 /Users/admin/builder/spi-builder-workspace/.derivedData/SDKExplicitPrecompiledModules/_DarwinFoundation3-C1P0SZMW1CBYZ1956G2WPAGVQ.pcm
SwiftExplicitDependencyGeneratePcm arm64 /Users/admin/builder/spi-builder-workspace/.derivedData/SDKExplicitPrecompiledModules/_DarwinFoundation3-9ZHN6JKBS40BBA81RQMV8H0IC.pcm
SwiftExplicitDependencyGeneratePcm arm64 /Users/admin/builder/spi-builder-workspace/.derivedData/SDKExplicitPrecompiledModules/_Builtin_inttypes-11B64KJD36B3YOHBR1BBXBJY8.pcm
SwiftExplicitDependencyGeneratePcm arm64 /Users/admin/builder/spi-builder-workspace/.derivedData/SDKExplicitPrecompiledModules/_Builtin_inttypes-9DU9NJC5HKVLIXJ97CZROETBU.pcm
SwiftExplicitDependencyGeneratePcm arm64 /Users/admin/builder/spi-builder-workspace/.derivedData/SDKExplicitPrecompiledModules/Darwin-ET1KOXI5QIB2QZ81K0LJ5SCNP.pcm
SwiftExplicitDependencyGeneratePcm arm64 /Users/admin/builder/spi-builder-workspace/.derivedData/SDKExplicitPrecompiledModules/Darwin-60P5LVNQO3ESRRM5DCJ05PFNK.pcm
SwiftExplicitDependencyGeneratePcm arm64 /Users/admin/builder/spi-builder-workspace/.derivedData/SDKExplicitPrecompiledModules/ObjectiveC-7UYOWV2RO2CMEGURP3Y7WLPAT.pcm
SwiftExplicitDependencyGeneratePcm arm64 /Users/admin/builder/spi-builder-workspace/.derivedData/SDKExplicitPrecompiledModules/ObjectiveC-26TIBFYCEJZVP216ZZAU1X8KN.pcm
SwiftExplicitDependencyGeneratePcm arm64 /Users/admin/builder/spi-builder-workspace/.derivedData/SDKExplicitPrecompiledModules/os_object-692CJ8BG6RE5H04487EJJOVXW.pcm
SwiftExplicitDependencyGeneratePcm arm64 /Users/admin/builder/spi-builder-workspace/.derivedData/SDKExplicitPrecompiledModules/os_object-A49MUZWNB60JKCX0NMFXESEZD.pcm
SwiftExplicitDependencyGeneratePcm arm64 /Users/admin/builder/spi-builder-workspace/.derivedData/SDKExplicitPrecompiledModules/os_workgroup-1J3Q9ELSMX5271913GPIT75QV.pcm
SwiftExplicitDependencyGeneratePcm arm64 /Users/admin/builder/spi-builder-workspace/.derivedData/SDKExplicitPrecompiledModules/os_workgroup-4U1VXMWIZD80E7PRUQF2G7P9X.pcm
SwiftExplicitDependencyGeneratePcm arm64 /Users/admin/builder/spi-builder-workspace/.derivedData/SDKExplicitPrecompiledModules/Dispatch-7TDXDXPVVCZ0IQLPT2W4Z1AW3.pcm
SwiftExplicitDependencyGeneratePcm arm64 /Users/admin/builder/spi-builder-workspace/.derivedData/SDKExplicitPrecompiledModules/Dispatch-CLT3466HKC22GCKAWSCNG0H7T.pcm
SwiftExplicitDependencyGeneratePcm arm64 /Users/admin/builder/spi-builder-workspace/.derivedData/SDKExplicitPrecompiledModules/XPC-EP5EU7FNGP4VOA3EDM18P1KHO.pcm
SwiftExplicitDependencyGeneratePcm arm64 /Users/admin/builder/spi-builder-workspace/.derivedData/SDKExplicitPrecompiledModules/CoreFoundation-AVLTZVCXBU2TO75JCN4AGU8XJ.pcm
SwiftExplicitDependencyGeneratePcm arm64 /Users/admin/builder/spi-builder-workspace/.derivedData/SDKExplicitPrecompiledModules/CoreFoundation-5D49BF05JAG3T79HLXZS0QOEB.pcm
SwiftExplicitDependencyGeneratePcm arm64 /Users/admin/builder/spi-builder-workspace/.derivedData/SDKExplicitPrecompiledModules/XPC-1U8J3QOEPI1JREQTBJYCK4Z2Z.pcm
SwiftExplicitDependencyGeneratePcm arm64 /Users/admin/builder/spi-builder-workspace/.derivedData/SDKExplicitPrecompiledModules/CoreGraphics-BFUJ177R223UT2ZI327ZTZY91.pcm
SwiftExplicitDependencyGeneratePcm arm64 /Users/admin/builder/spi-builder-workspace/.derivedData/SDKExplicitPrecompiledModules/CFNetwork-5MI70N1VLDQSWTX4COWLMSIRO.pcm
SwiftExplicitDependencyGeneratePcm arm64 /Users/admin/builder/spi-builder-workspace/.derivedData/SDKExplicitPrecompiledModules/Security-8TH2M8WJIQMET4SADWX0N8372.pcm
SwiftExplicitDependencyGeneratePcm arm64 /Users/admin/builder/spi-builder-workspace/.derivedData/SDKExplicitPrecompiledModules/CFNetwork-8XNJAT23SK5D0OET9NV9X387I.pcm
SwiftExplicitDependencyGeneratePcm arm64 /Users/admin/builder/spi-builder-workspace/.derivedData/SDKExplicitPrecompiledModules/Security-4BDO3J0PXFNR7ZRKSDSXCO6IM.pcm
SwiftExplicitDependencyGeneratePcm arm64 /Users/admin/builder/spi-builder-workspace/.derivedData/SDKExplicitPrecompiledModules/Foundation-8GON1KVEKRN3NOQI8RETBRWJP.pcm
SwiftExplicitDependencyGeneratePcm arm64 /Users/admin/builder/spi-builder-workspace/.derivedData/SDKExplicitPrecompiledModules/Foundation-48S9SVOOX01R4NP8KF0LJG57Z.pcm
SwiftEmitModule normal arm64 Emitting\ module\ for\ SwiftDrawDOM (in target 'SwiftDrawDOM' from project 'SwiftDraw')
SwiftCompile normal arm64 (in target 'SwiftDrawDOM' from project 'SwiftDraw')
cd /Users/admin/builder/spi-builder-workspace/.swiftpm/xcode
SwiftCompile normal arm64 Compiling\ Parser.XML.swift,\ TextOutputStream+StandardError.swift,\ URL+Data.swift /Users/admin/builder/spi-builder-workspace/.dependencies/checkouts/SwiftDraw/DOM/Sources/Parser.XML.swift /Users/admin/builder/spi-builder-workspace/.dependencies/checkouts/SwiftDraw/DOM/Sources/TextOutputStream+StandardError.swift /Users/admin/builder/spi-builder-workspace/.dependencies/checkouts/SwiftDraw/DOM/Sources/URL+Data.swift (in target 'SwiftDrawDOM' from project 'SwiftDraw')
SwiftCompile normal arm64 /Users/admin/builder/spi-builder-workspace/.dependencies/checkouts/SwiftDraw/DOM/Sources/Parser.XML.swift (in target 'SwiftDrawDOM' from project 'SwiftDraw')
cd /Users/admin/builder/spi-builder-workspace/.swiftpm/xcode
builtin-SwiftPerFileCompile Parser.XML.swift
SwiftCompile normal arm64 /Users/admin/builder/spi-builder-workspace/.dependencies/checkouts/SwiftDraw/DOM/Sources/TextOutputStream+StandardError.swift (in target 'SwiftDrawDOM' from project 'SwiftDraw')
cd /Users/admin/builder/spi-builder-workspace/.swiftpm/xcode
builtin-SwiftPerFileCompile TextOutputStream+StandardError.swift
SwiftCompile normal arm64 /Users/admin/builder/spi-builder-workspace/.dependencies/checkouts/SwiftDraw/DOM/Sources/URL+Data.swift (in target 'SwiftDrawDOM' from project 'SwiftDraw')
cd /Users/admin/builder/spi-builder-workspace/.swiftpm/xcode
builtin-SwiftPerFileCompile URL+Data.swift
SwiftCompile normal arm64 Compiling\ Parser.XML.StyleSheet.swift,\ Parser.XML.Text.swift,\ Parser.XML.Transform.swift,\ Parser.XML.Use.swift /Users/admin/builder/spi-builder-workspace/.dependencies/checkouts/SwiftDraw/DOM/Sources/Parser.XML.StyleSheet.swift /Users/admin/builder/spi-builder-workspace/.dependencies/checkouts/SwiftDraw/DOM/Sources/Parser.XML.Text.swift /Users/admin/builder/spi-builder-workspace/.dependencies/checkouts/SwiftDraw/DOM/Sources/Parser.XML.Transform.swift /Users/admin/builder/spi-builder-workspace/.dependencies/checkouts/SwiftDraw/DOM/Sources/Parser.XML.Use.swift (in target 'SwiftDrawDOM' from project 'SwiftDraw')
SwiftCompile normal arm64 /Users/admin/builder/spi-builder-workspace/.dependencies/checkouts/SwiftDraw/DOM/Sources/Parser.XML.StyleSheet.swift (in target 'SwiftDrawDOM' from project 'SwiftDraw')
cd /Users/admin/builder/spi-builder-workspace/.swiftpm/xcode
builtin-SwiftPerFileCompile Parser.XML.StyleSheet.swift
SwiftCompile normal arm64 /Users/admin/builder/spi-builder-workspace/.dependencies/checkouts/SwiftDraw/DOM/Sources/Parser.XML.Text.swift (in target 'SwiftDrawDOM' from project 'SwiftDraw')
cd /Users/admin/builder/spi-builder-workspace/.swiftpm/xcode
builtin-SwiftPerFileCompile Parser.XML.Text.swift
SwiftCompile normal arm64 /Users/admin/builder/spi-builder-workspace/.dependencies/checkouts/SwiftDraw/DOM/Sources/Parser.XML.Transform.swift (in target 'SwiftDrawDOM' from project 'SwiftDraw')
cd /Users/admin/builder/spi-builder-workspace/.swiftpm/xcode
builtin-SwiftPerFileCompile Parser.XML.Transform.swift
SwiftCompile normal arm64 /Users/admin/builder/spi-builder-workspace/.dependencies/checkouts/SwiftDraw/DOM/Sources/Parser.XML.Use.swift (in target 'SwiftDrawDOM' from project 'SwiftDraw')
cd /Users/admin/builder/spi-builder-workspace/.swiftpm/xcode
builtin-SwiftPerFileCompile Parser.XML.Use.swift
SwiftCompile normal arm64 Compiling\ Parser.XML.Pattern.swift,\ Parser.XML.RadialGradient.swift,\ Parser.XML.SVG.swift,\ Parser.XML.Scanner.swift /Users/admin/builder/spi-builder-workspace/.dependencies/checkouts/SwiftDraw/DOM/Sources/Parser.XML.Pattern.swift /Users/admin/builder/spi-builder-workspace/.dependencies/checkouts/SwiftDraw/DOM/Sources/Parser.XML.RadialGradient.swift /Users/admin/builder/spi-builder-workspace/.dependencies/checkouts/SwiftDraw/DOM/Sources/Parser.XML.SVG.swift /Users/admin/builder/spi-builder-workspace/.dependencies/checkouts/SwiftDraw/DOM/Sources/Parser.XML.Scanner.swift (in target 'SwiftDrawDOM' from project 'SwiftDraw')
SwiftCompile normal arm64 /Users/admin/builder/spi-builder-workspace/.dependencies/checkouts/SwiftDraw/DOM/Sources/Parser.XML.Pattern.swift (in target 'SwiftDrawDOM' from project 'SwiftDraw')
cd /Users/admin/builder/spi-builder-workspace/.swiftpm/xcode
builtin-SwiftPerFileCompile Parser.XML.Pattern.swift
SwiftCompile normal arm64 /Users/admin/builder/spi-builder-workspace/.dependencies/checkouts/SwiftDraw/DOM/Sources/Parser.XML.RadialGradient.swift (in target 'SwiftDrawDOM' from project 'SwiftDraw')
cd /Users/admin/builder/spi-builder-workspace/.swiftpm/xcode
builtin-SwiftPerFileCompile Parser.XML.RadialGradient.swift
SwiftCompile normal arm64 /Users/admin/builder/spi-builder-workspace/.dependencies/checkouts/SwiftDraw/DOM/Sources/Parser.XML.SVG.swift (in target 'SwiftDrawDOM' from project 'SwiftDraw')
cd /Users/admin/builder/spi-builder-workspace/.swiftpm/xcode
builtin-SwiftPerFileCompile Parser.XML.SVG.swift
SwiftCompile normal arm64 /Users/admin/builder/spi-builder-workspace/.dependencies/checkouts/SwiftDraw/DOM/Sources/Parser.XML.Scanner.swift (in target 'SwiftDrawDOM' from project 'SwiftDraw')
cd /Users/admin/builder/spi-builder-workspace/.swiftpm/xcode
builtin-SwiftPerFileCompile Parser.XML.Scanner.swift
SwiftCompile normal arm64 Compiling\ Parser.XML.Filter.swift,\ Parser.XML.Image.swift,\ Parser.XML.LinearGradient.swift,\ Parser.XML.Path.swift /Users/admin/builder/spi-builder-workspace/.dependencies/checkouts/SwiftDraw/DOM/Sources/Parser.XML.Filter.swift /Users/admin/builder/spi-builder-workspace/.dependencies/checkouts/SwiftDraw/DOM/Sources/Parser.XML.Image.swift /Users/admin/builder/spi-builder-workspace/.dependencies/checkouts/SwiftDraw/DOM/Sources/Parser.XML.LinearGradient.swift /Users/admin/builder/spi-builder-workspace/.dependencies/checkouts/SwiftDraw/DOM/Sources/Parser.XML.Path.swift (in target 'SwiftDrawDOM' from project 'SwiftDraw')
SwiftCompile normal arm64 /Users/admin/builder/spi-builder-workspace/.dependencies/checkouts/SwiftDraw/DOM/Sources/Parser.XML.Filter.swift (in target 'SwiftDrawDOM' from project 'SwiftDraw')
cd /Users/admin/builder/spi-builder-workspace/.swiftpm/xcode
builtin-SwiftPerFileCompile Parser.XML.Filter.swift
SwiftCompile normal arm64 /Users/admin/builder/spi-builder-workspace/.dependencies/checkouts/SwiftDraw/DOM/Sources/Parser.XML.Image.swift (in target 'SwiftDrawDOM' from project 'SwiftDraw')
cd /Users/admin/builder/spi-builder-workspace/.swiftpm/xcode
builtin-SwiftPerFileCompile Parser.XML.Image.swift
SwiftCompile normal arm64 /Users/admin/builder/spi-builder-workspace/.dependencies/checkouts/SwiftDraw/DOM/Sources/Parser.XML.LinearGradient.swift (in target 'SwiftDrawDOM' from project 'SwiftDraw')
cd /Users/admin/builder/spi-builder-workspace/.swiftpm/xcode
builtin-SwiftPerFileCompile Parser.XML.LinearGradient.swift
SwiftCompile normal arm64 /Users/admin/builder/spi-builder-workspace/.dependencies/checkouts/SwiftDraw/DOM/Sources/Parser.XML.Path.swift (in target 'SwiftDrawDOM' from project 'SwiftDraw')
cd /Users/admin/builder/spi-builder-workspace/.swiftpm/xcode
builtin-SwiftPerFileCompile Parser.XML.Path.swift
SwiftCompile normal arm64 Compiling\ URL+Fragment.swift,\ XML.Element.swift,\ XML.SAXParser.swift /Users/admin/builder/spi-builder-workspace/.dependencies/checkouts/SwiftDraw/DOM/Sources/URL+Fragment.swift /Users/admin/builder/spi-builder-workspace/.dependencies/checkouts/SwiftDraw/DOM/Sources/XML.Element.swift /Users/admin/builder/spi-builder-workspace/.dependencies/checkouts/SwiftDraw/DOM/Sources/XML.SAXParser.swift (in target 'SwiftDrawDOM' from project 'SwiftDraw')
SwiftCompile normal arm64 /Users/admin/builder/spi-builder-workspace/.dependencies/checkouts/SwiftDraw/DOM/Sources/URL+Fragment.swift (in target 'SwiftDrawDOM' from project 'SwiftDraw')
cd /Users/admin/builder/spi-builder-workspace/.swiftpm/xcode
builtin-SwiftPerFileCompile URL+Fragment.swift
SwiftCompile normal arm64 /Users/admin/builder/spi-builder-workspace/.dependencies/checkouts/SwiftDraw/DOM/Sources/XML.Element.swift (in target 'SwiftDrawDOM' from project 'SwiftDraw')
cd /Users/admin/builder/spi-builder-workspace/.swiftpm/xcode
builtin-SwiftPerFileCompile XML.Element.swift
SwiftCompile normal arm64 /Users/admin/builder/spi-builder-workspace/.dependencies/checkouts/SwiftDraw/DOM/Sources/XML.SAXParser.swift (in target 'SwiftDrawDOM' from project 'SwiftDraw')
cd /Users/admin/builder/spi-builder-workspace/.swiftpm/xcode
builtin-SwiftPerFileCompile XML.SAXParser.swift
SwiftCompile normal arm64 Compiling\ DOM.SVG.swift,\ DOM.Switch.swift,\ DOM.Text.swift,\ DOM.Use.swift /Users/admin/builder/spi-builder-workspace/.dependencies/checkouts/SwiftDraw/DOM/Sources/DOM.SVG.swift /Users/admin/builder/spi-builder-workspace/.dependencies/checkouts/SwiftDraw/DOM/Sources/DOM.Switch.swift /Users/admin/builder/spi-builder-workspace/.dependencies/checkouts/SwiftDraw/DOM/Sources/DOM.Text.swift /Users/admin/builder/spi-builder-workspace/.dependencies/checkouts/SwiftDraw/DOM/Sources/DOM.Use.swift (in target 'SwiftDrawDOM' from project 'SwiftDraw')
SwiftCompile normal arm64 /Users/admin/builder/spi-builder-workspace/.dependencies/checkouts/SwiftDraw/DOM/Sources/DOM.SVG.swift (in target 'SwiftDrawDOM' from project 'SwiftDraw')
cd /Users/admin/builder/spi-builder-workspace/.swiftpm/xcode
builtin-SwiftPerFileCompile DOM.SVG.swift
SwiftCompile normal arm64 /Users/admin/builder/spi-builder-workspace/.dependencies/checkouts/SwiftDraw/DOM/Sources/DOM.Switch.swift (in target 'SwiftDrawDOM' from project 'SwiftDraw')
cd /Users/admin/builder/spi-builder-workspace/.swiftpm/xcode
builtin-SwiftPerFileCompile DOM.Switch.swift
SwiftCompile normal arm64 /Users/admin/builder/spi-builder-workspace/.dependencies/checkouts/SwiftDraw/DOM/Sources/DOM.Text.swift (in target 'SwiftDrawDOM' from project 'SwiftDraw')
cd /Users/admin/builder/spi-builder-workspace/.swiftpm/xcode
builtin-SwiftPerFileCompile DOM.Text.swift
SwiftCompile normal arm64 /Users/admin/builder/spi-builder-workspace/.dependencies/checkouts/SwiftDraw/DOM/Sources/DOM.Use.swift (in target 'SwiftDrawDOM' from project 'SwiftDraw')
cd /Users/admin/builder/spi-builder-workspace/.swiftpm/xcode
builtin-SwiftPerFileCompile DOM.Use.swift
SwiftCompile normal arm64 Compiling\ DOM.FontFace.swift,\ DOM.Image.swift,\ DOM.LinearGradient.swift,\ DOM.Path.swift /Users/admin/builder/spi-builder-workspace/.dependencies/checkouts/SwiftDraw/DOM/Sources/DOM.FontFace.swift /Users/admin/builder/spi-builder-workspace/.dependencies/checkouts/SwiftDraw/DOM/Sources/DOM.Image.swift /Users/admin/builder/spi-builder-workspace/.dependencies/checkouts/SwiftDraw/DOM/Sources/DOM.LinearGradient.swift /Users/admin/builder/spi-builder-workspace/.dependencies/checkouts/SwiftDraw/DOM/Sources/DOM.Path.swift (in target 'SwiftDrawDOM' from project 'SwiftDraw')
SwiftCompile normal arm64 /Users/admin/builder/spi-builder-workspace/.dependencies/checkouts/SwiftDraw/DOM/Sources/DOM.FontFace.swift (in target 'SwiftDrawDOM' from project 'SwiftDraw')
cd /Users/admin/builder/spi-builder-workspace/.swiftpm/xcode
builtin-SwiftPerFileCompile DOM.FontFace.swift
SwiftCompile normal arm64 /Users/admin/builder/spi-builder-workspace/.dependencies/checkouts/SwiftDraw/DOM/Sources/DOM.Image.swift (in target 'SwiftDrawDOM' from project 'SwiftDraw')
cd /Users/admin/builder/spi-builder-workspace/.swiftpm/xcode
builtin-SwiftPerFileCompile DOM.Image.swift
SwiftCompile normal arm64 /Users/admin/builder/spi-builder-workspace/.dependencies/checkouts/SwiftDraw/DOM/Sources/DOM.LinearGradient.swift (in target 'SwiftDrawDOM' from project 'SwiftDraw')
cd /Users/admin/builder/spi-builder-workspace/.swiftpm/xcode
builtin-SwiftPerFileCompile DOM.LinearGradient.swift
SwiftCompile normal arm64 /Users/admin/builder/spi-builder-workspace/.dependencies/checkouts/SwiftDraw/DOM/Sources/DOM.Path.swift (in target 'SwiftDrawDOM' from project 'SwiftDraw')
cd /Users/admin/builder/spi-builder-workspace/.swiftpm/xcode
builtin-SwiftPerFileCompile DOM.Path.swift
SwiftCompile normal arm64 Compiling\ DOM+Extensions.swift,\ DOM.Color.swift,\ DOM.Element.swift,\ DOM.Filter.swift /Users/admin/builder/spi-builder-workspace/.dependencies/checkouts/SwiftDraw/DOM/Sources/DOM+Extensions.swift /Users/admin/builder/spi-builder-workspace/.dependencies/checkouts/SwiftDraw/DOM/Sources/DOM.Color.swift /Users/admin/builder/spi-builder-workspace/.dependencies/checkouts/SwiftDraw/DOM/Sources/DOM.Element.swift /Users/admin/builder/spi-builder-workspace/.dependencies/checkouts/SwiftDraw/DOM/Sources/DOM.Filter.swift (in target 'SwiftDrawDOM' from project 'SwiftDraw')
SwiftCompile normal arm64 /Users/admin/builder/spi-builder-workspace/.dependencies/checkouts/SwiftDraw/DOM/Sources/DOM+Extensions.swift (in target 'SwiftDrawDOM' from project 'SwiftDraw')
cd /Users/admin/builder/spi-builder-workspace/.swiftpm/xcode
builtin-SwiftPerFileCompile DOM+Extensions.swift
SwiftCompile normal arm64 /Users/admin/builder/spi-builder-workspace/.dependencies/checkouts/SwiftDraw/DOM/Sources/DOM.Color.swift (in target 'SwiftDrawDOM' from project 'SwiftDraw')
cd /Users/admin/builder/spi-builder-workspace/.swiftpm/xcode
builtin-SwiftPerFileCompile DOM.Color.swift
SwiftCompile normal arm64 /Users/admin/builder/spi-builder-workspace/.dependencies/checkouts/SwiftDraw/DOM/Sources/DOM.Element.swift (in target 'SwiftDrawDOM' from project 'SwiftDraw')
cd /Users/admin/builder/spi-builder-workspace/.swiftpm/xcode
builtin-SwiftPerFileCompile DOM.Element.swift
SwiftCompile normal arm64 /Users/admin/builder/spi-builder-workspace/.dependencies/checkouts/SwiftDraw/DOM/Sources/DOM.Filter.swift (in target 'SwiftDrawDOM' from project 'SwiftDraw')
cd /Users/admin/builder/spi-builder-workspace/.swiftpm/xcode
builtin-SwiftPerFileCompile DOM.Filter.swift
SwiftExplicitDependencyGeneratePcm arm64 /Users/admin/builder/spi-builder-workspace/.derivedData/SDKExplicitPrecompiledModules/JavaScriptCore-2W5VHXWMYH40DJ427EOX8BWVS.pcm
SwiftDriverJobDiscovery normal arm64 Emitting module for SwiftDrawDOM (in target 'SwiftDrawDOM' from project 'SwiftDraw')
SwiftDriver\ Compilation\ Requirements SwiftDrawDOM normal arm64 com.apple.xcode.tools.swift.compiler (in target 'SwiftDrawDOM' from project 'SwiftDraw')
cd /Users/admin/builder/spi-builder-workspace/.swiftpm/xcode
builtin-Swift-Compilation-Requirements -- /Applications/Xcode-27.0.0-Release.Candidate.app/Contents/Developer/Toolchains/XcodeDefault.xctoolchain/usr/bin/swiftc -parse-as-library -module-name SwiftDrawDOM -Onone @/Users/admin/builder/spi-builder-workspace/.derivedData/Build/Intermediates.noindex/SwiftDraw.build/Debug-xros/SwiftDrawDOM-t.build/Objects-normal/arm64/SwiftDrawDOM.SwiftFileList -DSWIFT_PACKAGE -DDEBUG -DSWIFT_MODULE_RESOURCE_BUNDLE_UNAVAILABLE -DXcode -plugin-path /Applications/Xcode-27.0.0-Release.Candidate.app/Contents/Developer/Toolchains/XcodeDefault.xctoolchain/usr/lib/swift/host/plugins/testing -enable-experimental-feature DebugDescriptionMacro -sdk /Applications/Xcode-27.0.0-Release.Candidate.app/Contents/Developer/Platforms/XROS.platform/Developer/SDKs/XROS27.0.sdk -target arm64-apple-xros1.0 -g -module-cache-path /Users/admin/builder/spi-builder-workspace/.derivedData/ModuleCache.noindex -Xfrontend -serialize-debugging-options -profile-coverage-mapping -profile-generate -enable-testing -suppress-warnings -index-store-path /Users/admin/builder/spi-builder-workspace/.derivedData/Index.noindex/DataStore -Xcc -D_LIBCPP_HARDENING_MODE\=_LIBCPP_HARDENING_MODE_DEBUG -swift-version 6 -I /Users/admin/builder/spi-builder-workspace/.derivedData/Build/Products/Debug-xros -Isystem /Applications/Xcode-27.0.0-Release.Candidate.app/Contents/Developer/Platforms/XROS.platform/Developer/usr/lib -F /Users/admin/builder/spi-builder-workspace/.derivedData/Build/Products/Debug-xros -F /Applications/Xcode-27.0.0-Release.Candidate.app/Contents/Developer/Platforms/XROS.platform/Developer/Library/Frameworks -F /Applications/Xcode-27.0.0-Release.Candidate.app/Contents/Developer/Platforms/XROS.platform/Developer/SDKs/XROS27.0.sdk/Developer/Library/Frameworks -c -j10 -enable-batch-mode -incremental -Xcc -ivfsstatcache -Xcc /Users/admin/builder/spi-builder-workspace/.derivedData/SDKStatCaches.noindex/xros27.0-24M361-e829b21a6f8c9b70876ba0858053c044735bd543db762f57723cac368afd1ce4.sdkstatcache -output-file-map /Users/admin/builder/spi-builder-workspace/.derivedData/Build/Intermediates.noindex/SwiftDraw.build/Debug-xros/SwiftDrawDOM-t.build/Objects-normal/arm64/SwiftDrawDOM-OutputFileMap.json -save-temps -no-color-diagnostics -explicit-module-build -module-cache-path /Users/admin/builder/spi-builder-workspace/.derivedData/Build/Intermediates.noindex/SwiftExplicitPrecompiledModules -clang-scanner-module-cache-path /Users/admin/builder/spi-builder-workspace/.derivedData/ModuleCache.noindex -sdk-module-cache-path /Users/admin/builder/spi-builder-workspace/.derivedData/SDKExplicitPrecompiledModules -emit-dependencies -emit-module -emit-module-path /Users/admin/builder/spi-builder-workspace/.derivedData/Build/Intermediates.noindex/SwiftDraw.build/Debug-xros/SwiftDrawDOM-t.build/Objects-normal/arm64/SwiftDrawDOM.swiftmodule -serialize-diagnostics -dependency-scan-serialize-diagnostics-path /Users/admin/builder/spi-builder-workspace/.derivedData/Build/Intermediates.noindex/SwiftDraw.build/Debug-xros/SwiftDrawDOM-t.build/Objects-normal/arm64/SwiftDrawDOM-dependency-scan.dia -user-module-version 0.29.0 -validate-clang-modules-once -clang-build-session-file /Users/admin/builder/spi-builder-workspace/.derivedData/ModuleCache.noindex/Session.modulevalidation -Xcc -fmodules-prune-interval\=86400 -Xcc -fmodules-prune-after\=345600 -package-name swiftdraw -emit-const-values -const-gather-protocols-list /Users/admin/builder/spi-builder-workspace/.derivedData/Build/Intermediates.noindex/SwiftDraw.build/Debug-xros/SwiftDrawDOM-t.build/Objects-normal/arm64/SwiftDrawDOM_const_extract_protocols.json -Xcc -I/Users/admin/builder/spi-builder-workspace/.derivedData/Build/Products/Debug-xros/include -Xcc -I/Users/admin/builder/spi-builder-workspace/.derivedData/Build/Intermediates.noindex/SwiftDraw.build/Debug-xros/SwiftDrawDOM-t.build/DerivedSources-normal/arm64 -Xcc -I/Users/admin/builder/spi-builder-workspace/.derivedData/Build/Intermediates.noindex/SwiftDraw.build/Debug-xros/SwiftDrawDOM-t.build/DerivedSources/arm64 -Xcc -I/Users/admin/builder/spi-builder-workspace/.derivedData/Build/Intermediates.noindex/SwiftDraw.build/Debug-xros/SwiftDrawDOM-t.build/DerivedSources -Xcc -DSWIFT_PACKAGE -Xcc -DDEBUG\=1 -emit-objc-header -emit-objc-header-path /Users/admin/builder/spi-builder-workspace/.derivedData/Build/Intermediates.noindex/SwiftDraw.build/Debug-xros/SwiftDrawDOM-t.build/Objects-normal/arm64/SwiftDrawDOM-Swift.h -working-directory /Users/admin/builder/spi-builder-workspace/.swiftpm/xcode -experimental-emit-module-separately -disable-cmo
SwiftDriverJobDiscovery normal arm64 Compiling Constants.swift (in target 'HTMLEntities' from project 'HTMLEntities')
SwiftCompile normal arm64 Compiling\ DOM.Pattern.swift,\ DOM.PresentationAttributes.swift,\ DOM.RadialGradient.swift,\ DOM.SVG+Parse.swift /Users/admin/builder/spi-builder-workspace/.dependencies/checkouts/SwiftDraw/DOM/Sources/DOM.Pattern.swift /Users/admin/builder/spi-builder-workspace/.dependencies/checkouts/SwiftDraw/DOM/Sources/DOM.PresentationAttributes.swift /Users/admin/builder/spi-builder-workspace/.dependencies/checkouts/SwiftDraw/DOM/Sources/DOM.RadialGradient.swift /Users/admin/builder/spi-builder-workspace/.dependencies/checkouts/SwiftDraw/DOM/Sources/DOM.SVG+Parse.swift (in target 'SwiftDrawDOM' from project 'SwiftDraw')
SwiftCompile normal arm64 /Users/admin/builder/spi-builder-workspace/.dependencies/checkouts/SwiftDraw/DOM/Sources/DOM.Pattern.swift (in target 'SwiftDrawDOM' from project 'SwiftDraw')
cd /Users/admin/builder/spi-builder-workspace/.swiftpm/xcode
builtin-SwiftPerFileCompile DOM.Pattern.swift
SwiftCompile normal arm64 /Users/admin/builder/spi-builder-workspace/.dependencies/checkouts/SwiftDraw/DOM/Sources/DOM.PresentationAttributes.swift (in target 'SwiftDrawDOM' from project 'SwiftDraw')
cd /Users/admin/builder/spi-builder-workspace/.swiftpm/xcode
builtin-SwiftPerFileCompile DOM.PresentationAttributes.swift
SwiftCompile normal arm64 /Users/admin/builder/spi-builder-workspace/.dependencies/checkouts/SwiftDraw/DOM/Sources/DOM.RadialGradient.swift (in target 'SwiftDrawDOM' from project 'SwiftDraw')
cd /Users/admin/builder/spi-builder-workspace/.swiftpm/xcode
builtin-SwiftPerFileCompile DOM.RadialGradient.swift
SwiftCompile normal arm64 /Users/admin/builder/spi-builder-workspace/.dependencies/checkouts/SwiftDraw/DOM/Sources/DOM.SVG+Parse.swift (in target 'SwiftDrawDOM' from project 'SwiftDraw')
cd /Users/admin/builder/spi-builder-workspace/.swiftpm/xcode
builtin-SwiftPerFileCompile DOM.SVG+Parse.swift
SwiftMergeGeneratedHeaders /Users/admin/builder/spi-builder-workspace/.derivedData/Build/Intermediates.noindex/GeneratedModuleMaps-xros/SwiftDrawDOM-Swift.h /Users/admin/builder/spi-builder-workspace/.derivedData/Build/Intermediates.noindex/SwiftDraw.build/Debug-xros/SwiftDrawDOM-t.build/Objects-normal/arm64/SwiftDrawDOM-Swift.h (in target 'SwiftDrawDOM' from project 'SwiftDraw')
cd /Users/admin/builder/spi-builder-workspace/.dependencies/checkouts/SwiftDraw
builtin-swiftHeaderTool -arch arm64 /Users/admin/builder/spi-builder-workspace/.derivedData/Build/Intermediates.noindex/SwiftDraw.build/Debug-xros/SwiftDrawDOM-t.build/Objects-normal/arm64/SwiftDrawDOM-Swift.h -o /Users/admin/builder/spi-builder-workspace/.derivedData/Build/Intermediates.noindex/GeneratedModuleMaps-xros/SwiftDrawDOM-Swift.h
Copy /Users/admin/builder/spi-builder-workspace/.derivedData/Build/Products/Debug-xros/SwiftDrawDOM.swiftmodule/arm64-apple-xros.swiftmodule /Users/admin/builder/spi-builder-workspace/.derivedData/Build/Intermediates.noindex/SwiftDraw.build/Debug-xros/SwiftDrawDOM-t.build/Objects-normal/arm64/SwiftDrawDOM.swiftmodule (in target 'SwiftDrawDOM' from project 'SwiftDraw')
cd /Users/admin/builder/spi-builder-workspace/.dependencies/checkouts/SwiftDraw
builtin-copy -exclude .DS_Store -exclude CVS -exclude .svn -exclude .git -exclude .hg -resolve-src-symlinks -rename /Users/admin/builder/spi-builder-workspace/.derivedData/Build/Intermediates.noindex/SwiftDraw.build/Debug-xros/SwiftDrawDOM-t.build/Objects-normal/arm64/SwiftDrawDOM.swiftmodule /Users/admin/builder/spi-builder-workspace/.derivedData/Build/Products/Debug-xros/SwiftDrawDOM.swiftmodule/arm64-apple-xros.swiftmodule
Copy /Users/admin/builder/spi-builder-workspace/.derivedData/Build/Products/Debug-xros/SwiftDrawDOM.swiftmodule/arm64-apple-xros.swiftdoc /Users/admin/builder/spi-builder-workspace/.derivedData/Build/Intermediates.noindex/SwiftDraw.build/Debug-xros/SwiftDrawDOM-t.build/Objects-normal/arm64/SwiftDrawDOM.swiftdoc (in target 'SwiftDrawDOM' from project 'SwiftDraw')
cd /Users/admin/builder/spi-builder-workspace/.dependencies/checkouts/SwiftDraw
builtin-copy -exclude .DS_Store -exclude CVS -exclude .svn -exclude .git -exclude .hg -resolve-src-symlinks -rename /Users/admin/builder/spi-builder-workspace/.derivedData/Build/Intermediates.noindex/SwiftDraw.build/Debug-xros/SwiftDrawDOM-t.build/Objects-normal/arm64/SwiftDrawDOM.swiftdoc /Users/admin/builder/spi-builder-workspace/.derivedData/Build/Products/Debug-xros/SwiftDrawDOM.swiftmodule/arm64-apple-xros.swiftdoc
Copy /Users/admin/builder/spi-builder-workspace/.derivedData/Build/Products/Debug-xros/SwiftDrawDOM.swiftmodule/arm64-apple-xros.abi.json /Users/admin/builder/spi-builder-workspace/.derivedData/Build/Intermediates.noindex/SwiftDraw.build/Debug-xros/SwiftDrawDOM-t.build/Objects-normal/arm64/SwiftDrawDOM.abi.json (in target 'SwiftDrawDOM' from project 'SwiftDraw')
cd /Users/admin/builder/spi-builder-workspace/.dependencies/checkouts/SwiftDraw
builtin-copy -exclude .DS_Store -exclude CVS -exclude .svn -exclude .git -exclude .hg -resolve-src-symlinks -rename /Users/admin/builder/spi-builder-workspace/.derivedData/Build/Intermediates.noindex/SwiftDraw.build/Debug-xros/SwiftDrawDOM-t.build/Objects-normal/arm64/SwiftDrawDOM.abi.json /Users/admin/builder/spi-builder-workspace/.derivedData/Build/Products/Debug-xros/SwiftDrawDOM.swiftmodule/arm64-apple-xros.abi.json
Copy /Users/admin/builder/spi-builder-workspace/.derivedData/Build/Products/Debug-xros/SwiftDrawDOM.swiftmodule/Project/arm64-apple-xros.swiftsourceinfo /Users/admin/builder/spi-builder-workspace/.derivedData/Build/Intermediates.noindex/SwiftDraw.build/Debug-xros/SwiftDrawDOM-t.build/Objects-normal/arm64/SwiftDrawDOM.swiftsourceinfo (in target 'SwiftDrawDOM' from project 'SwiftDraw')
cd /Users/admin/builder/spi-builder-workspace/.dependencies/checkouts/SwiftDraw
builtin-copy -exclude .DS_Store -exclude CVS -exclude .svn -exclude .git -exclude .hg -resolve-src-symlinks -rename /Users/admin/builder/spi-builder-workspace/.derivedData/Build/Intermediates.noindex/SwiftDraw.build/Debug-xros/SwiftDrawDOM-t.build/Objects-normal/arm64/SwiftDrawDOM.swiftsourceinfo /Users/admin/builder/spi-builder-workspace/.derivedData/Build/Products/Debug-xros/SwiftDrawDOM.swiftmodule/Project/arm64-apple-xros.swiftsourceinfo
SwiftEmitModule normal arm64 Emitting\ module\ for\ MathJaxSwift (in target 'MathJaxSwift' from project 'MathJaxSwift')
SwiftCompile normal arm64 (in target 'MathJaxSwift' from project 'MathJaxSwift')
cd /Users/admin/builder/spi-builder-workspace/.swiftpm/xcode
SwiftDriverJobDiscovery normal arm64 Emitting module for MathJaxSwift (in target 'MathJaxSwift' from project 'MathJaxSwift')
SwiftCompile normal arm64 Compiling\ DOM.swift,\ Parser.XML.Attributes.swift,\ Parser.XML.Color.swift,\ Parser.XML.Element.swift /Users/admin/builder/spi-builder-workspace/.dependencies/checkouts/SwiftDraw/DOM/Sources/DOM.swift /Users/admin/builder/spi-builder-workspace/.dependencies/checkouts/SwiftDraw/DOM/Sources/Parser.XML.Attributes.swift /Users/admin/builder/spi-builder-workspace/.dependencies/checkouts/SwiftDraw/DOM/Sources/Parser.XML.Color.swift /Users/admin/builder/spi-builder-workspace/.dependencies/checkouts/SwiftDraw/DOM/Sources/Parser.XML.Element.swift (in target 'SwiftDrawDOM' from project 'SwiftDraw')
SwiftCompile normal arm64 /Users/admin/builder/spi-builder-workspace/.dependencies/checkouts/SwiftDraw/DOM/Sources/DOM.swift (in target 'SwiftDrawDOM' from project 'SwiftDraw')
cd /Users/admin/builder/spi-builder-workspace/.swiftpm/xcode
builtin-SwiftPerFileCompile DOM.swift
SwiftCompile normal arm64 /Users/admin/builder/spi-builder-workspace/.dependencies/checkouts/SwiftDraw/DOM/Sources/Parser.XML.Attributes.swift (in target 'SwiftDrawDOM' from project 'SwiftDraw')
cd /Users/admin/builder/spi-builder-workspace/.swiftpm/xcode
builtin-SwiftPerFileCompile Parser.XML.Attributes.swift
SwiftCompile normal arm64 /Users/admin/builder/spi-builder-workspace/.dependencies/checkouts/SwiftDraw/DOM/Sources/Parser.XML.Color.swift (in target 'SwiftDrawDOM' from project 'SwiftDraw')
cd /Users/admin/builder/spi-builder-workspace/.swiftpm/xcode
builtin-SwiftPerFileCompile Parser.XML.Color.swift
SwiftCompile normal arm64 /Users/admin/builder/spi-builder-workspace/.dependencies/checkouts/SwiftDraw/DOM/Sources/Parser.XML.Element.swift (in target 'SwiftDrawDOM' from project 'SwiftDraw')
cd /Users/admin/builder/spi-builder-workspace/.swiftpm/xcode
builtin-SwiftPerFileCompile Parser.XML.Element.swift
SwiftDriver\ Compilation\ Requirements MathJaxSwift normal arm64 com.apple.xcode.tools.swift.compiler (in target 'MathJaxSwift' from project 'MathJaxSwift')
cd /Users/admin/builder/spi-builder-workspace/.swiftpm/xcode
builtin-Swift-Compilation-Requirements -- /Applications/Xcode-27.0.0-Release.Candidate.app/Contents/Developer/Toolchains/XcodeDefault.xctoolchain/usr/bin/swiftc -parse-as-library -module-name MathJaxSwift -Onone @/Users/admin/builder/spi-builder-workspace/.derivedData/Build/Intermediates.noindex/MathJaxSwift.build/Debug-xros/MathJaxSwift-t.build/Objects-normal/arm64/MathJaxSwift.SwiftFileList -DSWIFT_PACKAGE -DDEBUG -DSWIFT_MODULE_RESOURCE_BUNDLE_AVAILABLE -DXcode -plugin-path /Applications/Xcode-27.0.0-Release.Candidate.app/Contents/Developer/Toolchains/XcodeDefault.xctoolchain/usr/lib/swift/host/plugins/testing -enable-experimental-feature DebugDescriptionMacro -sdk /Applications/Xcode-27.0.0-Release.Candidate.app/Contents/Developer/Platforms/XROS.platform/Developer/SDKs/XROS27.0.sdk -target arm64-apple-xros1.0 -g -module-cache-path /Users/admin/builder/spi-builder-workspace/.derivedData/ModuleCache.noindex -Xfrontend -serialize-debugging-options -profile-coverage-mapping -profile-generate -enable-testing -suppress-warnings -index-store-path /Users/admin/builder/spi-builder-workspace/.derivedData/Index.noindex/DataStore -Xcc -D_LIBCPP_HARDENING_MODE\=_LIBCPP_HARDENING_MODE_DEBUG -swift-version 5 -I /Users/admin/builder/spi-builder-workspace/.derivedData/Build/Products/Debug-xros -Isystem /Applications/Xcode-27.0.0-Release.Candidate.app/Contents/Developer/Platforms/XROS.platform/Developer/usr/lib -F /Users/admin/builder/spi-builder-workspace/.derivedData/Build/Products/Debug-xros -F /Applications/Xcode-27.0.0-Release.Candidate.app/Contents/Developer/Platforms/XROS.platform/Developer/Library/Frameworks -F /Applications/Xcode-27.0.0-Release.Candidate.app/Contents/Developer/Platforms/XROS.platform/Developer/SDKs/XROS27.0.sdk/Developer/Library/Frameworks -c -j10 -enable-batch-mode -incremental -Xcc -ivfsstatcache -Xcc /Users/admin/builder/spi-builder-workspace/.derivedData/SDKStatCaches.noindex/xros27.0-24M361-e829b21a6f8c9b70876ba0858053c044735bd543db762f57723cac368afd1ce4.sdkstatcache -output-file-map /Users/admin/builder/spi-builder-workspace/.derivedData/Build/Intermediates.noindex/MathJaxSwift.build/Debug-xros/MathJaxSwift-t.build/Objects-normal/arm64/MathJaxSwift-OutputFileMap.json -save-temps -no-color-diagnostics -explicit-module-build -module-cache-path /Users/admin/builder/spi-builder-workspace/.derivedData/Build/Intermediates.noindex/SwiftExplicitPrecompiledModules -clang-scanner-module-cache-path /Users/admin/builder/spi-builder-workspace/.derivedData/ModuleCache.noindex -sdk-module-cache-path /Users/admin/builder/spi-builder-workspace/.derivedData/SDKExplicitPrecompiledModules -emit-dependencies -emit-module -emit-module-path /Users/admin/builder/spi-builder-workspace/.derivedData/Build/Intermediates.noindex/MathJaxSwift.build/Debug-xros/MathJaxSwift-t.build/Objects-normal/arm64/MathJaxSwift.swiftmodule -serialize-diagnostics -dependency-scan-serialize-diagnostics-path /Users/admin/builder/spi-builder-workspace/.derivedData/Build/Intermediates.noindex/MathJaxSwift.build/Debug-xros/MathJaxSwift-t.build/Objects-normal/arm64/MathJaxSwift-dependency-scan.dia -validate-clang-modules-once -clang-build-session-file /Users/admin/builder/spi-builder-workspace/.derivedData/ModuleCache.noindex/Session.modulevalidation -Xcc -fmodules-prune-interval\=86400 -Xcc -fmodules-prune-after\=345600 -emit-const-values -const-gather-protocols-list /Users/admin/builder/spi-builder-workspace/.derivedData/Build/Intermediates.noindex/MathJaxSwift.build/Debug-xros/MathJaxSwift-t.build/Objects-normal/arm64/MathJaxSwift_const_extract_protocols.json -Xcc -I/Users/admin/builder/spi-builder-workspace/.derivedData/Build/Products/Debug-xros/include -Xcc -I/Users/admin/builder/spi-builder-workspace/.derivedData/Build/Intermediates.noindex/MathJaxSwift.build/Debug-xros/MathJaxSwift-t.build/DerivedSources-normal/arm64 -Xcc -I/Users/admin/builder/spi-builder-workspace/.derivedData/Build/Intermediates.noindex/MathJaxSwift.build/Debug-xros/MathJaxSwift-t.build/DerivedSources/arm64 -Xcc -I/Users/admin/builder/spi-builder-workspace/.derivedData/Build/Intermediates.noindex/MathJaxSwift.build/Debug-xros/MathJaxSwift-t.build/DerivedSources -Xcc -DSWIFT_PACKAGE -Xcc -DDEBUG\=1 -emit-objc-header -emit-objc-header-path /Users/admin/builder/spi-builder-workspace/.derivedData/Build/Intermediates.noindex/MathJaxSwift.build/Debug-xros/MathJaxSwift-t.build/Objects-normal/arm64/MathJaxSwift-Swift.h -working-directory /Users/admin/builder/spi-builder-workspace/.swiftpm/xcode -experimental-emit-module-separately -disable-cmo
SwiftDriverJobDiscovery normal arm64 Compiling URL+Fragment.swift, XML.Element.swift, XML.SAXParser.swift (in target 'SwiftDrawDOM' from project 'SwiftDraw')
SwiftCompile normal arm64 Compiling\ AMSCDOptions.swift,\ AMSOptions.swift,\ AutoloadOptions.swift,\ ColorOptions.swift,\ MathtoolsOptions.swift /Users/admin/builder/spi-builder-workspace/.dependencies/checkouts/MathJaxSwift/Sources/MathJaxSwift/Options/Input/TeX\ Packages/AMSCDOptions.swift /Users/admin/builder/spi-builder-workspace/.dependencies/checkouts/MathJaxSwift/Sources/MathJaxSwift/Options/Input/TeX\ Packages/AMSOptions.swift /Users/admin/builder/spi-builder-workspace/.dependencies/checkouts/MathJaxSwift/Sources/MathJaxSwift/Options/Input/TeX\ Packages/AutoloadOptions.swift /Users/admin/builder/spi-builder-workspace/.dependencies/checkouts/MathJaxSwift/Sources/MathJaxSwift/Options/Input/TeX\ Packages/ColorOptions.swift /Users/admin/builder/spi-builder-workspace/.dependencies/checkouts/MathJaxSwift/Sources/MathJaxSwift/Options/Input/TeX\ Packages/MathtoolsOptions.swift (in target 'MathJaxSwift' from project 'MathJaxSwift')
SwiftCompile normal arm64 /Users/admin/builder/spi-builder-workspace/.dependencies/checkouts/MathJaxSwift/Sources/MathJaxSwift/Options/Input/TeX\ Packages/AMSCDOptions.swift (in target 'MathJaxSwift' from project 'MathJaxSwift')
cd /Users/admin/builder/spi-builder-workspace/.swiftpm/xcode
builtin-SwiftPerFileCompile AMSCDOptions.swift
SwiftCompile normal arm64 /Users/admin/builder/spi-builder-workspace/.dependencies/checkouts/MathJaxSwift/Sources/MathJaxSwift/Options/Input/TeX\ Packages/AMSOptions.swift (in target 'MathJaxSwift' from project 'MathJaxSwift')
cd /Users/admin/builder/spi-builder-workspace/.swiftpm/xcode
builtin-SwiftPerFileCompile AMSOptions.swift
SwiftCompile normal arm64 /Users/admin/builder/spi-builder-workspace/.dependencies/checkouts/MathJaxSwift/Sources/MathJaxSwift/Options/Input/TeX\ Packages/AutoloadOptions.swift (in target 'MathJaxSwift' from project 'MathJaxSwift')
cd /Users/admin/builder/spi-builder-workspace/.swiftpm/xcode
builtin-SwiftPerFileCompile AutoloadOptions.swift
SwiftCompile normal arm64 /Users/admin/builder/spi-builder-workspace/.dependencies/checkouts/MathJaxSwift/Sources/MathJaxSwift/Options/Input/TeX\ Packages/ColorOptions.swift (in target 'MathJaxSwift' from project 'MathJaxSwift')
cd /Users/admin/builder/spi-builder-workspace/.swiftpm/xcode
builtin-SwiftPerFileCompile ColorOptions.swift
SwiftCompile normal arm64 /Users/admin/builder/spi-builder-workspace/.dependencies/checkouts/MathJaxSwift/Sources/MathJaxSwift/Options/Input/TeX\ Packages/MathtoolsOptions.swift (in target 'MathJaxSwift' from project 'MathJaxSwift')
cd /Users/admin/builder/spi-builder-workspace/.swiftpm/xcode
builtin-SwiftPerFileCompile MathtoolsOptions.swift
SwiftMergeGeneratedHeaders /Users/admin/builder/spi-builder-workspace/.derivedData/Build/Intermediates.noindex/GeneratedModuleMaps-xros/MathJaxSwift-Swift.h /Users/admin/builder/spi-builder-workspace/.derivedData/Build/Intermediates.noindex/MathJaxSwift.build/Debug-xros/MathJaxSwift-t.build/Objects-normal/arm64/MathJaxSwift-Swift.h (in target 'MathJaxSwift' from project 'MathJaxSwift')
cd /Users/admin/builder/spi-builder-workspace/.dependencies/checkouts/MathJaxSwift
builtin-swiftHeaderTool -arch arm64 /Users/admin/builder/spi-builder-workspace/.derivedData/Build/Intermediates.noindex/MathJaxSwift.build/Debug-xros/MathJaxSwift-t.build/Objects-normal/arm64/MathJaxSwift-Swift.h -o /Users/admin/builder/spi-builder-workspace/.derivedData/Build/Intermediates.noindex/GeneratedModuleMaps-xros/MathJaxSwift-Swift.h
SwiftDriverJobDiscovery normal arm64 Compiling Parser.XML.Filter.swift, Parser.XML.Image.swift, Parser.XML.LinearGradient.swift, Parser.XML.Path.swift (in target 'SwiftDrawDOM' from project 'SwiftDraw')
Copy /Users/admin/builder/spi-builder-workspace/.derivedData/Build/Products/Debug-xros/MathJaxSwift.swiftmodule/arm64-apple-xros.swiftmodule /Users/admin/builder/spi-builder-workspace/.derivedData/Build/Intermediates.noindex/MathJaxSwift.build/Debug-xros/MathJaxSwift-t.build/Objects-normal/arm64/MathJaxSwift.swiftmodule (in target 'MathJaxSwift' from project 'MathJaxSwift')
cd /Users/admin/builder/spi-builder-workspace/.dependencies/checkouts/MathJaxSwift
builtin-copy -exclude .DS_Store -exclude CVS -exclude .svn -exclude .git -exclude .hg -resolve-src-symlinks -rename /Users/admin/builder/spi-builder-workspace/.derivedData/Build/Intermediates.noindex/MathJaxSwift.build/Debug-xros/MathJaxSwift-t.build/Objects-normal/arm64/MathJaxSwift.swiftmodule /Users/admin/builder/spi-builder-workspace/.derivedData/Build/Products/Debug-xros/MathJaxSwift.swiftmodule/arm64-apple-xros.swiftmodule
Copy /Users/admin/builder/spi-builder-workspace/.derivedData/Build/Products/Debug-xros/MathJaxSwift.swiftmodule/arm64-apple-xros.swiftdoc /Users/admin/builder/spi-builder-workspace/.derivedData/Build/Intermediates.noindex/MathJaxSwift.build/Debug-xros/MathJaxSwift-t.build/Objects-normal/arm64/MathJaxSwift.swiftdoc (in target 'MathJaxSwift' from project 'MathJaxSwift')
cd /Users/admin/builder/spi-builder-workspace/.dependencies/checkouts/MathJaxSwift
builtin-copy -exclude .DS_Store -exclude CVS -exclude .svn -exclude .git -exclude .hg -resolve-src-symlinks -rename /Users/admin/builder/spi-builder-workspace/.derivedData/Build/Intermediates.noindex/MathJaxSwift.build/Debug-xros/MathJaxSwift-t.build/Objects-normal/arm64/MathJaxSwift.swiftdoc /Users/admin/builder/spi-builder-workspace/.derivedData/Build/Products/Debug-xros/MathJaxSwift.swiftmodule/arm64-apple-xros.swiftdoc
Copy /Users/admin/builder/spi-builder-workspace/.derivedData/Build/Products/Debug-xros/MathJaxSwift.swiftmodule/arm64-apple-xros.abi.json /Users/admin/builder/spi-builder-workspace/.derivedData/Build/Intermediates.noindex/MathJaxSwift.build/Debug-xros/MathJaxSwift-t.build/Objects-normal/arm64/MathJaxSwift.abi.json (in target 'MathJaxSwift' from project 'MathJaxSwift')
cd /Users/admin/builder/spi-builder-workspace/.dependencies/checkouts/MathJaxSwift
builtin-copy -exclude .DS_Store -exclude CVS -exclude .svn -exclude .git -exclude .hg -resolve-src-symlinks -rename /Users/admin/builder/spi-builder-workspace/.derivedData/Build/Intermediates.noindex/MathJaxSwift.build/Debug-xros/MathJaxSwift-t.build/Objects-normal/arm64/MathJaxSwift.abi.json /Users/admin/builder/spi-builder-workspace/.derivedData/Build/Products/Debug-xros/MathJaxSwift.swiftmodule/arm64-apple-xros.abi.json
Copy /Users/admin/builder/spi-builder-workspace/.derivedData/Build/Products/Debug-xros/MathJaxSwift.swiftmodule/Project/arm64-apple-xros.swiftsourceinfo /Users/admin/builder/spi-builder-workspace/.derivedData/Build/Intermediates.noindex/MathJaxSwift.build/Debug-xros/MathJaxSwift-t.build/Objects-normal/arm64/MathJaxSwift.swiftsourceinfo (in target 'MathJaxSwift' from project 'MathJaxSwift')
cd /Users/admin/builder/spi-builder-workspace/.dependencies/checkouts/MathJaxSwift
builtin-copy -exclude .DS_Store -exclude CVS -exclude .svn -exclude .git -exclude .hg -resolve-src-symlinks -rename /Users/admin/builder/spi-builder-workspace/.derivedData/Build/Intermediates.noindex/MathJaxSwift.build/Debug-xros/MathJaxSwift-t.build/Objects-normal/arm64/MathJaxSwift.swiftsourceinfo /Users/admin/builder/spi-builder-workspace/.derivedData/Build/Products/Debug-xros/MathJaxSwift.swiftmodule/Project/arm64-apple-xros.swiftsourceinfo
SwiftCompile normal arm64 Compiling\ MenuOptions.swift,\ MenuOptionsSettings.swift,\ SREOptions.swift,\ AllowOptions.swift,\ SafeOptions.swift /Users/admin/builder/spi-builder-workspace/.dependencies/checkouts/MathJaxSwift/Sources/MathJaxSwift/Options/Document/Menu/MenuOptions.swift /Users/admin/builder/spi-builder-workspace/.dependencies/checkouts/MathJaxSwift/Sources/MathJaxSwift/Options/Document/Menu/MenuOptionsSettings.swift /Users/admin/builder/spi-builder-workspace/.dependencies/checkouts/MathJaxSwift/Sources/MathJaxSwift/Options/Document/SREOptions.swift /Users/admin/builder/spi-builder-workspace/.dependencies/checkouts/MathJaxSwift/Sources/MathJaxSwift/Options/Document/Safe/AllowOptions.swift /Users/admin/builder/spi-builder-workspace/.dependencies/checkouts/MathJaxSwift/Sources/MathJaxSwift/Options/Document/Safe/SafeOptions.swift (in target 'MathJaxSwift' from project 'MathJaxSwift')
SwiftCompile normal arm64 /Users/admin/builder/spi-builder-workspace/.dependencies/checkouts/MathJaxSwift/Sources/MathJaxSwift/Options/Document/Menu/MenuOptions.swift (in target 'MathJaxSwift' from project 'MathJaxSwift')
cd /Users/admin/builder/spi-builder-workspace/.swiftpm/xcode
builtin-SwiftPerFileCompile MenuOptions.swift
SwiftCompile normal arm64 /Users/admin/builder/spi-builder-workspace/.dependencies/checkouts/MathJaxSwift/Sources/MathJaxSwift/Options/Document/Menu/MenuOptionsSettings.swift (in target 'MathJaxSwift' from project 'MathJaxSwift')
cd /Users/admin/builder/spi-builder-workspace/.swiftpm/xcode
builtin-SwiftPerFileCompile MenuOptionsSettings.swift
SwiftCompile normal arm64 /Users/admin/builder/spi-builder-workspace/.dependencies/checkouts/MathJaxSwift/Sources/MathJaxSwift/Options/Document/SREOptions.swift (in target 'MathJaxSwift' from project 'MathJaxSwift')
cd /Users/admin/builder/spi-builder-workspace/.swiftpm/xcode
builtin-SwiftPerFileCompile SREOptions.swift
SwiftCompile normal arm64 /Users/admin/builder/spi-builder-workspace/.dependencies/checkouts/MathJaxSwift/Sources/MathJaxSwift/Options/Document/Safe/AllowOptions.swift (in target 'MathJaxSwift' from project 'MathJaxSwift')
cd /Users/admin/builder/spi-builder-workspace/.swiftpm/xcode
builtin-SwiftPerFileCompile AllowOptions.swift
SwiftCompile normal arm64 /Users/admin/builder/spi-builder-workspace/.dependencies/checkouts/MathJaxSwift/Sources/MathJaxSwift/Options/Document/Safe/SafeOptions.swift (in target 'MathJaxSwift' from project 'MathJaxSwift')
cd /Users/admin/builder/spi-builder-workspace/.swiftpm/xcode
builtin-SwiftPerFileCompile SafeOptions.swift
SwiftCompile normal arm64 Compiling\ SpeechParser.swift,\ MathJax.swift,\ ConversionOptions.swift,\ A11YOptions.swift,\ DocumentOptions.swift /Users/admin/builder/spi-builder-workspace/.dependencies/checkouts/MathJaxSwift/Sources/MathJaxSwift/Internal/Parsing/SpeechParser.swift /Users/admin/builder/spi-builder-workspace/.dependencies/checkouts/MathJaxSwift/Sources/MathJaxSwift/MathJax.swift /Users/admin/builder/spi-builder-workspace/.dependencies/checkouts/MathJaxSwift/Sources/MathJaxSwift/Options/ConversionOptions.swift /Users/admin/builder/spi-builder-workspace/.dependencies/checkouts/MathJaxSwift/Sources/MathJaxSwift/Options/Document/A11YOptions.swift /Users/admin/builder/spi-builder-workspace/.dependencies/checkouts/MathJaxSwift/Sources/MathJaxSwift/Options/Document/DocumentOptions.swift (in target 'MathJaxSwift' from project 'MathJaxSwift')
SwiftCompile normal arm64 /Users/admin/builder/spi-builder-workspace/.dependencies/checkouts/MathJaxSwift/Sources/MathJaxSwift/Internal/Parsing/SpeechParser.swift (in target 'MathJaxSwift' from project 'MathJaxSwift')
cd /Users/admin/builder/spi-builder-workspace/.swiftpm/xcode
builtin-SwiftPerFileCompile SpeechParser.swift
SwiftCompile normal arm64 /Users/admin/builder/spi-builder-workspace/.dependencies/checkouts/MathJaxSwift/Sources/MathJaxSwift/MathJax.swift (in target 'MathJaxSwift' from project 'MathJaxSwift')
cd /Users/admin/builder/spi-builder-workspace/.swiftpm/xcode
builtin-SwiftPerFileCompile MathJax.swift
SwiftCompile normal arm64 /Users/admin/builder/spi-builder-workspace/.dependencies/checkouts/MathJaxSwift/Sources/MathJaxSwift/Options/ConversionOptions.swift (in target 'MathJaxSwift' from project 'MathJaxSwift')
cd /Users/admin/builder/spi-builder-workspace/.swiftpm/xcode
builtin-SwiftPerFileCompile ConversionOptions.swift
SwiftCompile normal arm64 /Users/admin/builder/spi-builder-workspace/.dependencies/checkouts/MathJaxSwift/Sources/MathJaxSwift/Options/Document/A11YOptions.swift (in target 'MathJaxSwift' from project 'MathJaxSwift')
cd /Users/admin/builder/spi-builder-workspace/.swiftpm/xcode
builtin-SwiftPerFileCompile A11YOptions.swift
SwiftCompile normal arm64 /Users/admin/builder/spi-builder-workspace/.dependencies/checkouts/MathJaxSwift/Sources/MathJaxSwift/Options/Document/DocumentOptions.swift (in target 'MathJaxSwift' from project 'MathJaxSwift')
cd /Users/admin/builder/spi-builder-workspace/.swiftpm/xcode
builtin-SwiftPerFileCompile DocumentOptions.swift
SwiftDriverJobDiscovery normal arm64 Compiling DOM.SVG.swift, DOM.Switch.swift, DOM.Text.swift, DOM.Use.swift (in target 'SwiftDrawDOM' from project 'SwiftDraw')
SwiftCompile normal arm64 Compiling\ resource_bundle_accessor.swift,\ AM2CHTML.swift,\ AM2MML.swift,\ AM2SVG.swift,\ MML2CHTML.swift,\ MML2SVG.swift /Users/admin/builder/spi-builder-workspace/.derivedData/Build/Intermediates.noindex/MathJaxSwift.build/Debug-xros/MathJaxSwift-t.build/DerivedSources/resource_bundle_accessor.swift /Users/admin/builder/spi-builder-workspace/.dependencies/checkouts/MathJaxSwift/Sources/MathJaxSwift/Conversions/AM/AM2CHTML.swift /Users/admin/builder/spi-builder-workspace/.dependencies/checkouts/MathJaxSwift/Sources/MathJaxSwift/Conversions/AM/AM2MML.swift /Users/admin/builder/spi-builder-workspace/.dependencies/checkouts/MathJaxSwift/Sources/MathJaxSwift/Conversions/AM/AM2SVG.swift /Users/admin/builder/spi-builder-workspace/.dependencies/checkouts/MathJaxSwift/Sources/MathJaxSwift/Conversions/MML/MML2CHTML.swift /Users/admin/builder/spi-builder-workspace/.dependencies/checkouts/MathJaxSwift/Sources/MathJaxSwift/Conversions/MML/MML2SVG.swift (in target 'MathJaxSwift' from project 'MathJaxSwift')
SwiftCompile normal arm64 /Users/admin/builder/spi-builder-workspace/.derivedData/Build/Intermediates.noindex/MathJaxSwift.build/Debug-xros/MathJaxSwift-t.build/DerivedSources/resource_bundle_accessor.swift (in target 'MathJaxSwift' from project 'MathJaxSwift')
cd /Users/admin/builder/spi-builder-workspace/.swiftpm/xcode
builtin-SwiftPerFileCompile resource_bundle_accessor.swift
SwiftCompile normal arm64 /Users/admin/builder/spi-builder-workspace/.dependencies/checkouts/MathJaxSwift/Sources/MathJaxSwift/Conversions/AM/AM2CHTML.swift (in target 'MathJaxSwift' from project 'MathJaxSwift')
cd /Users/admin/builder/spi-builder-workspace/.swiftpm/xcode
builtin-SwiftPerFileCompile AM2CHTML.swift
SwiftCompile normal arm64 /Users/admin/builder/spi-builder-workspace/.dependencies/checkouts/MathJaxSwift/Sources/MathJaxSwift/Conversions/AM/AM2MML.swift (in target 'MathJaxSwift' from project 'MathJaxSwift')
cd /Users/admin/builder/spi-builder-workspace/.swiftpm/xcode
builtin-SwiftPerFileCompile AM2MML.swift
SwiftCompile normal arm64 /Users/admin/builder/spi-builder-workspace/.dependencies/checkouts/MathJaxSwift/Sources/MathJaxSwift/Conversions/AM/AM2SVG.swift (in target 'MathJaxSwift' from project 'MathJaxSwift')
cd /Users/admin/builder/spi-builder-workspace/.swiftpm/xcode
builtin-SwiftPerFileCompile AM2SVG.swift
SwiftCompile normal arm64 /Users/admin/builder/spi-builder-workspace/.dependencies/checkouts/MathJaxSwift/Sources/MathJaxSwift/Conversions/MML/MML2CHTML.swift (in target 'MathJaxSwift' from project 'MathJaxSwift')
cd /Users/admin/builder/spi-builder-workspace/.swiftpm/xcode
builtin-SwiftPerFileCompile MML2CHTML.swift
SwiftCompile normal arm64 /Users/admin/builder/spi-builder-workspace/.dependencies/checkouts/MathJaxSwift/Sources/MathJaxSwift/Conversions/MML/MML2SVG.swift (in target 'MathJaxSwift' from project 'MathJaxSwift')
cd /Users/admin/builder/spi-builder-workspace/.swiftpm/xcode
builtin-SwiftPerFileCompile MML2SVG.swift
SwiftCompile normal arm64 Compiling\ SafeProtocols.swift,\ SafeStyles.swift,\ AMInputProcessorOptions.swift,\ InputProcessorOptions.swift,\ MMLInputProcessorOptions.swift /Users/admin/builder/spi-builder-workspace/.dependencies/checkouts/MathJaxSwift/Sources/MathJaxSwift/Options/Document/Safe/SafeProtocols.swift /Users/admin/builder/spi-builder-workspace/.dependencies/checkouts/MathJaxSwift/Sources/MathJaxSwift/Options/Document/Safe/SafeStyles.swift /Users/admin/builder/spi-builder-workspace/.dependencies/checkouts/MathJaxSwift/Sources/MathJaxSwift/Options/Input/AMInputProcessorOptions.swift /Users/admin/builder/spi-builder-workspace/.dependencies/checkouts/MathJaxSwift/Sources/MathJaxSwift/Options/Input/InputProcessorOptions.swift /Users/admin/builder/spi-builder-workspace/.dependencies/checkouts/MathJaxSwift/Sources/MathJaxSwift/Options/Input/MMLInputProcessorOptions.swift (in target 'MathJaxSwift' from project 'MathJaxSwift')
SwiftCompile normal arm64 /Users/admin/builder/spi-builder-workspace/.dependencies/checkouts/MathJaxSwift/Sources/MathJaxSwift/Options/Document/Safe/SafeProtocols.swift (in target 'MathJaxSwift' from project 'MathJaxSwift')
cd /Users/admin/builder/spi-builder-workspace/.swiftpm/xcode
builtin-SwiftPerFileCompile SafeProtocols.swift
SwiftCompile normal arm64 /Users/admin/builder/spi-builder-workspace/.dependencies/checkouts/MathJaxSwift/Sources/MathJaxSwift/Options/Document/Safe/SafeStyles.swift (in target 'MathJaxSwift' from project 'MathJaxSwift')
cd /Users/admin/builder/spi-builder-workspace/.swiftpm/xcode
builtin-SwiftPerFileCompile SafeStyles.swift
SwiftCompile normal arm64 /Users/admin/builder/spi-builder-workspace/.dependencies/checkouts/MathJaxSwift/Sources/MathJaxSwift/Options/Input/AMInputProcessorOptions.swift (in target 'MathJaxSwift' from project 'MathJaxSwift')
cd /Users/admin/builder/spi-builder-workspace/.swiftpm/xcode
builtin-SwiftPerFileCompile AMInputProcessorOptions.swift
SwiftCompile normal arm64 /Users/admin/builder/spi-builder-workspace/.dependencies/checkouts/MathJaxSwift/Sources/MathJaxSwift/Options/Input/InputProcessorOptions.swift (in target 'MathJaxSwift' from project 'MathJaxSwift')
cd /Users/admin/builder/spi-builder-workspace/.swiftpm/xcode
builtin-SwiftPerFileCompile InputProcessorOptions.swift
SwiftCompile normal arm64 /Users/admin/builder/spi-builder-workspace/.dependencies/checkouts/MathJaxSwift/Sources/MathJaxSwift/Options/Input/MMLInputProcessorOptions.swift (in target 'MathJaxSwift' from project 'MathJaxSwift')
cd /Users/admin/builder/spi-builder-workspace/.swiftpm/xcode
builtin-SwiftPerFileCompile MMLInputProcessorOptions.swift
SwiftCompile normal arm64 Compiling\ TeXInputProcessorOptions.swift,\ CHTMLOutputProcessorOptions.swift,\ LinebreakOptions.swift,\ OutputProcessorOptions.swift,\ SVGOutputProcessorOptions.swift /Users/admin/builder/spi-builder-workspace/.dependencies/checkouts/MathJaxSwift/Sources/MathJaxSwift/Options/Input/TeXInputProcessorOptions.swift /Users/admin/builder/spi-builder-workspace/.dependencies/checkouts/MathJaxSwift/Sources/MathJaxSwift/Options/Output/CHTMLOutputProcessorOptions.swift /Users/admin/builder/spi-builder-workspace/.dependencies/checkouts/MathJaxSwift/Sources/MathJaxSwift/Options/Output/LinebreakOptions.swift /Users/admin/builder/spi-builder-workspace/.dependencies/checkouts/MathJaxSwift/Sources/MathJaxSwift/Options/Output/OutputProcessorOptions.swift /Users/admin/builder/spi-builder-workspace/.dependencies/checkouts/MathJaxSwift/Sources/MathJaxSwift/Options/Output/SVGOutputProcessorOptions.swift (in target 'MathJaxSwift' from project 'MathJaxSwift')
SwiftCompile normal arm64 /Users/admin/builder/spi-builder-workspace/.dependencies/checkouts/MathJaxSwift/Sources/MathJaxSwift/Options/Input/TeXInputProcessorOptions.swift (in target 'MathJaxSwift' from project 'MathJaxSwift')
cd /Users/admin/builder/spi-builder-workspace/.swiftpm/xcode
builtin-SwiftPerFileCompile TeXInputProcessorOptions.swift
SwiftCompile normal arm64 /Users/admin/builder/spi-builder-workspace/.dependencies/checkouts/MathJaxSwift/Sources/MathJaxSwift/Options/Output/CHTMLOutputProcessorOptions.swift (in target 'MathJaxSwift' from project 'MathJaxSwift')
cd /Users/admin/builder/spi-builder-workspace/.swiftpm/xcode
builtin-SwiftPerFileCompile CHTMLOutputProcessorOptions.swift
SwiftCompile normal arm64 /Users/admin/builder/spi-builder-workspace/.dependencies/checkouts/MathJaxSwift/Sources/MathJaxSwift/Options/Output/LinebreakOptions.swift (in target 'MathJaxSwift' from project 'MathJaxSwift')
cd /Users/admin/builder/spi-builder-workspace/.swiftpm/xcode
builtin-SwiftPerFileCompile LinebreakOptions.swift
SwiftCompile normal arm64 /Users/admin/builder/spi-builder-workspace/.dependencies/checkouts/MathJaxSwift/Sources/MathJaxSwift/Options/Output/OutputProcessorOptions.swift (in target 'MathJaxSwift' from project 'MathJaxSwift')
cd /Users/admin/builder/spi-builder-workspace/.swiftpm/xcode
builtin-SwiftPerFileCompile OutputProcessorOptions.swift
SwiftCompile normal arm64 /Users/admin/builder/spi-builder-workspace/.dependencies/checkouts/MathJaxSwift/Sources/MathJaxSwift/Options/Output/SVGOutputProcessorOptions.swift (in target 'MathJaxSwift' from project 'MathJaxSwift')
cd /Users/admin/builder/spi-builder-workspace/.swiftpm/xcode
builtin-SwiftPerFileCompile SVGOutputProcessorOptions.swift
SwiftCompile normal arm64 Compiling\ TeX2SVG.swift,\ Constants.swift,\ Encodable+Dictionary.swift,\ Function.swift,\ MathJaxError.swift /Users/admin/builder/spi-builder-workspace/.dependencies/checkouts/MathJaxSwift/Sources/MathJaxSwift/Conversions/TeX/TeX2SVG.swift /Users/admin/builder/spi-builder-workspace/.dependencies/checkouts/MathJaxSwift/Sources/MathJaxSwift/Internal/Constants.swift /Users/admin/builder/spi-builder-workspace/.dependencies/checkouts/MathJaxSwift/Sources/MathJaxSwift/Internal/Encodable+Dictionary.swift /Users/admin/builder/spi-builder-workspace/.dependencies/checkouts/MathJaxSwift/Sources/MathJaxSwift/Internal/Function.swift /Users/admin/builder/spi-builder-workspace/.dependencies/checkouts/MathJaxSwift/Sources/MathJaxSwift/Internal/MathJaxError.swift (in target 'MathJaxSwift' from project 'MathJaxSwift')
SwiftCompile normal arm64 /Users/admin/builder/spi-builder-workspace/.dependencies/checkouts/MathJaxSwift/Sources/MathJaxSwift/Conversions/TeX/TeX2SVG.swift (in target 'MathJaxSwift' from project 'MathJaxSwift')
cd /Users/admin/builder/spi-builder-workspace/.swiftpm/xcode
builtin-SwiftPerFileCompile TeX2SVG.swift
SwiftCompile normal arm64 /Users/admin/builder/spi-builder-workspace/.dependencies/checkouts/MathJaxSwift/Sources/MathJaxSwift/Internal/Constants.swift (in target 'MathJaxSwift' from project 'MathJaxSwift')
cd /Users/admin/builder/spi-builder-workspace/.swiftpm/xcode
builtin-SwiftPerFileCompile Constants.swift
SwiftCompile normal arm64 /Users/admin/builder/spi-builder-workspace/.dependencies/checkouts/MathJaxSwift/Sources/MathJaxSwift/Internal/Encodable+Dictionary.swift (in target 'MathJaxSwift' from project 'MathJaxSwift')
cd /Users/admin/builder/spi-builder-workspace/.swiftpm/xcode
builtin-SwiftPerFileCompile Encodable+Dictionary.swift
SwiftCompile normal arm64 /Users/admin/builder/spi-builder-workspace/.dependencies/checkouts/MathJaxSwift/Sources/MathJaxSwift/Internal/Function.swift (in target 'MathJaxSwift' from project 'MathJaxSwift')
cd /Users/admin/builder/spi-builder-workspace/.swiftpm/xcode
builtin-SwiftPerFileCompile Function.swift
SwiftCompile normal arm64 /Users/admin/builder/spi-builder-workspace/.dependencies/checkouts/MathJaxSwift/Sources/MathJaxSwift/Internal/MathJaxError.swift (in target 'MathJaxSwift' from project 'MathJaxSwift')
cd /Users/admin/builder/spi-builder-workspace/.swiftpm/xcode
builtin-SwiftPerFileCompile MathJaxError.swift
SwiftCompile normal arm64 Compiling\ PackageLock.swift,\ HTMLParser.swift,\ MMLParser.swift,\ Parser.swift,\ SVGParser.swift /Users/admin/builder/spi-builder-workspace/.dependencies/checkouts/MathJaxSwift/Sources/MathJaxSwift/Internal/PackageLock.swift /Users/admin/builder/spi-builder-workspace/.dependencies/checkouts/MathJaxSwift/Sources/MathJaxSwift/Internal/Parsing/HTMLParser.swift /Users/admin/builder/spi-builder-workspace/.dependencies/checkouts/MathJaxSwift/Sources/MathJaxSwift/Internal/Parsing/MMLParser.swift /Users/admin/builder/spi-builder-workspace/.dependencies/checkouts/MathJaxSwift/Sources/MathJaxSwift/Internal/Parsing/Parser.swift /Users/admin/builder/spi-builder-workspace/.dependencies/checkouts/MathJaxSwift/Sources/MathJaxSwift/Internal/Parsing/SVGParser.swift (in target 'MathJaxSwift' from project 'MathJaxSwift')
SwiftCompile normal arm64 /Users/admin/builder/spi-builder-workspace/.dependencies/checkouts/MathJaxSwift/Sources/MathJaxSwift/Internal/PackageLock.swift (in target 'MathJaxSwift' from project 'MathJaxSwift')
cd /Users/admin/builder/spi-builder-workspace/.swiftpm/xcode
builtin-SwiftPerFileCompile PackageLock.swift
SwiftCompile normal arm64 /Users/admin/builder/spi-builder-workspace/.dependencies/checkouts/MathJaxSwift/Sources/MathJaxSwift/Internal/Parsing/HTMLParser.swift (in target 'MathJaxSwift' from project 'MathJaxSwift')
cd /Users/admin/builder/spi-builder-workspace/.swiftpm/xcode
builtin-SwiftPerFileCompile HTMLParser.swift
SwiftCompile normal arm64 /Users/admin/builder/spi-builder-workspace/.dependencies/checkouts/MathJaxSwift/Sources/MathJaxSwift/Internal/Parsing/MMLParser.swift (in target 'MathJaxSwift' from project 'MathJaxSwift')
cd /Users/admin/builder/spi-builder-workspace/.swiftpm/xcode
builtin-SwiftPerFileCompile MMLParser.swift
SwiftCompile normal arm64 /Users/admin/builder/spi-builder-workspace/.dependencies/checkouts/MathJaxSwift/Sources/MathJaxSwift/Internal/Parsing/Parser.swift (in target 'MathJaxSwift' from project 'MathJaxSwift')
cd /Users/admin/builder/spi-builder-workspace/.swiftpm/xcode
builtin-SwiftPerFileCompile Parser.swift
SwiftCompile normal arm64 /Users/admin/builder/spi-builder-workspace/.dependencies/checkouts/MathJaxSwift/Sources/MathJaxSwift/Internal/Parsing/SVGParser.swift (in target 'MathJaxSwift' from project 'MathJaxSwift')
cd /Users/admin/builder/spi-builder-workspace/.swiftpm/xcode
builtin-SwiftPerFileCompile SVGParser.swift
SwiftDriverJobDiscovery normal arm64 Compiling Parser.XML.swift, TextOutputStream+StandardError.swift, URL+Data.swift (in target 'SwiftDrawDOM' from project 'SwiftDraw')
SwiftDriverJobDiscovery normal arm64 Compiling DOM.Pattern.swift, DOM.PresentationAttributes.swift, DOM.RadialGradient.swift, DOM.SVG+Parse.swift (in target 'SwiftDrawDOM' from project 'SwiftDraw')
SwiftDriverJobDiscovery normal arm64 Compiling DOM.FontFace.swift, DOM.Image.swift, DOM.LinearGradient.swift, DOM.Path.swift (in target 'SwiftDrawDOM' from project 'SwiftDraw')
SwiftCompile normal arm64 Compiling\ AM2Speech.swift,\ MML2Speech.swift,\ TeX2Speech.swift,\ TeX2CHTML.swift,\ TeX2MML.swift /Users/admin/builder/spi-builder-workspace/.dependencies/checkouts/MathJaxSwift/Sources/MathJaxSwift/Conversions/Speech/AM2Speech.swift /Users/admin/builder/spi-builder-workspace/.dependencies/checkouts/MathJaxSwift/Sources/MathJaxSwift/Conversions/Speech/MML2Speech.swift /Users/admin/builder/spi-builder-workspace/.dependencies/checkouts/MathJaxSwift/Sources/MathJaxSwift/Conversions/Speech/TeX2Speech.swift /Users/admin/builder/spi-builder-workspace/.dependencies/checkouts/MathJaxSwift/Sources/MathJaxSwift/Conversions/TeX/TeX2CHTML.swift /Users/admin/builder/spi-builder-workspace/.dependencies/checkouts/MathJaxSwift/Sources/MathJaxSwift/Conversions/TeX/TeX2MML.swift (in target 'MathJaxSwift' from project 'MathJaxSwift')
SwiftCompile normal arm64 /Users/admin/builder/spi-builder-workspace/.dependencies/checkouts/MathJaxSwift/Sources/MathJaxSwift/Conversions/Speech/AM2Speech.swift (in target 'MathJaxSwift' from project 'MathJaxSwift')
cd /Users/admin/builder/spi-builder-workspace/.swiftpm/xcode
builtin-SwiftPerFileCompile AM2Speech.swift
SwiftCompile normal arm64 /Users/admin/builder/spi-builder-workspace/.dependencies/checkouts/MathJaxSwift/Sources/MathJaxSwift/Conversions/Speech/MML2Speech.swift (in target 'MathJaxSwift' from project 'MathJaxSwift')
cd /Users/admin/builder/spi-builder-workspace/.swiftpm/xcode
builtin-SwiftPerFileCompile MML2Speech.swift
SwiftCompile normal arm64 /Users/admin/builder/spi-builder-workspace/.dependencies/checkouts/MathJaxSwift/Sources/MathJaxSwift/Conversions/Speech/TeX2Speech.swift (in target 'MathJaxSwift' from project 'MathJaxSwift')
cd /Users/admin/builder/spi-builder-workspace/.swiftpm/xcode
builtin-SwiftPerFileCompile TeX2Speech.swift
SwiftCompile normal arm64 /Users/admin/builder/spi-builder-workspace/.dependencies/checkouts/MathJaxSwift/Sources/MathJaxSwift/Conversions/TeX/TeX2CHTML.swift (in target 'MathJaxSwift' from project 'MathJaxSwift')
cd /Users/admin/builder/spi-builder-workspace/.swiftpm/xcode
builtin-SwiftPerFileCompile TeX2CHTML.swift
SwiftCompile normal arm64 /Users/admin/builder/spi-builder-workspace/.dependencies/checkouts/MathJaxSwift/Sources/MathJaxSwift/Conversions/TeX/TeX2MML.swift (in target 'MathJaxSwift' from project 'MathJaxSwift')
cd /Users/admin/builder/spi-builder-workspace/.swiftpm/xcode
builtin-SwiftPerFileCompile TeX2MML.swift
SwiftDriverJobDiscovery normal arm64 Compiling Parser.XML.StyleSheet.swift, Parser.XML.Text.swift, Parser.XML.Transform.swift, Parser.XML.Use.swift (in target 'SwiftDrawDOM' from project 'SwiftDraw')
SwiftDriverJobDiscovery normal arm64 Compiling DOM+Extensions.swift, DOM.Color.swift, DOM.Element.swift, DOM.Filter.swift (in target 'SwiftDrawDOM' from project 'SwiftDraw')
SwiftDriverJobDiscovery normal arm64 Compiling Parser.XML.Pattern.swift, Parser.XML.RadialGradient.swift, Parser.XML.SVG.swift, Parser.XML.Scanner.swift (in target 'SwiftDrawDOM' from project 'SwiftDraw')
SwiftDriverJobDiscovery normal arm64 Compiling DOM.swift, Parser.XML.Attributes.swift, Parser.XML.Color.swift, Parser.XML.Element.swift (in target 'SwiftDrawDOM' from project 'SwiftDraw')
SwiftCompile normal arm64 Compiling\ NoundefinedOptions.swift,\ PhysicsOptions.swift,\ RequireOptions.swift,\ SetOptions.swift,\ TagFormatOptions.swift /Users/admin/builder/spi-builder-workspace/.dependencies/checkouts/MathJaxSwift/Sources/MathJaxSwift/Options/Input/TeX\ Packages/NoundefinedOptions.swift /Users/admin/builder/spi-builder-workspace/.dependencies/checkouts/MathJaxSwift/Sources/MathJaxSwift/Options/Input/TeX\ Packages/PhysicsOptions.swift /Users/admin/builder/spi-builder-workspace/.dependencies/checkouts/MathJaxSwift/Sources/MathJaxSwift/Options/Input/TeX\ Packages/RequireOptions.swift /Users/admin/builder/spi-builder-workspace/.dependencies/checkouts/MathJaxSwift/Sources/MathJaxSwift/Options/Input/TeX\ Packages/SetOptions.swift /Users/admin/builder/spi-builder-workspace/.dependencies/checkouts/MathJaxSwift/Sources/MathJaxSwift/Options/Input/TeX\ Packages/TagFormatOptions.swift (in target 'MathJaxSwift' from project 'MathJaxSwift')
SwiftCompile normal arm64 /Users/admin/builder/spi-builder-workspace/.dependencies/checkouts/MathJaxSwift/Sources/MathJaxSwift/Options/Input/TeX\ Packages/NoundefinedOptions.swift (in target 'MathJaxSwift' from project 'MathJaxSwift')
cd /Users/admin/builder/spi-builder-workspace/.swiftpm/xcode
builtin-SwiftPerFileCompile NoundefinedOptions.swift
SwiftCompile normal arm64 /Users/admin/builder/spi-builder-workspace/.dependencies/checkouts/MathJaxSwift/Sources/MathJaxSwift/Options/Input/TeX\ Packages/PhysicsOptions.swift (in target 'MathJaxSwift' from project 'MathJaxSwift')
cd /Users/admin/builder/spi-builder-workspace/.swiftpm/xcode
builtin-SwiftPerFileCompile PhysicsOptions.swift
SwiftCompile normal arm64 /Users/admin/builder/spi-builder-workspace/.dependencies/checkouts/MathJaxSwift/Sources/MathJaxSwift/Options/Input/TeX\ Packages/RequireOptions.swift (in target 'MathJaxSwift' from project 'MathJaxSwift')
cd /Users/admin/builder/spi-builder-workspace/.swiftpm/xcode
builtin-SwiftPerFileCompile RequireOptions.swift
SwiftCompile normal arm64 /Users/admin/builder/spi-builder-workspace/.dependencies/checkouts/MathJaxSwift/Sources/MathJaxSwift/Options/Input/TeX\ Packages/SetOptions.swift (in target 'MathJaxSwift' from project 'MathJaxSwift')
cd /Users/admin/builder/spi-builder-workspace/.swiftpm/xcode
builtin-SwiftPerFileCompile SetOptions.swift
SwiftCompile normal arm64 /Users/admin/builder/spi-builder-workspace/.dependencies/checkouts/MathJaxSwift/Sources/MathJaxSwift/Options/Input/TeX\ Packages/TagFormatOptions.swift (in target 'MathJaxSwift' from project 'MathJaxSwift')
cd /Users/admin/builder/spi-builder-workspace/.swiftpm/xcode
builtin-SwiftPerFileCompile TagFormatOptions.swift
SwiftDriver\ Compilation SwiftDrawDOM normal arm64 com.apple.xcode.tools.swift.compiler (in target 'SwiftDrawDOM' from project 'SwiftDraw')
cd /Users/admin/builder/spi-builder-workspace/.swiftpm/xcode
builtin-Swift-Compilation -- /Applications/Xcode-27.0.0-Release.Candidate.app/Contents/Developer/Toolchains/XcodeDefault.xctoolchain/usr/bin/swiftc -parse-as-library -module-name SwiftDrawDOM -Onone @/Users/admin/builder/spi-builder-workspace/.derivedData/Build/Intermediates.noindex/SwiftDraw.build/Debug-xros/SwiftDrawDOM-t.build/Objects-normal/arm64/SwiftDrawDOM.SwiftFileList -DSWIFT_PACKAGE -DDEBUG -DSWIFT_MODULE_RESOURCE_BUNDLE_UNAVAILABLE -DXcode -plugin-path /Applications/Xcode-27.0.0-Release.Candidate.app/Contents/Developer/Toolchains/XcodeDefault.xctoolchain/usr/lib/swift/host/plugins/testing -enable-experimental-feature DebugDescriptionMacro -sdk /Applications/Xcode-27.0.0-Release.Candidate.app/Contents/Developer/Platforms/XROS.platform/Developer/SDKs/XROS27.0.sdk -target arm64-apple-xros1.0 -g -module-cache-path /Users/admin/builder/spi-builder-workspace/.derivedData/ModuleCache.noindex -Xfrontend -serialize-debugging-options -profile-coverage-mapping -profile-generate -enable-testing -suppress-warnings -index-store-path /Users/admin/builder/spi-builder-workspace/.derivedData/Index.noindex/DataStore -Xcc -D_LIBCPP_HARDENING_MODE\=_LIBCPP_HARDENING_MODE_DEBUG -swift-version 6 -I /Users/admin/builder/spi-builder-workspace/.derivedData/Build/Products/Debug-xros -Isystem /Applications/Xcode-27.0.0-Release.Candidate.app/Contents/Developer/Platforms/XROS.platform/Developer/usr/lib -F /Users/admin/builder/spi-builder-workspace/.derivedData/Build/Products/Debug-xros -F /Applications/Xcode-27.0.0-Release.Candidate.app/Contents/Developer/Platforms/XROS.platform/Developer/Library/Frameworks -F /Applications/Xcode-27.0.0-Release.Candidate.app/Contents/Developer/Platforms/XROS.platform/Developer/SDKs/XROS27.0.sdk/Developer/Library/Frameworks -c -j10 -enable-batch-mode -incremental -Xcc -ivfsstatcache -Xcc /Users/admin/builder/spi-builder-workspace/.derivedData/SDKStatCaches.noindex/xros27.0-24M361-e829b21a6f8c9b70876ba0858053c044735bd543db762f57723cac368afd1ce4.sdkstatcache -output-file-map /Users/admin/builder/spi-builder-workspace/.derivedData/Build/Intermediates.noindex/SwiftDraw.build/Debug-xros/SwiftDrawDOM-t.build/Objects-normal/arm64/SwiftDrawDOM-OutputFileMap.json -save-temps -no-color-diagnostics -explicit-module-build -module-cache-path /Users/admin/builder/spi-builder-workspace/.derivedData/Build/Intermediates.noindex/SwiftExplicitPrecompiledModules -clang-scanner-module-cache-path /Users/admin/builder/spi-builder-workspace/.derivedData/ModuleCache.noindex -sdk-module-cache-path /Users/admin/builder/spi-builder-workspace/.derivedData/SDKExplicitPrecompiledModules -emit-dependencies -emit-module -emit-module-path /Users/admin/builder/spi-builder-workspace/.derivedData/Build/Intermediates.noindex/SwiftDraw.build/Debug-xros/SwiftDrawDOM-t.build/Objects-normal/arm64/SwiftDrawDOM.swiftmodule -serialize-diagnostics -dependency-scan-serialize-diagnostics-path /Users/admin/builder/spi-builder-workspace/.derivedData/Build/Intermediates.noindex/SwiftDraw.build/Debug-xros/SwiftDrawDOM-t.build/Objects-normal/arm64/SwiftDrawDOM-dependency-scan.dia -user-module-version 0.29.0 -validate-clang-modules-once -clang-build-session-file /Users/admin/builder/spi-builder-workspace/.derivedData/ModuleCache.noindex/Session.modulevalidation -Xcc -fmodules-prune-interval\=86400 -Xcc -fmodules-prune-after\=345600 -package-name swiftdraw -emit-const-values -const-gather-protocols-list /Users/admin/builder/spi-builder-workspace/.derivedData/Build/Intermediates.noindex/SwiftDraw.build/Debug-xros/SwiftDrawDOM-t.build/Objects-normal/arm64/SwiftDrawDOM_const_extract_protocols.json -Xcc -I/Users/admin/builder/spi-builder-workspace/.derivedData/Build/Products/Debug-xros/include -Xcc -I/Users/admin/builder/spi-builder-workspace/.derivedData/Build/Intermediates.noindex/SwiftDraw.build/Debug-xros/SwiftDrawDOM-t.build/DerivedSources-normal/arm64 -Xcc -I/Users/admin/builder/spi-builder-workspace/.derivedData/Build/Intermediates.noindex/SwiftDraw.build/Debug-xros/SwiftDrawDOM-t.build/DerivedSources/arm64 -Xcc -I/Users/admin/builder/spi-builder-workspace/.derivedData/Build/Intermediates.noindex/SwiftDraw.build/Debug-xros/SwiftDrawDOM-t.build/DerivedSources -Xcc -DSWIFT_PACKAGE -Xcc -DDEBUG\=1 -emit-objc-header -emit-objc-header-path /Users/admin/builder/spi-builder-workspace/.derivedData/Build/Intermediates.noindex/SwiftDraw.build/Debug-xros/SwiftDrawDOM-t.build/Objects-normal/arm64/SwiftDrawDOM-Swift.h -working-directory /Users/admin/builder/spi-builder-workspace/.swiftpm/xcode -experimental-emit-module-separately -disable-cmo
SwiftDriverJobDiscovery normal arm64 Compiling PackageLock.swift, HTMLParser.swift, MMLParser.swift, Parser.swift, SVGParser.swift (in target 'MathJaxSwift' from project 'MathJaxSwift')
SwiftDriver\ Compilation HTMLEntities normal arm64 com.apple.xcode.tools.swift.compiler (in target 'HTMLEntities' from project 'HTMLEntities')
cd /Users/admin/builder/spi-builder-workspace/.swiftpm/xcode
builtin-Swift-Compilation -- /Applications/Xcode-27.0.0-Release.Candidate.app/Contents/Developer/Toolchains/XcodeDefault.xctoolchain/usr/bin/swiftc -parse-as-library -module-name HTMLEntities -Onone @/Users/admin/builder/spi-builder-workspace/.derivedData/Build/Intermediates.noindex/HTMLEntities.build/Debug-xros/HTMLEntities-t.build/Objects-normal/arm64/HTMLEntities.SwiftFileList -DSWIFT_PACKAGE -DDEBUG -DSWIFT_MODULE_RESOURCE_BUNDLE_UNAVAILABLE -DXcode -plugin-path /Applications/Xcode-27.0.0-Release.Candidate.app/Contents/Developer/Toolchains/XcodeDefault.xctoolchain/usr/lib/swift/host/plugins/testing -enable-experimental-feature DebugDescriptionMacro -sdk /Applications/Xcode-27.0.0-Release.Candidate.app/Contents/Developer/Platforms/XROS.platform/Developer/SDKs/XROS27.0.sdk -target arm64-apple-xros1.0 -g -module-cache-path /Users/admin/builder/spi-builder-workspace/.derivedData/ModuleCache.noindex -Xfrontend -serialize-debugging-options -profile-coverage-mapping -profile-generate -enable-testing -suppress-warnings -index-store-path /Users/admin/builder/spi-builder-workspace/.derivedData/Index.noindex/DataStore -Xcc -D_LIBCPP_HARDENING_MODE\=_LIBCPP_HARDENING_MODE_DEBUG -swift-version 5 -I /Users/admin/builder/spi-builder-workspace/.derivedData/Build/Products/Debug-xros -Isystem /Applications/Xcode-27.0.0-Release.Candidate.app/Contents/Developer/Platforms/XROS.platform/Developer/usr/lib -F /Users/admin/builder/spi-builder-workspace/.derivedData/Build/Products/Debug-xros -F /Applications/Xcode-27.0.0-Release.Candidate.app/Contents/Developer/Platforms/XROS.platform/Developer/Library/Frameworks -F /Applications/Xcode-27.0.0-Release.Candidate.app/Contents/Developer/Platforms/XROS.platform/Developer/SDKs/XROS27.0.sdk/Developer/Library/Frameworks -c -j10 -enable-batch-mode -incremental -Xcc -ivfsstatcache -Xcc /Users/admin/builder/spi-builder-workspace/.derivedData/SDKStatCaches.noindex/xros27.0-24M361-e829b21a6f8c9b70876ba0858053c044735bd543db762f57723cac368afd1ce4.sdkstatcache -output-file-map /Users/admin/builder/spi-builder-workspace/.derivedData/Build/Intermediates.noindex/HTMLEntities.build/Debug-xros/HTMLEntities-t.build/Objects-normal/arm64/HTMLEntities-OutputFileMap.json -save-temps -no-color-diagnostics -explicit-module-build -module-cache-path /Users/admin/builder/spi-builder-workspace/.derivedData/Build/Intermediates.noindex/SwiftExplicitPrecompiledModules -clang-scanner-module-cache-path /Users/admin/builder/spi-builder-workspace/.derivedData/ModuleCache.noindex -sdk-module-cache-path /Users/admin/builder/spi-builder-workspace/.derivedData/SDKExplicitPrecompiledModules -emit-dependencies -emit-module -emit-module-path /Users/admin/builder/spi-builder-workspace/.derivedData/Build/Intermediates.noindex/HTMLEntities.build/Debug-xros/HTMLEntities-t.build/Objects-normal/arm64/HTMLEntities.swiftmodule -serialize-diagnostics -dependency-scan-serialize-diagnostics-path /Users/admin/builder/spi-builder-workspace/.derivedData/Build/Intermediates.noindex/HTMLEntities.build/Debug-xros/HTMLEntities-t.build/Objects-normal/arm64/HTMLEntities-dependency-scan.dia -validate-clang-modules-once -clang-build-session-file /Users/admin/builder/spi-builder-workspace/.derivedData/ModuleCache.noindex/Session.modulevalidation -Xcc -fmodules-prune-interval\=86400 -Xcc -fmodules-prune-after\=345600 -emit-const-values -const-gather-protocols-list /Users/admin/builder/spi-builder-workspace/.derivedData/Build/Intermediates.noindex/HTMLEntities.build/Debug-xros/HTMLEntities-t.build/Objects-normal/arm64/HTMLEntities_const_extract_protocols.json -Xcc -I/Users/admin/builder/spi-builder-workspace/.derivedData/Build/Products/Debug-xros/include -Xcc -I/Users/admin/builder/spi-builder-workspace/.derivedData/Build/Intermediates.noindex/HTMLEntities.build/Debug-xros/HTMLEntities-t.build/DerivedSources-normal/arm64 -Xcc -I/Users/admin/builder/spi-builder-workspace/.derivedData/Build/Intermediates.noindex/HTMLEntities.build/Debug-xros/HTMLEntities-t.build/DerivedSources/arm64 -Xcc -I/Users/admin/builder/spi-builder-workspace/.derivedData/Build/Intermediates.noindex/HTMLEntities.build/Debug-xros/HTMLEntities-t.build/DerivedSources -Xcc -DSWIFT_PACKAGE -Xcc -DDEBUG\=1 -emit-objc-header -emit-objc-header-path /Users/admin/builder/spi-builder-workspace/.derivedData/Build/Intermediates.noindex/HTMLEntities.build/Debug-xros/HTMLEntities-t.build/Objects-normal/arm64/HTMLEntities-Swift.h -working-directory /Users/admin/builder/spi-builder-workspace/.swiftpm/xcode -experimental-emit-module-separately -disable-cmo
Ld /Users/admin/builder/spi-builder-workspace/.derivedData/Build/Products/Debug-xros/HTMLEntities.o normal (in target 'HTMLEntities' from project 'HTMLEntities')
cd /Users/admin/builder/spi-builder-workspace/.dependencies/checkouts/swift-html-entities
/Applications/Xcode-27.0.0-Release.Candidate.app/Contents/Developer/Toolchains/XcodeDefault.xctoolchain/usr/bin/clang -Xlinker -reproducible -target arm64-apple-xros1.0 -r -isysroot /Applications/Xcode-27.0.0-Release.Candidate.app/Contents/Developer/Platforms/XROS.platform/Developer/SDKs/XROS27.0.sdk -O0 -w -Xlinker -no_warn_duplicate_libraries -F/Users/admin/builder/spi-builder-workspace/.derivedData/Build/Intermediates.noindex/EagerLinkingTBDs/Debug-xros -F/Users/admin/builder/spi-builder-workspace/.derivedData/Build/Products/Debug-xros -iframework /Applications/Xcode-27.0.0-Release.Candidate.app/Contents/Developer/Platforms/XROS.platform/Developer/Library/Frameworks -iframework /Applications/Xcode-27.0.0-Release.Candidate.app/Contents/Developer/Platforms/XROS.platform/Developer/SDKs/XROS27.0.sdk/Developer/Library/Frameworks -filelist /Users/admin/builder/spi-builder-workspace/.derivedData/Build/Intermediates.noindex/HTMLEntities.build/Debug-xros/HTMLEntities-t.build/Objects-normal/arm64/HTMLEntities.LinkFileList -nostdlib -Xlinker -object_path_lto -Xlinker /Users/admin/builder/spi-builder-workspace/.derivedData/Build/Intermediates.noindex/HTMLEntities.build/Debug-xros/HTMLEntities-t.build/Objects-normal/arm64/HTMLEntities_lto.o -Xlinker -no_deduplicate -Xlinker -debug_variant -Xlinker -dependency_info -Xlinker /Users/admin/builder/spi-builder-workspace/.derivedData/Build/Intermediates.noindex/HTMLEntities.build/Debug-xros/HTMLEntities-t.build/Objects-normal/arm64/HTMLEntities_dependency_info.dat -fobjc-link-runtime -L/Applications/Xcode-27.0.0-Release.Candidate.app/Contents/Developer/Toolchains/XcodeDefault.xctoolchain/usr/lib/swift/xros -L/usr/lib/swift -Xlinker -add_ast_path -Xlinker /Users/admin/builder/spi-builder-workspace/.derivedData/Build/Intermediates.noindex/HTMLEntities.build/Debug-xros/HTMLEntities-t.build/Objects-normal/arm64/HTMLEntities.swiftmodule -o /Users/admin/builder/spi-builder-workspace/.derivedData/Build/Products/Debug-xros/HTMLEntities.o
Ld /Users/admin/builder/spi-builder-workspace/.derivedData/Build/Products/Debug-xros/SwiftDrawDOM.o normal (in target 'SwiftDrawDOM' from project 'SwiftDraw')
cd /Users/admin/builder/spi-builder-workspace/.dependencies/checkouts/SwiftDraw
/Applications/Xcode-27.0.0-Release.Candidate.app/Contents/Developer/Toolchains/XcodeDefault.xctoolchain/usr/bin/clang -Xlinker -reproducible -target arm64-apple-xros1.0 -r -isysroot /Applications/Xcode-27.0.0-Release.Candidate.app/Contents/Developer/Platforms/XROS.platform/Developer/SDKs/XROS27.0.sdk -O0 -w -Xlinker -no_warn_duplicate_libraries -F/Users/admin/builder/spi-builder-workspace/.derivedData/Build/Intermediates.noindex/EagerLinkingTBDs/Debug-xros -F/Users/admin/builder/spi-builder-workspace/.derivedData/Build/Products/Debug-xros -iframework /Applications/Xcode-27.0.0-Release.Candidate.app/Contents/Developer/Platforms/XROS.platform/Developer/Library/Frameworks -iframework /Applications/Xcode-27.0.0-Release.Candidate.app/Contents/Developer/Platforms/XROS.platform/Developer/SDKs/XROS27.0.sdk/Developer/Library/Frameworks -filelist /Users/admin/builder/spi-builder-workspace/.derivedData/Build/Intermediates.noindex/SwiftDraw.build/Debug-xros/SwiftDrawDOM-t.build/Objects-normal/arm64/SwiftDrawDOM.LinkFileList -nostdlib -Xlinker -object_path_lto -Xlinker /Users/admin/builder/spi-builder-workspace/.derivedData/Build/Intermediates.noindex/SwiftDraw.build/Debug-xros/SwiftDrawDOM-t.build/Objects-normal/arm64/SwiftDrawDOM_lto.o -Xlinker -no_deduplicate -Xlinker -debug_variant -Xlinker -dependency_info -Xlinker /Users/admin/builder/spi-builder-workspace/.derivedData/Build/Intermediates.noindex/SwiftDraw.build/Debug-xros/SwiftDrawDOM-t.build/Objects-normal/arm64/SwiftDrawDOM_dependency_info.dat -fobjc-link-runtime -L/Applications/Xcode-27.0.0-Release.Candidate.app/Contents/Developer/Toolchains/XcodeDefault.xctoolchain/usr/lib/swift/xros -L/usr/lib/swift -Xlinker -add_ast_path -Xlinker /Users/admin/builder/spi-builder-workspace/.derivedData/Build/Intermediates.noindex/SwiftDraw.build/Debug-xros/SwiftDrawDOM-t.build/Objects-normal/arm64/SwiftDrawDOM.swiftmodule -o /Users/admin/builder/spi-builder-workspace/.derivedData/Build/Products/Debug-xros/SwiftDrawDOM.o
ExtractAppIntentsMetadata (in target 'SwiftDrawDOM' from project 'SwiftDraw')
cd /Users/admin/builder/spi-builder-workspace/.dependencies/checkouts/SwiftDraw
/Applications/Xcode-27.0.0-Release.Candidate.app/Contents/Developer/Toolchains/XcodeDefault.xctoolchain/usr/bin/appintentsmetadataprocessor --toolchain-dir /var/run/com.apple.security.cryptexd/mnt/com.apple.MobileAsset.MetalToolchain-v27.1.266.1.BuW0Dd/Metal.xctoolchain --module-name SwiftDrawDOM --sdk-root /Applications/Xcode-27.0.0-Release.Candidate.app/Contents/Developer/Platforms/XROS.platform/Developer/SDKs/XROS27.0.sdk --xcode-version 27A266a --platform-family xrOS --deployment-target 1.0 --bundle-identifier swiftdraw.SwiftDrawDOM --output /Users/admin/builder/spi-builder-workspace/.derivedData/Build/Products/Debug-xros/SwiftDrawDOM.appintents --target-triple arm64-apple-xros1.0 --binary-file /Users/admin/builder/spi-builder-workspace/.derivedData/Build/Products/Debug-xros/SwiftDrawDOM.o --dependency-file /Users/admin/builder/spi-builder-workspace/.derivedData/Build/Intermediates.noindex/SwiftDraw.build/Debug-xros/SwiftDrawDOM-t.build/Objects-normal/arm64/SwiftDrawDOM_dependency_info.dat --stringsdata-file /Users/admin/builder/spi-builder-workspace/.derivedData/Build/Intermediates.noindex/SwiftDraw.build/Debug-xros/SwiftDrawDOM-t.build/Objects-normal/arm64/ExtractedAppShortcutsMetadata.stringsdata --source-file-list /Users/admin/builder/spi-builder-workspace/.derivedData/Build/Intermediates.noindex/SwiftDraw.build/Debug-xros/SwiftDrawDOM-t.build/Objects-normal/arm64/SwiftDrawDOM.SwiftFileList --metadata-file-list /Users/admin/builder/spi-builder-workspace/.derivedData/Build/Intermediates.noindex/SwiftDraw.build/Debug-xros/SwiftDrawDOM-t.build/SwiftDrawDOM.DependencyMetadataFileList --static-metadata-file-list /Users/admin/builder/spi-builder-workspace/.derivedData/Build/Intermediates.noindex/SwiftDraw.build/Debug-xros/SwiftDrawDOM-t.build/SwiftDrawDOM.DependencyStaticMetadataFileList --swift-const-vals-list /Users/admin/builder/spi-builder-workspace/.derivedData/Build/Intermediates.noindex/SwiftDraw.build/Debug-xros/SwiftDrawDOM-t.build/Objects-normal/arm64/SwiftDrawDOM.SwiftConstValuesFileList --force --compile-time-extraction --deployment-aware-processing --no-app-shortcuts-localization
2026-09-24 12:23:15.691 appintentsmetadataprocessor[925:5311] Starting appintentsmetadataprocessor export
2026-09-24 12:23:15.793 appintentsmetadataprocessor[925:5311] Extracted no relevant App Intents symbols, skipping writing output
SwiftDriverJobDiscovery normal arm64 Compiling TeX2SVG.swift, Constants.swift, Encodable+Dictionary.swift, Function.swift, MathJaxError.swift (in target 'MathJaxSwift' from project 'MathJaxSwift')
ExtractAppIntentsMetadata (in target 'HTMLEntities' from project 'HTMLEntities')
cd /Users/admin/builder/spi-builder-workspace/.dependencies/checkouts/swift-html-entities
/Applications/Xcode-27.0.0-Release.Candidate.app/Contents/Developer/Toolchains/XcodeDefault.xctoolchain/usr/bin/appintentsmetadataprocessor --toolchain-dir /var/run/com.apple.security.cryptexd/mnt/com.apple.MobileAsset.MetalToolchain-v27.1.266.1.BuW0Dd/Metal.xctoolchain --module-name HTMLEntities --sdk-root /Applications/Xcode-27.0.0-Release.Candidate.app/Contents/Developer/Platforms/XROS.platform/Developer/SDKs/XROS27.0.sdk --xcode-version 27A266a --platform-family xrOS --deployment-target 1.0 --bundle-identifier swift-html-entities.HTMLEntities --output /Users/admin/builder/spi-builder-workspace/.derivedData/Build/Products/Debug-xros/HTMLEntities.appintents --target-triple arm64-apple-xros1.0 --binary-file /Users/admin/builder/spi-builder-workspace/.derivedData/Build/Products/Debug-xros/HTMLEntities.o --dependency-file /Users/admin/builder/spi-builder-workspace/.derivedData/Build/Intermediates.noindex/HTMLEntities.build/Debug-xros/HTMLEntities-t.build/Objects-normal/arm64/HTMLEntities_dependency_info.dat --stringsdata-file /Users/admin/builder/spi-builder-workspace/.derivedData/Build/Intermediates.noindex/HTMLEntities.build/Debug-xros/HTMLEntities-t.build/Objects-normal/arm64/ExtractedAppShortcutsMetadata.stringsdata --source-file-list /Users/admin/builder/spi-builder-workspace/.derivedData/Build/Intermediates.noindex/HTMLEntities.build/Debug-xros/HTMLEntities-t.build/Objects-normal/arm64/HTMLEntities.SwiftFileList --metadata-file-list /Users/admin/builder/spi-builder-workspace/.derivedData/Build/Intermediates.noindex/HTMLEntities.build/Debug-xros/HTMLEntities-t.build/HTMLEntities.DependencyMetadataFileList --static-metadata-file-list /Users/admin/builder/spi-builder-workspace/.derivedData/Build/Intermediates.noindex/HTMLEntities.build/Debug-xros/HTMLEntities-t.build/HTMLEntities.DependencyStaticMetadataFileList --swift-const-vals-list /Users/admin/builder/spi-builder-workspace/.derivedData/Build/Intermediates.noindex/HTMLEntities.build/Debug-xros/HTMLEntities-t.build/Objects-normal/arm64/HTMLEntities.SwiftConstValuesFileList --force --compile-time-extraction --deployment-aware-processing --no-app-shortcuts-localization
2026-09-24 12:23:15.712 appintentsmetadataprocessor[926:5322] Starting appintentsmetadataprocessor export
2026-09-24 12:23:15.793 appintentsmetadataprocessor[926:5322] Extracted no relevant App Intents symbols, skipping writing output
SwiftDriverJobDiscovery normal arm64 Compiling AM2Speech.swift, MML2Speech.swift, TeX2Speech.swift, TeX2CHTML.swift, TeX2MML.swift (in target 'MathJaxSwift' from project 'MathJaxSwift')
SwiftDriver SwiftDraw normal arm64 com.apple.xcode.tools.swift.compiler (in target 'SwiftDraw' from project 'SwiftDraw')
cd /Users/admin/builder/spi-builder-workspace/.swiftpm/xcode
builtin-SwiftDriver -- /Applications/Xcode-27.0.0-Release.Candidate.app/Contents/Developer/Toolchains/XcodeDefault.xctoolchain/usr/bin/swiftc -parse-as-library -module-name SwiftDraw -Onone @/Users/admin/builder/spi-builder-workspace/.derivedData/Build/Intermediates.noindex/SwiftDraw.build/Debug-xros/SwiftDraw-t.build/Objects-normal/arm64/SwiftDraw.SwiftFileList -DSWIFT_PACKAGE -DDEBUG -DSWIFT_MODULE_RESOURCE_BUNDLE_UNAVAILABLE -DXcode -enable-upcoming-feature ExistentialAny -enable-upcoming-feature InternalImportsByDefault -enable-upcoming-feature MemberImportVisibility -plugin-path /Applications/Xcode-27.0.0-Release.Candidate.app/Contents/Developer/Toolchains/XcodeDefault.xctoolchain/usr/lib/swift/host/plugins/testing -enable-experimental-feature DebugDescriptionMacro -sdk /Applications/Xcode-27.0.0-Release.Candidate.app/Contents/Developer/Platforms/XROS.platform/Developer/SDKs/XROS27.0.sdk -target arm64-apple-xros1.0 -g -module-cache-path /Users/admin/builder/spi-builder-workspace/.derivedData/ModuleCache.noindex -Xfrontend -serialize-debugging-options -profile-coverage-mapping -profile-generate -enable-testing -suppress-warnings -index-store-path /Users/admin/builder/spi-builder-workspace/.derivedData/Index.noindex/DataStore -Xcc -D_LIBCPP_HARDENING_MODE\=_LIBCPP_HARDENING_MODE_DEBUG -swift-version 6 -I /Users/admin/builder/spi-builder-workspace/.derivedData/Build/Products/Debug-xros -Isystem /Applications/Xcode-27.0.0-Release.Candidate.app/Contents/Developer/Platforms/XROS.platform/Developer/usr/lib -F /Users/admin/builder/spi-builder-workspace/.derivedData/Build/Products/Debug-xros/PackageFrameworks -F /Users/admin/builder/spi-builder-workspace/.derivedData/Build/Products/Debug-xros -F /Applications/Xcode-27.0.0-Release.Candidate.app/Contents/Developer/Platforms/XROS.platform/Developer/Library/Frameworks -F /Applications/Xcode-27.0.0-Release.Candidate.app/Contents/Developer/Platforms/XROS.platform/Developer/SDKs/XROS27.0.sdk/Developer/Library/Frameworks -c -j10 -enable-batch-mode -incremental -Xcc -ivfsstatcache -Xcc /Users/admin/builder/spi-builder-workspace/.derivedData/SDKStatCaches.noindex/xros27.0-24M361-e829b21a6f8c9b70876ba0858053c044735bd543db762f57723cac368afd1ce4.sdkstatcache -output-file-map /Users/admin/builder/spi-builder-workspace/.derivedData/Build/Intermediates.noindex/SwiftDraw.build/Debug-xros/SwiftDraw-t.build/Objects-normal/arm64/SwiftDraw-OutputFileMap.json -save-temps -no-color-diagnostics -explicit-module-build -module-cache-path /Users/admin/builder/spi-builder-workspace/.derivedData/Build/Intermediates.noindex/SwiftExplicitPrecompiledModules -clang-scanner-module-cache-path /Users/admin/builder/spi-builder-workspace/.derivedData/ModuleCache.noindex -sdk-module-cache-path /Users/admin/builder/spi-builder-workspace/.derivedData/SDKExplicitPrecompiledModules -emit-dependencies -emit-module -emit-module-path /Users/admin/builder/spi-builder-workspace/.derivedData/Build/Intermediates.noindex/SwiftDraw.build/Debug-xros/SwiftDraw-t.build/Objects-normal/arm64/SwiftDraw.swiftmodule -serialize-diagnostics -dependency-scan-serialize-diagnostics-path /Users/admin/builder/spi-builder-workspace/.derivedData/Build/Intermediates.noindex/SwiftDraw.build/Debug-xros/SwiftDraw-t.build/Objects-normal/arm64/SwiftDraw-dependency-scan.dia -user-module-version 0.29.0 -validate-clang-modules-once -clang-build-session-file /Users/admin/builder/spi-builder-workspace/.derivedData/ModuleCache.noindex/Session.modulevalidation -Xcc -fmodules-prune-interval\=86400 -Xcc -fmodules-prune-after\=345600 -package-name swiftdraw -emit-const-values -const-gather-protocols-list /Users/admin/builder/spi-builder-workspace/.derivedData/Build/Intermediates.noindex/SwiftDraw.build/Debug-xros/SwiftDraw-t.build/Objects-normal/arm64/SwiftDraw_const_extract_protocols.json -Xcc -I/Users/admin/builder/spi-builder-workspace/.derivedData/Build/Products/Debug-xros/include -Xcc -I/Users/admin/builder/spi-builder-workspace/.derivedData/Build/Intermediates.noindex/SwiftDraw.build/Debug-xros/SwiftDraw-t.build/DerivedSources-normal/arm64 -Xcc -I/Users/admin/builder/spi-builder-workspace/.derivedData/Build/Intermediates.noindex/SwiftDraw.build/Debug-xros/SwiftDraw-t.build/DerivedSources/arm64 -Xcc -I/Users/admin/builder/spi-builder-workspace/.derivedData/Build/Intermediates.noindex/SwiftDraw.build/Debug-xros/SwiftDraw-t.build/DerivedSources -Xcc -DSWIFT_PACKAGE -Xcc -DDEBUG\=1 -emit-objc-header -emit-objc-header-path /Users/admin/builder/spi-builder-workspace/.derivedData/Build/Intermediates.noindex/SwiftDraw.build/Debug-xros/SwiftDraw-t.build/Objects-normal/arm64/SwiftDraw-Swift.h -working-directory /Users/admin/builder/spi-builder-workspace/.swiftpm/xcode -experimental-emit-module-separately -disable-cmo
SwiftDriverJobDiscovery normal arm64 Compiling resource_bundle_accessor.swift, AM2CHTML.swift, AM2MML.swift, AM2SVG.swift, MML2CHTML.swift, MML2SVG.swift (in target 'MathJaxSwift' from project 'MathJaxSwift')
SwiftDriverJobDiscovery normal arm64 Compiling NoundefinedOptions.swift, PhysicsOptions.swift, RequireOptions.swift, SetOptions.swift, TagFormatOptions.swift (in target 'MathJaxSwift' from project 'MathJaxSwift')
SwiftDriverJobDiscovery normal arm64 Compiling SafeProtocols.swift, SafeStyles.swift, AMInputProcessorOptions.swift, InputProcessorOptions.swift, MMLInputProcessorOptions.swift (in target 'MathJaxSwift' from project 'MathJaxSwift')
SwiftDriverJobDiscovery normal arm64 Compiling MenuOptions.swift, MenuOptionsSettings.swift, SREOptions.swift, AllowOptions.swift, SafeOptions.swift (in target 'MathJaxSwift' from project 'MathJaxSwift')
SwiftDriverJobDiscovery normal arm64 Compiling AMSCDOptions.swift, AMSOptions.swift, AutoloadOptions.swift, ColorOptions.swift, MathtoolsOptions.swift (in target 'MathJaxSwift' from project 'MathJaxSwift')
SwiftDriverJobDiscovery normal arm64 Compiling SpeechParser.swift, MathJax.swift, ConversionOptions.swift, A11YOptions.swift, DocumentOptions.swift (in target 'MathJaxSwift' from project 'MathJaxSwift')
SwiftDriverJobDiscovery normal arm64 Compiling TeXInputProcessorOptions.swift, CHTMLOutputProcessorOptions.swift, LinebreakOptions.swift, OutputProcessorOptions.swift, SVGOutputProcessorOptions.swift (in target 'MathJaxSwift' from project 'MathJaxSwift')
SwiftDriver\ Compilation MathJaxSwift normal arm64 com.apple.xcode.tools.swift.compiler (in target 'MathJaxSwift' from project 'MathJaxSwift')
cd /Users/admin/builder/spi-builder-workspace/.swiftpm/xcode
builtin-Swift-Compilation -- /Applications/Xcode-27.0.0-Release.Candidate.app/Contents/Developer/Toolchains/XcodeDefault.xctoolchain/usr/bin/swiftc -parse-as-library -module-name MathJaxSwift -Onone @/Users/admin/builder/spi-builder-workspace/.derivedData/Build/Intermediates.noindex/MathJaxSwift.build/Debug-xros/MathJaxSwift-t.build/Objects-normal/arm64/MathJaxSwift.SwiftFileList -DSWIFT_PACKAGE -DDEBUG -DSWIFT_MODULE_RESOURCE_BUNDLE_AVAILABLE -DXcode -plugin-path /Applications/Xcode-27.0.0-Release.Candidate.app/Contents/Developer/Toolchains/XcodeDefault.xctoolchain/usr/lib/swift/host/plugins/testing -enable-experimental-feature DebugDescriptionMacro -sdk /Applications/Xcode-27.0.0-Release.Candidate.app/Contents/Developer/Platforms/XROS.platform/Developer/SDKs/XROS27.0.sdk -target arm64-apple-xros1.0 -g -module-cache-path /Users/admin/builder/spi-builder-workspace/.derivedData/ModuleCache.noindex -Xfrontend -serialize-debugging-options -profile-coverage-mapping -profile-generate -enable-testing -suppress-warnings -index-store-path /Users/admin/builder/spi-builder-workspace/.derivedData/Index.noindex/DataStore -Xcc -D_LIBCPP_HARDENING_MODE\=_LIBCPP_HARDENING_MODE_DEBUG -swift-version 5 -I /Users/admin/builder/spi-builder-workspace/.derivedData/Build/Products/Debug-xros -Isystem /Applications/Xcode-27.0.0-Release.Candidate.app/Contents/Developer/Platforms/XROS.platform/Developer/usr/lib -F /Users/admin/builder/spi-builder-workspace/.derivedData/Build/Products/Debug-xros -F /Applications/Xcode-27.0.0-Release.Candidate.app/Contents/Developer/Platforms/XROS.platform/Developer/Library/Frameworks -F /Applications/Xcode-27.0.0-Release.Candidate.app/Contents/Developer/Platforms/XROS.platform/Developer/SDKs/XROS27.0.sdk/Developer/Library/Frameworks -c -j10 -enable-batch-mode -incremental -Xcc -ivfsstatcache -Xcc /Users/admin/builder/spi-builder-workspace/.derivedData/SDKStatCaches.noindex/xros27.0-24M361-e829b21a6f8c9b70876ba0858053c044735bd543db762f57723cac368afd1ce4.sdkstatcache -output-file-map /Users/admin/builder/spi-builder-workspace/.derivedData/Build/Intermediates.noindex/MathJaxSwift.build/Debug-xros/MathJaxSwift-t.build/Objects-normal/arm64/MathJaxSwift-OutputFileMap.json -save-temps -no-color-diagnostics -explicit-module-build -module-cache-path /Users/admin/builder/spi-builder-workspace/.derivedData/Build/Intermediates.noindex/SwiftExplicitPrecompiledModules -clang-scanner-module-cache-path /Users/admin/builder/spi-builder-workspace/.derivedData/ModuleCache.noindex -sdk-module-cache-path /Users/admin/builder/spi-builder-workspace/.derivedData/SDKExplicitPrecompiledModules -emit-dependencies -emit-module -emit-module-path /Users/admin/builder/spi-builder-workspace/.derivedData/Build/Intermediates.noindex/MathJaxSwift.build/Debug-xros/MathJaxSwift-t.build/Objects-normal/arm64/MathJaxSwift.swiftmodule -serialize-diagnostics -dependency-scan-serialize-diagnostics-path /Users/admin/builder/spi-builder-workspace/.derivedData/Build/Intermediates.noindex/MathJaxSwift.build/Debug-xros/MathJaxSwift-t.build/Objects-normal/arm64/MathJaxSwift-dependency-scan.dia -validate-clang-modules-once -clang-build-session-file /Users/admin/builder/spi-builder-workspace/.derivedData/ModuleCache.noindex/Session.modulevalidation -Xcc -fmodules-prune-interval\=86400 -Xcc -fmodules-prune-after\=345600 -emit-const-values -const-gather-protocols-list /Users/admin/builder/spi-builder-workspace/.derivedData/Build/Intermediates.noindex/MathJaxSwift.build/Debug-xros/MathJaxSwift-t.build/Objects-normal/arm64/MathJaxSwift_const_extract_protocols.json -Xcc -I/Users/admin/builder/spi-builder-workspace/.derivedData/Build/Products/Debug-xros/include -Xcc -I/Users/admin/builder/spi-builder-workspace/.derivedData/Build/Intermediates.noindex/MathJaxSwift.build/Debug-xros/MathJaxSwift-t.build/DerivedSources-normal/arm64 -Xcc -I/Users/admin/builder/spi-builder-workspace/.derivedData/Build/Intermediates.noindex/MathJaxSwift.build/Debug-xros/MathJaxSwift-t.build/DerivedSources/arm64 -Xcc -I/Users/admin/builder/spi-builder-workspace/.derivedData/Build/Intermediates.noindex/MathJaxSwift.build/Debug-xros/MathJaxSwift-t.build/DerivedSources -Xcc -DSWIFT_PACKAGE -Xcc -DDEBUG\=1 -emit-objc-header -emit-objc-header-path /Users/admin/builder/spi-builder-workspace/.derivedData/Build/Intermediates.noindex/MathJaxSwift.build/Debug-xros/MathJaxSwift-t.build/Objects-normal/arm64/MathJaxSwift-Swift.h -working-directory /Users/admin/builder/spi-builder-workspace/.swiftpm/xcode -experimental-emit-module-separately -disable-cmo
Ld /Users/admin/builder/spi-builder-workspace/.derivedData/Build/Products/Debug-xros/MathJaxSwift.o normal (in target 'MathJaxSwift' from project 'MathJaxSwift')
cd /Users/admin/builder/spi-builder-workspace/.dependencies/checkouts/MathJaxSwift
/Applications/Xcode-27.0.0-Release.Candidate.app/Contents/Developer/Toolchains/XcodeDefault.xctoolchain/usr/bin/clang -Xlinker -reproducible -target arm64-apple-xros1.0 -r -isysroot /Applications/Xcode-27.0.0-Release.Candidate.app/Contents/Developer/Platforms/XROS.platform/Developer/SDKs/XROS27.0.sdk -O0 -w -Xlinker -no_warn_duplicate_libraries -F/Users/admin/builder/spi-builder-workspace/.derivedData/Build/Intermediates.noindex/EagerLinkingTBDs/Debug-xros -F/Users/admin/builder/spi-builder-workspace/.derivedData/Build/Products/Debug-xros -iframework /Applications/Xcode-27.0.0-Release.Candidate.app/Contents/Developer/Platforms/XROS.platform/Developer/Library/Frameworks -iframework /Applications/Xcode-27.0.0-Release.Candidate.app/Contents/Developer/Platforms/XROS.platform/Developer/SDKs/XROS27.0.sdk/Developer/Library/Frameworks -filelist /Users/admin/builder/spi-builder-workspace/.derivedData/Build/Intermediates.noindex/MathJaxSwift.build/Debug-xros/MathJaxSwift-t.build/Objects-normal/arm64/MathJaxSwift.LinkFileList -nostdlib -Xlinker -object_path_lto -Xlinker /Users/admin/builder/spi-builder-workspace/.derivedData/Build/Intermediates.noindex/MathJaxSwift.build/Debug-xros/MathJaxSwift-t.build/Objects-normal/arm64/MathJaxSwift_lto.o -Xlinker -no_deduplicate -Xlinker -debug_variant -Xlinker -dependency_info -Xlinker /Users/admin/builder/spi-builder-workspace/.derivedData/Build/Intermediates.noindex/MathJaxSwift.build/Debug-xros/MathJaxSwift-t.build/Objects-normal/arm64/MathJaxSwift_dependency_info.dat -fobjc-link-runtime -L/Applications/Xcode-27.0.0-Release.Candidate.app/Contents/Developer/Toolchains/XcodeDefault.xctoolchain/usr/lib/swift/xros -L/usr/lib/swift -Xlinker -add_ast_path -Xlinker /Users/admin/builder/spi-builder-workspace/.derivedData/Build/Intermediates.noindex/MathJaxSwift.build/Debug-xros/MathJaxSwift-t.build/Objects-normal/arm64/MathJaxSwift.swiftmodule -o /Users/admin/builder/spi-builder-workspace/.derivedData/Build/Products/Debug-xros/MathJaxSwift.o
ExtractAppIntentsMetadata (in target 'MathJaxSwift' from project 'MathJaxSwift')
cd /Users/admin/builder/spi-builder-workspace/.dependencies/checkouts/MathJaxSwift
/Applications/Xcode-27.0.0-Release.Candidate.app/Contents/Developer/Toolchains/XcodeDefault.xctoolchain/usr/bin/appintentsmetadataprocessor --toolchain-dir /var/run/com.apple.security.cryptexd/mnt/com.apple.MobileAsset.MetalToolchain-v27.1.266.1.BuW0Dd/Metal.xctoolchain --module-name MathJaxSwift --sdk-root /Applications/Xcode-27.0.0-Release.Candidate.app/Contents/Developer/Platforms/XROS.platform/Developer/SDKs/XROS27.0.sdk --xcode-version 27A266a --platform-family xrOS --deployment-target 1.0 --bundle-identifier mathjaxswift.MathJaxSwift --output /Users/admin/builder/spi-builder-workspace/.derivedData/Build/Products/Debug-xros/MathJaxSwift.appintents --target-triple arm64-apple-xros1.0 --binary-file /Users/admin/builder/spi-builder-workspace/.derivedData/Build/Products/Debug-xros/MathJaxSwift.o --dependency-file /Users/admin/builder/spi-builder-workspace/.derivedData/Build/Intermediates.noindex/MathJaxSwift.build/Debug-xros/MathJaxSwift-t.build/Objects-normal/arm64/MathJaxSwift_dependency_info.dat --stringsdata-file /Users/admin/builder/spi-builder-workspace/.derivedData/Build/Intermediates.noindex/MathJaxSwift.build/Debug-xros/MathJaxSwift-t.build/Objects-normal/arm64/ExtractedAppShortcutsMetadata.stringsdata --source-file-list /Users/admin/builder/spi-builder-workspace/.derivedData/Build/Intermediates.noindex/MathJaxSwift.build/Debug-xros/MathJaxSwift-t.build/Objects-normal/arm64/MathJaxSwift.SwiftFileList --metadata-file-list /Users/admin/builder/spi-builder-workspace/.derivedData/Build/Intermediates.noindex/MathJaxSwift.build/Debug-xros/MathJaxSwift-t.build/MathJaxSwift.DependencyMetadataFileList --static-metadata-file-list /Users/admin/builder/spi-builder-workspace/.derivedData/Build/Intermediates.noindex/MathJaxSwift.build/Debug-xros/MathJaxSwift-t.build/MathJaxSwift.DependencyStaticMetadataFileList --swift-const-vals-list /Users/admin/builder/spi-builder-workspace/.derivedData/Build/Intermediates.noindex/MathJaxSwift.build/Debug-xros/MathJaxSwift-t.build/Objects-normal/arm64/MathJaxSwift.SwiftConstValuesFileList --force --compile-time-extraction --deployment-aware-processing --no-app-shortcuts-localization
2026-09-24 12:23:16.090 appintentsmetadataprocessor[935:5404] Starting appintentsmetadataprocessor export
2026-09-24 12:23:16.158 appintentsmetadataprocessor[935:5404] Extracted no relevant App Intents symbols, skipping writing output
SwiftExplicitDependencyGeneratePcm arm64 /Users/admin/builder/spi-builder-workspace/.derivedData/SDKExplicitPrecompiledModules/UniformTypeIdentifiers-9BPZRHV9PRGRSU35W243D89CW.pcm
SwiftExplicitDependencyGeneratePcm arm64 /Users/admin/builder/spi-builder-workspace/.derivedData/SDKExplicitPrecompiledModules/CoreGraphics-AY8OPKLJIGMHZ9MYROUT854WA.pcm
SwiftExplicitDependencyGeneratePcm arm64 /Users/admin/builder/spi-builder-workspace/.derivedData/SDKExplicitPrecompiledModules/UIUtilities-F3U0HSZMZSXCP772P753OT1G5.pcm
SwiftExplicitDependencyGeneratePcm arm64 /Users/admin/builder/spi-builder-workspace/.derivedData/SDKExplicitPrecompiledModules/CoreMIDI-3PXS069A7G7J69W6C2O4U64TR.pcm
SwiftExplicitDependencyGeneratePcm arm64 /Users/admin/builder/spi-builder-workspace/.derivedData/SDKExplicitPrecompiledModules/_Builtin_tgmath-6A504NZTD9420A66PPDYUHISN.pcm
SwiftExplicitDependencyGeneratePcm arm64 /Users/admin/builder/spi-builder-workspace/.derivedData/SDKExplicitPrecompiledModules/_LocationEssentials-32JNDL0Y7WK6X17R1HPKJCQEE.pcm
SwiftExplicitDependencyGeneratePcm arm64 /Users/admin/builder/spi-builder-workspace/.derivedData/SDKExplicitPrecompiledModules/DataDetection-7LQD8Z3LW2FUEO4CR6TGECXW0.pcm
SwiftExplicitDependencyGeneratePcm arm64 /Users/admin/builder/spi-builder-workspace/.derivedData/SDKExplicitPrecompiledModules/Symbols-ECOU17NNJUYRSDVSZI1SX0DNL.pcm
SwiftExplicitDependencyGeneratePcm arm64 /Users/admin/builder/spi-builder-workspace/.derivedData/SDKExplicitPrecompiledModules/CoreAudioTypes-312R5U71UD8UC735GBX55K3US.pcm
SwiftExplicitDependencyGeneratePcm arm64 /Users/admin/builder/spi-builder-workspace/.derivedData/SDKExplicitPrecompiledModules/CoreTransferable-EFMTSDPFE8WPPM5HOZ47P0KQO.pcm
SwiftExplicitDependencyGeneratePcm arm64 /Users/admin/builder/spi-builder-workspace/.derivedData/SDKExplicitPrecompiledModules/LocalAuthentication-DY23D7R1X7DY7BV7FZ6NHSR9L.pcm
SwiftExplicitDependencyGeneratePcm arm64 /Users/admin/builder/spi-builder-workspace/.derivedData/SDKExplicitPrecompiledModules/ShaderGraph-60HTPBNDVX0CX5JIAYFVTA9L4.pcm
SwiftExplicitDependencyGeneratePcm arm64 /Users/admin/builder/spi-builder-workspace/.derivedData/SDKExplicitPrecompiledModules/MachO-6F2CAO15JWU9TP0S5ZC6PL9IB.pcm
SwiftExplicitDependencyGeneratePcm arm64 /Users/admin/builder/spi-builder-workspace/.derivedData/SDKExplicitPrecompiledModules/dnssd-3O0RNR51LL3EG0N1T07ZFMALS.pcm
SwiftExplicitDependencyGeneratePcm arm64 /Users/admin/builder/spi-builder-workspace/.derivedData/SDKExplicitPrecompiledModules/Compression-AWLKXRSW3OXQLKCGRZY0UH7UZ.pcm
SwiftExplicitDependencyGeneratePcm arm64 /Users/admin/builder/spi-builder-workspace/.derivedData/SDKExplicitPrecompiledModules/CoreLocation-E62WUNIY48I4BO5WNB3SVVIP8.pcm
SwiftExplicitDependencyGeneratePcm arm64 /Users/admin/builder/spi-builder-workspace/.derivedData/SDKExplicitPrecompiledModules/CoreAudio-BNVVZ0H6VD0B9Q2N4KZUSB6RB.pcm
SwiftExplicitDependencyGeneratePcm arm64 /Users/admin/builder/spi-builder-workspace/.derivedData/SDKExplicitPrecompiledModules/IOSurface-2D5KLETWRIPRMLT8HCRTTINH3.pcm
SwiftExplicitDependencyGeneratePcm arm64 /Users/admin/builder/spi-builder-workspace/.derivedData/SDKExplicitPrecompiledModules/DeveloperToolsSupport-194HZPFNNCEHRVXIO6O8L9S0O.pcm
SwiftExplicitDependencyGeneratePcm arm64 /Users/admin/builder/spi-builder-workspace/.derivedData/SDKExplicitPrecompiledModules/_Builtin_intrinsics-3111M8ALPD4YFW0NUUUBCM0JD.pcm
SwiftExplicitDependencyGeneratePcm arm64 /Users/admin/builder/spi-builder-workspace/.derivedData/SDKExplicitPrecompiledModules/CoreData-5V8622D8G59RJKITQSAST89GC.pcm
SwiftExplicitDependencyGeneratePcm arm64 /Users/admin/builder/spi-builder-workspace/.derivedData/SDKExplicitPrecompiledModules/ImageIO-IAKQMD68GVR7DW77YOHGK8X7.pcm
SwiftExplicitDependencyGeneratePcm arm64 /Users/admin/builder/spi-builder-workspace/.derivedData/SDKExplicitPrecompiledModules/CoreText-3Q9AYRR8Y0RMYX4VGST56EDCZ.pcm
SwiftExplicitDependencyGeneratePcm arm64 /Users/admin/builder/spi-builder-workspace/.derivedData/SDKExplicitPrecompiledModules/FileProvider-C1CJK6EJC5IUBTWZU8FS47OM3.pcm
SwiftExplicitDependencyGeneratePcm arm64 /Users/admin/builder/spi-builder-workspace/.derivedData/SDKExplicitPrecompiledModules/Network-59OXS1WBU0E96MTVI1BQ4Y8O0.pcm
SwiftExplicitDependencyGeneratePcm arm64 /Users/admin/builder/spi-builder-workspace/.derivedData/SDKExplicitPrecompiledModules/Accessibility-8QB8DU95K5GFNCPAUIMZLHBIU.pcm
SwiftExplicitDependencyGeneratePcm arm64 /Users/admin/builder/spi-builder-workspace/.derivedData/SDKExplicitPrecompiledModules/AudioToolbox-BIB990ZQT6Y2YX7R0HKENKU6T.pcm
SwiftExplicitDependencyGeneratePcm arm64 /Users/admin/builder/spi-builder-workspace/.derivedData/SDKExplicitPrecompiledModules/Metal-CAKGHYH5ACDACD017V00QOQC9.pcm
SwiftExplicitDependencyGeneratePcm arm64 /Users/admin/builder/spi-builder-workspace/.derivedData/SDKExplicitPrecompiledModules/OpenGLES-CKJ9EEPIRPNP44Q12R6YOKS1E.pcm
SwiftExplicitDependencyGeneratePcm arm64 /Users/admin/builder/spi-builder-workspace/.derivedData/SDKExplicitPrecompiledModules/CoreMotion-DCVNRIJ2COFK7QG37YNW48EGV.pcm
SwiftExplicitDependencyGeneratePcm arm64 /Users/admin/builder/spi-builder-workspace/.derivedData/SDKExplicitPrecompiledModules/UserNotifications-6JIY9EEYAYYTJITYYQZF42LAH.pcm
SwiftExplicitDependencyGeneratePcm arm64 /Users/admin/builder/spi-builder-workspace/.derivedData/SDKExplicitPrecompiledModules/_Builtin_stdatomic-158FFQF46AB7DZCSEC3RCRTFC.pcm
SwiftExplicitDependencyGeneratePcm arm64 /Users/admin/builder/spi-builder-workspace/.derivedData/SDKExplicitPrecompiledModules/AVRouting-A58BUG9HB1NCTPD2PCCO84ARM.pcm
SwiftExplicitDependencyGeneratePcm arm64 /Users/admin/builder/spi-builder-workspace/.derivedData/SDKExplicitPrecompiledModules/os-7D3ZMGEZW9BBPJG5AFYWTJQLV.pcm
SwiftExplicitDependencyGeneratePcm arm64 /Users/admin/builder/spi-builder-workspace/.derivedData/SDKExplicitPrecompiledModules/simd-7J2M7D2SOHYQ7IO8MYH2RXTKH.pcm
SwiftExplicitDependencyGeneratePcm arm64 /Users/admin/builder/spi-builder-workspace/.derivedData/SDKExplicitPrecompiledModules/CoreVideo-4PK3Q849TG28PPFW9ON3UC1O9.pcm
SwiftExplicitDependencyGeneratePcm arm64 /Users/admin/builder/spi-builder-workspace/.derivedData/SDKExplicitPrecompiledModules/OSLog-3CTW8AFBZNTJNTYU2CNXR306R.pcm
SwiftExplicitDependencyGeneratePcm arm64 /Users/admin/builder/spi-builder-workspace/.derivedData/SDKExplicitPrecompiledModules/ARKitFoundation-BT979VLYXKXTC443T81YQQEY1.pcm
SwiftExplicitDependencyGeneratePcm arm64 /Users/admin/builder/spi-builder-workspace/.derivedData/SDKExplicitPrecompiledModules/CoreMedia-X23SRPCPJE6SQFHHHYCZ7WVC.pcm
SwiftExplicitDependencyGeneratePcm arm64 /Users/admin/builder/spi-builder-workspace/.derivedData/SDKExplicitPrecompiledModules/QuartzCore-6ZHUATRF8P4D51R22KZF8F6EG.pcm
SwiftExplicitDependencyGeneratePcm arm64 /Users/admin/builder/spi-builder-workspace/.derivedData/SDKExplicitPrecompiledModules/CoreImage-9GN6OPXIJ356C54K347I7T417.pcm
SwiftExplicitDependencyGeneratePcm arm64 /Users/admin/builder/spi-builder-workspace/.derivedData/SDKExplicitPrecompiledModules/CoreML-C2BW2527PDNODK16LJ9I668C8.pcm
SwiftExplicitDependencyGeneratePcm arm64 /Users/admin/builder/spi-builder-workspace/.derivedData/SDKExplicitPrecompiledModules/VideoToolbox-3P3B69YG5JT8YUFOCSUNDM59.pcm
SwiftExplicitDependencyGeneratePcm arm64 /Users/admin/builder/spi-builder-workspace/.derivedData/SDKExplicitPrecompiledModules/MediaToolbox-ANHHEHPC85W3ECWTCJ308UFOE.pcm
SwiftExplicitDependencyGeneratePcm arm64 /Users/admin/builder/spi-builder-workspace/.derivedData/SDKExplicitPrecompiledModules/AVFAudio-7A6YZTGYW2RLZD9E99CP5838N.pcm
SwiftExplicitDependencyGeneratePcm arm64 /Users/admin/builder/spi-builder-workspace/.derivedData/SDKExplicitPrecompiledModules/UIKit-1PV3XTOUQPUVY5I4MLPUAXR9J.pcm
SwiftExplicitDependencyCompileModuleFromInterface arm64 /Users/admin/builder/spi-builder-workspace/.derivedData/SDKExplicitPrecompiledModules/ShaderGraph-URHKVVOFZL5Z.swiftmodule
SwiftExplicitDependencyGeneratePcm arm64 /Users/admin/builder/spi-builder-workspace/.derivedData/SDKExplicitPrecompiledModules/Vision-3I7AR38LZFB22SF4LQC7Q6KA.pcm
SwiftExplicitDependencyGeneratePcm arm64 /Users/admin/builder/spi-builder-workspace/.derivedData/SDKExplicitPrecompiledModules/Spatial-92H2FIVGSGXGN6Z0PM4QAD9U8.pcm
SwiftExplicitDependencyGeneratePcm arm64 /Users/admin/builder/spi-builder-workspace/.derivedData/SDKExplicitPrecompiledModules/AVFoundation-81FTBCX2AZLM90X977V6F8213.pcm
SwiftExplicitDependencyGeneratePcm arm64 /Users/admin/builder/spi-builder-workspace/.derivedData/SDKExplicitPrecompiledModules/SwiftUICore-374BUSM2QWS9MQO694AHOADDT.pcm
SwiftExplicitDependencyGeneratePcm arm64 /Users/admin/builder/spi-builder-workspace/.derivedData/SDKExplicitPrecompiledModules/ARKitCore-3XTE32VQMIOYU5QR9S293LZS1.pcm
SwiftExplicitDependencyGeneratePcm arm64 /Users/admin/builder/spi-builder-workspace/.derivedData/SDKExplicitPrecompiledModules/SwiftUI-C448PJ9D4ZYA5OED1YDWBD562.pcm
SwiftExplicitDependencyGeneratePcm arm64 /Users/admin/builder/spi-builder-workspace/.derivedData/SDKExplicitPrecompiledModules/GameController-X9URPRY7QBKI12E33T2Y28WV.pcm
SwiftExplicitDependencyGeneratePcm arm64 /Users/admin/builder/spi-builder-workspace/.derivedData/SDKExplicitPrecompiledModules/ARKit-DR3A0F7OE5VAP1U4QICI8GJ1B.pcm
SwiftEmitModule normal arm64 Emitting\ module\ for\ SwiftDraw (in target 'SwiftDraw' from project 'SwiftDraw')
SwiftCompile normal arm64 (in target 'SwiftDraw' from project 'SwiftDraw')
cd /Users/admin/builder/spi-builder-workspace/.swiftpm/xcode
SwiftCompile normal arm64 Compiling\ Data+Brotli.swift,\ FontDataProvider.swift,\ GlyfTransform.swift,\ TTF.swift,\ WOFF.swift,\ WOFF2.swift /Users/admin/builder/spi-builder-workspace/.dependencies/checkouts/SwiftDraw/SwiftDraw/Sources/WOFF/Data+Brotli.swift /Users/admin/builder/spi-builder-workspace/.dependencies/checkouts/SwiftDraw/SwiftDraw/Sources/WOFF/FontDataProvider.swift /Users/admin/builder/spi-builder-workspace/.dependencies/checkouts/SwiftDraw/SwiftDraw/Sources/WOFF/GlyfTransform.swift /Users/admin/builder/spi-builder-workspace/.dependencies/checkouts/SwiftDraw/SwiftDraw/Sources/WOFF/TTF.swift /Users/admin/builder/spi-builder-workspace/.dependencies/checkouts/SwiftDraw/SwiftDraw/Sources/WOFF/WOFF.swift /Users/admin/builder/spi-builder-workspace/.dependencies/checkouts/SwiftDraw/SwiftDraw/Sources/WOFF/WOFF2.swift (in target 'SwiftDraw' from project 'SwiftDraw')
SwiftCompile normal arm64 /Users/admin/builder/spi-builder-workspace/.dependencies/checkouts/SwiftDraw/SwiftDraw/Sources/WOFF/Data+Brotli.swift (in target 'SwiftDraw' from project 'SwiftDraw')
cd /Users/admin/builder/spi-builder-workspace/.swiftpm/xcode
builtin-SwiftPerFileCompile Data+Brotli.swift
SwiftCompile normal arm64 /Users/admin/builder/spi-builder-workspace/.dependencies/checkouts/SwiftDraw/SwiftDraw/Sources/WOFF/FontDataProvider.swift (in target 'SwiftDraw' from project 'SwiftDraw')
cd /Users/admin/builder/spi-builder-workspace/.swiftpm/xcode
builtin-SwiftPerFileCompile FontDataProvider.swift
SwiftCompile normal arm64 /Users/admin/builder/spi-builder-workspace/.dependencies/checkouts/SwiftDraw/SwiftDraw/Sources/WOFF/GlyfTransform.swift (in target 'SwiftDraw' from project 'SwiftDraw')
cd /Users/admin/builder/spi-builder-workspace/.swiftpm/xcode
builtin-SwiftPerFileCompile GlyfTransform.swift
SwiftCompile normal arm64 /Users/admin/builder/spi-builder-workspace/.dependencies/checkouts/SwiftDraw/SwiftDraw/Sources/WOFF/TTF.swift (in target 'SwiftDraw' from project 'SwiftDraw')
cd /Users/admin/builder/spi-builder-workspace/.swiftpm/xcode
builtin-SwiftPerFileCompile TTF.swift
SwiftCompile normal arm64 /Users/admin/builder/spi-builder-workspace/.dependencies/checkouts/SwiftDraw/SwiftDraw/Sources/WOFF/WOFF.swift (in target 'SwiftDraw' from project 'SwiftDraw')
cd /Users/admin/builder/spi-builder-workspace/.swiftpm/xcode
builtin-SwiftPerFileCompile WOFF.swift
SwiftCompile normal arm64 /Users/admin/builder/spi-builder-workspace/.dependencies/checkouts/SwiftDraw/SwiftDraw/Sources/WOFF/WOFF2.swift (in target 'SwiftDraw' from project 'SwiftDraw')
cd /Users/admin/builder/spi-builder-workspace/.swiftpm/xcode
builtin-SwiftPerFileCompile WOFF2.swift
SwiftCompile normal arm64 Compiling\ CGImage+Mask.swift,\ CGPath+Segment.swift,\ CGPattern+Closure.swift,\ PairedSequence.swift,\ Stack.swift,\ View+Task.swift /Users/admin/builder/spi-builder-workspace/.dependencies/checkouts/SwiftDraw/SwiftDraw/Sources/Utilities/CGImage+Mask.swift /Users/admin/builder/spi-builder-workspace/.dependencies/checkouts/SwiftDraw/SwiftDraw/Sources/Utilities/CGPath+Segment.swift /Users/admin/builder/spi-builder-workspace/.dependencies/checkouts/SwiftDraw/SwiftDraw/Sources/Utilities/CGPattern+Closure.swift /Users/admin/builder/spi-builder-workspace/.dependencies/checkouts/SwiftDraw/SwiftDraw/Sources/Utilities/PairedSequence.swift /Users/admin/builder/spi-builder-workspace/.dependencies/checkouts/SwiftDraw/SwiftDraw/Sources/Utilities/Stack.swift /Users/admin/builder/spi-builder-workspace/.dependencies/checkouts/SwiftDraw/SwiftDraw/Sources/View+Task.swift (in target 'SwiftDraw' from project 'SwiftDraw')
SwiftCompile normal arm64 /Users/admin/builder/spi-builder-workspace/.dependencies/checkouts/SwiftDraw/SwiftDraw/Sources/Utilities/CGImage+Mask.swift (in target 'SwiftDraw' from project 'SwiftDraw')
cd /Users/admin/builder/spi-builder-workspace/.swiftpm/xcode
builtin-SwiftPerFileCompile CGImage+Mask.swift
SwiftCompile normal arm64 /Users/admin/builder/spi-builder-workspace/.dependencies/checkouts/SwiftDraw/SwiftDraw/Sources/Utilities/CGPath+Segment.swift (in target 'SwiftDraw' from project 'SwiftDraw')
cd /Users/admin/builder/spi-builder-workspace/.swiftpm/xcode
builtin-SwiftPerFileCompile CGPath+Segment.swift
SwiftCompile normal arm64 /Users/admin/builder/spi-builder-workspace/.dependencies/checkouts/SwiftDraw/SwiftDraw/Sources/Utilities/CGPattern+Closure.swift (in target 'SwiftDraw' from project 'SwiftDraw')
cd /Users/admin/builder/spi-builder-workspace/.swiftpm/xcode
builtin-SwiftPerFileCompile CGPattern+Closure.swift
SwiftCompile normal arm64 /Users/admin/builder/spi-builder-workspace/.dependencies/checkouts/SwiftDraw/SwiftDraw/Sources/Utilities/PairedSequence.swift (in target 'SwiftDraw' from project 'SwiftDraw')
cd /Users/admin/builder/spi-builder-workspace/.swiftpm/xcode
builtin-SwiftPerFileCompile PairedSequence.swift
SwiftCompile normal arm64 /Users/admin/builder/spi-builder-workspace/.dependencies/checkouts/SwiftDraw/SwiftDraw/Sources/Utilities/Stack.swift (in target 'SwiftDraw' from project 'SwiftDraw')
cd /Users/admin/builder/spi-builder-workspace/.swiftpm/xcode
builtin-SwiftPerFileCompile Stack.swift
SwiftCompile normal arm64 /Users/admin/builder/spi-builder-workspace/.dependencies/checkouts/SwiftDraw/SwiftDraw/Sources/View+Task.swift (in target 'SwiftDraw' from project 'SwiftDraw')
cd /Users/admin/builder/spi-builder-workspace/.swiftpm/xcode
builtin-SwiftPerFileCompile View+Task.swift
SwiftCompile normal arm64 Compiling\ LayerTree.Builder.Text.swift,\ LayerTree.Builder.swift,\ LayerTree.Color.swift,\ LayerTree.CommandGenerator.swift,\ LayerTree.CommandOptimizer.swift,\ LayerTree.Gradient.swift,\ LayerTree.Image.swift /Users/admin/builder/spi-builder-workspace/.dependencies/checkouts/SwiftDraw/SwiftDraw/Sources/LayerTree/LayerTree.Builder.Text.swift /Users/admin/builder/spi-builder-workspace/.dependencies/checkouts/SwiftDraw/SwiftDraw/Sources/LayerTree/LayerTree.Builder.swift /Users/admin/builder/spi-builder-workspace/.dependencies/checkouts/SwiftDraw/SwiftDraw/Sources/LayerTree/LayerTree.Color.swift /Users/admin/builder/spi-builder-workspace/.dependencies/checkouts/SwiftDraw/SwiftDraw/Sources/LayerTree/LayerTree.CommandGenerator.swift /Users/admin/builder/spi-builder-workspace/.dependencies/checkouts/SwiftDraw/SwiftDraw/Sources/LayerTree/LayerTree.CommandOptimizer.swift /Users/admin/builder/spi-builder-workspace/.dependencies/checkouts/SwiftDraw/SwiftDraw/Sources/LayerTree/LayerTree.Gradient.swift /Users/admin/builder/spi-builder-workspace/.dependencies/checkouts/SwiftDraw/SwiftDraw/Sources/LayerTree/LayerTree.Image.swift (in target 'SwiftDraw' from project 'SwiftDraw')
SwiftCompile normal arm64 /Users/admin/builder/spi-builder-workspace/.dependencies/checkouts/SwiftDraw/SwiftDraw/Sources/LayerTree/LayerTree.Builder.Text.swift (in target 'SwiftDraw' from project 'SwiftDraw')
cd /Users/admin/builder/spi-builder-workspace/.swiftpm/xcode
builtin-SwiftPerFileCompile LayerTree.Builder.Text.swift
SwiftCompile normal arm64 /Users/admin/builder/spi-builder-workspace/.dependencies/checkouts/SwiftDraw/SwiftDraw/Sources/LayerTree/LayerTree.Builder.swift (in target 'SwiftDraw' from project 'SwiftDraw')
cd /Users/admin/builder/spi-builder-workspace/.swiftpm/xcode
builtin-SwiftPerFileCompile LayerTree.Builder.swift
SwiftCompile normal arm64 /Users/admin/builder/spi-builder-workspace/.dependencies/checkouts/SwiftDraw/SwiftDraw/Sources/LayerTree/LayerTree.Color.swift (in target 'SwiftDraw' from project 'SwiftDraw')
cd /Users/admin/builder/spi-builder-workspace/.swiftpm/xcode
builtin-SwiftPerFileCompile LayerTree.Color.swift
SwiftCompile normal arm64 /Users/admin/builder/spi-builder-workspace/.dependencies/checkouts/SwiftDraw/SwiftDraw/Sources/LayerTree/LayerTree.CommandGenerator.swift (in target 'SwiftDraw' from project 'SwiftDraw')
cd /Users/admin/builder/spi-builder-workspace/.swiftpm/xcode
builtin-SwiftPerFileCompile LayerTree.CommandGenerator.swift
SwiftCompile normal arm64 /Users/admin/builder/spi-builder-workspace/.dependencies/checkouts/SwiftDraw/SwiftDraw/Sources/LayerTree/LayerTree.CommandOptimizer.swift (in target 'SwiftDraw' from project 'SwiftDraw')
cd /Users/admin/builder/spi-builder-workspace/.swiftpm/xcode
builtin-SwiftPerFileCompile LayerTree.CommandOptimizer.swift
SwiftCompile normal arm64 /Users/admin/builder/spi-builder-workspace/.dependencies/checkouts/SwiftDraw/SwiftDraw/Sources/LayerTree/LayerTree.Gradient.swift (in target 'SwiftDraw' from project 'SwiftDraw')
cd /Users/admin/builder/spi-builder-workspace/.swiftpm/xcode
builtin-SwiftPerFileCompile LayerTree.Gradient.swift
SwiftCompile normal arm64 /Users/admin/builder/spi-builder-workspace/.dependencies/checkouts/SwiftDraw/SwiftDraw/Sources/LayerTree/LayerTree.Image.swift (in target 'SwiftDraw' from project 'SwiftDraw')
cd /Users/admin/builder/spi-builder-workspace/.swiftpm/xcode
builtin-SwiftPerFileCompile LayerTree.Image.swift
SwiftCompile normal arm64 Compiling\ LayerTree.Shape.swift,\ LayerTree.Transform.swift,\ LayerTree.swift,\ NSImage+SVG.swift,\ CGTextRenderer+Code.swift,\ Renderer.CGText+Path.swift /Users/admin/builder/spi-builder-workspace/.dependencies/checkouts/SwiftDraw/SwiftDraw/Sources/LayerTree/LayerTree.Shape.swift /Users/admin/builder/spi-builder-workspace/.dependencies/checkouts/SwiftDraw/SwiftDraw/Sources/LayerTree/LayerTree.Transform.swift /Users/admin/builder/spi-builder-workspace/.dependencies/checkouts/SwiftDraw/SwiftDraw/Sources/LayerTree/LayerTree.swift /Users/admin/builder/spi-builder-workspace/.dependencies/checkouts/SwiftDraw/SwiftDraw/Sources/NSImage+SVG.swift /Users/admin/builder/spi-builder-workspace/.dependencies/checkouts/SwiftDraw/SwiftDraw/Sources/Renderer/CGTextRenderer+Code.swift /Users/admin/builder/spi-builder-workspace/.dependencies/checkouts/SwiftDraw/SwiftDraw/Sources/Renderer/Renderer.CGText+Path.swift (in target 'SwiftDraw' from project 'SwiftDraw')
SwiftCompile normal arm64 /Users/admin/builder/spi-builder-workspace/.dependencies/checkouts/SwiftDraw/SwiftDraw/Sources/LayerTree/LayerTree.Shape.swift (in target 'SwiftDraw' from project 'SwiftDraw')
cd /Users/admin/builder/spi-builder-workspace/.swiftpm/xcode
builtin-SwiftPerFileCompile LayerTree.Shape.swift
SwiftCompile normal arm64 /Users/admin/builder/spi-builder-workspace/.dependencies/checkouts/SwiftDraw/SwiftDraw/Sources/LayerTree/LayerTree.Transform.swift (in target 'SwiftDraw' from project 'SwiftDraw')
cd /Users/admin/builder/spi-builder-workspace/.swiftpm/xcode
builtin-SwiftPerFileCompile LayerTree.Transform.swift
SwiftCompile normal arm64 /Users/admin/builder/spi-builder-workspace/.dependencies/checkouts/SwiftDraw/SwiftDraw/Sources/LayerTree/LayerTree.swift (in target 'SwiftDraw' from project 'SwiftDraw')
cd /Users/admin/builder/spi-builder-workspace/.swiftpm/xcode
builtin-SwiftPerFileCompile LayerTree.swift
SwiftCompile normal arm64 /Users/admin/builder/spi-builder-workspace/.dependencies/checkouts/SwiftDraw/SwiftDraw/Sources/NSImage+SVG.swift (in target 'SwiftDraw' from project 'SwiftDraw')
cd /Users/admin/builder/spi-builder-workspace/.swiftpm/xcode
builtin-SwiftPerFileCompile NSImage+SVG.swift
SwiftCompile normal arm64 /Users/admin/builder/spi-builder-workspace/.dependencies/checkouts/SwiftDraw/SwiftDraw/Sources/Renderer/CGTextRenderer+Code.swift (in target 'SwiftDraw' from project 'SwiftDraw')
cd /Users/admin/builder/spi-builder-workspace/.swiftpm/xcode
builtin-SwiftPerFileCompile CGTextRenderer+Code.swift
SwiftCompile normal arm64 /Users/admin/builder/spi-builder-workspace/.dependencies/checkouts/SwiftDraw/SwiftDraw/Sources/Renderer/Renderer.CGText+Path.swift (in target 'SwiftDraw' from project 'SwiftDraw')
cd /Users/admin/builder/spi-builder-workspace/.swiftpm/xcode
builtin-SwiftPerFileCompile Renderer.CGText+Path.swift
SwiftCompile normal arm64 Compiling\ Renderer.SFSymbol+StrokeScale.swift,\ Renderer.SFSymbol.swift,\ Renderer.SVG.swift,\ Renderer.swift,\ SVG+CoreGraphics.swift,\ SVG+Deprecated.swift /Users/admin/builder/spi-builder-workspace/.dependencies/checkouts/SwiftDraw/SwiftDraw/Sources/Renderer/Renderer.SFSymbol+StrokeScale.swift /Users/admin/builder/spi-builder-workspace/.dependencies/checkouts/SwiftDraw/SwiftDraw/Sources/Renderer/Renderer.SFSymbol.swift /Users/admin/builder/spi-builder-workspace/.dependencies/checkouts/SwiftDraw/SwiftDraw/Sources/Renderer/Renderer.SVG.swift /Users/admin/builder/spi-builder-workspace/.dependencies/checkouts/SwiftDraw/SwiftDraw/Sources/Renderer/Renderer.swift /Users/admin/builder/spi-builder-workspace/.dependencies/checkouts/SwiftDraw/SwiftDraw/Sources/SVG+CoreGraphics.swift /Users/admin/builder/spi-builder-workspace/.dependencies/checkouts/SwiftDraw/SwiftDraw/Sources/SVG+Deprecated.swift (in target 'SwiftDraw' from project 'SwiftDraw')
SwiftCompile normal arm64 /Users/admin/builder/spi-builder-workspace/.dependencies/checkouts/SwiftDraw/SwiftDraw/Sources/Renderer/Renderer.SFSymbol+StrokeScale.swift (in target 'SwiftDraw' from project 'SwiftDraw')
cd /Users/admin/builder/spi-builder-workspace/.swiftpm/xcode
builtin-SwiftPerFileCompile Renderer.SFSymbol+StrokeScale.swift
SwiftCompile normal arm64 /Users/admin/builder/spi-builder-workspace/.dependencies/checkouts/SwiftDraw/SwiftDraw/Sources/Renderer/Renderer.SFSymbol.swift (in target 'SwiftDraw' from project 'SwiftDraw')
cd /Users/admin/builder/spi-builder-workspace/.swiftpm/xcode
builtin-SwiftPerFileCompile Renderer.SFSymbol.swift
SwiftCompile normal arm64 /Users/admin/builder/spi-builder-workspace/.dependencies/checkouts/SwiftDraw/SwiftDraw/Sources/Renderer/Renderer.SVG.swift (in target 'SwiftDraw' from project 'SwiftDraw')
cd /Users/admin/builder/spi-builder-workspace/.swiftpm/xcode
builtin-SwiftPerFileCompile Renderer.SVG.swift
SwiftCompile normal arm64 /Users/admin/builder/spi-builder-workspace/.dependencies/checkouts/SwiftDraw/SwiftDraw/Sources/Renderer/Renderer.swift (in target 'SwiftDraw' from project 'SwiftDraw')
cd /Users/admin/builder/spi-builder-workspace/.swiftpm/xcode
builtin-SwiftPerFileCompile Renderer.swift
SwiftCompile normal arm64 /Users/admin/builder/spi-builder-workspace/.dependencies/checkouts/SwiftDraw/SwiftDraw/Sources/SVG+CoreGraphics.swift (in target 'SwiftDraw' from project 'SwiftDraw')
cd /Users/admin/builder/spi-builder-workspace/.swiftpm/xcode
builtin-SwiftPerFileCompile SVG+CoreGraphics.swift
SwiftCompile normal arm64 /Users/admin/builder/spi-builder-workspace/.dependencies/checkouts/SwiftDraw/SwiftDraw/Sources/SVG+Deprecated.swift (in target 'SwiftDraw' from project 'SwiftDraw')
cd /Users/admin/builder/spi-builder-workspace/.swiftpm/xcode
builtin-SwiftPerFileCompile SVG+Deprecated.swift
SwiftCompile normal arm64 Compiling\ LayerTree.Layer.swift,\ LayerTree.Path+Bounds.swift,\ LayerTree.Path+Reversed.swift,\ LayerTree.Path+Subpath.swift,\ LayerTree.Path.swift,\ LayerTree.Pattern.swift /Users/admin/builder/spi-builder-workspace/.dependencies/checkouts/SwiftDraw/SwiftDraw/Sources/LayerTree/LayerTree.Layer.swift /Users/admin/builder/spi-builder-workspace/.dependencies/checkouts/SwiftDraw/SwiftDraw/Sources/LayerTree/LayerTree.Path+Bounds.swift /Users/admin/builder/spi-builder-workspace/.dependencies/checkouts/SwiftDraw/SwiftDraw/Sources/LayerTree/LayerTree.Path+Reversed.swift /Users/admin/builder/spi-builder-workspace/.dependencies/checkouts/SwiftDraw/SwiftDraw/Sources/LayerTree/LayerTree.Path+Subpath.swift /Users/admin/builder/spi-builder-workspace/.dependencies/checkouts/SwiftDraw/SwiftDraw/Sources/LayerTree/LayerTree.Path.swift /Users/admin/builder/spi-builder-workspace/.dependencies/checkouts/SwiftDraw/SwiftDraw/Sources/LayerTree/LayerTree.Pattern.swift (in target 'SwiftDraw' from project 'SwiftDraw')
SwiftCompile normal arm64 /Users/admin/builder/spi-builder-workspace/.dependencies/checkouts/SwiftDraw/SwiftDraw/Sources/LayerTree/LayerTree.Layer.swift (in target 'SwiftDraw' from project 'SwiftDraw')
cd /Users/admin/builder/spi-builder-workspace/.swiftpm/xcode
builtin-SwiftPerFileCompile LayerTree.Layer.swift
SwiftCompile normal arm64 /Users/admin/builder/spi-builder-workspace/.dependencies/checkouts/SwiftDraw/SwiftDraw/Sources/LayerTree/LayerTree.Path+Bounds.swift (in target 'SwiftDraw' from project 'SwiftDraw')
cd /Users/admin/builder/spi-builder-workspace/.swiftpm/xcode
builtin-SwiftPerFileCompile LayerTree.Path+Bounds.swift
SwiftCompile normal arm64 /Users/admin/builder/spi-builder-workspace/.dependencies/checkouts/SwiftDraw/SwiftDraw/Sources/LayerTree/LayerTree.Path+Reversed.swift (in target 'SwiftDraw' from project 'SwiftDraw')
cd /Users/admin/builder/spi-builder-workspace/.swiftpm/xcode
builtin-SwiftPerFileCompile LayerTree.Path+Reversed.swift
SwiftCompile normal arm64 /Users/admin/builder/spi-builder-workspace/.dependencies/checkouts/SwiftDraw/SwiftDraw/Sources/LayerTree/LayerTree.Path+Subpath.swift (in target 'SwiftDraw' from project 'SwiftDraw')
cd /Users/admin/builder/spi-builder-workspace/.swiftpm/xcode
builtin-SwiftPerFileCompile LayerTree.Path+Subpath.swift
SwiftCompile normal arm64 /Users/admin/builder/spi-builder-workspace/.dependencies/checkouts/SwiftDraw/SwiftDraw/Sources/LayerTree/LayerTree.Path.swift (in target 'SwiftDraw' from project 'SwiftDraw')
cd /Users/admin/builder/spi-builder-workspace/.swiftpm/xcode
builtin-SwiftPerFileCompile LayerTree.Path.swift
SwiftCompile normal arm64 /Users/admin/builder/spi-builder-workspace/.dependencies/checkouts/SwiftDraw/SwiftDraw/Sources/LayerTree/LayerTree.Pattern.swift (in target 'SwiftDraw' from project 'SwiftDraw')
cd /Users/admin/builder/spi-builder-workspace/.swiftpm/xcode
builtin-SwiftPerFileCompile LayerTree.Pattern.swift
SwiftCompile normal arm64 Compiling\ Renderer.CGText.swift,\ Renderer.CoreGraphics+Cost.swift,\ Renderer.CoreGraphics.swift,\ Renderer.LayerTree.swift,\ Renderer.SFSymbol+CGPath.swift,\ Renderer.SFSymbol+ClipPath.swift /Users/admin/builder/spi-builder-workspace/.dependencies/checkouts/SwiftDraw/SwiftDraw/Sources/Renderer/Renderer.CGText.swift /Users/admin/builder/spi-builder-workspace/.dependencies/checkouts/SwiftDraw/SwiftDraw/Sources/Renderer/Renderer.CoreGraphics+Cost.swift /Users/admin/builder/spi-builder-workspace/.dependencies/checkouts/SwiftDraw/SwiftDraw/Sources/Renderer/Renderer.CoreGraphics.swift /Users/admin/builder/spi-builder-workspace/.dependencies/checkouts/SwiftDraw/SwiftDraw/Sources/Renderer/Renderer.LayerTree.swift /Users/admin/builder/spi-builder-workspace/.dependencies/checkouts/SwiftDraw/SwiftDraw/Sources/Renderer/Renderer.SFSymbol+CGPath.swift /Users/admin/builder/spi-builder-workspace/.dependencies/checkouts/SwiftDraw/SwiftDraw/Sources/Renderer/Renderer.SFSymbol+ClipPath.swift (in target 'SwiftDraw' from project 'SwiftDraw')
SwiftCompile normal arm64 /Users/admin/builder/spi-builder-workspace/.dependencies/checkouts/SwiftDraw/SwiftDraw/Sources/Renderer/Renderer.CGText.swift (in target 'SwiftDraw' from project 'SwiftDraw')
cd /Users/admin/builder/spi-builder-workspace/.swiftpm/xcode
builtin-SwiftPerFileCompile Renderer.CGText.swift
SwiftCompile normal arm64 /Users/admin/builder/spi-builder-workspace/.dependencies/checkouts/SwiftDraw/SwiftDraw/Sources/Renderer/Renderer.CoreGraphics+Cost.swift (in target 'SwiftDraw' from project 'SwiftDraw')
cd /Users/admin/builder/spi-builder-workspace/.swiftpm/xcode
builtin-SwiftPerFileCompile Renderer.CoreGraphics+Cost.swift
SwiftCompile normal arm64 /Users/admin/builder/spi-builder-workspace/.dependencies/checkouts/SwiftDraw/SwiftDraw/Sources/Renderer/Renderer.CoreGraphics.swift (in target 'SwiftDraw' from project 'SwiftDraw')
cd /Users/admin/builder/spi-builder-workspace/.swiftpm/xcode
builtin-SwiftPerFileCompile Renderer.CoreGraphics.swift
SwiftCompile normal arm64 /Users/admin/builder/spi-builder-workspace/.dependencies/checkouts/SwiftDraw/SwiftDraw/Sources/Renderer/Renderer.LayerTree.swift (in target 'SwiftDraw' from project 'SwiftDraw')
cd /Users/admin/builder/spi-builder-workspace/.swiftpm/xcode
builtin-SwiftPerFileCompile Renderer.LayerTree.swift
SwiftCompile normal arm64 /Users/admin/builder/spi-builder-workspace/.dependencies/checkouts/SwiftDraw/SwiftDraw/Sources/Renderer/Renderer.SFSymbol+CGPath.swift (in target 'SwiftDraw' from project 'SwiftDraw')
cd /Users/admin/builder/spi-builder-workspace/.swiftpm/xcode
builtin-SwiftPerFileCompile Renderer.SFSymbol+CGPath.swift
SwiftCompile normal arm64 /Users/admin/builder/spi-builder-workspace/.dependencies/checkouts/SwiftDraw/SwiftDraw/Sources/Renderer/Renderer.SFSymbol+ClipPath.swift (in target 'SwiftDraw' from project 'SwiftDraw')
cd /Users/admin/builder/spi-builder-workspace/.swiftpm/xcode
builtin-SwiftPerFileCompile Renderer.SFSymbol+ClipPath.swift
SwiftCompile normal arm64 Compiling\ SVG+Insets.swift,\ SVG+UIKit.swift,\ SVG.swift,\ SVGCache.swift,\ SVGView.swift,\ UIImage+SVG.swift /Users/admin/builder/spi-builder-workspace/.dependencies/checkouts/SwiftDraw/SwiftDraw/Sources/SVG+Insets.swift /Users/admin/builder/spi-builder-workspace/.dependencies/checkouts/SwiftDraw/SwiftDraw/Sources/SVG+UIKit.swift /Users/admin/builder/spi-builder-workspace/.dependencies/checkouts/SwiftDraw/SwiftDraw/Sources/SVG.swift /Users/admin/builder/spi-builder-workspace/.dependencies/checkouts/SwiftDraw/SwiftDraw/Sources/SVGCache.swift /Users/admin/builder/spi-builder-workspace/.dependencies/checkouts/SwiftDraw/SwiftDraw/Sources/SVGView.swift /Users/admin/builder/spi-builder-workspace/.dependencies/checkouts/SwiftDraw/SwiftDraw/Sources/UIImage+SVG.swift (in target 'SwiftDraw' from project 'SwiftDraw')
SwiftCompile normal arm64 /Users/admin/builder/spi-builder-workspace/.dependencies/checkouts/SwiftDraw/SwiftDraw/Sources/SVG+Insets.swift (in target 'SwiftDraw' from project 'SwiftDraw')
cd /Users/admin/builder/spi-builder-workspace/.swiftpm/xcode
builtin-SwiftPerFileCompile SVG+Insets.swift
SwiftCompile normal arm64 /Users/admin/builder/spi-builder-workspace/.dependencies/checkouts/SwiftDraw/SwiftDraw/Sources/SVG+UIKit.swift (in target 'SwiftDraw' from project 'SwiftDraw')
cd /Users/admin/builder/spi-builder-workspace/.swiftpm/xcode
builtin-SwiftPerFileCompile SVG+UIKit.swift
SwiftCompile normal arm64 /Users/admin/builder/spi-builder-workspace/.dependencies/checkouts/SwiftDraw/SwiftDraw/Sources/SVG.swift (in target 'SwiftDraw' from project 'SwiftDraw')
cd /Users/admin/builder/spi-builder-workspace/.swiftpm/xcode
builtin-SwiftPerFileCompile SVG.swift
SwiftCompile normal arm64 /Users/admin/builder/spi-builder-workspace/.dependencies/checkouts/SwiftDraw/SwiftDraw/Sources/SVGCache.swift (in target 'SwiftDraw' from project 'SwiftDraw')
cd /Users/admin/builder/spi-builder-workspace/.swiftpm/xcode
builtin-SwiftPerFileCompile SVGCache.swift
SwiftCompile normal arm64 /Users/admin/builder/spi-builder-workspace/.dependencies/checkouts/SwiftDraw/SwiftDraw/Sources/SVGView.swift (in target 'SwiftDraw' from project 'SwiftDraw')
cd /Users/admin/builder/spi-builder-workspace/.swiftpm/xcode
builtin-SwiftPerFileCompile SVGView.swift
SwiftCompile normal arm64 /Users/admin/builder/spi-builder-workspace/.dependencies/checkouts/SwiftDraw/SwiftDraw/Sources/UIImage+SVG.swift (in target 'SwiftDraw' from project 'SwiftDraw')
cd /Users/admin/builder/spi-builder-workspace/.swiftpm/xcode
builtin-SwiftPerFileCompile UIImage+SVG.swift
SwiftCompile normal arm64 Compiling\ AsyncSVGView.swift,\ CanvasNSView.swift,\ CanvasUIView.swift,\ CommandLine+Process.swift,\ CommandLine.Arguments.swift,\ CommandLine.Configuration.swift,\ CommandLine.swift /Users/admin/builder/spi-builder-workspace/.dependencies/checkouts/SwiftDraw/SwiftDraw/Sources/AsyncSVGView.swift /Users/admin/builder/spi-builder-workspace/.dependencies/checkouts/SwiftDraw/SwiftDraw/Sources/CanvasNSView.swift /Users/admin/builder/spi-builder-workspace/.dependencies/checkouts/SwiftDraw/SwiftDraw/Sources/CanvasUIView.swift /Users/admin/builder/spi-builder-workspace/.dependencies/checkouts/SwiftDraw/SwiftDraw/Sources/CommandLine/CommandLine+Process.swift /Users/admin/builder/spi-builder-workspace/.dependencies/checkouts/SwiftDraw/SwiftDraw/Sources/CommandLine/CommandLine.Arguments.swift /Users/admin/builder/spi-builder-workspace/.dependencies/checkouts/SwiftDraw/SwiftDraw/Sources/CommandLine/CommandLine.Configuration.swift /Users/admin/builder/spi-builder-workspace/.dependencies/checkouts/SwiftDraw/SwiftDraw/Sources/CommandLine/CommandLine.swift (in target 'SwiftDraw' from project 'SwiftDraw')
SwiftCompile normal arm64 /Users/admin/builder/spi-builder-workspace/.dependencies/checkouts/SwiftDraw/SwiftDraw/Sources/AsyncSVGView.swift (in target 'SwiftDraw' from project 'SwiftDraw')
cd /Users/admin/builder/spi-builder-workspace/.swiftpm/xcode
builtin-SwiftPerFileCompile AsyncSVGView.swift
SwiftCompile normal arm64 /Users/admin/builder/spi-builder-workspace/.dependencies/checkouts/SwiftDraw/SwiftDraw/Sources/CanvasNSView.swift (in target 'SwiftDraw' from project 'SwiftDraw')
cd /Users/admin/builder/spi-builder-workspace/.swiftpm/xcode
builtin-SwiftPerFileCompile CanvasNSView.swift
SwiftCompile normal arm64 /Users/admin/builder/spi-builder-workspace/.dependencies/checkouts/SwiftDraw/SwiftDraw/Sources/CanvasUIView.swift (in target 'SwiftDraw' from project 'SwiftDraw')
cd /Users/admin/builder/spi-builder-workspace/.swiftpm/xcode
builtin-SwiftPerFileCompile CanvasUIView.swift
SwiftCompile normal arm64 /Users/admin/builder/spi-builder-workspace/.dependencies/checkouts/SwiftDraw/SwiftDraw/Sources/CommandLine/CommandLine+Process.swift (in target 'SwiftDraw' from project 'SwiftDraw')
cd /Users/admin/builder/spi-builder-workspace/.swiftpm/xcode
builtin-SwiftPerFileCompile CommandLine+Process.swift
SwiftCompile normal arm64 /Users/admin/builder/spi-builder-workspace/.dependencies/checkouts/SwiftDraw/SwiftDraw/Sources/CommandLine/CommandLine.Arguments.swift (in target 'SwiftDraw' from project 'SwiftDraw')
cd /Users/admin/builder/spi-builder-workspace/.swiftpm/xcode
builtin-SwiftPerFileCompile CommandLine.Arguments.swift
SwiftCompile normal arm64 /Users/admin/builder/spi-builder-workspace/.dependencies/checkouts/SwiftDraw/SwiftDraw/Sources/CommandLine/CommandLine.Configuration.swift (in target 'SwiftDraw' from project 'SwiftDraw')
cd /Users/admin/builder/spi-builder-workspace/.swiftpm/xcode
builtin-SwiftPerFileCompile CommandLine.Configuration.swift
SwiftCompile normal arm64 /Users/admin/builder/spi-builder-workspace/.dependencies/checkouts/SwiftDraw/SwiftDraw/Sources/CommandLine/CommandLine.swift (in target 'SwiftDraw' from project 'SwiftDraw')
cd /Users/admin/builder/spi-builder-workspace/.swiftpm/xcode
builtin-SwiftPerFileCompile CommandLine.swift
SwiftCompile normal arm64 Compiling\ CoordinateFormatter.swift,\ XML.Formatter.SVG.swift,\ XML.Formatter.swift,\ LayerTree.Builder.Layer.swift,\ LayerTree.Builder.Path.Arc.swift,\ LayerTree.Builder.Path.swift,\ LayerTree.Builder.Shape.swift /Users/admin/builder/spi-builder-workspace/.dependencies/checkouts/SwiftDraw/SwiftDraw/Sources/Formatter/CoordinateFormatter.swift /Users/admin/builder/spi-builder-workspace/.dependencies/checkouts/SwiftDraw/SwiftDraw/Sources/Formatter/XML.Formatter.SVG.swift /Users/admin/builder/spi-builder-workspace/.dependencies/checkouts/SwiftDraw/SwiftDraw/Sources/Formatter/XML.Formatter.swift /Users/admin/builder/spi-builder-workspace/.dependencies/checkouts/SwiftDraw/SwiftDraw/Sources/LayerTree/LayerTree.Builder.Layer.swift /Users/admin/builder/spi-builder-workspace/.dependencies/checkouts/SwiftDraw/SwiftDraw/Sources/LayerTree/LayerTree.Builder.Path.Arc.swift /Users/admin/builder/spi-builder-workspace/.dependencies/checkouts/SwiftDraw/SwiftDraw/Sources/LayerTree/LayerTree.Builder.Path.swift /Users/admin/builder/spi-builder-workspace/.dependencies/checkouts/SwiftDraw/SwiftDraw/Sources/LayerTree/LayerTree.Builder.Shape.swift (in target 'SwiftDraw' from project 'SwiftDraw')
SwiftCompile normal arm64 /Users/admin/builder/spi-builder-workspace/.dependencies/checkouts/SwiftDraw/SwiftDraw/Sources/Formatter/CoordinateFormatter.swift (in target 'SwiftDraw' from project 'SwiftDraw')
cd /Users/admin/builder/spi-builder-workspace/.swiftpm/xcode
builtin-SwiftPerFileCompile CoordinateFormatter.swift
SwiftCompile normal arm64 /Users/admin/builder/spi-builder-workspace/.dependencies/checkouts/SwiftDraw/SwiftDraw/Sources/Formatter/XML.Formatter.SVG.swift (in target 'SwiftDraw' from project 'SwiftDraw')
cd /Users/admin/builder/spi-builder-workspace/.swiftpm/xcode
builtin-SwiftPerFileCompile XML.Formatter.SVG.swift
SwiftCompile normal arm64 /Users/admin/builder/spi-builder-workspace/.dependencies/checkouts/SwiftDraw/SwiftDraw/Sources/Formatter/XML.Formatter.swift (in target 'SwiftDraw' from project 'SwiftDraw')
cd /Users/admin/builder/spi-builder-workspace/.swiftpm/xcode
builtin-SwiftPerFileCompile XML.Formatter.swift
SwiftCompile normal arm64 /Users/admin/builder/spi-builder-workspace/.dependencies/checkouts/SwiftDraw/SwiftDraw/Sources/LayerTree/LayerTree.Builder.Layer.swift (in target 'SwiftDraw' from project 'SwiftDraw')
cd /Users/admin/builder/spi-builder-workspace/.swiftpm/xcode
builtin-SwiftPerFileCompile LayerTree.Builder.Layer.swift
SwiftCompile normal arm64 /Users/admin/builder/spi-builder-workspace/.dependencies/checkouts/SwiftDraw/SwiftDraw/Sources/LayerTree/LayerTree.Builder.Path.Arc.swift (in target 'SwiftDraw' from project 'SwiftDraw')
cd /Users/admin/builder/spi-builder-workspace/.swiftpm/xcode
builtin-SwiftPerFileCompile LayerTree.Builder.Path.Arc.swift
SwiftCompile normal arm64 /Users/admin/builder/spi-builder-workspace/.dependencies/checkouts/SwiftDraw/SwiftDraw/Sources/LayerTree/LayerTree.Builder.Path.swift (in target 'SwiftDraw' from project 'SwiftDraw')
cd /Users/admin/builder/spi-builder-workspace/.swiftpm/xcode
builtin-SwiftPerFileCompile LayerTree.Builder.Path.swift
SwiftCompile normal arm64 /Users/admin/builder/spi-builder-workspace/.dependencies/checkouts/SwiftDraw/SwiftDraw/Sources/LayerTree/LayerTree.Builder.Shape.swift (in target 'SwiftDraw' from project 'SwiftDraw')
cd /Users/admin/builder/spi-builder-workspace/.swiftpm/xcode
builtin-SwiftPerFileCompile LayerTree.Builder.Shape.swift
SwiftDriverJobDiscovery normal arm64 Compiling LayerTree.Shape.swift, LayerTree.Transform.swift, LayerTree.swift, NSImage+SVG.swift, CGTextRenderer+Code.swift, Renderer.CGText+Path.swift (in target 'SwiftDraw' from project 'SwiftDraw')
SwiftDriverJobDiscovery normal arm64 Compiling LayerTree.Layer.swift, LayerTree.Path+Bounds.swift, LayerTree.Path+Reversed.swift, LayerTree.Path+Subpath.swift, LayerTree.Path.swift, LayerTree.Pattern.swift (in target 'SwiftDraw' from project 'SwiftDraw')
SwiftDriverJobDiscovery normal arm64 Emitting module for SwiftDraw (in target 'SwiftDraw' from project 'SwiftDraw')
SwiftDriver\ Compilation\ Requirements SwiftDraw normal arm64 com.apple.xcode.tools.swift.compiler (in target 'SwiftDraw' from project 'SwiftDraw')
cd /Users/admin/builder/spi-builder-workspace/.swiftpm/xcode
builtin-Swift-Compilation-Requirements -- /Applications/Xcode-27.0.0-Release.Candidate.app/Contents/Developer/Toolchains/XcodeDefault.xctoolchain/usr/bin/swiftc -parse-as-library -module-name SwiftDraw -Onone @/Users/admin/builder/spi-builder-workspace/.derivedData/Build/Intermediates.noindex/SwiftDraw.build/Debug-xros/SwiftDraw-t.build/Objects-normal/arm64/SwiftDraw.SwiftFileList -DSWIFT_PACKAGE -DDEBUG -DSWIFT_MODULE_RESOURCE_BUNDLE_UNAVAILABLE -DXcode -enable-upcoming-feature ExistentialAny -enable-upcoming-feature InternalImportsByDefault -enable-upcoming-feature MemberImportVisibility -plugin-path /Applications/Xcode-27.0.0-Release.Candidate.app/Contents/Developer/Toolchains/XcodeDefault.xctoolchain/usr/lib/swift/host/plugins/testing -enable-experimental-feature DebugDescriptionMacro -sdk /Applications/Xcode-27.0.0-Release.Candidate.app/Contents/Developer/Platforms/XROS.platform/Developer/SDKs/XROS27.0.sdk -target arm64-apple-xros1.0 -g -module-cache-path /Users/admin/builder/spi-builder-workspace/.derivedData/ModuleCache.noindex -Xfrontend -serialize-debugging-options -profile-coverage-mapping -profile-generate -enable-testing -suppress-warnings -index-store-path /Users/admin/builder/spi-builder-workspace/.derivedData/Index.noindex/DataStore -Xcc -D_LIBCPP_HARDENING_MODE\=_LIBCPP_HARDENING_MODE_DEBUG -swift-version 6 -I /Users/admin/builder/spi-builder-workspace/.derivedData/Build/Products/Debug-xros -Isystem /Applications/Xcode-27.0.0-Release.Candidate.app/Contents/Developer/Platforms/XROS.platform/Developer/usr/lib -F /Users/admin/builder/spi-builder-workspace/.derivedData/Build/Products/Debug-xros/PackageFrameworks -F /Users/admin/builder/spi-builder-workspace/.derivedData/Build/Products/Debug-xros -F /Applications/Xcode-27.0.0-Release.Candidate.app/Contents/Developer/Platforms/XROS.platform/Developer/Library/Frameworks -F /Applications/Xcode-27.0.0-Release.Candidate.app/Contents/Developer/Platforms/XROS.platform/Developer/SDKs/XROS27.0.sdk/Developer/Library/Frameworks -c -j10 -enable-batch-mode -incremental -Xcc -ivfsstatcache -Xcc /Users/admin/builder/spi-builder-workspace/.derivedData/SDKStatCaches.noindex/xros27.0-24M361-e829b21a6f8c9b70876ba0858053c044735bd543db762f57723cac368afd1ce4.sdkstatcache -output-file-map /Users/admin/builder/spi-builder-workspace/.derivedData/Build/Intermediates.noindex/SwiftDraw.build/Debug-xros/SwiftDraw-t.build/Objects-normal/arm64/SwiftDraw-OutputFileMap.json -save-temps -no-color-diagnostics -explicit-module-build -module-cache-path /Users/admin/builder/spi-builder-workspace/.derivedData/Build/Intermediates.noindex/SwiftExplicitPrecompiledModules -clang-scanner-module-cache-path /Users/admin/builder/spi-builder-workspace/.derivedData/ModuleCache.noindex -sdk-module-cache-path /Users/admin/builder/spi-builder-workspace/.derivedData/SDKExplicitPrecompiledModules -emit-dependencies -emit-module -emit-module-path /Users/admin/builder/spi-builder-workspace/.derivedData/Build/Intermediates.noindex/SwiftDraw.build/Debug-xros/SwiftDraw-t.build/Objects-normal/arm64/SwiftDraw.swiftmodule -serialize-diagnostics -dependency-scan-serialize-diagnostics-path /Users/admin/builder/spi-builder-workspace/.derivedData/Build/Intermediates.noindex/SwiftDraw.build/Debug-xros/SwiftDraw-t.build/Objects-normal/arm64/SwiftDraw-dependency-scan.dia -user-module-version 0.29.0 -validate-clang-modules-once -clang-build-session-file /Users/admin/builder/spi-builder-workspace/.derivedData/ModuleCache.noindex/Session.modulevalidation -Xcc -fmodules-prune-interval\=86400 -Xcc -fmodules-prune-after\=345600 -package-name swiftdraw -emit-const-values -const-gather-protocols-list /Users/admin/builder/spi-builder-workspace/.derivedData/Build/Intermediates.noindex/SwiftDraw.build/Debug-xros/SwiftDraw-t.build/Objects-normal/arm64/SwiftDraw_const_extract_protocols.json -Xcc -I/Users/admin/builder/spi-builder-workspace/.derivedData/Build/Products/Debug-xros/include -Xcc -I/Users/admin/builder/spi-builder-workspace/.derivedData/Build/Intermediates.noindex/SwiftDraw.build/Debug-xros/SwiftDraw-t.build/DerivedSources-normal/arm64 -Xcc -I/Users/admin/builder/spi-builder-workspace/.derivedData/Build/Intermediates.noindex/SwiftDraw.build/Debug-xros/SwiftDraw-t.build/DerivedSources/arm64 -Xcc -I/Users/admin/builder/spi-builder-workspace/.derivedData/Build/Intermediates.noindex/SwiftDraw.build/Debug-xros/SwiftDraw-t.build/DerivedSources -Xcc -DSWIFT_PACKAGE -Xcc -DDEBUG\=1 -emit-objc-header -emit-objc-header-path /Users/admin/builder/spi-builder-workspace/.derivedData/Build/Intermediates.noindex/SwiftDraw.build/Debug-xros/SwiftDraw-t.build/Objects-normal/arm64/SwiftDraw-Swift.h -working-directory /Users/admin/builder/spi-builder-workspace/.swiftpm/xcode -experimental-emit-module-separately -disable-cmo
SwiftMergeGeneratedHeaders /Users/admin/builder/spi-builder-workspace/.derivedData/Build/Intermediates.noindex/GeneratedModuleMaps-xros/SwiftDraw-Swift.h /Users/admin/builder/spi-builder-workspace/.derivedData/Build/Intermediates.noindex/SwiftDraw.build/Debug-xros/SwiftDraw-t.build/Objects-normal/arm64/SwiftDraw-Swift.h (in target 'SwiftDraw' from project 'SwiftDraw')
cd /Users/admin/builder/spi-builder-workspace/.dependencies/checkouts/SwiftDraw
builtin-swiftHeaderTool -arch arm64 /Users/admin/builder/spi-builder-workspace/.derivedData/Build/Intermediates.noindex/SwiftDraw.build/Debug-xros/SwiftDraw-t.build/Objects-normal/arm64/SwiftDraw-Swift.h -o /Users/admin/builder/spi-builder-workspace/.derivedData/Build/Intermediates.noindex/GeneratedModuleMaps-xros/SwiftDraw-Swift.h
Copy /Users/admin/builder/spi-builder-workspace/.derivedData/Build/Products/Debug-xros/SwiftDraw.swiftmodule/arm64-apple-xros.swiftmodule /Users/admin/builder/spi-builder-workspace/.derivedData/Build/Intermediates.noindex/SwiftDraw.build/Debug-xros/SwiftDraw-t.build/Objects-normal/arm64/SwiftDraw.swiftmodule (in target 'SwiftDraw' from project 'SwiftDraw')
cd /Users/admin/builder/spi-builder-workspace/.dependencies/checkouts/SwiftDraw
builtin-copy -exclude .DS_Store -exclude CVS -exclude .svn -exclude .git -exclude .hg -resolve-src-symlinks -rename /Users/admin/builder/spi-builder-workspace/.derivedData/Build/Intermediates.noindex/SwiftDraw.build/Debug-xros/SwiftDraw-t.build/Objects-normal/arm64/SwiftDraw.swiftmodule /Users/admin/builder/spi-builder-workspace/.derivedData/Build/Products/Debug-xros/SwiftDraw.swiftmodule/arm64-apple-xros.swiftmodule
Copy /Users/admin/builder/spi-builder-workspace/.derivedData/Build/Products/Debug-xros/SwiftDraw.swiftmodule/arm64-apple-xros.swiftdoc /Users/admin/builder/spi-builder-workspace/.derivedData/Build/Intermediates.noindex/SwiftDraw.build/Debug-xros/SwiftDraw-t.build/Objects-normal/arm64/SwiftDraw.swiftdoc (in target 'SwiftDraw' from project 'SwiftDraw')
cd /Users/admin/builder/spi-builder-workspace/.dependencies/checkouts/SwiftDraw
builtin-copy -exclude .DS_Store -exclude CVS -exclude .svn -exclude .git -exclude .hg -resolve-src-symlinks -rename /Users/admin/builder/spi-builder-workspace/.derivedData/Build/Intermediates.noindex/SwiftDraw.build/Debug-xros/SwiftDraw-t.build/Objects-normal/arm64/SwiftDraw.swiftdoc /Users/admin/builder/spi-builder-workspace/.derivedData/Build/Products/Debug-xros/SwiftDraw.swiftmodule/arm64-apple-xros.swiftdoc
Copy /Users/admin/builder/spi-builder-workspace/.derivedData/Build/Products/Debug-xros/SwiftDraw.swiftmodule/arm64-apple-xros.abi.json /Users/admin/builder/spi-builder-workspace/.derivedData/Build/Intermediates.noindex/SwiftDraw.build/Debug-xros/SwiftDraw-t.build/Objects-normal/arm64/SwiftDraw.abi.json (in target 'SwiftDraw' from project 'SwiftDraw')
cd /Users/admin/builder/spi-builder-workspace/.dependencies/checkouts/SwiftDraw
builtin-copy -exclude .DS_Store -exclude CVS -exclude .svn -exclude .git -exclude .hg -resolve-src-symlinks -rename /Users/admin/builder/spi-builder-workspace/.derivedData/Build/Intermediates.noindex/SwiftDraw.build/Debug-xros/SwiftDraw-t.build/Objects-normal/arm64/SwiftDraw.abi.json /Users/admin/builder/spi-builder-workspace/.derivedData/Build/Products/Debug-xros/SwiftDraw.swiftmodule/arm64-apple-xros.abi.json
Copy /Users/admin/builder/spi-builder-workspace/.derivedData/Build/Products/Debug-xros/SwiftDraw.swiftmodule/Project/arm64-apple-xros.swiftsourceinfo /Users/admin/builder/spi-builder-workspace/.derivedData/Build/Intermediates.noindex/SwiftDraw.build/Debug-xros/SwiftDraw-t.build/Objects-normal/arm64/SwiftDraw.swiftsourceinfo (in target 'SwiftDraw' from project 'SwiftDraw')
cd /Users/admin/builder/spi-builder-workspace/.dependencies/checkouts/SwiftDraw
builtin-copy -exclude .DS_Store -exclude CVS -exclude .svn -exclude .git -exclude .hg -resolve-src-symlinks -rename /Users/admin/builder/spi-builder-workspace/.derivedData/Build/Intermediates.noindex/SwiftDraw.build/Debug-xros/SwiftDraw-t.build/Objects-normal/arm64/SwiftDraw.swiftsourceinfo /Users/admin/builder/spi-builder-workspace/.derivedData/Build/Products/Debug-xros/SwiftDraw.swiftmodule/Project/arm64-apple-xros.swiftsourceinfo
SwiftDriver LaTeXSwiftUI normal arm64 com.apple.xcode.tools.swift.compiler (in target 'LaTeXSwiftUI' from project 'LaTeXSwiftUI')
cd /Users/admin/builder/spi-builder-workspace/.swiftpm/xcode
builtin-SwiftDriver -- /Applications/Xcode-27.0.0-Release.Candidate.app/Contents/Developer/Toolchains/XcodeDefault.xctoolchain/usr/bin/swiftc -parse-as-library -module-name LaTeXSwiftUI -Onone @/Users/admin/builder/spi-builder-workspace/.derivedData/Build/Intermediates.noindex/LaTeXSwiftUI.build/Debug-xros/LaTeXSwiftUI-t.build/Objects-normal/arm64/LaTeXSwiftUI.SwiftFileList -DSWIFT_PACKAGE -DDEBUG -DSWIFT_MODULE_RESOURCE_BUNDLE_AVAILABLE -DXcode -plugin-path /Applications/Xcode-27.0.0-Release.Candidate.app/Contents/Developer/Toolchains/XcodeDefault.xctoolchain/usr/lib/swift/host/plugins/testing -enable-experimental-feature DebugDescriptionMacro -sdk /Applications/Xcode-27.0.0-Release.Candidate.app/Contents/Developer/Platforms/XROS.platform/Developer/SDKs/XROS27.0.sdk -target arm64-apple-xros1.0 -g -module-cache-path /Users/admin/builder/spi-builder-workspace/.derivedData/ModuleCache.noindex -Xfrontend -serialize-debugging-options -profile-coverage-mapping -profile-generate -enable-testing -index-store-path /Users/admin/builder/spi-builder-workspace/.derivedData/Index.noindex/DataStore -Xcc -D_LIBCPP_HARDENING_MODE\=_LIBCPP_HARDENING_MODE_DEBUG -swift-version 6 -I /Users/admin/builder/spi-builder-workspace/.derivedData/Build/Products/Debug-xros -Isystem /Applications/Xcode-27.0.0-Release.Candidate.app/Contents/Developer/Platforms/XROS.platform/Developer/usr/lib -F /Users/admin/builder/spi-builder-workspace/.derivedData/Build/Products/Debug-xros/PackageFrameworks -F /Users/admin/builder/spi-builder-workspace/.derivedData/Build/Products/Debug-xros -F /Applications/Xcode-27.0.0-Release.Candidate.app/Contents/Developer/Platforms/XROS.platform/Developer/Library/Frameworks -F /Applications/Xcode-27.0.0-Release.Candidate.app/Contents/Developer/Platforms/XROS.platform/Developer/SDKs/XROS27.0.sdk/Developer/Library/Frameworks -c -j10 -enable-batch-mode -incremental -Xcc -ivfsstatcache -Xcc /Users/admin/builder/spi-builder-workspace/.derivedData/SDKStatCaches.noindex/xros27.0-24M361-e829b21a6f8c9b70876ba0858053c044735bd543db762f57723cac368afd1ce4.sdkstatcache -output-file-map /Users/admin/builder/spi-builder-workspace/.derivedData/Build/Intermediates.noindex/LaTeXSwiftUI.build/Debug-xros/LaTeXSwiftUI-t.build/Objects-normal/arm64/LaTeXSwiftUI-OutputFileMap.json -save-temps -no-color-diagnostics -explicit-module-build -module-cache-path /Users/admin/builder/spi-builder-workspace/.derivedData/Build/Intermediates.noindex/SwiftExplicitPrecompiledModules -clang-scanner-module-cache-path /Users/admin/builder/spi-builder-workspace/.derivedData/ModuleCache.noindex -sdk-module-cache-path /Users/admin/builder/spi-builder-workspace/.derivedData/SDKExplicitPrecompiledModules -emit-dependencies -emit-module -emit-module-path /Users/admin/builder/spi-builder-workspace/.derivedData/Build/Intermediates.noindex/LaTeXSwiftUI.build/Debug-xros/LaTeXSwiftUI-t.build/Objects-normal/arm64/LaTeXSwiftUI.swiftmodule -serialize-diagnostics -dependency-scan-serialize-diagnostics-path /Users/admin/builder/spi-builder-workspace/.derivedData/Build/Intermediates.noindex/LaTeXSwiftUI.build/Debug-xros/LaTeXSwiftUI-t.build/Objects-normal/arm64/LaTeXSwiftUI-dependency-scan.dia -validate-clang-modules-once -clang-build-session-file /Users/admin/builder/spi-builder-workspace/.derivedData/ModuleCache.noindex/Session.modulevalidation -Xcc -fmodules-prune-interval\=86400 -Xcc -fmodules-prune-after\=345600 -package-name spi_builder_workspace -emit-const-values -const-gather-protocols-list /Users/admin/builder/spi-builder-workspace/.derivedData/Build/Intermediates.noindex/LaTeXSwiftUI.build/Debug-xros/LaTeXSwiftUI-t.build/Objects-normal/arm64/LaTeXSwiftUI_const_extract_protocols.json -Xcc -I/Users/admin/builder/spi-builder-workspace/.derivedData/Build/Products/Debug-xros/include -Xcc -I/Users/admin/builder/spi-builder-workspace/.derivedData/Build/Intermediates.noindex/LaTeXSwiftUI.build/Debug-xros/LaTeXSwiftUI-t.build/DerivedSources-normal/arm64 -Xcc -I/Users/admin/builder/spi-builder-workspace/.derivedData/Build/Intermediates.noindex/LaTeXSwiftUI.build/Debug-xros/LaTeXSwiftUI-t.build/DerivedSources/arm64 -Xcc -I/Users/admin/builder/spi-builder-workspace/.derivedData/Build/Intermediates.noindex/LaTeXSwiftUI.build/Debug-xros/LaTeXSwiftUI-t.build/DerivedSources -Xcc -DSWIFT_PACKAGE -Xcc -DDEBUG\=1 -emit-objc-header -emit-objc-header-path /Users/admin/builder/spi-builder-workspace/.derivedData/Build/Intermediates.noindex/LaTeXSwiftUI.build/Debug-xros/LaTeXSwiftUI-t.build/Objects-normal/arm64/LaTeXSwiftUI-Swift.h -working-directory /Users/admin/builder/spi-builder-workspace/.swiftpm/xcode -experimental-emit-module-separately -disable-cmo
error: Clang dependency scanning failure: (in target 'LaTeXSwiftUI' from project 'LaTeXSwiftUI')
/Users/admin/builder/spi-builder-workspace/Sources/LaTeXSwiftUI/Previews/LaTeX_Previews+Fonts.swift:32:8: error: Unable to resolve module dependency: 'Cocoa' (in target 'LaTeXSwiftUI' from project 'LaTeXSwiftUI')
note: A dependency of main module 'LaTeXSwiftUI'
/Users/admin/builder/spi-builder-workspace/Sources/LaTeXSwiftUI/Previews/LaTeX_Previews+Fonts.swift:32:8: note: A dependency of main module 'LaTeXSwiftUI'
import Cocoa
^ (in target 'LaTeXSwiftUI' from project 'LaTeXSwiftUI')
SwiftDriverJobDiscovery normal arm64 Compiling LayerTree.Builder.Text.swift, LayerTree.Builder.swift, LayerTree.Color.swift, LayerTree.CommandGenerator.swift, LayerTree.CommandOptimizer.swift, LayerTree.Gradient.swift, LayerTree.Image.swift (in target 'SwiftDraw' from project 'SwiftDraw')
SwiftDriverJobDiscovery normal arm64 Compiling CoordinateFormatter.swift, XML.Formatter.SVG.swift, XML.Formatter.swift, LayerTree.Builder.Layer.swift, LayerTree.Builder.Path.Arc.swift, LayerTree.Builder.Path.swift, LayerTree.Builder.Shape.swift (in target 'SwiftDraw' from project 'SwiftDraw')
PruneExplicitPrecompiledModules /Users/admin/builder/spi-builder-workspace/.derivedData/Build/Intermediates.noindex/ExplicitPrecompiledModules
PruneExplicitPrecompiledModules /Users/admin/builder/spi-builder-workspace/.derivedData/SDKExplicitPrecompiledModules
PruneExplicitPrecompiledModules /Users/admin/builder/spi-builder-workspace/.derivedData/Build/Intermediates.noindex/SwiftExplicitPrecompiledModules
2026-09-24 12:23:08.229 xcodebuild[770:4653] [MT] IDERunDestination: Supported platforms for the buildables in the current scheme is empty.
** BUILD FAILED **
The following build commands failed:
SwiftDriver LaTeXSwiftUI normal arm64 com.apple.xcode.tools.swift.compiler (in target 'LaTeXSwiftUI' from project 'LaTeXSwiftUI')
Building workspace LaTeXSwiftUI with scheme LaTeXSwiftUI
(2 failures)
Command line invocation:
/Applications/Xcode-27.0.0-Release.Candidate.app/Contents/Developer/usr/bin/xcodebuild -IDEClonedSourcePackagesDirPathOverride=/Users/admin/builder/spi-builder-workspace/.dependencies -resolvePackageDependencies
Resolve Package Graph
Resolved source packages:
HTMLEntities: https://github.com/Kitura/swift-html-entities @ 4.0.1
SwiftDraw: https://github.com/swhitty/SwiftDraw @ 0.29.0
MathJaxSwift: https://github.com/colinc86/MathJaxSwift @ 3.5.0
LaTeXSwiftUI: /Users/admin/builder/spi-builder-workspace
resolved source packages: HTMLEntities, SwiftDraw, MathJaxSwift, LaTeXSwiftUI
2026-09-24 12:23:20.561 xcodebuild[1012:5801] [MT] IDERunDestination: Supported platforms for the buildables in the current scheme is empty.
{
"dependencies" : [
{
"identity" : "mathjaxswift",
"requirement" : {
"range" : [
{
"lower_bound" : "3.5.0",
"upper_bound" : "4.0.0"
}
]
},
"type" : "sourceControl",
"url" : "https://github.com/colinc86/MathJaxSwift"
},
{
"identity" : "swiftdraw",
"requirement" : {
"range" : [
{
"lower_bound" : "0.27.0",
"upper_bound" : "1.0.0"
}
]
},
"type" : "sourceControl",
"url" : "https://github.com/swhitty/SwiftDraw"
},
{
"identity" : "swift-html-entities",
"requirement" : {
"range" : [
{
"lower_bound" : "4.0.1",
"upper_bound" : "5.0.0"
}
]
},
"type" : "sourceControl",
"url" : "https://github.com/Kitura/swift-html-entities"
}
],
"manifest_display_name" : "LaTeXSwiftUI",
"name" : "LaTeXSwiftUI",
"path" : "/Users/admin/builder/spi-builder-workspace",
"platforms" : [
{
"name" : "ios",
"version" : "15.0"
},
{
"name" : "macos",
"version" : "12.0"
},
{
"name" : "visionos",
"version" : "1.0"
}
],
"products" : [
{
"name" : "LaTeXSwiftUI",
"targets" : [
"LaTeXSwiftUI"
],
"type" : {
"library" : [
"automatic"
]
}
}
],
"targets" : [
{
"c99name" : "LaTeXSwiftUITests",
"module_type" : "SwiftTarget",
"name" : "LaTeXSwiftUITests",
"path" : "Tests/LaTeXSwiftUITests",
"sources" : [
"GeometryTests.swift",
"ParserTests.swift"
],
"target_dependencies" : [
"LaTeXSwiftUI"
],
"type" : "test"
},
{
"c99name" : "LaTeXSwiftUI",
"module_type" : "SwiftTarget",
"name" : "LaTeXSwiftUI",
"path" : "Sources/LaTeXSwiftUI",
"product_dependencies" : [
"MathJaxSwift",
"SwiftDraw",
"HTMLEntities"
],
"product_memberships" : [
"LaTeXSwiftUI"
],
"resources" : [
{
"path" : "/Users/admin/builder/spi-builder-workspace/Sources/LaTeXSwiftUI/PrivacyInfo.xcprivacy",
"rule" : {
"copy" : {
}
}
}
],
"sources" : [
"Extensions/EnvironmentValues+Extensions.swift",
"Extensions/Font+Extensions.swift",
"Extensions/Image+Extensions.swift",
"Extensions/NSImage+Extensions.swift",
"Extensions/Range+Extensions.swift",
"Extensions/TeXInputProcessorOptions+Extensions.swift",
"Extensions/View+Extensions.swift",
"LaTeX.swift",
"Models/Aliases.swift",
"Models/Cache.swift",
"Models/Component.swift",
"Models/ComponentBlock.swift",
"Models/EquationMarker.swift",
"Models/HashableCGRect.swift",
"Models/HashableCGSize.swift",
"Models/ImageContainer.swift",
"Models/Parser.swift",
"Models/Renderer.swift",
"Models/SVG.swift",
"Models/SVGGeometry.swift",
"Previews/LaTeX_Previews+Accessibility.swift",
"Previews/LaTeX_Previews+Arrays.swift",
"Previews/LaTeX_Previews+Color.swift",
"Previews/LaTeX_Previews+Dynamic.swift",
"Previews/LaTeX_Previews+Fonts.swift",
"Previews/LaTeX_Previews+LineSpacing.swift",
"Previews/LaTeX_Previews+Modes.swift",
"Previews/LaTeX_Previews+Numbers.swift",
"Previews/LaTeX_Previews+Script.swift",
"Previews/LaTeX_Previews+Special.swift",
"Previews/LaTeX_Previews+Styles.swift",
"Views/ComponentBlocksText.swift",
"Views/ComponentBlocksViews.swift",
"Views/EquationNumber.swift",
"Views/HorizontalImageScroller.swift",
"Views/LineSpacingNormalizer.swift"
],
"type" : "library"
}
],
"tools_version" : "6.0"
}
{
"workspace" : {
"name" : "LaTeXSwiftUI",
"schemes" : [
"LaTeXSwiftUI",
"SwiftDraw"
]
}
}
2026-09-24 12:23:21.896 xcodebuild[1020:5869] [MT] IDERunDestination: Supported platforms for the buildables in the current scheme is empty.
{
"workspace" : {
"name" : "LaTeXSwiftUI",
"schemes" : [
"LaTeXSwiftUI",
"SwiftDraw"
]
}
}
2026-09-24 12:23:22.969 xcodebuild[1022:5902] [MT] IDERunDestination: Supported platforms for the buildables in the current scheme is empty.
Running build ...
env DEVELOPER_DIR=/Applications/Xcode-27.0.0-Release.Candidate.app xcrun xcodebuild -IDEClonedSourcePackagesDirPathOverride=$PWD/.dependencies -skipMacroValidation -skipPackagePluginValidation -derivedDataPath $PWD/.derivedData build -scheme LaTeXSwiftUI -destination generic/platform=xrOS
Command line invocation:
/Applications/Xcode-27.0.0-Release.Candidate.app/Contents/Developer/usr/bin/xcodebuild -IDEClonedSourcePackagesDirPathOverride=/Users/admin/builder/spi-builder-workspace/.dependencies -skipMacroValidation -skipPackagePluginValidation -derivedDataPath /Users/admin/builder/spi-builder-workspace/.derivedData build -scheme LaTeXSwiftUI -destination generic/platform=xrOS
Resolve Package Graph
Resolved source packages:
LaTeXSwiftUI: /Users/admin/builder/spi-builder-workspace
SwiftDraw: https://github.com/swhitty/SwiftDraw @ 0.29.0
MathJaxSwift: https://github.com/colinc86/MathJaxSwift @ 3.5.0
HTMLEntities: https://github.com/Kitura/swift-html-entities @ 4.0.1
ComputePackagePrebuildTargetDependencyGraph
Prepare packages
CreateBuildRequest
SendProjectDescription
CreateBuildOperation
ComputeTargetDependencyGraph
note: Building targets in dependency order
note: Target dependency graph (11 targets)
Target 'LaTeXSwiftUI-product' in project 'LaTeXSwiftUI'
➜ Explicit dependency on target 'LaTeXSwiftUI' in project 'LaTeXSwiftUI'
➜ Explicit dependency on target 'LaTeXSwiftUI_LaTeXSwiftUI' in project 'LaTeXSwiftUI'
➜ Explicit dependency on target 'MathJaxSwift-product' in project 'MathJaxSwift'
➜ Explicit dependency on target 'SwiftDraw-product' in project 'SwiftDraw'
➜ Explicit dependency on target 'HTMLEntities-product' in project 'HTMLEntities'
Target 'LaTeXSwiftUI' in project 'LaTeXSwiftUI'
➜ Explicit dependency on target 'LaTeXSwiftUI_LaTeXSwiftUI' in project 'LaTeXSwiftUI'
➜ Explicit dependency on target 'MathJaxSwift-product' in project 'MathJaxSwift'
➜ Explicit dependency on target 'SwiftDraw-product' in project 'SwiftDraw'
➜ Explicit dependency on target 'HTMLEntities-product' in project 'HTMLEntities'
Target 'HTMLEntities-product' in project 'HTMLEntities'
➜ Explicit dependency on target 'HTMLEntities' in project 'HTMLEntities'
Target 'HTMLEntities' in project 'HTMLEntities' (no dependencies)
Target 'SwiftDraw-product' in project 'SwiftDraw'
➜ Explicit dependency on target 'SwiftDraw' in project 'SwiftDraw'
➜ Explicit dependency on target 'SwiftDrawDOM' in project 'SwiftDraw'
Target 'SwiftDraw' in project 'SwiftDraw'
➜ Explicit dependency on target 'SwiftDrawDOM' in project 'SwiftDraw'
Target 'SwiftDrawDOM' in project 'SwiftDraw' (no dependencies)
Target 'MathJaxSwift-product' in project 'MathJaxSwift'
➜ Explicit dependency on target 'MathJaxSwift' in project 'MathJaxSwift'
➜ Explicit dependency on target 'MathJaxSwift_MathJaxSwift' in project 'MathJaxSwift'
Target 'MathJaxSwift' in project 'MathJaxSwift'
➜ Explicit dependency on target 'MathJaxSwift_MathJaxSwift' in project 'MathJaxSwift'
Target 'MathJaxSwift_MathJaxSwift' in project 'MathJaxSwift' (no dependencies)
Target 'LaTeXSwiftUI_LaTeXSwiftUI' in project 'LaTeXSwiftUI' (no dependencies)
GatherProvisioningInputs
CreateBuildDescription
ClangStatCache /Applications/Xcode-27.0.0-Release.Candidate.app/Contents/Developer/Toolchains/XcodeDefault.xctoolchain/usr/bin/clang-stat-cache /Applications/Xcode-27.0.0-Release.Candidate.app/Contents/Developer/Platforms/XROS.platform/Developer/SDKs/XROS27.0.sdk /Users/admin/builder/spi-builder-workspace/.derivedData/SDKStatCaches.noindex/xros27.0-24M361-e829b21a6f8c9b70876ba0858053c044735bd543db762f57723cac368afd1ce4.sdkstatcache
cd /Users/admin/builder/spi-builder-workspace/.swiftpm/xcode
/Applications/Xcode-27.0.0-Release.Candidate.app/Contents/Developer/Toolchains/XcodeDefault.xctoolchain/usr/bin/clang-stat-cache /Applications/Xcode-27.0.0-Release.Candidate.app/Contents/Developer/Platforms/XROS.platform/Developer/SDKs/XROS27.0.sdk -o /Users/admin/builder/spi-builder-workspace/.derivedData/SDKStatCaches.noindex/xros27.0-24M361-e829b21a6f8c9b70876ba0858053c044735bd543db762f57723cac368afd1ce4.sdkstatcache
SwiftDriver LaTeXSwiftUI normal arm64 com.apple.xcode.tools.swift.compiler (in target 'LaTeXSwiftUI' from project 'LaTeXSwiftUI')
cd /Users/admin/builder/spi-builder-workspace/.swiftpm/xcode
builtin-SwiftDriver -- /Applications/Xcode-27.0.0-Release.Candidate.app/Contents/Developer/Toolchains/XcodeDefault.xctoolchain/usr/bin/swiftc -parse-as-library -module-name LaTeXSwiftUI -Onone @/Users/admin/builder/spi-builder-workspace/.derivedData/Build/Intermediates.noindex/LaTeXSwiftUI.build/Debug-xros/LaTeXSwiftUI-t.build/Objects-normal/arm64/LaTeXSwiftUI.SwiftFileList -DSWIFT_PACKAGE -DDEBUG -DSWIFT_MODULE_RESOURCE_BUNDLE_AVAILABLE -DXcode -plugin-path /Applications/Xcode-27.0.0-Release.Candidate.app/Contents/Developer/Toolchains/XcodeDefault.xctoolchain/usr/lib/swift/host/plugins/testing -enable-experimental-feature DebugDescriptionMacro -sdk /Applications/Xcode-27.0.0-Release.Candidate.app/Contents/Developer/Platforms/XROS.platform/Developer/SDKs/XROS27.0.sdk -target arm64-apple-xros1.0 -g -module-cache-path /Users/admin/builder/spi-builder-workspace/.derivedData/ModuleCache.noindex -Xfrontend -serialize-debugging-options -profile-coverage-mapping -profile-generate -enable-testing -index-store-path /Users/admin/builder/spi-builder-workspace/.derivedData/Index.noindex/DataStore -Xcc -D_LIBCPP_HARDENING_MODE\=_LIBCPP_HARDENING_MODE_DEBUG -swift-version 6 -I /Users/admin/builder/spi-builder-workspace/.derivedData/Build/Products/Debug-xros -Isystem /Applications/Xcode-27.0.0-Release.Candidate.app/Contents/Developer/Platforms/XROS.platform/Developer/usr/lib -F /Users/admin/builder/spi-builder-workspace/.derivedData/Build/Products/Debug-xros/PackageFrameworks -F /Users/admin/builder/spi-builder-workspace/.derivedData/Build/Products/Debug-xros -F /Applications/Xcode-27.0.0-Release.Candidate.app/Contents/Developer/Platforms/XROS.platform/Developer/Library/Frameworks -F /Applications/Xcode-27.0.0-Release.Candidate.app/Contents/Developer/Platforms/XROS.platform/Developer/SDKs/XROS27.0.sdk/Developer/Library/Frameworks -c -j10 -enable-batch-mode -incremental -Xcc -ivfsstatcache -Xcc /Users/admin/builder/spi-builder-workspace/.derivedData/SDKStatCaches.noindex/xros27.0-24M361-e829b21a6f8c9b70876ba0858053c044735bd543db762f57723cac368afd1ce4.sdkstatcache -output-file-map /Users/admin/builder/spi-builder-workspace/.derivedData/Build/Intermediates.noindex/LaTeXSwiftUI.build/Debug-xros/LaTeXSwiftUI-t.build/Objects-normal/arm64/LaTeXSwiftUI-OutputFileMap.json -save-temps -no-color-diagnostics -explicit-module-build -module-cache-path /Users/admin/builder/spi-builder-workspace/.derivedData/Build/Intermediates.noindex/SwiftExplicitPrecompiledModules -clang-scanner-module-cache-path /Users/admin/builder/spi-builder-workspace/.derivedData/ModuleCache.noindex -sdk-module-cache-path /Users/admin/builder/spi-builder-workspace/.derivedData/SDKExplicitPrecompiledModules -emit-dependencies -emit-module -emit-module-path /Users/admin/builder/spi-builder-workspace/.derivedData/Build/Intermediates.noindex/LaTeXSwiftUI.build/Debug-xros/LaTeXSwiftUI-t.build/Objects-normal/arm64/LaTeXSwiftUI.swiftmodule -serialize-diagnostics -dependency-scan-serialize-diagnostics-path /Users/admin/builder/spi-builder-workspace/.derivedData/Build/Intermediates.noindex/LaTeXSwiftUI.build/Debug-xros/LaTeXSwiftUI-t.build/Objects-normal/arm64/LaTeXSwiftUI-dependency-scan.dia -validate-clang-modules-once -clang-build-session-file /Users/admin/builder/spi-builder-workspace/.derivedData/ModuleCache.noindex/Session.modulevalidation -Xcc -fmodules-prune-interval\=86400 -Xcc -fmodules-prune-after\=345600 -package-name spi_builder_workspace -emit-const-values -const-gather-protocols-list /Users/admin/builder/spi-builder-workspace/.derivedData/Build/Intermediates.noindex/LaTeXSwiftUI.build/Debug-xros/LaTeXSwiftUI-t.build/Objects-normal/arm64/LaTeXSwiftUI_const_extract_protocols.json -Xcc -I/Users/admin/builder/spi-builder-workspace/.derivedData/Build/Products/Debug-xros/include -Xcc -I/Users/admin/builder/spi-builder-workspace/.derivedData/Build/Intermediates.noindex/LaTeXSwiftUI.build/Debug-xros/LaTeXSwiftUI-t.build/DerivedSources-normal/arm64 -Xcc -I/Users/admin/builder/spi-builder-workspace/.derivedData/Build/Intermediates.noindex/LaTeXSwiftUI.build/Debug-xros/LaTeXSwiftUI-t.build/DerivedSources/arm64 -Xcc -I/Users/admin/builder/spi-builder-workspace/.derivedData/Build/Intermediates.noindex/LaTeXSwiftUI.build/Debug-xros/LaTeXSwiftUI-t.build/DerivedSources -Xcc -DSWIFT_PACKAGE -Xcc -DDEBUG\=1 -emit-objc-header -emit-objc-header-path /Users/admin/builder/spi-builder-workspace/.derivedData/Build/Intermediates.noindex/LaTeXSwiftUI.build/Debug-xros/LaTeXSwiftUI-t.build/Objects-normal/arm64/LaTeXSwiftUI-Swift.h -working-directory /Users/admin/builder/spi-builder-workspace/.swiftpm/xcode -experimental-emit-module-separately -disable-cmo
/Users/admin/builder/spi-builder-workspace/Sources/LaTeXSwiftUI/Previews/LaTeX_Previews+Fonts.swift:32:8: error: Unable to resolve module dependency: 'Cocoa' (in target 'LaTeXSwiftUI' from project 'LaTeXSwiftUI')
note: A dependency of main module 'LaTeXSwiftUI'
/Users/admin/builder/spi-builder-workspace/Sources/LaTeXSwiftUI/Previews/LaTeX_Previews+Fonts.swift:32:8: note: A dependency of main module 'LaTeXSwiftUI'
import Cocoa
^ (in target 'LaTeXSwiftUI' from project 'LaTeXSwiftUI')
SwiftDriver SwiftDraw normal arm64 com.apple.xcode.tools.swift.compiler (in target 'SwiftDraw' from project 'SwiftDraw')
cd /Users/admin/builder/spi-builder-workspace/.swiftpm/xcode
builtin-SwiftDriver -- /Applications/Xcode-27.0.0-Release.Candidate.app/Contents/Developer/Toolchains/XcodeDefault.xctoolchain/usr/bin/swiftc -parse-as-library -module-name SwiftDraw -Onone @/Users/admin/builder/spi-builder-workspace/.derivedData/Build/Intermediates.noindex/SwiftDraw.build/Debug-xros/SwiftDraw-t.build/Objects-normal/arm64/SwiftDraw.SwiftFileList -DSWIFT_PACKAGE -DDEBUG -DSWIFT_MODULE_RESOURCE_BUNDLE_UNAVAILABLE -DXcode -enable-upcoming-feature ExistentialAny -enable-upcoming-feature InternalImportsByDefault -enable-upcoming-feature MemberImportVisibility -plugin-path /Applications/Xcode-27.0.0-Release.Candidate.app/Contents/Developer/Toolchains/XcodeDefault.xctoolchain/usr/lib/swift/host/plugins/testing -enable-experimental-feature DebugDescriptionMacro -sdk /Applications/Xcode-27.0.0-Release.Candidate.app/Contents/Developer/Platforms/XROS.platform/Developer/SDKs/XROS27.0.sdk -target arm64-apple-xros1.0 -g -module-cache-path /Users/admin/builder/spi-builder-workspace/.derivedData/ModuleCache.noindex -Xfrontend -serialize-debugging-options -profile-coverage-mapping -profile-generate -enable-testing -suppress-warnings -index-store-path /Users/admin/builder/spi-builder-workspace/.derivedData/Index.noindex/DataStore -Xcc -D_LIBCPP_HARDENING_MODE\=_LIBCPP_HARDENING_MODE_DEBUG -swift-version 6 -I /Users/admin/builder/spi-builder-workspace/.derivedData/Build/Products/Debug-xros -Isystem /Applications/Xcode-27.0.0-Release.Candidate.app/Contents/Developer/Platforms/XROS.platform/Developer/usr/lib -F /Users/admin/builder/spi-builder-workspace/.derivedData/Build/Products/Debug-xros/PackageFrameworks -F /Users/admin/builder/spi-builder-workspace/.derivedData/Build/Products/Debug-xros -F /Applications/Xcode-27.0.0-Release.Candidate.app/Contents/Developer/Platforms/XROS.platform/Developer/Library/Frameworks -F /Applications/Xcode-27.0.0-Release.Candidate.app/Contents/Developer/Platforms/XROS.platform/Developer/SDKs/XROS27.0.sdk/Developer/Library/Frameworks -c -j10 -enable-batch-mode -incremental -Xcc -ivfsstatcache -Xcc /Users/admin/builder/spi-builder-workspace/.derivedData/SDKStatCaches.noindex/xros27.0-24M361-e829b21a6f8c9b70876ba0858053c044735bd543db762f57723cac368afd1ce4.sdkstatcache -output-file-map /Users/admin/builder/spi-builder-workspace/.derivedData/Build/Intermediates.noindex/SwiftDraw.build/Debug-xros/SwiftDraw-t.build/Objects-normal/arm64/SwiftDraw-OutputFileMap.json -save-temps -no-color-diagnostics -explicit-module-build -module-cache-path /Users/admin/builder/spi-builder-workspace/.derivedData/Build/Intermediates.noindex/SwiftExplicitPrecompiledModules -clang-scanner-module-cache-path /Users/admin/builder/spi-builder-workspace/.derivedData/ModuleCache.noindex -sdk-module-cache-path /Users/admin/builder/spi-builder-workspace/.derivedData/SDKExplicitPrecompiledModules -emit-dependencies -emit-module -emit-module-path /Users/admin/builder/spi-builder-workspace/.derivedData/Build/Intermediates.noindex/SwiftDraw.build/Debug-xros/SwiftDraw-t.build/Objects-normal/arm64/SwiftDraw.swiftmodule -serialize-diagnostics -dependency-scan-serialize-diagnostics-path /Users/admin/builder/spi-builder-workspace/.derivedData/Build/Intermediates.noindex/SwiftDraw.build/Debug-xros/SwiftDraw-t.build/Objects-normal/arm64/SwiftDraw-dependency-scan.dia -user-module-version 0.29.0 -validate-clang-modules-once -clang-build-session-file /Users/admin/builder/spi-builder-workspace/.derivedData/ModuleCache.noindex/Session.modulevalidation -Xcc -fmodules-prune-interval\=86400 -Xcc -fmodules-prune-after\=345600 -package-name swiftdraw -emit-const-values -const-gather-protocols-list /Users/admin/builder/spi-builder-workspace/.derivedData/Build/Intermediates.noindex/SwiftDraw.build/Debug-xros/SwiftDraw-t.build/Objects-normal/arm64/SwiftDraw_const_extract_protocols.json -Xcc -I/Users/admin/builder/spi-builder-workspace/.derivedData/Build/Products/Debug-xros/include -Xcc -I/Users/admin/builder/spi-builder-workspace/.derivedData/Build/Intermediates.noindex/SwiftDraw.build/Debug-xros/SwiftDraw-t.build/DerivedSources-normal/arm64 -Xcc -I/Users/admin/builder/spi-builder-workspace/.derivedData/Build/Intermediates.noindex/SwiftDraw.build/Debug-xros/SwiftDraw-t.build/DerivedSources/arm64 -Xcc -I/Users/admin/builder/spi-builder-workspace/.derivedData/Build/Intermediates.noindex/SwiftDraw.build/Debug-xros/SwiftDraw-t.build/DerivedSources -Xcc -DSWIFT_PACKAGE -Xcc -DDEBUG\=1 -emit-objc-header -emit-objc-header-path /Users/admin/builder/spi-builder-workspace/.derivedData/Build/Intermediates.noindex/SwiftDraw.build/Debug-xros/SwiftDraw-t.build/Objects-normal/arm64/SwiftDraw-Swift.h -working-directory /Users/admin/builder/spi-builder-workspace/.swiftpm/xcode -experimental-emit-module-separately -disable-cmo
PruneExplicitPrecompiledModules /Users/admin/builder/spi-builder-workspace/.derivedData/Build/Intermediates.noindex/SwiftExplicitPrecompiledModules
PruneExplicitPrecompiledModules /Users/admin/builder/spi-builder-workspace/.derivedData/SDKExplicitPrecompiledModules
PruneExplicitPrecompiledModules /Users/admin/builder/spi-builder-workspace/.derivedData/Build/Intermediates.noindex/ExplicitPrecompiledModules
2026-09-24 12:23:24.029 xcodebuild[1023:5926] [MT] IDERunDestination: Supported platforms for the buildables in the current scheme is empty.
** BUILD FAILED **
The following build commands failed:
SwiftDriver LaTeXSwiftUI normal arm64 com.apple.xcode.tools.swift.compiler (in target 'LaTeXSwiftUI' from project 'LaTeXSwiftUI')
Building workspace LaTeXSwiftUI with scheme LaTeXSwiftUI
(2 failures)
BUILD FAILURE 6.4 visionOS