Build Information
Failed to build GoogleCloudDiscoveryEngineV1, reference 0.5.0 (e7a54e), with Swift 6.2 for Android on 11 Oct 2026 22:40:59 UTC.
Build Command
bash -c docker run --pull=always --rm -v "checkouts-54344849-2":/host -w "$PWD" -e JAVA_HOME="/root/.sdkman/candidates/java/current" -e SPI_BUILD="1" -e SPI_PROCESSING="1" registry.gitlab.com/saguaro1/spi-images:android-6.2-latest swift build --swift-sdk aarch64-unknown-linux-android28 2>&1Build Log
========================================
RunAll
========================================
Builder version: 5.1.1
Interrupt handler set up.
========================================
Checkout
========================================
Clone URL: https://github.com/googleapis/swift-google-cloud-discoveryengine-v1.git
Reference: 0.5.0
Initialized empty Git repository in /host/spi-builder-workspace/.git/
hint: Using 'master' as the name for the initial branch. This default branch name
hint: is subject to change. To configure the initial branch name to use in all
hint: of your new repositories, which will suppress this warning, call:
hint:
hint: git config --global init.defaultBranch <name>
hint:
hint: Names commonly chosen instead of 'master' are 'main', 'trunk' and
hint: 'development'. The just-created branch can be renamed via this command:
hint:
hint: git branch -m <name>
From https://github.com/googleapis/swift-google-cloud-discoveryengine-v1
* tag 0.5.0 -> FETCH_HEAD
HEAD is now at e7a54ed chore: release circa 2026-10-07 (#1382)
Cloned https://github.com/googleapis/swift-google-cloud-discoveryengine-v1.git
Revision (git rev-parse @):
e7a54ed127948aab77db5dd8692539e68b10519d
SPI manifest file found: $PWD/.spi.yml
SUCCESS checkout https://github.com/googleapis/swift-google-cloud-discoveryengine-v1.git at 0.5.0
========================================
Build
========================================
Selected platform: android
Swift version: 6.2
Building package at path: $PWD
https://github.com/googleapis/swift-google-cloud-discoveryengine-v1.git
Running build ...
bash -c docker run --pull=always --rm -v "checkouts-54344849-2":/host -w "$PWD" -e JAVA_HOME="/root/.sdkman/candidates/java/current" -e SPI_BUILD="1" -e SPI_PROCESSING="1" registry.gitlab.com/saguaro1/spi-images:android-6.2-latest swift build --swift-sdk aarch64-unknown-linux-android28 2>&1
android-6.2-latest: Pulling from saguaro1/spi-images
Digest: sha256:a839c9ce201f1dacc8eb056626ec7ab0a1c6d53d7b77c83feda395f4507c51be
Status: Image is up to date for registry.gitlab.com/saguaro1/spi-images:android-6.2-latest
Fetching https://github.com/googleapis/swift-google-wkt
Fetching https://github.com/apple/swift-log
Fetching https://github.com/googleapis/swift-google-longrunning
Fetching https://github.com/googleapis/swift-google-rpc
Fetching https://github.com/googleapis/swift-google-type
Fetching https://github.com/googleapis/swift-google-gax
[1/619] Fetching swift-google-longrunning
[131/1642] Fetching swift-google-longrunning, swift-google-wkt
[1408/2064] Fetching swift-google-longrunning, swift-google-wkt, swift-google-rpc
[1489/2501] Fetching swift-google-longrunning, swift-google-wkt, swift-google-rpc, swift-google-type
Fetched https://github.com/googleapis/swift-google-rpc from cache (0.40s)
Fetching https://github.com/googleapis/swift-google-api
Fetched https://github.com/googleapis/swift-google-type from cache (0.41s)
Fetching https://github.com/googleapis/swift-google-auth
[1/1748] Fetching swift-google-gax
[1749/10005] Fetching swift-google-gax, swift-log
[2245/11068] Fetching swift-google-gax, swift-log, swift-google-api
[2352/12091] Fetching swift-google-gax, swift-log, swift-google-api, swift-google-auth
Fetched https://github.com/googleapis/swift-google-auth from cache (0.43s)
Fetched https://github.com/googleapis/swift-google-api from cache (0.44s)
[3482/10005] Fetching swift-google-gax, swift-log
Fetched https://github.com/googleapis/swift-google-longrunning from cache (1.08s)
Fetched https://github.com/googleapis/swift-google-wkt from cache (1.08s)
Fetched https://github.com/googleapis/swift-google-gax from cache (1.08s)
Fetched https://github.com/apple/swift-log from cache (1.08s)
Computing version for https://github.com/googleapis/swift-google-wkt
Computed https://github.com/googleapis/swift-google-wkt at 0.5.0 (1.24s)
Fetching https://github.com/swift-extras/swift-extras-base64
[1/954] Fetching swift-extras-base64
Fetched https://github.com/swift-extras/swift-extras-base64 from cache (0.41s)
Computing version for https://github.com/googleapis/swift-google-type
Computed https://github.com/googleapis/swift-google-type at 0.5.0 (0.57s)
Computing version for https://github.com/googleapis/swift-google-rpc
Computed https://github.com/googleapis/swift-google-rpc at 0.5.0 (0.15s)
Computing version for https://github.com/googleapis/swift-google-longrunning
Computed https://github.com/googleapis/swift-google-longrunning at 0.5.0 (0.15s)
Computing version for https://github.com/googleapis/swift-google-gax
Computed https://github.com/googleapis/swift-google-gax at 0.5.0 (0.16s)
Fetching https://github.com/apple/swift-nio
Fetching https://github.com/swift-server/async-http-client.git
[1/16464] Fetching async-http-client
[989/102838] Fetching async-http-client, swift-nio
Fetched https://github.com/swift-server/async-http-client.git from cache (5.12s)
Fetched https://github.com/apple/swift-nio from cache (5.18s)
Computing version for https://github.com/googleapis/swift-google-auth
Computed https://github.com/googleapis/swift-google-auth at 0.5.0 (5.44s)
Fetching https://github.com/vapor/jwt-kit.git
Fetching https://github.com/apple/swift-system.git
[1/7241] Fetching swift-system
[943/17495] Fetching swift-system, jwt-kit
Fetched https://github.com/apple/swift-system.git from cache (0.75s)
[3589/10254] Fetching jwt-kit
Fetched https://github.com/vapor/jwt-kit.git from cache (1.14s)
Computing version for https://github.com/googleapis/swift-google-api
Computed https://github.com/googleapis/swift-google-api at 0.5.0 (1.36s)
Computing version for https://github.com/swift-extras/swift-extras-base64
Computed https://github.com/swift-extras/swift-extras-base64 at 1.2.0 (0.22s)
Computing version for https://github.com/swift-server/async-http-client.git
Computed https://github.com/swift-server/async-http-client.git at 1.36.2 (0.34s)
Fetching https://github.com/apple/swift-configuration.git
Fetching https://github.com/apple/swift-service-context.git
Fetching https://github.com/apple/swift-algorithms.git
Fetching https://github.com/apple/swift-nio-transport-services.git
Fetching https://github.com/apple/swift-distributed-tracing.git
[1/3928] Fetching swift-configuration
[41/5429] Fetching swift-configuration, swift-service-context
[750/8296] Fetching swift-configuration, swift-service-context, swift-nio-transport-services
[2172/14460] Fetching swift-configuration, swift-service-context, swift-nio-transport-services, swift-algorithms
Fetched https://github.com/apple/swift-service-context.git from cache (0.48s)
[4985/12959] Fetching swift-configuration, swift-nio-transport-services, swift-algorithms
Fetching https://github.com/apple/swift-nio-extras.git
[8091/19510] Fetching swift-configuration, swift-nio-transport-services, swift-algorithms, swift-distributed-tracing
Fetched https://github.com/apple/swift-configuration.git from cache (0.63s)
[11455/15582] Fetching swift-nio-transport-services, swift-algorithms, swift-distributed-tracing
Fetching https://github.com/apple/swift-nio-http2.git
Fetched https://github.com/apple/swift-algorithms.git from cache (0.70s)
Fetching https://github.com/apple/swift-nio-ssl.git
Fetching https://github.com/apple/swift-atomics.git
Fetched https://github.com/apple/swift-nio-transport-services.git from cache (0.82s)
Fetched https://github.com/apple/swift-distributed-tracing.git from cache (0.82s)
[1/6703] Fetching swift-nio-extras
[6704/8592] Fetching swift-nio-extras, swift-atomics
[7139/25472] Fetching swift-nio-extras, swift-atomics, swift-nio-ssl
Fetched https://github.com/apple/swift-nio-extras.git from cache (0.68s)
[606/18769] Fetching swift-atomics, swift-nio-ssl
[2321/31063] Fetching swift-atomics, swift-nio-ssl, swift-nio-http2
Fetched https://github.com/apple/swift-atomics.git from cache (0.63s)
[2904/29174] Fetching swift-nio-ssl, swift-nio-http2
Fetched https://github.com/apple/swift-nio-http2.git from cache (1.60s)
Fetched https://github.com/apple/swift-nio-ssl.git from cache (2.04s)
Computing version for https://github.com/apple/swift-service-context.git
Computed https://github.com/apple/swift-service-context.git at 1.3.0 (2.98s)
Computing version for https://github.com/apple/swift-algorithms.git
Computed https://github.com/apple/swift-algorithms.git at 1.2.1 (1.39s)
Fetching https://github.com/apple/swift-numerics.git
[1/6742] Fetching swift-numerics
Fetched https://github.com/apple/swift-numerics.git from cache (0.58s)
Computing version for https://github.com/apple/swift-log
Computed https://github.com/apple/swift-log at 1.16.1 (0.87s)
Computing version for https://github.com/apple/swift-distributed-tracing.git
Computed https://github.com/apple/swift-distributed-tracing.git at 1.5.0 (0.31s)
Computing version for https://github.com/apple/swift-atomics.git
Computed https://github.com/apple/swift-atomics.git at 1.3.1 (0.26s)
Computing version for https://github.com/apple/swift-numerics.git
Computed https://github.com/apple/swift-numerics.git at 1.1.1 (0.28s)
Computing version for https://github.com/apple/swift-nio
Computed https://github.com/apple/swift-nio at 2.104.0 (0.61s)
Fetching https://github.com/apple/swift-collections.git
[1/28703] Fetching swift-collections
Fetched https://github.com/apple/swift-collections.git from cache (1.51s)
Computing version for https://github.com/apple/swift-configuration.git
Computed https://github.com/apple/swift-configuration.git at 1.2.2 (2.74s)
Fetching https://github.com/swift-server/swift-service-lifecycle
[1/2867] Fetching swift-service-lifecycle
Fetched https://github.com/swift-server/swift-service-lifecycle from cache (0.56s)
Computing version for https://github.com/apple/swift-nio-transport-services.git
Computed https://github.com/apple/swift-nio-transport-services.git at 1.28.0 (0.85s)
Computing version for https://github.com/swift-server/swift-service-lifecycle
Computed https://github.com/swift-server/swift-service-lifecycle at 2.12.1 (0.30s)
Fetching https://github.com/apple/swift-async-algorithms.git
[1/6820] Fetching swift-async-algorithms
Fetched https://github.com/apple/swift-async-algorithms.git from cache (0.63s)
Computing version for https://github.com/apple/swift-async-algorithms.git
Computed https://github.com/apple/swift-async-algorithms.git at 1.1.7 (1.02s)
Computing version for https://github.com/apple/swift-collections.git
Computed https://github.com/apple/swift-collections.git at 1.7.2 (0.40s)
Computing version for https://github.com/apple/swift-nio-http2.git
Computed https://github.com/apple/swift-nio-http2.git at 1.46.0 (0.24s)
Computing version for https://github.com/vapor/jwt-kit.git
Computed https://github.com/vapor/jwt-kit.git at 5.7.1 (0.24s)
Fetching https://github.com/apple/swift-crypto.git
[1/18629] Fetching swift-crypto
Fetching https://github.com/apple/swift-certificates.git
Fetched https://github.com/apple/swift-crypto.git from cache (1.76s)
[1/7613] Fetching swift-certificates
Fetched https://github.com/apple/swift-certificates.git from cache (0.65s)
Computing version for https://github.com/apple/swift-crypto.git
Computed https://github.com/apple/swift-crypto.git at 4.5.2 (3.38s)
Fetching https://github.com/apple/swift-asn1.git
[21/2009] Fetching swift-asn1
Fetched https://github.com/apple/swift-asn1.git from cache (0.46s)
Computing version for https://github.com/apple/swift-asn1.git
Computed https://github.com/apple/swift-asn1.git at 1.7.3 (0.81s)
Computing version for https://github.com/apple/swift-certificates.git
Computed https://github.com/apple/swift-certificates.git at 1.21.0 (0.37s)
Computing version for https://github.com/apple/swift-nio-ssl.git
Computed https://github.com/apple/swift-nio-ssl.git at 2.37.5 (0.33s)
Computing version for https://github.com/apple/swift-system.git
Computed https://github.com/apple/swift-system.git at 1.8.1 (0.34s)
Computing version for https://github.com/apple/swift-nio-extras.git
Computed https://github.com/apple/swift-nio-extras.git at 1.35.1 (0.45s)
Fetching https://github.com/apple/swift-http-structured-headers.git
Fetching https://github.com/apple/swift-http-types.git
[1/1253] Fetching swift-http-structured-headers
[728/3192] Fetching swift-http-structured-headers, swift-http-types
Fetched https://github.com/apple/swift-http-structured-headers.git from cache (0.43s)
[1106/1939] Fetching swift-http-types
Fetched https://github.com/apple/swift-http-types.git from cache (0.49s)
Computing version for https://github.com/apple/swift-http-structured-headers.git
Computed https://github.com/apple/swift-http-structured-headers.git at 1.7.0 (0.76s)
Computing version for https://github.com/apple/swift-http-types.git
Computed https://github.com/apple/swift-http-types.git at 1.8.0 (0.35s)
Creating working copy for https://github.com/apple/swift-async-algorithms.git
Working copy of https://github.com/apple/swift-async-algorithms.git resolved at 1.1.7
Creating working copy for https://github.com/apple/swift-certificates.git
Working copy of https://github.com/apple/swift-certificates.git resolved at 1.21.0
Creating working copy for https://github.com/apple/swift-algorithms.git
Working copy of https://github.com/apple/swift-algorithms.git resolved at 1.2.1
Creating working copy for https://github.com/swift-server/async-http-client.git
Working copy of https://github.com/swift-server/async-http-client.git resolved at 1.36.2
Creating working copy for https://github.com/apple/swift-http-types.git
Working copy of https://github.com/apple/swift-http-types.git resolved at 1.8.0
Creating working copy for https://github.com/apple/swift-nio-ssl.git
Working copy of https://github.com/apple/swift-nio-ssl.git resolved at 2.37.5
Creating working copy for https://github.com/vapor/jwt-kit.git
Working copy of https://github.com/vapor/jwt-kit.git resolved at 5.7.1
Creating working copy for https://github.com/googleapis/swift-google-gax
Working copy of https://github.com/googleapis/swift-google-gax resolved at 0.5.0
Creating working copy for https://github.com/apple/swift-log
Working copy of https://github.com/apple/swift-log resolved at 1.16.1
Creating working copy for https://github.com/apple/swift-nio
Working copy of https://github.com/apple/swift-nio resolved at 2.104.0
Creating working copy for https://github.com/apple/swift-distributed-tracing.git
Working copy of https://github.com/apple/swift-distributed-tracing.git resolved at 1.5.0
Creating working copy for https://github.com/googleapis/swift-google-rpc
Working copy of https://github.com/googleapis/swift-google-rpc resolved at 0.5.0
Creating working copy for https://github.com/googleapis/swift-google-api
Working copy of https://github.com/googleapis/swift-google-api resolved at 0.5.0
Creating working copy for https://github.com/apple/swift-service-context.git
Working copy of https://github.com/apple/swift-service-context.git resolved at 1.3.0
Creating working copy for https://github.com/apple/swift-nio-http2.git
Working copy of https://github.com/apple/swift-nio-http2.git resolved at 1.46.0
Creating working copy for https://github.com/apple/swift-asn1.git
Working copy of https://github.com/apple/swift-asn1.git resolved at 1.7.3
Creating working copy for https://github.com/apple/swift-system.git
Working copy of https://github.com/apple/swift-system.git resolved at 1.8.1
Creating working copy for https://github.com/apple/swift-nio-transport-services.git
Working copy of https://github.com/apple/swift-nio-transport-services.git resolved at 1.28.0
Creating working copy for https://github.com/swift-server/swift-service-lifecycle
Working copy of https://github.com/swift-server/swift-service-lifecycle resolved at 2.12.1
Creating working copy for https://github.com/apple/swift-atomics.git
Working copy of https://github.com/apple/swift-atomics.git resolved at 1.3.1
Creating working copy for https://github.com/apple/swift-collections.git
Working copy of https://github.com/apple/swift-collections.git resolved at 1.7.2
Creating working copy for https://github.com/apple/swift-nio-extras.git
Working copy of https://github.com/apple/swift-nio-extras.git resolved at 1.35.1
Creating working copy for https://github.com/swift-extras/swift-extras-base64
Working copy of https://github.com/swift-extras/swift-extras-base64 resolved at 1.2.0
Creating working copy for https://github.com/googleapis/swift-google-auth
Working copy of https://github.com/googleapis/swift-google-auth resolved at 0.5.0
Creating working copy for https://github.com/apple/swift-http-structured-headers.git
Working copy of https://github.com/apple/swift-http-structured-headers.git resolved at 1.7.0
Creating working copy for https://github.com/googleapis/swift-google-longrunning
Working copy of https://github.com/googleapis/swift-google-longrunning resolved at 0.5.0
Creating working copy for https://github.com/googleapis/swift-google-wkt
Working copy of https://github.com/googleapis/swift-google-wkt resolved at 0.5.0
Creating working copy for https://github.com/apple/swift-configuration.git
Working copy of https://github.com/apple/swift-configuration.git resolved at 1.2.2
Creating working copy for https://github.com/googleapis/swift-google-type
Working copy of https://github.com/googleapis/swift-google-type resolved at 0.5.0
Creating working copy for https://github.com/apple/swift-crypto.git
Working copy of https://github.com/apple/swift-crypto.git resolved at 4.5.2
Creating working copy for https://github.com/apple/swift-numerics.git
Working copy of https://github.com/apple/swift-numerics.git resolved at 1.1.1
Building for debugging...
[0/1516] Compiling _NumericsShims _NumericsShims.c
[0/1516] Write sources
[5/1516] Compiling p256-armv8-asm-apple.S
[6/1516] Write sources
[122/1516] Compiling p256-armv8-asm-linux.S
[122/1516] Write sources
[199/1516] Compiling _AtomicsShims.c
[200/1516] Compiling CXKCPShims shims.c
[201/1516] Compiling SimpleFIPS202.c
[202/1516] Write swift-version--11D90AFD9DD3AB2.txt
[203/1516] Compiling KeccakSponge.c
[204/1516] Compiling KeccakHash.c
[205/1524] Compiling KeccakP-1600-opt64.c
[206/1541] Compiling a_octet.cc
[207/1541] Compiling a_mbstr.cc
[209/1555] Emitting module ServiceContextModule
[209/1555] Compiling a_strnid.cc
[210/1555] Compiling a_object.cc
[212/1594] Emitting module InternalCollectionsUtilities
[213/1597] Compiling RealModule Float80+Real.swift
[214/1598] Compiling InternalCollectionsUtilities Strideable+LimitHelpers.swift
[215/1598] Compiling InternalCollectionsUtilities String+Padding.swift
[216/1598] Compiling InternalCollectionsUtilities TemporaryAllocation.swift
[217/1598] Compiling InternalCollectionsUtilities _UnsafeBitSet+Index.swift
[218/1598] Compiling RealModule RealFunctions.swift
[219/1598] Compiling InternalCollectionsUtilities _UnsafeBitSet+_Word.swift
[220/1598] Compiling InternalCollectionsUtilities _UnsafeBitSet.swift
[221/1598] Compiling InternalCollectionsUtilities UnsafeBufferPointer+Extras.swift
[222/1598] Compiling InternalCollectionsUtilities UnsafeMutableBufferPointer+Extras.swift
[223/1598] Compiling InternalCollectionsUtilities UnsafeMutablePointer+Extras.swift
[224/1598] Compiling InternalCollectionsUtilities UnsafeMutableRawBufferPointer+Extras.swift
[225/1598] Compiling InternalCollectionsUtilities UnsafePointer+Extras.swift
[226/1598] Compiling InternalCollectionsUtilities MutableSpan+Extras.swift
[227/1598] Compiling InternalCollectionsUtilities OutputSpan+Extras.swift
[228/1598] Compiling InternalCollectionsUtilities RandomAccessCollection+Offsets.swift
[229/1598] Compiling InternalCollectionsUtilities Span+Extras.swift
[230/1598] Compiling InternalCollectionsUtilities FixedWidthInteger+roundUpToPowerOfTwo.swift
[231/1598] Compiling InternalCollectionsUtilities Integer rank.swift
[232/1598] Compiling InternalCollectionsUtilities UInt+first and last set bit.swift
[233/1598] Compiling InternalCollectionsUtilities UInt+reversed.swift
[234/1598] Compiling InternalCollectionsUtilities BorrowingIteratorProtocol+Equality.swift
[235/1598] Compiling InternalCollectionsUtilities BorrowingIteratorProtocol+Extras.swift
[236/1598] Compiling InternalCollectionsUtilities Debugging.swift
[237/1598] Compiling InternalCollectionsUtilities Descriptions.swift
[238/1598] Compiling InternalCollectionsUtilities Iterable+CopyContents.swift
[239/1598] Compiling InternalCollectionsUtilities Iterable+Equality.swift
[240/1598] Compiling InternalCollectionsUtilities LifetimeOverride.swift
[241/1598] Compiling InternalCollectionsUtilities MutableRef.swift
[242/1598] Compiling InternalCollectionsUtilities UnsafeRawBufferPointer+Extras.swift
[243/1598] Compiling InternalCollectionsUtilities _SortedCollection.swift
[244/1598] Compiling InternalCollectionsUtilities _UniqueCollection.swift
[250/1601] Compiling RealModule RelaxedArithmetic.swift
[255/1601] Compiling ServiceContextModule ServiceContext.swift
[256/1601] Compiling ServiceContextModule ServiceContextKey.swift
[259/1602] Emitting module RealModule
[266/1602] Compiling RealModule Real.swift
[268/1602] Compiling Logging LoggingSystem.swift
[273/1603] Compiling RealModule Float16+Real.swift
[277/1610] Compiling Logging Logger+Attributes.swift
[278/1610] Compiling _NIOBase64 Base64.swift
[279/1610] Emitting module _NIOBase64
[281/1616] Compiling _NIODataStructures _TinyArray.swift
[282/1616] Emitting module _NIODataStructures
[283/1616] Compiling _NIODataStructures Heap.swift
[284/1616] Compiling _NIODataStructures PriorityQueue.swift
[285/1617] Compiling Instrumentation Instrument.swift
[286/1617] Compiling Logging Logger+With.swift
[287/1617] Compiling Logging Logger.swift
[287/1617] Wrapping AST for ServiceContextModule for debugging
[289/1619] Compiling _CertificateInternals _TinyArray.swift
[291/1621] Emitting module _CertificateInternals
[291/1622] Wrapping AST for _NIOBase64 for debugging
[294/1622] Compiling Instrumentation NoOpInstrument.swift
[295/1622] Compiling SpanPreview OutputSpan+InputSpanHelpers.swift
[296/1622] Compiling Instrumentation MultiplexInstrument.swift
[297/1622] Compiling SpanPreview MutableSpan+InputSpanHelpers.swift
[298/1622] Emitting module SpanPreview
[299/1622] Compiling SpanPreview InputSpan.swift
[299/1623] Wrapping AST for _NIODataStructures for debugging
[300/1623] Wrapping AST for RealModule for debugging
[302/1623] Compiling Instrumentation InstrumentationSystem.swift
[303/1623] Emitting module Instrumentation
[303/1623] Wrapping AST for InternalCollectionsUtilities for debugging
[305/1623] Wrapping AST for _CertificateInternals for debugging
[306/1623] Compiling CNIOWindows shim.c
[307/1623] Compiling CSystem shims.c
[308/1623] Compiling CNIOWindows WSAStartup.c
[309/1623] Wrapping AST for SpanPreview for debugging
[310/1623] Compiling CNIOPosix event_loop_id.c
[311/1623] Compiling CNIOWASI CNIOWASI.c
[312/1623] Compiling CNIOOpenBSD shim.c
[313/1623] Compiling CNIOLinux liburing_shims.c
[315/1646] Compiling ExtrasBase64 Base64+Span.swift
[316/1676] Emitting module SwiftASN1
[316/1702] Compiling CNIOLinux shim.c
[317/1702] Compiling CNIOLLHTTP c_nio_http.c
[318/1702] Compiling CNIOLLHTTP c_nio_api.c
[319/1702] Compiling CNIOFreeBSD shim.c
[320/1702] Compiling CNIOLLHTTP c_nio_llhttp.c
[321/1702] Compiling CNIOExtrasZlib zutil.c
[322/1702] Compiling CNIOExtrasZlib inftrees.c
[324/1702] Compiling DequeModule UniqueDeque+Initializers.swift
[325/1702] Compiling DequeModule UniqueDeque+Insertions.swift
[326/1702] Compiling DequeModule UniqueDeque+Iterable.swift
[327/1702] Compiling DequeModule UniqueDeque+Prepend.swift
[328/1702] Compiling DequeModule UniqueDeque+Removals.swift
[329/1702] Compiling SystemPackage PlatformString.swift
[330/1702] Compiling SystemPackage FilePathTemp.swift
[331/1702] Compiling SystemPackage FilePathTempPosix.swift
[332/1702] Compiling SystemPackage FilePathTempWindows.swift
[333/1702] Compiling SystemPackage FilePathWindows.swift
[334/1702] Compiling SystemPackage FilePermissions.swift
[335/1707] Compiling SystemPackage FilePathComponentView.swift
[336/1707] Compiling SystemPackage FilePathComponents.swift
[337/1707] Compiling SystemPackage FilePathParsing.swift
[338/1707] Compiling SystemPackage FilePathString.swift
[339/1707] Compiling SystemPackage FilePathSyntax.swift
[340/1707] Compiling SystemPackage FileFlags.swift
[340/1707] Compiling CNIOExtrasZlib trees.c
[341/1707] Compiling CNIOExtrasZlib inffast.c
[342/1707] Compiling CNIOExtrasZlib inflate.c
[344/1707] Compiling SystemPackage IOCompletion.swift
[345/1707] Compiling SystemPackage IORequest.swift
[346/1707] Compiling SystemPackage FileMode.swift
[347/1707] Compiling SystemPackage FileType.swift
[348/1707] Compiling SystemPackage Identifiers.swift
[349/1707] Compiling SystemPackage Stat.swift
[352/1707] Compiling SystemPackage Exports.swift
[353/1707] Compiling SystemPackage Mocking.swift
[354/1707] Compiling SystemPackage RawBuffer.swift
[355/1707] Compiling SystemPackage Syscalls.swift
[356/1707] Compiling SystemPackage WindowsSyscallAdapters.swift
[357/1707] Compiling SystemPackage MachPort.swift
[357/1707] Compiling CNIOExtrasZlib crc32.c
[358/1707] Compiling CNIOExtrasZlib deflate.c
[359/1707] Compiling CNIODarwin shim.c
[360/1707] Compiling CNIOExtrasZlib adler32.c
[361/1707] Compiling fiat_p256_adx_sqr.S
[362/1707] Compiling fiat_p256_adx_mul.S
[363/1707] Compiling fiat_curve25519_adx_square.S
[364/1707] Compiling fiat_curve25519_adx_mul.S
[365/1707] Compiling CNIOBoringSSLShims shims.c
[367/1707] Compiling SystemPackage IORing+Util.swift
[368/1707] Compiling SystemPackage IORing.swift
[369/1707] Compiling SystemPackage RawIORequest.swift
[370/1707] Compiling SystemPackage Backcompat.swift
[371/1707] Compiling SystemPackage CInterop.swift
[372/1707] Compiling SystemPackage Constants.swift
[373/1707] Compiling SystemPackage Errno.swift
[374/1707] Compiling SystemPackage ErrnoWindows.swift
[375/1707] Compiling SystemPackage FileDescriptor.swift
[376/1707] Compiling SystemPackage FileHelpers.swift
[377/1707] Compiling SystemPackage FileOperations.swift
[378/1707] Compiling SystemPackage FilePath.swift
[381/1707] Compiling Logging MetadataProvider.swift
[382/1707] Compiling Instrumentation Locks.swift
[397/1713] Emitting module Logging
[409/1715] Compiling ExtrasBase64 Base32+Span.swift
[416/1715] Wrapping AST for SwiftASN1 for debugging
[418/1722] Emitting module SystemPackage
[418/1723] Wrapping AST for Logging for debugging
[419/1723] Wrapping AST for Instrumentation for debugging
[421/1723] Compiling Tracing TracingTime.swift
[422/1724] Emitting module Tracing
[423/1724] Compiling Tracing TracerProtocol.swift
[435/1724] Compiling Tracing WithTracer.swift
[436/1724] Compiling Tracing TracerProtocol+Legacy.swift
[437/1724] Compiling Tracing Tracer.swift
[438/1724] Compiling Tracing NoOpTracer.swift
[439/1724] Compiling Tracing SpanProtocol.swift
[440/1724] Compiling Tracing InstrumentationSystem+Tracing.swift
[442/1725] Compiling SystemPackage SystemString.swift
[443/1725] Compiling SystemPackage Util+StringArray.swift
[444/1725] Compiling SystemPackage Util.swift
[445/1725] Compiling SystemPackage UtilConsumers.swift
[446/1725] Compiling SystemPackage WinSDK+Overlay.swift
[446/1726] Compiling tls_record.cc
[448/1726] Wrapping AST for Tracing for debugging
[449/1726] Compiling tls_method.cc
[450/1726] Wrapping AST for SystemPackage for debugging
[451/1726] Compiling tls13_server.cc
[452/1726] Compiling tls13_enc.cc
[453/1726] Compiling tls13_client.cc
[455/1726] Emitting module DequeModule
[455/1726] Compiling tls13_both.cc
[457/1726] Compiling DequeModule UniqueDeque+Replacements.swift
[458/1726] Compiling DequeModule UniqueDeque.swift
[459/1726] Compiling DequeModule _DequeSlot.swift
[460/1726] Compiling DequeModule _UnsafeDequeHandle.swift
[461/1726] Compiling DequeModule _UnsafeDequeSegments.swift
[462/1727] Compiling t1_enc.cc
[463/1770] Compiling ssl_versions.cc
[464/1770] Compiling ssl_x509.cc
[465/1770] Wrapping AST for DequeModule for debugging
[467/1770] Compiling Configuration JSONSnapshot.swift
[468/1770] Compiling Configuration PropertyListSnapshot.swift
[469/1770] Compiling Configuration ReloadingFileProvider.swift
[470/1770] Compiling Configuration ReloadingFileProviderMetrics.swift
[471/1770] Compiling Configuration YAMLSnapshot.swift
[472/1770] Compiling Configuration InMemoryProvider.swift
[472/1775] Compiling ssl_transcript.cc
[473/1775] Compiling ssl_stat.cc
[474/1775] Compiling ssl_session.cc
[475/1775] Compiling ssl_privkey.cc
[476/1775] Compiling ssl_key_share.cc
[477/1775] Compiling ssl_file.cc
[479/1775] Compiling ExtrasBase64 Base32.swift
[480/1775] Compiling ExtrasBase64 Base64.swift
[481/1775] Emitting module ExtrasBase64
[482/1776] Compiling ssl_credential.cc
[483/1807] Compiling ssl_lib.cc
[484/1807] Wrapping AST for ExtrasBase64 for debugging
[485/1807] Compiling ssl_cipher.cc
[486/1807] Compiling ssl_cert.cc
[487/1807] Compiling ssl_buffer.cc
[489/1807] Compiling GoogleWKT WKTRecursive.swift
[490/1807] Compiling GoogleWKT UnknownFields.swift
[491/1807] Compiling GoogleWKT WKTAny.swift
[492/1807] Compiling GoogleWKT WKTAnyError.swift
[493/1807] Compiling GoogleWKT WKTBoolValue.swift
[494/1807] Compiling GoogleWKT WKTBytesValue.swift
[495/1807] Compiling GoogleWKT WKTValue.swift
[496/1807] Compiling GoogleWKT WKTApi.swift
[497/1807] Compiling GoogleWKT WKTEnum.swift
[498/1807] Compiling GoogleWKT WKTEnumValue.swift
[499/1807] Compiling GoogleWKT WKTField.swift
[500/1807] Compiling GoogleWKT WKTMethod.swift
[501/1807] Compiling Configuration MutableInMemoryProvider.swift
[502/1807] Compiling Configuration ConfigProvider+Operators.swift
[503/1807] Compiling Configuration KeyMappingProvider.swift
[504/1807] Compiling Configuration SecretsSpecifier.swift
[505/1807] Compiling Configuration AsyncCombineLatestManySequence.swift
[506/1807] Compiling Configuration CombineLatestManyStateMachine.swift
[507/1807] Compiling Configuration EnvironmentKeyEncoder.swift
[508/1807] Compiling Configuration EnvironmentVariablesProvider.swift
[509/1807] Compiling Configuration CommonProviderFileSystem.swift
[510/1807] Compiling Configuration DirectoryFilesProvider.swift
[511/1807] Compiling Configuration FileProvider.swift
[512/1807] Compiling Configuration FileProviderSnapshot.swift
[513/1807] Compiling Configuration CombineLatestManyStorage.swift
[514/1807] Compiling Configuration AsyncSequences.swift
[515/1807] Compiling Configuration FoundationExtensions.swift
[516/1807] Compiling Configuration Span.swift
[517/1807] Compiling Configuration ConfigBytesFromStringDecoder.swift
[518/1807] Emitting module GoogleWKT
[518/1811] Compiling ssl_asn1.cc
[519/1811] Compiling s3_pkt.cc
[520/1811] Compiling ssl_aead_ctx.cc
[522/1811] Compiling GoogleWKT WKTDoubleValue.swift
[523/1811] Compiling GoogleWKT WKTDuration.swift
[524/1811] Compiling GoogleWKT WKTEmpty.swift
[525/1811] Compiling GoogleWKT WKTFieldMask.swift
[526/1811] Compiling GoogleWKT AnyPackable.swift
[527/1811] Compiling GoogleWKT DecodeToDefault.swift
[528/1811] Compiling GoogleWKT DiscoveryBase64.swift
[529/1811] Compiling GoogleWKT ProtoJSONDecoder.swift
[530/1811] Compiling GoogleWKT ProtoJSONEncoder.swift
[532/1811] Emitting module Configuration
[536/1811] Compiling GoogleWKT WKTFloatValue.swift
[537/1811] Compiling GoogleWKT WKTInt32Value.swift
[538/1811] Compiling GoogleWKT WKTInt64Value.swift
[540/1812] Compiling GoogleWKT WKTSourceContext.swift
[541/1812] Compiling GoogleWKT WKTSyntax.swift
[542/1812] Compiling GoogleWKT WKTType.swift
[543/1812] Compiling GoogleWKT PackageVersion.swift
[556/1812] Compiling s3_both.cc
[557/1812] Compiling s3_lib.cc
[559/1812] Compiling GoogleWKT WKTStringValue.swift
[560/1812] Compiling GoogleWKT WKTTimestamp.swift
[561/1812] Compiling GoogleWKT WKTUInt32Value.swift
[562/1812] Compiling GoogleWKT WKTUInt64Value.swift
[565/1812] Compiling GoogleWKT WKTMixin.swift
[566/1812] Compiling GoogleWKT WKTOption.swift
[566/1812] Wrapping AST for Configuration for debugging
[567/1812] Compiling handshake_server.cc
[574/1813] Compiling handshake.cc
[575/1831] Compiling handshake_client.cc
[576/1846] Compiling handoff.cc
[577/1863] Compiling dtls_method.cc
[578/1895] Wrapping AST for GoogleWKT for debugging
[580/1916] Compiling GoogleApi BatchingDescriptorProto.swift
[581/1916] Compiling GoogleApi BatchingSettingsProto.swift
[581/1918] Compiling dtls_record.cc
[583/1918] Compiling GoogleApi ClientLibraryDestination.swift
[584/1918] Compiling GoogleApi ClientLibraryOrganization.swift
[585/1920] Compiling GoogleApi BackendRule.swift
[586/1920] Compiling GoogleApi BatchingConfigProto.swift
[587/1920] Compiling GoogleApi AuthRequirement.swift
[588/1920] Compiling GoogleApi Authentication.swift
[588/1920] Compiling encrypted_client_hello.cc
[590/1920] Emitting module GoogleType
[592/1920] Compiling GoogleRpc RetryInfo.swift
[593/1920] Compiling GoogleRpc Status.swift
[594/1920] Compiling GoogleApi ConfigChange.swift
[595/1920] Compiling GoogleApi Billing.swift
[596/1920] Compiling GoogleApi ChangeType.swift
[599/1920] Compiling GoogleApi AuthenticationRule.swift
[600/1920] Compiling GoogleApi Backend.swift
[601/1920] Compiling GoogleApi Advice.swift
[602/1920] Compiling GoogleApi AuthProvider.swift
[605/1920] Compiling d1_srtp.cc
[609/1920] Emitting module GoogleRpc
[612/1920] Compiling GoogleType TimeOfDay.swift
[613/1920] Compiling GoogleType TimeZone.swift
[614/1921] Compiling extensions.cc
[621/1921] Compiling md5-x86_64-linux.S
[623/1922] Compiling md5-x86_64-apple.S
[624/1922] Wrapping AST for GoogleType for debugging
[625/1922] Compiling md5-586-linux.S
[626/1922] Compiling md5-586-apple.S
[627/1922] Compiling chacha20_poly1305_x86_64-apple.S
[628/1922] Compiling chacha20_poly1305_x86_64-linux.S
[629/1922] Compiling chacha20_poly1305_armv8-win.S
[630/1922] Wrapping AST for GoogleRpc for debugging
[631/1922] Compiling chacha20_poly1305_armv8-linux.S
[632/1922] Compiling chacha20_poly1305_armv8-apple.S
[633/1922] Compiling chacha-x86_64-linux.S
[634/1922] Compiling chacha-x86_64-apple.S
[635/1922] Compiling d1_pkt.cc
[636/1922] Compiling d1_lib.cc
[637/1922] Compiling chacha-x86-linux.S
[638/1922] Compiling chacha-x86-apple.S
[639/1922] Compiling chacha-armv8-win.S
[640/1922] Compiling chacha-armv8-apple.S
[641/1922] Compiling err_data.cc
[642/1922] Compiling chacha-armv4-linux.S
[643/1922] Compiling chacha-armv8-linux.S
[644/1922] Compiling aes128gcmsiv-x86_64-linux.S
[645/1922] Compiling aes128gcmsiv-x86_64-apple.S
[646/1922] Compiling x86_64-mont-linux.S
[647/1922] Compiling x86_64-mont5-linux.S
[648/1922] Compiling bio_ssl.cc
[649/1922] Compiling x86_64-mont5-apple.S
[650/1922] Compiling x86_64-mont-apple.S
[651/1922] Compiling x86-mont-linux.S
[652/1922] Compiling vpaes-x86_64-linux.S
[653/1922] Compiling x86-mont-apple.S
[654/1922] Compiling vpaes-x86_64-apple.S
[655/1922] Compiling vpaes-x86-linux.S
[656/1922] Compiling vpaes-x86-apple.S
[657/1922] Compiling vpaes-armv8-linux.S
[658/1922] Compiling vpaes-armv8-win.S
[659/1922] Compiling vpaes-armv7-linux.S
[660/1922] Compiling vpaes-armv8-apple.S
[661/1922] Compiling sha512-armv8-win.S
[662/1922] Compiling sha512-x86_64-apple.S
[663/1922] Compiling sha512-armv8-apple.S
[664/1922] Compiling sha512-x86_64-linux.S
[666/1922] Compiling GoogleApi Quota.swift
[667/1922] Compiling GoogleApi QuotaLimit.swift
[668/1922] Compiling GoogleApi ResourceDescriptor.swift
[669/1922] Compiling GoogleApi ResourceReference.swift
[670/1922] Compiling GoogleApi RoutingParameter.swift
[671/1922] Compiling GoogleApi RoutingRule.swift
[672/1922] Compiling GoogleApi RubySettings.swift
[673/1922] Compiling GoogleApi SelectiveGapicGeneration.swift
[674/1922] Compiling GoogleApi Service.swift
[674/1927] Compiling d1_both.cc
[675/1931] Compiling sha512-armv4-linux.S
[677/1931] Compiling GoogleApi Monitoring.swift
[678/1931] Compiling GoogleApi NodeSettings.swift
[679/1931] Compiling GoogleApi OAuthRequirements.swift
[680/1931] Compiling GoogleApi PackageVersion.swift
[681/1931] Compiling GoogleApi Page.swift
[682/1931] Compiling GoogleApi PhpSettings.swift
[683/1931] Compiling GoogleApi ProjectProperties.swift
[684/1931] Compiling GoogleApi Property.swift
[685/1931] Compiling GoogleApi Publishing.swift
[686/1931] Compiling GoogleApi PythonSettings.swift
[686/1931] Compiling sha512-586-linux.S
[687/1931] Compiling sha512-armv8-linux.S
[688/1931] Compiling sha512-586-apple.S
[690/1931] Emitting module GoogleApi
[700/1931] Compiling sha256-x86_64-linux.S
[701/1931] Compiling sha256-x86_64-apple.S
[702/1931] Compiling sha256-armv8-win.S
[703/1931] Compiling sha256-armv8-linux.S
[704/1931] Compiling sha256-armv8-apple.S
[705/1931] Compiling sha256-armv4-linux.S
[706/1931] Compiling sha256-586-linux.S
[708/1931] Compiling GoogleApi FieldPolicy.swift
[709/1931] Compiling GoogleApi FlowControlLimitExceededBehaviorProto.swift
[710/1931] Compiling GoogleApi GoSettings.swift
[711/1931] Compiling GoogleApi Http.swift
[711/1931] Compiling sha1-x86_64-linux.S
[713/1931] Compiling GoogleApi HttpBody.swift
[714/1931] Compiling GoogleApi HttpRule.swift
[715/1931] Compiling GoogleApi JavaSettings.swift
[716/1931] Compiling GoogleApi JwtLocation.swift
[717/1931] Compiling GoogleApi LabelDescriptor.swift
[718/1931] Compiling GoogleApi LaunchStage.swift
[718/1931] Compiling sha256-586-apple.S
[719/1931] Compiling sha1-x86_64-apple.S
[720/1931] Compiling sha1-armv8-win.S
[721/1931] Compiling sha1-armv8-linux.S
[722/1931] Compiling sha1-armv4-large-linux.S
[723/1931] Compiling sha1-armv8-apple.S
[724/1931] Compiling rsaz-avx2-linux.S
[725/1931] Compiling sha1-586-linux.S
[726/1931] Compiling sha1-586-apple.S
[727/1931] Compiling rsaz-avx2-apple.S
[729/1931] Compiling GoogleApi LogDescriptor.swift
[730/1931] Compiling GoogleApi Logging.swift
[731/1931] Compiling GoogleApi MethodPolicy.swift
[732/1931] Compiling GoogleApi MethodSettings.swift
[733/1931] Compiling GoogleApi Metric.swift
[734/1931] Compiling GoogleApi MetricDescriptor.swift
[735/1931] Compiling GoogleApi MetricRule.swift
[736/1931] Compiling GoogleApi MonitoredResource.swift
[737/1931] Compiling GoogleApi MonitoredResourceDescriptor.swift
[738/1931] Compiling GoogleApi MonitoredResourceMetadata.swift
[738/1931] Compiling rdrand-x86_64-linux.S
[749/1931] Compiling GoogleApi Control.swift
[750/1931] Compiling GoogleApi CppSettings.swift
[751/1931] Compiling GoogleApi CustomHttpPattern.swift
[752/1931] Compiling GoogleApi Distribution.swift
[753/1931] Compiling GoogleApi Documentation.swift
[754/1931] Compiling GoogleApi DocumentationRule.swift
[755/1931] Compiling GoogleApi DotnetSettings.swift
[756/1931] Compiling GoogleApi Endpoint.swift
[757/1931] Compiling GoogleApi ErrorReason.swift
[758/1931] Compiling GoogleApi FieldBehavior.swift
[759/1931] Compiling GoogleApi FieldInfo.swift
[759/1931] Compiling rdrand-x86_64-apple.S
[760/1931] Compiling p256_beeu-armv8-asm-apple.S
[761/1931] Compiling p256_beeu-x86_64-asm-linux.S
[762/1931] Compiling p256_beeu-armv8-asm-linux.S
[762/1931] Compiling p256_beeu-armv8-asm-win.S
[764/1931] Compiling p256_beeu-x86_64-asm-apple.S
[765/1931] Compiling p256-x86_64-asm-linux.S
[766/1931] Compiling p256-armv8-asm-win.S
[767/1931] Compiling ghashv8-armv8-apple.S
[768/1931] Compiling ghashv8-armv8-win.S
[768/1931] Compiling p256-x86_64-asm-apple.S
[770/1931] Compiling ghashv8-armv8-linux.S
[771/1931] Compiling ghashv8-armv7-linux.S
[773/1931] Compiling GoogleApi SourceInfo.swift
[774/1931] Compiling GoogleApi SystemParameter.swift
[775/1931] Compiling GoogleApi SystemParameterRule.swift
[776/1931] Compiling GoogleApi SystemParameters.swift
[777/1931] Compiling GoogleApi TypeReference.swift
[778/1931] Compiling GoogleApi Usage.swift
[779/1931] Compiling GoogleApi UsageRule.swift
[780/1931] Compiling GoogleApi Visibility.swift
[781/1931] Compiling GoogleApi VisibilityRule.swift
[781/1931] Compiling ghash-x86_64-linux.S
[782/1931] Compiling ghash-ssse3-x86_64-linux.S
[783/1931] Compiling ghash-x86_64-apple.S
[784/1932] Compiling ghash-ssse3-x86_64-apple.S
[784/1932] Compiling ghash-x86-apple.S
[786/1932] Compiling ghash-x86-linux.S
[787/1932] Compiling ghash-ssse3-x86-linux.S
[788/1932] Compiling ghash-neon-armv8-win.S
[789/1932] Compiling ghash-ssse3-x86-apple.S
[789/1932] Compiling ghash-neon-armv8-apple.S
[791/1932] Compiling co-586-linux.S
[793/1932] Compiling ghash-neon-armv8-linux.S
[794/1932] Compiling co-586-apple.S
[795/1932] Compiling ghash-armv4-linux.S
[796/1932] Compiling bn-586-linux.S
[797/1932] Compiling bn-586-apple.S
[798/1932] Compiling bn-armv8-win.S
[798/1932] Compiling bsaes-armv7-linux.S
[800/1932] Compiling bn-armv8-apple.S
[801/1932] Compiling armv8-mont-win.S
[801/1932] Compiling bn-armv8-linux.S
[803/1932] Compiling armv8-mont-apple.S
[804/1932] Compiling aesv8-armv8-win.S
[804/1932] Compiling armv4-mont-linux.S
[804/1932] Compiling aesv8-gcm-armv8-apple.S
[804/1932] Compiling aesv8-gcm-armv8-win.S
[808/1932] Compiling armv8-mont-linux.S
[809/1932] Compiling aesv8-gcm-armv8-linux.S
[810/1932] Compiling aesni-x86_64-apple.S
[811/1932] Compiling aesv8-armv8-apple.S
[812/1932] Compiling aesv8-armv7-linux.S
[813/1932] Compiling aesv8-armv8-linux.S
[814/1932] Compiling aesni-x86_64-linux.S
[815/1932] Compiling aesni-x86-linux.S
[816/1932] Wrapping AST for GoogleApi for debugging
[817/1932] Compiling aesni-x86-apple.S
[818/1932] Compiling aesni-gcm-x86_64-apple.S
[819/1932] Compiling aes-gcm-avx2-x86_64-apple.S
[820/1932] Compiling aes-gcm-avx2-x86_64-linux.S
[821/1932] Compiling aesni-gcm-x86_64-linux.S
[822/1932] Compiling aes-gcm-avx10-x86_64-apple.S
[823/1932] Compiling aes-gcm-avx10-x86_64-linux.S
[824/1932] Compiling x_req.cc
[825/1932] Compiling x_x509a.cc
[826/1932] Compiling x_sig.cc
[827/1932] Compiling x_x509.cc
[828/1932] Compiling x_val.cc
[829/1932] Compiling x_spki.cc
[830/1932] Compiling x_name.cc
[831/1932] Compiling x_pubkey.cc
[832/1932] Compiling x_crl.cc
[833/1932] Compiling x509spki.cc
[834/1932] Compiling x_exten.cc
[835/1932] Compiling x_algor.cc
[836/1932] Compiling x509name.cc
[837/1932] Compiling x_all.cc
[838/1932] Compiling x509rset.cc
[839/1932] Compiling x_attrib.cc
[840/1932] Compiling x509cset.cc
[841/1932] Compiling x509_vpm.cc
[842/1932] Compiling x509_vfy.cc
[843/1932] Compiling x509_v3.cc
[844/1932] Compiling x509_req.cc
[845/1932] Compiling x509_txt.cc
[846/1932] Compiling x509_set.cc
[847/1932] Compiling x509_trs.cc
[848/1932] Compiling x509_obj.cc
[849/1932] Compiling x509_lu.cc
[850/1932] Compiling x509_ext.cc
[851/1932] Compiling x509_d2.cc
[852/1932] Compiling x509_def.cc
[853/1932] Compiling x509_cmp.cc
[854/1932] Compiling x509.cc
[855/1932] Compiling x509_att.cc
[856/1932] Compiling v3_utl.cc
[857/1932] Compiling v3_skey.cc
[858/1932] Compiling v3_purp.cc
[859/1932] Compiling v3_prn.cc
[860/1932] Compiling v3_pmaps.cc
[861/1932] Compiling v3_pcons.cc
[862/1932] Compiling v3_ocsp.cc
[863/1932] Compiling v3_ncons.cc
[864/1932] Compiling v3_lib.cc
[865/1932] Compiling v3_int.cc
[866/1932] Compiling v3_info.cc
[867/1932] Compiling v3_ia5.cc
[868/1932] Compiling v3_genn.cc
[869/1932] Compiling v3_extku.cc
[870/1932] Compiling v3_crld.cc
[871/1932] Compiling v3_enum.cc
[872/1932] Compiling v3_cpols.cc
[873/1932] Compiling v3_conf.cc
[874/1932] Compiling v3_bitst.cc
[875/1932] Compiling v3_bcons.cc
[876/1932] Compiling v3_akeya.cc
[877/1932] Compiling t_x509a.cc
[878/1932] Compiling v3_alt.cc
[879/1932] Compiling v3_akey.cc
[880/1932] Compiling t_x509.cc
[881/1932] Compiling i2d_pr.cc
[882/1932] Compiling t_req.cc
[883/1932] Compiling t_crl.cc
[884/1932] Compiling rsa_pss.cc
[885/1932] Compiling name_print.cc
[886/1932] Compiling by_file.cc
[887/1932] Compiling policy.cc
[888/1932] Compiling by_dir.cc
[889/1932] Compiling asn1_gen.cc
[890/1932] Compiling a_verify.cc
[891/1932] Compiling algorithm.cc
[892/1932] Compiling voprf.cc
[893/1932] Compiling thread_win.cc
[894/1932] Compiling a_digest.cc
[895/1932] Compiling a_sign.cc
[896/1932] Compiling trust_token.cc
[897/1932] Compiling thread_pthread.cc
[898/1932] Compiling thread_none.cc
[899/1932] Compiling thread.cc
[900/1932] Compiling pmbtoken.cc
[901/1932] Compiling stack.cc
[902/1932] Compiling slhdsa.cc
[903/1932] Compiling siphash.cc
[904/1932] Compiling rsa_extra.cc
[905/1932] Compiling sha1.cc
[906/1932] Compiling sha256.cc
[907/1932] Compiling sha512.cc
[908/1932] Compiling spake2plus.cc
[909/1932] Compiling rsa_print.cc
[910/1932] Compiling urandom.cc
[911/1932] Compiling rc4.cc
[912/1932] Compiling refcount.cc
[913/1932] Compiling rsa_crypt.cc
[914/1932] Compiling trusty.cc
[915/1932] Compiling windows.cc
[916/1932] Compiling rand.cc
[917/1932] Compiling rsa_asn1.cc
[918/1932] Compiling ios.cc
[919/1932] Compiling poly1305_arm_asm.S
[920/1932] Compiling passive.cc
[921/1932] Compiling forkunsafe.cc
[922/1932] Compiling getentropy.cc
[923/1932] Compiling fork_detect.cc
[924/1932] Compiling deterministic.cc
[925/1932] Compiling pool.cc
[926/1932] Compiling poly1305_vec.cc
[927/1932] Compiling poly1305_arm.cc
[928/1932] Compiling poly1305.cc
[929/1932] Compiling pkcs7.cc
[930/1932] Compiling pkcs8_x509.cc
[931/1932] Compiling p5_pbev2.cc
[932/1932] Compiling pkcs8.cc
[933/1932] Compiling pkcs7_x509.cc
[934/1932] Compiling pem_xaux.cc
[935/1932] Compiling pem_x509.cc
[936/1932] Compiling pem_pkey.cc
[937/1932] Compiling pem_pk8.cc
[938/1932] Compiling pem_oth.cc
[939/1932] Compiling mlkem.cc
[940/1932] Compiling pem_info.cc
[941/1932] Compiling obj_xref.cc
[942/1932] Compiling pem_lib.cc
[943/1932] Compiling obj.cc
[944/1932] Compiling pem_all.cc
[945/1932] Compiling mldsa.cc
[946/1932] Compiling poly_rq_mul.S
[947/1932] Compiling fips_shared_support.cc
[948/1932] Compiling mem.cc
[949/1932] Compiling md4.cc
[950/1932] Compiling md5.cc
[951/1932] Compiling lhash.cc
[952/1932] Compiling ex_data.cc
[953/1932] Compiling kyber.cc
[954/1932] Compiling scrypt.cc
[955/1932] Compiling sign.cc
[956/1932] Compiling hpke.cc
[957/1932] Compiling print.cc
[958/1932] Compiling hrss.cc
[959/1932] Compiling pbkdf.cc
[960/1932] Compiling p_x25519.cc
[961/1932] Compiling p_x25519_asn1.cc
[962/1932] Compiling p_ed25519.cc
[963/1932] Compiling p_rsa_asn1.cc
[964/1932] Compiling p_ed25519_asn1.cc
[965/1932] Compiling p_hkdf.cc
[966/1932] Compiling p_rsa.cc
[967/1932] Compiling p_ec.cc
[968/1932] Compiling p_ec_asn1.cc
[969/1932] Compiling p_dh_asn1.cc
[970/1932] Compiling p_dsa_asn1.cc
[971/1932] Compiling p_dh.cc
[972/1932] Compiling evp_ctx.cc
[973/1932] Compiling evp.cc
[973/1932] Compiling err.cc
[975/1932] Compiling evp_asn1.cc
[976/1932] Compiling engine.cc
[977/1932] Compiling ecdh.cc
[978/1932] Compiling ecdsa_asn1.cc
[979/1932] Compiling hash_to_curve.cc
[980/1932] Compiling bcm.cc
[981/1932] Compiling ec_derive.cc
[982/1932] Compiling dsa.cc
[983/1932] Compiling ec_asn1.cc
[984/1932] Compiling params.cc
[985/1932] Compiling dsa_asn1.cc
[986/1932] Compiling x25519-asm-arm.S
[987/1932] Compiling des.cc
[988/1932] Compiling dh_asn1.cc
[988/1932] Compiling digest_extra.cc
[990/1932] Compiling curve25519_64_adx.cc
[991/1932] Compiling spake25519.cc
[992/1932] Compiling cpu_aarch64_win.cc
[993/1932] Compiling cpu_intel.cc
[994/1932] Compiling cpu_arm_freebsd.cc
[995/1932] Compiling crypto.cc
[996/1932] Compiling cpu_arm_linux.cc
[997/1932] Compiling cpu_aarch64_sysreg.cc
[998/1932] Compiling cpu_aarch64_openbsd.cc
[999/1932] Compiling curve25519.cc
[1000/1932] Compiling cpu_aarch64_linux.cc
[1001/1932] Compiling cpu_aarch64_apple.cc
[1002/1932] Compiling cpu_aarch64_fuchsia.cc
[1003/1932] Compiling tls_cbc.cc
[1004/1932] Compiling get_cipher.cc
[1005/1932] Compiling e_tls.cc
[1006/1932] Compiling e_rc4.cc
[1007/1932] Compiling conf.cc
[1008/1932] Compiling e_null.cc
[1009/1932] Compiling e_des.cc
[1010/1932] Compiling e_rc2.cc
[1011/1932] Compiling e_chacha20poly1305.cc
[1012/1932] Compiling chacha.cc
[1013/1932] Compiling e_aesctrhmac.cc
[1014/1932] Compiling derive_key.cc
[1015/1932] Compiling e_aesgcmsiv.cc
[1016/1932] Compiling unicode.cc
[1017/1932] Compiling cbs.cc
[1018/1932] Compiling buf.cc
[1019/1932] Compiling asn1_compat.cc
[1020/1932] Compiling bn_asn1.cc
[1021/1932] Compiling cbb.cc
[1022/1932] Compiling ber.cc
[1023/1932] Compiling convert.cc
[1024/1932] Compiling blake2.cc
[1025/1932] Compiling socket.cc
[1026/1932] Compiling socket_helper.cc
[1027/1932] Compiling printf.cc
[1028/1932] Compiling pair.cc
[1029/1932] Compiling hexdump.cc
[1030/1932] Compiling file.cc
[1031/1932] Compiling fd.cc
[1032/1932] Compiling errno.cc
[1033/1932] Compiling bio_mem.cc
[1034/1932] Compiling connect.cc
[1035/1932] Compiling base64.cc
[1036/1932] Compiling tasn_typ.cc
[1037/1932] Compiling bio.cc
[1038/1932] Compiling tasn_utl.cc
[1039/1932] Compiling tasn_fre.cc
[1040/1932] Compiling tasn_enc.cc
[1041/1932] Compiling tasn_new.cc
[1042/1932] Compiling tasn_dec.cc
[1043/1932] Compiling posix_time.cc
[1044/1932] Compiling f_string.cc
[1045/1932] Compiling f_int.cc
[1046/1932] Compiling asn1_par.cc
[1047/1932] Compiling asn_pack.cc
[1048/1932] Compiling a_type.cc
[1049/1932] Compiling asn1_lib.cc
[1050/1932] Compiling a_strnid.cc
[1051/1932] Compiling a_utctm.cc
[1052/1932] Compiling a_time.cc
[1053/1932] Compiling a_mbstr.cc
[1054/1932] Compiling a_i2d_fp.cc
[1055/1932] Compiling a_octet.cc
[1056/1932] Compiling a_int.cc
[1057/1932] Compiling a_dup.cc
[1058/1932] Compiling a_object.cc
[1059/1932] Compiling CGoogleGaxCRC32C CGoogleGaxCRC32C.c
[1060/1932] Compiling a_strex.cc
[1061/1932] Compiling fiat_p256_adx_sqr.S
[1062/1932] Compiling a_gentm.cc
[1063/1932] Compiling fiat_p256_adx_mul.S
[1064/1932] Compiling fiat_curve25519_adx_square.S
[1065/1932] Compiling fiat_curve25519_adx_mul.S
[1066/1932] Compiling md5-x86_64-linux.S
[1067/1932] Compiling md5-x86_64-apple.S
[1068/1932] Compiling md5-586-linux.S
[1069/1932] Compiling a_d2i_fp.cc
[1070/1932] Compiling md5-586-apple.S
[1071/1932] Compiling chacha20_poly1305_x86_64-linux.S
[1072/1932] Compiling CCryptoBoringSSLShims shims.c
[1073/1932] Compiling a_bitstr.cc
[1074/1932] Compiling chacha20_poly1305_x86_64-apple.S
[1075/1932] Compiling a_bool.cc
[1076/1932] Compiling chacha20_poly1305_armv8-win.S
[1077/1932] Compiling chacha20_poly1305_armv8-apple.S
[1078/1932] Compiling chacha-x86_64-linux.S
[1079/1932] Compiling chacha-x86-linux.S
[1080/1932] Compiling chacha-x86_64-apple.S
[1081/1932] Compiling chacha20_poly1305_armv8-linux.S
[1082/1932] Compiling chacha-x86-apple.S
[1083/1932] Compiling chacha-armv8-win.S
[1084/1932] Compiling chacha-armv4-linux.S
[1085/1932] Compiling chacha-armv8-apple.S
[1086/1932] Compiling aes128gcmsiv-x86_64-linux.S
[1087/1932] Compiling aes128gcmsiv-x86_64-apple.S
[1088/1932] Compiling chacha-armv8-linux.S
[1089/1932] Compiling x86_64-mont5-linux.S
[1090/1932] Compiling x86_64-mont-apple.S
[1090/1932] Compiling x86_64-mont-linux.S
[1092/1932] Compiling x86-mont-linux.S
[1093/1932] Compiling x86-mont-apple.S
[1094/1932] Compiling x86_64-mont5-apple.S
[1095/1932] Compiling vpaes-x86_64-linux.S
[1096/1932] Compiling vpaes-x86-linux.S
[1097/1932] Compiling vpaes-x86_64-apple.S
[1098/1932] Compiling vpaes-x86-apple.S
[1099/1932] Compiling vpaes-armv8-win.S
[1100/1932] Compiling vpaes-armv8-linux.S
[1101/1932] Compiling vpaes-armv8-apple.S
[1102/1932] Compiling vpaes-armv7-linux.S
[1103/1932] Compiling sha512-x86_64-linux.S
[1104/1932] Compiling sha512-x86_64-apple.S
[1105/1932] Compiling sha512-armv8-win.S
[1106/1932] Compiling sha512-armv8-apple.S
[1107/1932] Compiling sha512-armv4-linux.S
[1108/1932] Compiling sha512-586-linux.S
[1109/1932] Compiling sha512-586-apple.S
[1110/1932] Compiling sha256-x86_64-apple.S
[1111/1932] Compiling sha512-armv8-linux.S
[1112/1932] Compiling sha256-x86_64-linux.S
[1113/1932] Compiling sha256-armv8-win.S
[1114/1932] Compiling sha256-armv8-apple.S
[1115/1932] Compiling sha256-586-linux.S
[1116/1932] Compiling sha256-armv8-linux.S
[1117/1932] Compiling sha256-armv4-linux.S
[1118/1932] Compiling sha1-x86_64-linux.S
[1119/1932] Compiling sha1-x86_64-apple.S
[1120/1932] Compiling sha1-armv8-win.S
[1121/1932] Compiling sha256-586-apple.S
[1122/1932] Compiling err_data.cc
[1123/1932] Compiling sha1-armv4-large-linux.S
[1124/1932] Compiling sha1-armv8-apple.S
[1125/1932] Compiling sha1-586-linux.S
[1126/1932] Compiling rsaz-avx2-linux.S
[1127/1932] Compiling sha1-armv8-linux.S
[1128/1932] Compiling sha1-586-apple.S
[1129/1932] Compiling rsaz-avx2-apple.S
[1130/1932] Compiling rdrand-x86_64-linux.S
[1131/1932] Compiling rdrand-x86_64-apple.S
[1132/1932] Compiling p256_beeu-x86_64-asm-apple.S
[1133/1932] Compiling p256_beeu-x86_64-asm-linux.S
[1134/1932] Compiling p256_beeu-armv8-asm-win.S
[1135/1932] Compiling p256_beeu-armv8-asm-linux.S
[1136/1932] Compiling p256-x86_64-asm-linux.S
[1137/1932] Compiling p256-x86_64-asm-apple.S
[1138/1932] Compiling p256-armv8-asm-win.S
[1139/1932] Compiling p256_beeu-armv8-asm-apple.S
[1140/1932] Compiling p256-armv8-asm-apple.S
[1141/1932] Compiling ghashv8-armv8-win.S
[1142/1932] Compiling ghashv8-armv8-linux.S
[1143/1932] Compiling ghash-x86_64-apple.S
[1144/1932] Compiling p256-armv8-asm-linux.S
[1145/1932] Compiling ghash-x86_64-linux.S
[1146/1932] Compiling ghashv8-armv8-apple.S
[1147/1932] Compiling ghash-x86-linux.S
[1147/1932] Compiling ghashv8-armv7-linux.S
[1149/1932] Compiling ghash-ssse3-x86_64-linux.S
[1150/1932] Compiling ghash-x86-apple.S
[1151/1932] Compiling ghash-ssse3-x86_64-apple.S
[1152/1932] Compiling ghash-ssse3-x86-linux.S
[1153/1932] Compiling ghash-neon-armv8-win.S
[1154/1932] Compiling ghash-ssse3-x86-apple.S
[1155/1932] Compiling ghash-neon-armv8-linux.S
[1156/1932] Compiling ghash-neon-armv8-apple.S
[1157/1932] Compiling bn-armv8-win.S
[1158/1932] Compiling ghash-armv4-linux.S
[1158/1932] Compiling bsaes-armv7-linux.S
[1160/1932] Compiling co-586-linux.S
[1160/1932] Compiling co-586-apple.S
[1162/1932] Compiling bn-armv8-linux.S
[1163/1932] Compiling bn-586-linux.S
[1164/1932] Compiling armv8-mont-win.S
[1165/1932] Compiling bn-586-apple.S
[1165/1932] Compiling bn-armv8-apple.S
[1167/1932] Compiling armv8-mont-apple.S
[1168/1932] Compiling armv8-mont-linux.S
[1169/1932] Compiling armv4-mont-linux.S
[1170/1932] Compiling aesv8-armv8-win.S
[1171/1932] Compiling aesv8-gcm-armv8-win.S
[1172/1932] Compiling aesv8-armv8-linux.S
[1173/1932] Compiling aesv8-gcm-armv8-apple.S
[1174/1932] Compiling aesv8-gcm-armv8-linux.S
[1175/1932] Compiling aesv8-armv8-apple.S
[1176/1932] Compiling aesv8-armv7-linux.S
[1177/1932] Compiling aesni-x86_64-linux.S
[1178/1932] Compiling aesni-x86_64-apple.S
[1179/1932] Compiling aesni-x86-linux.S
[1180/1932] Compiling aesni-x86-apple.S
[1181/1932] Compiling aesni-gcm-x86_64-apple.S
[1182/1932] Compiling aes-gcm-avx512-x86_64-linux.S
[1183/1932] Compiling aes-gcm-avx2-x86_64-linux.S
[1184/1932] Compiling aes-gcm-avx512-x86_64-apple.S
[1185/1932] Compiling aesni-gcm-x86_64-linux.S
[1186/1932] Compiling aes-gcm-avx2-x86_64-apple.S
[1187/1932] Compiling x_x509a.cc
[1188/1932] Compiling xwing.cc
[1189/1932] Compiling c-nioatomics.c
[1190/1932] Compiling x_spki.cc
[1191/1932] Compiling x_req.cc
[1192/1932] Compiling x_sig.cc
[1193/1932] Compiling x_x509.cc
[1194/1932] Compiling x_name.cc
[1195/1932] Compiling x_pubkey.cc
[1196/1932] Compiling x_exten.cc
[1197/1932] Compiling x_attrib.cc
[1198/1932] Compiling c-atomics.c
[1199/1932] Compiling x_crl.cc
[1200/1939] Compiling x_algor.cc
[1201/1939] Compiling x509spki.cc
[1202/1939] Compiling x_all.cc
[1204/1939] Compiling NIOConcurrencyHelpers NIOLock.swift
[1204/1939] Compiling x509name.cc
[1206/1939] Compiling NIOConcurrencyHelpers atomics.swift
[1207/1939] Emitting module NIOConcurrencyHelpers
[1208/1939] Compiling NIOConcurrencyHelpers NIOAtomic.swift
[1209/1939] Compiling NIOConcurrencyHelpers NIOLockedValueBox.swift
[1210/1939] Compiling NIOConcurrencyHelpers NIOThreadPoolWorkAvailable.swift
[1211/1939] Compiling NIOConcurrencyHelpers lock.swift
[1211/1940] Compiling x509cset.cc
[1213/1940] Compiling x509rset.cc
[1214/1940] Wrapping AST for NIOConcurrencyHelpers for debugging
[1215/1940] Compiling x509_vfy.cc
[1216/1940] Compiling x509_txt.cc
[1217/1940] Compiling x509_vpm.cc
[1218/1940] Compiling x509_v3.cc
[1219/1940] Compiling x509_trs.cc
[1220/1940] Compiling x509_set.cc
[1221/1940] Compiling x509_obj.cc
[1222/1940] Compiling x509_req.cc
[1223/1940] Compiling x509_d2.cc
[1224/1940] Compiling x509_ext.cc
[1225/1940] Compiling x509_def.cc
[1226/1940] Compiling x509_lu.cc
[1227/1940] Compiling x509_att.cc
[1228/1940] Compiling x509_cmp.cc
[1229/1940] Compiling x509.cc
[1230/1940] Compiling v3_skey.cc
[1231/1940] Compiling v3_prn.cc
[1232/1940] Compiling v3_purp.cc
[1233/1940] Compiling v3_utl.cc
[1234/1940] Compiling v3_pcons.cc
[1235/1940] Compiling v3_pmaps.cc
[1235/1940] Compiling v3_ocsp.cc
[1237/1940] Compiling v3_ncons.cc
[1238/1940] Compiling v3_ia5.cc
[1239/1940] Compiling v3_lib.cc
[1240/1940] Compiling v3_info.cc
[1241/1940] Compiling v3_int.cc
[1242/1940] Compiling v3_enum.cc
[1243/1940] Compiling v3_extku.cc
[1244/1940] Compiling v3_genn.cc
[1245/1940] Compiling v3_conf.cc
[1246/1940] Compiling v3_crld.cc
[1247/1940] Compiling v3_cpols.cc
[1248/1940] Compiling v3_bitst.cc
[1249/1940] Compiling v3_bcons.cc
[1250/1940] Compiling v3_akey.cc
[1251/1940] Compiling v3_akeya.cc
[1252/1940] Compiling v3_alt.cc
[1253/1940] Compiling t_x509a.cc
[1254/1940] Compiling t_x509.cc
[1255/1940] Compiling t_req.cc
[1256/1940] Compiling t_crl.cc
[1257/1940] Compiling rsa_pss.cc
[1258/1940] Compiling by_file.cc
[1259/1940] Compiling i2d_pr.cc
[1260/1940] Compiling name_print.cc
[1261/1940] Compiling policy.cc
[1262/1940] Compiling a_verify.cc
[1263/1940] Compiling by_dir.cc
[1264/1940] Compiling algorithm.cc
[1265/1940] Compiling a_sign.cc
[1266/1940] Compiling thread_win.cc
[1267/1940] Compiling trust_token.cc
[1268/1940] Compiling asn1_gen.cc
[1269/1940] Compiling a_digest.cc
[1270/1940] Compiling voprf.cc
[1271/1940] Compiling thread_pthread.cc
[1272/1940] Compiling thread_none.cc
[1273/1940] Compiling pmbtoken.cc
[1274/1940] Compiling thread.cc
[1275/1940] Compiling stack.cc
[1276/1940] Compiling siphash.cc
[1277/1940] Compiling sha512.cc
[1278/1940] Compiling slhdsa.cc
[1279/1940] Compiling rsa_extra.cc
[1280/1940] Compiling rsa_print.cc
[1281/1940] Compiling sha256.cc
[1282/1940] Compiling sha1.cc
[1283/1940] Compiling spake2plus.cc
[1284/1940] Compiling refcount.cc
[1285/1940] Compiling rsa_crypt.cc
[1286/1940] Compiling windows.cc
[1287/1940] Compiling trusty.cc
[1288/1940] Compiling urandom.cc
[1289/1940] Compiling rc4.cc
[1290/1940] Compiling ios.cc
[1291/1940] Compiling rand.cc
[1292/1940] Compiling getentropy.cc
[1293/1940] Compiling passive.cc
[1294/1940] Compiling poly1305_arm_asm.S
[1295/1940] Compiling rsa_asn1.cc
[1296/1940] Compiling forkunsafe.cc
[1297/1940] Compiling deterministic.cc
[1298/1940] Compiling fork_detect.cc
[1299/1940] Compiling pool.cc
[1300/1940] Compiling poly1305.cc
[1301/1940] Compiling poly1305_arm.cc
[1302/1940] Compiling poly1305_vec.cc
[1303/1940] Compiling pkcs8.cc
[1304/1940] Compiling pkcs7_x509.cc
[1305/1940] Compiling p5_pbev2.cc
[1306/1940] Compiling pkcs7.cc
[1307/1940] Compiling pkcs8_x509.cc
[1308/1940] Compiling pem_x509.cc
[1309/1940] Compiling pem_pkey.cc
[1310/1940] Compiling pem_xaux.cc
[1311/1940] Compiling pem_info.cc
[1312/1940] Compiling pem_oth.cc
[1313/1940] Compiling pem_pk8.cc
[1314/1940] Compiling mlkem.cc
[1315/1940] Compiling obj_xref.cc
[1316/1940] Compiling mldsa.cc
[1317/1940] Compiling pem_all.cc
[1318/1940] Compiling pem_lib.cc
[1319/1940] Compiling obj.cc
[1320/1940] Compiling mem.cc
[1321/1940] Compiling poly_rq_mul.S
[1322/1940] Compiling fips_shared_support.cc
[1323/1940] Compiling md5.cc
[1324/1940] Compiling md4.cc
[1325/1940] Compiling lhash.cc
[1326/1940] Compiling fuzzer_mode.cc
[1327/1940] Compiling ex_data.cc
[1328/1940] Compiling kyber.cc
[1329/1940] Compiling hrss.cc
[1330/1940] Compiling scrypt.cc
[1331/1940] Compiling hpke.cc
[1332/1940] Compiling sign.cc
[1333/1940] Compiling pbkdf.cc
[1334/1940] Compiling print.cc
[1335/1940] Compiling p_rsa_asn1.cc
[1336/1940] Compiling p_x25519.cc
[1337/1940] Compiling p_x25519_asn1.cc
[1338/1940] Compiling p_rsa.cc
[1339/1940] Compiling p_hkdf.cc
[1340/1940] Compiling p_ed25519_asn1.cc
[1341/1940] Compiling p_ed25519.cc
[1342/1940] Compiling p_ec_asn1.cc
[1343/1940] Compiling p_ec.cc
[1344/1940] Compiling p_dh_asn1.cc
[1345/1940] Compiling p_dsa_asn1.cc
[1346/1940] Compiling evp_ctx.cc
[1347/1940] Compiling evp_asn1.cc
[1348/1940] Compiling engine.cc
[1349/1940] Compiling err.cc
[1350/1940] Compiling ecdsa_p1363.cc
[1351/1940] Compiling p_dh.cc
[1352/1940] Compiling ecdh.cc
[1353/1940] Compiling evp.cc
[1354/1940] Compiling ec_derive.cc
[1355/1940] Compiling ecdsa_asn1.cc
[1356/1940] Compiling dsa.cc
[1357/1940] Compiling ec_asn1.cc
[1358/1940] Compiling dsa_asn1.cc
[1359/1940] Compiling hash_to_curve.cc
[1360/1940] Compiling digest_extra.cc
[1361/1940] Compiling x25519-asm-arm.S
[1362/1940] Compiling des.cc
[1363/1940] Compiling params.cc
[1364/1940] Compiling curve25519_64_adx.cc
[1365/1940] Compiling cpu_intel.cc
[1366/1940] Compiling dh_asn1.cc
[1367/1940] Compiling crypto.cc
[1368/1940] Compiling spake25519.cc
[1369/1940] Compiling cpu_arm_linux.cc
[1370/1940] Compiling cpu_aarch64_win.cc
[1370/1940] Compiling curve25519.cc
[1372/1940] Compiling cpu_arm_freebsd.cc
[1373/1940] Compiling cpu_aarch64_sysreg.cc
[1374/1940] Compiling cpu_aarch64_fuchsia.cc
[1375/1940] Compiling cpu_aarch64_openbsd.cc
[1376/1940] Compiling cpu_aarch64_linux.cc
[1377/1940] Compiling cpu_aarch64_apple.cc
[1378/1940] Compiling conf.cc
[1379/1940] Compiling tls_cbc.cc
[1380/1940] Compiling get_cipher.cc
[1381/1940] Compiling e_tls.cc
[1382/1940] Compiling e_null.cc
[1383/1940] Compiling e_chacha20poly1305.cc
[1384/1940] Compiling e_rc2.cc
[1385/1940] Compiling cms.cc
[1386/1940] Compiling e_des.cc
[1387/1940] Compiling e_rc4.cc
[1388/1940] Compiling e_aesctrhmac.cc
[1389/1940] Compiling derive_key.cc
[1390/1940] Compiling chacha.cc
[1391/1940] Compiling e_aesgcmsiv.cc
[1392/1940] Compiling e_aeseax.cc
[1393/1940] Compiling unicode.cc
[1394/1940] Compiling cbb.cc
[1395/1940] Compiling cbs.cc
[1396/1940] Compiling sqrt.cc
[1397/1940] Compiling asn1_compat.cc
[1398/1940] Compiling buf.cc
[1399/1940] Compiling ber.cc
[1400/1940] Compiling exponentiation.cc
[1401/1940] Compiling div.cc
[1402/1940] Compiling printf.cc
[1403/1940] Compiling pair.cc
[1404/1940] Compiling blake2.cc
[1405/1940] Compiling convert.cc
[1406/1940] Compiling file.cc
[1407/1940] Compiling hexdump.cc
[1408/1940] Compiling bn_asn1.cc
[1409/1940] Compiling bio_mem.cc
[1410/1940] Compiling fd.cc
[1411/1940] Compiling errno.cc
[1412/1940] Compiling tasn_fre.cc
[1413/1940] Compiling base64.cc
[1414/1940] Compiling tasn_typ.cc
[1415/1940] Compiling tasn_utl.cc
[1416/1940] Compiling bio.cc
[1417/1940] Compiling tasn_new.cc
[1418/1940] Compiling tasn_enc.cc
[1419/1940] Compiling f_string.cc
[1420/1940] Compiling posix_time.cc
[1421/1940] Compiling f_int.cc
[1422/1940] Compiling asn_pack.cc
[1423/1940] Compiling asn1_par.cc
[1424/1940] Compiling tasn_dec.cc
[1425/1940] Compiling bcm.cc
[1426/1940] Compiling asn1_lib.cc
[1427/1940] Compiling a_utctm.cc
[1428/1940] Compiling a_type.cc
[1429/1940] Compiling a_i2d_fp.cc
[1430/1940] Compiling a_int.cc
[1431/1940] Compiling a_time.cc
[1432/1940] Compiling CAsyncHTTPClient CAsyncHTTPClient.c
[1432/1940] Write sources
[1439/1941] Compiling a_strex.cc
[1441/1983] Compiling Algorithms FirstNonNil.swift
[1442/1983] Compiling Algorithms FlattenCollection.swift
[1443/1985] Compiling Algorithms Joined.swift
[1444/1985] Compiling Algorithms Keyed.swift
[1445/1985] Compiling Algorithms Permutations.swift
[1446/1985] Compiling Algorithms Product.swift
[1446/1985] Compiling a_dup.cc
[1447/1985] Compiling aes.cc
[1449/1985] Compiling Algorithms Combinations.swift
[1450/1985] Compiling Algorithms Partition.swift
[1450/1985] Compiling a_d2i_fp.cc
[1451/1985] Compiling a_gentm.cc
[1453/1985] Compiling Atomics IntegerOperations.swift
[1454/1985] Compiling Atomics Unmanaged extensions.swift
[1455/1985] Compiling Algorithms Compacted.swift
[1456/1985] Compiling Algorithms Cycle.swift
[1457/1985] Compiling Algorithms EitherSequence.swift
[1457/1985] Compiling a_bool.cc
[1459/1985] Compiling Algorithms Grouped.swift
[1460/1985] Compiling Algorithms Indexed.swift
[1461/1985] Compiling Algorithms Intersperse.swift
[1461/1985] Compiling a_bitstr.cc
[1464/1993] Compiling Algorithms Reductions.swift
[1465/1993] Compiling Algorithms Rotate.swift
[1466/1993] Compiling Algorithms Split.swift
[1467/1993] Compiling Algorithms Stride.swift
[1468/1993] Compiling Algorithms Suffix.swift
[1483/1996] Emitting module Atomics
[1484/1996] Emitting module CryptoBoringWrapper
[1485/1996] Compiling CryptoBoringWrapper RandomBytes.swift
[1486/1996] Compiling Algorithms Trim.swift
[1487/1996] Compiling Algorithms Unique.swift
[1488/1996] Compiling Algorithms Windows.swift
[1489/1996] Compiling CryptoBoringWrapper FiniteFieldArithmeticContext.swift
[1490/1996] Compiling CryptoBoringWrapper BoringSSLAEAD.swift
[1491/1996] Compiling CryptoBoringWrapper EllipticCurvePoint.swift
[1492/1996] Compiling CryptoBoringWrapper EllipticCurve.swift
[1493/1996] Compiling CryptoBoringWrapper ArbitraryPrecisionInteger.swift
[1494/1996] Compiling CryptoBoringWrapper CryptoKitErrors_boring.swift
[1496/1997] Compiling Algorithms AdjacentPairs.swift
[1497/1997] Compiling Algorithms Chain.swift
[1498/1997] Compiling Algorithms Chunked.swift
[1498/1997] Wrapping AST for CryptoBoringWrapper for debugging
[1504/1998] Emitting module Algorithms
[1506/2084] Wrapping AST for Atomics for debugging
[1507/2087] Wrapping AST for Algorithms for debugging
[1509/2147] Emitting module Crypto
[1510/2158] Compiling NIOCore NIOCoreSendableMetatype.swift
[1511/2158] Compiling NIOCore NIODecodedAsyncSequence.swift
[1512/2158] Compiling NIOCore NIOLoopBound.swift
[1513/2158] Compiling NIOCore NIOPooledRecvBufferAllocator.swift
[1514/2158] Compiling NIOCore NIOScheduledCallback.swift
[1515/2158] Compiling NIOCore NIOSendable.swift
[1516/2158] Compiling NIOCore NIOSplitLinesMessageDecoder.swift
[1517/2158] Compiling NIOCore NIOTransportAccessibleChannelCore.swift
[1518/2158] Compiling NIOCore RecvByteBufferAllocator.swift
[1519/2166] Compiling NIOCore EventLoopFuture+Deprecated.swift
[1520/2166] Compiling NIOCore EventLoopFuture+WithEventLoop.swift
[1521/2166] Compiling NIOCore EventLoopFuture.swift
[1522/2166] Compiling NIOCore FileDescriptor.swift
[1523/2166] Compiling NIOCore FileHandle.swift
[1524/2166] Compiling NIOCore FileRegion.swift
[1525/2166] Compiling NIOCore GlobalSingletons.swift
[1526/2166] Compiling NIOCore IO.swift
[1527/2166] Compiling NIOCore IOData.swift
[1528/2166] Compiling NIOCore IPProtocol.swift
[1529/2166] Compiling NIOCore IntegerBitPacking.swift
[1530/2166] Compiling NIOCore IntegerTypes.swift
[1531/2166] Compiling NIOCore Interfaces.swift
[1532/2166] Compiling NIOCore Linux.swift
[1533/2166] Compiling NIOCore MarkedCircularBuffer.swift
[1534/2166] Compiling NIOCore MulticastChannel.swift
[1535/2166] Compiling NIOCore NIOAny.swift
[1536/2166] Compiling NIOCore NIOCloseOnErrorHandler.swift
[1541/2166] Compiling NIOCore SingleStepByteToMessageDecoder.swift
[1542/2166] Compiling NIOCore SocketAddresses.swift
[1543/2166] Compiling NIOCore SocketOptionProvider.swift
[1544/2166] Compiling NIOCore SystemCallHelpers.swift
[1545/2166] Compiling NIOCore TimeAmount+Duration.swift
[1546/2166] Compiling NIOCore TypeAssistedChannelHandler.swift
[1547/2166] Compiling NIOCore UniversalBootstrapSupport.swift
[1548/2166] Compiling NIOCore Utilities.swift
[1549/2166] Compiling NIOCore AsyncChannelHandler.swift
[1550/2166] Compiling NIOCore AsyncChannelInboundStream.swift
[1551/2166] Compiling NIOCore AsyncChannelOutboundWriter.swift
[1552/2166] Compiling NIOCore NIOAsyncSequenceProducer.swift
[1553/2166] Compiling NIOCore NIOAsyncSequenceProducerStrategies.swift
[1554/2166] Compiling NIOCore NIOAsyncWriter.swift
[1555/2166] Compiling NIOCore ByteBuffer-multi-int.swift
[1556/2166] Compiling NIOCore ByteBuffer-quicBinaryEncodingStrategy.swift
[1557/2166] Compiling NIOCore ByteBuffer-views.swift
[1558/2166] Compiling NIOCore Channel.swift
[1559/2166] Compiling NIOCore ChannelHandler.swift
[1560/2166] Compiling NIOCore ChannelHandlers.swift
[1561/2166] Compiling NIOCore NIOThrowingAsyncSequenceProducer.swift
[1562/2166] Compiling NIOCore BSDSocketAPI.swift
[1563/2166] Compiling NIOCore ByteBuffer-aux.swift
[1564/2166] Compiling NIOCore ByteBuffer-binaryEncodedLengthPrefix.swift
[1565/2166] Compiling NIOCore ByteBuffer-conversions.swift
[1566/2166] Compiling NIOCore ByteBuffer-core.swift
[1567/2166] Compiling NIOCore ByteBuffer-hex.swift
[1568/2166] Compiling NIOCore ByteBuffer-int.swift
[1569/2166] Compiling NIOCore ByteBuffer-lengthPrefix.swift
[1570/2166] Compiling NIOCore AddressedEnvelope.swift
[1571/2166] Compiling NIOCore AsyncAwaitSupport.swift
[1572/2166] Compiling NIOCore AsyncChannel.swift
[1573/2166] Compiling Crypto Signature.swift
[1574/2166] Compiling Crypto CryptoKitErrors_boring.swift
[1575/2166] Compiling Crypto Optional+withUnsafeBytes_boring.swift
[1576/2166] Compiling Crypto RNG_boring.swift
[1577/2166] Compiling Crypto SafeCompare_boring.swift
[1578/2166] Compiling Crypto Zeroization_boring.swift
[1579/2166] Compiling Crypto _CryptoModuleAnchor.swift
[1580/2166] Compiling Crypto PrettyBytes.swift
[1581/2166] Compiling Crypto SafeCompare.swift
[1582/2166] Compiling Crypto SecureBytes.swift
[1583/2166] Compiling Crypto Zeroization.swift
[1595/2166] Compiling Crypto HKDF.swift
[1596/2166] Compiling Crypto AESWrap.swift
[1597/2166] Compiling Crypto AESWrap_boring.swift
[1598/2166] Compiling Crypto Ed25519_boring.swift
[1599/2166] Compiling Crypto NISTCurvesKeys_boring.swift
[1600/2166] Compiling Crypto X25519Keys_boring.swift
[1601/2166] Compiling Crypto Curve25519.swift
[1602/2166] Compiling Crypto Ed25519Keys.swift
[1603/2166] Compiling Crypto NISTCurvesKeys.swift
[1604/2166] Compiling Crypto X25519Keys.swift
[1605/2166] Compiling Crypto SymmetricKeys.swift
[1606/2166] Compiling Crypto HMAC.swift
[1607/2166] Compiling NIOCore ChannelInvoker.swift
[1608/2166] Compiling NIOCore ChannelOption.swift
[1609/2166] Compiling NIOCore ChannelPipeline.swift
[1610/2166] Compiling NIOCore CircularBuffer.swift
[1611/2166] Compiling NIOCore Codec.swift
[1612/2166] Compiling NIOCore ConvenienceOptionSupport.swift
[1621/2166] Compiling NIOCore DeadChannel.swift
[1622/2166] Compiling NIOCore DispatchQueue+WithFuture.swift
[1623/2166] Compiling NIOCore EventLoop+Deprecated.swift
[1624/2166] Compiling NIOCore EventLoop+SerialExecutor.swift
[1625/2166] Compiling NIOCore EventLoop.swift
[1626/2166] Compiling NIOCore EventLoopFuture+AssumeIsolated.swift
[1639/2167] Wrapping AST for Crypto for debugging
[1641/2229] Compiling CryptoExtras ARCServer.swift
[1642/2229] Compiling CryptoExtras ChaCha20CTR_boring.swift
[1643/2229] Compiling CryptoExtras ChaCha20CTR.swift
[1644/2229] Compiling CryptoExtras BoringSSLSHA512256Context.swift
[1645/2229] Compiling CryptoExtras BoringSSLSHA512256HashFunction.swift
[1646/2229] Compiling CryptoExtras SHA512256.swift
[1647/2229] Compiling CryptoExtras SHA512256Digest.swift
[1648/2229] Compiling CryptoExtras Curve25519+PEM.swift
[1649/2229] Compiling CryptoExtras ObjectIdentifier.swift
[1650/2229] Compiling CryptoExtras AES_CBC.swift
[1651/2229] Compiling CryptoExtras AES_CFB.swift
[1652/2229] Compiling CryptoExtras AES_CTR.swift
[1653/2229] Compiling CryptoExtras AES_GCM_SIV.swift
[1654/2229] Compiling CryptoExtras Block Function.swift
[1655/2229] Compiling CryptoExtras AES_CBC_boring.swift
[1656/2229] Compiling CryptoExtras AES_CFB_boring.swift
[1657/2229] Compiling CryptoExtras AES_CTR_boring.swift
[1658/2229] Compiling CryptoExtras AES_GCM_SIV_boring.swift
[1659/2229] Emitting module CryptoExtras
[1660/2237] Compiling CryptoExtras PKCS8DERRepresentation.swift
[1661/2237] Compiling CryptoExtras PKCS8PrivateKey.swift
[1662/2237] Compiling CryptoExtras RFC8410AlgorithmIdentifier.swift
[1663/2237] Compiling CryptoExtras ECToolbox_boring.swift
[1664/2237] Compiling CryptoExtras ECToolbox.swift
[1665/2237] Compiling CryptoExtras HashToField.swift
[1666/2237] Compiling CryptoExtras KDF.swift
[1667/2237] Compiling CryptoExtras PBKDF2_boring.swift
[1668/2237] Compiling CryptoExtras PBKDF2_commoncrypto.swift
[1669/2237] Compiling CryptoExtras PBKDF2.swift
[1670/2237] Compiling CryptoExtras Scrypt_boring.swift
[1671/2237] Compiling CryptoExtras Scrypt.swift
[1672/2237] Compiling CryptoExtras OPRF.swift
[1673/2237] Compiling CryptoExtras OPRFClient.swift
[1674/2237] Compiling CryptoExtras OPRFServer.swift
[1675/2237] Compiling CryptoExtras VOPRF+API.swift
[1676/2237] Compiling CryptoExtras VOPRFClient.swift
[1677/2237] Compiling CryptoExtras VOPRFServer.swift
[1696/2237] Compiling CryptoExtras CMAC.swift
[1697/2237] Compiling CryptoExtras ARC+API.swift
[1698/2237] Compiling CryptoExtras ARC.swift
[1699/2237] Compiling CryptoExtras ARCCredential.swift
[1700/2237] Compiling CryptoExtras ARCEncoding.swift
[1701/2237] Compiling CryptoExtras ARCPrecredential.swift
[1702/2237] Compiling CryptoExtras ARCPresentation.swift
[1703/2237] Compiling CryptoExtras ARCRequest.swift
[1704/2237] Compiling CryptoExtras ARCResponse.swift
[1705/2237] Compiling CryptoExtras ThreadOps.swift
[1706/2237] Compiling CryptoExtras ThreadPosix.swift
[1707/2237] Compiling CryptoExtras ThreadSpecific.swift
[1708/2237] Compiling CryptoExtras ThreadWindows.swift
[1709/2237] Compiling CryptoExtras DLEQ.swift
[1710/2237] Compiling CryptoExtras Prover.swift
[1711/2237] Compiling CryptoExtras Verifier.swift
[1712/2237] Compiling CryptoExtras ZKPToolbox.swift
[1713/2237] Compiling CryptoExtras Data+Extensions.swift
[1714/2237] Compiling CryptoExtras DigestType.swift
[1715/2237] Compiling CryptoExtras Error.swift
[1716/2237] Compiling CryptoExtras I2OSP.swift
[1717/2237] Compiling CryptoExtras IntegerEncoding.swift
[1718/2237] Compiling CryptoExtras PEMDocument.swift
[1719/2237] Compiling CryptoExtras PrettyBytes.swift
[1720/2237] Compiling CryptoExtras SubjectPublicKeyInfo.swift
[1721/2237] Compiling CryptoExtras BoringSSLPassphraseCallbackManager.swift
[1722/2237] Compiling CryptoExtras RSA+BlindSigning.swift
[1723/2237] Compiling CryptoExtras RSA.swift
[1724/2237] Compiling CryptoExtras RSA_boring.swift
[1725/2237] Compiling CryptoExtras Reexport.swift
[1726/2237] Compiling CryptoExtras Zeroization_boring.swift
[1727/2237] Compiling CryptoExtras BoringSSLHelpers.swift
[1728/2237] Compiling CryptoExtras CryptoKitErrors_boring.swift
[1729/2239] Wrapping AST for CryptoExtras for debugging
[1731/2240] Compiling _CryptoExtras Exports.swift
[1732/2240] Emitting module _CryptoExtras
[1733/2241] Wrapping AST for _CryptoExtras for debugging
[1735/2336] Compiling X509 DNBuilder.swift
[1736/2336] Compiling X509 DomainComponent.swift
[1737/2336] Compiling X509 EmailAddress.swift
[1738/2336] Compiling X509 LocalityName.swift
[1739/2336] Compiling X509 OrganizationName.swift
[1740/2336] Compiling X509 OrganizationalUnitName.swift
[1741/2336] Compiling X509 StateOrProvinceName.swift
[1742/2336] Compiling X509 StreetAddress.swift
[1743/2336] Compiling X509 Error.swift
[1744/2336] Compiling X509 CMSSignerIdentifier.swift
[1745/2336] Compiling X509 CMSSignerInfo.swift
[1746/2336] Compiling X509 CMSVersion.swift
[1747/2336] Compiling X509 Curve25519+DER.swift
[1748/2336] Compiling X509 CustomPrivateKey.swift
[1749/2336] Compiling X509 Digests.swift
[1750/2336] Compiling X509 DistinguishedName.swift
[1751/2336] Compiling X509 CommonName.swift
[1752/2336] Compiling X509 CountryName.swift
[1753/2336] Emitting module NIOCore
[1754/2344] Wrapping AST for NIOCore for debugging
[1756/2394] Compiling NIOFoundationEssentialsCompat Codable+ByteBuffer.swift
[1757/2394] Compiling NIOEmbedded AsyncTestingChannel.swift
[1758/2394] Compiling X509 OneOfPolicies.swift
[1759/2394] Compiling X509 PolicyBuilder.swift
[1760/2394] Compiling X509 BasicConstraintsPolicy.swift
[1761/2394] Compiling X509 DNSNames.swift
[1762/2394] Compiling X509 ExpiryPolicy.swift
[1763/2394] Compiling X509 IPConstraints.swift
[1764/2394] Compiling X509 NameConstraintsPolicy.swift
[1765/2394] Compiling X509 RFC5280Policy.swift
[1766/2394] Compiling X509 URIConstraints.swift
[1767/2394] Compiling X509 VersionPolicy.swift
[1768/2394] Compiling X509 ServerIdentityPolicy.swift
[1769/2394] Compiling X509 TrustRootLoading.swift
[1770/2394] Compiling X509 UnverifiedChain.swift
[1771/2407] Compiling NIOPosix PipeChannel.swift
[1772/2407] Compiling NIOPosix PipePair.swift
[1773/2407] Compiling NIOPosix Pool.swift
[1774/2407] Compiling NIOPosix PosixSingletons+ConcurrencyTakeOver.swift
[1775/2407] Compiling NIOPosix PosixSingletons.swift
[1776/2407] Compiling NIOPosix RawSocketBootstrap.swift
[1777/2407] Compiling NIOPosix Resolver.swift
[1778/2407] Compiling NIOPosix SelectorWSAPoll.swift
[1779/2407] Compiling NIOPosix ServerSocket.swift
[1780/2407] Compiling NIOPosix Socket.swift
[1781/2407] Compiling NIOPosix SocketChannel.swift
[1782/2407] Compiling NIOPosix SocketProtocols.swift
[1783/2407] Compiling NIOPosix StructuredConcurrencyHelpers.swift
[1784/2407] Compiling NIOPosix System.swift
[1785/2407] Emitting module NIOFoundationEssentialsCompat
[1786/2407] Compiling NIOFoundationEssentialsCompat ByteBuffer-foundation.swift
[1788/2408] Compiling NIOPosix HappyEyeballs.swift
[1789/2408] Compiling NIOPosix IO.swift
[1790/2408] Compiling NIOPosix IntegerBitPacking.swift
[1791/2408] Compiling NIOPosix IntegerTypes.swift
[1792/2408] Compiling NIOPosix Linux.swift
[1793/2408] Compiling NIOPosix LinuxCPUSet.swift
[1794/2408] Compiling NIOPosix LinuxUring.swift
[1795/2408] Compiling NIOPosix MultiThreadedEventLoopGroup.swift
[1796/2408] Compiling NIOPosix NIOPosixSendableMetatype.swift
[1797/2408] Compiling NIOPosix NIORandomizedDNSResolver.swift
[1798/2408] Compiling NIOPosix NIOThreadPool.swift
[1799/2408] Compiling NIOPosix NonBlockingFileIO.swift
[1800/2408] Compiling NIOPosix PendingDatagramWritesManager.swift
[1801/2408] Compiling NIOPosix PendingWritesManager.swift
[1802/2408] Compiling NIOPosix BSDSocketAPICommon.swift
[1803/2408] Compiling NIOPosix BSDSocketAPIPosix.swift
[1804/2408] Compiling NIOPosix BSDSocketAPIWindows.swift
[1805/2408] Compiling NIOPosix BaseSocket.swift
[1806/2408] Compiling NIOPosix BaseSocketChannel+AccessibleTransport.swift
[1807/2408] Compiling NIOPosix BaseSocketChannel+SocketOptionProvider.swift
[1808/2408] Compiling NIOPosix BaseSocketChannel.swift
[1809/2408] Compiling NIOPosix BaseStreamSocketChannel.swift
[1810/2408] Compiling NIOPosix Bootstrap.swift
[1811/2408] Compiling NIOPosix ControlMessage.swift
[1812/2408] Compiling NIOPosix DatagramVectorReadManager.swift
[1813/2408] Compiling NIOPosix Errors+Any.swift
[1814/2408] Compiling NIOPosix FileDescriptor.swift
[1815/2408] Compiling NIOPosix GetaddrinfoResolver.swift
[1815/2408] Wrapping AST for NIOFoundationEssentialsCompat for debugging
[1817/2408] Compiling NIOPosix Selectable.swift
[1818/2408] Compiling NIOPosix SelectableChannel.swift
[1819/2408] Compiling NIOPosix SelectableEventLoop.swift
[1820/2408] Compiling NIOPosix SelectorEpoll.swift
[1821/2408] Compiling NIOPosix SelectorGeneric.swift
[1822/2408] Compiling NIOPosix SelectorKqueue.swift
[1823/2408] Compiling NIOPosix SelectorUring.swift
[1824/2408] Compiling X509 OCSPResponseStatus.swift
[1825/2408] Compiling X509 OCSPSignature.swift
[1826/2408] Compiling X509 OCSPSingleRequest.swift
[1827/2408] Compiling X509 OCSPSingleResponse.swift
[1828/2408] Compiling X509 OCSPTBSRequest.swift
[1829/2408] Compiling X509 OCSPVersion.swift
[1830/2408] Compiling NIOEmbedded Embedded.swift
[1831/2408] Emitting module NIOEmbedded
[1832/2408] Compiling NIOEmbedded AsyncTestingEventLoop.swift
[1833/2409] Wrapping AST for NIOEmbedded for debugging
[1835/2409] Compiling X509 PKCS8PrivateKey.swift
[1836/2409] Compiling X509 PromiseAndFuture.swift
[1837/2409] Compiling X509 RDNAttribute.swift
[1838/2409] Compiling X509 RandomNumberGenerator+bytes.swift
[1839/2409] Compiling X509 RelativeDistinguishedName.swift
[1840/2409] Compiling X509 SEC1PrivateKey.swift
[1841/2409] Compiling X509 SecKeyWrapper.swift
[1842/2409] Compiling X509 Signature.swift
[1843/2409] Compiling X509 SignatureAlgorithm.swift
[1844/2409] Compiling X509 AllOfPolicies.swift
[1845/2409] Compiling X509 AnyPolicy.swift
[1846/2409] Compiling X509 CertificateStore.swift
[1847/2409] Compiling X509 CustomCertificateStore.swift
[1848/2409] Compiling X509 NameConstraints.swift
[1849/2409] Compiling X509 SubjectAlternativeName.swift
[1850/2409] Compiling X509 SubjectKeyIdentifier.swift
[1851/2409] Compiling X509 Extension.swift
[1852/2409] Compiling X509 Extensions.swift
[1853/2409] Compiling X509 ExtensionsBuilder.swift
[1854/2409] Compiling X509 GeneralName.swift
[1855/2409] Compiling X509 Lock.swift
[1856/2409] Compiling X509 LockedValueBox.swift
[1857/2409] Compiling X509 BasicOCSPResponse.swift
[1858/2409] Compiling X509 DirectoryString.swift
[1859/2409] Compiling X509 OCSPCertID.swift
[1860/2409] Compiling X509 OCSPCertStatus.swift
[1861/2409] Emitting module NIOPosix
[1869/2416] Emitting module X509
[1898/2416] Compiling NIOPosix Thread.swift
[1899/2416] Compiling NIOPosix ThreadPosix.swift
[1900/2416] Compiling NIOPosix ThreadWindows.swift
[1901/2416] Compiling NIOPosix Utilities.swift
[1902/2416] Compiling NIOPosix VsockAddress.swift
[1903/2416] Compiling NIOPosix VsockChannelEvents.swift
[1904/2416] Compiling NIOPosix Windows.swift
[1919/2417] Wrapping AST for NIOPosix for debugging
[1921/2419] Compiling X509 ValidatedCertificateChain.swift
[1922/2419] Compiling X509 VerificationDiagnostic.swift
[1923/2419] Compiling X509 Verifier.swift
[1924/2419] Compiling X509 VerifierPolicy.swift
[1925/2419] Compiling X509 AlgorithmIdentifier.swift
[1926/2419] Compiling X509 ECDSASignature.swift
[1927/2419] Compiling X509 RSAPKCS1PublicKey.swift
[1928/2419] Compiling X509 SubjectPublicKeyInfo.swift
[1929/2419] Compiling X509 TBSCertificate.swift
[1930/2419] Compiling X509 Time.swift
[1931/2419] Compiling X509 TimeCalculations.swift
[1932/2419] Compiling X509 Validity.swift
[1933/2419] Compiling X509 X509SendableMetatype.swift
[1935/2420] Compiling NIO Exports.swift
[1936/2420] Emitting module NIO
[1937/2421] Wrapping AST for X509 for debugging
[1938/2453] Wrapping AST for NIO for debugging
[1940/2527] Compiling NIOTLS TLSEvents.swift
[1941/2527] Compiling NIOFoundationCompat JSONSerialization+ByteBuffer.swift
[1942/2527] Emitting module NIOFoundationCompat
[1943/2527] Compiling NIOFoundationCompat WaitSpinningRunLoop.swift
[1944/2527] Compiling NIOFoundationCompat Exports.swift
[1945/2527] Compiling NIOSOCKS ClientStateMachine.swift
[1946/2527] Compiling NIOSOCKS SelectedAuthenticationMethod.swift
[1947/2528] Compiling JWTKit P256+CurveType.swift
[1948/2528] Compiling JWTKit P384+CurveType.swift
[1949/2528] Compiling NIOSOCKS SOCKSResponse.swift
[1951/2529] Compiling NIOTLS NIOTypedApplicationProtocolNegotiationHandler.swift
[1952/2529] Emitting module NIOTLS
[1953/2529] Compiling NIOTLS ApplicationProtocolNegotiationHandler.swift
[1953/2529] Wrapping AST for NIOFoundationCompat for debugging
[1955/2529] Compiling NIOSOCKS ServerStateMachine.swift
[1956/2529] Compiling JWTKit ECDSASigningAlgorithm.swift
[1957/2529] Compiling JWTKit JWTKeyCollection+ECDSA.swift
[1958/2529] Compiling JWTKit EdDSACurve.swift
[1959/2529] Compiling JWTKit EdDSAError.swift
[1960/2529] Compiling JWTKit P521+CurveType.swift
[1961/2529] Compiling JWTKit EdDSA.swift
[1962/2529] Emitting module NIOSOCKS
[1963/2530] Compiling JWTKit JWTSerializer.swift
[1964/2530] Compiling JWTKit JWTSigner.swift
[1965/2530] Compiling JWTKit JWTKeyCollection+MLDSA.swift
[1966/2530] Compiling JWTKit MLDSA.swift
[1967/2530] Compiling JWTKit MLDSA65+MLDSAKey.swift
[1968/2530] Compiling JWTKit MLDSA87+MLDSAKey.swift
[1969/2530] Compiling JWTKit MLDSAError.swift
[1970/2530] Compiling JWTKit MLDSAKey.swift
[1971/2530] Compiling JWTKit MLDSASigner.swift
[1973/2539] Compiling NIOTLS ProtocolNegotiationHandlerStateMachine.swift
[1974/2539] Compiling NIOTLS SNIHandler.swift
[1975/2540] Compiling JWTKit JWTKeyCollection+EdDSA.swift
[1976/2540] Compiling JWTKit LocaleClaim.swift
[1977/2542] Wrapping AST for NIOSOCKS for debugging
[1980/2542] Wrapping AST for NIOTLS for debugging
[1990/2542] Compiling JWTKit EdDSASigner.swift
[1992/2542] Compiling JWTKit MLDSAType.swift
[1993/2542] Compiling JWTKit JWTKeyCollection+UnsecuredNone.swift
[1994/2542] Compiling JWTKit UnsecuredNoneSigner.swift
[1995/2542] Compiling JWTKit JWTKeyCollection+RSA.swift
[1996/2542] Compiling JWTKit RSA.swift
[1997/2542] Compiling JWTKit RSAError.swift
[1998/2542] Compiling JWTKit RSASigner.swift
[1999/2542] Compiling JWTKit Base64URL.swift
[2000/2542] Compiling JWTKit CryptoSigner.swift
[2001/2572] Emitting module JWTKit
[2002/2572] Compiling NIOSSL SSLPKCS12Bundle.swift
[2003/2572] Compiling NIOSSL AndroidCABundle.swift
[2004/2572] Compiling NIOSSL CustomPrivateKey.swift
[2005/2572] Compiling NIOSSL FreeBSDCABundle.swift
[2006/2572] Compiling NIOSSL IdentityVerification.swift
[2007/2572] Compiling NIOSSL NIOSSLServerHandler.swift
[2008/2572] Compiling NIOSSL ObjectIdentifier.swift
[2009/2572] Compiling NIOSSL PosixPort.swift
[2010/2572] Compiling NIOSSL SSLCallbacks.swift
[2011/2572] Compiling NIOSSL LinuxCABundle.swift
[2012/2572] Compiling NIOSSL NIOSSLClientHandler.swift
[2013/2572] Compiling NIOSSL NIOSSLHandler+Configuration.swift
[2017/2572] Compiling NIOSSL SSLErrors.swift
[2018/2572] Compiling NIOSSL SSLInit.swift
[2023/2572] Compiling JWTKit JWTAlgorithm.swift
[2024/2572] Compiling JWTKit JWTError.swift
[2025/2572] Compiling JWTKit JWTHeader+CommonFields.swift
[2026/2572] Compiling JWTKit JWTHeader.swift
[2027/2572] Compiling JWTKit JWTHeaderField.swift
[2028/2572] Compiling JWTKit JWTKeyCollection.swift
[2029/2572] Compiling JWTKit JWTParser+MandatoryVerificationFields.swift
[2030/2572] Compiling JWTKit JWTParser.swift
[2031/2572] Compiling JWTKit JWTPayload.swift
[2032/2572] Compiling NIOSSL NIOSSLHandler.swift
[2033/2572] Compiling NIOSSL SSLPrivateKey.swift
[2034/2572] Compiling NIOSSL SSLPublicKey.swift
[2035/2572] Compiling NIOSSL SecurityFrameworkCertificateVerification.swift
[2036/2572] Compiling NIOSSL String+unsafeUninitializedCapacity.swift
[2037/2572] Compiling NIOSSL SubjectAlternativeName.swift
[2038/2572] Compiling NIOSSL NIOSSLSecureBytes.swift
[2039/2572] Compiling NIOSSL RNG.swift
[2040/2572] Compiling NIOSSL SafeCompare.swift
[2041/2572] Compiling JWTKit AudienceClaim.swift
[2042/2572] Compiling JWTKit BoolClaim.swift
[2043/2572] Compiling JWTKit ExpirationClaim.swift
[2044/2572] Compiling JWTKit GoogleHostedDomainClaim.swift
[2045/2572] Compiling JWTKit IDClaim.swift
[2046/2572] Compiling JWTKit IssuedAtClaim.swift
[2047/2572] Compiling JWTKit IssuerClaim.swift
[2048/2572] Compiling JWTKit JWTClaim.swift
[2049/2572] Compiling JWTKit JWTMultiValueClaim.swift
[2050/2572] Compiling JWTKit JWTUnixEpochClaim.swift
[2051/2572] Compiling NIOSSL SSLCertificateName.swift
[2052/2572] Compiling NIOSSL SSLConnection.swift
[2053/2572] Compiling NIOSSL SSLContext.swift
[2054/2572] Emitting module NIOHTTP1
[2055/2573] Wrapping AST for NIOHTTP1 for debugging
[2057/2590] Compiling NIOHPACK IntegerCoding.swift
[2058/2591] Compiling JWTKit CustomizedJSONCoders.swift
[2059/2591] Compiling JWTKit Utilities.swift
[2060/2591] Compiling JWTKit AppleIdentityToken.swift
[2061/2591] Compiling JWTKit FirebaseAuthIdentityToken.swift
[2062/2591] Compiling JWTKit GoogleIdentityToken.swift
[2063/2591] Compiling JWTKit MicrosoftIdentityToken.swift
[2064/2591] Compiling JWTKit EmptyPolicy.swift
[2065/2591] Compiling JWTKit ValidationTimePayload.swift
[2066/2591] Compiling JWTKit X5CVerifier.swift
[2067/2592] Compiling NIOHPACK IndexedHeaderTable.swift
[2069/2592] Compiling NIOHTTPCompression HTTPRequestCompressor.swift
[2070/2592] Compiling NIOHPACK StaticHeaderTable.swift
[2070/2592] Wrapping AST for JWTKit for debugging
[2072/2592] Emitting module NIOHTTPCompression
[2073/2592] Compiling NIOHPACK HuffmanTables.swift
[2074/2592] Compiling NIOHTTPCompression HTTPDecompressor.swift
[2075/2592] Emitting module NIOSSL
[2076/2596] Compiling NIOHTTPCompression HTTPCompression.swift
[2077/2596] Compiling NIOHTTPCompression HTTPDecompression.swift
[2078/2596] Compiling NIOHTTPCompression HTTPResponseCompressor.swift
[2079/2597] Compiling NIOHPACK HuffmanCoding.swift
[2088/2597] Wrapping AST for NIOHTTPCompression for debugging
[2090/2597] Compiling NIOHPACK HPACKEncoder.swift
[2091/2597] Compiling NIOHPACK HPACKErrors.swift
[2092/2597] Compiling NIOHPACK DynamicHeaderTable.swift
[2093/2597] Compiling NIOHPACK HPACKDecoder.swift
[2094/2597] Emitting module NIOHPACK
[2095/2597] Compiling NIOHPACK HPACKHeader.swift
[2096/2597] Compiling NIOHPACK HeaderTables.swift
[2101/2598] Wrapping AST for NIOHPACK for debugging
[2103/2661] Compiling NIOHTTP2 ContentLengthVerifier.swift
[2104/2661] Compiling NIOHTTP2 MaySendFrames.swift
[2105/2661] Compiling NIOHTTP2 SendingDataState.swift
[2106/2661] Compiling NIOHTTP2 SendingGoawayState.swift
[2107/2661] Compiling NIOHTTP2 ReceivingWindowUpdateState.swift
[2108/2661] Compiling NIOHTTP2 HasFlowControlWindows.swift
[2109/2661] Compiling NIOHTTP2 HasLocalSettings.swift
[2110/2661] Compiling NIOHTTP2 HasRemoteSettings.swift
[2111/2661] Compiling NIOHTTP2 LocallyQuiescingState.swift
[2112/2661] Compiling NIOHTTP2 ReceivingGoAwayState.swift
[2113/2661] Compiling NIOHTTP2 ReceivingHeadersState.swift
[2114/2661] Compiling NIOHTTP2 ReceivingPushPromiseState.swift
[2115/2661] Compiling NIOHTTP2 ReceivingRstStreamState.swift
[2116/2661] Compiling NIOHTTP2 QuiescingState.swift
[2117/2661] Compiling NIOHTTP2 RemotelyQuiescingState.swift
[2118/2661] Compiling NIOHTTP2 SendAndReceiveGoawayState.swift
[2119/2661] Compiling NIOHTTP2 StateMachineResult.swift
[2123/2661] Compiling NIOHTTP2 SendingHeadersState.swift
[2124/2661] Compiling NIOHTTP2 SendingPushPromiseState.swift
[2125/2661] Compiling NIOHTTP2 SendingRstStreamState.swift
[2126/2661] Compiling NIOHTTP2 SendingWindowUpdateState.swift
[2127/2661] Compiling NIOHTTP2 HTTP2SettingsState.swift
[2128/2661] Compiling NIOHTTP2 HasExtendedConnectSettings.swift
[2138/2669] Compiling NIOHTTP2 HTTP2CommonInboundStreamMultiplexer.swift
[2139/2669] Compiling NIOHTTP2 HTTP2ConnectionStateChange.swift
[2140/2669] Compiling NIOHTTP2 HTTP2Error.swift
[2141/2669] Compiling NIOHTTP2 HTTP2ErrorCode.swift
[2142/2670] Wrapping AST for NIOSSL for debugging
[2144/2670] Emitting module NIOHTTP2
[2145/2670] Compiling NIOHTTP2 NIOHTTP2ServerConnectionManagementHandler.swift
[2146/2670] Compiling NIOHTTP2 StreamChannelFlowController.swift
[2147/2670] Compiling NIOHTTP2 StreamChannelList.swift
[2148/2670] Compiling NIOHTTP2 StreamMap.swift
[2149/2670] Compiling NIOHTTP2 StreamStateMachine.swift
[2150/2670] Compiling NIOHTTP2 Timer.swift
[2151/2670] Compiling NIOHTTP2 UnsafeTransfer.swift
[2152/2670] Compiling NIOHTTP2 WatermarkedFlowController.swift
[2153/2670] Compiling NIOHTTP2 ConnectionStateMachine.swift
[2154/2670] Compiling NIOHTTP2 ConnectionStreamsState.swift
[2155/2670] Compiling NIOHTTP2 MayReceiveFrames.swift
[2156/2670] Compiling NIOHTTP2 ReceivingDataState.swift
[2162/2670] Compiling NIOHTTP2 HTTP2FrameParser.swift
[2163/2670] Compiling NIOHTTP2 HTTP2PingData.swift
[2164/2670] Compiling NIOHTTP2 HTTP2PipelineHelpers.swift
[2165/2670] Compiling NIOHTTP2 HTTP2Settings.swift
[2166/2670] Compiling NIOHTTP2 HTTP2Stream.swift
[2167/2670] Compiling NIOHTTP2 HTTP2StreamChannel+OutboundStreamMultiplexer.swift
[2168/2670] Compiling NIOHTTP2 HTTP2StreamChannel.swift
[2169/2670] Compiling NIOHTTP2 HTTP2StreamDelegate.swift
[2170/2670] Compiling NIOHTTP2 HTTP2StreamID.swift
[2171/2670] Compiling NIOHTTP2 DOSHeuristics.swift
[2172/2670] Compiling NIOHTTP2 Error+Any.swift
[2173/2670] Compiling NIOHTTP2 ConcurrentStreamBuffer.swift
[2174/2670] Compiling NIOHTTP2 ControlFrameBuffer.swift
[2175/2670] Compiling NIOHTTP2 OutboundFlowControlBuffer.swift
[2176/2670] Compiling NIOHTTP2 OutboundFrameBuffer.swift
[2177/2670] Compiling NIOHTTP2 GlitchesMonitor.swift
[2178/2670] Compiling NIOHTTP2 HPACKHeaders+Validation.swift
[2179/2670] Compiling NIOHTTP2 HTTP2ChannelHandler+InboundStreamMultiplexer.swift
[2180/2670] Compiling NIOHTTP2 HTTP2ChannelHandler+InlineStreamMultiplexer.swift
[2181/2670] Compiling NIOHTTP2 HTTP2ChannelHandler.swift
[2186/2670] Compiling NIOHTTP2 HTTP2FlowControlWindow.swift
[2187/2670] Compiling NIOHTTP2 HTTP2Frame.swift
[2188/2670] Compiling NIOHTTP2 HTTP2FrameEncoder.swift
[2189/2670] Compiling NIOHTTP2 HTTP2StreamMultiplexer.swift
[2190/2670] Compiling NIOHTTP2 HTTP2ToHTTP1Codec.swift
[2191/2670] Compiling NIOHTTP2 HTTP2UserEvents.swift
[2192/2670] Compiling NIOHTTP2 InboundEventBuffer.swift
[2193/2670] Compiling NIOHTTP2 InboundWindowManager.swift
[2194/2670] Compiling NIOHTTP2 MultiplexerAbstractChannel.swift
[2195/2670] Compiling NIOHTTP2 NIOHTTP2FrameDelegate.swift
[2196/2670] Compiling NIOHTTP2 NIOHTTP2ServerConnectionManagementHandler+StateMachine.swift
[2197/2671] Wrapping AST for NIOHTTP2 for debugging
[2199/2735] Emitting module AsyncHTTPClient
[2200/2743] Compiling AsyncHTTPClient LRUCache.swift
[2201/2743] Compiling AsyncHTTPClient NIOLoopBound+Execute.swift
[2202/2743] Compiling AsyncHTTPClient NWErrorHandler.swift
[2203/2743] Compiling AsyncHTTPClient NWWaitingHandler.swift
[2204/2743] Compiling AsyncHTTPClient TLSConfiguration.swift
[2205/2743] Compiling AsyncHTTPClient RedirectState.swift
[2206/2743] Compiling AsyncHTTPClient RequestBag+StateMachine.swift
[2207/2743] Compiling AsyncHTTPClient RequestBag+Tracing.swift
[2208/2743] Compiling AsyncHTTPClient RequestBag.swift
[2209/2743] Compiling AsyncHTTPClient RequestValidation.swift
[2210/2743] Compiling AsyncHTTPClient SSLContextCache.swift
[2211/2743] Compiling AsyncHTTPClient Scheme.swift
[2212/2743] Compiling AsyncHTTPClient Singleton.swift
[2213/2743] Compiling AsyncHTTPClient StringConvertibleInstances.swift
[2214/2743] Compiling AsyncHTTPClient StructuredConcurrencyHelpers.swift
[2215/2743] Compiling AsyncHTTPClient TracingSupport.swift
[2216/2743] Compiling AsyncHTTPClient Utils.swift
[2217/2743] Compiling AsyncHTTPClient DeconstructedURL.swift
[2218/2743] Compiling AsyncHTTPClient FileDownloadDelegate.swift
[2219/2743] Compiling AsyncHTTPClient FoundationExtensions.swift
[2220/2743] Compiling AsyncHTTPClient HTTPClient+HTTPCookie.swift
[2221/2743] Compiling AsyncHTTPClient HTTPClient+Proxy.swift
[2222/2743] Compiling AsyncHTTPClient HTTPClient+StructuredConcurrency.swift
[2223/2743] Compiling AsyncHTTPClient HTTPClient.swift
[2224/2743] Compiling AsyncHTTPClient HTTPClientConfiguration+SwiftConfiguration.swift
[2225/2743] Compiling AsyncHTTPClient HTTPHandler.swift
[2226/2743] Compiling AsyncHTTPClient HTTPConnectionEvent.swift
[2227/2743] Compiling AsyncHTTPClient HTTPConnectionPool+Factory.swift
[2228/2743] Compiling AsyncHTTPClient HTTPConnectionPool+Manager.swift
[2229/2743] Compiling AsyncHTTPClient HTTPConnectionPool.swift
[2230/2743] Compiling AsyncHTTPClient HTTPExecutableRequest.swift
[2231/2743] Compiling AsyncHTTPClient HTTPRequestStateMachine+Demand.swift
[2232/2743] Compiling AsyncHTTPClient HTTPRequestStateMachine.swift
[2233/2743] Compiling AsyncHTTPClient RequestBodyLength.swift
[2234/2743] Compiling AsyncHTTPClient RequestFramingMetadata.swift
[2235/2743] Compiling AsyncHTTPClient HTTP1ProxyConnectHandler.swift
[2236/2743] Compiling AsyncHTTPClient SOCKSEventsHandler.swift
[2237/2743] Compiling AsyncHTTPClient TLSEventsHandler.swift
[2238/2743] Compiling AsyncHTTPClient HTTP1ClientChannelHandler.swift
[2239/2743] Compiling AsyncHTTPClient HTTP1Connection.swift
[2240/2743] Compiling AsyncHTTPClient HTTP1ConnectionStateMachine.swift
[2241/2743] Compiling AsyncHTTPClient HTTP2ClientRequestHandler.swift
[2242/2743] Compiling AsyncHTTPClient HTTP2Connection.swift
[2243/2743] Compiling AsyncHTTPClient HTTP2IdleHandler.swift
[2244/2743] Compiling AsyncHTTPClient AnyAsyncSequence.swift
[2245/2743] Compiling AsyncHTTPClient AnyAsyncSequenceProucerDelete.swift
[2246/2743] Compiling AsyncHTTPClient AsyncLazySequence.swift
[2247/2743] Compiling AsyncHTTPClient HTTPClient+execute.swift
[2248/2743] Compiling AsyncHTTPClient HTTPClient+shutdown.swift
[2249/2743] Compiling AsyncHTTPClient HTTPClient+tracing.swift
[2250/2743] Compiling AsyncHTTPClient HTTPClientRequest+Prepared.swift
[2251/2743] Compiling AsyncHTTPClient HTTPClientRequest+auth.swift
[2252/2743] Compiling AsyncHTTPClient HTTPClientRequest.swift
[2253/2743] Compiling AsyncHTTPClient RequestOptions.swift
[2254/2743] Compiling AsyncHTTPClient HTTPConnectionPool+Backoff.swift
[2255/2743] Compiling AsyncHTTPClient HTTPConnectionPool+HTTP1Connections.swift
[2256/2743] Compiling AsyncHTTPClient HTTPConnectionPool+HTTP1StateMachine.swift
[2257/2743] Compiling AsyncHTTPClient HTTPConnectionPool+HTTP2Connections.swift
[2258/2743] Compiling AsyncHTTPClient HTTPConnectionPool+HTTP2StateMachine.swift
[2259/2743] Compiling AsyncHTTPClient HTTPConnectionPool+RequestQueue.swift
[2260/2743] Compiling AsyncHTTPClient HTTPConnectionPool+StateMachine.swift
[2261/2743] Compiling AsyncHTTPClient ConnectionTarget.swift
[2262/2743] Compiling AsyncHTTPClient HTTPClientResponse.swift
[2263/2743] Compiling AsyncHTTPClient SingleIteratorPrecondition.swift
[2264/2743] Compiling AsyncHTTPClient Transaction+StateMachine.swift
[2265/2743] Compiling AsyncHTTPClient Transaction.swift
[2266/2743] Compiling AsyncHTTPClient Base64.swift
[2267/2743] Compiling AsyncHTTPClient BasicAuth.swift
[2268/2743] Compiling AsyncHTTPClient BestEffortHashableTLSConfiguration.swift
[2269/2743] Compiling AsyncHTTPClient Configuration+BrowserLike.swift
[2270/2743] Compiling AsyncHTTPClient ConnectionPool.swift
[2271/2744] Wrapping AST for AsyncHTTPClient for debugging
[2273/2767] Compiling GoogleAuth ADC.swift
[2274/2767] Compiling GoogleAuth ADCPath.swift
[2275/2767] Compiling GoogleAuth ADCResolver.swift
[2276/2767] Compiling GoogleAuth AuthHeaders.swift
[2277/2770] Emitting module GoogleAuth
[2278/2770] Compiling GoogleAuth AuthHTTPClient.swift
[2279/2770] Compiling GoogleAuth AuthHTTPError.swift
[2280/2770] Compiling GoogleAuth RetryEngine.swift
[2281/2770] Compiling GoogleAuth ServiceAccountCredentials.swift
[2282/2770] Compiling GoogleAuth ServiceAccountData.swift
[2283/2770] Compiling GoogleAuth ServiceAccountTokenProvider.swift
[2284/2770] Compiling GoogleAuth SubjectTokenProvider.swift
[2285/2770] Compiling GoogleAuth MDSAccessTokenProvider.swift
[2286/2770] Compiling GoogleAuth MDSCredentials.swift
[2287/2770] Compiling GoogleAuth CredentialParserRegistry.swift
[2288/2770] Compiling GoogleAuth Credentials.swift
[2289/2770] Compiling GoogleAuth CredentialsError.swift
[2290/2770] Compiling GoogleAuth UserAccountData.swift
[2291/2770] Compiling GoogleAuth UserAccountTokenProvider.swift
[2292/2770] Compiling GoogleAuth UserCredentials.swift
[2293/2770] Compiling GoogleAuth AnonymousCredentials.swift
[2294/2770] Compiling GoogleAuth ApiKeyCredentials.swift
[2295/2770] Compiling GoogleAuth ExternalAccountCredentials.swift
[2296/2770] Compiling GoogleAuth STSHandler.swift
[2297/2770] Compiling GoogleAuth TokenCache.swift
[2298/2770] Compiling GoogleAuth PackageVersion.swift
[2299/2771] Wrapping AST for GoogleAuth for debugging
[2301/2829] Emitting module GoogleGax
[2302/2837] Compiling GoogleGax AIP194+PollingErrorPolicy.swift
[2303/2837] Compiling GoogleGax AIP194+RetryPolicy.swift
[2304/2837] Compiling GoogleGax AIP194.swift
[2305/2837] Compiling GoogleGax AdaptiveThrottler.swift
[2306/2837] Compiling GoogleGax AlwaysPoll.swift
[2307/2837] Compiling GoogleGax AlwaysRetry.swift
[2308/2837] Compiling GoogleGax ApiClientHeader.swift
[2309/2837] Compiling GoogleGax BackoffPolicy.swift
[2310/2837] Compiling GoogleGax BasePollingErrorPolicy.swift
[2311/2837] Compiling GoogleGax HTTPClientProtocol.swift
[2312/2837] Compiling GoogleGax HTTPClientRequest.swift
[2313/2837] Compiling GoogleGax HTTPClientResponse.swift
[2314/2837] Compiling GoogleGax HTTPHeaders.swift
[2315/2837] Compiling GoogleGax HTTPResponseBody.swift
[2316/2837] Compiling GoogleGax HeaderNames.swift
[2317/2837] Compiling GoogleGax Host.swift
[2318/2837] Compiling GoogleGax InProgressResult.swift
[2319/2837] Compiling GoogleGax LimitedAttemptCount+PollingErrorPolicy.swift
[2320/2837] Compiling GoogleGax LimitedAttemptCount+RetryPolicy.swift
[2321/2837] Compiling GoogleGax LimitedAttemptCount.swift
[2322/2837] Compiling GoogleGax LimitedElapsedTime+PollingErrorPolicy.swift
[2323/2837] Compiling GoogleGax LimitedElapsedTime+RetryPolicy.swift
[2324/2837] Compiling GoogleGax LimitedElapsedTime.swift
[2325/2837] Compiling GoogleGax LongRunningOperations.swift
[2326/2837] Compiling GoogleGax NeverRetry.swift
[2327/2837] Compiling GoogleGax ContinueOnIO.swift
[2328/2837] Compiling GoogleGax CredentialsProtocol.swift
[2329/2837] Compiling GoogleGax ErrorWrapper.swift
[2330/2837] Compiling GoogleGax ExponentialBackoff+BackoffPolicy.swift
[2331/2837] Compiling GoogleGax ExponentialBackoff+PollingBackoffPolicy.swift
[2332/2837] Compiling GoogleGax ExponentialBackoff.swift
[2333/2837] Compiling GoogleGax HTTPClient.swift
[2334/2837] Compiling GoogleGax HTTPClientHolder.swift
[2335/2837] Compiling GoogleGax Pagination.swift
/host/spi-builder-workspace/.build/checkouts/swift-google-gax/Sources/GoogleGax/Pagination.swift:44:22: error: cannot convert '@Sendable (String) async throws -> (response: ResponseType, items: [Item], nextToken: String)' to 'nonisolated(nonsending) @Sendable (String) async throws -> (response: ResponseType, items: [Item], nextToken: String)' because crossing of an isolation boundary requires parameter and result types to conform to 'Sendable' protocol
42 | ) where ResponseType: _PaginatedResponse<Item> {
43 | self.initialPageToken = initialPageToken ?? ""
44 | self.fetchPage = { token in
| |- error: cannot convert '@Sendable (String) async throws -> (response: ResponseType, items: [Item], nextToken: String)' to 'nonisolated(nonsending) @Sendable (String) async throws -> (response: ResponseType, items: [Item], nextToken: String)' because crossing of an isolation boundary requires parameter and result types to conform to 'Sendable' protocol
| `- note: type 'Item' does not conform to 'Sendable' protocol
45 | let response = try await listRpc(token)
46 | return (response, response._getPaginatedItems(), response._nextPageToken())
[2336/2837] Compiling GoogleGax PollingBackoffPolicy.swift
/host/spi-builder-workspace/.build/checkouts/swift-google-gax/Sources/GoogleGax/Pagination.swift:44:22: error: cannot convert '@Sendable (String) async throws -> (response: ResponseType, items: [Item], nextToken: String)' to 'nonisolated(nonsending) @Sendable (String) async throws -> (response: ResponseType, items: [Item], nextToken: String)' because crossing of an isolation boundary requires parameter and result types to conform to 'Sendable' protocol
42 | ) where ResponseType: _PaginatedResponse<Item> {
43 | self.initialPageToken = initialPageToken ?? ""
44 | self.fetchPage = { token in
| |- error: cannot convert '@Sendable (String) async throws -> (response: ResponseType, items: [Item], nextToken: String)' to 'nonisolated(nonsending) @Sendable (String) async throws -> (response: ResponseType, items: [Item], nextToken: String)' because crossing of an isolation boundary requires parameter and result types to conform to 'Sendable' protocol
| `- note: type 'Item' does not conform to 'Sendable' protocol
45 | let response = try await listRpc(token)
46 | return (response, response._getPaginatedItems(), response._nextPageToken())
[2337/2837] Compiling GoogleGax PollingErrorPolicy.swift
/host/spi-builder-workspace/.build/checkouts/swift-google-gax/Sources/GoogleGax/Pagination.swift:44:22: error: cannot convert '@Sendable (String) async throws -> (response: ResponseType, items: [Item], nextToken: String)' to 'nonisolated(nonsending) @Sendable (String) async throws -> (response: ResponseType, items: [Item], nextToken: String)' because crossing of an isolation boundary requires parameter and result types to conform to 'Sendable' protocol
42 | ) where ResponseType: _PaginatedResponse<Item> {
43 | self.initialPageToken = initialPageToken ?? ""
44 | self.fetchPage = { token in
| |- error: cannot convert '@Sendable (String) async throws -> (response: ResponseType, items: [Item], nextToken: String)' to 'nonisolated(nonsending) @Sendable (String) async throws -> (response: ResponseType, items: [Item], nextToken: String)' because crossing of an isolation boundary requires parameter and result types to conform to 'Sendable' protocol
| `- note: type 'Item' does not conform to 'Sendable' protocol
45 | let response = try await listRpc(token)
46 | return (response, response._getPaginatedItems(), response._nextPageToken())
[2338/2837] Compiling GoogleGax PollingResult.swift
/host/spi-builder-workspace/.build/checkouts/swift-google-gax/Sources/GoogleGax/Pagination.swift:44:22: error: cannot convert '@Sendable (String) async throws -> (response: ResponseType, items: [Item], nextToken: String)' to 'nonisolated(nonsending) @Sendable (String) async throws -> (response: ResponseType, items: [Item], nextToken: String)' because crossing of an isolation boundary requires parameter and result types to conform to 'Sendable' protocol
42 | ) where ResponseType: _PaginatedResponse<Item> {
43 | self.initialPageToken = initialPageToken ?? ""
44 | self.fetchPage = { token in
| |- error: cannot convert '@Sendable (String) async throws -> (response: ResponseType, items: [Item], nextToken: String)' to 'nonisolated(nonsending) @Sendable (String) async throws -> (response: ResponseType, items: [Item], nextToken: String)' because crossing of an isolation boundary requires parameter and result types to conform to 'Sendable' protocol
| `- note: type 'Item' does not conform to 'Sendable' protocol
45 | let response = try await listRpc(token)
46 | return (response, response._getPaginatedItems(), response._nextPageToken())
[2339/2837] Compiling GoogleGax PollingState.swift
/host/spi-builder-workspace/.build/checkouts/swift-google-gax/Sources/GoogleGax/Pagination.swift:44:22: error: cannot convert '@Sendable (String) async throws -> (response: ResponseType, items: [Item], nextToken: String)' to 'nonisolated(nonsending) @Sendable (String) async throws -> (response: ResponseType, items: [Item], nextToken: String)' because crossing of an isolation boundary requires parameter and result types to conform to 'Sendable' protocol
42 | ) where ResponseType: _PaginatedResponse<Item> {
43 | self.initialPageToken = initialPageToken ?? ""
44 | self.fetchPage = { token in
| |- error: cannot convert '@Sendable (String) async throws -> (response: ResponseType, items: [Item], nextToken: String)' to 'nonisolated(nonsending) @Sendable (String) async throws -> (response: ResponseType, items: [Item], nextToken: String)' because crossing of an isolation boundary requires parameter and result types to conform to 'Sendable' protocol
| `- note: type 'Item' does not conform to 'Sendable' protocol
45 | let response = try await listRpc(token)
46 | return (response, response._getPaginatedItems(), response._nextPageToken())
[2340/2837] Compiling GoogleGax ProtobufConversionError.swift
/host/spi-builder-workspace/.build/checkouts/swift-google-gax/Sources/GoogleGax/Pagination.swift:44:22: error: cannot convert '@Sendable (String) async throws -> (response: ResponseType, items: [Item], nextToken: String)' to 'nonisolated(nonsending) @Sendable (String) async throws -> (response: ResponseType, items: [Item], nextToken: String)' because crossing of an isolation boundary requires parameter and result types to conform to 'Sendable' protocol
42 | ) where ResponseType: _PaginatedResponse<Item> {
43 | self.initialPageToken = initialPageToken ?? ""
44 | self.fetchPage = { token in
| |- error: cannot convert '@Sendable (String) async throws -> (response: ResponseType, items: [Item], nextToken: String)' to 'nonisolated(nonsending) @Sendable (String) async throws -> (response: ResponseType, items: [Item], nextToken: String)' because crossing of an isolation boundary requires parameter and result types to conform to 'Sendable' protocol
| `- note: type 'Item' does not conform to 'Sendable' protocol
45 | let response = try await listRpc(token)
46 | return (response, response._getPaginatedItems(), response._nextPageToken())
[2341/2837] Compiling GoogleGax QueryParameter.swift
/host/spi-builder-workspace/.build/checkouts/swift-google-gax/Sources/GoogleGax/Pagination.swift:44:22: error: cannot convert '@Sendable (String) async throws -> (response: ResponseType, items: [Item], nextToken: String)' to 'nonisolated(nonsending) @Sendable (String) async throws -> (response: ResponseType, items: [Item], nextToken: String)' because crossing of an isolation boundary requires parameter and result types to conform to 'Sendable' protocol
42 | ) where ResponseType: _PaginatedResponse<Item> {
43 | self.initialPageToken = initialPageToken ?? ""
44 | self.fetchPage = { token in
| |- error: cannot convert '@Sendable (String) async throws -> (response: ResponseType, items: [Item], nextToken: String)' to 'nonisolated(nonsending) @Sendable (String) async throws -> (response: ResponseType, items: [Item], nextToken: String)' because crossing of an isolation boundary requires parameter and result types to conform to 'Sendable' protocol
| `- note: type 'Item' does not conform to 'Sendable' protocol
45 | let response = try await listRpc(token)
46 | return (response, response._getPaginatedItems(), response._nextPageToken())
[2342/2837] Compiling GoogleGax RequestError.swift
/host/spi-builder-workspace/.build/checkouts/swift-google-gax/Sources/GoogleGax/Pagination.swift:44:22: error: cannot convert '@Sendable (String) async throws -> (response: ResponseType, items: [Item], nextToken: String)' to 'nonisolated(nonsending) @Sendable (String) async throws -> (response: ResponseType, items: [Item], nextToken: String)' because crossing of an isolation boundary requires parameter and result types to conform to 'Sendable' protocol
42 | ) where ResponseType: _PaginatedResponse<Item> {
43 | self.initialPageToken = initialPageToken ?? ""
44 | self.fetchPage = { token in
| |- error: cannot convert '@Sendable (String) async throws -> (response: ResponseType, items: [Item], nextToken: String)' to 'nonisolated(nonsending) @Sendable (String) async throws -> (response: ResponseType, items: [Item], nextToken: String)' because crossing of an isolation boundary requires parameter and result types to conform to 'Sendable' protocol
| `- note: type 'Item' does not conform to 'Sendable' protocol
45 | let response = try await listRpc(token)
46 | return (response, response._getPaginatedItems(), response._nextPageToken())
[2343/2837] Compiling GoogleGax RequestOptions.swift
[2344/2837] Compiling GoogleGax RetryLoop.swift
[2345/2837] Compiling GoogleGax RetryPolicy.swift
[2346/2837] Compiling GoogleGax RetryResult.swift
[2347/2837] Compiling GoogleGax RetryState.swift
[2348/2837] Compiling GoogleGax RetryThrottler.swift
[2349/2837] Compiling GoogleGax RetryThrottlerError.swift
[2350/2837] Compiling GoogleGax RoutingMatcher.swift
[2351/2837] Compiling GoogleGax BaseRetryPolicy.swift
[2352/2837] Compiling GoogleGax BindingError.swift
[2353/2837] Compiling GoogleGax CRC32C.swift
[2354/2837] Compiling GoogleGax CircuitBreaker.swift
[2355/2837] Compiling GoogleGax ClientError.swift
[2356/2837] Compiling GoogleGax ClientOptions.swift
[2357/2837] Compiling GoogleGax ContinueOnIO+PollingErrorPolicy.swift
[2358/2837] Compiling GoogleGax ContinueOnIO+RetryPolicy.swift
[2359/2837] Compiling GoogleGax ServiceError.swift
[2360/2837] Compiling GoogleGax StatusDetail.swift
[2361/2837] Compiling GoogleGax StrictIdempotency.swift
[2362/2837] Compiling GoogleGax ThrottleResult.swift
[2363/2837] Compiling GoogleGax TooManyRequests+PollingErrorPolicy.swift
[2364/2837] Compiling GoogleGax TooManyRequests+RetryPolicy.swift
[2365/2837] Compiling GoogleGax TooManyRequests.swift
[2366/2837] Compiling GoogleGax PackageVersion.swift
BUILD FAILURE 6.2 android