Build Information
Failed to build Anodize, reference main (a9d7e3), with Swift 6.2 for Linux on 24 Aug 2026 05:22:39 UTC.
Build Command
bash -c docker run --pull=always --rm -v "checkouts-54344843-0":/host -w "$PWD" -e JAVA_HOME="/root/.sdkman/candidates/java/current" -e SPI_BUILD="1" -e SPI_PROCESSING="1" registry.gitlab.com/saguaro1/spi-images:basic-6.2-latest swift build --triple x86_64-unknown-linux-gnu 2>&1Build Log
========================================
RunAll
========================================
Builder version: 5.0.2
Interrupt handler set up.
========================================
Checkout
========================================
Clone URL: https://github.com/audulus/Anodize.git
Reference: main
Initialized empty Git repository in /host/spi-builder-workspace/.git/
hint: Using 'master' as the name for the initial branch. This default branch name
hint: is subject to change. To configure the initial branch name to use in all
hint: of your new repositories, which will suppress this warning, call:
hint:
hint: git config --global init.defaultBranch <name>
hint:
hint: Names commonly chosen instead of 'master' are 'main', 'trunk' and
hint: 'development'. The just-created branch can be renamed via this command:
hint:
hint: git branch -m <name>
From https://github.com/audulus/Anodize
* branch main -> FETCH_HEAD
* [new branch] main -> origin/main
HEAD is now at a9d7e39 Fill heap-backed GPUArrays with one bulk copy
Cloned https://github.com/audulus/Anodize.git
Revision (git rev-parse @):
a9d7e399cee498efa8b415f5ad08b9dfb372304f
SUCCESS checkout https://github.com/audulus/Anodize.git at main
========================================
Build
========================================
Selected platform: linux
Swift version: 6.2
Building package at path: $PWD
https://github.com/audulus/Anodize.git
Running build ...
bash -c docker run --pull=always --rm -v "checkouts-54344843-0":/host -w "$PWD" -e JAVA_HOME="/root/.sdkman/candidates/java/current" -e SPI_BUILD="1" -e SPI_PROCESSING="1" registry.gitlab.com/saguaro1/spi-images:basic-6.2-latest swift build --triple x86_64-unknown-linux-gnu 2>&1
basic-6.2-latest: Pulling from saguaro1/spi-images
Digest: sha256:4f3911e0f09a6ac47ac813ad3222aa373869118ee0ae384fd641a13da74b5e3f
Status: Image is up to date for registry.gitlab.com/saguaro1/spi-images:basic-6.2-latest
Fetching https://github.com/apple/swift-argument-parser
[1/18514] Fetching swift-argument-parser
Fetched https://github.com/apple/swift-argument-parser from cache (0.77s)
Computing version for https://github.com/apple/swift-argument-parser
Computed https://github.com/apple/swift-argument-parser at 1.8.2 (0.94s)
Creating working copy for https://github.com/apple/swift-argument-parser
Working copy of https://github.com/apple/swift-argument-parser resolved at 1.8.2
[1/1] Compiling plugin GenerateManual
[2/2] Compiling plugin GenerateDoccReference
Building for debugging...
[2/12] Write sources
[6/12] Write swift-version-24593BA9C3E375BF.txt
[8/21] Emitting module ArgumentParserToolInfo
[9/21] Compiling ArgumentParserToolInfo ToolInfo.swift
[10/22] Wrapping AST for ArgumentParserToolInfo for debugging
[12/69] Emitting module ArgumentParser
[13/75] Compiling ArgumentParser Name.swift
[14/75] Compiling ArgumentParser Parsed.swift
[15/75] Compiling ArgumentParser ParsedValues.swift
[16/75] Compiling ArgumentParser ParserError.swift
[17/75] Compiling ArgumentParser SplitArguments.swift
[18/75] Compiling ArgumentParser DumpHelpGenerator.swift
[19/75] Compiling ArgumentParser AsyncCompletionsValidator.swift
[20/75] Compiling ArgumentParser CodingKeyValidator.swift
[21/75] Compiling ArgumentParser NonsenseFlagsValidator.swift
[22/75] Compiling ArgumentParser ParsableArgumentsValidation.swift
[23/75] Compiling ArgumentParser PositionalArgumentsValidator.swift
[24/75] Compiling ArgumentParser UniqueNamesValidator.swift
[25/75] Compiling ArgumentParser HelpCommand.swift
[26/75] Compiling ArgumentParser HelpGenerator.swift
[27/75] Compiling ArgumentParser MessageInfo.swift
[28/75] Compiling ArgumentParser UsageGenerator.swift
[29/75] Compiling ArgumentParser CollectionExtensions.swift
[30/75] Compiling ArgumentParser Foundation.swift
[31/75] Compiling AnodizeUtil MTLDevice+Ext.swift
/host/spi-builder-workspace/Sources/AnodizeUtil/AnodizeError.swift:9:8: error: no such module 'Metal'
7 |
8 | import Foundation
9 | import Metal
| `- error: no such module 'Metal'
10 |
11 | public enum AnodizeError: Error, Equatable {
[32/75] Compiling AnodizeUtil MutableGPUArray.swift
/host/spi-builder-workspace/Sources/AnodizeUtil/AnodizeError.swift:9:8: error: no such module 'Metal'
7 |
8 | import Foundation
9 | import Metal
| `- error: no such module 'Metal'
10 |
11 | public enum AnodizeError: Error, Equatable {
[33/75] Compiling AnodizeUtil MTLComputeCommandEncoder+Ext.swift
/host/spi-builder-workspace/Sources/AnodizeUtil/AnodizeError.swift:9:8: error: no such module 'Metal'
7 |
8 | import Foundation
9 | import Metal
| `- error: no such module 'Metal'
10 |
11 | public enum AnodizeError: Error, Equatable {
[34/75] Compiling AnodizeUtil AnodizeError.swift
/host/spi-builder-workspace/Sources/AnodizeUtil/AnodizeError.swift:9:8: error: no such module 'Metal'
7 |
8 | import Foundation
9 | import Metal
| `- error: no such module 'Metal'
10 |
11 | public enum AnodizeError: Error, Equatable {
error: emit-module command failed with exit code 1 (use -v to see invocation)
[35/75] Compiling AnodizeUtil GPUBufferProvider.swift
/host/spi-builder-workspace/Sources/AnodizeUtil/AnodizeError.swift:9:8: error: no such module 'Metal'
7 |
8 | import Foundation
9 | import Metal
| `- error: no such module 'Metal'
10 |
11 | public enum AnodizeError: Error, Equatable {
[36/75] Emitting module AnodizeUtil
/host/spi-builder-workspace/Sources/AnodizeUtil/AnodizeError.swift:9:8: error: no such module 'Metal'
7 |
8 | import Foundation
9 | import Metal
| `- error: no such module 'Metal'
10 |
11 | public enum AnodizeError: Error, Equatable {
[37/75] Compiling AnodizeUtil GPUArray.swift
/host/spi-builder-workspace/Sources/AnodizeUtil/AnodizeError.swift:9:8: error: no such module 'Metal'
7 |
8 | import Foundation
9 | import Metal
| `- error: no such module 'Metal'
10 |
11 | public enum AnodizeError: Error, Equatable {
[38/75] Compiling ArgumentParser BashCompletionsGenerator.swift
[39/75] Compiling ArgumentParser CompletionsGenerator.swift
[40/75] Compiling ArgumentParser FishCompletionsGenerator.swift
[41/75] Compiling ArgumentParser ZshCompletionsGenerator.swift
[42/75] Compiling ArgumentParser Argument.swift
[43/75] Compiling ArgumentParser ArgumentDiscussion.swift
[44/75] Compiling ArgumentParser ArgumentHelp.swift
BUILD FAILURE 6.2 linux