The Swift Package Index logo.Swift Package Index

Build Information

Failed to build IPAPI, reference master (739413), with Swift 6.4 for Wasm on 17 Sep 2026 00:41:41 UTC.

Build Command

bash -c docker run --pull=always --rm -v "checkouts-54344843-0":/host -w "$PWD" -e JAVA_HOME="/root/.sdkman/candidates/java/current" -e SPI_BUILD="1" -e SPI_PROCESSING="1" registry.gitlab.com/saguaro1/spi-images:wasm-6.4-latest swift build --swift-sdk swift-6.4.x-DEVELOPMENT-SNAPSHOT-2026-09-04-a_wasm 2>&1

Build Log

========================================
RunAll
========================================
Builder version: 5.1.0
Interrupt handler set up.
========================================
Checkout
========================================
Clone URL: https://github.com/arturgrigor/IPAPI.git
Reference: master
Initialized empty Git repository in /host/spi-builder-workspace/.git/
hint: Using 'master' as the name for the initial branch. This default branch name
hint: is subject to change. To configure the initial branch name to use in all
hint: of your new repositories, which will suppress this warning, call:
hint:
hint: 	git config --global init.defaultBranch <name>
hint:
hint: Names commonly chosen instead of 'master' are 'main', 'trunk' and
hint: 'development'. The just-created branch can be renamed via this command:
hint:
hint: 	git branch -m <name>
From https://github.com/arturgrigor/IPAPI
 * branch            master     -> FETCH_HEAD
 * [new branch]      master     -> origin/master
HEAD is now at 7394135 Merge pull request #4 from arturgrigor/develop
Submodule path 'Carthage/Checkouts/OHHTTPStubs': checked out 'a5f9693dbf7a98e91cd7b72fff02bdd291ac66e0'
Submodule 'Carthage/Checkouts/OHHTTPStubs' (https://github.com/AliSoftware/OHHTTPStubs.git) registered for path 'Carthage/Checkouts/OHHTTPStubs'
Cloning into '/host/spi-builder-workspace/Carthage/Checkouts/OHHTTPStubs'...
Cloned https://github.com/arturgrigor/IPAPI.git
Revision (git rev-parse @):
7394135f9162ab7127a5ebd94d48e797dc516414
SUCCESS checkout https://github.com/arturgrigor/IPAPI.git at master
========================================
Build
========================================
Selected platform:         wasm
Swift version:             6.4
Building package at path:  $PWD
https://github.com/arturgrigor/IPAPI.git
Running build ...
bash -c docker run --pull=always --rm -v "checkouts-54344843-0":/host -w "$PWD" -e JAVA_HOME="/root/.sdkman/candidates/java/current" -e SPI_BUILD="1" -e SPI_PROCESSING="1" registry.gitlab.com/saguaro1/spi-images:wasm-6.4-latest swift build --swift-sdk swift-6.4.x-DEVELOPMENT-SNAPSHOT-2026-09-04-a_wasm 2>&1
wasm-6.4-latest: Pulling from saguaro1/spi-images
Digest: sha256:4328fdb43c680d205c1d6761b1e3267aa38277eefdda9ddfb17b6a0f1a77857a
Status: Image is up to date for registry.gitlab.com/saguaro1/spi-images:wasm-6.4-latest
warning: 'spi-builder-workspace': Invalid Exclude '/host/spi-builder-workspace/Sources/Sources/IPAPI.h': File not found.
warning: 'spi-builder-workspace': Invalid Exclude '/host/spi-builder-workspace/Sources/Sources/Info.plist': File not found.
warning: 'spi-builder-workspace': Invalid Exclude '/host/spi-builder-workspace/Sources/Sources/Info.plist': File not found.
warning: 'spi-builder-workspace': Invalid Exclude '/host/spi-builder-workspace/Sources/Sources/IPAPI.h': File not found.
Building for debugging...
[Planning deferred tasks]
error: SwiftCompile normal wasm32 failed with a nonzero exit code. Command line:     cd /host

[20 / 28] IPAPI
/host/spi-builder-workspace/Sources/Service.swift:185:29: error: 'URLSessionConfiguration' is unavailable: This type has moved to the FoundationNetworking module. Import that module to use it.
183 |
184 |     /// Returns the session configuration of the receiver.
185 |     open var configuration: URLSessionConfiguration
    |                             `- error: 'URLSessionConfiguration' is unavailable: This type has moved to the FoundationNetworking module. Import that module to use it.
186 |
187 |     // MARK: - Initialization -
Foundation.URLSessionConfiguration:2:18: note: 'URLSessionConfiguration' has been explicitly marked unavailable here
1 | @available(*, unavailable, message: "This type has moved to the FoundationNetworking module. Import that module to use it.")
2 | public typealias URLSessionConfiguration = AnyObject
  |                  `- note: 'URLSessionConfiguration' has been explicitly marked unavailable here
/host/spi-builder-workspace/Sources/Service.swift:203:74: error: type 'URLSessionConfiguration' (aka 'AnyObject') has no member 'default'
201 |         pricingPlan: PricingPlan = .free,
202 |         timeoutInterval: TimeInterval = 15,
203 |         configuration: URLSessionConfiguration = URLSessionConfiguration.default
    |                                                                          `- error: type 'URLSessionConfiguration' (aka 'AnyObject') has no member 'default'
204 |     ) {
205 |         self.pricingPlan = pricingPlan
/host/spi-builder-workspace/Sources/Service.swift:203:74: error: default argument value of type '_' cannot be converted to type 'AnyObject'
201 |         pricingPlan: PricingPlan = .free,
202 |         timeoutInterval: TimeInterval = 15,
203 |         configuration: URLSessionConfiguration = URLSessionConfiguration.default
    |                                                                          `- error: default argument value of type '_' cannot be converted to type 'AnyObject'
204 |     ) {
205 |         self.pricingPlan = pricingPlan
/host/spi-builder-workspace/Sources/Service.swift:203:24: error: 'URLSessionConfiguration' is unavailable: This type has moved to the FoundationNetworking module. Import that module to use it.
201 |         pricingPlan: PricingPlan = .free,
202 |         timeoutInterval: TimeInterval = 15,
203 |         configuration: URLSessionConfiguration = URLSessionConfiguration.default
    |                        `- error: 'URLSessionConfiguration' is unavailable: This type has moved to the FoundationNetworking module. Import that module to use it.
204 |     ) {
205 |         self.pricingPlan = pricingPlan
Foundation.URLSessionConfiguration:2:18: note: 'URLSessionConfiguration' has been explicitly marked unavailable here
1 | @available(*, unavailable, message: "This type has moved to the FoundationNetworking module. Import that module to use it.")
2 | public typealias URLSessionConfiguration = AnyObject
  |                  `- note: 'URLSessionConfiguration' has been explicitly marked unavailable here
/host/spi-builder-workspace/Sources/Service.swift:221:162: error: 'URLSessionDataTask' is unavailable: This type has moved to the FoundationNetworking module. Import that module to use it.
219 |     /// - Returns: The new `URLSessionDataTask` instance.
220 |     @discardableResult
221 |     open func fetch(query: String? = nil, fields: [Result.Field]? = nil, language: String? = nil, completion: ((Swift.Result<Result, Swift.Error>) -> Void)?) -> URLSessionDataTask? {
    |                                                                                                                                                                  `- error: 'URLSessionDataTask' is unavailable: This type has moved to the FoundationNetworking module. Import that module to use it.
222 |         var urlComponents: URLComponents
223 |         do {
Foundation.URLSessionDataTask:2:18: note: 'URLSessionDataTask' has been explicitly marked unavailable here
1 | @available(*, unavailable, message: "This type has moved to the FoundationNetworking module. Import that module to use it.")
2 | public typealias URLSessionDataTask = AnyObject
  |                  `- note: 'URLSessionDataTask' has been explicitly marked unavailable here
/host/spi-builder-workspace/Sources/Service.swift:280:108: error: 'URLSessionDataTask' is unavailable: This type has moved to the FoundationNetworking module. Import that module to use it.
278 |     /// - Returns: The new `URLSessionDataTask` instance.
279 |     @discardableResult
280 |     open func batch(_ queries: [Request], completion: ((Swift.Result<[Result], Swift.Error>) -> Void)?) -> URLSessionDataTask? {
    |                                                                                                            `- error: 'URLSessionDataTask' is unavailable: This type has moved to the FoundationNetworking module. Import that module to use it.
281 |         var urlComponents: URLComponents
282 |         do {
Foundation.URLSessionDataTask:2:18: note: 'URLSessionDataTask' has been explicitly marked unavailable here
1 | @available(*, unavailable, message: "This type has moved to the FoundationNetworking module. Import that module to use it.")
2 | public typealias URLSessionDataTask = AnyObject
  |                  `- note: 'URLSessionDataTask' has been explicitly marked unavailable here
Failed frontend command:
/usr/bin/swift-frontend -frontend -emit-module -experimental-skip-non-inlinable-function-bodies-without-types /host/spi-builder-workspace/Sources/Service.swift -target wasm32-unknown-wasip1 -disable-objc-interop -sdk /root/.swiftpm/swift-sdks/swift-6.4.x-DEVELOPMENT-SNAPSHOT-2026-09-04-a_wasm.artifactbundle/swift-6.4.x-DEVELOPMENT-SNAPSHOT-2026-09-04-a_wasm/wasm32-unknown-wasip1/WASI.sdk -sysroot /root/.swiftpm/swift-sdks/swift-6.4.x-DEVELOPMENT-SNAPSHOT-2026-09-04-a_wasm.artifactbundle/swift-6.4.x-DEVELOPMENT-SNAPSHOT-2026-09-04-a_wasm/wasm32-unknown-wasip1/WASI.sdk -I /host/spi-builder-workspace/.build/out/Products/Debug-webassembly-wasm32 -module-cache-path /host/spi-builder-workspace/.build/out/ModuleCache.noindex -color-diagnostics -Xcc -fcolor-diagnostics -enable-testing -g -debug-info-format\=dwarf -dwarf-version\=4 -swift-version 5 -Onone -D SWIFT_PACKAGE -D DEBUG -D SWIFT_MODULE_RESOURCE_BUNDLE_UNAVAILABLE -D Xcode -serialize-debugging-options -enable-experimental-feature DebugDescriptionMacro -empty-abi-descriptor -external-plugin-path /usr/lib/swift/host/plugins/testing\#/usr/bin/swift-plugin-server -validate-clang-modules-once -clang-build-session-file /host/spi-builder-workspace/.build/out/ModuleCache.noindex/Session.modulevalidation -Xcc -working-directory -Xcc /host -resource-dir /root/.swiftpm/swift-sdks/swift-6.4.x-DEVELOPMENT-SNAPSHOT-2026-09-04-a_wasm.artifactbundle/swift-6.4.x-DEVELOPMENT-SNAPSHOT-2026-09-04-a_wasm/wasm32-unknown-wasip1/swift.xctoolchain/usr/lib/swift_static -use-static-resource-dir -enable-anonymous-context-mangled-names -file-compilation-dir /host -Xcc -resource-dir -Xcc /root/.swiftpm/swift-sdks/swift-6.4.x-DEVELOPMENT-SNAPSHOT-2026-09-04-a_wasm.artifactbundle/swift-6.4.x-DEVELOPMENT-SNAPSHOT-2026-09-04-a_wasm/wasm32-unknown-wasip1/swift.xctoolchain/usr/lib/swift_static/clang -Xcc -D_LIBCPP_HARDENING_MODE\=_LIBCPP_HARDENING_MODE_DEBUG -Xcc -fmodules-prune-interval\=86400 -Xcc -fmodules-prune-after\=345600 -Xcc -I/host/spi-builder-workspace/.build/out/Products/Debug-webassembly-wasm32/include -Xcc -I/host/spi-builder-workspace/.build/out/Intermediates.noindex/IPAPI.build/Debug-webassembly-wasm32/IPAPI-t.build/DerivedSources-normal/wasm32 -Xcc -I/host/spi-builder-workspace/.build/out/Intermediates.noindex/IPAPI.build/Debug-webassembly-wasm32/IPAPI-t.build/DerivedSources/wasm32 -Xcc -I/host/spi-builder-workspace/.build/out/Intermediates.noindex/IPAPI.build/Debug-webassembly-wasm32/IPAPI-t.build/DerivedSources -Xcc -DSWIFT_PACKAGE -Xcc -DDEBUG\=1 -no-auto-bridging-header-chaining -module-name IPAPI -const-gather-protocols-file /host/spi-builder-workspace/.build/out/Intermediates.noindex/IPAPI.build/Debug-webassembly-wasm32/IPAPI-t.build/Objects-normal/wasm32/IPAPI_const_extract_protocols.json -in-process-plugin-server-path /usr/lib/swift/host/libSwiftInProcPluginServer.so -plugin-path /usr/lib/swift/host/plugins -plugin-path /usr/local/lib/swift/host/plugins -emit-module-doc-path /host/spi-builder-workspace/.build/out/Intermediates.noindex/IPAPI.build/Debug-webassembly-wasm32/IPAPI-t.build/Objects-normal/wasm32/Modules/IPAPI.swiftdoc -emit-module-source-info-path /host/spi-builder-workspace/.build/out/Intermediates.noindex/IPAPI.build/Debug-webassembly-wasm32/IPAPI-t.build/Objects-normal/wasm32/Modules/IPAPI.swiftsourceinfo -emit-objc-header-path /host/spi-builder-workspace/.build/out/Intermediates.noindex/IPAPI.build/Debug-webassembly-wasm32/IPAPI-t.build/Objects-normal/wasm32/IPAPI-Swift.h -serialize-diagnostics-path /host/spi-builder-workspace/.build/out/Intermediates.noindex/IPAPI.build/Debug-webassembly-wasm32/IPAPI-t.build/Objects-normal/wasm32/IPAPI-primary-emit-module.dia -emit-dependencies-path /host/spi-builder-workspace/.build/out/Intermediates.noindex/IPAPI.build/Debug-webassembly-wasm32/IPAPI-t.build/Objects-normal/wasm32/IPAPI-primary-emit-module.d -parse-as-library -o /host/spi-builder-workspace/.build/out/Intermediates.noindex/IPAPI.build/Debug-webassembly-wasm32/IPAPI-t.build/Objects-normal/wasm32/Modules/IPAPI.swiftmodule
error: Build failed
BUILD FAILURE 6.4 wasm