Build Information
Failed to build StoreHelper, reference 2.7.1 (1c55f4), with Swift 6.4 for watchOS using Xcode 27.0 on 23 Sep 2026 08:10:05 UTC.
Build Command
env DEVELOPER_DIR=/Applications/Xcode-27.0.0-Release.Candidate.app xcrun xcodebuild -IDEClonedSourcePackagesDirPathOverride=$PWD/.dependencies -skipMacroValidation -skipPackagePluginValidation -derivedDataPath $PWD/.derivedData build -scheme StoreHelper -destination generic/platform=watchOSBuild Log
Ld /Users/admin/builder/spi-builder-workspace/.derivedData/Build/Intermediates.noindex/swift-collections.build/Debug-watchos/InternalCollectionsUtilities-t.build/Objects-normal/arm64_32/Binary/InternalCollectionsUtilities.o normal arm64_32 (in target 'InternalCollectionsUtilities' from project 'swift-collections')
cd /Users/admin/builder/spi-builder-workspace/.dependencies/checkouts/swift-collections
/Applications/Xcode-27.0.0-Release.Candidate.app/Contents/Developer/Toolchains/XcodeDefault.xctoolchain/usr/bin/clang -Xlinker -reproducible -target arm64_32-apple-watchos9.0 -r -isysroot /Applications/Xcode-27.0.0-Release.Candidate.app/Contents/Developer/Platforms/WatchOS.platform/Developer/SDKs/WatchOS27.0.sdk -O0 -w -Xlinker -no_warn_duplicate_libraries -F/Users/admin/builder/spi-builder-workspace/.derivedData/Build/Intermediates.noindex/EagerLinkingTBDs/Debug-watchos -F/Users/admin/builder/spi-builder-workspace/.derivedData/Build/Products/Debug-watchos -iframework /Applications/Xcode-27.0.0-Release.Candidate.app/Contents/Developer/Platforms/WatchOS.platform/Developer/Library/Frameworks -iframework /Applications/Xcode-27.0.0-Release.Candidate.app/Contents/Developer/Platforms/WatchOS.platform/Developer/SDKs/WatchOS27.0.sdk/Developer/Library/Frameworks -filelist /Users/admin/builder/spi-builder-workspace/.derivedData/Build/Intermediates.noindex/swift-collections.build/Debug-watchos/InternalCollectionsUtilities-t.build/Objects-normal/arm64_32/InternalCollectionsUtilities.LinkFileList -nostdlib -Xlinker -object_path_lto -Xlinker /Users/admin/builder/spi-builder-workspace/.derivedData/Build/Intermediates.noindex/swift-collections.build/Debug-watchos/InternalCollectionsUtilities-t.build/Objects-normal/arm64_32/InternalCollectionsUtilities_lto.o -Xlinker -no_deduplicate -Xlinker -dependency_info -Xlinker /Users/admin/builder/spi-builder-workspace/.derivedData/Build/Intermediates.noindex/swift-collections.build/Debug-watchos/InternalCollectionsUtilities-t.build/Objects-normal/arm64_32/InternalCollectionsUtilities_dependency_info.dat -fobjc-link-runtime -L/Applications/Xcode-27.0.0-Release.Candidate.app/Contents/Developer/Toolchains/XcodeDefault.xctoolchain/usr/lib/swift/watchos -L/usr/lib/swift -Xlinker -add_ast_path -Xlinker /Users/admin/builder/spi-builder-workspace/.derivedData/Build/Intermediates.noindex/swift-collections.build/Debug-watchos/InternalCollectionsUtilities-t.build/Objects-normal/arm64_32/InternalCollectionsUtilities.swiftmodule -o /Users/admin/builder/spi-builder-workspace/.derivedData/Build/Intermediates.noindex/swift-collections.build/Debug-watchos/InternalCollectionsUtilities-t.build/Objects-normal/arm64_32/Binary/InternalCollectionsUtilities.o
Ld /Users/admin/builder/spi-builder-workspace/.derivedData/Build/Intermediates.noindex/swift-collections.build/Debug-watchos/InternalCollectionsUtilities-t.build/Objects-normal/arm64/Binary/InternalCollectionsUtilities.o normal arm64 (in target 'InternalCollectionsUtilities' from project 'swift-collections')
cd /Users/admin/builder/spi-builder-workspace/.dependencies/checkouts/swift-collections
/Applications/Xcode-27.0.0-Release.Candidate.app/Contents/Developer/Toolchains/XcodeDefault.xctoolchain/usr/bin/clang -Xlinker -reproducible -target arm64-apple-watchos9.0 -r -isysroot /Applications/Xcode-27.0.0-Release.Candidate.app/Contents/Developer/Platforms/WatchOS.platform/Developer/SDKs/WatchOS27.0.sdk -O0 -w -Xlinker -no_warn_duplicate_libraries -F/Users/admin/builder/spi-builder-workspace/.derivedData/Build/Intermediates.noindex/EagerLinkingTBDs/Debug-watchos -F/Users/admin/builder/spi-builder-workspace/.derivedData/Build/Products/Debug-watchos -iframework /Applications/Xcode-27.0.0-Release.Candidate.app/Contents/Developer/Platforms/WatchOS.platform/Developer/Library/Frameworks -iframework /Applications/Xcode-27.0.0-Release.Candidate.app/Contents/Developer/Platforms/WatchOS.platform/Developer/SDKs/WatchOS27.0.sdk/Developer/Library/Frameworks -filelist /Users/admin/builder/spi-builder-workspace/.derivedData/Build/Intermediates.noindex/swift-collections.build/Debug-watchos/InternalCollectionsUtilities-t.build/Objects-normal/arm64/InternalCollectionsUtilities.LinkFileList -nostdlib -Xlinker -object_path_lto -Xlinker /Users/admin/builder/spi-builder-workspace/.derivedData/Build/Intermediates.noindex/swift-collections.build/Debug-watchos/InternalCollectionsUtilities-t.build/Objects-normal/arm64/InternalCollectionsUtilities_lto.o -Xlinker -no_deduplicate -Xlinker -dependency_info -Xlinker /Users/admin/builder/spi-builder-workspace/.derivedData/Build/Intermediates.noindex/swift-collections.build/Debug-watchos/InternalCollectionsUtilities-t.build/Objects-normal/arm64/InternalCollectionsUtilities_dependency_info.dat -fobjc-link-runtime -L/Applications/Xcode-27.0.0-Release.Candidate.app/Contents/Developer/Toolchains/XcodeDefault.xctoolchain/usr/lib/swift/watchos -L/usr/lib/swift -Xlinker -add_ast_path -Xlinker /Users/admin/builder/spi-builder-workspace/.derivedData/Build/Intermediates.noindex/swift-collections.build/Debug-watchos/InternalCollectionsUtilities-t.build/Objects-normal/arm64/InternalCollectionsUtilities.swiftmodule -o /Users/admin/builder/spi-builder-workspace/.derivedData/Build/Intermediates.noindex/swift-collections.build/Debug-watchos/InternalCollectionsUtilities-t.build/Objects-normal/arm64/Binary/InternalCollectionsUtilities.o
CreateUniversalBinary /Users/admin/builder/spi-builder-workspace/.derivedData/Build/Products/Debug-watchos/InternalCollectionsUtilities.o normal arm64\ arm64_32 (in target 'InternalCollectionsUtilities' from project 'swift-collections')
cd /Users/admin/builder/spi-builder-workspace/.dependencies/checkouts/swift-collections
/Applications/Xcode-27.0.0-Release.Candidate.app/Contents/Developer/Toolchains/XcodeDefault.xctoolchain/usr/bin/lipo -create /Users/admin/builder/spi-builder-workspace/.derivedData/Build/Intermediates.noindex/swift-collections.build/Debug-watchos/InternalCollectionsUtilities-t.build/Objects-normal/arm64/Binary/InternalCollectionsUtilities.o /Users/admin/builder/spi-builder-workspace/.derivedData/Build/Intermediates.noindex/swift-collections.build/Debug-watchos/InternalCollectionsUtilities-t.build/Objects-normal/arm64_32/Binary/InternalCollectionsUtilities.o -output /Users/admin/builder/spi-builder-workspace/.derivedData/Build/Products/Debug-watchos/InternalCollectionsUtilities.o
ExtractAppIntentsMetadata (in target 'InternalCollectionsUtilities' from project 'swift-collections')
cd /Users/admin/builder/spi-builder-workspace/.dependencies/checkouts/swift-collections
/Applications/Xcode-27.0.0-Release.Candidate.app/Contents/Developer/Toolchains/XcodeDefault.xctoolchain/usr/bin/appintentsmetadataprocessor --toolchain-dir /var/run/com.apple.security.cryptexd/mnt/com.apple.MobileAsset.MetalToolchain-v27.1.266.1.UW25bX/Metal.xctoolchain --module-name InternalCollectionsUtilities --sdk-root /Applications/Xcode-27.0.0-Release.Candidate.app/Contents/Developer/Platforms/WatchOS.platform/Developer/SDKs/WatchOS27.0.sdk --xcode-version 27A266a --platform-family watchOS --deployment-target 9.0 --bundle-identifier swift-collections.InternalCollectionsUtilities --output /Users/admin/builder/spi-builder-workspace/.derivedData/Build/Products/Debug-watchos/InternalCollectionsUtilities.appintents --target-triple arm64-apple-watchos9.0 --target-triple arm64_32-apple-watchos9.0 --binary-file /Users/admin/builder/spi-builder-workspace/.derivedData/Build/Products/Debug-watchos/InternalCollectionsUtilities.o --dependency-file /Users/admin/builder/spi-builder-workspace/.derivedData/Build/Intermediates.noindex/swift-collections.build/Debug-watchos/InternalCollectionsUtilities-t.build/Objects-normal/arm64/InternalCollectionsUtilities_dependency_info.dat --dependency-file /Users/admin/builder/spi-builder-workspace/.derivedData/Build/Intermediates.noindex/swift-collections.build/Debug-watchos/InternalCollectionsUtilities-t.build/Objects-normal/arm64_32/InternalCollectionsUtilities_dependency_info.dat --stringsdata-file /Users/admin/builder/spi-builder-workspace/.derivedData/Build/Intermediates.noindex/swift-collections.build/Debug-watchos/InternalCollectionsUtilities-t.build/Objects-normal/arm64/ExtractedAppShortcutsMetadata.stringsdata --stringsdata-file /Users/admin/builder/spi-builder-workspace/.derivedData/Build/Intermediates.noindex/swift-collections.build/Debug-watchos/InternalCollectionsUtilities-t.build/Objects-normal/arm64_32/ExtractedAppShortcutsMetadata.stringsdata --source-file-list /Users/admin/builder/spi-builder-workspace/.derivedData/Build/Intermediates.noindex/swift-collections.build/Debug-watchos/InternalCollectionsUtilities-t.build/Objects-normal/arm64/InternalCollectionsUtilities.SwiftFileList --source-file-list /Users/admin/builder/spi-builder-workspace/.derivedData/Build/Intermediates.noindex/swift-collections.build/Debug-watchos/InternalCollectionsUtilities-t.build/Objects-normal/arm64_32/InternalCollectionsUtilities.SwiftFileList --metadata-file-list /Users/admin/builder/spi-builder-workspace/.derivedData/Build/Intermediates.noindex/swift-collections.build/Debug-watchos/InternalCollectionsUtilities-t.build/InternalCollectionsUtilities.DependencyMetadataFileList --static-metadata-file-list /Users/admin/builder/spi-builder-workspace/.derivedData/Build/Intermediates.noindex/swift-collections.build/Debug-watchos/InternalCollectionsUtilities-t.build/InternalCollectionsUtilities.DependencyStaticMetadataFileList --swift-const-vals-list /Users/admin/builder/spi-builder-workspace/.derivedData/Build/Intermediates.noindex/swift-collections.build/Debug-watchos/InternalCollectionsUtilities-t.build/Objects-normal/arm64/InternalCollectionsUtilities.SwiftConstValuesFileList --swift-const-vals-list /Users/admin/builder/spi-builder-workspace/.derivedData/Build/Intermediates.noindex/swift-collections.build/Debug-watchos/InternalCollectionsUtilities-t.build/Objects-normal/arm64_32/InternalCollectionsUtilities.SwiftConstValuesFileList --force --compile-time-extraction --deployment-aware-processing --no-app-shortcuts-localization
2026-09-23 04:08:59.297 appintentsmetadataprocessor[1155:7337] Starting appintentsmetadataprocessor export
2026-09-23 04:08:59.397 appintentsmetadataprocessor[1155:7337] Extracted no relevant App Intents symbols, skipping writing output
SwiftDriverJobDiscovery normal arm64_32 Compiling OrderedSet+Initializers.swift, OrderedSet+Insertions.swift, OrderedSet+Invariants.swift, OrderedSet+Move.swift, OrderedSet+Partial MutableCollection.swift, OrderedSet+Partial RangeReplaceableCollection.swift (in target 'OrderedCollections' from project 'swift-collections')
SwiftDriverJobDiscovery normal arm64_32 Compiling OrderedDictionary+Partial RangeReplaceableCollection.swift, OrderedDictionary+Sendable.swift, OrderedDictionary+Sequence.swift, OrderedDictionary+Values.swift, OrderedDictionary.swift, OrderedSet+Codable.swift (in target 'OrderedCollections' from project 'swift-collections')
SwiftDriverJobDiscovery normal arm64 Compiling _Hashtable+Header.swift, OrderedDictionary+Codable.swift, OrderedDictionary+CustomReflectable.swift, OrderedDictionary+Deprecations.swift, OrderedDictionary+Descriptions.swift, OrderedDictionary+Elements.SubSequence.swift, OrderedDictionary+Elements.swift (in target 'OrderedCollections' from project 'swift-collections')
SwiftDriverJobDiscovery normal arm64_32 Emitting module for OrderedCollections (in target 'OrderedCollections' from project 'swift-collections')
SwiftDriver\ Compilation\ Requirements OrderedCollections normal arm64_32 com.apple.xcode.tools.swift.compiler (in target 'OrderedCollections' from project 'swift-collections')
cd /Users/admin/builder/spi-builder-workspace/.swiftpm/xcode
builtin-Swift-Compilation-Requirements -- /Applications/Xcode-27.0.0-Release.Candidate.app/Contents/Developer/Toolchains/XcodeDefault.xctoolchain/usr/bin/swiftc -parse-as-library -module-name OrderedCollections -Onone @/Users/admin/builder/spi-builder-workspace/.derivedData/Build/Intermediates.noindex/swift-collections.build/Debug-watchos/OrderedCollections-t.build/Objects-normal/arm64_32/OrderedCollections.SwiftFileList -DSWIFT_PACKAGE -DDEBUG -DSWIFT_MODULE_RESOURCE_BUNDLE_UNAVAILABLE -DCOLLECTIONS_RANDOMIZED_TESTING -DXcode -enable-experimental-feature AvailabilityMacro\=SwiftStdlib\ 5.0:\ macOS\ 10.14.4,\ iOS\ 12.2,\ watchOS\ 5.2,\ tvOS\ 12.2 -enable-experimental-feature AvailabilityMacro\=SwiftStdlib\ 5.1:\ macOS\ 10.15,\ iOS\ 13.0,\ watchOS\ 6.0,\ tvOS\ 13.0 -enable-experimental-feature AvailabilityMacro\=SwiftStdlib\ 5.6:\ macOS\ 12.3,\ iOS\ 15.4,\ watchOS\ 8.5,\ tvOS\ 15.4 -enable-experimental-feature AvailabilityMacro\=SwiftStdlib\ 5.7:\ macOS\ 13.0,\ iOS\ 16.0,\ watchOS\ 9.0,\ tvOS\ 16.0 -enable-experimental-feature AvailabilityMacro\=SwiftStdlib\ 5.8:\ macOS\ 13.3,\ iOS\ 16.4,\ watchOS\ 9.4,\ tvOS\ 16.4 -enable-experimental-feature AvailabilityMacro\=SwiftStdlib\ 5.9:\ macOS\ 14.0,\ iOS\ 17.0,\ watchOS\ 10.0,\ tvOS\ 17.0 -enable-experimental-feature AvailabilityMacro\=SwiftStdlib\ 5.10:\ macOS\ 14.4,\ iOS\ 17.4,\ watchOS\ 10.4,\ tvOS\ 17.4,\ visionOS\ 1.1 -enable-experimental-feature AvailabilityMacro\=SwiftStdlib\ 6.0:\ macOS\ 15.0,\ iOS\ 18.0,\ watchOS\ 11.0,\ tvOS\ 18.0,\ visionOS\ 2.0 -enable-experimental-feature AvailabilityMacro\=SwiftStdlib\ 6.1:\ macOS\ 15.4,\ iOS\ 18.4,\ watchOS\ 11.4,\ tvOS\ 18.4,\ visionOS\ 2.4 -enable-experimental-feature AvailabilityMacro\=SwiftStdlib\ 6.2:\ macOS\ 26.0,\ iOS\ 26.0,\ watchOS\ 26.0,\ tvOS\ 26.0,\ visionOS\ 26.0 -enable-experimental-feature AvailabilityMacro\=SwiftStdlib\ 6.3:\ macOS\ 26.4,\ iOS\ 26.4,\ watchOS\ 26.4,\ tvOS\ 26.4,\ visionOS\ 26.4 -enable-experimental-feature AvailabilityMacro\=SwiftStdlib\ 6.4:\ macOS\ 27.0,\ iOS\ 27.0,\ watchOS\ 27.0,\ tvOS\ 27.0,\ visionOS\ 27.0 -enable-experimental-feature AvailabilityMacro\=SwiftStdlib\ 6.5:\ macOS\ 9999,\ iOS\ 9999,\ watchOS\ 9999,\ tvOS\ 9999,\ visionOS\ 9999 -enable-upcoming-feature MemberImportVisibility -enable-experimental-feature BuiltinModule -enable-experimental-feature Lifetimes -enable-experimental-feature InoutLifetimeDependence -enable-experimental-feature AddressableParameters -enable-experimental-feature AddressableTypes -enable-experimental-feature SuppressedAssociatedTypesWithDefaults -enable-experimental-feature BorrowingSequence -plugin-path /Applications/Xcode-27.0.0-Release.Candidate.app/Contents/Developer/Toolchains/XcodeDefault.xctoolchain/usr/lib/swift/host/plugins/testing -enable-experimental-feature DebugDescriptionMacro -sdk /Applications/Xcode-27.0.0-Release.Candidate.app/Contents/Developer/Platforms/WatchOS.platform/Developer/SDKs/WatchOS27.0.sdk -target arm64_32-apple-watchos9.0 -g -module-cache-path /Users/admin/builder/spi-builder-workspace/.derivedData/ModuleCache.noindex -Xfrontend -serialize-debugging-options -enable-testing -suppress-warnings -index-store-path /Users/admin/builder/spi-builder-workspace/.derivedData/Index.noindex/DataStore -Xcc -D_LIBCPP_HARDENING_MODE\=_LIBCPP_HARDENING_MODE_DEBUG -swift-version 6 -I /Users/admin/builder/spi-builder-workspace/.derivedData/Build/Products/Debug-watchos -Isystem /Applications/Xcode-27.0.0-Release.Candidate.app/Contents/Developer/Platforms/WatchOS.platform/Developer/usr/lib -F /Users/admin/builder/spi-builder-workspace/.derivedData/Build/Products/Debug-watchos/PackageFrameworks -F /Users/admin/builder/spi-builder-workspace/.derivedData/Build/Products/Debug-watchos -F /Applications/Xcode-27.0.0-Release.Candidate.app/Contents/Developer/Platforms/WatchOS.platform/Developer/Library/Frameworks -F /Applications/Xcode-27.0.0-Release.Candidate.app/Contents/Developer/Platforms/WatchOS.platform/Developer/SDKs/WatchOS27.0.sdk/Developer/Library/Frameworks -c -j10 -enable-batch-mode -incremental -Xcc -ivfsstatcache -Xcc /Users/admin/builder/spi-builder-workspace/.derivedData/SDKStatCaches.noindex/watchos27.0-24R360-e829b21a6f8c9b70876ba0858053c04477534ef55a1706bf4c1112bbb242f0a2.sdkstatcache -output-file-map /Users/admin/builder/spi-builder-workspace/.derivedData/Build/Intermediates.noindex/swift-collections.build/Debug-watchos/OrderedCollections-t.build/Objects-normal/arm64_32/OrderedCollections-OutputFileMap.json -save-temps -no-color-diagnostics -explicit-module-build -module-cache-path /Users/admin/builder/spi-builder-workspace/.derivedData/Build/Intermediates.noindex/SwiftExplicitPrecompiledModules -clang-scanner-module-cache-path /Users/admin/builder/spi-builder-workspace/.derivedData/ModuleCache.noindex -sdk-module-cache-path /Users/admin/builder/spi-builder-workspace/.derivedData/SDKExplicitPrecompiledModules -emit-dependencies -emit-module -emit-module-path /Users/admin/builder/spi-builder-workspace/.derivedData/Build/Intermediates.noindex/swift-collections.build/Debug-watchos/OrderedCollections-t.build/Objects-normal/arm64_32/OrderedCollections.swiftmodule -serialize-diagnostics -dependency-scan-serialize-diagnostics-path /Users/admin/builder/spi-builder-workspace/.derivedData/Build/Intermediates.noindex/swift-collections.build/Debug-watchos/OrderedCollections-t.build/Objects-normal/arm64_32/OrderedCollections-dependency-scan.dia -user-module-version 1.7.0 -validate-clang-modules-once -clang-build-session-file /Users/admin/builder/spi-builder-workspace/.derivedData/ModuleCache.noindex/Session.modulevalidation -Xcc -fmodules-prune-interval\=86400 -Xcc -fmodules-prune-after\=345600 -package-name swift_collections -emit-const-values -const-gather-protocols-list /Users/admin/builder/spi-builder-workspace/.derivedData/Build/Intermediates.noindex/swift-collections.build/Debug-watchos/OrderedCollections-t.build/Objects-normal/arm64_32/OrderedCollections_const_extract_protocols.json -Xcc -I/Users/admin/builder/spi-builder-workspace/.derivedData/Build/Products/Debug-watchos/include -Xcc -I/Users/admin/builder/spi-builder-workspace/.derivedData/Build/Intermediates.noindex/swift-collections.build/Debug-watchos/OrderedCollections-t.build/DerivedSources-normal/arm64_32 -Xcc -I/Users/admin/builder/spi-builder-workspace/.derivedData/Build/Intermediates.noindex/swift-collections.build/Debug-watchos/OrderedCollections-t.build/DerivedSources/arm64_32 -Xcc -I/Users/admin/builder/spi-builder-workspace/.derivedData/Build/Intermediates.noindex/swift-collections.build/Debug-watchos/OrderedCollections-t.build/DerivedSources -Xcc -DSWIFT_PACKAGE -Xcc -DDEBUG\=1 -emit-objc-header -emit-objc-header-path /Users/admin/builder/spi-builder-workspace/.derivedData/Build/Intermediates.noindex/swift-collections.build/Debug-watchos/OrderedCollections-t.build/Objects-normal/arm64_32/OrderedCollections-Swift.h -working-directory /Users/admin/builder/spi-builder-workspace/.swiftpm/xcode -experimental-emit-module-separately -disable-cmo
Copy /Users/admin/builder/spi-builder-workspace/.derivedData/Build/Products/Debug-watchos/OrderedCollections.swiftmodule/arm64_32-apple-watchos.swiftmodule /Users/admin/builder/spi-builder-workspace/.derivedData/Build/Intermediates.noindex/swift-collections.build/Debug-watchos/OrderedCollections-t.build/Objects-normal/arm64_32/OrderedCollections.swiftmodule (in target 'OrderedCollections' from project 'swift-collections')
cd /Users/admin/builder/spi-builder-workspace/.dependencies/checkouts/swift-collections
builtin-copy -exclude .DS_Store -exclude CVS -exclude .svn -exclude .git -exclude .hg -resolve-src-symlinks -rename /Users/admin/builder/spi-builder-workspace/.derivedData/Build/Intermediates.noindex/swift-collections.build/Debug-watchos/OrderedCollections-t.build/Objects-normal/arm64_32/OrderedCollections.swiftmodule /Users/admin/builder/spi-builder-workspace/.derivedData/Build/Products/Debug-watchos/OrderedCollections.swiftmodule/arm64_32-apple-watchos.swiftmodule
Copy /Users/admin/builder/spi-builder-workspace/.derivedData/Build/Products/Debug-watchos/OrderedCollections.swiftmodule/arm64_32-apple-watchos.abi.json /Users/admin/builder/spi-builder-workspace/.derivedData/Build/Intermediates.noindex/swift-collections.build/Debug-watchos/OrderedCollections-t.build/Objects-normal/arm64_32/OrderedCollections.abi.json (in target 'OrderedCollections' from project 'swift-collections')
cd /Users/admin/builder/spi-builder-workspace/.dependencies/checkouts/swift-collections
builtin-copy -exclude .DS_Store -exclude CVS -exclude .svn -exclude .git -exclude .hg -resolve-src-symlinks -rename /Users/admin/builder/spi-builder-workspace/.derivedData/Build/Intermediates.noindex/swift-collections.build/Debug-watchos/OrderedCollections-t.build/Objects-normal/arm64_32/OrderedCollections.abi.json /Users/admin/builder/spi-builder-workspace/.derivedData/Build/Products/Debug-watchos/OrderedCollections.swiftmodule/arm64_32-apple-watchos.abi.json
Copy /Users/admin/builder/spi-builder-workspace/.derivedData/Build/Products/Debug-watchos/OrderedCollections.swiftmodule/arm64_32-apple-watchos.swiftdoc /Users/admin/builder/spi-builder-workspace/.derivedData/Build/Intermediates.noindex/swift-collections.build/Debug-watchos/OrderedCollections-t.build/Objects-normal/arm64_32/OrderedCollections.swiftdoc (in target 'OrderedCollections' from project 'swift-collections')
cd /Users/admin/builder/spi-builder-workspace/.dependencies/checkouts/swift-collections
builtin-copy -exclude .DS_Store -exclude CVS -exclude .svn -exclude .git -exclude .hg -resolve-src-symlinks -rename /Users/admin/builder/spi-builder-workspace/.derivedData/Build/Intermediates.noindex/swift-collections.build/Debug-watchos/OrderedCollections-t.build/Objects-normal/arm64_32/OrderedCollections.swiftdoc /Users/admin/builder/spi-builder-workspace/.derivedData/Build/Products/Debug-watchos/OrderedCollections.swiftmodule/arm64_32-apple-watchos.swiftdoc
Copy /Users/admin/builder/spi-builder-workspace/.derivedData/Build/Products/Debug-watchos/OrderedCollections.swiftmodule/Project/arm64_32-apple-watchos.swiftsourceinfo /Users/admin/builder/spi-builder-workspace/.derivedData/Build/Intermediates.noindex/swift-collections.build/Debug-watchos/OrderedCollections-t.build/Objects-normal/arm64_32/OrderedCollections.swiftsourceinfo (in target 'OrderedCollections' from project 'swift-collections')
cd /Users/admin/builder/spi-builder-workspace/.dependencies/checkouts/swift-collections
builtin-copy -exclude .DS_Store -exclude CVS -exclude .svn -exclude .git -exclude .hg -resolve-src-symlinks -rename /Users/admin/builder/spi-builder-workspace/.derivedData/Build/Intermediates.noindex/swift-collections.build/Debug-watchos/OrderedCollections-t.build/Objects-normal/arm64_32/OrderedCollections.swiftsourceinfo /Users/admin/builder/spi-builder-workspace/.derivedData/Build/Products/Debug-watchos/OrderedCollections.swiftmodule/Project/arm64_32-apple-watchos.swiftsourceinfo
SwiftDriverJobDiscovery normal arm64_32 Compiling OrderedSet+SubSequence.swift, OrderedSet+Testing.swift, OrderedSet+UnorderedView.swift, OrderedSet+UnstableInternals.swift, OrderedSet.swift, _UnsafeBitset.swift (in target 'OrderedCollections' from project 'swift-collections')
SwiftDriverJobDiscovery normal arm64 Emitting module for OrderedCollections (in target 'OrderedCollections' from project 'swift-collections')
SwiftDriver\ Compilation\ Requirements OrderedCollections normal arm64 com.apple.xcode.tools.swift.compiler (in target 'OrderedCollections' from project 'swift-collections')
cd /Users/admin/builder/spi-builder-workspace/.swiftpm/xcode
builtin-Swift-Compilation-Requirements -- /Applications/Xcode-27.0.0-Release.Candidate.app/Contents/Developer/Toolchains/XcodeDefault.xctoolchain/usr/bin/swiftc -parse-as-library -module-name OrderedCollections -Onone @/Users/admin/builder/spi-builder-workspace/.derivedData/Build/Intermediates.noindex/swift-collections.build/Debug-watchos/OrderedCollections-t.build/Objects-normal/arm64/OrderedCollections.SwiftFileList -DSWIFT_PACKAGE -DDEBUG -DSWIFT_MODULE_RESOURCE_BUNDLE_UNAVAILABLE -DCOLLECTIONS_RANDOMIZED_TESTING -DXcode -enable-experimental-feature AvailabilityMacro\=SwiftStdlib\ 5.0:\ macOS\ 10.14.4,\ iOS\ 12.2,\ watchOS\ 5.2,\ tvOS\ 12.2 -enable-experimental-feature AvailabilityMacro\=SwiftStdlib\ 5.1:\ macOS\ 10.15,\ iOS\ 13.0,\ watchOS\ 6.0,\ tvOS\ 13.0 -enable-experimental-feature AvailabilityMacro\=SwiftStdlib\ 5.6:\ macOS\ 12.3,\ iOS\ 15.4,\ watchOS\ 8.5,\ tvOS\ 15.4 -enable-experimental-feature AvailabilityMacro\=SwiftStdlib\ 5.7:\ macOS\ 13.0,\ iOS\ 16.0,\ watchOS\ 9.0,\ tvOS\ 16.0 -enable-experimental-feature AvailabilityMacro\=SwiftStdlib\ 5.8:\ macOS\ 13.3,\ iOS\ 16.4,\ watchOS\ 9.4,\ tvOS\ 16.4 -enable-experimental-feature AvailabilityMacro\=SwiftStdlib\ 5.9:\ macOS\ 14.0,\ iOS\ 17.0,\ watchOS\ 10.0,\ tvOS\ 17.0 -enable-experimental-feature AvailabilityMacro\=SwiftStdlib\ 5.10:\ macOS\ 14.4,\ iOS\ 17.4,\ watchOS\ 10.4,\ tvOS\ 17.4,\ visionOS\ 1.1 -enable-experimental-feature AvailabilityMacro\=SwiftStdlib\ 6.0:\ macOS\ 15.0,\ iOS\ 18.0,\ watchOS\ 11.0,\ tvOS\ 18.0,\ visionOS\ 2.0 -enable-experimental-feature AvailabilityMacro\=SwiftStdlib\ 6.1:\ macOS\ 15.4,\ iOS\ 18.4,\ watchOS\ 11.4,\ tvOS\ 18.4,\ visionOS\ 2.4 -enable-experimental-feature AvailabilityMacro\=SwiftStdlib\ 6.2:\ macOS\ 26.0,\ iOS\ 26.0,\ watchOS\ 26.0,\ tvOS\ 26.0,\ visionOS\ 26.0 -enable-experimental-feature AvailabilityMacro\=SwiftStdlib\ 6.3:\ macOS\ 26.4,\ iOS\ 26.4,\ watchOS\ 26.4,\ tvOS\ 26.4,\ visionOS\ 26.4 -enable-experimental-feature AvailabilityMacro\=SwiftStdlib\ 6.4:\ macOS\ 27.0,\ iOS\ 27.0,\ watchOS\ 27.0,\ tvOS\ 27.0,\ visionOS\ 27.0 -enable-experimental-feature AvailabilityMacro\=SwiftStdlib\ 6.5:\ macOS\ 9999,\ iOS\ 9999,\ watchOS\ 9999,\ tvOS\ 9999,\ visionOS\ 9999 -enable-upcoming-feature MemberImportVisibility -enable-experimental-feature BuiltinModule -enable-experimental-feature Lifetimes -enable-experimental-feature InoutLifetimeDependence -enable-experimental-feature AddressableParameters -enable-experimental-feature AddressableTypes -enable-experimental-feature SuppressedAssociatedTypesWithDefaults -enable-experimental-feature BorrowingSequence -plugin-path /Applications/Xcode-27.0.0-Release.Candidate.app/Contents/Developer/Toolchains/XcodeDefault.xctoolchain/usr/lib/swift/host/plugins/testing -enable-experimental-feature DebugDescriptionMacro -sdk /Applications/Xcode-27.0.0-Release.Candidate.app/Contents/Developer/Platforms/WatchOS.platform/Developer/SDKs/WatchOS27.0.sdk -target arm64-apple-watchos9.0 -g -module-cache-path /Users/admin/builder/spi-builder-workspace/.derivedData/ModuleCache.noindex -Xfrontend -serialize-debugging-options -enable-testing -suppress-warnings -index-store-path /Users/admin/builder/spi-builder-workspace/.derivedData/Index.noindex/DataStore -Xcc -D_LIBCPP_HARDENING_MODE\=_LIBCPP_HARDENING_MODE_DEBUG -swift-version 6 -I /Users/admin/builder/spi-builder-workspace/.derivedData/Build/Products/Debug-watchos -Isystem /Applications/Xcode-27.0.0-Release.Candidate.app/Contents/Developer/Platforms/WatchOS.platform/Developer/usr/lib -F /Users/admin/builder/spi-builder-workspace/.derivedData/Build/Products/Debug-watchos/PackageFrameworks -F /Users/admin/builder/spi-builder-workspace/.derivedData/Build/Products/Debug-watchos -F /Applications/Xcode-27.0.0-Release.Candidate.app/Contents/Developer/Platforms/WatchOS.platform/Developer/Library/Frameworks -F /Applications/Xcode-27.0.0-Release.Candidate.app/Contents/Developer/Platforms/WatchOS.platform/Developer/SDKs/WatchOS27.0.sdk/Developer/Library/Frameworks -c -j10 -enable-batch-mode -incremental -Xcc -ivfsstatcache -Xcc /Users/admin/builder/spi-builder-workspace/.derivedData/SDKStatCaches.noindex/watchos27.0-24R360-e829b21a6f8c9b70876ba0858053c04477534ef55a1706bf4c1112bbb242f0a2.sdkstatcache -output-file-map /Users/admin/builder/spi-builder-workspace/.derivedData/Build/Intermediates.noindex/swift-collections.build/Debug-watchos/OrderedCollections-t.build/Objects-normal/arm64/OrderedCollections-OutputFileMap.json -save-temps -no-color-diagnostics -explicit-module-build -module-cache-path /Users/admin/builder/spi-builder-workspace/.derivedData/Build/Intermediates.noindex/SwiftExplicitPrecompiledModules -clang-scanner-module-cache-path /Users/admin/builder/spi-builder-workspace/.derivedData/ModuleCache.noindex -sdk-module-cache-path /Users/admin/builder/spi-builder-workspace/.derivedData/SDKExplicitPrecompiledModules -emit-dependencies -emit-module -emit-module-path /Users/admin/builder/spi-builder-workspace/.derivedData/Build/Intermediates.noindex/swift-collections.build/Debug-watchos/OrderedCollections-t.build/Objects-normal/arm64/OrderedCollections.swiftmodule -serialize-diagnostics -dependency-scan-serialize-diagnostics-path /Users/admin/builder/spi-builder-workspace/.derivedData/Build/Intermediates.noindex/swift-collections.build/Debug-watchos/OrderedCollections-t.build/Objects-normal/arm64/OrderedCollections-dependency-scan.dia -user-module-version 1.7.0 -validate-clang-modules-once -clang-build-session-file /Users/admin/builder/spi-builder-workspace/.derivedData/ModuleCache.noindex/Session.modulevalidation -Xcc -fmodules-prune-interval\=86400 -Xcc -fmodules-prune-after\=345600 -package-name swift_collections -emit-const-values -const-gather-protocols-list /Users/admin/builder/spi-builder-workspace/.derivedData/Build/Intermediates.noindex/swift-collections.build/Debug-watchos/OrderedCollections-t.build/Objects-normal/arm64/OrderedCollections_const_extract_protocols.json -Xcc -I/Users/admin/builder/spi-builder-workspace/.derivedData/Build/Products/Debug-watchos/include -Xcc -I/Users/admin/builder/spi-builder-workspace/.derivedData/Build/Intermediates.noindex/swift-collections.build/Debug-watchos/OrderedCollections-t.build/DerivedSources-normal/arm64 -Xcc -I/Users/admin/builder/spi-builder-workspace/.derivedData/Build/Intermediates.noindex/swift-collections.build/Debug-watchos/OrderedCollections-t.build/DerivedSources/arm64 -Xcc -I/Users/admin/builder/spi-builder-workspace/.derivedData/Build/Intermediates.noindex/swift-collections.build/Debug-watchos/OrderedCollections-t.build/DerivedSources -Xcc -DSWIFT_PACKAGE -Xcc -DDEBUG\=1 -emit-objc-header -emit-objc-header-path /Users/admin/builder/spi-builder-workspace/.derivedData/Build/Intermediates.noindex/swift-collections.build/Debug-watchos/OrderedCollections-t.build/Objects-normal/arm64/OrderedCollections-Swift.h -working-directory /Users/admin/builder/spi-builder-workspace/.swiftpm/xcode -experimental-emit-module-separately -disable-cmo
SwiftDriver\ Compilation OrderedCollections normal arm64_32 com.apple.xcode.tools.swift.compiler (in target 'OrderedCollections' from project 'swift-collections')
cd /Users/admin/builder/spi-builder-workspace/.swiftpm/xcode
builtin-Swift-Compilation -- /Applications/Xcode-27.0.0-Release.Candidate.app/Contents/Developer/Toolchains/XcodeDefault.xctoolchain/usr/bin/swiftc -parse-as-library -module-name OrderedCollections -Onone @/Users/admin/builder/spi-builder-workspace/.derivedData/Build/Intermediates.noindex/swift-collections.build/Debug-watchos/OrderedCollections-t.build/Objects-normal/arm64_32/OrderedCollections.SwiftFileList -DSWIFT_PACKAGE -DDEBUG -DSWIFT_MODULE_RESOURCE_BUNDLE_UNAVAILABLE -DCOLLECTIONS_RANDOMIZED_TESTING -DXcode -enable-experimental-feature AvailabilityMacro\=SwiftStdlib\ 5.0:\ macOS\ 10.14.4,\ iOS\ 12.2,\ watchOS\ 5.2,\ tvOS\ 12.2 -enable-experimental-feature AvailabilityMacro\=SwiftStdlib\ 5.1:\ macOS\ 10.15,\ iOS\ 13.0,\ watchOS\ 6.0,\ tvOS\ 13.0 -enable-experimental-feature AvailabilityMacro\=SwiftStdlib\ 5.6:\ macOS\ 12.3,\ iOS\ 15.4,\ watchOS\ 8.5,\ tvOS\ 15.4 -enable-experimental-feature AvailabilityMacro\=SwiftStdlib\ 5.7:\ macOS\ 13.0,\ iOS\ 16.0,\ watchOS\ 9.0,\ tvOS\ 16.0 -enable-experimental-feature AvailabilityMacro\=SwiftStdlib\ 5.8:\ macOS\ 13.3,\ iOS\ 16.4,\ watchOS\ 9.4,\ tvOS\ 16.4 -enable-experimental-feature AvailabilityMacro\=SwiftStdlib\ 5.9:\ macOS\ 14.0,\ iOS\ 17.0,\ watchOS\ 10.0,\ tvOS\ 17.0 -enable-experimental-feature AvailabilityMacro\=SwiftStdlib\ 5.10:\ macOS\ 14.4,\ iOS\ 17.4,\ watchOS\ 10.4,\ tvOS\ 17.4,\ visionOS\ 1.1 -enable-experimental-feature AvailabilityMacro\=SwiftStdlib\ 6.0:\ macOS\ 15.0,\ iOS\ 18.0,\ watchOS\ 11.0,\ tvOS\ 18.0,\ visionOS\ 2.0 -enable-experimental-feature AvailabilityMacro\=SwiftStdlib\ 6.1:\ macOS\ 15.4,\ iOS\ 18.4,\ watchOS\ 11.4,\ tvOS\ 18.4,\ visionOS\ 2.4 -enable-experimental-feature AvailabilityMacro\=SwiftStdlib\ 6.2:\ macOS\ 26.0,\ iOS\ 26.0,\ watchOS\ 26.0,\ tvOS\ 26.0,\ visionOS\ 26.0 -enable-experimental-feature AvailabilityMacro\=SwiftStdlib\ 6.3:\ macOS\ 26.4,\ iOS\ 26.4,\ watchOS\ 26.4,\ tvOS\ 26.4,\ visionOS\ 26.4 -enable-experimental-feature AvailabilityMacro\=SwiftStdlib\ 6.4:\ macOS\ 27.0,\ iOS\ 27.0,\ watchOS\ 27.0,\ tvOS\ 27.0,\ visionOS\ 27.0 -enable-experimental-feature AvailabilityMacro\=SwiftStdlib\ 6.5:\ macOS\ 9999,\ iOS\ 9999,\ watchOS\ 9999,\ tvOS\ 9999,\ visionOS\ 9999 -enable-upcoming-feature MemberImportVisibility -enable-experimental-feature BuiltinModule -enable-experimental-feature Lifetimes -enable-experimental-feature InoutLifetimeDependence -enable-experimental-feature AddressableParameters -enable-experimental-feature AddressableTypes -enable-experimental-feature SuppressedAssociatedTypesWithDefaults -enable-experimental-feature BorrowingSequence -plugin-path /Applications/Xcode-27.0.0-Release.Candidate.app/Contents/Developer/Toolchains/XcodeDefault.xctoolchain/usr/lib/swift/host/plugins/testing -enable-experimental-feature DebugDescriptionMacro -sdk /Applications/Xcode-27.0.0-Release.Candidate.app/Contents/Developer/Platforms/WatchOS.platform/Developer/SDKs/WatchOS27.0.sdk -target arm64_32-apple-watchos9.0 -g -module-cache-path /Users/admin/builder/spi-builder-workspace/.derivedData/ModuleCache.noindex -Xfrontend -serialize-debugging-options -enable-testing -suppress-warnings -index-store-path /Users/admin/builder/spi-builder-workspace/.derivedData/Index.noindex/DataStore -Xcc -D_LIBCPP_HARDENING_MODE\=_LIBCPP_HARDENING_MODE_DEBUG -swift-version 6 -I /Users/admin/builder/spi-builder-workspace/.derivedData/Build/Products/Debug-watchos -Isystem /Applications/Xcode-27.0.0-Release.Candidate.app/Contents/Developer/Platforms/WatchOS.platform/Developer/usr/lib -F /Users/admin/builder/spi-builder-workspace/.derivedData/Build/Products/Debug-watchos/PackageFrameworks -F /Users/admin/builder/spi-builder-workspace/.derivedData/Build/Products/Debug-watchos -F /Applications/Xcode-27.0.0-Release.Candidate.app/Contents/Developer/Platforms/WatchOS.platform/Developer/Library/Frameworks -F /Applications/Xcode-27.0.0-Release.Candidate.app/Contents/Developer/Platforms/WatchOS.platform/Developer/SDKs/WatchOS27.0.sdk/Developer/Library/Frameworks -c -j10 -enable-batch-mode -incremental -Xcc -ivfsstatcache -Xcc /Users/admin/builder/spi-builder-workspace/.derivedData/SDKStatCaches.noindex/watchos27.0-24R360-e829b21a6f8c9b70876ba0858053c04477534ef55a1706bf4c1112bbb242f0a2.sdkstatcache -output-file-map /Users/admin/builder/spi-builder-workspace/.derivedData/Build/Intermediates.noindex/swift-collections.build/Debug-watchos/OrderedCollections-t.build/Objects-normal/arm64_32/OrderedCollections-OutputFileMap.json -save-temps -no-color-diagnostics -explicit-module-build -module-cache-path /Users/admin/builder/spi-builder-workspace/.derivedData/Build/Intermediates.noindex/SwiftExplicitPrecompiledModules -clang-scanner-module-cache-path /Users/admin/builder/spi-builder-workspace/.derivedData/ModuleCache.noindex -sdk-module-cache-path /Users/admin/builder/spi-builder-workspace/.derivedData/SDKExplicitPrecompiledModules -emit-dependencies -emit-module -emit-module-path /Users/admin/builder/spi-builder-workspace/.derivedData/Build/Intermediates.noindex/swift-collections.build/Debug-watchos/OrderedCollections-t.build/Objects-normal/arm64_32/OrderedCollections.swiftmodule -serialize-diagnostics -dependency-scan-serialize-diagnostics-path /Users/admin/builder/spi-builder-workspace/.derivedData/Build/Intermediates.noindex/swift-collections.build/Debug-watchos/OrderedCollections-t.build/Objects-normal/arm64_32/OrderedCollections-dependency-scan.dia -user-module-version 1.7.0 -validate-clang-modules-once -clang-build-session-file /Users/admin/builder/spi-builder-workspace/.derivedData/ModuleCache.noindex/Session.modulevalidation -Xcc -fmodules-prune-interval\=86400 -Xcc -fmodules-prune-after\=345600 -package-name swift_collections -emit-const-values -const-gather-protocols-list /Users/admin/builder/spi-builder-workspace/.derivedData/Build/Intermediates.noindex/swift-collections.build/Debug-watchos/OrderedCollections-t.build/Objects-normal/arm64_32/OrderedCollections_const_extract_protocols.json -Xcc -I/Users/admin/builder/spi-builder-workspace/.derivedData/Build/Products/Debug-watchos/include -Xcc -I/Users/admin/builder/spi-builder-workspace/.derivedData/Build/Intermediates.noindex/swift-collections.build/Debug-watchos/OrderedCollections-t.build/DerivedSources-normal/arm64_32 -Xcc -I/Users/admin/builder/spi-builder-workspace/.derivedData/Build/Intermediates.noindex/swift-collections.build/Debug-watchos/OrderedCollections-t.build/DerivedSources/arm64_32 -Xcc -I/Users/admin/builder/spi-builder-workspace/.derivedData/Build/Intermediates.noindex/swift-collections.build/Debug-watchos/OrderedCollections-t.build/DerivedSources -Xcc -DSWIFT_PACKAGE -Xcc -DDEBUG\=1 -emit-objc-header -emit-objc-header-path /Users/admin/builder/spi-builder-workspace/.derivedData/Build/Intermediates.noindex/swift-collections.build/Debug-watchos/OrderedCollections-t.build/Objects-normal/arm64_32/OrderedCollections-Swift.h -working-directory /Users/admin/builder/spi-builder-workspace/.swiftpm/xcode -experimental-emit-module-separately -disable-cmo
SwiftMergeGeneratedHeaders /Users/admin/builder/spi-builder-workspace/.derivedData/Build/Intermediates.noindex/GeneratedModuleMaps-watchos/OrderedCollections-Swift.h /Users/admin/builder/spi-builder-workspace/.derivedData/Build/Intermediates.noindex/swift-collections.build/Debug-watchos/OrderedCollections-t.build/Objects-normal/arm64/OrderedCollections-Swift.h /Users/admin/builder/spi-builder-workspace/.derivedData/Build/Intermediates.noindex/swift-collections.build/Debug-watchos/OrderedCollections-t.build/Objects-normal/arm64_32/OrderedCollections-Swift.h (in target 'OrderedCollections' from project 'swift-collections')
cd /Users/admin/builder/spi-builder-workspace/.dependencies/checkouts/swift-collections
builtin-swiftHeaderTool -arch arm64 /Users/admin/builder/spi-builder-workspace/.derivedData/Build/Intermediates.noindex/swift-collections.build/Debug-watchos/OrderedCollections-t.build/Objects-normal/arm64/OrderedCollections-Swift.h -arch arm64_32 /Users/admin/builder/spi-builder-workspace/.derivedData/Build/Intermediates.noindex/swift-collections.build/Debug-watchos/OrderedCollections-t.build/Objects-normal/arm64_32/OrderedCollections-Swift.h -o /Users/admin/builder/spi-builder-workspace/.derivedData/Build/Intermediates.noindex/GeneratedModuleMaps-watchos/OrderedCollections-Swift.h
Copy /Users/admin/builder/spi-builder-workspace/.derivedData/Build/Products/Debug-watchos/OrderedCollections.swiftmodule/arm64-apple-watchos.swiftdoc /Users/admin/builder/spi-builder-workspace/.derivedData/Build/Intermediates.noindex/swift-collections.build/Debug-watchos/OrderedCollections-t.build/Objects-normal/arm64/OrderedCollections.swiftdoc (in target 'OrderedCollections' from project 'swift-collections')
cd /Users/admin/builder/spi-builder-workspace/.dependencies/checkouts/swift-collections
builtin-copy -exclude .DS_Store -exclude CVS -exclude .svn -exclude .git -exclude .hg -resolve-src-symlinks -rename /Users/admin/builder/spi-builder-workspace/.derivedData/Build/Intermediates.noindex/swift-collections.build/Debug-watchos/OrderedCollections-t.build/Objects-normal/arm64/OrderedCollections.swiftdoc /Users/admin/builder/spi-builder-workspace/.derivedData/Build/Products/Debug-watchos/OrderedCollections.swiftmodule/arm64-apple-watchos.swiftdoc
Copy /Users/admin/builder/spi-builder-workspace/.derivedData/Build/Products/Debug-watchos/OrderedCollections.swiftmodule/arm64-apple-watchos.abi.json /Users/admin/builder/spi-builder-workspace/.derivedData/Build/Intermediates.noindex/swift-collections.build/Debug-watchos/OrderedCollections-t.build/Objects-normal/arm64/OrderedCollections.abi.json (in target 'OrderedCollections' from project 'swift-collections')
cd /Users/admin/builder/spi-builder-workspace/.dependencies/checkouts/swift-collections
builtin-copy -exclude .DS_Store -exclude CVS -exclude .svn -exclude .git -exclude .hg -resolve-src-symlinks -rename /Users/admin/builder/spi-builder-workspace/.derivedData/Build/Intermediates.noindex/swift-collections.build/Debug-watchos/OrderedCollections-t.build/Objects-normal/arm64/OrderedCollections.abi.json /Users/admin/builder/spi-builder-workspace/.derivedData/Build/Products/Debug-watchos/OrderedCollections.swiftmodule/arm64-apple-watchos.abi.json
Copy /Users/admin/builder/spi-builder-workspace/.derivedData/Build/Products/Debug-watchos/OrderedCollections.swiftmodule/arm64-apple-watchos.swiftmodule /Users/admin/builder/spi-builder-workspace/.derivedData/Build/Intermediates.noindex/swift-collections.build/Debug-watchos/OrderedCollections-t.build/Objects-normal/arm64/OrderedCollections.swiftmodule (in target 'OrderedCollections' from project 'swift-collections')
cd /Users/admin/builder/spi-builder-workspace/.dependencies/checkouts/swift-collections
builtin-copy -exclude .DS_Store -exclude CVS -exclude .svn -exclude .git -exclude .hg -resolve-src-symlinks -rename /Users/admin/builder/spi-builder-workspace/.derivedData/Build/Intermediates.noindex/swift-collections.build/Debug-watchos/OrderedCollections-t.build/Objects-normal/arm64/OrderedCollections.swiftmodule /Users/admin/builder/spi-builder-workspace/.derivedData/Build/Products/Debug-watchos/OrderedCollections.swiftmodule/arm64-apple-watchos.swiftmodule
Copy /Users/admin/builder/spi-builder-workspace/.derivedData/Build/Products/Debug-watchos/OrderedCollections.swiftmodule/Project/arm64-apple-watchos.swiftsourceinfo /Users/admin/builder/spi-builder-workspace/.derivedData/Build/Intermediates.noindex/swift-collections.build/Debug-watchos/OrderedCollections-t.build/Objects-normal/arm64/OrderedCollections.swiftsourceinfo (in target 'OrderedCollections' from project 'swift-collections')
cd /Users/admin/builder/spi-builder-workspace/.dependencies/checkouts/swift-collections
builtin-copy -exclude .DS_Store -exclude CVS -exclude .svn -exclude .git -exclude .hg -resolve-src-symlinks -rename /Users/admin/builder/spi-builder-workspace/.derivedData/Build/Intermediates.noindex/swift-collections.build/Debug-watchos/OrderedCollections-t.build/Objects-normal/arm64/OrderedCollections.swiftsourceinfo /Users/admin/builder/spi-builder-workspace/.derivedData/Build/Products/Debug-watchos/OrderedCollections.swiftmodule/Project/arm64-apple-watchos.swiftsourceinfo
SwiftDriver StoreHelper normal arm64 com.apple.xcode.tools.swift.compiler (in target 'StoreHelper' from project 'StoreHelper')
cd /Users/admin/builder/spi-builder-workspace/.swiftpm/xcode
builtin-SwiftDriver -- /Applications/Xcode-27.0.0-Release.Candidate.app/Contents/Developer/Toolchains/XcodeDefault.xctoolchain/usr/bin/swiftc -parse-as-library -module-name StoreHelper -Onone @/Users/admin/builder/spi-builder-workspace/.derivedData/Build/Intermediates.noindex/StoreHelper.build/Debug-watchos/StoreHelper-t.build/Objects-normal/arm64/StoreHelper.SwiftFileList -DSWIFT_PACKAGE -DDEBUG -DSWIFT_MODULE_RESOURCE_BUNDLE_AVAILABLE -DXcode -plugin-path /Applications/Xcode-27.0.0-Release.Candidate.app/Contents/Developer/Toolchains/XcodeDefault.xctoolchain/usr/lib/swift/host/plugins/testing -enable-experimental-feature DebugDescriptionMacro -sdk /Applications/Xcode-27.0.0-Release.Candidate.app/Contents/Developer/Platforms/WatchOS.platform/Developer/SDKs/WatchOS27.0.sdk -target arm64-apple-watchos9.0 -g -module-cache-path /Users/admin/builder/spi-builder-workspace/.derivedData/ModuleCache.noindex -Xfrontend -serialize-debugging-options -enable-testing -index-store-path /Users/admin/builder/spi-builder-workspace/.derivedData/Index.noindex/DataStore -Xcc -D_LIBCPP_HARDENING_MODE\=_LIBCPP_HARDENING_MODE_DEBUG -swift-version 5 -I /Users/admin/builder/spi-builder-workspace/.derivedData/Build/Products/Debug-watchos -Isystem /Applications/Xcode-27.0.0-Release.Candidate.app/Contents/Developer/Platforms/WatchOS.platform/Developer/usr/lib -F /Users/admin/builder/spi-builder-workspace/.derivedData/Build/Products/Debug-watchos/PackageFrameworks -F /Users/admin/builder/spi-builder-workspace/.derivedData/Build/Products/Debug-watchos -F /Applications/Xcode-27.0.0-Release.Candidate.app/Contents/Developer/Platforms/WatchOS.platform/Developer/Library/Frameworks -F /Applications/Xcode-27.0.0-Release.Candidate.app/Contents/Developer/Platforms/WatchOS.platform/Developer/SDKs/WatchOS27.0.sdk/Developer/Library/Frameworks -c -j10 -enable-batch-mode -incremental -Xcc -ivfsstatcache -Xcc /Users/admin/builder/spi-builder-workspace/.derivedData/SDKStatCaches.noindex/watchos27.0-24R360-e829b21a6f8c9b70876ba0858053c04477534ef55a1706bf4c1112bbb242f0a2.sdkstatcache -output-file-map /Users/admin/builder/spi-builder-workspace/.derivedData/Build/Intermediates.noindex/StoreHelper.build/Debug-watchos/StoreHelper-t.build/Objects-normal/arm64/StoreHelper-OutputFileMap.json -save-temps -no-color-diagnostics -explicit-module-build -module-cache-path /Users/admin/builder/spi-builder-workspace/.derivedData/Build/Intermediates.noindex/SwiftExplicitPrecompiledModules -clang-scanner-module-cache-path /Users/admin/builder/spi-builder-workspace/.derivedData/ModuleCache.noindex -sdk-module-cache-path /Users/admin/builder/spi-builder-workspace/.derivedData/SDKExplicitPrecompiledModules -emit-dependencies -emit-module -emit-module-path /Users/admin/builder/spi-builder-workspace/.derivedData/Build/Intermediates.noindex/StoreHelper.build/Debug-watchos/StoreHelper-t.build/Objects-normal/arm64/StoreHelper.swiftmodule -serialize-diagnostics -dependency-scan-serialize-diagnostics-path /Users/admin/builder/spi-builder-workspace/.derivedData/Build/Intermediates.noindex/StoreHelper.build/Debug-watchos/StoreHelper-t.build/Objects-normal/arm64/StoreHelper-dependency-scan.dia -validate-clang-modules-once -clang-build-session-file /Users/admin/builder/spi-builder-workspace/.derivedData/ModuleCache.noindex/Session.modulevalidation -Xcc -fmodules-prune-interval\=86400 -Xcc -fmodules-prune-after\=345600 -package-name spi_builder_workspace -emit-const-values -const-gather-protocols-list /Users/admin/builder/spi-builder-workspace/.derivedData/Build/Intermediates.noindex/StoreHelper.build/Debug-watchos/StoreHelper-t.build/Objects-normal/arm64/StoreHelper_const_extract_protocols.json -Xcc -I/Users/admin/builder/spi-builder-workspace/.derivedData/Build/Products/Debug-watchos/include -Xcc -I/Users/admin/builder/spi-builder-workspace/.derivedData/Build/Intermediates.noindex/StoreHelper.build/Debug-watchos/StoreHelper-t.build/DerivedSources-normal/arm64 -Xcc -I/Users/admin/builder/spi-builder-workspace/.derivedData/Build/Intermediates.noindex/StoreHelper.build/Debug-watchos/StoreHelper-t.build/DerivedSources/arm64 -Xcc -I/Users/admin/builder/spi-builder-workspace/.derivedData/Build/Intermediates.noindex/StoreHelper.build/Debug-watchos/StoreHelper-t.build/DerivedSources -Xcc -DSWIFT_PACKAGE -Xcc -DDEBUG\=1 -emit-objc-header -emit-objc-header-path /Users/admin/builder/spi-builder-workspace/.derivedData/Build/Intermediates.noindex/StoreHelper.build/Debug-watchos/StoreHelper-t.build/Objects-normal/arm64/StoreHelper-Swift.h -working-directory /Users/admin/builder/spi-builder-workspace/.swiftpm/xcode -experimental-emit-module-separately -disable-cmo
SwiftDriver StoreHelper normal arm64_32 com.apple.xcode.tools.swift.compiler (in target 'StoreHelper' from project 'StoreHelper')
cd /Users/admin/builder/spi-builder-workspace/.swiftpm/xcode
builtin-SwiftDriver -- /Applications/Xcode-27.0.0-Release.Candidate.app/Contents/Developer/Toolchains/XcodeDefault.xctoolchain/usr/bin/swiftc -parse-as-library -module-name StoreHelper -Onone @/Users/admin/builder/spi-builder-workspace/.derivedData/Build/Intermediates.noindex/StoreHelper.build/Debug-watchos/StoreHelper-t.build/Objects-normal/arm64_32/StoreHelper.SwiftFileList -DSWIFT_PACKAGE -DDEBUG -DSWIFT_MODULE_RESOURCE_BUNDLE_AVAILABLE -DXcode -plugin-path /Applications/Xcode-27.0.0-Release.Candidate.app/Contents/Developer/Toolchains/XcodeDefault.xctoolchain/usr/lib/swift/host/plugins/testing -enable-experimental-feature DebugDescriptionMacro -sdk /Applications/Xcode-27.0.0-Release.Candidate.app/Contents/Developer/Platforms/WatchOS.platform/Developer/SDKs/WatchOS27.0.sdk -target arm64_32-apple-watchos9.0 -g -module-cache-path /Users/admin/builder/spi-builder-workspace/.derivedData/ModuleCache.noindex -Xfrontend -serialize-debugging-options -enable-testing -index-store-path /Users/admin/builder/spi-builder-workspace/.derivedData/Index.noindex/DataStore -Xcc -D_LIBCPP_HARDENING_MODE\=_LIBCPP_HARDENING_MODE_DEBUG -swift-version 5 -I /Users/admin/builder/spi-builder-workspace/.derivedData/Build/Products/Debug-watchos -Isystem /Applications/Xcode-27.0.0-Release.Candidate.app/Contents/Developer/Platforms/WatchOS.platform/Developer/usr/lib -F /Users/admin/builder/spi-builder-workspace/.derivedData/Build/Products/Debug-watchos/PackageFrameworks -F /Users/admin/builder/spi-builder-workspace/.derivedData/Build/Products/Debug-watchos -F /Applications/Xcode-27.0.0-Release.Candidate.app/Contents/Developer/Platforms/WatchOS.platform/Developer/Library/Frameworks -F /Applications/Xcode-27.0.0-Release.Candidate.app/Contents/Developer/Platforms/WatchOS.platform/Developer/SDKs/WatchOS27.0.sdk/Developer/Library/Frameworks -c -j10 -enable-batch-mode -incremental -Xcc -ivfsstatcache -Xcc /Users/admin/builder/spi-builder-workspace/.derivedData/SDKStatCaches.noindex/watchos27.0-24R360-e829b21a6f8c9b70876ba0858053c04477534ef55a1706bf4c1112bbb242f0a2.sdkstatcache -output-file-map /Users/admin/builder/spi-builder-workspace/.derivedData/Build/Intermediates.noindex/StoreHelper.build/Debug-watchos/StoreHelper-t.build/Objects-normal/arm64_32/StoreHelper-OutputFileMap.json -save-temps -no-color-diagnostics -explicit-module-build -module-cache-path /Users/admin/builder/spi-builder-workspace/.derivedData/Build/Intermediates.noindex/SwiftExplicitPrecompiledModules -clang-scanner-module-cache-path /Users/admin/builder/spi-builder-workspace/.derivedData/ModuleCache.noindex -sdk-module-cache-path /Users/admin/builder/spi-builder-workspace/.derivedData/SDKExplicitPrecompiledModules -emit-dependencies -emit-module -emit-module-path /Users/admin/builder/spi-builder-workspace/.derivedData/Build/Intermediates.noindex/StoreHelper.build/Debug-watchos/StoreHelper-t.build/Objects-normal/arm64_32/StoreHelper.swiftmodule -serialize-diagnostics -dependency-scan-serialize-diagnostics-path /Users/admin/builder/spi-builder-workspace/.derivedData/Build/Intermediates.noindex/StoreHelper.build/Debug-watchos/StoreHelper-t.build/Objects-normal/arm64_32/StoreHelper-dependency-scan.dia -validate-clang-modules-once -clang-build-session-file /Users/admin/builder/spi-builder-workspace/.derivedData/ModuleCache.noindex/Session.modulevalidation -Xcc -fmodules-prune-interval\=86400 -Xcc -fmodules-prune-after\=345600 -package-name spi_builder_workspace -emit-const-values -const-gather-protocols-list /Users/admin/builder/spi-builder-workspace/.derivedData/Build/Intermediates.noindex/StoreHelper.build/Debug-watchos/StoreHelper-t.build/Objects-normal/arm64_32/StoreHelper_const_extract_protocols.json -Xcc -I/Users/admin/builder/spi-builder-workspace/.derivedData/Build/Products/Debug-watchos/include -Xcc -I/Users/admin/builder/spi-builder-workspace/.derivedData/Build/Intermediates.noindex/StoreHelper.build/Debug-watchos/StoreHelper-t.build/DerivedSources-normal/arm64_32 -Xcc -I/Users/admin/builder/spi-builder-workspace/.derivedData/Build/Intermediates.noindex/StoreHelper.build/Debug-watchos/StoreHelper-t.build/DerivedSources/arm64_32 -Xcc -I/Users/admin/builder/spi-builder-workspace/.derivedData/Build/Intermediates.noindex/StoreHelper.build/Debug-watchos/StoreHelper-t.build/DerivedSources -Xcc -DSWIFT_PACKAGE -Xcc -DDEBUG\=1 -emit-objc-header -emit-objc-header-path /Users/admin/builder/spi-builder-workspace/.derivedData/Build/Intermediates.noindex/StoreHelper.build/Debug-watchos/StoreHelper-t.build/Objects-normal/arm64_32/StoreHelper-Swift.h -working-directory /Users/admin/builder/spi-builder-workspace/.swiftpm/xcode -experimental-emit-module-separately -disable-cmo
Ld /Users/admin/builder/spi-builder-workspace/.derivedData/Build/Intermediates.noindex/swift-collections.build/Debug-watchos/OrderedCollections-t.build/Objects-normal/arm64_32/Binary/OrderedCollections.o normal arm64_32 (in target 'OrderedCollections' from project 'swift-collections')
cd /Users/admin/builder/spi-builder-workspace/.dependencies/checkouts/swift-collections
/Applications/Xcode-27.0.0-Release.Candidate.app/Contents/Developer/Toolchains/XcodeDefault.xctoolchain/usr/bin/clang -Xlinker -reproducible -target arm64_32-apple-watchos9.0 -r -isysroot /Applications/Xcode-27.0.0-Release.Candidate.app/Contents/Developer/Platforms/WatchOS.platform/Developer/SDKs/WatchOS27.0.sdk -O0 -w -Xlinker -no_warn_duplicate_libraries -F/Users/admin/builder/spi-builder-workspace/.derivedData/Build/Intermediates.noindex/EagerLinkingTBDs/Debug-watchos -F/Users/admin/builder/spi-builder-workspace/.derivedData/Build/Products/Debug-watchos/PackageFrameworks -F/Users/admin/builder/spi-builder-workspace/.derivedData/Build/Products/Debug-watchos -iframework /Applications/Xcode-27.0.0-Release.Candidate.app/Contents/Developer/Platforms/WatchOS.platform/Developer/Library/Frameworks -iframework /Applications/Xcode-27.0.0-Release.Candidate.app/Contents/Developer/Platforms/WatchOS.platform/Developer/SDKs/WatchOS27.0.sdk/Developer/Library/Frameworks -filelist /Users/admin/builder/spi-builder-workspace/.derivedData/Build/Intermediates.noindex/swift-collections.build/Debug-watchos/OrderedCollections-t.build/Objects-normal/arm64_32/OrderedCollections.LinkFileList -nostdlib -Xlinker -object_path_lto -Xlinker /Users/admin/builder/spi-builder-workspace/.derivedData/Build/Intermediates.noindex/swift-collections.build/Debug-watchos/OrderedCollections-t.build/Objects-normal/arm64_32/OrderedCollections_lto.o -Xlinker -no_deduplicate -Xlinker -dependency_info -Xlinker /Users/admin/builder/spi-builder-workspace/.derivedData/Build/Intermediates.noindex/swift-collections.build/Debug-watchos/OrderedCollections-t.build/Objects-normal/arm64_32/OrderedCollections_dependency_info.dat -fobjc-link-runtime -L/Applications/Xcode-27.0.0-Release.Candidate.app/Contents/Developer/Toolchains/XcodeDefault.xctoolchain/usr/lib/swift/watchos -L/usr/lib/swift -Xlinker -add_ast_path -Xlinker /Users/admin/builder/spi-builder-workspace/.derivedData/Build/Intermediates.noindex/swift-collections.build/Debug-watchos/OrderedCollections-t.build/Objects-normal/arm64_32/OrderedCollections.swiftmodule -o /Users/admin/builder/spi-builder-workspace/.derivedData/Build/Intermediates.noindex/swift-collections.build/Debug-watchos/OrderedCollections-t.build/Objects-normal/arm64_32/Binary/OrderedCollections.o
SwiftDriverJobDiscovery normal arm64 Compiling OrderedSet+SubSequence.swift, OrderedSet+Testing.swift, OrderedSet+UnorderedView.swift, OrderedSet+UnstableInternals.swift, OrderedSet.swift, _UnsafeBitset.swift (in target 'OrderedCollections' from project 'swift-collections')
SwiftDriverJobDiscovery normal arm64 Compiling OrderedSet+Initializers.swift, OrderedSet+Insertions.swift, OrderedSet+Invariants.swift, OrderedSet+Move.swift, OrderedSet+Partial MutableCollection.swift, OrderedSet+Partial RangeReplaceableCollection.swift (in target 'OrderedCollections' from project 'swift-collections')
SwiftDriverJobDiscovery normal arm64 Compiling OrderedDictionary+Partial RangeReplaceableCollection.swift, OrderedDictionary+Sendable.swift, OrderedDictionary+Sequence.swift, OrderedDictionary+Values.swift, OrderedDictionary.swift, OrderedSet+Codable.swift (in target 'OrderedCollections' from project 'swift-collections')
SwiftDriver\ Compilation OrderedCollections normal arm64 com.apple.xcode.tools.swift.compiler (in target 'OrderedCollections' from project 'swift-collections')
cd /Users/admin/builder/spi-builder-workspace/.swiftpm/xcode
builtin-Swift-Compilation -- /Applications/Xcode-27.0.0-Release.Candidate.app/Contents/Developer/Toolchains/XcodeDefault.xctoolchain/usr/bin/swiftc -parse-as-library -module-name OrderedCollections -Onone @/Users/admin/builder/spi-builder-workspace/.derivedData/Build/Intermediates.noindex/swift-collections.build/Debug-watchos/OrderedCollections-t.build/Objects-normal/arm64/OrderedCollections.SwiftFileList -DSWIFT_PACKAGE -DDEBUG -DSWIFT_MODULE_RESOURCE_BUNDLE_UNAVAILABLE -DCOLLECTIONS_RANDOMIZED_TESTING -DXcode -enable-experimental-feature AvailabilityMacro\=SwiftStdlib\ 5.0:\ macOS\ 10.14.4,\ iOS\ 12.2,\ watchOS\ 5.2,\ tvOS\ 12.2 -enable-experimental-feature AvailabilityMacro\=SwiftStdlib\ 5.1:\ macOS\ 10.15,\ iOS\ 13.0,\ watchOS\ 6.0,\ tvOS\ 13.0 -enable-experimental-feature AvailabilityMacro\=SwiftStdlib\ 5.6:\ macOS\ 12.3,\ iOS\ 15.4,\ watchOS\ 8.5,\ tvOS\ 15.4 -enable-experimental-feature AvailabilityMacro\=SwiftStdlib\ 5.7:\ macOS\ 13.0,\ iOS\ 16.0,\ watchOS\ 9.0,\ tvOS\ 16.0 -enable-experimental-feature AvailabilityMacro\=SwiftStdlib\ 5.8:\ macOS\ 13.3,\ iOS\ 16.4,\ watchOS\ 9.4,\ tvOS\ 16.4 -enable-experimental-feature AvailabilityMacro\=SwiftStdlib\ 5.9:\ macOS\ 14.0,\ iOS\ 17.0,\ watchOS\ 10.0,\ tvOS\ 17.0 -enable-experimental-feature AvailabilityMacro\=SwiftStdlib\ 5.10:\ macOS\ 14.4,\ iOS\ 17.4,\ watchOS\ 10.4,\ tvOS\ 17.4,\ visionOS\ 1.1 -enable-experimental-feature AvailabilityMacro\=SwiftStdlib\ 6.0:\ macOS\ 15.0,\ iOS\ 18.0,\ watchOS\ 11.0,\ tvOS\ 18.0,\ visionOS\ 2.0 -enable-experimental-feature AvailabilityMacro\=SwiftStdlib\ 6.1:\ macOS\ 15.4,\ iOS\ 18.4,\ watchOS\ 11.4,\ tvOS\ 18.4,\ visionOS\ 2.4 -enable-experimental-feature AvailabilityMacro\=SwiftStdlib\ 6.2:\ macOS\ 26.0,\ iOS\ 26.0,\ watchOS\ 26.0,\ tvOS\ 26.0,\ visionOS\ 26.0 -enable-experimental-feature AvailabilityMacro\=SwiftStdlib\ 6.3:\ macOS\ 26.4,\ iOS\ 26.4,\ watchOS\ 26.4,\ tvOS\ 26.4,\ visionOS\ 26.4 -enable-experimental-feature AvailabilityMacro\=SwiftStdlib\ 6.4:\ macOS\ 27.0,\ iOS\ 27.0,\ watchOS\ 27.0,\ tvOS\ 27.0,\ visionOS\ 27.0 -enable-experimental-feature AvailabilityMacro\=SwiftStdlib\ 6.5:\ macOS\ 9999,\ iOS\ 9999,\ watchOS\ 9999,\ tvOS\ 9999,\ visionOS\ 9999 -enable-upcoming-feature MemberImportVisibility -enable-experimental-feature BuiltinModule -enable-experimental-feature Lifetimes -enable-experimental-feature InoutLifetimeDependence -enable-experimental-feature AddressableParameters -enable-experimental-feature AddressableTypes -enable-experimental-feature SuppressedAssociatedTypesWithDefaults -enable-experimental-feature BorrowingSequence -plugin-path /Applications/Xcode-27.0.0-Release.Candidate.app/Contents/Developer/Toolchains/XcodeDefault.xctoolchain/usr/lib/swift/host/plugins/testing -enable-experimental-feature DebugDescriptionMacro -sdk /Applications/Xcode-27.0.0-Release.Candidate.app/Contents/Developer/Platforms/WatchOS.platform/Developer/SDKs/WatchOS27.0.sdk -target arm64-apple-watchos9.0 -g -module-cache-path /Users/admin/builder/spi-builder-workspace/.derivedData/ModuleCache.noindex -Xfrontend -serialize-debugging-options -enable-testing -suppress-warnings -index-store-path /Users/admin/builder/spi-builder-workspace/.derivedData/Index.noindex/DataStore -Xcc -D_LIBCPP_HARDENING_MODE\=_LIBCPP_HARDENING_MODE_DEBUG -swift-version 6 -I /Users/admin/builder/spi-builder-workspace/.derivedData/Build/Products/Debug-watchos -Isystem /Applications/Xcode-27.0.0-Release.Candidate.app/Contents/Developer/Platforms/WatchOS.platform/Developer/usr/lib -F /Users/admin/builder/spi-builder-workspace/.derivedData/Build/Products/Debug-watchos/PackageFrameworks -F /Users/admin/builder/spi-builder-workspace/.derivedData/Build/Products/Debug-watchos -F /Applications/Xcode-27.0.0-Release.Candidate.app/Contents/Developer/Platforms/WatchOS.platform/Developer/Library/Frameworks -F /Applications/Xcode-27.0.0-Release.Candidate.app/Contents/Developer/Platforms/WatchOS.platform/Developer/SDKs/WatchOS27.0.sdk/Developer/Library/Frameworks -c -j10 -enable-batch-mode -incremental -Xcc -ivfsstatcache -Xcc /Users/admin/builder/spi-builder-workspace/.derivedData/SDKStatCaches.noindex/watchos27.0-24R360-e829b21a6f8c9b70876ba0858053c04477534ef55a1706bf4c1112bbb242f0a2.sdkstatcache -output-file-map /Users/admin/builder/spi-builder-workspace/.derivedData/Build/Intermediates.noindex/swift-collections.build/Debug-watchos/OrderedCollections-t.build/Objects-normal/arm64/OrderedCollections-OutputFileMap.json -save-temps -no-color-diagnostics -explicit-module-build -module-cache-path /Users/admin/builder/spi-builder-workspace/.derivedData/Build/Intermediates.noindex/SwiftExplicitPrecompiledModules -clang-scanner-module-cache-path /Users/admin/builder/spi-builder-workspace/.derivedData/ModuleCache.noindex -sdk-module-cache-path /Users/admin/builder/spi-builder-workspace/.derivedData/SDKExplicitPrecompiledModules -emit-dependencies -emit-module -emit-module-path /Users/admin/builder/spi-builder-workspace/.derivedData/Build/Intermediates.noindex/swift-collections.build/Debug-watchos/OrderedCollections-t.build/Objects-normal/arm64/OrderedCollections.swiftmodule -serialize-diagnostics -dependency-scan-serialize-diagnostics-path /Users/admin/builder/spi-builder-workspace/.derivedData/Build/Intermediates.noindex/swift-collections.build/Debug-watchos/OrderedCollections-t.build/Objects-normal/arm64/OrderedCollections-dependency-scan.dia -user-module-version 1.7.0 -validate-clang-modules-once -clang-build-session-file /Users/admin/builder/spi-builder-workspace/.derivedData/ModuleCache.noindex/Session.modulevalidation -Xcc -fmodules-prune-interval\=86400 -Xcc -fmodules-prune-after\=345600 -package-name swift_collections -emit-const-values -const-gather-protocols-list /Users/admin/builder/spi-builder-workspace/.derivedData/Build/Intermediates.noindex/swift-collections.build/Debug-watchos/OrderedCollections-t.build/Objects-normal/arm64/OrderedCollections_const_extract_protocols.json -Xcc -I/Users/admin/builder/spi-builder-workspace/.derivedData/Build/Products/Debug-watchos/include -Xcc -I/Users/admin/builder/spi-builder-workspace/.derivedData/Build/Intermediates.noindex/swift-collections.build/Debug-watchos/OrderedCollections-t.build/DerivedSources-normal/arm64 -Xcc -I/Users/admin/builder/spi-builder-workspace/.derivedData/Build/Intermediates.noindex/swift-collections.build/Debug-watchos/OrderedCollections-t.build/DerivedSources/arm64 -Xcc -I/Users/admin/builder/spi-builder-workspace/.derivedData/Build/Intermediates.noindex/swift-collections.build/Debug-watchos/OrderedCollections-t.build/DerivedSources -Xcc -DSWIFT_PACKAGE -Xcc -DDEBUG\=1 -emit-objc-header -emit-objc-header-path /Users/admin/builder/spi-builder-workspace/.derivedData/Build/Intermediates.noindex/swift-collections.build/Debug-watchos/OrderedCollections-t.build/Objects-normal/arm64/OrderedCollections-Swift.h -working-directory /Users/admin/builder/spi-builder-workspace/.swiftpm/xcode -experimental-emit-module-separately -disable-cmo
Ld /Users/admin/builder/spi-builder-workspace/.derivedData/Build/Intermediates.noindex/swift-collections.build/Debug-watchos/OrderedCollections-t.build/Objects-normal/arm64/Binary/OrderedCollections.o normal arm64 (in target 'OrderedCollections' from project 'swift-collections')
cd /Users/admin/builder/spi-builder-workspace/.dependencies/checkouts/swift-collections
/Applications/Xcode-27.0.0-Release.Candidate.app/Contents/Developer/Toolchains/XcodeDefault.xctoolchain/usr/bin/clang -Xlinker -reproducible -target arm64-apple-watchos9.0 -r -isysroot /Applications/Xcode-27.0.0-Release.Candidate.app/Contents/Developer/Platforms/WatchOS.platform/Developer/SDKs/WatchOS27.0.sdk -O0 -w -Xlinker -no_warn_duplicate_libraries -F/Users/admin/builder/spi-builder-workspace/.derivedData/Build/Intermediates.noindex/EagerLinkingTBDs/Debug-watchos -F/Users/admin/builder/spi-builder-workspace/.derivedData/Build/Products/Debug-watchos/PackageFrameworks -F/Users/admin/builder/spi-builder-workspace/.derivedData/Build/Products/Debug-watchos -iframework /Applications/Xcode-27.0.0-Release.Candidate.app/Contents/Developer/Platforms/WatchOS.platform/Developer/Library/Frameworks -iframework /Applications/Xcode-27.0.0-Release.Candidate.app/Contents/Developer/Platforms/WatchOS.platform/Developer/SDKs/WatchOS27.0.sdk/Developer/Library/Frameworks -filelist /Users/admin/builder/spi-builder-workspace/.derivedData/Build/Intermediates.noindex/swift-collections.build/Debug-watchos/OrderedCollections-t.build/Objects-normal/arm64/OrderedCollections.LinkFileList -nostdlib -Xlinker -object_path_lto -Xlinker /Users/admin/builder/spi-builder-workspace/.derivedData/Build/Intermediates.noindex/swift-collections.build/Debug-watchos/OrderedCollections-t.build/Objects-normal/arm64/OrderedCollections_lto.o -Xlinker -no_deduplicate -Xlinker -dependency_info -Xlinker /Users/admin/builder/spi-builder-workspace/.derivedData/Build/Intermediates.noindex/swift-collections.build/Debug-watchos/OrderedCollections-t.build/Objects-normal/arm64/OrderedCollections_dependency_info.dat -fobjc-link-runtime -L/Applications/Xcode-27.0.0-Release.Candidate.app/Contents/Developer/Toolchains/XcodeDefault.xctoolchain/usr/lib/swift/watchos -L/usr/lib/swift -Xlinker -add_ast_path -Xlinker /Users/admin/builder/spi-builder-workspace/.derivedData/Build/Intermediates.noindex/swift-collections.build/Debug-watchos/OrderedCollections-t.build/Objects-normal/arm64/OrderedCollections.swiftmodule -o /Users/admin/builder/spi-builder-workspace/.derivedData/Build/Intermediates.noindex/swift-collections.build/Debug-watchos/OrderedCollections-t.build/Objects-normal/arm64/Binary/OrderedCollections.o
CreateUniversalBinary /Users/admin/builder/spi-builder-workspace/.derivedData/Build/Products/Debug-watchos/OrderedCollections.o normal arm64\ arm64_32 (in target 'OrderedCollections' from project 'swift-collections')
cd /Users/admin/builder/spi-builder-workspace/.dependencies/checkouts/swift-collections
/Applications/Xcode-27.0.0-Release.Candidate.app/Contents/Developer/Toolchains/XcodeDefault.xctoolchain/usr/bin/lipo -create /Users/admin/builder/spi-builder-workspace/.derivedData/Build/Intermediates.noindex/swift-collections.build/Debug-watchos/OrderedCollections-t.build/Objects-normal/arm64/Binary/OrderedCollections.o /Users/admin/builder/spi-builder-workspace/.derivedData/Build/Intermediates.noindex/swift-collections.build/Debug-watchos/OrderedCollections-t.build/Objects-normal/arm64_32/Binary/OrderedCollections.o -output /Users/admin/builder/spi-builder-workspace/.derivedData/Build/Products/Debug-watchos/OrderedCollections.o
ExtractAppIntentsMetadata (in target 'OrderedCollections' from project 'swift-collections')
cd /Users/admin/builder/spi-builder-workspace/.dependencies/checkouts/swift-collections
/Applications/Xcode-27.0.0-Release.Candidate.app/Contents/Developer/Toolchains/XcodeDefault.xctoolchain/usr/bin/appintentsmetadataprocessor --toolchain-dir /var/run/com.apple.security.cryptexd/mnt/com.apple.MobileAsset.MetalToolchain-v27.1.266.1.UW25bX/Metal.xctoolchain --module-name OrderedCollections --sdk-root /Applications/Xcode-27.0.0-Release.Candidate.app/Contents/Developer/Platforms/WatchOS.platform/Developer/SDKs/WatchOS27.0.sdk --xcode-version 27A266a --platform-family watchOS --deployment-target 9.0 --bundle-identifier swift-collections.OrderedCollections --output /Users/admin/builder/spi-builder-workspace/.derivedData/Build/Products/Debug-watchos/OrderedCollections.appintents --target-triple arm64-apple-watchos9.0 --target-triple arm64_32-apple-watchos9.0 --binary-file /Users/admin/builder/spi-builder-workspace/.derivedData/Build/Products/Debug-watchos/OrderedCollections.o --dependency-file /Users/admin/builder/spi-builder-workspace/.derivedData/Build/Intermediates.noindex/swift-collections.build/Debug-watchos/OrderedCollections-t.build/Objects-normal/arm64/OrderedCollections_dependency_info.dat --dependency-file /Users/admin/builder/spi-builder-workspace/.derivedData/Build/Intermediates.noindex/swift-collections.build/Debug-watchos/OrderedCollections-t.build/Objects-normal/arm64_32/OrderedCollections_dependency_info.dat --stringsdata-file /Users/admin/builder/spi-builder-workspace/.derivedData/Build/Intermediates.noindex/swift-collections.build/Debug-watchos/OrderedCollections-t.build/Objects-normal/arm64/ExtractedAppShortcutsMetadata.stringsdata --stringsdata-file /Users/admin/builder/spi-builder-workspace/.derivedData/Build/Intermediates.noindex/swift-collections.build/Debug-watchos/OrderedCollections-t.build/Objects-normal/arm64_32/ExtractedAppShortcutsMetadata.stringsdata --source-file-list /Users/admin/builder/spi-builder-workspace/.derivedData/Build/Intermediates.noindex/swift-collections.build/Debug-watchos/OrderedCollections-t.build/Objects-normal/arm64/OrderedCollections.SwiftFileList --source-file-list /Users/admin/builder/spi-builder-workspace/.derivedData/Build/Intermediates.noindex/swift-collections.build/Debug-watchos/OrderedCollections-t.build/Objects-normal/arm64_32/OrderedCollections.SwiftFileList --metadata-file-list /Users/admin/builder/spi-builder-workspace/.derivedData/Build/Intermediates.noindex/swift-collections.build/Debug-watchos/OrderedCollections-t.build/OrderedCollections.DependencyMetadataFileList --static-metadata-file-list /Users/admin/builder/spi-builder-workspace/.derivedData/Build/Intermediates.noindex/swift-collections.build/Debug-watchos/OrderedCollections-t.build/OrderedCollections.DependencyStaticMetadataFileList --swift-const-vals-list /Users/admin/builder/spi-builder-workspace/.derivedData/Build/Intermediates.noindex/swift-collections.build/Debug-watchos/OrderedCollections-t.build/Objects-normal/arm64/OrderedCollections.SwiftConstValuesFileList --swift-const-vals-list /Users/admin/builder/spi-builder-workspace/.derivedData/Build/Intermediates.noindex/swift-collections.build/Debug-watchos/OrderedCollections-t.build/Objects-normal/arm64_32/OrderedCollections.SwiftConstValuesFileList --force --compile-time-extraction --deployment-aware-processing --no-app-shortcuts-localization
2026-09-23 04:08:59.573 appintentsmetadataprocessor[1161:7403] Starting appintentsmetadataprocessor export
2026-09-23 04:08:59.652 appintentsmetadataprocessor[1161:7403] Extracted no relevant App Intents symbols, skipping writing output
SwiftExplicitDependencyGeneratePcm arm64 /Users/admin/builder/spi-builder-workspace/.derivedData/SDKExplicitPrecompiledModules/_SwiftConcurrencyShims-659N52XSKR5F0QSB880BH2FJR.pcm
SwiftExplicitDependencyGeneratePcm arm64 /Users/admin/builder/spi-builder-workspace/.derivedData/SDKExplicitPrecompiledModules/_Builtin_stdarg-A7UU8LE6MP85SM26YO7PBZNUQ.pcm
SwiftExplicitDependencyGeneratePcm arm64 /Users/admin/builder/spi-builder-workspace/.derivedData/SDKExplicitPrecompiledModules/_StoreKit_SwiftUI-CMCR071G045YLXXVQIZY3P6W4.pcm
SwiftExplicitDependencyGeneratePcm arm64 /Users/admin/builder/spi-builder-workspace/.derivedData/SDKExplicitPrecompiledModules/ptrauth-3TZ9WJCGLYD25HQPWH4968ONX.pcm
SwiftExplicitDependencyGeneratePcm arm64 /Users/admin/builder/spi-builder-workspace/.derivedData/SDKExplicitPrecompiledModules/ptrcheck-AIF0NDOYZ8ORBNHQAQR5NNB8M.pcm
SwiftExplicitDependencyGeneratePcm arm64 /Users/admin/builder/spi-builder-workspace/.derivedData/SDKExplicitPrecompiledModules/SwiftShims-4MXFZPV6FEB0XBYXCGPWAMQGL.pcm
SwiftExplicitDependencyGeneratePcm arm64 /Users/admin/builder/spi-builder-workspace/.derivedData/SDKExplicitPrecompiledModules/_Builtin_float-C0CW5Q4HGBQYKE77TC42IAFB5.pcm
SwiftExplicitDependencyGeneratePcm arm64 /Users/admin/builder/spi-builder-workspace/.derivedData/SDKExplicitPrecompiledModules/_AvailabilityInternal-BUNV3UXM65NT37THI4W1AM0SF.pcm
SwiftExplicitDependencyGeneratePcm arm64 /Users/admin/builder/spi-builder-workspace/.derivedData/SDKExplicitPrecompiledModules/DeveloperToolsSupport-E7CNISCB36UE8XQ9IOHK9XDX1.pcm
SwiftExplicitDependencyGeneratePcm arm64 /Users/admin/builder/spi-builder-workspace/.derivedData/SDKExplicitPrecompiledModules/_Builtin_stdbool-83J96QSOFE9VX04AAS6310UAE.pcm
SwiftExplicitDependencyGeneratePcm arm64_32 /Users/admin/builder/spi-builder-workspace/.derivedData/SDKExplicitPrecompiledModules/_Builtin_stddef-H44EFHQX6XSS5MZ7QP6YJZ76.pcm
SwiftExplicitDependencyGeneratePcm arm64_32 /Users/admin/builder/spi-builder-workspace/.derivedData/SDKExplicitPrecompiledModules/_Builtin_stdbool-A967K8W8YUYEC9SN52KJ7OO88.pcm
SwiftExplicitDependencyGeneratePcm arm64_32 /Users/admin/builder/spi-builder-workspace/.derivedData/SDKExplicitPrecompiledModules/_AvailabilityInternal-244WAN3Z1QBT7PIA64EZEFY1R.pcm
SwiftExplicitDependencyGeneratePcm arm64_32 /Users/admin/builder/spi-builder-workspace/.derivedData/SDKExplicitPrecompiledModules/ptrcheck-7ELIH9BTIGVKX3UBITM9N72WD.pcm
SwiftExplicitDependencyGeneratePcm arm64_32 /Users/admin/builder/spi-builder-workspace/.derivedData/SDKExplicitPrecompiledModules/_StoreKit_SwiftUI-63K46WWVNH46G1EO34UQW98PH.pcm
SwiftExplicitDependencyGeneratePcm arm64_32 /Users/admin/builder/spi-builder-workspace/.derivedData/SDKExplicitPrecompiledModules/SwiftShims-9CQQGWTSNTN9EB5NSHDWUJICH.pcm
SwiftExplicitDependencyGeneratePcm arm64_32 /Users/admin/builder/spi-builder-workspace/.derivedData/SDKExplicitPrecompiledModules/ptrauth-BFXF358ME5AK535N5A9Z766WU.pcm
SwiftExplicitDependencyGeneratePcm arm64_32 /Users/admin/builder/spi-builder-workspace/.derivedData/SDKExplicitPrecompiledModules/DeveloperToolsSupport-DZU5G1OCMNWU0AQRULIFHUJ1Z.pcm
SwiftExplicitDependencyGeneratePcm arm64 /Users/admin/builder/spi-builder-workspace/.derivedData/SDKExplicitPrecompiledModules/_Builtin_stddef-1FU30Y8SWFB7OUUHMJQH5J6FM.pcm
SwiftExplicitDependencyGeneratePcm arm64 /Users/admin/builder/spi-builder-workspace/.derivedData/SDKExplicitPrecompiledModules/_DarwinFoundation1-7SPX3MD0HMP55E4OLNCPNDQ53.pcm
SwiftExplicitDependencyGeneratePcm arm64_32 /Users/admin/builder/spi-builder-workspace/.derivedData/SDKExplicitPrecompiledModules/_Builtin_float-6KO8O3PEWRCA4WC6PPLOYO6WJ.pcm
SwiftExplicitDependencyGeneratePcm arm64_32 /Users/admin/builder/spi-builder-workspace/.derivedData/SDKExplicitPrecompiledModules/_SwiftConcurrencyShims-6RTBPQ03V7BM9SPRK8SUE055H.pcm
SwiftExplicitDependencyGeneratePcm arm64_32 /Users/admin/builder/spi-builder-workspace/.derivedData/SDKExplicitPrecompiledModules/_Builtin_stdarg-D305JG44A2WPI6CJY37X3QJE8.pcm
SwiftExplicitDependencyGeneratePcm arm64 /Users/admin/builder/spi-builder-workspace/.derivedData/SDKExplicitPrecompiledModules/ExtensionFoundation-39RRBZJNQ3I521ZUHK2IZLSWL.pcm
SwiftExplicitDependencyGeneratePcm arm64 /Users/admin/builder/spi-builder-workspace/.derivedData/SDKExplicitPrecompiledModules/_Builtin_limits-9GWPA2B0H20DYUNYHYCWKABJG.pcm
SwiftExplicitDependencyGeneratePcm arm64 /Users/admin/builder/spi-builder-workspace/.derivedData/SDKExplicitPrecompiledModules/_DarwinFoundation2-D0XAPJU49S5E9XMKYOFGSTB1Q.pcm
SwiftExplicitDependencyGeneratePcm arm64_32 /Users/admin/builder/spi-builder-workspace/.derivedData/SDKExplicitPrecompiledModules/_DarwinFoundation1-2GWF9RFMPLQW4PDHS3NARVI3G.pcm
SwiftExplicitDependencyGeneratePcm arm64_32 /Users/admin/builder/spi-builder-workspace/.derivedData/SDKExplicitPrecompiledModules/_DarwinFoundation2-9MY8GOSYRO0M9MKNXF6D3MBNK.pcm
SwiftExplicitDependencyGeneratePcm arm64_32 /Users/admin/builder/spi-builder-workspace/.derivedData/SDKExplicitPrecompiledModules/_Builtin_limits-3VKBU2AFTD65PAJZ5CJ3LHFM2.pcm
SwiftExplicitDependencyGeneratePcm arm64_32 /Users/admin/builder/spi-builder-workspace/.derivedData/SDKExplicitPrecompiledModules/ExtensionFoundation-9QNLNLE81WFEKBDTX77QX48NL.pcm
SwiftExplicitDependencyGeneratePcm arm64 /Users/admin/builder/spi-builder-workspace/.derivedData/SDKExplicitPrecompiledModules/_Builtin_tgmath-8NQ96OZ0YHXEC24JI95P01UF8.pcm
SwiftExplicitDependencyGeneratePcm arm64 /Users/admin/builder/spi-builder-workspace/.derivedData/SDKExplicitPrecompiledModules/sys_types-2KXQLI78OUCDP779AE68GZJ2.pcm
SwiftExplicitDependencyGeneratePcm arm64 /Users/admin/builder/spi-builder-workspace/.derivedData/SDKExplicitPrecompiledModules/string_h-E6PRXK75PHIPCZFWOFCQ3QBMK.pcm
SwiftExplicitDependencyGeneratePcm arm64 /Users/admin/builder/spi-builder-workspace/.derivedData/SDKExplicitPrecompiledModules/_Builtin_stdint-8XMILLJZEGRN2XG7XZUXZ5RLX.pcm
SwiftExplicitDependencyGeneratePcm arm64 /Users/admin/builder/spi-builder-workspace/.derivedData/SDKExplicitPrecompiledModules/_Builtin_stdatomic-7JEFA3KBJJJN6TKJWY3OG1VG5.pcm
SwiftExplicitDependencyGeneratePcm arm64 /Users/admin/builder/spi-builder-workspace/.derivedData/SDKExplicitPrecompiledModules/_DarwinFoundation3-B97LRG0E9GON2NUE65TVG81HU.pcm
SwiftExplicitDependencyGeneratePcm arm64 /Users/admin/builder/spi-builder-workspace/.derivedData/SDKExplicitPrecompiledModules/_Builtin_intrinsics-75960HIPCIYA06IUW8FIIPQT.pcm
SwiftExplicitDependencyGeneratePcm arm64_32 /Users/admin/builder/spi-builder-workspace/.derivedData/SDKExplicitPrecompiledModules/string_h-BFVLUQUSBZWYMLCU9QI7VZALW.pcm
SwiftExplicitDependencyGeneratePcm arm64_32 /Users/admin/builder/spi-builder-workspace/.derivedData/SDKExplicitPrecompiledModules/sys_types-8TLLMW08ZJWDGIIPKOYFGHHZW.pcm
SwiftExplicitDependencyGeneratePcm arm64_32 /Users/admin/builder/spi-builder-workspace/.derivedData/SDKExplicitPrecompiledModules/_Builtin_tgmath-23PGCKURCQILXMK0MYZRYDCOU.pcm
SwiftExplicitDependencyGeneratePcm arm64_32 /Users/admin/builder/spi-builder-workspace/.derivedData/SDKExplicitPrecompiledModules/_Builtin_stdint-1HMXWI3V0V4TXHRWZOMZGZ80Y.pcm
SwiftExplicitDependencyGeneratePcm arm64_32 /Users/admin/builder/spi-builder-workspace/.derivedData/SDKExplicitPrecompiledModules/_DarwinFoundation3-3DUTYQDQSD9HUAAVY947NMWOI.pcm
SwiftExplicitDependencyGeneratePcm arm64_32 /Users/admin/builder/spi-builder-workspace/.derivedData/SDKExplicitPrecompiledModules/_Builtin_intrinsics-196IIAKDQVU42DLOZP9OQCV76.pcm
SwiftExplicitDependencyGeneratePcm arm64_32 /Users/admin/builder/spi-builder-workspace/.derivedData/SDKExplicitPrecompiledModules/_Builtin_stdatomic-1TY035TURL76BF2U98PZPPZRX.pcm
SwiftExplicitDependencyGeneratePcm arm64 /Users/admin/builder/spi-builder-workspace/.derivedData/SDKExplicitPrecompiledModules/_Builtin_inttypes-3UQSCM7WNM9EK4HZML8TY5J3D.pcm
SwiftExplicitDependencyGeneratePcm arm64 /Users/admin/builder/spi-builder-workspace/.derivedData/SDKExplicitPrecompiledModules/Darwin-3984OXKFNSPE77NT743WK8SEX.pcm
SwiftExplicitDependencyGeneratePcm arm64_32 /Users/admin/builder/spi-builder-workspace/.derivedData/SDKExplicitPrecompiledModules/_Builtin_inttypes-D2KPCR4PEX9AQA33NGLUT5SBR.pcm
SwiftExplicitDependencyGeneratePcm arm64 /Users/admin/builder/spi-builder-workspace/.derivedData/SDKExplicitPrecompiledModules/simd-EH08NODU6574T74ZKU61VP9BW.pcm
SwiftExplicitDependencyGeneratePcm arm64_32 /Users/admin/builder/spi-builder-workspace/.derivedData/SDKExplicitPrecompiledModules/Darwin-3FVT1SKLN2ZQ5RVOABMTQBB34.pcm
SwiftExplicitDependencyGeneratePcm arm64_32 /Users/admin/builder/spi-builder-workspace/.derivedData/SDKExplicitPrecompiledModules/simd-21UNWYOBUZI1LVSQ99S1XBLMO.pcm
SwiftExplicitDependencyGeneratePcm arm64 /Users/admin/builder/spi-builder-workspace/.derivedData/SDKExplicitPrecompiledModules/MachO-2U90NNSAQILBNBPS1SA4F8TYP.pcm
SwiftExplicitDependencyGeneratePcm arm64 /Users/admin/builder/spi-builder-workspace/.derivedData/SDKExplicitPrecompiledModules/ObjectiveC-72IVD3VS2RS8Q28D9PIMY0KQP.pcm
SwiftExplicitDependencyGeneratePcm arm64 /Users/admin/builder/spi-builder-workspace/.derivedData/SDKExplicitPrecompiledModules/os_object-3SDKD7F87FTZ26OON37DRYT6O.pcm
SwiftExplicitDependencyGeneratePcm arm64_32 /Users/admin/builder/spi-builder-workspace/.derivedData/SDKExplicitPrecompiledModules/ObjectiveC-6IJNELR2E80E7LUKESVCP2KET.pcm
SwiftExplicitDependencyGeneratePcm arm64_32 /Users/admin/builder/spi-builder-workspace/.derivedData/SDKExplicitPrecompiledModules/MachO-56838ZJ0NC1EBAJ0O6O8QMPDX.pcm
SwiftExplicitDependencyGeneratePcm arm64 /Users/admin/builder/spi-builder-workspace/.derivedData/SDKExplicitPrecompiledModules/os_workgroup-89GG5G7YC2D0ZTK6AZXXQ20DH.pcm
SwiftExplicitDependencyGeneratePcm arm64_32 /Users/admin/builder/spi-builder-workspace/.derivedData/SDKExplicitPrecompiledModules/os_object-5YWTC6L4756IWSTPGXS5NM0D0.pcm
SwiftExplicitDependencyGeneratePcm arm64 /Users/admin/builder/spi-builder-workspace/.derivedData/SDKExplicitPrecompiledModules/Spatial-44FJGYXFAT2AQAW9Z6T7YS02U.pcm
SwiftExplicitDependencyGeneratePcm arm64 /Users/admin/builder/spi-builder-workspace/.derivedData/SDKExplicitPrecompiledModules/Dispatch-1NLJOVAK60XP0DUB05XA59EIM.pcm
SwiftExplicitDependencyGeneratePcm arm64_32 /Users/admin/builder/spi-builder-workspace/.derivedData/SDKExplicitPrecompiledModules/os_workgroup-5JHTPDMNBUNHLJI8LPHKQK1JK.pcm
SwiftExplicitDependencyGeneratePcm arm64_32 /Users/admin/builder/spi-builder-workspace/.derivedData/SDKExplicitPrecompiledModules/Spatial-CWVWNML3T0NXVHZDKVLD3X1YZ.pcm
SwiftExplicitDependencyGeneratePcm arm64 /Users/admin/builder/spi-builder-workspace/.derivedData/SDKExplicitPrecompiledModules/dnssd-CL0B2OI7ZJ3F9VN9NFDYWB3FP.pcm
SwiftExplicitDependencyGeneratePcm arm64 /Users/admin/builder/spi-builder-workspace/.derivedData/SDKExplicitPrecompiledModules/CoreFoundation-8T2L24YC5NU7WO6WQJWRY7W08.pcm
SwiftExplicitDependencyGeneratePcm arm64 /Users/admin/builder/spi-builder-workspace/.derivedData/SDKExplicitPrecompiledModules/XPC-40DR0X1DHKGCV4J1IOLFS8MOU.pcm
SwiftExplicitDependencyGeneratePcm arm64_32 /Users/admin/builder/spi-builder-workspace/.derivedData/SDKExplicitPrecompiledModules/Dispatch-2P62F1T4XV63S4P99TUDTOK2Q.pcm
SwiftExplicitDependencyGeneratePcm arm64_32 /Users/admin/builder/spi-builder-workspace/.derivedData/SDKExplicitPrecompiledModules/XPC-81Y45QFY96XYYFCW2GT6FY8S4.pcm
SwiftExplicitDependencyGeneratePcm arm64_32 /Users/admin/builder/spi-builder-workspace/.derivedData/SDKExplicitPrecompiledModules/CoreFoundation-8E6Y4BA3EXYKUGJ24GT9LGV3N.pcm
SwiftExplicitDependencyGeneratePcm arm64_32 /Users/admin/builder/spi-builder-workspace/.derivedData/SDKExplicitPrecompiledModules/dnssd-F2TCC2EMGLFIMP0GH8SDTEIE.pcm
SwiftExplicitDependencyGeneratePcm arm64 /Users/admin/builder/spi-builder-workspace/.derivedData/SDKExplicitPrecompiledModules/os-5DIL6Z9LFIGLMZAHM7X2T5435.pcm
SwiftExplicitDependencyGeneratePcm arm64 /Users/admin/builder/spi-builder-workspace/.derivedData/SDKExplicitPrecompiledModules/CoreGraphics-DWNZ73GEH98SBJXZ7DEXB420K.pcm
SwiftExplicitDependencyGeneratePcm arm64 /Users/admin/builder/spi-builder-workspace/.derivedData/SDKExplicitPrecompiledModules/Security-6RZ6YBRU8WCUHRFFRVUK5WKMM.pcm
SwiftExplicitDependencyGeneratePcm arm64 /Users/admin/builder/spi-builder-workspace/.derivedData/SDKExplicitPrecompiledModules/CoreAudioTypes-A9MF7N5LT63G21HNFVM6BT14B.pcm
SwiftExplicitDependencyGeneratePcm arm64_32 /Users/admin/builder/spi-builder-workspace/.derivedData/SDKExplicitPrecompiledModules/os-E5IGB442IA6SBB25TTCOLK2OC.pcm
SwiftExplicitDependencyGeneratePcm arm64 /Users/admin/builder/spi-builder-workspace/.derivedData/SDKExplicitPrecompiledModules/CoreAudio-1B79RJJTP71GE6UY9WLESAN3C.pcm
SwiftExplicitDependencyGeneratePcm arm64_32 /Users/admin/builder/spi-builder-workspace/.derivedData/SDKExplicitPrecompiledModules/CoreGraphics-9FDXYX6BKBUT6TJ2VF819E7T5.pcm
SwiftExplicitDependencyGeneratePcm arm64_32 /Users/admin/builder/spi-builder-workspace/.derivedData/SDKExplicitPrecompiledModules/Security-D7TOWF88VWF67TB9HAFP5UWB1.pcm
SwiftExplicitDependencyGeneratePcm arm64_32 /Users/admin/builder/spi-builder-workspace/.derivedData/SDKExplicitPrecompiledModules/CoreAudioTypes-9GVB1DHA32M46R4A9NWSI3I2K.pcm
SwiftExplicitDependencyGeneratePcm arm64 /Users/admin/builder/spi-builder-workspace/.derivedData/SDKExplicitPrecompiledModules/Foundation-DLBKUSGXN8QHAT8W0OARR9S8A.pcm
SwiftExplicitDependencyGeneratePcm arm64 /Users/admin/builder/spi-builder-workspace/.derivedData/SDKExplicitPrecompiledModules/CoreVideo-8MRR5MNWUOAW2DBPGUQ8FKK4.pcm
SwiftExplicitDependencyGeneratePcm arm64 /Users/admin/builder/spi-builder-workspace/.derivedData/SDKExplicitPrecompiledModules/CoreText-970YJN6NIYGK1316L35Z0O8QT.pcm
SwiftExplicitDependencyGeneratePcm arm64_32 /Users/admin/builder/spi-builder-workspace/.derivedData/SDKExplicitPrecompiledModules/CoreAudio-5W6MX6OUPWBMUR8VD5LHT1PZF.pcm
SwiftExplicitDependencyGeneratePcm arm64_32 /Users/admin/builder/spi-builder-workspace/.derivedData/SDKExplicitPrecompiledModules/Foundation-BJ2VQGI3OGR34500MEQ1VKHPH.pcm
SwiftExplicitDependencyGeneratePcm arm64 /Users/admin/builder/spi-builder-workspace/.derivedData/SDKExplicitPrecompiledModules/CoreMedia-1AJVCUZNAO74KIKMFVFUUHWDI.pcm
SwiftExplicitDependencyGeneratePcm arm64_32 /Users/admin/builder/spi-builder-workspace/.derivedData/SDKExplicitPrecompiledModules/CoreText-C9X2REPZN2V5BSU4G80FCETDR.pcm
SwiftExplicitDependencyGeneratePcm arm64_32 /Users/admin/builder/spi-builder-workspace/.derivedData/SDKExplicitPrecompiledModules/CoreVideo-2P8HI0403J99LBDPKNFJ5D4DL.pcm
SwiftExplicitDependencyGeneratePcm arm64_32 /Users/admin/builder/spi-builder-workspace/.derivedData/SDKExplicitPrecompiledModules/CoreMedia-AO387T8CHWTTZODD1DGT0UAFA.pcm
SwiftExplicitDependencyGeneratePcm arm64 /Users/admin/builder/spi-builder-workspace/.derivedData/SDKExplicitPrecompiledModules/Symbols-3EFABTJ9L5PQDJ7RQCYQWEJMM.pcm
SwiftExplicitDependencyGeneratePcm arm64 /Users/admin/builder/spi-builder-workspace/.derivedData/SDKExplicitPrecompiledModules/OSLog-B7VGO357Y3GJG35TST7DKDSI3.pcm
SwiftExplicitDependencyGeneratePcm arm64 /Users/admin/builder/spi-builder-workspace/.derivedData/SDKExplicitPrecompiledModules/UserNotifications-ARAH8MEQ0C2L0FBO39HITJMAO.pcm
SwiftExplicitDependencyGeneratePcm arm64 /Users/admin/builder/spi-builder-workspace/.derivedData/SDKExplicitPrecompiledModules/AppIntentsTypeSupport-DTGGVS7E14A2Z18IPFHPDF9CT.pcm
SwiftExplicitDependencyGeneratePcm arm64 /Users/admin/builder/spi-builder-workspace/.derivedData/SDKExplicitPrecompiledModules/DataDetection-7BNVI1SZW5ISQL5SX4WL2X7I5.pcm
SwiftExplicitDependencyGeneratePcm arm64 /Users/admin/builder/spi-builder-workspace/.derivedData/SDKExplicitPrecompiledModules/CoreData-9JFJC4UET8BAO5IPV2JU6W9V8.pcm
SwiftExplicitDependencyGeneratePcm arm64 /Users/admin/builder/spi-builder-workspace/.derivedData/SDKExplicitPrecompiledModules/Accessibility-27QMG6ZQ1NKYTNBYFPM1XKNFC.pcm
SwiftExplicitDependencyGeneratePcm arm64 /Users/admin/builder/spi-builder-workspace/.derivedData/SDKExplicitPrecompiledModules/RelevanceKit-3GP299KPEGHXBRN35E0CJT8MG.pcm
SwiftExplicitDependencyGeneratePcm arm64 /Users/admin/builder/spi-builder-workspace/.derivedData/SDKExplicitPrecompiledModules/QuartzCore-94KFMWNOU7ZLUZNB4T5DLZC9D.pcm
SwiftExplicitDependencyGeneratePcm arm64 /Users/admin/builder/spi-builder-workspace/.derivedData/SDKExplicitPrecompiledModules/SceneKit-5HZKIL7XETTTD8TOHYPN8JKRJ.pcm
SwiftExplicitDependencyGeneratePcm arm64 /Users/admin/builder/spi-builder-workspace/.derivedData/SDKExplicitPrecompiledModules/Network-8DKIQ0T2WQTBELHOHOC6MLTW0.pcm
SwiftExplicitDependencyGeneratePcm arm64 /Users/admin/builder/spi-builder-workspace/.derivedData/SDKExplicitPrecompiledModules/LocalAuthentication-E2VERNNN1K2IWY24TR43TU59K.pcm
SwiftExplicitDependencyGeneratePcm arm64 /Users/admin/builder/spi-builder-workspace/.derivedData/SDKExplicitPrecompiledModules/StoreKit-6TYFVE68YA7QPB7CDP2TOH6SI.pcm
SwiftExplicitDependencyGeneratePcm arm64_32 /Users/admin/builder/spi-builder-workspace/.derivedData/SDKExplicitPrecompiledModules/AppIntents-5QZ9DSKZQ5NX6UPH1IBO202JT.pcm
SwiftExplicitDependencyGeneratePcm arm64_32 /Users/admin/builder/spi-builder-workspace/.derivedData/SDKExplicitPrecompiledModules/CoreTransferable-5D4IR6X37682FPHJ5CBPTKQV6.pcm
SwiftExplicitDependencyGeneratePcm arm64_32 /Users/admin/builder/spi-builder-workspace/.derivedData/SDKExplicitPrecompiledModules/QuartzCore-6375NPYACK5NYVHPMC1QQ8MC2.pcm
SwiftExplicitDependencyGeneratePcm arm64_32 /Users/admin/builder/spi-builder-workspace/.derivedData/SDKExplicitPrecompiledModules/UIUtilities-9YFVNIMRC5HRVOIARNWHP1E3H.pcm
SwiftExplicitDependencyGeneratePcm arm64_32 /Users/admin/builder/spi-builder-workspace/.derivedData/SDKExplicitPrecompiledModules/UniformTypeIdentifiers-CJZ3NTHPSBH4XWX5EVOG56UZS.pcm
SwiftExplicitDependencyGeneratePcm arm64_32 /Users/admin/builder/spi-builder-workspace/.derivedData/SDKExplicitPrecompiledModules/RelevanceKit-754I6U0W9QFRV863U53WIHF88.pcm
SwiftExplicitDependencyGeneratePcm arm64 /Users/admin/builder/spi-builder-workspace/.derivedData/SDKExplicitPrecompiledModules/AppIntents-DLC0DCNJLEFV3VEZ3GFN6JM6L.pcm
SwiftExplicitDependencyGeneratePcm arm64 /Users/admin/builder/spi-builder-workspace/.derivedData/SDKExplicitPrecompiledModules/UniformTypeIdentifiers-8L08Q8DQJV8C4AW84YVGFGTRN.pcm
SwiftExplicitDependencyGeneratePcm arm64_32 /Users/admin/builder/spi-builder-workspace/.derivedData/SDKExplicitPrecompiledModules/SceneKit-DKNLHKM5FJBQ79LSNMSSMBUBR.pcm
SwiftExplicitDependencyGeneratePcm arm64_32 /Users/admin/builder/spi-builder-workspace/.derivedData/SDKExplicitPrecompiledModules/_LocationEssentials-AQ1OL9QKC3LQLY5CNSRM1HB53.pcm
SwiftExplicitDependencyGeneratePcm arm64 /Users/admin/builder/spi-builder-workspace/.derivedData/SDKExplicitPrecompiledModules/SwiftUICore-C1DST1IX2Z0PTH5SJJZ1IULRB.pcm
SwiftExplicitDependencyGeneratePcm arm64_32 /Users/admin/builder/spi-builder-workspace/.derivedData/SDKExplicitPrecompiledModules/CoreData-7AU1AFQWUH88EAPDKVMLJPKVD.pcm
SwiftExplicitDependencyGeneratePcm arm64_32 /Users/admin/builder/spi-builder-workspace/.derivedData/SDKExplicitPrecompiledModules/AppIntentsTypeSupport-14LAZLLL3KUC197SXBM9U5YUI.pcm
SwiftExplicitDependencyGeneratePcm arm64 /Users/admin/builder/spi-builder-workspace/.derivedData/SDKExplicitPrecompiledModules/_LocationEssentials-5ZZDGDXB6HLQUC72SJW7YJ7MK.pcm
SwiftExplicitDependencyGeneratePcm arm64 /Users/admin/builder/spi-builder-workspace/.derivedData/SDKExplicitPrecompiledModules/UIUtilities-IR7RNW23VAUKYI9MLCS9NL9A.pcm
SwiftExplicitDependencyGeneratePcm arm64 /Users/admin/builder/spi-builder-workspace/.derivedData/SDKExplicitPrecompiledModules/WidgetKit-73X905DPB70SNYM7EON44H799.pcm
SwiftExplicitDependencyGeneratePcm arm64_32 /Users/admin/builder/spi-builder-workspace/.derivedData/SDKExplicitPrecompiledModules/UserNotifications-6TBN8TEAKO014N1T2QD926XED.pcm
SwiftExplicitDependencyGeneratePcm arm64_32 /Users/admin/builder/spi-builder-workspace/.derivedData/SDKExplicitPrecompiledModules/SwiftUICore-3Q7WLRD8MR9R3NGIPUBQCP6F6.pcm
SwiftExplicitDependencyGeneratePcm arm64_32 /Users/admin/builder/spi-builder-workspace/.derivedData/SDKExplicitPrecompiledModules/CoreLocation-8XU5YMYM4P11RQMYCQAG65ITK.pcm
SwiftExplicitDependencyGeneratePcm arm64_32 /Users/admin/builder/spi-builder-workspace/.derivedData/SDKExplicitPrecompiledModules/LocalAuthentication-ATD947DC6Q0HA129OWBMG6HNP.pcm
SwiftExplicitDependencyGeneratePcm arm64_32 /Users/admin/builder/spi-builder-workspace/.derivedData/SDKExplicitPrecompiledModules/Accessibility-F385OMZ5GYBUY5O4QAJB4NRII.pcm
SwiftExplicitDependencyGeneratePcm arm64_32 /Users/admin/builder/spi-builder-workspace/.derivedData/SDKExplicitPrecompiledModules/Network-BKN0QUBAIFW11VZPQ7MWLIH3Y.pcm
SwiftExplicitDependencyGeneratePcm arm64_32 /Users/admin/builder/spi-builder-workspace/.derivedData/SDKExplicitPrecompiledModules/Symbols-1H97WMG76HU94F5VGJR19PXFY.pcm
SwiftExplicitDependencyGeneratePcm arm64_32 /Users/admin/builder/spi-builder-workspace/.derivedData/SDKExplicitPrecompiledModules/StoreKit-9UUFY6HOI7591O89DP4VS4EUH.pcm
SwiftExplicitDependencyGeneratePcm arm64_32 /Users/admin/builder/spi-builder-workspace/.derivedData/SDKExplicitPrecompiledModules/WidgetKit-929ZPU0VWQG6LVPGNZXQYGZQ4.pcm
SwiftExplicitDependencyGeneratePcm arm64 /Users/admin/builder/spi-builder-workspace/.derivedData/SDKExplicitPrecompiledModules/CoreLocation-ACKJ9K7ABI14F97Y46Y6SRR17.pcm
SwiftExplicitDependencyGeneratePcm arm64_32 /Users/admin/builder/spi-builder-workspace/.derivedData/SDKExplicitPrecompiledModules/OSLog-D9AVFY0KWO7RVBIQ73CBIJVCN.pcm
SwiftExplicitDependencyGeneratePcm arm64_32 /Users/admin/builder/spi-builder-workspace/.derivedData/SDKExplicitPrecompiledModules/DataDetection-U9BF7WHFVA6BZGFXXXP272PS.pcm
SwiftExplicitDependencyGeneratePcm arm64 /Users/admin/builder/spi-builder-workspace/.derivedData/SDKExplicitPrecompiledModules/CoreTransferable-9PPG3SLJ55T4LITIFYX2M0NOZ.pcm
SwiftExplicitDependencyGeneratePcm arm64_32 /Users/admin/builder/spi-builder-workspace/.derivedData/SDKExplicitPrecompiledModules/Intents-6889PXGWC2WAF8UPZ1I7MQN5I.pcm
SwiftExplicitDependencyGeneratePcm arm64_32 /Users/admin/builder/spi-builder-workspace/.derivedData/SDKExplicitPrecompiledModules/CoreMotion-1XGTVTE5PP32UHME8AC63TL6.pcm
SwiftExplicitDependencyGeneratePcm arm64 /Users/admin/builder/spi-builder-workspace/.derivedData/SDKExplicitPrecompiledModules/Intents-D76FIMECCYI7T8ZQ9486RTYJB.pcm
SwiftExplicitDependencyGeneratePcm arm64 /Users/admin/builder/spi-builder-workspace/.derivedData/SDKExplicitPrecompiledModules/CoreMotion-6RD5K48QT1F4L9CATNFD2O7YB.pcm
SwiftExplicitDependencyGeneratePcm arm64_32 /Users/admin/builder/spi-builder-workspace/.derivedData/SDKExplicitPrecompiledModules/UIKit-6PPV7YPZ89CZPHYAP072QH8B6.pcm
SwiftExplicitDependencyGeneratePcm arm64 /Users/admin/builder/spi-builder-workspace/.derivedData/SDKExplicitPrecompiledModules/UIKit-27R3P1YMV4C6JLDT661G3MRIA.pcm
SwiftExplicitDependencyGeneratePcm arm64_32 /Users/admin/builder/spi-builder-workspace/.derivedData/SDKExplicitPrecompiledModules/MapKit-CWGB4YMP1VX1NYQN5FULFD5DR.pcm
SwiftExplicitDependencyGeneratePcm arm64_32 /Users/admin/builder/spi-builder-workspace/.derivedData/SDKExplicitPrecompiledModules/HomeKit-DUDZOMSN3UK8GNTNBNMPIWJRN.pcm
SwiftExplicitDependencyGeneratePcm arm64 /Users/admin/builder/spi-builder-workspace/.derivedData/SDKExplicitPrecompiledModules/MapKit-EJJWC7IL56MPLQMI93GJRE5OG.pcm
SwiftExplicitDependencyGeneratePcm arm64 /Users/admin/builder/spi-builder-workspace/.derivedData/SDKExplicitPrecompiledModules/HomeKit-DTS1N4AWILAL1URZ5IOXV5221.pcm
SwiftExplicitDependencyGeneratePcm arm64_32 /Users/admin/builder/spi-builder-workspace/.derivedData/SDKExplicitPrecompiledModules/WatchKit-FHF6WTKLC2APGK3LA2XJ6516.pcm
SwiftExplicitDependencyGeneratePcm arm64 /Users/admin/builder/spi-builder-workspace/.derivedData/SDKExplicitPrecompiledModules/WatchKit-3VT3K8YON6FJ6OWSUFJMFMP8J.pcm
SwiftExplicitDependencyGeneratePcm arm64_32 /Users/admin/builder/spi-builder-workspace/.derivedData/SDKExplicitPrecompiledModules/SwiftUI-9AYG9OCT5VOJK7V4MX1WYR86T.pcm
SwiftExplicitDependencyGeneratePcm arm64 /Users/admin/builder/spi-builder-workspace/.derivedData/SDKExplicitPrecompiledModules/SwiftUI-APXDH8ULYLM6FD17YRA73TULO.pcm
SwiftCompile normal arm64_32 Compiling\ PurchaseManagement-ios.swift,\ RedeemOfferCodeView-ios.swift,\ SheetBarView-ios.swift,\ Products-macos.swift,\ SheetBarView-macos.swift /Users/admin/builder/spi-builder-workspace/Sources/StoreHelper/Views/iOS/PurchaseManagement-ios.swift /Users/admin/builder/spi-builder-workspace/Sources/StoreHelper/Views/iOS/RedeemOfferCodeView-ios.swift /Users/admin/builder/spi-builder-workspace/Sources/StoreHelper/Views/iOS/SheetBarView-ios.swift /Users/admin/builder/spi-builder-workspace/Sources/StoreHelper/Views/macOS/Products-macos.swift /Users/admin/builder/spi-builder-workspace/Sources/StoreHelper/Views/macOS/SheetBarView-macos.swift (in target 'StoreHelper' from project 'StoreHelper')
SwiftCompile normal arm64_32 /Users/admin/builder/spi-builder-workspace/Sources/StoreHelper/Views/iOS/PurchaseManagement-ios.swift (in target 'StoreHelper' from project 'StoreHelper')
cd /Users/admin/builder/spi-builder-workspace/.swiftpm/xcode
builtin-SwiftPerFileCompile PurchaseManagement-ios.swift
SwiftCompile normal arm64_32 /Users/admin/builder/spi-builder-workspace/Sources/StoreHelper/Views/iOS/RedeemOfferCodeView-ios.swift (in target 'StoreHelper' from project 'StoreHelper')
cd /Users/admin/builder/spi-builder-workspace/.swiftpm/xcode
builtin-SwiftPerFileCompile RedeemOfferCodeView-ios.swift
SwiftCompile normal arm64_32 /Users/admin/builder/spi-builder-workspace/Sources/StoreHelper/Views/iOS/SheetBarView-ios.swift (in target 'StoreHelper' from project 'StoreHelper')
cd /Users/admin/builder/spi-builder-workspace/.swiftpm/xcode
builtin-SwiftPerFileCompile SheetBarView-ios.swift
SwiftCompile normal arm64_32 /Users/admin/builder/spi-builder-workspace/Sources/StoreHelper/Views/macOS/Products-macos.swift (in target 'StoreHelper' from project 'StoreHelper')
cd /Users/admin/builder/spi-builder-workspace/.swiftpm/xcode
builtin-SwiftPerFileCompile Products-macos.swift
SwiftCompile normal arm64_32 /Users/admin/builder/spi-builder-workspace/Sources/StoreHelper/Views/macOS/SheetBarView-macos.swift (in target 'StoreHelper' from project 'StoreHelper')
cd /Users/admin/builder/spi-builder-workspace/.swiftpm/xcode
builtin-SwiftPerFileCompile SheetBarView-macos.swift
SwiftEmitModule normal arm64_32 Emitting\ module\ for\ StoreHelper (in target 'StoreHelper' from project 'StoreHelper')
/Users/admin/builder/spi-builder-workspace/Sources/StoreHelper/Core/AppStoreHelper.swift:127:17: error: cannot override 'paymentQueue' which has been marked unavailable
125 | ///
126 | /// This method is required if you have in-app purchase promotions defined in App Store Connect.
127 | public func paymentQueue(_ queue: SKPaymentQueue, shouldAddStorePayment payment: SKPayment, for product: SKProduct) -> Bool {
| `- error: cannot override 'paymentQueue' which has been marked unavailable
128 | if let handler = storeHelper?.shouldAddStorePaymentHandler { return handler(payment, product) }
129 | return true
/Applications/Xcode-27.0.0-Release.Candidate.app/Contents/Developer/Platforms/WatchOS.platform/Developer/SDKs/WatchOS27.0.sdk/System/Library/Frameworks/StoreKit.framework/Headers/SKPaymentQueue.h:110:1: note: 'paymentQueue(_:shouldAddStorePayment:for:)' has been explicitly marked unavailable here
108 |
109 | // Sent when a user initiates an IAP buy from the App Store
110 | - (BOOL)paymentQueue:(SKPaymentQueue *)queue shouldAddStorePayment:(SKPayment *)payment forProduct:(SKProduct *)product NS_SWIFT_NAME(paymentQueue(_:shouldAddStorePayment:for:)) API_DEPRECATED("Use PurchaseIntent.intents.", ios(11.0, 18.0), tvos(11.0, 18.0), macos(11.0, 15.0), macCatalyst(14.0, 18.0), visionos(1.0, 2.0)) API_UNAVAILABLE(watchos);
| `- note: 'paymentQueue(_:shouldAddStorePayment:for:)' has been explicitly marked unavailable here
111 |
112 | - (void)paymentQueueDidChangeStorefront:(SKPaymentQueue *)queue API_DEPRECATED("Use Storefront.updates.", ios(13.0, 18.0), tvos(13.0, 18.0), macos(10.15, 15.0), watchos(6.2, 11.0), visionos(1.0, 2.0));
Failed frontend command:
/Applications/Xcode-27.0.0-Release.Candidate.app/Contents/Developer/Toolchains/XcodeDefault.xctoolchain/usr/bin/swift-frontend -frontend -emit-module -experimental-skip-non-inlinable-function-bodies-without-types /Users/admin/builder/spi-builder-workspace/.derivedData/Build/Intermediates.noindex/StoreHelper.build/Debug-watchos/StoreHelper-t.build/DerivedSources/resource_bundle_accessor.swift /Users/admin/builder/spi-builder-workspace/Sources/StoreHelper/Core/AppGroupSupport.swift /Users/admin/builder/spi-builder-workspace/Sources/StoreHelper/Core/AppStoreHelper.swift /Users/admin/builder/spi-builder-workspace/Sources/StoreHelper/Core/KeychainHelper.swift /Users/admin/builder/spi-builder-workspace/Sources/StoreHelper/Core/PrePurchaseSubscriptionInfo.swift /Users/admin/builder/spi-builder-workspace/Sources/StoreHelper/Core/PurchaseInfo.swift /Users/admin/builder/spi-builder-workspace/Sources/StoreHelper/Core/StoreConstants.swift /Users/admin/builder/spi-builder-workspace/Sources/StoreHelper/Core/StoreHelper.swift /Users/admin/builder/spi-builder-workspace/Sources/StoreHelper/Core/StoreLog.swift /Users/admin/builder/spi-builder-workspace/Sources/StoreHelper/Core/StoreNotification.swift /Users/admin/builder/spi-builder-workspace/Sources/StoreHelper/Core/SubInfo.swift /Users/admin/builder/spi-builder-workspace/Sources/StoreHelper/Core/SubscriptionHelper.swift /Users/admin/builder/spi-builder-workspace/Sources/StoreHelper/Core/SubscriptionOfferInfo.swift /Users/admin/builder/spi-builder-workspace/Sources/StoreHelper/Core/SubscriptionTransactionInfo.swift /Users/admin/builder/spi-builder-workspace/Sources/StoreHelper/Styles/Shared/Buttons.swift /Users/admin/builder/spi-builder-workspace/Sources/StoreHelper/Styles/Shared/Fonts.swift /Users/admin/builder/spi-builder-workspace/Sources/StoreHelper/Styles/Shared/Images.swift /Users/admin/builder/spi-builder-workspace/Sources/StoreHelper/Styles/Shared/TapGesture.swift /Users/admin/builder/spi-builder-workspace/Sources/StoreHelper/Styles/iOS/Image-ios.swift /Users/admin/builder/spi-builder-workspace/Sources/StoreHelper/Styles/macOS/Image-macos.swift /Users/admin/builder/spi-builder-workspace/Sources/StoreHelper/Util/Configuration.swift /Users/admin/builder/spi-builder-workspace/Sources/StoreHelper/Util/PropertyFile.swift /Users/admin/builder/spi-builder-workspace/Sources/StoreHelper/Util/StoreConfiguration.swift /Users/admin/builder/spi-builder-workspace/Sources/StoreHelper/Util/Utils.swift /Users/admin/builder/spi-builder-workspace/Sources/StoreHelper/ViewModels/OptionsViewModel.swift /Users/admin/builder/spi-builder-workspace/Sources/StoreHelper/ViewModels/PriceViewModel.swift /Users/admin/builder/spi-builder-workspace/Sources/StoreHelper/ViewModels/PurchaseInfoViewModel.swift /Users/admin/builder/spi-builder-workspace/Sources/StoreHelper/ViewModels/SubscriptionInfoViewModel.swift /Users/admin/builder/spi-builder-workspace/Sources/StoreHelper/Views/Shared/BadgeView.swift /Users/admin/builder/spi-builder-workspace/Sources/StoreHelper/Views/Shared/ConsumableBadgeView.swift /Users/admin/builder/spi-builder-workspace/Sources/StoreHelper/Views/Shared/ConsumableView.swift /Users/admin/builder/spi-builder-workspace/Sources/StoreHelper/Views/Shared/ContactUsView.swift /Users/admin/builder/spi-builder-workspace/Sources/StoreHelper/Views/Shared/PriceButtonText.swift /Users/admin/builder/spi-builder-workspace/Sources/StoreHelper/Views/Shared/PriceButtonTextSubscription.swift /Users/admin/builder/spi-builder-workspace/Sources/StoreHelper/Views/Shared/PriceView.swift /Users/admin/builder/spi-builder-workspace/Sources/StoreHelper/Views/Shared/ProductInfoView.swift /Users/admin/builder/spi-builder-workspace/Sources/StoreHelper/Views/Shared/ProductListView.swift /Users/admin/builder/spi-builder-workspace/Sources/StoreHelper/Views/Shared/ProductListViewRow.swift /Users/admin/builder/spi-builder-workspace/Sources/StoreHelper/Views/Shared/ProductView.swift /Users/admin/builder/spi-builder-workspace/Sources/StoreHelper/Views/Shared/PurchaseButton.swift /Users/admin/builder/spi-builder-workspace/Sources/StoreHelper/Views/Shared/PurchaseInfoSheet.swift /Users/admin/builder/spi-builder-workspace/Sources/StoreHelper/Views/Shared/PurchaseInfoView.swift /Users/admin/builder/spi-builder-workspace/Sources/StoreHelper/Views/Shared/RefreshProductsView.swift /Users/admin/builder/spi-builder-workspace/Sources/StoreHelper/Views/Shared/RestorePurchasesView.swift /Users/admin/builder/spi-builder-workspace/Sources/StoreHelper/Views/Shared/StoreErrorView.swift /Users/admin/builder/spi-builder-workspace/Sources/StoreHelper/Views/Shared/SubscriptionInfoSheet.swift /Users/admin/builder/spi-builder-workspace/Sources/StoreHelper/Views/Shared/SubscriptionInfoView.swift /Users/admin/builder/spi-builder-workspace/Sources/StoreHelper/Views/Shared/SubscriptionListViewRow.swift /Users/admin/builder/spi-builder-workspace/Sources/StoreHelper/Views/Shared/SubscriptionView.swift /Users/admin/builder/spi-builder-workspace/Sources/StoreHelper/Views/Shared/TermsOfServiceView.swift /Users/admin/builder/spi-builder-workspace/Sources/StoreHelper/Views/Shared/VersionInfo.swift /Users/admin/builder/spi-builder-workspace/Sources/StoreHelper/Views/iOS/Products-ios.swift /Users/admin/builder/spi-builder-workspace/Sources/StoreHelper/Views/iOS/PurchaseManagement-ios.swift /Users/admin/builder/spi-builder-workspace/Sources/StoreHelper/Views/iOS/RedeemOfferCodeView-ios.swift /Users/admin/builder/spi-builder-workspace/Sources/StoreHelper/Views/iOS/SheetBarView-ios.swift /Users/admin/builder/spi-builder-workspace/Sources/StoreHelper/Views/macOS/Products-macos.swift /Users/admin/builder/spi-builder-workspace/Sources/StoreHelper/Views/macOS/SheetBarView-macos.swift -target arm64_32-apple-watchos9.0 -module-can-import-version UIKit 9127.0.84.1 9127.0.84 -module-can-import-version WidgetKit 749 749.0.0 -disable-cross-import-overlay-search -swift-module-cross-import StoreKit /Applications/Xcode-27.0.0-Release.Candidate.app/Contents/Developer/Platforms/WatchOS.platform/Developer/SDKs/WatchOS.sdk/System/Library/Frameworks/StoreKit.framework/Modules/StoreKit.swiftcrossimport/SwiftUI.swiftoverlay -swift-module-cross-import StoreKit /Applications/Xcode-27.0.0-Release.Candidate.app/Contents/Developer/Platforms/WatchOS.platform/Developer/SDKs/WatchOS27.0.sdk/System/Library/Frameworks/StoreKit.framework/Modules/StoreKit.swiftcrossimport/SwiftUI.swiftoverlay -load-resolved-plugin /Applications/Xcode-27.0.0-Release.Candidate.app/Contents/Developer/Platforms/WatchOS.platform/Developer/usr/lib/swift/host/plugins/libAppIntentsMacros.dylib\#/Applications/Xcode-27.0.0-Release.Candidate.app/Contents/Developer/Platforms/WatchOS.platform/Developer/usr/bin/swift-plugin-server\#AppIntentsMacros -load-resolved-plugin /Applications/Xcode-27.0.0-Release.Candidate.app/Contents/Developer/Platforms/WatchOS.platform/Developer/usr/lib/swift/host/plugins/libFoundationMacros.dylib\#/Applications/Xcode-27.0.0-Release.Candidate.app/Contents/Developer/Platforms/WatchOS.platform/Developer/usr/bin/swift-plugin-server\#FoundationMacros -load-resolved-plugin /Applications/Xcode-27.0.0-Release.Candidate.app/Contents/Developer/Platforms/WatchOS.platform/Developer/usr/lib/swift/host/plugins/libObservationMacros.dylib\#/Applications/Xcode-27.0.0-Release.Candidate.app/Contents/Developer/Platforms/WatchOS.platform/Developer/usr/bin/swift-plugin-server\#ObservationMacros -load-resolved-plugin /Applications/Xcode-27.0.0-Release.Candidate.app/Contents/Developer/Platforms/WatchOS.platform/Developer/usr/lib/swift/host/plugins/libPreviewsMacros.dylib\#/Applications/Xcode-27.0.0-Release.Candidate.app/Contents/Developer/Platforms/WatchOS.platform/Developer/usr/bin/swift-plugin-server\#PreviewsMacros -load-resolved-plugin /Applications/Xcode-27.0.0-Release.Candidate.app/Contents/Developer/Platforms/WatchOS.platform/Developer/usr/lib/swift/host/plugins/libSwiftMacros.dylib\#/Applications/Xcode-27.0.0-Release.Candidate.app/Contents/Developer/Platforms/WatchOS.platform/Developer/usr/bin/swift-plugin-server\#SwiftMacros -load-resolved-plugin /Applications/Xcode-27.0.0-Release.Candidate.app/Contents/Developer/Platforms/WatchOS.platform/Developer/usr/lib/swift/host/plugins/libSwiftUIMacros.dylib\#/Applications/Xcode-27.0.0-Release.Candidate.app/Contents/Developer/Platforms/WatchOS.platform/Developer/usr/bin/swift-plugin-server\#SwiftUIMacros -disable-implicit-swift-modules -Xcc -fno-implicit-modules -Xcc -fno-implicit-module-maps -explicit-swift-module-map-file /Users/admin/builder/spi-builder-workspace/.derivedData/Build/Intermediates.noindex/StoreHelper.build/Debug-watchos/StoreHelper-t.build/Objects-normal/arm64_32/StoreHelper-dependencies-2.json -enable-objc-interop -sdk /Applications/Xcode-27.0.0-Release.Candidate.app/Contents/Developer/Platforms/WatchOS.platform/Developer/SDKs/WatchOS27.0.sdk -I /Users/admin/builder/spi-builder-workspace/.derivedData/Build/Products/Debug-watchos -Isystem /Applications/Xcode-27.0.0-Release.Candidate.app/Contents/Developer/Platforms/WatchOS.platform/Developer/usr/lib -F /Users/admin/builder/spi-builder-workspace/.derivedData/Build/Products/Debug-watchos/PackageFrameworks -F /Users/admin/builder/spi-builder-workspace/.derivedData/Build/Products/Debug-watchos -F /Applications/Xcode-27.0.0-Release.Candidate.app/Contents/Developer/Platforms/WatchOS.platform/Developer/Library/Frameworks -F /Applications/Xcode-27.0.0-Release.Candidate.app/Contents/Developer/Platforms/WatchOS.platform/Developer/SDKs/WatchOS27.0.sdk/Developer/Library/Frameworks -module-cache-path /Users/admin/builder/spi-builder-workspace/.derivedData/Build/Intermediates.noindex/SwiftExplicitPrecompiledModules -no-color-diagnostics -Xcc -fno-color-diagnostics -enable-testing -g -debug-info-format\=dwarf -dwarf-version\=4 -swift-version 5 -Onone -D SWIFT_PACKAGE -D DEBUG -D SWIFT_MODULE_RESOURCE_BUNDLE_AVAILABLE -D Xcode -serialize-debugging-options -enable-experimental-feature DebugDescriptionMacro -empty-abi-descriptor -validate-clang-modules-once -clang-build-session-file /Users/admin/builder/spi-builder-workspace/.derivedData/ModuleCache.noindex/Session.modulevalidation -Xcc -working-directory -Xcc /Users/admin/builder/spi-builder-workspace/.swiftpm/xcode -enable-anonymous-context-mangled-names -file-compilation-dir /Users/admin/builder/spi-builder-workspace/.swiftpm/xcode -Xcc -D_LIBCPP_HARDENING_MODE\=_LIBCPP_HARDENING_MODE_DEBUG -Xcc -ivfsstatcache -Xcc /Users/admin/builder/spi-builder-workspace/.derivedData/SDKStatCaches.noindex/watchos27.0-24R360-e829b21a6f8c9b70876ba0858053c04477534ef55a1706bf4c1112bbb242f0a2.sdkstatcache -Xcc -fmodules-prune-interval\=86400 -Xcc -fmodules-prune-after\=345600 -Xcc -I/Users/admin/builder/spi-builder-workspace/.derivedData/Build/Products/Debug-watchos/include -Xcc -I/Users/admin/builder/spi-builder-workspace/.derivedData/Build/Intermediates.noindex/StoreHelper.build/Debug-watchos/StoreHelper-t.build/DerivedSources-normal/arm64_32 -Xcc -I/Users/admin/builder/spi-builder-workspace/.derivedData/Build/Intermediates.noindex/StoreHelper.build/Debug-watchos/StoreHelper-t.build/DerivedSources/arm64_32 -Xcc -I/Users/admin/builder/spi-builder-workspace/.derivedData/Build/Intermediates.noindex/StoreHelper.build/Debug-watchos/StoreHelper-t.build/DerivedSources -Xcc -DSWIFT_PACKAGE -Xcc -DDEBUG\=1 -no-auto-bridging-header-chaining -module-name StoreHelper -package-name spi_builder_workspace -const-gather-protocols-file /Users/admin/builder/spi-builder-workspace/.derivedData/Build/Intermediates.noindex/StoreHelper.build/Debug-watchos/StoreHelper-t.build/Objects-normal/arm64_32/StoreHelper_const_extract_protocols.json -disable-clang-spi -clang-target arm64_32-apple-watchos27.0 -target-sdk-version 27.0 -target-sdk-name watchos27.0 -in-process-plugin-server-path /Applications/Xcode-27.0.0-Release.Candidate.app/Contents/Developer/Toolchains/XcodeDefault.xctoolchain/usr/lib/swift/host/libSwiftInProcPluginServer.dylib -emit-module-doc-path /Users/admin/builder/spi-builder-workspace/.derivedData/Build/Intermediates.noindex/StoreHelper.build/Debug-watchos/StoreHelper-t.build/Objects-normal/arm64_32/StoreHelper.swiftdoc -emit-module-source-info-path /Users/admin/builder/spi-builder-workspace/.derivedData/Build/Intermediates.noindex/StoreHelper.build/Debug-watchos/StoreHelper-t.build/Objects-normal/arm64_32/StoreHelper.swiftsourceinfo -emit-objc-header-path /Users/admin/builder/spi-builder-workspace/.derivedData/Build/Intermediates.noindex/StoreHelper.build/Debug-watchos/StoreHelper-t.build/Objects-normal/arm64_32/StoreHelper-Swift.h -serialize-diagnostics-path /Users/admin/builder/spi-builder-workspace/.derivedData/Build/Intermediates.noindex/StoreHelper.build/Debug-watchos/StoreHelper-t.build/Objects-normal/arm64_32/StoreHelper-primary-emit-module.dia -emit-dependencies-path /Users/admin/builder/spi-builder-workspace/.derivedData/Build/Intermediates.noindex/StoreHelper.build/Debug-watchos/StoreHelper-t.build/Objects-normal/arm64_32/StoreHelper-primary-emit-module.d -parse-as-library -o /Users/admin/builder/spi-builder-workspace/.derivedData/Build/Intermediates.noindex/StoreHelper.build/Debug-watchos/StoreHelper-t.build/Objects-normal/arm64_32/StoreHelper.swiftmodule -emit-abi-descriptor-path /Users/admin/builder/spi-builder-workspace/.derivedData/Build/Intermediates.noindex/StoreHelper.build/Debug-watchos/StoreHelper-t.build/Objects-normal/arm64_32/StoreHelper.abi.json
SwiftCompile normal arm64_32 (in target 'StoreHelper' from project 'StoreHelper')
cd /Users/admin/builder/spi-builder-workspace/.swiftpm/xcode
SwiftCompile normal arm64_32 Compiling\ StoreConstants.swift,\ StoreHelper.swift,\ StoreLog.swift,\ StoreNotification.swift,\ SubInfo.swift,\ SubscriptionHelper.swift /Users/admin/builder/spi-builder-workspace/Sources/StoreHelper/Core/StoreConstants.swift /Users/admin/builder/spi-builder-workspace/Sources/StoreHelper/Core/StoreHelper.swift /Users/admin/builder/spi-builder-workspace/Sources/StoreHelper/Core/StoreLog.swift /Users/admin/builder/spi-builder-workspace/Sources/StoreHelper/Core/StoreNotification.swift /Users/admin/builder/spi-builder-workspace/Sources/StoreHelper/Core/SubInfo.swift /Users/admin/builder/spi-builder-workspace/Sources/StoreHelper/Core/SubscriptionHelper.swift (in target 'StoreHelper' from project 'StoreHelper')
/Users/admin/builder/spi-builder-workspace/Sources/StoreHelper/Core/StoreHelper.swift:383:57: error: 'currentEntitlements(for:)' is only available in watchOS 11.4 or newer
59 | /// StoreHelper encapsulates StoreKit2 in-app purchase functionality and makes it easy to work with the App Store.
60 | @available(iOS 15.0, macOS 12.0, *)
61 | public class StoreHelper: ObservableObject {
| `- note: add '@available' attribute to enclosing class
62 |
63 | // MARK: - Public properties
:
344 | /// if the target is iOS 16.4+ or macOS 13.3+.
345 | /// - Returns: Returns true if the product has been purchased (or has an active subscription), false otherwise.
346 | @MainActor public func isPurchased(productId: ProductId, checkSuperceded: Bool = false) async throws -> Bool {
| `- note: add '@available' attribute to enclosing instance method
347 | var purchased = false
348 |
:
381 | // be 0...1 transactions. If it's a subscription there could be 0...many transactions.
382 | var latestDate: Date?
383 | for await verificationResult in Transaction.currentEntitlements(for: productId) {
| |- error: 'currentEntitlements(for:)' is only available in watchOS 11.4 or newer
| `- note: add 'if #available' version check
384 | // Only consider transactions that passed StoreKit's automatic verification.
385 | guard case .verified(let transaction) = verificationResult else { continue }
/Users/admin/builder/spi-builder-workspace/Sources/StoreHelper/Core/SubscriptionHelper.swift:495:60: error: 'groupLevel' is only available in watchOS 9.4 or newer
129 | ///
130 | @available(iOS 15.0, macOS 12.0, *)
131 | public struct SubscriptionHelper {
| `- note: add '@available' attribute to enclosing struct
132 | weak private var storeHelper: StoreHelper!
133 | private var storeConfiguration = StoreConfiguration()
:
470 | ///
471 | @available(iOS 16.4, macOS 13.3, tvOS 16.4, *)
472 | @MainActor public func highestValueActiveSubscription(in group: String, with groupId: String) async -> Product? {
| `- note: add '@available' attribute to enclosing instance method
473 | // The higher the value product, the LOWER the `Product.subscription.groupLevel` value.
474 | // The highest value product will have a `Product.subscription.groupLevel` value of 1.
:
493 | // Important: Remember, the higher the value product, the LOWER the `Product.subscription.groupLevel` value.
494 | // The highest value product will have a `Product.subscription.groupLevel` value of 1.
495 | return subscriptionProducts.min { $0.subscription?.groupLevel ?? Int.max < $1.subscription?.groupLevel ?? Int.max }
| |- error: 'groupLevel' is only available in watchOS 9.4 or newer
| `- note: add 'if #available' version check
496 | }
497 | }
SwiftCompile normal arm64_32 /Users/admin/builder/spi-builder-workspace/Sources/StoreHelper/Core/StoreConstants.swift (in target 'StoreHelper' from project 'StoreHelper')
cd /Users/admin/builder/spi-builder-workspace/.swiftpm/xcode
builtin-SwiftPerFileCompile StoreConstants.swift
SwiftCompile normal arm64_32 /Users/admin/builder/spi-builder-workspace/Sources/StoreHelper/Core/StoreHelper.swift (in target 'StoreHelper' from project 'StoreHelper')
cd /Users/admin/builder/spi-builder-workspace/.swiftpm/xcode
builtin-SwiftPerFileCompile StoreHelper.swift
SwiftCompile normal arm64_32 /Users/admin/builder/spi-builder-workspace/Sources/StoreHelper/Core/StoreLog.swift (in target 'StoreHelper' from project 'StoreHelper')
cd /Users/admin/builder/spi-builder-workspace/.swiftpm/xcode
builtin-SwiftPerFileCompile StoreLog.swift
SwiftCompile normal arm64_32 /Users/admin/builder/spi-builder-workspace/Sources/StoreHelper/Core/StoreNotification.swift (in target 'StoreHelper' from project 'StoreHelper')
cd /Users/admin/builder/spi-builder-workspace/.swiftpm/xcode
builtin-SwiftPerFileCompile StoreNotification.swift
SwiftCompile normal arm64_32 /Users/admin/builder/spi-builder-workspace/Sources/StoreHelper/Core/SubInfo.swift (in target 'StoreHelper' from project 'StoreHelper')
cd /Users/admin/builder/spi-builder-workspace/.swiftpm/xcode
builtin-SwiftPerFileCompile SubInfo.swift
SwiftCompile normal arm64_32 /Users/admin/builder/spi-builder-workspace/Sources/StoreHelper/Core/SubscriptionHelper.swift (in target 'StoreHelper' from project 'StoreHelper')
cd /Users/admin/builder/spi-builder-workspace/.swiftpm/xcode
builtin-SwiftPerFileCompile SubscriptionHelper.swift
SwiftCompile normal arm64_32 Compiling\ ProductListView.swift,\ ProductListViewRow.swift,\ ProductView.swift,\ PurchaseButton.swift,\ PurchaseInfoSheet.swift,\ PurchaseInfoView.swift /Users/admin/builder/spi-builder-workspace/Sources/StoreHelper/Views/Shared/ProductListView.swift /Users/admin/builder/spi-builder-workspace/Sources/StoreHelper/Views/Shared/ProductListViewRow.swift /Users/admin/builder/spi-builder-workspace/Sources/StoreHelper/Views/Shared/ProductView.swift /Users/admin/builder/spi-builder-workspace/Sources/StoreHelper/Views/Shared/PurchaseButton.swift /Users/admin/builder/spi-builder-workspace/Sources/StoreHelper/Views/Shared/PurchaseInfoSheet.swift /Users/admin/builder/spi-builder-workspace/Sources/StoreHelper/Views/Shared/PurchaseInfoView.swift (in target 'StoreHelper' from project 'StoreHelper')
SwiftCompile normal arm64_32 /Users/admin/builder/spi-builder-workspace/Sources/StoreHelper/Views/Shared/ProductListView.swift (in target 'StoreHelper' from project 'StoreHelper')
cd /Users/admin/builder/spi-builder-workspace/.swiftpm/xcode
builtin-SwiftPerFileCompile ProductListView.swift
SwiftCompile normal arm64_32 /Users/admin/builder/spi-builder-workspace/Sources/StoreHelper/Views/Shared/ProductListViewRow.swift (in target 'StoreHelper' from project 'StoreHelper')
cd /Users/admin/builder/spi-builder-workspace/.swiftpm/xcode
builtin-SwiftPerFileCompile ProductListViewRow.swift
SwiftCompile normal arm64_32 /Users/admin/builder/spi-builder-workspace/Sources/StoreHelper/Views/Shared/ProductView.swift (in target 'StoreHelper' from project 'StoreHelper')
cd /Users/admin/builder/spi-builder-workspace/.swiftpm/xcode
builtin-SwiftPerFileCompile ProductView.swift
SwiftCompile normal arm64_32 /Users/admin/builder/spi-builder-workspace/Sources/StoreHelper/Views/Shared/PurchaseButton.swift (in target 'StoreHelper' from project 'StoreHelper')
cd /Users/admin/builder/spi-builder-workspace/.swiftpm/xcode
builtin-SwiftPerFileCompile PurchaseButton.swift
SwiftCompile normal arm64_32 /Users/admin/builder/spi-builder-workspace/Sources/StoreHelper/Views/Shared/PurchaseInfoSheet.swift (in target 'StoreHelper' from project 'StoreHelper')
cd /Users/admin/builder/spi-builder-workspace/.swiftpm/xcode
builtin-SwiftPerFileCompile PurchaseInfoSheet.swift
SwiftCompile normal arm64_32 /Users/admin/builder/spi-builder-workspace/Sources/StoreHelper/Views/Shared/PurchaseInfoView.swift (in target 'StoreHelper' from project 'StoreHelper')
cd /Users/admin/builder/spi-builder-workspace/.swiftpm/xcode
builtin-SwiftPerFileCompile PurchaseInfoView.swift
/Users/admin/builder/spi-builder-workspace/Sources/StoreHelper/Views/Shared/PurchaseInfoSheet.swift:51:13: error: cannot find 'SheetBarView' in scope
49 | public var body: some View {
50 | VStack {
51 | SheetBarView(showSheet: $showPurchaseInfoSheet, title: "Purchase Information", sysImage: "creditcard.circle")
| `- error: cannot find 'SheetBarView' in scope
52 |
53 | Image(productId)
SwiftCompile normal arm64_32 Compiling\ SubscriptionOfferInfo.swift,\ SubscriptionTransactionInfo.swift,\ Buttons.swift,\ Fonts.swift,\ Images.swift,\ TapGesture.swift /Users/admin/builder/spi-builder-workspace/Sources/StoreHelper/Core/SubscriptionOfferInfo.swift /Users/admin/builder/spi-builder-workspace/Sources/StoreHelper/Core/SubscriptionTransactionInfo.swift /Users/admin/builder/spi-builder-workspace/Sources/StoreHelper/Styles/Shared/Buttons.swift /Users/admin/builder/spi-builder-workspace/Sources/StoreHelper/Styles/Shared/Fonts.swift /Users/admin/builder/spi-builder-workspace/Sources/StoreHelper/Styles/Shared/Images.swift /Users/admin/builder/spi-builder-workspace/Sources/StoreHelper/Styles/Shared/TapGesture.swift (in target 'StoreHelper' from project 'StoreHelper')
SwiftCompile normal arm64_32 /Users/admin/builder/spi-builder-workspace/Sources/StoreHelper/Core/SubscriptionOfferInfo.swift (in target 'StoreHelper' from project 'StoreHelper')
cd /Users/admin/builder/spi-builder-workspace/.swiftpm/xcode
builtin-SwiftPerFileCompile SubscriptionOfferInfo.swift
SwiftCompile normal arm64_32 /Users/admin/builder/spi-builder-workspace/Sources/StoreHelper/Core/SubscriptionTransactionInfo.swift (in target 'StoreHelper' from project 'StoreHelper')
cd /Users/admin/builder/spi-builder-workspace/.swiftpm/xcode
builtin-SwiftPerFileCompile SubscriptionTransactionInfo.swift
SwiftCompile normal arm64_32 /Users/admin/builder/spi-builder-workspace/Sources/StoreHelper/Styles/Shared/Buttons.swift (in target 'StoreHelper' from project 'StoreHelper')
cd /Users/admin/builder/spi-builder-workspace/.swiftpm/xcode
builtin-SwiftPerFileCompile Buttons.swift
SwiftCompile normal arm64_32 /Users/admin/builder/spi-builder-workspace/Sources/StoreHelper/Styles/Shared/Fonts.swift (in target 'StoreHelper' from project 'StoreHelper')
cd /Users/admin/builder/spi-builder-workspace/.swiftpm/xcode
builtin-SwiftPerFileCompile Fonts.swift
SwiftCompile normal arm64_32 /Users/admin/builder/spi-builder-workspace/Sources/StoreHelper/Styles/Shared/Images.swift (in target 'StoreHelper' from project 'StoreHelper')
cd /Users/admin/builder/spi-builder-workspace/.swiftpm/xcode
builtin-SwiftPerFileCompile Images.swift
SwiftCompile normal arm64_32 /Users/admin/builder/spi-builder-workspace/Sources/StoreHelper/Styles/Shared/TapGesture.swift (in target 'StoreHelper' from project 'StoreHelper')
cd /Users/admin/builder/spi-builder-workspace/.swiftpm/xcode
builtin-SwiftPerFileCompile TapGesture.swift
SwiftCompile normal arm64_32 Compiling\ resource_bundle_accessor.swift,\ AppGroupSupport.swift,\ AppStoreHelper.swift,\ KeychainHelper.swift,\ PrePurchaseSubscriptionInfo.swift,\ PurchaseInfo.swift /Users/admin/builder/spi-builder-workspace/.derivedData/Build/Intermediates.noindex/StoreHelper.build/Debug-watchos/StoreHelper-t.build/DerivedSources/resource_bundle_accessor.swift /Users/admin/builder/spi-builder-workspace/Sources/StoreHelper/Core/AppGroupSupport.swift /Users/admin/builder/spi-builder-workspace/Sources/StoreHelper/Core/AppStoreHelper.swift /Users/admin/builder/spi-builder-workspace/Sources/StoreHelper/Core/KeychainHelper.swift /Users/admin/builder/spi-builder-workspace/Sources/StoreHelper/Core/PrePurchaseSubscriptionInfo.swift /Users/admin/builder/spi-builder-workspace/Sources/StoreHelper/Core/PurchaseInfo.swift (in target 'StoreHelper' from project 'StoreHelper')
SwiftCompile normal arm64_32 /Users/admin/builder/spi-builder-workspace/.derivedData/Build/Intermediates.noindex/StoreHelper.build/Debug-watchos/StoreHelper-t.build/DerivedSources/resource_bundle_accessor.swift (in target 'StoreHelper' from project 'StoreHelper')
cd /Users/admin/builder/spi-builder-workspace/.swiftpm/xcode
builtin-SwiftPerFileCompile resource_bundle_accessor.swift
SwiftCompile normal arm64_32 /Users/admin/builder/spi-builder-workspace/Sources/StoreHelper/Core/AppGroupSupport.swift (in target 'StoreHelper' from project 'StoreHelper')
cd /Users/admin/builder/spi-builder-workspace/.swiftpm/xcode
builtin-SwiftPerFileCompile AppGroupSupport.swift
SwiftCompile normal arm64_32 /Users/admin/builder/spi-builder-workspace/Sources/StoreHelper/Core/AppStoreHelper.swift (in target 'StoreHelper' from project 'StoreHelper')
cd /Users/admin/builder/spi-builder-workspace/.swiftpm/xcode
builtin-SwiftPerFileCompile AppStoreHelper.swift
SwiftCompile normal arm64_32 /Users/admin/builder/spi-builder-workspace/Sources/StoreHelper/Core/KeychainHelper.swift (in target 'StoreHelper' from project 'StoreHelper')
cd /Users/admin/builder/spi-builder-workspace/.swiftpm/xcode
builtin-SwiftPerFileCompile KeychainHelper.swift
SwiftCompile normal arm64_32 /Users/admin/builder/spi-builder-workspace/Sources/StoreHelper/Core/PrePurchaseSubscriptionInfo.swift (in target 'StoreHelper' from project 'StoreHelper')
cd /Users/admin/builder/spi-builder-workspace/.swiftpm/xcode
builtin-SwiftPerFileCompile PrePurchaseSubscriptionInfo.swift
SwiftCompile normal arm64_32 /Users/admin/builder/spi-builder-workspace/Sources/StoreHelper/Core/PurchaseInfo.swift (in target 'StoreHelper' from project 'StoreHelper')
cd /Users/admin/builder/spi-builder-workspace/.swiftpm/xcode
builtin-SwiftPerFileCompile PurchaseInfo.swift
SwiftCompile normal arm64_32 Compiling\ ConsumableView.swift,\ ContactUsView.swift,\ PriceButtonText.swift,\ PriceButtonTextSubscription.swift,\ PriceView.swift,\ ProductInfoView.swift /Users/admin/builder/spi-builder-workspace/Sources/StoreHelper/Views/Shared/ConsumableView.swift /Users/admin/builder/spi-builder-workspace/Sources/StoreHelper/Views/Shared/ContactUsView.swift /Users/admin/builder/spi-builder-workspace/Sources/StoreHelper/Views/Shared/PriceButtonText.swift /Users/admin/builder/spi-builder-workspace/Sources/StoreHelper/Views/Shared/PriceButtonTextSubscription.swift /Users/admin/builder/spi-builder-workspace/Sources/StoreHelper/Views/Shared/PriceView.swift /Users/admin/builder/spi-builder-workspace/Sources/StoreHelper/Views/Shared/ProductInfoView.swift (in target 'StoreHelper' from project 'StoreHelper')
SwiftCompile normal arm64_32 /Users/admin/builder/spi-builder-workspace/Sources/StoreHelper/Views/Shared/ConsumableView.swift (in target 'StoreHelper' from project 'StoreHelper')
cd /Users/admin/builder/spi-builder-workspace/.swiftpm/xcode
builtin-SwiftPerFileCompile ConsumableView.swift
SwiftCompile normal arm64_32 /Users/admin/builder/spi-builder-workspace/Sources/StoreHelper/Views/Shared/ContactUsView.swift (in target 'StoreHelper' from project 'StoreHelper')
cd /Users/admin/builder/spi-builder-workspace/.swiftpm/xcode
builtin-SwiftPerFileCompile ContactUsView.swift
SwiftCompile normal arm64_32 /Users/admin/builder/spi-builder-workspace/Sources/StoreHelper/Views/Shared/PriceButtonText.swift (in target 'StoreHelper' from project 'StoreHelper')
cd /Users/admin/builder/spi-builder-workspace/.swiftpm/xcode
builtin-SwiftPerFileCompile PriceButtonText.swift
SwiftCompile normal arm64_32 /Users/admin/builder/spi-builder-workspace/Sources/StoreHelper/Views/Shared/PriceButtonTextSubscription.swift (in target 'StoreHelper' from project 'StoreHelper')
cd /Users/admin/builder/spi-builder-workspace/.swiftpm/xcode
builtin-SwiftPerFileCompile PriceButtonTextSubscription.swift
SwiftCompile normal arm64_32 /Users/admin/builder/spi-builder-workspace/Sources/StoreHelper/Views/Shared/PriceView.swift (in target 'StoreHelper' from project 'StoreHelper')
cd /Users/admin/builder/spi-builder-workspace/.swiftpm/xcode
builtin-SwiftPerFileCompile PriceView.swift
SwiftCompile normal arm64_32 /Users/admin/builder/spi-builder-workspace/Sources/StoreHelper/Views/Shared/ProductInfoView.swift (in target 'StoreHelper' from project 'StoreHelper')
cd /Users/admin/builder/spi-builder-workspace/.swiftpm/xcode
builtin-SwiftPerFileCompile ProductInfoView.swift
SwiftCompile normal arm64_32 Compiling\ OptionsViewModel.swift,\ PriceViewModel.swift,\ PurchaseInfoViewModel.swift,\ SubscriptionInfoViewModel.swift,\ BadgeView.swift,\ ConsumableBadgeView.swift /Users/admin/builder/spi-builder-workspace/Sources/StoreHelper/ViewModels/OptionsViewModel.swift /Users/admin/builder/spi-builder-workspace/Sources/StoreHelper/ViewModels/PriceViewModel.swift /Users/admin/builder/spi-builder-workspace/Sources/StoreHelper/ViewModels/PurchaseInfoViewModel.swift /Users/admin/builder/spi-builder-workspace/Sources/StoreHelper/ViewModels/SubscriptionInfoViewModel.swift /Users/admin/builder/spi-builder-workspace/Sources/StoreHelper/Views/Shared/BadgeView.swift /Users/admin/builder/spi-builder-workspace/Sources/StoreHelper/Views/Shared/ConsumableBadgeView.swift (in target 'StoreHelper' from project 'StoreHelper')
SwiftCompile normal arm64_32 /Users/admin/builder/spi-builder-workspace/Sources/StoreHelper/ViewModels/OptionsViewModel.swift (in target 'StoreHelper' from project 'StoreHelper')
cd /Users/admin/builder/spi-builder-workspace/.swiftpm/xcode
builtin-SwiftPerFileCompile OptionsViewModel.swift
SwiftCompile normal arm64_32 /Users/admin/builder/spi-builder-workspace/Sources/StoreHelper/ViewModels/PriceViewModel.swift (in target 'StoreHelper' from project 'StoreHelper')
cd /Users/admin/builder/spi-builder-workspace/.swiftpm/xcode
builtin-SwiftPerFileCompile PriceViewModel.swift
SwiftCompile normal arm64_32 /Users/admin/builder/spi-builder-workspace/Sources/StoreHelper/ViewModels/PurchaseInfoViewModel.swift (in target 'StoreHelper' from project 'StoreHelper')
cd /Users/admin/builder/spi-builder-workspace/.swiftpm/xcode
builtin-SwiftPerFileCompile PurchaseInfoViewModel.swift
SwiftCompile normal arm64_32 /Users/admin/builder/spi-builder-workspace/Sources/StoreHelper/ViewModels/SubscriptionInfoViewModel.swift (in target 'StoreHelper' from project 'StoreHelper')
cd /Users/admin/builder/spi-builder-workspace/.swiftpm/xcode
builtin-SwiftPerFileCompile SubscriptionInfoViewModel.swift
SwiftCompile normal arm64_32 /Users/admin/builder/spi-builder-workspace/Sources/StoreHelper/Views/Shared/BadgeView.swift (in target 'StoreHelper' from project 'StoreHelper')
cd /Users/admin/builder/spi-builder-workspace/.swiftpm/xcode
builtin-SwiftPerFileCompile BadgeView.swift
SwiftCompile normal arm64_32 /Users/admin/builder/spi-builder-workspace/Sources/StoreHelper/Views/Shared/ConsumableBadgeView.swift (in target 'StoreHelper' from project 'StoreHelper')
cd /Users/admin/builder/spi-builder-workspace/.swiftpm/xcode
builtin-SwiftPerFileCompile ConsumableBadgeView.swift
SwiftCompile normal arm64_32 Compiling\ SubscriptionListViewRow.swift,\ SubscriptionView.swift,\ TermsOfServiceView.swift,\ VersionInfo.swift,\ Products-ios.swift /Users/admin/builder/spi-builder-workspace/Sources/StoreHelper/Views/Shared/SubscriptionListViewRow.swift /Users/admin/builder/spi-builder-workspace/Sources/StoreHelper/Views/Shared/SubscriptionView.swift /Users/admin/builder/spi-builder-workspace/Sources/StoreHelper/Views/Shared/TermsOfServiceView.swift /Users/admin/builder/spi-builder-workspace/Sources/StoreHelper/Views/Shared/VersionInfo.swift /Users/admin/builder/spi-builder-workspace/Sources/StoreHelper/Views/iOS/Products-ios.swift (in target 'StoreHelper' from project 'StoreHelper')
SwiftCompile normal arm64_32 /Users/admin/builder/spi-builder-workspace/Sources/StoreHelper/Views/Shared/SubscriptionListViewRow.swift (in target 'StoreHelper' from project 'StoreHelper')
cd /Users/admin/builder/spi-builder-workspace/.swiftpm/xcode
builtin-SwiftPerFileCompile SubscriptionListViewRow.swift
SwiftCompile normal arm64_32 /Users/admin/builder/spi-builder-workspace/Sources/StoreHelper/Views/Shared/SubscriptionView.swift (in target 'StoreHelper' from project 'StoreHelper')
cd /Users/admin/builder/spi-builder-workspace/.swiftpm/xcode
builtin-SwiftPerFileCompile SubscriptionView.swift
SwiftCompile normal arm64_32 /Users/admin/builder/spi-builder-workspace/Sources/StoreHelper/Views/Shared/TermsOfServiceView.swift (in target 'StoreHelper' from project 'StoreHelper')
cd /Users/admin/builder/spi-builder-workspace/.swiftpm/xcode
builtin-SwiftPerFileCompile TermsOfServiceView.swift
SwiftCompile normal arm64_32 /Users/admin/builder/spi-builder-workspace/Sources/StoreHelper/Views/Shared/VersionInfo.swift (in target 'StoreHelper' from project 'StoreHelper')
cd /Users/admin/builder/spi-builder-workspace/.swiftpm/xcode
builtin-SwiftPerFileCompile VersionInfo.swift
SwiftCompile normal arm64_32 /Users/admin/builder/spi-builder-workspace/Sources/StoreHelper/Views/iOS/Products-ios.swift (in target 'StoreHelper' from project 'StoreHelper')
cd /Users/admin/builder/spi-builder-workspace/.swiftpm/xcode
builtin-SwiftPerFileCompile Products-ios.swift
SwiftCompile normal arm64_32 Compiling\ RefreshProductsView.swift,\ RestorePurchasesView.swift,\ StoreErrorView.swift,\ SubscriptionInfoSheet.swift,\ SubscriptionInfoView.swift /Users/admin/builder/spi-builder-workspace/Sources/StoreHelper/Views/Shared/RefreshProductsView.swift /Users/admin/builder/spi-builder-workspace/Sources/StoreHelper/Views/Shared/RestorePurchasesView.swift /Users/admin/builder/spi-builder-workspace/Sources/StoreHelper/Views/Shared/StoreErrorView.swift /Users/admin/builder/spi-builder-workspace/Sources/StoreHelper/Views/Shared/SubscriptionInfoSheet.swift /Users/admin/builder/spi-builder-workspace/Sources/StoreHelper/Views/Shared/SubscriptionInfoView.swift (in target 'StoreHelper' from project 'StoreHelper')
SwiftCompile normal arm64_32 /Users/admin/builder/spi-builder-workspace/Sources/StoreHelper/Views/Shared/RefreshProductsView.swift (in target 'StoreHelper' from project 'StoreHelper')
cd /Users/admin/builder/spi-builder-workspace/.swiftpm/xcode
builtin-SwiftPerFileCompile RefreshProductsView.swift
SwiftCompile normal arm64_32 /Users/admin/builder/spi-builder-workspace/Sources/StoreHelper/Views/Shared/RestorePurchasesView.swift (in target 'StoreHelper' from project 'StoreHelper')
cd /Users/admin/builder/spi-builder-workspace/.swiftpm/xcode
builtin-SwiftPerFileCompile RestorePurchasesView.swift
SwiftCompile normal arm64_32 /Users/admin/builder/spi-builder-workspace/Sources/StoreHelper/Views/Shared/StoreErrorView.swift (in target 'StoreHelper' from project 'StoreHelper')
cd /Users/admin/builder/spi-builder-workspace/.swiftpm/xcode
builtin-SwiftPerFileCompile StoreErrorView.swift
SwiftCompile normal arm64_32 /Users/admin/builder/spi-builder-workspace/Sources/StoreHelper/Views/Shared/SubscriptionInfoSheet.swift (in target 'StoreHelper' from project 'StoreHelper')
cd /Users/admin/builder/spi-builder-workspace/.swiftpm/xcode
builtin-SwiftPerFileCompile SubscriptionInfoSheet.swift
SwiftCompile normal arm64_32 /Users/admin/builder/spi-builder-workspace/Sources/StoreHelper/Views/Shared/SubscriptionInfoView.swift (in target 'StoreHelper' from project 'StoreHelper')
cd /Users/admin/builder/spi-builder-workspace/.swiftpm/xcode
builtin-SwiftPerFileCompile SubscriptionInfoView.swift
SwiftEmitModule normal arm64 Emitting\ module\ for\ StoreHelper (in target 'StoreHelper' from project 'StoreHelper')
SwiftCompile normal arm64 (in target 'StoreHelper' from project 'StoreHelper')
cd /Users/admin/builder/spi-builder-workspace/.swiftpm/xcode
PruneExplicitPrecompiledModules /Users/admin/builder/spi-builder-workspace/.derivedData/SDKExplicitPrecompiledModules
PruneExplicitPrecompiledModules /Users/admin/builder/spi-builder-workspace/.derivedData/Build/Intermediates.noindex/ExplicitPrecompiledModules
PruneExplicitPrecompiledModules /Users/admin/builder/spi-builder-workspace/.derivedData/Build/Intermediates.noindex/SwiftExplicitPrecompiledModules
2026-09-23 04:08:55.062 xcodebuild[1012:6393] [MT] IDERunDestination: Supported platforms for the buildables in the current scheme is empty.
** BUILD FAILED **
The following build commands failed:
SwiftEmitModule normal arm64_32 Emitting\ module\ for\ StoreHelper (in target 'StoreHelper' from project 'StoreHelper')
SwiftCompile normal arm64_32 (in target 'StoreHelper' from project 'StoreHelper')
Building workspace StoreHelper with scheme StoreHelper
(3 failures)
Command line invocation:
/Applications/Xcode-27.0.0-Release.Candidate.app/Contents/Developer/usr/bin/xcodebuild -IDEClonedSourcePackagesDirPathOverride=/Users/admin/builder/spi-builder-workspace/.dependencies -resolvePackageDependencies
Resolve Package Graph
Resolved source packages:
SymbolKit: https://github.com/swiftlang/swift-docc-symbolkit @ 1.0.0
StoreHelper: /Users/admin/builder/spi-builder-workspace
swift-collections: https://github.com/apple/swift-collections @ 1.7.0
SwiftDocCPlugin: https://github.com/apple/swift-docc-plugin.git @ 1.5.0
resolved source packages: SymbolKit, StoreHelper, swift-collections, SwiftDocCPlugin
2026-09-23 04:09:23.784 xcodebuild[1319:7929] [MT] IDERunDestination: Supported platforms for the buildables in the current scheme is empty.
{
"dependencies" : [
{
"identity" : "swift-collections",
"requirement" : {
"range" : [
{
"lower_bound" : "1.0.0",
"upper_bound" : "2.0.0"
}
]
},
"type" : "sourceControl",
"url" : "https://github.com/apple/swift-collections"
},
{
"identity" : "swift-docc-plugin",
"requirement" : {
"range" : [
{
"lower_bound" : "1.3.0",
"upper_bound" : "2.0.0"
}
]
},
"type" : "sourceControl",
"url" : "https://github.com/apple/swift-docc-plugin.git"
}
],
"manifest_display_name" : "StoreHelper",
"name" : "StoreHelper",
"path" : "/Users/admin/builder/spi-builder-workspace",
"platforms" : [
{
"name" : "ios",
"version" : "15.0"
},
{
"name" : "macos",
"version" : "12.0"
},
{
"name" : "visionos",
"version" : "1.0"
},
{
"name" : "tvos",
"version" : "15.0"
}
],
"products" : [
{
"name" : "StoreHelper",
"targets" : [
"StoreHelper"
],
"type" : {
"library" : [
"automatic"
]
}
}
],
"targets" : [
{
"c99name" : "StoreHelper",
"module_type" : "SwiftTarget",
"name" : "StoreHelper",
"path" : "Sources/StoreHelper",
"product_dependencies" : [
"OrderedCollections"
],
"product_memberships" : [
"StoreHelper"
],
"resources" : [
{
"path" : "/Users/admin/builder/spi-builder-workspace/Sources/StoreHelper/Resources/PrivacyInfo.xcprivacy",
"rule" : {
"process" : {
}
}
},
{
"path" : "/Users/admin/builder/spi-builder-workspace/Sources/StoreHelper/Resources/storehelper-logo.png",
"rule" : {
"process" : {
}
}
}
],
"sources" : [
"Core/AppGroupSupport.swift",
"Core/AppStoreHelper.swift",
"Core/KeychainHelper.swift",
"Core/PrePurchaseSubscriptionInfo.swift",
"Core/PurchaseInfo.swift",
"Core/StoreConstants.swift",
"Core/StoreHelper.swift",
"Core/StoreLog.swift",
"Core/StoreNotification.swift",
"Core/SubInfo.swift",
"Core/SubscriptionHelper.swift",
"Core/SubscriptionOfferInfo.swift",
"Core/SubscriptionTransactionInfo.swift",
"Styles/Shared/Buttons.swift",
"Styles/Shared/Fonts.swift",
"Styles/Shared/Images.swift",
"Styles/Shared/TapGesture.swift",
"Styles/iOS/Image-ios.swift",
"Styles/macOS/Image-macos.swift",
"Util/Configuration.swift",
"Util/PropertyFile.swift",
"Util/StoreConfiguration.swift",
"Util/Utils.swift",
"ViewModels/OptionsViewModel.swift",
"ViewModels/PriceViewModel.swift",
"ViewModels/PurchaseInfoViewModel.swift",
"ViewModels/SubscriptionInfoViewModel.swift",
"Views/Shared/BadgeView.swift",
"Views/Shared/ConsumableBadgeView.swift",
"Views/Shared/ConsumableView.swift",
"Views/Shared/ContactUsView.swift",
"Views/Shared/PriceButtonText.swift",
"Views/Shared/PriceButtonTextSubscription.swift",
"Views/Shared/PriceView.swift",
"Views/Shared/ProductInfoView.swift",
"Views/Shared/ProductListView.swift",
"Views/Shared/ProductListViewRow.swift",
"Views/Shared/ProductView.swift",
"Views/Shared/PurchaseButton.swift",
"Views/Shared/PurchaseInfoSheet.swift",
"Views/Shared/PurchaseInfoView.swift",
"Views/Shared/RefreshProductsView.swift",
"Views/Shared/RestorePurchasesView.swift",
"Views/Shared/StoreErrorView.swift",
"Views/Shared/SubscriptionInfoSheet.swift",
"Views/Shared/SubscriptionInfoView.swift",
"Views/Shared/SubscriptionListViewRow.swift",
"Views/Shared/SubscriptionView.swift",
"Views/Shared/TermsOfServiceView.swift",
"Views/Shared/VersionInfo.swift",
"Views/iOS/Products-ios.swift",
"Views/iOS/PurchaseManagement-ios.swift",
"Views/iOS/RedeemOfferCodeView-ios.swift",
"Views/iOS/SheetBarView-ios.swift",
"Views/macOS/Products-macos.swift",
"Views/macOS/SheetBarView-macos.swift"
],
"type" : "library"
}
],
"tools_version" : "5.9"
}
{
"workspace" : {
"name" : "StoreHelper",
"schemes" : [
"StoreHelper"
]
}
}
2026-09-23 04:09:43.591 xcodebuild[1377:8338] [MT] IDERunDestination: Supported platforms for the buildables in the current scheme is empty.
Running build ...
env DEVELOPER_DIR=/Applications/Xcode-27.0.0-Release.Candidate.app xcrun xcodebuild -IDEClonedSourcePackagesDirPathOverride=$PWD/.dependencies -skipMacroValidation -skipPackagePluginValidation -derivedDataPath $PWD/.derivedData build -scheme StoreHelper -destination generic/platform=watchOS
Command line invocation:
/Applications/Xcode-27.0.0-Release.Candidate.app/Contents/Developer/usr/bin/xcodebuild -IDEClonedSourcePackagesDirPathOverride=/Users/admin/builder/spi-builder-workspace/.dependencies -skipMacroValidation -skipPackagePluginValidation -derivedDataPath /Users/admin/builder/spi-builder-workspace/.derivedData build -scheme StoreHelper -destination generic/platform=watchOS
Resolve Package Graph
Resolved source packages:
SymbolKit: https://github.com/swiftlang/swift-docc-symbolkit @ 1.0.0
swift-collections: https://github.com/apple/swift-collections @ 1.7.0
StoreHelper: /Users/admin/builder/spi-builder-workspace
SwiftDocCPlugin: https://github.com/apple/swift-docc-plugin.git @ 1.5.0
ComputePackagePrebuildTargetDependencyGraph
Prepare packages
CreateBuildRequest
SendProjectDescription
CreateBuildOperation
ComputeTargetDependencyGraph
note: Building targets in dependency order
note: Target dependency graph (6 targets)
Target 'StoreHelper-product' in project 'StoreHelper'
➜ Explicit dependency on target 'StoreHelper' in project 'StoreHelper'
➜ Explicit dependency on target 'StoreHelper_StoreHelper' in project 'StoreHelper'
➜ Explicit dependency on target 'OrderedCollections-product' in project 'swift-collections'
Target 'StoreHelper' in project 'StoreHelper'
➜ Explicit dependency on target 'StoreHelper_StoreHelper' in project 'StoreHelper'
➜ Explicit dependency on target 'OrderedCollections-product' in project 'swift-collections'
Target 'OrderedCollections-product' in project 'swift-collections'
➜ Explicit dependency on target 'OrderedCollections' in project 'swift-collections'
➜ Explicit dependency on target 'InternalCollectionsUtilities' in project 'swift-collections'
Target 'OrderedCollections' in project 'swift-collections'
➜ Explicit dependency on target 'InternalCollectionsUtilities' in project 'swift-collections'
Target 'InternalCollectionsUtilities' in project 'swift-collections' (no dependencies)
Target 'StoreHelper_StoreHelper' in project 'StoreHelper' (no dependencies)
GatherProvisioningInputs
CreateBuildDescription
ClangStatCache /Applications/Xcode-27.0.0-Release.Candidate.app/Contents/Developer/Toolchains/XcodeDefault.xctoolchain/usr/bin/clang-stat-cache /Applications/Xcode-27.0.0-Release.Candidate.app/Contents/Developer/Platforms/WatchOS.platform/Developer/SDKs/WatchOS27.0.sdk /Users/admin/builder/spi-builder-workspace/.derivedData/SDKStatCaches.noindex/watchos27.0-24R360-e829b21a6f8c9b70876ba0858053c04477534ef55a1706bf4c1112bbb242f0a2.sdkstatcache
cd /Users/admin/builder/spi-builder-workspace/.swiftpm/xcode
/Applications/Xcode-27.0.0-Release.Candidate.app/Contents/Developer/Toolchains/XcodeDefault.xctoolchain/usr/bin/clang-stat-cache /Applications/Xcode-27.0.0-Release.Candidate.app/Contents/Developer/Platforms/WatchOS.platform/Developer/SDKs/WatchOS27.0.sdk -o /Users/admin/builder/spi-builder-workspace/.derivedData/SDKStatCaches.noindex/watchos27.0-24R360-e829b21a6f8c9b70876ba0858053c04477534ef55a1706bf4c1112bbb242f0a2.sdkstatcache
SwiftDriver StoreHelper normal arm64 com.apple.xcode.tools.swift.compiler (in target 'StoreHelper' from project 'StoreHelper')
cd /Users/admin/builder/spi-builder-workspace/.swiftpm/xcode
builtin-SwiftDriver -- /Applications/Xcode-27.0.0-Release.Candidate.app/Contents/Developer/Toolchains/XcodeDefault.xctoolchain/usr/bin/swiftc -parse-as-library -module-name StoreHelper -Onone @/Users/admin/builder/spi-builder-workspace/.derivedData/Build/Intermediates.noindex/StoreHelper.build/Debug-watchos/StoreHelper-t.build/Objects-normal/arm64/StoreHelper.SwiftFileList -DSWIFT_PACKAGE -DDEBUG -DSWIFT_MODULE_RESOURCE_BUNDLE_AVAILABLE -DXcode -plugin-path /Applications/Xcode-27.0.0-Release.Candidate.app/Contents/Developer/Toolchains/XcodeDefault.xctoolchain/usr/lib/swift/host/plugins/testing -enable-experimental-feature DebugDescriptionMacro -sdk /Applications/Xcode-27.0.0-Release.Candidate.app/Contents/Developer/Platforms/WatchOS.platform/Developer/SDKs/WatchOS27.0.sdk -target arm64-apple-watchos9.0 -g -module-cache-path /Users/admin/builder/spi-builder-workspace/.derivedData/ModuleCache.noindex -Xfrontend -serialize-debugging-options -enable-testing -index-store-path /Users/admin/builder/spi-builder-workspace/.derivedData/Index.noindex/DataStore -Xcc -D_LIBCPP_HARDENING_MODE\=_LIBCPP_HARDENING_MODE_DEBUG -swift-version 5 -I /Users/admin/builder/spi-builder-workspace/.derivedData/Build/Products/Debug-watchos -Isystem /Applications/Xcode-27.0.0-Release.Candidate.app/Contents/Developer/Platforms/WatchOS.platform/Developer/usr/lib -F /Users/admin/builder/spi-builder-workspace/.derivedData/Build/Products/Debug-watchos/PackageFrameworks -F /Users/admin/builder/spi-builder-workspace/.derivedData/Build/Products/Debug-watchos -F /Applications/Xcode-27.0.0-Release.Candidate.app/Contents/Developer/Platforms/WatchOS.platform/Developer/Library/Frameworks -F /Applications/Xcode-27.0.0-Release.Candidate.app/Contents/Developer/Platforms/WatchOS.platform/Developer/SDKs/WatchOS27.0.sdk/Developer/Library/Frameworks -c -j10 -enable-batch-mode -incremental -Xcc -ivfsstatcache -Xcc /Users/admin/builder/spi-builder-workspace/.derivedData/SDKStatCaches.noindex/watchos27.0-24R360-e829b21a6f8c9b70876ba0858053c04477534ef55a1706bf4c1112bbb242f0a2.sdkstatcache -output-file-map /Users/admin/builder/spi-builder-workspace/.derivedData/Build/Intermediates.noindex/StoreHelper.build/Debug-watchos/StoreHelper-t.build/Objects-normal/arm64/StoreHelper-OutputFileMap.json -save-temps -no-color-diagnostics -explicit-module-build -module-cache-path /Users/admin/builder/spi-builder-workspace/.derivedData/Build/Intermediates.noindex/SwiftExplicitPrecompiledModules -clang-scanner-module-cache-path /Users/admin/builder/spi-builder-workspace/.derivedData/ModuleCache.noindex -sdk-module-cache-path /Users/admin/builder/spi-builder-workspace/.derivedData/SDKExplicitPrecompiledModules -emit-dependencies -emit-module -emit-module-path /Users/admin/builder/spi-builder-workspace/.derivedData/Build/Intermediates.noindex/StoreHelper.build/Debug-watchos/StoreHelper-t.build/Objects-normal/arm64/StoreHelper.swiftmodule -serialize-diagnostics -dependency-scan-serialize-diagnostics-path /Users/admin/builder/spi-builder-workspace/.derivedData/Build/Intermediates.noindex/StoreHelper.build/Debug-watchos/StoreHelper-t.build/Objects-normal/arm64/StoreHelper-dependency-scan.dia -validate-clang-modules-once -clang-build-session-file /Users/admin/builder/spi-builder-workspace/.derivedData/ModuleCache.noindex/Session.modulevalidation -Xcc -fmodules-prune-interval\=86400 -Xcc -fmodules-prune-after\=345600 -package-name spi_builder_workspace -emit-const-values -const-gather-protocols-list /Users/admin/builder/spi-builder-workspace/.derivedData/Build/Intermediates.noindex/StoreHelper.build/Debug-watchos/StoreHelper-t.build/Objects-normal/arm64/StoreHelper_const_extract_protocols.json -Xcc -I/Users/admin/builder/spi-builder-workspace/.derivedData/Build/Products/Debug-watchos/include -Xcc -I/Users/admin/builder/spi-builder-workspace/.derivedData/Build/Intermediates.noindex/StoreHelper.build/Debug-watchos/StoreHelper-t.build/DerivedSources-normal/arm64 -Xcc -I/Users/admin/builder/spi-builder-workspace/.derivedData/Build/Intermediates.noindex/StoreHelper.build/Debug-watchos/StoreHelper-t.build/DerivedSources/arm64 -Xcc -I/Users/admin/builder/spi-builder-workspace/.derivedData/Build/Intermediates.noindex/StoreHelper.build/Debug-watchos/StoreHelper-t.build/DerivedSources -Xcc -DSWIFT_PACKAGE -Xcc -DDEBUG\=1 -emit-objc-header -emit-objc-header-path /Users/admin/builder/spi-builder-workspace/.derivedData/Build/Intermediates.noindex/StoreHelper.build/Debug-watchos/StoreHelper-t.build/Objects-normal/arm64/StoreHelper-Swift.h -working-directory /Users/admin/builder/spi-builder-workspace/.swiftpm/xcode -experimental-emit-module-separately -disable-cmo
SwiftDriver StoreHelper normal arm64_32 com.apple.xcode.tools.swift.compiler (in target 'StoreHelper' from project 'StoreHelper')
cd /Users/admin/builder/spi-builder-workspace/.swiftpm/xcode
builtin-SwiftDriver -- /Applications/Xcode-27.0.0-Release.Candidate.app/Contents/Developer/Toolchains/XcodeDefault.xctoolchain/usr/bin/swiftc -parse-as-library -module-name StoreHelper -Onone @/Users/admin/builder/spi-builder-workspace/.derivedData/Build/Intermediates.noindex/StoreHelper.build/Debug-watchos/StoreHelper-t.build/Objects-normal/arm64_32/StoreHelper.SwiftFileList -DSWIFT_PACKAGE -DDEBUG -DSWIFT_MODULE_RESOURCE_BUNDLE_AVAILABLE -DXcode -plugin-path /Applications/Xcode-27.0.0-Release.Candidate.app/Contents/Developer/Toolchains/XcodeDefault.xctoolchain/usr/lib/swift/host/plugins/testing -enable-experimental-feature DebugDescriptionMacro -sdk /Applications/Xcode-27.0.0-Release.Candidate.app/Contents/Developer/Platforms/WatchOS.platform/Developer/SDKs/WatchOS27.0.sdk -target arm64_32-apple-watchos9.0 -g -module-cache-path /Users/admin/builder/spi-builder-workspace/.derivedData/ModuleCache.noindex -Xfrontend -serialize-debugging-options -enable-testing -index-store-path /Users/admin/builder/spi-builder-workspace/.derivedData/Index.noindex/DataStore -Xcc -D_LIBCPP_HARDENING_MODE\=_LIBCPP_HARDENING_MODE_DEBUG -swift-version 5 -I /Users/admin/builder/spi-builder-workspace/.derivedData/Build/Products/Debug-watchos -Isystem /Applications/Xcode-27.0.0-Release.Candidate.app/Contents/Developer/Platforms/WatchOS.platform/Developer/usr/lib -F /Users/admin/builder/spi-builder-workspace/.derivedData/Build/Products/Debug-watchos/PackageFrameworks -F /Users/admin/builder/spi-builder-workspace/.derivedData/Build/Products/Debug-watchos -F /Applications/Xcode-27.0.0-Release.Candidate.app/Contents/Developer/Platforms/WatchOS.platform/Developer/Library/Frameworks -F /Applications/Xcode-27.0.0-Release.Candidate.app/Contents/Developer/Platforms/WatchOS.platform/Developer/SDKs/WatchOS27.0.sdk/Developer/Library/Frameworks -c -j10 -enable-batch-mode -incremental -Xcc -ivfsstatcache -Xcc /Users/admin/builder/spi-builder-workspace/.derivedData/SDKStatCaches.noindex/watchos27.0-24R360-e829b21a6f8c9b70876ba0858053c04477534ef55a1706bf4c1112bbb242f0a2.sdkstatcache -output-file-map /Users/admin/builder/spi-builder-workspace/.derivedData/Build/Intermediates.noindex/StoreHelper.build/Debug-watchos/StoreHelper-t.build/Objects-normal/arm64_32/StoreHelper-OutputFileMap.json -save-temps -no-color-diagnostics -explicit-module-build -module-cache-path /Users/admin/builder/spi-builder-workspace/.derivedData/Build/Intermediates.noindex/SwiftExplicitPrecompiledModules -clang-scanner-module-cache-path /Users/admin/builder/spi-builder-workspace/.derivedData/ModuleCache.noindex -sdk-module-cache-path /Users/admin/builder/spi-builder-workspace/.derivedData/SDKExplicitPrecompiledModules -emit-dependencies -emit-module -emit-module-path /Users/admin/builder/spi-builder-workspace/.derivedData/Build/Intermediates.noindex/StoreHelper.build/Debug-watchos/StoreHelper-t.build/Objects-normal/arm64_32/StoreHelper.swiftmodule -serialize-diagnostics -dependency-scan-serialize-diagnostics-path /Users/admin/builder/spi-builder-workspace/.derivedData/Build/Intermediates.noindex/StoreHelper.build/Debug-watchos/StoreHelper-t.build/Objects-normal/arm64_32/StoreHelper-dependency-scan.dia -validate-clang-modules-once -clang-build-session-file /Users/admin/builder/spi-builder-workspace/.derivedData/ModuleCache.noindex/Session.modulevalidation -Xcc -fmodules-prune-interval\=86400 -Xcc -fmodules-prune-after\=345600 -package-name spi_builder_workspace -emit-const-values -const-gather-protocols-list /Users/admin/builder/spi-builder-workspace/.derivedData/Build/Intermediates.noindex/StoreHelper.build/Debug-watchos/StoreHelper-t.build/Objects-normal/arm64_32/StoreHelper_const_extract_protocols.json -Xcc -I/Users/admin/builder/spi-builder-workspace/.derivedData/Build/Products/Debug-watchos/include -Xcc -I/Users/admin/builder/spi-builder-workspace/.derivedData/Build/Intermediates.noindex/StoreHelper.build/Debug-watchos/StoreHelper-t.build/DerivedSources-normal/arm64_32 -Xcc -I/Users/admin/builder/spi-builder-workspace/.derivedData/Build/Intermediates.noindex/StoreHelper.build/Debug-watchos/StoreHelper-t.build/DerivedSources/arm64_32 -Xcc -I/Users/admin/builder/spi-builder-workspace/.derivedData/Build/Intermediates.noindex/StoreHelper.build/Debug-watchos/StoreHelper-t.build/DerivedSources -Xcc -DSWIFT_PACKAGE -Xcc -DDEBUG\=1 -emit-objc-header -emit-objc-header-path /Users/admin/builder/spi-builder-workspace/.derivedData/Build/Intermediates.noindex/StoreHelper.build/Debug-watchos/StoreHelper-t.build/Objects-normal/arm64_32/StoreHelper-Swift.h -working-directory /Users/admin/builder/spi-builder-workspace/.swiftpm/xcode -experimental-emit-module-separately -disable-cmo
SwiftEmitModule normal arm64_32 Emitting\ module\ for\ StoreHelper (in target 'StoreHelper' from project 'StoreHelper')
/Users/admin/builder/spi-builder-workspace/Sources/StoreHelper/Core/AppStoreHelper.swift:127:17: error: cannot override 'paymentQueue' which has been marked unavailable
125 | ///
126 | /// This method is required if you have in-app purchase promotions defined in App Store Connect.
127 | public func paymentQueue(_ queue: SKPaymentQueue, shouldAddStorePayment payment: SKPayment, for product: SKProduct) -> Bool {
| `- error: cannot override 'paymentQueue' which has been marked unavailable
128 | if let handler = storeHelper?.shouldAddStorePaymentHandler { return handler(payment, product) }
129 | return true
/Applications/Xcode-27.0.0-Release.Candidate.app/Contents/Developer/Platforms/WatchOS.platform/Developer/SDKs/WatchOS27.0.sdk/System/Library/Frameworks/StoreKit.framework/Headers/SKPaymentQueue.h:110:1: note: 'paymentQueue(_:shouldAddStorePayment:for:)' has been explicitly marked unavailable here
108 |
109 | // Sent when a user initiates an IAP buy from the App Store
110 | - (BOOL)paymentQueue:(SKPaymentQueue *)queue shouldAddStorePayment:(SKPayment *)payment forProduct:(SKProduct *)product NS_SWIFT_NAME(paymentQueue(_:shouldAddStorePayment:for:)) API_DEPRECATED("Use PurchaseIntent.intents.", ios(11.0, 18.0), tvos(11.0, 18.0), macos(11.0, 15.0), macCatalyst(14.0, 18.0), visionos(1.0, 2.0)) API_UNAVAILABLE(watchos);
| `- note: 'paymentQueue(_:shouldAddStorePayment:for:)' has been explicitly marked unavailable here
111 |
112 | - (void)paymentQueueDidChangeStorefront:(SKPaymentQueue *)queue API_DEPRECATED("Use Storefront.updates.", ios(13.0, 18.0), tvos(13.0, 18.0), macos(10.15, 15.0), watchos(6.2, 11.0), visionos(1.0, 2.0));
Failed frontend command:
SwiftCompile normal arm64_32 (in target 'StoreHelper' from project 'StoreHelper')
cd /Users/admin/builder/spi-builder-workspace/.swiftpm/xcode
/Applications/Xcode-27.0.0-Release.Candidate.app/Contents/Developer/Toolchains/XcodeDefault.xctoolchain/usr/bin/swift-frontend -frontend -emit-module -experimental-skip-non-inlinable-function-bodies-without-types /Users/admin/builder/spi-builder-workspace/.derivedData/Build/Intermediates.noindex/StoreHelper.build/Debug-watchos/StoreHelper-t.build/DerivedSources/resource_bundle_accessor.swift /Users/admin/builder/spi-builder-workspace/Sources/StoreHelper/Core/AppGroupSupport.swift /Users/admin/builder/spi-builder-workspace/Sources/StoreHelper/Core/AppStoreHelper.swift /Users/admin/builder/spi-builder-workspace/Sources/StoreHelper/Core/KeychainHelper.swift /Users/admin/builder/spi-builder-workspace/Sources/StoreHelper/Core/PrePurchaseSubscriptionInfo.swift /Users/admin/builder/spi-builder-workspace/Sources/StoreHelper/Core/PurchaseInfo.swift /Users/admin/builder/spi-builder-workspace/Sources/StoreHelper/Core/StoreConstants.swift /Users/admin/builder/spi-builder-workspace/Sources/StoreHelper/Core/StoreHelper.swift /Users/admin/builder/spi-builder-workspace/Sources/StoreHelper/Core/StoreLog.swift /Users/admin/builder/spi-builder-workspace/Sources/StoreHelper/Core/StoreNotification.swift /Users/admin/builder/spi-builder-workspace/Sources/StoreHelper/Core/SubInfo.swift /Users/admin/builder/spi-builder-workspace/Sources/StoreHelper/Core/SubscriptionHelper.swift /Users/admin/builder/spi-builder-workspace/Sources/StoreHelper/Core/SubscriptionOfferInfo.swift /Users/admin/builder/spi-builder-workspace/Sources/StoreHelper/Core/SubscriptionTransactionInfo.swift /Users/admin/builder/spi-builder-workspace/Sources/StoreHelper/Styles/Shared/Buttons.swift /Users/admin/builder/spi-builder-workspace/Sources/StoreHelper/Styles/Shared/Fonts.swift /Users/admin/builder/spi-builder-workspace/Sources/StoreHelper/Styles/Shared/Images.swift /Users/admin/builder/spi-builder-workspace/Sources/StoreHelper/Styles/Shared/TapGesture.swift /Users/admin/builder/spi-builder-workspace/Sources/StoreHelper/Styles/iOS/Image-ios.swift /Users/admin/builder/spi-builder-workspace/Sources/StoreHelper/Styles/macOS/Image-macos.swift /Users/admin/builder/spi-builder-workspace/Sources/StoreHelper/Util/Configuration.swift /Users/admin/builder/spi-builder-workspace/Sources/StoreHelper/Util/PropertyFile.swift /Users/admin/builder/spi-builder-workspace/Sources/StoreHelper/Util/StoreConfiguration.swift /Users/admin/builder/spi-builder-workspace/Sources/StoreHelper/Util/Utils.swift /Users/admin/builder/spi-builder-workspace/Sources/StoreHelper/ViewModels/OptionsViewModel.swift /Users/admin/builder/spi-builder-workspace/Sources/StoreHelper/ViewModels/PriceViewModel.swift /Users/admin/builder/spi-builder-workspace/Sources/StoreHelper/ViewModels/PurchaseInfoViewModel.swift /Users/admin/builder/spi-builder-workspace/Sources/StoreHelper/ViewModels/SubscriptionInfoViewModel.swift /Users/admin/builder/spi-builder-workspace/Sources/StoreHelper/Views/Shared/BadgeView.swift /Users/admin/builder/spi-builder-workspace/Sources/StoreHelper/Views/Shared/ConsumableBadgeView.swift /Users/admin/builder/spi-builder-workspace/Sources/StoreHelper/Views/Shared/ConsumableView.swift /Users/admin/builder/spi-builder-workspace/Sources/StoreHelper/Views/Shared/ContactUsView.swift /Users/admin/builder/spi-builder-workspace/Sources/StoreHelper/Views/Shared/PriceButtonText.swift /Users/admin/builder/spi-builder-workspace/Sources/StoreHelper/Views/Shared/PriceButtonTextSubscription.swift /Users/admin/builder/spi-builder-workspace/Sources/StoreHelper/Views/Shared/PriceView.swift /Users/admin/builder/spi-builder-workspace/Sources/StoreHelper/Views/Shared/ProductInfoView.swift /Users/admin/builder/spi-builder-workspace/Sources/StoreHelper/Views/Shared/ProductListView.swift /Users/admin/builder/spi-builder-workspace/Sources/StoreHelper/Views/Shared/ProductListViewRow.swift /Users/admin/builder/spi-builder-workspace/Sources/StoreHelper/Views/Shared/ProductView.swift /Users/admin/builder/spi-builder-workspace/Sources/StoreHelper/Views/Shared/PurchaseButton.swift /Users/admin/builder/spi-builder-workspace/Sources/StoreHelper/Views/Shared/PurchaseInfoSheet.swift /Users/admin/builder/spi-builder-workspace/Sources/StoreHelper/Views/Shared/PurchaseInfoView.swift /Users/admin/builder/spi-builder-workspace/Sources/StoreHelper/Views/Shared/RefreshProductsView.swift /Users/admin/builder/spi-builder-workspace/Sources/StoreHelper/Views/Shared/RestorePurchasesView.swift /Users/admin/builder/spi-builder-workspace/Sources/StoreHelper/Views/Shared/StoreErrorView.swift /Users/admin/builder/spi-builder-workspace/Sources/StoreHelper/Views/Shared/SubscriptionInfoSheet.swift /Users/admin/builder/spi-builder-workspace/Sources/StoreHelper/Views/Shared/SubscriptionInfoView.swift /Users/admin/builder/spi-builder-workspace/Sources/StoreHelper/Views/Shared/SubscriptionListViewRow.swift /Users/admin/builder/spi-builder-workspace/Sources/StoreHelper/Views/Shared/SubscriptionView.swift /Users/admin/builder/spi-builder-workspace/Sources/StoreHelper/Views/Shared/TermsOfServiceView.swift /Users/admin/builder/spi-builder-workspace/Sources/StoreHelper/Views/Shared/VersionInfo.swift /Users/admin/builder/spi-builder-workspace/Sources/StoreHelper/Views/iOS/Products-ios.swift /Users/admin/builder/spi-builder-workspace/Sources/StoreHelper/Views/iOS/PurchaseManagement-ios.swift /Users/admin/builder/spi-builder-workspace/Sources/StoreHelper/Views/iOS/RedeemOfferCodeView-ios.swift /Users/admin/builder/spi-builder-workspace/Sources/StoreHelper/Views/iOS/SheetBarView-ios.swift /Users/admin/builder/spi-builder-workspace/Sources/StoreHelper/Views/macOS/Products-macos.swift /Users/admin/builder/spi-builder-workspace/Sources/StoreHelper/Views/macOS/SheetBarView-macos.swift -target arm64_32-apple-watchos9.0 -module-can-import-version UIKit 9127.0.84.1 9127.0.84 -module-can-import-version WidgetKit 749 749.0.0 -disable-cross-import-overlay-search -swift-module-cross-import StoreKit /Applications/Xcode-27.0.0-Release.Candidate.app/Contents/Developer/Platforms/WatchOS.platform/Developer/SDKs/WatchOS.sdk/System/Library/Frameworks/StoreKit.framework/Modules/StoreKit.swiftcrossimport/SwiftUI.swiftoverlay -swift-module-cross-import StoreKit /Applications/Xcode-27.0.0-Release.Candidate.app/Contents/Developer/Platforms/WatchOS.platform/Developer/SDKs/WatchOS27.0.sdk/System/Library/Frameworks/StoreKit.framework/Modules/StoreKit.swiftcrossimport/SwiftUI.swiftoverlay -load-resolved-plugin /Applications/Xcode-27.0.0-Release.Candidate.app/Contents/Developer/Platforms/WatchOS.platform/Developer/usr/lib/swift/host/plugins/libAppIntentsMacros.dylib\#/Applications/Xcode-27.0.0-Release.Candidate.app/Contents/Developer/Platforms/WatchOS.platform/Developer/usr/bin/swift-plugin-server\#AppIntentsMacros -load-resolved-plugin /Applications/Xcode-27.0.0-Release.Candidate.app/Contents/Developer/Platforms/WatchOS.platform/Developer/usr/lib/swift/host/plugins/libFoundationMacros.dylib\#/Applications/Xcode-27.0.0-Release.Candidate.app/Contents/Developer/Platforms/WatchOS.platform/Developer/usr/bin/swift-plugin-server\#FoundationMacros -load-resolved-plugin /Applications/Xcode-27.0.0-Release.Candidate.app/Contents/Developer/Platforms/WatchOS.platform/Developer/usr/lib/swift/host/plugins/libObservationMacros.dylib\#/Applications/Xcode-27.0.0-Release.Candidate.app/Contents/Developer/Platforms/WatchOS.platform/Developer/usr/bin/swift-plugin-server\#ObservationMacros -load-resolved-plugin /Applications/Xcode-27.0.0-Release.Candidate.app/Contents/Developer/Platforms/WatchOS.platform/Developer/usr/lib/swift/host/plugins/libPreviewsMacros.dylib\#/Applications/Xcode-27.0.0-Release.Candidate.app/Contents/Developer/Platforms/WatchOS.platform/Developer/usr/bin/swift-plugin-server\#PreviewsMacros -load-resolved-plugin /Applications/Xcode-27.0.0-Release.Candidate.app/Contents/Developer/Platforms/WatchOS.platform/Developer/usr/lib/swift/host/plugins/libSwiftMacros.dylib\#/Applications/Xcode-27.0.0-Release.Candidate.app/Contents/Developer/Platforms/WatchOS.platform/Developer/usr/bin/swift-plugin-server\#SwiftMacros -load-resolved-plugin /Applications/Xcode-27.0.0-Release.Candidate.app/Contents/Developer/Platforms/WatchOS.platform/Developer/usr/lib/swift/host/plugins/libSwiftUIMacros.dylib\#/Applications/Xcode-27.0.0-Release.Candidate.app/Contents/Developer/Platforms/WatchOS.platform/Developer/usr/bin/swift-plugin-server\#SwiftUIMacros -disable-implicit-swift-modules -Xcc -fno-implicit-modules -Xcc -fno-implicit-module-maps -explicit-swift-module-map-file /Users/admin/builder/spi-builder-workspace/.derivedData/Build/Intermediates.noindex/StoreHelper.build/Debug-watchos/StoreHelper-t.build/Objects-normal/arm64_32/StoreHelper-dependencies-1.json -enable-objc-interop -sdk /Applications/Xcode-27.0.0-Release.Candidate.app/Contents/Developer/Platforms/WatchOS.platform/Developer/SDKs/WatchOS27.0.sdk -I /Users/admin/builder/spi-builder-workspace/.derivedData/Build/Products/Debug-watchos -Isystem /Applications/Xcode-27.0.0-Release.Candidate.app/Contents/Developer/Platforms/WatchOS.platform/Developer/usr/lib -F /Users/admin/builder/spi-builder-workspace/.derivedData/Build/Products/Debug-watchos/PackageFrameworks -F /Users/admin/builder/spi-builder-workspace/.derivedData/Build/Products/Debug-watchos -F /Applications/Xcode-27.0.0-Release.Candidate.app/Contents/Developer/Platforms/WatchOS.platform/Developer/Library/Frameworks -F /Applications/Xcode-27.0.0-Release.Candidate.app/Contents/Developer/Platforms/WatchOS.platform/Developer/SDKs/WatchOS27.0.sdk/Developer/Library/Frameworks -module-cache-path /Users/admin/builder/spi-builder-workspace/.derivedData/Build/Intermediates.noindex/SwiftExplicitPrecompiledModules -no-color-diagnostics -Xcc -fno-color-diagnostics -enable-testing -g -debug-info-format\=dwarf -dwarf-version\=4 -swift-version 5 -Onone -D SWIFT_PACKAGE -D DEBUG -D SWIFT_MODULE_RESOURCE_BUNDLE_AVAILABLE -D Xcode -serialize-debugging-options -enable-experimental-feature DebugDescriptionMacro -empty-abi-descriptor -validate-clang-modules-once -clang-build-session-file /Users/admin/builder/spi-builder-workspace/.derivedData/ModuleCache.noindex/Session.modulevalidation -Xcc -working-directory -Xcc /Users/admin/builder/spi-builder-workspace/.swiftpm/xcode -enable-anonymous-context-mangled-names -file-compilation-dir /Users/admin/builder/spi-builder-workspace/.swiftpm/xcode -Xcc -D_LIBCPP_HARDENING_MODE\=_LIBCPP_HARDENING_MODE_DEBUG -Xcc -ivfsstatcache -Xcc /Users/admin/builder/spi-builder-workspace/.derivedData/SDKStatCaches.noindex/watchos27.0-24R360-e829b21a6f8c9b70876ba0858053c04477534ef55a1706bf4c1112bbb242f0a2.sdkstatcache -Xcc -fmodules-prune-interval\=86400 -Xcc -fmodules-prune-after\=345600 -Xcc -I/Users/admin/builder/spi-builder-workspace/.derivedData/Build/Products/Debug-watchos/include -Xcc -I/Users/admin/builder/spi-builder-workspace/.derivedData/Build/Intermediates.noindex/StoreHelper.build/Debug-watchos/StoreHelper-t.build/DerivedSources-normal/arm64_32 -Xcc -I/Users/admin/builder/spi-builder-workspace/.derivedData/Build/Intermediates.noindex/StoreHelper.build/Debug-watchos/StoreHelper-t.build/DerivedSources/arm64_32 -Xcc -I/Users/admin/builder/spi-builder-workspace/.derivedData/Build/Intermediates.noindex/StoreHelper.build/Debug-watchos/StoreHelper-t.build/DerivedSources -Xcc -DSWIFT_PACKAGE -Xcc -DDEBUG\=1 -no-auto-bridging-header-chaining -module-name StoreHelper -package-name spi_builder_workspace -const-gather-protocols-file /Users/admin/builder/spi-builder-workspace/.derivedData/Build/Intermediates.noindex/StoreHelper.build/Debug-watchos/StoreHelper-t.build/Objects-normal/arm64_32/StoreHelper_const_extract_protocols.json -disable-clang-spi -clang-target arm64_32-apple-watchos27.0 -target-sdk-version 27.0 -target-sdk-name watchos27.0 -in-process-plugin-server-path /Applications/Xcode-27.0.0-Release.Candidate.app/Contents/Developer/Toolchains/XcodeDefault.xctoolchain/usr/lib/swift/host/libSwiftInProcPluginServer.dylib -emit-module-doc-path /Users/admin/builder/spi-builder-workspace/.derivedData/Build/Intermediates.noindex/StoreHelper.build/Debug-watchos/StoreHelper-t.build/Objects-normal/arm64_32/StoreHelper.swiftdoc -emit-module-source-info-path /Users/admin/builder/spi-builder-workspace/.derivedData/Build/Intermediates.noindex/StoreHelper.build/Debug-watchos/StoreHelper-t.build/Objects-normal/arm64_32/StoreHelper.swiftsourceinfo -emit-objc-header-path /Users/admin/builder/spi-builder-workspace/.derivedData/Build/Intermediates.noindex/StoreHelper.build/Debug-watchos/StoreHelper-t.build/Objects-normal/arm64_32/StoreHelper-Swift.h -serialize-diagnostics-path /Users/admin/builder/spi-builder-workspace/.derivedData/Build/Intermediates.noindex/StoreHelper.build/Debug-watchos/StoreHelper-t.build/Objects-normal/arm64_32/StoreHelper-primary-emit-module.dia -emit-dependencies-path /Users/admin/builder/spi-builder-workspace/.derivedData/Build/Intermediates.noindex/StoreHelper.build/Debug-watchos/StoreHelper-t.build/Objects-normal/arm64_32/StoreHelper-primary-emit-module.d -parse-as-library -o /Users/admin/builder/spi-builder-workspace/.derivedData/Build/Intermediates.noindex/StoreHelper.build/Debug-watchos/StoreHelper-t.build/Objects-normal/arm64_32/StoreHelper.swiftmodule -emit-abi-descriptor-path /Users/admin/builder/spi-builder-workspace/.derivedData/Build/Intermediates.noindex/StoreHelper.build/Debug-watchos/StoreHelper-t.build/Objects-normal/arm64_32/StoreHelper.abi.json
SwiftCompile normal arm64_32 Compiling\ OptionsViewModel.swift,\ PriceViewModel.swift,\ PurchaseInfoViewModel.swift,\ SubscriptionInfoViewModel.swift,\ BadgeView.swift,\ ConsumableBadgeView.swift /Users/admin/builder/spi-builder-workspace/Sources/StoreHelper/ViewModels/OptionsViewModel.swift /Users/admin/builder/spi-builder-workspace/Sources/StoreHelper/ViewModels/PriceViewModel.swift /Users/admin/builder/spi-builder-workspace/Sources/StoreHelper/ViewModels/PurchaseInfoViewModel.swift /Users/admin/builder/spi-builder-workspace/Sources/StoreHelper/ViewModels/SubscriptionInfoViewModel.swift /Users/admin/builder/spi-builder-workspace/Sources/StoreHelper/Views/Shared/BadgeView.swift /Users/admin/builder/spi-builder-workspace/Sources/StoreHelper/Views/Shared/ConsumableBadgeView.swift (in target 'StoreHelper' from project 'StoreHelper')
SwiftCompile normal arm64_32 /Users/admin/builder/spi-builder-workspace/Sources/StoreHelper/ViewModels/OptionsViewModel.swift (in target 'StoreHelper' from project 'StoreHelper')
cd /Users/admin/builder/spi-builder-workspace/.swiftpm/xcode
builtin-SwiftPerFileCompile OptionsViewModel.swift
SwiftCompile normal arm64_32 /Users/admin/builder/spi-builder-workspace/Sources/StoreHelper/ViewModels/PriceViewModel.swift (in target 'StoreHelper' from project 'StoreHelper')
cd /Users/admin/builder/spi-builder-workspace/.swiftpm/xcode
builtin-SwiftPerFileCompile PriceViewModel.swift
SwiftCompile normal arm64_32 /Users/admin/builder/spi-builder-workspace/Sources/StoreHelper/ViewModels/PurchaseInfoViewModel.swift (in target 'StoreHelper' from project 'StoreHelper')
cd /Users/admin/builder/spi-builder-workspace/.swiftpm/xcode
builtin-SwiftPerFileCompile PurchaseInfoViewModel.swift
SwiftCompile normal arm64_32 /Users/admin/builder/spi-builder-workspace/Sources/StoreHelper/ViewModels/SubscriptionInfoViewModel.swift (in target 'StoreHelper' from project 'StoreHelper')
cd /Users/admin/builder/spi-builder-workspace/.swiftpm/xcode
builtin-SwiftPerFileCompile SubscriptionInfoViewModel.swift
SwiftCompile normal arm64_32 /Users/admin/builder/spi-builder-workspace/Sources/StoreHelper/Views/Shared/BadgeView.swift (in target 'StoreHelper' from project 'StoreHelper')
cd /Users/admin/builder/spi-builder-workspace/.swiftpm/xcode
builtin-SwiftPerFileCompile BadgeView.swift
SwiftCompile normal arm64_32 /Users/admin/builder/spi-builder-workspace/Sources/StoreHelper/Views/Shared/ConsumableBadgeView.swift (in target 'StoreHelper' from project 'StoreHelper')
cd /Users/admin/builder/spi-builder-workspace/.swiftpm/xcode
builtin-SwiftPerFileCompile ConsumableBadgeView.swift
SwiftCompile normal arm64_32 Compiling\ ConsumableView.swift,\ ContactUsView.swift,\ PriceButtonText.swift,\ PriceButtonTextSubscription.swift,\ PriceView.swift,\ ProductInfoView.swift /Users/admin/builder/spi-builder-workspace/Sources/StoreHelper/Views/Shared/ConsumableView.swift /Users/admin/builder/spi-builder-workspace/Sources/StoreHelper/Views/Shared/ContactUsView.swift /Users/admin/builder/spi-builder-workspace/Sources/StoreHelper/Views/Shared/PriceButtonText.swift /Users/admin/builder/spi-builder-workspace/Sources/StoreHelper/Views/Shared/PriceButtonTextSubscription.swift /Users/admin/builder/spi-builder-workspace/Sources/StoreHelper/Views/Shared/PriceView.swift /Users/admin/builder/spi-builder-workspace/Sources/StoreHelper/Views/Shared/ProductInfoView.swift (in target 'StoreHelper' from project 'StoreHelper')
SwiftCompile normal arm64_32 /Users/admin/builder/spi-builder-workspace/Sources/StoreHelper/Views/Shared/ConsumableView.swift (in target 'StoreHelper' from project 'StoreHelper')
cd /Users/admin/builder/spi-builder-workspace/.swiftpm/xcode
builtin-SwiftPerFileCompile ConsumableView.swift
SwiftCompile normal arm64_32 /Users/admin/builder/spi-builder-workspace/Sources/StoreHelper/Views/Shared/ContactUsView.swift (in target 'StoreHelper' from project 'StoreHelper')
cd /Users/admin/builder/spi-builder-workspace/.swiftpm/xcode
builtin-SwiftPerFileCompile ContactUsView.swift
SwiftCompile normal arm64_32 /Users/admin/builder/spi-builder-workspace/Sources/StoreHelper/Views/Shared/PriceButtonText.swift (in target 'StoreHelper' from project 'StoreHelper')
cd /Users/admin/builder/spi-builder-workspace/.swiftpm/xcode
builtin-SwiftPerFileCompile PriceButtonText.swift
SwiftCompile normal arm64_32 /Users/admin/builder/spi-builder-workspace/Sources/StoreHelper/Views/Shared/PriceButtonTextSubscription.swift (in target 'StoreHelper' from project 'StoreHelper')
cd /Users/admin/builder/spi-builder-workspace/.swiftpm/xcode
builtin-SwiftPerFileCompile PriceButtonTextSubscription.swift
SwiftCompile normal arm64_32 /Users/admin/builder/spi-builder-workspace/Sources/StoreHelper/Views/Shared/PriceView.swift (in target 'StoreHelper' from project 'StoreHelper')
cd /Users/admin/builder/spi-builder-workspace/.swiftpm/xcode
builtin-SwiftPerFileCompile PriceView.swift
SwiftCompile normal arm64_32 /Users/admin/builder/spi-builder-workspace/Sources/StoreHelper/Views/Shared/ProductInfoView.swift (in target 'StoreHelper' from project 'StoreHelper')
cd /Users/admin/builder/spi-builder-workspace/.swiftpm/xcode
builtin-SwiftPerFileCompile ProductInfoView.swift
SwiftCompile normal arm64_32 Compiling\ Image-ios.swift,\ Image-macos.swift,\ Configuration.swift,\ PropertyFile.swift,\ StoreConfiguration.swift,\ Utils.swift /Users/admin/builder/spi-builder-workspace/Sources/StoreHelper/Styles/iOS/Image-ios.swift /Users/admin/builder/spi-builder-workspace/Sources/StoreHelper/Styles/macOS/Image-macos.swift /Users/admin/builder/spi-builder-workspace/Sources/StoreHelper/Util/Configuration.swift /Users/admin/builder/spi-builder-workspace/Sources/StoreHelper/Util/PropertyFile.swift /Users/admin/builder/spi-builder-workspace/Sources/StoreHelper/Util/StoreConfiguration.swift /Users/admin/builder/spi-builder-workspace/Sources/StoreHelper/Util/Utils.swift (in target 'StoreHelper' from project 'StoreHelper')
SwiftCompile normal arm64_32 /Users/admin/builder/spi-builder-workspace/Sources/StoreHelper/Styles/iOS/Image-ios.swift (in target 'StoreHelper' from project 'StoreHelper')
cd /Users/admin/builder/spi-builder-workspace/.swiftpm/xcode
builtin-SwiftPerFileCompile Image-ios.swift
SwiftCompile normal arm64_32 /Users/admin/builder/spi-builder-workspace/Sources/StoreHelper/Styles/macOS/Image-macos.swift (in target 'StoreHelper' from project 'StoreHelper')
cd /Users/admin/builder/spi-builder-workspace/.swiftpm/xcode
builtin-SwiftPerFileCompile Image-macos.swift
SwiftCompile normal arm64_32 /Users/admin/builder/spi-builder-workspace/Sources/StoreHelper/Util/Configuration.swift (in target 'StoreHelper' from project 'StoreHelper')
cd /Users/admin/builder/spi-builder-workspace/.swiftpm/xcode
builtin-SwiftPerFileCompile Configuration.swift
SwiftCompile normal arm64_32 /Users/admin/builder/spi-builder-workspace/Sources/StoreHelper/Util/PropertyFile.swift (in target 'StoreHelper' from project 'StoreHelper')
cd /Users/admin/builder/spi-builder-workspace/.swiftpm/xcode
builtin-SwiftPerFileCompile PropertyFile.swift
SwiftCompile normal arm64_32 /Users/admin/builder/spi-builder-workspace/Sources/StoreHelper/Util/StoreConfiguration.swift (in target 'StoreHelper' from project 'StoreHelper')
cd /Users/admin/builder/spi-builder-workspace/.swiftpm/xcode
builtin-SwiftPerFileCompile StoreConfiguration.swift
SwiftCompile normal arm64_32 /Users/admin/builder/spi-builder-workspace/Sources/StoreHelper/Util/Utils.swift (in target 'StoreHelper' from project 'StoreHelper')
cd /Users/admin/builder/spi-builder-workspace/.swiftpm/xcode
builtin-SwiftPerFileCompile Utils.swift
SwiftCompile normal arm64_32 Compiling\ ProductListView.swift,\ ProductListViewRow.swift,\ ProductView.swift,\ PurchaseButton.swift,\ PurchaseInfoSheet.swift,\ PurchaseInfoView.swift /Users/admin/builder/spi-builder-workspace/Sources/StoreHelper/Views/Shared/ProductListView.swift /Users/admin/builder/spi-builder-workspace/Sources/StoreHelper/Views/Shared/ProductListViewRow.swift /Users/admin/builder/spi-builder-workspace/Sources/StoreHelper/Views/Shared/ProductView.swift /Users/admin/builder/spi-builder-workspace/Sources/StoreHelper/Views/Shared/PurchaseButton.swift /Users/admin/builder/spi-builder-workspace/Sources/StoreHelper/Views/Shared/PurchaseInfoSheet.swift /Users/admin/builder/spi-builder-workspace/Sources/StoreHelper/Views/Shared/PurchaseInfoView.swift (in target 'StoreHelper' from project 'StoreHelper')
SwiftCompile normal arm64_32 /Users/admin/builder/spi-builder-workspace/Sources/StoreHelper/Views/Shared/ProductListView.swift (in target 'StoreHelper' from project 'StoreHelper')
cd /Users/admin/builder/spi-builder-workspace/.swiftpm/xcode
builtin-SwiftPerFileCompile ProductListView.swift
SwiftCompile normal arm64_32 /Users/admin/builder/spi-builder-workspace/Sources/StoreHelper/Views/Shared/ProductListViewRow.swift (in target 'StoreHelper' from project 'StoreHelper')
cd /Users/admin/builder/spi-builder-workspace/.swiftpm/xcode
builtin-SwiftPerFileCompile ProductListViewRow.swift
SwiftCompile normal arm64_32 /Users/admin/builder/spi-builder-workspace/Sources/StoreHelper/Views/Shared/ProductView.swift (in target 'StoreHelper' from project 'StoreHelper')
cd /Users/admin/builder/spi-builder-workspace/.swiftpm/xcode
builtin-SwiftPerFileCompile ProductView.swift
SwiftCompile normal arm64_32 /Users/admin/builder/spi-builder-workspace/Sources/StoreHelper/Views/Shared/PurchaseButton.swift (in target 'StoreHelper' from project 'StoreHelper')
cd /Users/admin/builder/spi-builder-workspace/.swiftpm/xcode
builtin-SwiftPerFileCompile PurchaseButton.swift
SwiftCompile normal arm64_32 /Users/admin/builder/spi-builder-workspace/Sources/StoreHelper/Views/Shared/PurchaseInfoSheet.swift (in target 'StoreHelper' from project 'StoreHelper')
cd /Users/admin/builder/spi-builder-workspace/.swiftpm/xcode
builtin-SwiftPerFileCompile PurchaseInfoSheet.swift
SwiftCompile normal arm64_32 /Users/admin/builder/spi-builder-workspace/Sources/StoreHelper/Views/Shared/PurchaseInfoView.swift (in target 'StoreHelper' from project 'StoreHelper')
cd /Users/admin/builder/spi-builder-workspace/.swiftpm/xcode
builtin-SwiftPerFileCompile PurchaseInfoView.swift
/Users/admin/builder/spi-builder-workspace/Sources/StoreHelper/Views/Shared/PurchaseInfoSheet.swift:51:13: error: cannot find 'SheetBarView' in scope
49 | public var body: some View {
50 | VStack {
51 | SheetBarView(showSheet: $showPurchaseInfoSheet, title: "Purchase Information", sysImage: "creditcard.circle")
| `- error: cannot find 'SheetBarView' in scope
52 |
53 | Image(productId)
SwiftCompile normal arm64_32 Compiling\ SubscriptionOfferInfo.swift,\ SubscriptionTransactionInfo.swift,\ Buttons.swift,\ Fonts.swift,\ Images.swift,\ TapGesture.swift /Users/admin/builder/spi-builder-workspace/Sources/StoreHelper/Core/SubscriptionOfferInfo.swift /Users/admin/builder/spi-builder-workspace/Sources/StoreHelper/Core/SubscriptionTransactionInfo.swift /Users/admin/builder/spi-builder-workspace/Sources/StoreHelper/Styles/Shared/Buttons.swift /Users/admin/builder/spi-builder-workspace/Sources/StoreHelper/Styles/Shared/Fonts.swift /Users/admin/builder/spi-builder-workspace/Sources/StoreHelper/Styles/Shared/Images.swift /Users/admin/builder/spi-builder-workspace/Sources/StoreHelper/Styles/Shared/TapGesture.swift (in target 'StoreHelper' from project 'StoreHelper')
SwiftCompile normal arm64_32 /Users/admin/builder/spi-builder-workspace/Sources/StoreHelper/Core/SubscriptionOfferInfo.swift (in target 'StoreHelper' from project 'StoreHelper')
cd /Users/admin/builder/spi-builder-workspace/.swiftpm/xcode
builtin-SwiftPerFileCompile SubscriptionOfferInfo.swift
SwiftCompile normal arm64_32 /Users/admin/builder/spi-builder-workspace/Sources/StoreHelper/Core/SubscriptionTransactionInfo.swift (in target 'StoreHelper' from project 'StoreHelper')
cd /Users/admin/builder/spi-builder-workspace/.swiftpm/xcode
builtin-SwiftPerFileCompile SubscriptionTransactionInfo.swift
SwiftCompile normal arm64_32 /Users/admin/builder/spi-builder-workspace/Sources/StoreHelper/Styles/Shared/Buttons.swift (in target 'StoreHelper' from project 'StoreHelper')
cd /Users/admin/builder/spi-builder-workspace/.swiftpm/xcode
builtin-SwiftPerFileCompile Buttons.swift
SwiftCompile normal arm64_32 /Users/admin/builder/spi-builder-workspace/Sources/StoreHelper/Styles/Shared/Fonts.swift (in target 'StoreHelper' from project 'StoreHelper')
cd /Users/admin/builder/spi-builder-workspace/.swiftpm/xcode
builtin-SwiftPerFileCompile Fonts.swift
SwiftCompile normal arm64_32 /Users/admin/builder/spi-builder-workspace/Sources/StoreHelper/Styles/Shared/Images.swift (in target 'StoreHelper' from project 'StoreHelper')
cd /Users/admin/builder/spi-builder-workspace/.swiftpm/xcode
builtin-SwiftPerFileCompile Images.swift
SwiftCompile normal arm64_32 /Users/admin/builder/spi-builder-workspace/Sources/StoreHelper/Styles/Shared/TapGesture.swift (in target 'StoreHelper' from project 'StoreHelper')
cd /Users/admin/builder/spi-builder-workspace/.swiftpm/xcode
builtin-SwiftPerFileCompile TapGesture.swift
SwiftCompile normal arm64_32 Compiling\ StoreConstants.swift,\ StoreHelper.swift,\ StoreLog.swift,\ StoreNotification.swift,\ SubInfo.swift,\ SubscriptionHelper.swift /Users/admin/builder/spi-builder-workspace/Sources/StoreHelper/Core/StoreConstants.swift /Users/admin/builder/spi-builder-workspace/Sources/StoreHelper/Core/StoreHelper.swift /Users/admin/builder/spi-builder-workspace/Sources/StoreHelper/Core/StoreLog.swift /Users/admin/builder/spi-builder-workspace/Sources/StoreHelper/Core/StoreNotification.swift /Users/admin/builder/spi-builder-workspace/Sources/StoreHelper/Core/SubInfo.swift /Users/admin/builder/spi-builder-workspace/Sources/StoreHelper/Core/SubscriptionHelper.swift (in target 'StoreHelper' from project 'StoreHelper')
/Users/admin/builder/spi-builder-workspace/Sources/StoreHelper/Core/StoreHelper.swift:383:57: error: 'currentEntitlements(for:)' is only available in watchOS 11.4 or newer
59 | /// StoreHelper encapsulates StoreKit2 in-app purchase functionality and makes it easy to work with the App Store.
60 | @available(iOS 15.0, macOS 12.0, *)
61 | public class StoreHelper: ObservableObject {
| `- note: add '@available' attribute to enclosing class
62 |
63 | // MARK: - Public properties
:
344 | /// if the target is iOS 16.4+ or macOS 13.3+.
345 | /// - Returns: Returns true if the product has been purchased (or has an active subscription), false otherwise.
346 | @MainActor public func isPurchased(productId: ProductId, checkSuperceded: Bool = false) async throws -> Bool {
| `- note: add '@available' attribute to enclosing instance method
347 | var purchased = false
348 |
:
381 | // be 0...1 transactions. If it's a subscription there could be 0...many transactions.
382 | var latestDate: Date?
383 | for await verificationResult in Transaction.currentEntitlements(for: productId) {
| |- error: 'currentEntitlements(for:)' is only available in watchOS 11.4 or newer
| `- note: add 'if #available' version check
384 | // Only consider transactions that passed StoreKit's automatic verification.
385 | guard case .verified(let transaction) = verificationResult else { continue }
/Users/admin/builder/spi-builder-workspace/Sources/StoreHelper/Core/SubscriptionHelper.swift:495:60: error: 'groupLevel' is only available in watchOS 9.4 or newer
129 | ///
130 | @available(iOS 15.0, macOS 12.0, *)
131 | public struct SubscriptionHelper {
| `- note: add '@available' attribute to enclosing struct
132 | weak private var storeHelper: StoreHelper!
133 | private var storeConfiguration = StoreConfiguration()
:
470 | ///
471 | @available(iOS 16.4, macOS 13.3, tvOS 16.4, *)
472 | @MainActor public func highestValueActiveSubscription(in group: String, with groupId: String) async -> Product? {
| `- note: add '@available' attribute to enclosing instance method
473 | // The higher the value product, the LOWER the `Product.subscription.groupLevel` value.
474 | // The highest value product will have a `Product.subscription.groupLevel` value of 1.
:
493 | // Important: Remember, the higher the value product, the LOWER the `Product.subscription.groupLevel` value.
494 | // The highest value product will have a `Product.subscription.groupLevel` value of 1.
495 | return subscriptionProducts.min { $0.subscription?.groupLevel ?? Int.max < $1.subscription?.groupLevel ?? Int.max }
| |- error: 'groupLevel' is only available in watchOS 9.4 or newer
| `- note: add 'if #available' version check
496 | }
497 | }
SwiftCompile normal arm64_32 /Users/admin/builder/spi-builder-workspace/Sources/StoreHelper/Core/StoreConstants.swift (in target 'StoreHelper' from project 'StoreHelper')
cd /Users/admin/builder/spi-builder-workspace/.swiftpm/xcode
builtin-SwiftPerFileCompile StoreConstants.swift
SwiftCompile normal arm64_32 /Users/admin/builder/spi-builder-workspace/Sources/StoreHelper/Core/StoreHelper.swift (in target 'StoreHelper' from project 'StoreHelper')
cd /Users/admin/builder/spi-builder-workspace/.swiftpm/xcode
builtin-SwiftPerFileCompile StoreHelper.swift
SwiftCompile normal arm64_32 /Users/admin/builder/spi-builder-workspace/Sources/StoreHelper/Core/StoreLog.swift (in target 'StoreHelper' from project 'StoreHelper')
cd /Users/admin/builder/spi-builder-workspace/.swiftpm/xcode
builtin-SwiftPerFileCompile StoreLog.swift
SwiftCompile normal arm64_32 /Users/admin/builder/spi-builder-workspace/Sources/StoreHelper/Core/StoreNotification.swift (in target 'StoreHelper' from project 'StoreHelper')
cd /Users/admin/builder/spi-builder-workspace/.swiftpm/xcode
builtin-SwiftPerFileCompile StoreNotification.swift
SwiftCompile normal arm64_32 /Users/admin/builder/spi-builder-workspace/Sources/StoreHelper/Core/SubInfo.swift (in target 'StoreHelper' from project 'StoreHelper')
cd /Users/admin/builder/spi-builder-workspace/.swiftpm/xcode
builtin-SwiftPerFileCompile SubInfo.swift
SwiftCompile normal arm64_32 /Users/admin/builder/spi-builder-workspace/Sources/StoreHelper/Core/SubscriptionHelper.swift (in target 'StoreHelper' from project 'StoreHelper')
cd /Users/admin/builder/spi-builder-workspace/.swiftpm/xcode
builtin-SwiftPerFileCompile SubscriptionHelper.swift
SwiftCompile normal arm64_32 Compiling\ RefreshProductsView.swift,\ RestorePurchasesView.swift,\ StoreErrorView.swift,\ SubscriptionInfoSheet.swift,\ SubscriptionInfoView.swift /Users/admin/builder/spi-builder-workspace/Sources/StoreHelper/Views/Shared/RefreshProductsView.swift /Users/admin/builder/spi-builder-workspace/Sources/StoreHelper/Views/Shared/RestorePurchasesView.swift /Users/admin/builder/spi-builder-workspace/Sources/StoreHelper/Views/Shared/StoreErrorView.swift /Users/admin/builder/spi-builder-workspace/Sources/StoreHelper/Views/Shared/SubscriptionInfoSheet.swift /Users/admin/builder/spi-builder-workspace/Sources/StoreHelper/Views/Shared/SubscriptionInfoView.swift (in target 'StoreHelper' from project 'StoreHelper')
SwiftCompile normal arm64_32 /Users/admin/builder/spi-builder-workspace/Sources/StoreHelper/Views/Shared/RefreshProductsView.swift (in target 'StoreHelper' from project 'StoreHelper')
cd /Users/admin/builder/spi-builder-workspace/.swiftpm/xcode
builtin-SwiftPerFileCompile RefreshProductsView.swift
SwiftCompile normal arm64_32 /Users/admin/builder/spi-builder-workspace/Sources/StoreHelper/Views/Shared/RestorePurchasesView.swift (in target 'StoreHelper' from project 'StoreHelper')
cd /Users/admin/builder/spi-builder-workspace/.swiftpm/xcode
builtin-SwiftPerFileCompile RestorePurchasesView.swift
SwiftCompile normal arm64_32 /Users/admin/builder/spi-builder-workspace/Sources/StoreHelper/Views/Shared/StoreErrorView.swift (in target 'StoreHelper' from project 'StoreHelper')
cd /Users/admin/builder/spi-builder-workspace/.swiftpm/xcode
builtin-SwiftPerFileCompile StoreErrorView.swift
SwiftCompile normal arm64_32 /Users/admin/builder/spi-builder-workspace/Sources/StoreHelper/Views/Shared/SubscriptionInfoSheet.swift (in target 'StoreHelper' from project 'StoreHelper')
cd /Users/admin/builder/spi-builder-workspace/.swiftpm/xcode
builtin-SwiftPerFileCompile SubscriptionInfoSheet.swift
SwiftCompile normal arm64_32 /Users/admin/builder/spi-builder-workspace/Sources/StoreHelper/Views/Shared/SubscriptionInfoView.swift (in target 'StoreHelper' from project 'StoreHelper')
cd /Users/admin/builder/spi-builder-workspace/.swiftpm/xcode
builtin-SwiftPerFileCompile SubscriptionInfoView.swift
SwiftCompile normal arm64_32 Compiling\ PurchaseManagement-ios.swift,\ RedeemOfferCodeView-ios.swift,\ SheetBarView-ios.swift,\ Products-macos.swift,\ SheetBarView-macos.swift /Users/admin/builder/spi-builder-workspace/Sources/StoreHelper/Views/iOS/PurchaseManagement-ios.swift /Users/admin/builder/spi-builder-workspace/Sources/StoreHelper/Views/iOS/RedeemOfferCodeView-ios.swift /Users/admin/builder/spi-builder-workspace/Sources/StoreHelper/Views/iOS/SheetBarView-ios.swift /Users/admin/builder/spi-builder-workspace/Sources/StoreHelper/Views/macOS/Products-macos.swift /Users/admin/builder/spi-builder-workspace/Sources/StoreHelper/Views/macOS/SheetBarView-macos.swift (in target 'StoreHelper' from project 'StoreHelper')
SwiftCompile normal arm64_32 /Users/admin/builder/spi-builder-workspace/Sources/StoreHelper/Views/iOS/PurchaseManagement-ios.swift (in target 'StoreHelper' from project 'StoreHelper')
cd /Users/admin/builder/spi-builder-workspace/.swiftpm/xcode
builtin-SwiftPerFileCompile PurchaseManagement-ios.swift
SwiftCompile normal arm64_32 /Users/admin/builder/spi-builder-workspace/Sources/StoreHelper/Views/iOS/RedeemOfferCodeView-ios.swift (in target 'StoreHelper' from project 'StoreHelper')
cd /Users/admin/builder/spi-builder-workspace/.swiftpm/xcode
builtin-SwiftPerFileCompile RedeemOfferCodeView-ios.swift
SwiftCompile normal arm64_32 /Users/admin/builder/spi-builder-workspace/Sources/StoreHelper/Views/iOS/SheetBarView-ios.swift (in target 'StoreHelper' from project 'StoreHelper')
cd /Users/admin/builder/spi-builder-workspace/.swiftpm/xcode
builtin-SwiftPerFileCompile SheetBarView-ios.swift
SwiftCompile normal arm64_32 /Users/admin/builder/spi-builder-workspace/Sources/StoreHelper/Views/macOS/Products-macos.swift (in target 'StoreHelper' from project 'StoreHelper')
cd /Users/admin/builder/spi-builder-workspace/.swiftpm/xcode
builtin-SwiftPerFileCompile Products-macos.swift
SwiftCompile normal arm64_32 /Users/admin/builder/spi-builder-workspace/Sources/StoreHelper/Views/macOS/SheetBarView-macos.swift (in target 'StoreHelper' from project 'StoreHelper')
cd /Users/admin/builder/spi-builder-workspace/.swiftpm/xcode
builtin-SwiftPerFileCompile SheetBarView-macos.swift
SwiftCompile normal arm64_32 Compiling\ SubscriptionListViewRow.swift,\ SubscriptionView.swift,\ TermsOfServiceView.swift,\ VersionInfo.swift,\ Products-ios.swift /Users/admin/builder/spi-builder-workspace/Sources/StoreHelper/Views/Shared/SubscriptionListViewRow.swift /Users/admin/builder/spi-builder-workspace/Sources/StoreHelper/Views/Shared/SubscriptionView.swift /Users/admin/builder/spi-builder-workspace/Sources/StoreHelper/Views/Shared/TermsOfServiceView.swift /Users/admin/builder/spi-builder-workspace/Sources/StoreHelper/Views/Shared/VersionInfo.swift /Users/admin/builder/spi-builder-workspace/Sources/StoreHelper/Views/iOS/Products-ios.swift (in target 'StoreHelper' from project 'StoreHelper')
SwiftCompile normal arm64_32 /Users/admin/builder/spi-builder-workspace/Sources/StoreHelper/Views/Shared/SubscriptionListViewRow.swift (in target 'StoreHelper' from project 'StoreHelper')
cd /Users/admin/builder/spi-builder-workspace/.swiftpm/xcode
builtin-SwiftPerFileCompile SubscriptionListViewRow.swift
SwiftCompile normal arm64_32 /Users/admin/builder/spi-builder-workspace/Sources/StoreHelper/Views/Shared/SubscriptionView.swift (in target 'StoreHelper' from project 'StoreHelper')
cd /Users/admin/builder/spi-builder-workspace/.swiftpm/xcode
builtin-SwiftPerFileCompile SubscriptionView.swift
SwiftCompile normal arm64_32 /Users/admin/builder/spi-builder-workspace/Sources/StoreHelper/Views/Shared/TermsOfServiceView.swift (in target 'StoreHelper' from project 'StoreHelper')
cd /Users/admin/builder/spi-builder-workspace/.swiftpm/xcode
builtin-SwiftPerFileCompile TermsOfServiceView.swift
SwiftCompile normal arm64_32 /Users/admin/builder/spi-builder-workspace/Sources/StoreHelper/Views/Shared/VersionInfo.swift (in target 'StoreHelper' from project 'StoreHelper')
cd /Users/admin/builder/spi-builder-workspace/.swiftpm/xcode
builtin-SwiftPerFileCompile VersionInfo.swift
SwiftCompile normal arm64_32 /Users/admin/builder/spi-builder-workspace/Sources/StoreHelper/Views/iOS/Products-ios.swift (in target 'StoreHelper' from project 'StoreHelper')
cd /Users/admin/builder/spi-builder-workspace/.swiftpm/xcode
builtin-SwiftPerFileCompile Products-ios.swift
SwiftEmitModule normal arm64 Emitting\ module\ for\ StoreHelper (in target 'StoreHelper' from project 'StoreHelper')
SwiftCompile normal arm64 (in target 'StoreHelper' from project 'StoreHelper')
cd /Users/admin/builder/spi-builder-workspace/.swiftpm/xcode
PruneExplicitPrecompiledModules /Users/admin/builder/spi-builder-workspace/.derivedData/Build/Intermediates.noindex/ExplicitPrecompiledModules
PruneExplicitPrecompiledModules /Users/admin/builder/spi-builder-workspace/.derivedData/Build/Intermediates.noindex/SwiftExplicitPrecompiledModules
PruneExplicitPrecompiledModules /Users/admin/builder/spi-builder-workspace/.derivedData/SDKExplicitPrecompiledModules
2026-09-23 04:10:03.034 xcodebuild[1428:8718] [MT] IDERunDestination: Supported platforms for the buildables in the current scheme is empty.
** BUILD FAILED **
The following build commands failed:
SwiftCompile normal arm64_32 (in target 'StoreHelper' from project 'StoreHelper')
SwiftEmitModule normal arm64_32 Emitting\ module\ for\ StoreHelper (in target 'StoreHelper' from project 'StoreHelper')
Building workspace StoreHelper with scheme StoreHelper
(3 failures)
BUILD FAILURE 6.4 watchOS