Build Information
Failed to build SynchronizationKit, reference v1.1.2 (c9ef5d), with Swift 6.2 for visionOS using Xcode 26.3 on 28 Sep 2026 12:26:38 UTC.
Build Command
No build command. This typically means the build failed at an early stage where we determine the build command.Build Log
========================================
RunAll
========================================
Builder version: 5.1.0
Interrupt handler set up.
========================================
Checkout
========================================
Clone URL: https://github.com/sinoru/swift-synchronization-kit.git
Reference: v1.1.2
Initialized empty Git repository in /Users/admin/builder/spi-builder-workspace/.git/
From https://github.com/sinoru/swift-synchronization-kit
* tag v1.1.2 -> FETCH_HEAD
HEAD is now at c9ef5d6 Merge branch 'release/1.1.2'
Cloned https://github.com/sinoru/swift-synchronization-kit.git
Revision (git rev-parse @):
c9ef5d6f7c9f2aeaec8b5558b925ebc0aef8ff10
SPI manifest file found: $PWD/.spi.yml
SUCCESS checkout https://github.com/sinoru/swift-synchronization-kit.git at v1.1.2
========================================
Build
========================================
Selected platform: visionOS
Swift version: 6.2
Building package at path: $PWD
https://github.com/sinoru/swift-synchronization-kit.git
Command line invocation:
/Applications/Xcode-26.3.0.app/Contents/Developer/usr/bin/xcodebuild -IDEClonedSourcePackagesDirPathOverride=/Users/admin/builder/spi-builder-workspace/.dependencies -resolvePackageDependencies
Resolve Package Graph
package 'spi-builder-workspace' is using Swift tools version 6.3.0 but the installed version is 6.2.4
Resolved source packages:
spi-builder-workspace: (null)
2026-09-28 08:26:37.455 xcodebuild[538:3125] Writing error result bundle to /var/folders/xq/y_g06wb113726d38xsyx71_h0000gn/T/ResultBundle_2026-28-09_08-26-0037.xcresult
xcodebuild: error: Could not resolve package dependencies:
package 'spi-builder-workspace' is using Swift tools version 6.3.0 but the installed version is 6.2.4
Command line invocation:
/Applications/Xcode-26.3.0.app/Contents/Developer/usr/bin/xcodebuild -IDEClonedSourcePackagesDirPathOverride=/Users/admin/builder/spi-builder-workspace/.dependencies -resolvePackageDependencies
Resolve Package Graph
package 'spi-builder-workspace' is using Swift tools version 6.3.0 but the installed version is 6.2.4
Resolved source packages:
spi-builder-workspace: (null)
2026-09-28 08:26:38.313 xcodebuild[600:3655] Writing error result bundle to /var/folders/xq/y_g06wb113726d38xsyx71_h0000gn/T/ResultBundle_2026-28-09_08-26-0038.xcresult
xcodebuild: error: Could not resolve package dependencies:
package 'spi-builder-workspace' is using Swift tools version 6.3.0 but the installed version is 6.2.4
BUILD FAILURE 6.2 visionOS