Build Information
Failed to build BilibiliKit, reference 3.1.2 (0b4a24), with Swift 6.4 for watchOS using Xcode 27.0 on 17 Sep 2026 03:23:46 UTC.
Build Command
env DEVELOPER_DIR=/Applications/Xcode-27.0.0-Release.Candidate.app xcrun xcodebuild -IDEClonedSourcePackagesDirPathOverride=$PWD/.dependencies -skipMacroValidation -skipPackagePluginValidation -derivedDataPath $PWD/.derivedData build -scheme BilibiliKit-Package -destination generic/platform=watchOSBuild Log
Copy /Users/admin/builder/spi-builder-workspace/.derivedData/Build/Products/Debug-watchos/BKFoundation.swiftmodule/arm64-apple-watchos.abi.json /Users/admin/builder/spi-builder-workspace/.derivedData/Build/Intermediates.noindex/BilibiliKit.build/Debug-watchos/BKFoundation-t.build/Objects-normal/arm64/BKFoundation.abi.json (in target 'BKFoundation' from project 'BilibiliKit')
cd /Users/admin/builder/spi-builder-workspace
builtin-copy -exclude .DS_Store -exclude CVS -exclude .svn -exclude .git -exclude .hg -resolve-src-symlinks -rename /Users/admin/builder/spi-builder-workspace/.derivedData/Build/Intermediates.noindex/BilibiliKit.build/Debug-watchos/BKFoundation-t.build/Objects-normal/arm64/BKFoundation.abi.json /Users/admin/builder/spi-builder-workspace/.derivedData/Build/Products/Debug-watchos/BKFoundation.swiftmodule/arm64-apple-watchos.abi.json
Copy /Users/admin/builder/spi-builder-workspace/.derivedData/Build/Products/Debug-watchos/BKFoundation.swiftmodule/Project/arm64_32-apple-watchos.swiftsourceinfo /Users/admin/builder/spi-builder-workspace/.derivedData/Build/Intermediates.noindex/BilibiliKit.build/Debug-watchos/BKFoundation-t.build/Objects-normal/arm64_32/BKFoundation.swiftsourceinfo (in target 'BKFoundation' from project 'BilibiliKit')
cd /Users/admin/builder/spi-builder-workspace
builtin-copy -exclude .DS_Store -exclude CVS -exclude .svn -exclude .git -exclude .hg -resolve-src-symlinks -rename /Users/admin/builder/spi-builder-workspace/.derivedData/Build/Intermediates.noindex/BilibiliKit.build/Debug-watchos/BKFoundation-t.build/Objects-normal/arm64_32/BKFoundation.swiftsourceinfo /Users/admin/builder/spi-builder-workspace/.derivedData/Build/Products/Debug-watchos/BKFoundation.swiftmodule/Project/arm64_32-apple-watchos.swiftsourceinfo
Copy /Users/admin/builder/spi-builder-workspace/.derivedData/Build/Products/Debug-watchos/BKFoundation.swiftmodule/Project/arm64-apple-watchos.swiftsourceinfo /Users/admin/builder/spi-builder-workspace/.derivedData/Build/Intermediates.noindex/BilibiliKit.build/Debug-watchos/BKFoundation-t.build/Objects-normal/arm64/BKFoundation.swiftsourceinfo (in target 'BKFoundation' from project 'BilibiliKit')
cd /Users/admin/builder/spi-builder-workspace
builtin-copy -exclude .DS_Store -exclude CVS -exclude .svn -exclude .git -exclude .hg -resolve-src-symlinks -rename /Users/admin/builder/spi-builder-workspace/.derivedData/Build/Intermediates.noindex/BilibiliKit.build/Debug-watchos/BKFoundation-t.build/Objects-normal/arm64/BKFoundation.swiftsourceinfo /Users/admin/builder/spi-builder-workspace/.derivedData/Build/Products/Debug-watchos/BKFoundation.swiftmodule/Project/arm64-apple-watchos.swiftsourceinfo
SwiftCompile normal arm64_32 Compiling\ BKCookie.swift /Users/admin/builder/spi-builder-workspace/Sources/BKFoundation/BKCookie.swift (in target 'BKFoundation' from project 'BilibiliKit')
SwiftCompile normal arm64_32 /Users/admin/builder/spi-builder-workspace/Sources/BKFoundation/BKCookie.swift (in target 'BKFoundation' from project 'BilibiliKit')
cd /Users/admin/builder/spi-builder-workspace/.swiftpm/xcode
builtin-SwiftPerFileCompile BKCookie.swift
SwiftCompile normal arm64_32 Compiling\ BKError.swift /Users/admin/builder/spi-builder-workspace/Sources/BKFoundation/BKError.swift (in target 'BKFoundation' from project 'BilibiliKit')
SwiftCompile normal arm64_32 /Users/admin/builder/spi-builder-workspace/Sources/BKFoundation/BKError.swift (in target 'BKFoundation' from project 'BilibiliKit')
cd /Users/admin/builder/spi-builder-workspace/.swiftpm/xcode
builtin-SwiftPerFileCompile BKError.swift
SwiftDriverJobDiscovery normal arm64 Compiling URL+Extensions.swift (in target 'BKFoundation' from project 'BilibiliKit')
SwiftDriverJobDiscovery normal arm64 Compiling Either.swift (in target 'BKFoundation' from project 'BilibiliKit')
SwiftCompile normal arm64_32 Compiling\ Either.swift /Users/admin/builder/spi-builder-workspace/Sources/BKFoundation/Either.swift (in target 'BKFoundation' from project 'BilibiliKit')
SwiftCompile normal arm64_32 /Users/admin/builder/spi-builder-workspace/Sources/BKFoundation/Either.swift (in target 'BKFoundation' from project 'BilibiliKit')
cd /Users/admin/builder/spi-builder-workspace/.swiftpm/xcode
builtin-SwiftPerFileCompile Either.swift
SwiftDriverJobDiscovery normal arm64_32 Compiling URL+Extensions.swift (in target 'BKFoundation' from project 'BilibiliKit')
SwiftCompile normal arm64_32 Compiling\ URLSession+Extensions.swift /Users/admin/builder/spi-builder-workspace/Sources/BKFoundation/URLSession+Extensions.swift (in target 'BKFoundation' from project 'BilibiliKit')
SwiftCompile normal arm64_32 /Users/admin/builder/spi-builder-workspace/Sources/BKFoundation/URLSession+Extensions.swift (in target 'BKFoundation' from project 'BilibiliKit')
cd /Users/admin/builder/spi-builder-workspace/.swiftpm/xcode
builtin-SwiftPerFileCompile URLSession+Extensions.swift
SwiftDriverJobDiscovery normal arm64 Compiling BKSession.swift (in target 'BKFoundation' from project 'BilibiliKit')
SwiftCompile normal arm64_32 Compiling\ BKSession.swift /Users/admin/builder/spi-builder-workspace/Sources/BKFoundation/BKSession.swift (in target 'BKFoundation' from project 'BilibiliKit')
SwiftCompile normal arm64_32 /Users/admin/builder/spi-builder-workspace/Sources/BKFoundation/BKSession.swift (in target 'BKFoundation' from project 'BilibiliKit')
cd /Users/admin/builder/spi-builder-workspace/.swiftpm/xcode
builtin-SwiftPerFileCompile BKSession.swift
SwiftDriverJobDiscovery normal arm64 Compiling BKError.swift (in target 'BKFoundation' from project 'BilibiliKit')
SwiftDriverJobDiscovery normal arm64 Compiling BKApp.swift (in target 'BKFoundation' from project 'BilibiliKit')
SwiftDriver BKSecurity normal arm64 com.apple.xcode.tools.swift.compiler (in target 'BKSecurity' from project 'BilibiliKit')
cd /Users/admin/builder/spi-builder-workspace/.swiftpm/xcode
builtin-SwiftDriver -- /Applications/Xcode-27.0.0-Release.Candidate.app/Contents/Developer/Toolchains/XcodeDefault.xctoolchain/usr/bin/swiftc -parse-as-library -module-name BKSecurity -Onone @/Users/admin/builder/spi-builder-workspace/.derivedData/Build/Intermediates.noindex/BilibiliKit.build/Debug-watchos/BKSecurity-t.build/Objects-normal/arm64/BKSecurity.SwiftFileList -DSWIFT_PACKAGE -DDEBUG -DSWIFT_MODULE_RESOURCE_BUNDLE_UNAVAILABLE -DXcode -plugin-path /Applications/Xcode-27.0.0-Release.Candidate.app/Contents/Developer/Toolchains/XcodeDefault.xctoolchain/usr/lib/swift/host/plugins/testing -enable-experimental-feature DebugDescriptionMacro -sdk /Applications/Xcode-27.0.0-Release.Candidate.app/Contents/Developer/Platforms/WatchOS.platform/Developer/SDKs/WatchOS27.0.sdk -target arm64-apple-watchos9.0 -g -module-cache-path /Users/admin/builder/spi-builder-workspace/.derivedData/ModuleCache.noindex -Xfrontend -serialize-debugging-options -profile-coverage-mapping -profile-generate -enable-testing -index-store-path /Users/admin/builder/spi-builder-workspace/.derivedData/Index.noindex/DataStore -Xcc -D_LIBCPP_HARDENING_MODE\=_LIBCPP_HARDENING_MODE_DEBUG -swift-version 5 -I /Users/admin/builder/spi-builder-workspace/.derivedData/Build/Products/Debug-watchos -Isystem /Applications/Xcode-27.0.0-Release.Candidate.app/Contents/Developer/Platforms/WatchOS.platform/Developer/usr/lib -F /Users/admin/builder/spi-builder-workspace/.derivedData/Build/Products/Debug-watchos/PackageFrameworks -F /Users/admin/builder/spi-builder-workspace/.derivedData/Build/Products/Debug-watchos -F /Applications/Xcode-27.0.0-Release.Candidate.app/Contents/Developer/Platforms/WatchOS.platform/Developer/Library/Frameworks -F /Applications/Xcode-27.0.0-Release.Candidate.app/Contents/Developer/Platforms/WatchOS.platform/Developer/SDKs/WatchOS27.0.sdk/Developer/Library/Frameworks -c -j10 -enable-batch-mode -incremental -Xcc -ivfsstatcache -Xcc /Users/admin/builder/spi-builder-workspace/.derivedData/SDKStatCaches.noindex/watchos27.0-24R360-e829b21a6f8c9b70876ba0858053c04477534ef55a1706bf4c1112bbb242f0a2.sdkstatcache -output-file-map /Users/admin/builder/spi-builder-workspace/.derivedData/Build/Intermediates.noindex/BilibiliKit.build/Debug-watchos/BKSecurity-t.build/Objects-normal/arm64/BKSecurity-OutputFileMap.json -save-temps -no-color-diagnostics -explicit-module-build -module-cache-path /Users/admin/builder/spi-builder-workspace/.derivedData/Build/Intermediates.noindex/SwiftExplicitPrecompiledModules -clang-scanner-module-cache-path /Users/admin/builder/spi-builder-workspace/.derivedData/ModuleCache.noindex -sdk-module-cache-path /Users/admin/builder/spi-builder-workspace/.derivedData/SDKExplicitPrecompiledModules -emit-dependencies -emit-module -emit-module-path /Users/admin/builder/spi-builder-workspace/.derivedData/Build/Intermediates.noindex/BilibiliKit.build/Debug-watchos/BKSecurity-t.build/Objects-normal/arm64/BKSecurity.swiftmodule -serialize-diagnostics -dependency-scan-serialize-diagnostics-path /Users/admin/builder/spi-builder-workspace/.derivedData/Build/Intermediates.noindex/BilibiliKit.build/Debug-watchos/BKSecurity-t.build/Objects-normal/arm64/BKSecurity-dependency-scan.dia -validate-clang-modules-once -clang-build-session-file /Users/admin/builder/spi-builder-workspace/.derivedData/ModuleCache.noindex/Session.modulevalidation -Xcc -fmodules-prune-interval\=86400 -Xcc -fmodules-prune-after\=345600 -emit-const-values -const-gather-protocols-list /Users/admin/builder/spi-builder-workspace/.derivedData/Build/Intermediates.noindex/BilibiliKit.build/Debug-watchos/BKSecurity-t.build/Objects-normal/arm64/BKSecurity_const_extract_protocols.json -Xcc -I/Users/admin/builder/spi-builder-workspace/.derivedData/Build/Products/Debug-watchos/include -Xcc -I/Users/admin/builder/spi-builder-workspace/.derivedData/Build/Intermediates.noindex/BilibiliKit.build/Debug-watchos/BKSecurity-t.build/DerivedSources-normal/arm64 -Xcc -I/Users/admin/builder/spi-builder-workspace/.derivedData/Build/Intermediates.noindex/BilibiliKit.build/Debug-watchos/BKSecurity-t.build/DerivedSources/arm64 -Xcc -I/Users/admin/builder/spi-builder-workspace/.derivedData/Build/Intermediates.noindex/BilibiliKit.build/Debug-watchos/BKSecurity-t.build/DerivedSources -Xcc -DSWIFT_PACKAGE -Xcc -DDEBUG\=1 -emit-objc-header -emit-objc-header-path /Users/admin/builder/spi-builder-workspace/.derivedData/Build/Intermediates.noindex/BilibiliKit.build/Debug-watchos/BKSecurity-t.build/Objects-normal/arm64/BKSecurity-Swift.h -working-directory /Users/admin/builder/spi-builder-workspace/.swiftpm/xcode -experimental-emit-module-separately -disable-cmo
SwiftDriver BKSecurity normal arm64_32 com.apple.xcode.tools.swift.compiler (in target 'BKSecurity' from project 'BilibiliKit')
cd /Users/admin/builder/spi-builder-workspace/.swiftpm/xcode
builtin-SwiftDriver -- /Applications/Xcode-27.0.0-Release.Candidate.app/Contents/Developer/Toolchains/XcodeDefault.xctoolchain/usr/bin/swiftc -parse-as-library -module-name BKSecurity -Onone @/Users/admin/builder/spi-builder-workspace/.derivedData/Build/Intermediates.noindex/BilibiliKit.build/Debug-watchos/BKSecurity-t.build/Objects-normal/arm64_32/BKSecurity.SwiftFileList -DSWIFT_PACKAGE -DDEBUG -DSWIFT_MODULE_RESOURCE_BUNDLE_UNAVAILABLE -DXcode -plugin-path /Applications/Xcode-27.0.0-Release.Candidate.app/Contents/Developer/Toolchains/XcodeDefault.xctoolchain/usr/lib/swift/host/plugins/testing -enable-experimental-feature DebugDescriptionMacro -sdk /Applications/Xcode-27.0.0-Release.Candidate.app/Contents/Developer/Platforms/WatchOS.platform/Developer/SDKs/WatchOS27.0.sdk -target arm64_32-apple-watchos9.0 -g -module-cache-path /Users/admin/builder/spi-builder-workspace/.derivedData/ModuleCache.noindex -Xfrontend -serialize-debugging-options -profile-coverage-mapping -profile-generate -enable-testing -index-store-path /Users/admin/builder/spi-builder-workspace/.derivedData/Index.noindex/DataStore -Xcc -D_LIBCPP_HARDENING_MODE\=_LIBCPP_HARDENING_MODE_DEBUG -swift-version 5 -I /Users/admin/builder/spi-builder-workspace/.derivedData/Build/Products/Debug-watchos -Isystem /Applications/Xcode-27.0.0-Release.Candidate.app/Contents/Developer/Platforms/WatchOS.platform/Developer/usr/lib -F /Users/admin/builder/spi-builder-workspace/.derivedData/Build/Products/Debug-watchos/PackageFrameworks -F /Users/admin/builder/spi-builder-workspace/.derivedData/Build/Products/Debug-watchos -F /Applications/Xcode-27.0.0-Release.Candidate.app/Contents/Developer/Platforms/WatchOS.platform/Developer/Library/Frameworks -F /Applications/Xcode-27.0.0-Release.Candidate.app/Contents/Developer/Platforms/WatchOS.platform/Developer/SDKs/WatchOS27.0.sdk/Developer/Library/Frameworks -c -j10 -enable-batch-mode -incremental -Xcc -ivfsstatcache -Xcc /Users/admin/builder/spi-builder-workspace/.derivedData/SDKStatCaches.noindex/watchos27.0-24R360-e829b21a6f8c9b70876ba0858053c04477534ef55a1706bf4c1112bbb242f0a2.sdkstatcache -output-file-map /Users/admin/builder/spi-builder-workspace/.derivedData/Build/Intermediates.noindex/BilibiliKit.build/Debug-watchos/BKSecurity-t.build/Objects-normal/arm64_32/BKSecurity-OutputFileMap.json -save-temps -no-color-diagnostics -explicit-module-build -module-cache-path /Users/admin/builder/spi-builder-workspace/.derivedData/Build/Intermediates.noindex/SwiftExplicitPrecompiledModules -clang-scanner-module-cache-path /Users/admin/builder/spi-builder-workspace/.derivedData/ModuleCache.noindex -sdk-module-cache-path /Users/admin/builder/spi-builder-workspace/.derivedData/SDKExplicitPrecompiledModules -emit-dependencies -emit-module -emit-module-path /Users/admin/builder/spi-builder-workspace/.derivedData/Build/Intermediates.noindex/BilibiliKit.build/Debug-watchos/BKSecurity-t.build/Objects-normal/arm64_32/BKSecurity.swiftmodule -serialize-diagnostics -dependency-scan-serialize-diagnostics-path /Users/admin/builder/spi-builder-workspace/.derivedData/Build/Intermediates.noindex/BilibiliKit.build/Debug-watchos/BKSecurity-t.build/Objects-normal/arm64_32/BKSecurity-dependency-scan.dia -validate-clang-modules-once -clang-build-session-file /Users/admin/builder/spi-builder-workspace/.derivedData/ModuleCache.noindex/Session.modulevalidation -Xcc -fmodules-prune-interval\=86400 -Xcc -fmodules-prune-after\=345600 -emit-const-values -const-gather-protocols-list /Users/admin/builder/spi-builder-workspace/.derivedData/Build/Intermediates.noindex/BilibiliKit.build/Debug-watchos/BKSecurity-t.build/Objects-normal/arm64_32/BKSecurity_const_extract_protocols.json -Xcc -I/Users/admin/builder/spi-builder-workspace/.derivedData/Build/Products/Debug-watchos/include -Xcc -I/Users/admin/builder/spi-builder-workspace/.derivedData/Build/Intermediates.noindex/BilibiliKit.build/Debug-watchos/BKSecurity-t.build/DerivedSources-normal/arm64_32 -Xcc -I/Users/admin/builder/spi-builder-workspace/.derivedData/Build/Intermediates.noindex/BilibiliKit.build/Debug-watchos/BKSecurity-t.build/DerivedSources/arm64_32 -Xcc -I/Users/admin/builder/spi-builder-workspace/.derivedData/Build/Intermediates.noindex/BilibiliKit.build/Debug-watchos/BKSecurity-t.build/DerivedSources -Xcc -DSWIFT_PACKAGE -Xcc -DDEBUG\=1 -emit-objc-header -emit-objc-header-path /Users/admin/builder/spi-builder-workspace/.derivedData/Build/Intermediates.noindex/BilibiliKit.build/Debug-watchos/BKSecurity-t.build/Objects-normal/arm64_32/BKSecurity-Swift.h -working-directory /Users/admin/builder/spi-builder-workspace/.swiftpm/xcode -experimental-emit-module-separately -disable-cmo
SwiftDriverJobDiscovery normal arm64_32 Compiling BKApp.swift (in target 'BKFoundation' from project 'BilibiliKit')
SwiftDriver BKAudio normal arm64_32 com.apple.xcode.tools.swift.compiler (in target 'BKAudio' from project 'BilibiliKit')
cd /Users/admin/builder/spi-builder-workspace/.swiftpm/xcode
builtin-SwiftDriver -- /Applications/Xcode-27.0.0-Release.Candidate.app/Contents/Developer/Toolchains/XcodeDefault.xctoolchain/usr/bin/swiftc -parse-as-library -module-name BKAudio -Onone @/Users/admin/builder/spi-builder-workspace/.derivedData/Build/Intermediates.noindex/BilibiliKit.build/Debug-watchos/BKAudio-t.build/Objects-normal/arm64_32/BKAudio.SwiftFileList -DSWIFT_PACKAGE -DDEBUG -DSWIFT_MODULE_RESOURCE_BUNDLE_UNAVAILABLE -DXcode -plugin-path /Applications/Xcode-27.0.0-Release.Candidate.app/Contents/Developer/Toolchains/XcodeDefault.xctoolchain/usr/lib/swift/host/plugins/testing -enable-experimental-feature DebugDescriptionMacro -sdk /Applications/Xcode-27.0.0-Release.Candidate.app/Contents/Developer/Platforms/WatchOS.platform/Developer/SDKs/WatchOS27.0.sdk -target arm64_32-apple-watchos9.0 -g -module-cache-path /Users/admin/builder/spi-builder-workspace/.derivedData/ModuleCache.noindex -Xfrontend -serialize-debugging-options -profile-coverage-mapping -profile-generate -enable-testing -index-store-path /Users/admin/builder/spi-builder-workspace/.derivedData/Index.noindex/DataStore -Xcc -D_LIBCPP_HARDENING_MODE\=_LIBCPP_HARDENING_MODE_DEBUG -swift-version 5 -I /Users/admin/builder/spi-builder-workspace/.derivedData/Build/Products/Debug-watchos -Isystem /Applications/Xcode-27.0.0-Release.Candidate.app/Contents/Developer/Platforms/WatchOS.platform/Developer/usr/lib -F /Users/admin/builder/spi-builder-workspace/.derivedData/Build/Products/Debug-watchos/PackageFrameworks -F /Users/admin/builder/spi-builder-workspace/.derivedData/Build/Products/Debug-watchos -F /Applications/Xcode-27.0.0-Release.Candidate.app/Contents/Developer/Platforms/WatchOS.platform/Developer/Library/Frameworks -F /Applications/Xcode-27.0.0-Release.Candidate.app/Contents/Developer/Platforms/WatchOS.platform/Developer/SDKs/WatchOS27.0.sdk/Developer/Library/Frameworks -c -j10 -enable-batch-mode -incremental -Xcc -ivfsstatcache -Xcc /Users/admin/builder/spi-builder-workspace/.derivedData/SDKStatCaches.noindex/watchos27.0-24R360-e829b21a6f8c9b70876ba0858053c04477534ef55a1706bf4c1112bbb242f0a2.sdkstatcache -output-file-map /Users/admin/builder/spi-builder-workspace/.derivedData/Build/Intermediates.noindex/BilibiliKit.build/Debug-watchos/BKAudio-t.build/Objects-normal/arm64_32/BKAudio-OutputFileMap.json -save-temps -no-color-diagnostics -explicit-module-build -module-cache-path /Users/admin/builder/spi-builder-workspace/.derivedData/Build/Intermediates.noindex/SwiftExplicitPrecompiledModules -clang-scanner-module-cache-path /Users/admin/builder/spi-builder-workspace/.derivedData/ModuleCache.noindex -sdk-module-cache-path /Users/admin/builder/spi-builder-workspace/.derivedData/SDKExplicitPrecompiledModules -emit-dependencies -emit-module -emit-module-path /Users/admin/builder/spi-builder-workspace/.derivedData/Build/Intermediates.noindex/BilibiliKit.build/Debug-watchos/BKAudio-t.build/Objects-normal/arm64_32/BKAudio.swiftmodule -serialize-diagnostics -dependency-scan-serialize-diagnostics-path /Users/admin/builder/spi-builder-workspace/.derivedData/Build/Intermediates.noindex/BilibiliKit.build/Debug-watchos/BKAudio-t.build/Objects-normal/arm64_32/BKAudio-dependency-scan.dia -validate-clang-modules-once -clang-build-session-file /Users/admin/builder/spi-builder-workspace/.derivedData/ModuleCache.noindex/Session.modulevalidation -Xcc -fmodules-prune-interval\=86400 -Xcc -fmodules-prune-after\=345600 -emit-const-values -const-gather-protocols-list /Users/admin/builder/spi-builder-workspace/.derivedData/Build/Intermediates.noindex/BilibiliKit.build/Debug-watchos/BKAudio-t.build/Objects-normal/arm64_32/BKAudio_const_extract_protocols.json -Xcc -I/Users/admin/builder/spi-builder-workspace/.derivedData/Build/Products/Debug-watchos/include -Xcc -I/Users/admin/builder/spi-builder-workspace/.derivedData/Build/Intermediates.noindex/BilibiliKit.build/Debug-watchos/BKAudio-t.build/DerivedSources-normal/arm64_32 -Xcc -I/Users/admin/builder/spi-builder-workspace/.derivedData/Build/Intermediates.noindex/BilibiliKit.build/Debug-watchos/BKAudio-t.build/DerivedSources/arm64_32 -Xcc -I/Users/admin/builder/spi-builder-workspace/.derivedData/Build/Intermediates.noindex/BilibiliKit.build/Debug-watchos/BKAudio-t.build/DerivedSources -Xcc -DSWIFT_PACKAGE -Xcc -DDEBUG\=1 -emit-objc-header -emit-objc-header-path /Users/admin/builder/spi-builder-workspace/.derivedData/Build/Intermediates.noindex/BilibiliKit.build/Debug-watchos/BKAudio-t.build/Objects-normal/arm64_32/BKAudio-Swift.h -working-directory /Users/admin/builder/spi-builder-workspace/.swiftpm/xcode -experimental-emit-module-separately -disable-cmo
SwiftDriver BKAudio normal arm64 com.apple.xcode.tools.swift.compiler (in target 'BKAudio' from project 'BilibiliKit')
cd /Users/admin/builder/spi-builder-workspace/.swiftpm/xcode
builtin-SwiftDriver -- /Applications/Xcode-27.0.0-Release.Candidate.app/Contents/Developer/Toolchains/XcodeDefault.xctoolchain/usr/bin/swiftc -parse-as-library -module-name BKAudio -Onone @/Users/admin/builder/spi-builder-workspace/.derivedData/Build/Intermediates.noindex/BilibiliKit.build/Debug-watchos/BKAudio-t.build/Objects-normal/arm64/BKAudio.SwiftFileList -DSWIFT_PACKAGE -DDEBUG -DSWIFT_MODULE_RESOURCE_BUNDLE_UNAVAILABLE -DXcode -plugin-path /Applications/Xcode-27.0.0-Release.Candidate.app/Contents/Developer/Toolchains/XcodeDefault.xctoolchain/usr/lib/swift/host/plugins/testing -enable-experimental-feature DebugDescriptionMacro -sdk /Applications/Xcode-27.0.0-Release.Candidate.app/Contents/Developer/Platforms/WatchOS.platform/Developer/SDKs/WatchOS27.0.sdk -target arm64-apple-watchos9.0 -g -module-cache-path /Users/admin/builder/spi-builder-workspace/.derivedData/ModuleCache.noindex -Xfrontend -serialize-debugging-options -profile-coverage-mapping -profile-generate -enable-testing -index-store-path /Users/admin/builder/spi-builder-workspace/.derivedData/Index.noindex/DataStore -Xcc -D_LIBCPP_HARDENING_MODE\=_LIBCPP_HARDENING_MODE_DEBUG -swift-version 5 -I /Users/admin/builder/spi-builder-workspace/.derivedData/Build/Products/Debug-watchos -Isystem /Applications/Xcode-27.0.0-Release.Candidate.app/Contents/Developer/Platforms/WatchOS.platform/Developer/usr/lib -F /Users/admin/builder/spi-builder-workspace/.derivedData/Build/Products/Debug-watchos/PackageFrameworks -F /Users/admin/builder/spi-builder-workspace/.derivedData/Build/Products/Debug-watchos -F /Applications/Xcode-27.0.0-Release.Candidate.app/Contents/Developer/Platforms/WatchOS.platform/Developer/Library/Frameworks -F /Applications/Xcode-27.0.0-Release.Candidate.app/Contents/Developer/Platforms/WatchOS.platform/Developer/SDKs/WatchOS27.0.sdk/Developer/Library/Frameworks -c -j10 -enable-batch-mode -incremental -Xcc -ivfsstatcache -Xcc /Users/admin/builder/spi-builder-workspace/.derivedData/SDKStatCaches.noindex/watchos27.0-24R360-e829b21a6f8c9b70876ba0858053c04477534ef55a1706bf4c1112bbb242f0a2.sdkstatcache -output-file-map /Users/admin/builder/spi-builder-workspace/.derivedData/Build/Intermediates.noindex/BilibiliKit.build/Debug-watchos/BKAudio-t.build/Objects-normal/arm64/BKAudio-OutputFileMap.json -save-temps -no-color-diagnostics -explicit-module-build -module-cache-path /Users/admin/builder/spi-builder-workspace/.derivedData/Build/Intermediates.noindex/SwiftExplicitPrecompiledModules -clang-scanner-module-cache-path /Users/admin/builder/spi-builder-workspace/.derivedData/ModuleCache.noindex -sdk-module-cache-path /Users/admin/builder/spi-builder-workspace/.derivedData/SDKExplicitPrecompiledModules -emit-dependencies -emit-module -emit-module-path /Users/admin/builder/spi-builder-workspace/.derivedData/Build/Intermediates.noindex/BilibiliKit.build/Debug-watchos/BKAudio-t.build/Objects-normal/arm64/BKAudio.swiftmodule -serialize-diagnostics -dependency-scan-serialize-diagnostics-path /Users/admin/builder/spi-builder-workspace/.derivedData/Build/Intermediates.noindex/BilibiliKit.build/Debug-watchos/BKAudio-t.build/Objects-normal/arm64/BKAudio-dependency-scan.dia -validate-clang-modules-once -clang-build-session-file /Users/admin/builder/spi-builder-workspace/.derivedData/ModuleCache.noindex/Session.modulevalidation -Xcc -fmodules-prune-interval\=86400 -Xcc -fmodules-prune-after\=345600 -emit-const-values -const-gather-protocols-list /Users/admin/builder/spi-builder-workspace/.derivedData/Build/Intermediates.noindex/BilibiliKit.build/Debug-watchos/BKAudio-t.build/Objects-normal/arm64/BKAudio_const_extract_protocols.json -Xcc -I/Users/admin/builder/spi-builder-workspace/.derivedData/Build/Products/Debug-watchos/include -Xcc -I/Users/admin/builder/spi-builder-workspace/.derivedData/Build/Intermediates.noindex/BilibiliKit.build/Debug-watchos/BKAudio-t.build/DerivedSources-normal/arm64 -Xcc -I/Users/admin/builder/spi-builder-workspace/.derivedData/Build/Intermediates.noindex/BilibiliKit.build/Debug-watchos/BKAudio-t.build/DerivedSources/arm64 -Xcc -I/Users/admin/builder/spi-builder-workspace/.derivedData/Build/Intermediates.noindex/BilibiliKit.build/Debug-watchos/BKAudio-t.build/DerivedSources -Xcc -DSWIFT_PACKAGE -Xcc -DDEBUG\=1 -emit-objc-header -emit-objc-header-path /Users/admin/builder/spi-builder-workspace/.derivedData/Build/Intermediates.noindex/BilibiliKit.build/Debug-watchos/BKAudio-t.build/Objects-normal/arm64/BKAudio-Swift.h -working-directory /Users/admin/builder/spi-builder-workspace/.swiftpm/xcode -experimental-emit-module-separately -disable-cmo
SwiftDriverJobDiscovery normal arm64 Compiling BKCookie.swift (in target 'BKFoundation' from project 'BilibiliKit')
SwiftDriverJobDiscovery normal arm64 Compiling URLSession+Extensions.swift (in target 'BKFoundation' from project 'BilibiliKit')
SwiftDriver\ Compilation BKFoundation normal arm64 com.apple.xcode.tools.swift.compiler (in target 'BKFoundation' from project 'BilibiliKit')
cd /Users/admin/builder/spi-builder-workspace/.swiftpm/xcode
builtin-Swift-Compilation -- /Applications/Xcode-27.0.0-Release.Candidate.app/Contents/Developer/Toolchains/XcodeDefault.xctoolchain/usr/bin/swiftc -parse-as-library -module-name BKFoundation -Onone @/Users/admin/builder/spi-builder-workspace/.derivedData/Build/Intermediates.noindex/BilibiliKit.build/Debug-watchos/BKFoundation-t.build/Objects-normal/arm64/BKFoundation.SwiftFileList -DSWIFT_PACKAGE -DDEBUG -DSWIFT_MODULE_RESOURCE_BUNDLE_UNAVAILABLE -DXcode -plugin-path /Applications/Xcode-27.0.0-Release.Candidate.app/Contents/Developer/Toolchains/XcodeDefault.xctoolchain/usr/lib/swift/host/plugins/testing -enable-experimental-feature DebugDescriptionMacro -sdk /Applications/Xcode-27.0.0-Release.Candidate.app/Contents/Developer/Platforms/WatchOS.platform/Developer/SDKs/WatchOS27.0.sdk -target arm64-apple-watchos9.0 -g -module-cache-path /Users/admin/builder/spi-builder-workspace/.derivedData/ModuleCache.noindex -Xfrontend -serialize-debugging-options -profile-coverage-mapping -profile-generate -enable-testing -index-store-path /Users/admin/builder/spi-builder-workspace/.derivedData/Index.noindex/DataStore -Xcc -D_LIBCPP_HARDENING_MODE\=_LIBCPP_HARDENING_MODE_DEBUG -swift-version 5 -I /Users/admin/builder/spi-builder-workspace/.derivedData/Build/Products/Debug-watchos -Isystem /Applications/Xcode-27.0.0-Release.Candidate.app/Contents/Developer/Platforms/WatchOS.platform/Developer/usr/lib -F /Users/admin/builder/spi-builder-workspace/.derivedData/Build/Products/Debug-watchos -F /Applications/Xcode-27.0.0-Release.Candidate.app/Contents/Developer/Platforms/WatchOS.platform/Developer/Library/Frameworks -F /Applications/Xcode-27.0.0-Release.Candidate.app/Contents/Developer/Platforms/WatchOS.platform/Developer/SDKs/WatchOS27.0.sdk/Developer/Library/Frameworks -c -j10 -enable-batch-mode -incremental -Xcc -ivfsstatcache -Xcc /Users/admin/builder/spi-builder-workspace/.derivedData/SDKStatCaches.noindex/watchos27.0-24R360-e829b21a6f8c9b70876ba0858053c04477534ef55a1706bf4c1112bbb242f0a2.sdkstatcache -output-file-map /Users/admin/builder/spi-builder-workspace/.derivedData/Build/Intermediates.noindex/BilibiliKit.build/Debug-watchos/BKFoundation-t.build/Objects-normal/arm64/BKFoundation-OutputFileMap.json -save-temps -no-color-diagnostics -explicit-module-build -module-cache-path /Users/admin/builder/spi-builder-workspace/.derivedData/Build/Intermediates.noindex/SwiftExplicitPrecompiledModules -clang-scanner-module-cache-path /Users/admin/builder/spi-builder-workspace/.derivedData/ModuleCache.noindex -sdk-module-cache-path /Users/admin/builder/spi-builder-workspace/.derivedData/SDKExplicitPrecompiledModules -emit-dependencies -emit-module -emit-module-path /Users/admin/builder/spi-builder-workspace/.derivedData/Build/Intermediates.noindex/BilibiliKit.build/Debug-watchos/BKFoundation-t.build/Objects-normal/arm64/BKFoundation.swiftmodule -serialize-diagnostics -dependency-scan-serialize-diagnostics-path /Users/admin/builder/spi-builder-workspace/.derivedData/Build/Intermediates.noindex/BilibiliKit.build/Debug-watchos/BKFoundation-t.build/Objects-normal/arm64/BKFoundation-dependency-scan.dia -validate-clang-modules-once -clang-build-session-file /Users/admin/builder/spi-builder-workspace/.derivedData/ModuleCache.noindex/Session.modulevalidation -Xcc -fmodules-prune-interval\=86400 -Xcc -fmodules-prune-after\=345600 -emit-const-values -const-gather-protocols-list /Users/admin/builder/spi-builder-workspace/.derivedData/Build/Intermediates.noindex/BilibiliKit.build/Debug-watchos/BKFoundation-t.build/Objects-normal/arm64/BKFoundation_const_extract_protocols.json -Xcc -I/Users/admin/builder/spi-builder-workspace/.derivedData/Build/Products/Debug-watchos/include -Xcc -I/Users/admin/builder/spi-builder-workspace/.derivedData/Build/Intermediates.noindex/BilibiliKit.build/Debug-watchos/BKFoundation-t.build/DerivedSources-normal/arm64 -Xcc -I/Users/admin/builder/spi-builder-workspace/.derivedData/Build/Intermediates.noindex/BilibiliKit.build/Debug-watchos/BKFoundation-t.build/DerivedSources/arm64 -Xcc -I/Users/admin/builder/spi-builder-workspace/.derivedData/Build/Intermediates.noindex/BilibiliKit.build/Debug-watchos/BKFoundation-t.build/DerivedSources -Xcc -DSWIFT_PACKAGE -Xcc -DDEBUG\=1 -emit-objc-header -emit-objc-header-path /Users/admin/builder/spi-builder-workspace/.derivedData/Build/Intermediates.noindex/BilibiliKit.build/Debug-watchos/BKFoundation-t.build/Objects-normal/arm64/BKFoundation-Swift.h -working-directory /Users/admin/builder/spi-builder-workspace/.swiftpm/xcode -experimental-emit-module-separately -disable-cmo
Ld /Users/admin/builder/spi-builder-workspace/.derivedData/Build/Intermediates.noindex/BilibiliKit.build/Debug-watchos/BKFoundation-t.build/Objects-normal/arm64/Binary/BKFoundation.o normal arm64 (in target 'BKFoundation' from project 'BilibiliKit')
cd /Users/admin/builder/spi-builder-workspace
/Applications/Xcode-27.0.0-Release.Candidate.app/Contents/Developer/Toolchains/XcodeDefault.xctoolchain/usr/bin/clang -Xlinker -reproducible -target arm64-apple-watchos9.0 -r -isysroot /Applications/Xcode-27.0.0-Release.Candidate.app/Contents/Developer/Platforms/WatchOS.platform/Developer/SDKs/WatchOS27.0.sdk -O0 -Xlinker -no_warn_duplicate_libraries -F/Users/admin/builder/spi-builder-workspace/.derivedData/Build/Intermediates.noindex/EagerLinkingTBDs/Debug-watchos -F/Users/admin/builder/spi-builder-workspace/.derivedData/Build/Products/Debug-watchos -iframework /Applications/Xcode-27.0.0-Release.Candidate.app/Contents/Developer/Platforms/WatchOS.platform/Developer/Library/Frameworks -iframework /Applications/Xcode-27.0.0-Release.Candidate.app/Contents/Developer/Platforms/WatchOS.platform/Developer/SDKs/WatchOS27.0.sdk/Developer/Library/Frameworks -filelist /Users/admin/builder/spi-builder-workspace/.derivedData/Build/Intermediates.noindex/BilibiliKit.build/Debug-watchos/BKFoundation-t.build/Objects-normal/arm64/BKFoundation.LinkFileList -nostdlib -Xlinker -object_path_lto -Xlinker /Users/admin/builder/spi-builder-workspace/.derivedData/Build/Intermediates.noindex/BilibiliKit.build/Debug-watchos/BKFoundation-t.build/Objects-normal/arm64/BKFoundation_lto.o -Xlinker -no_deduplicate -Xlinker -debug_variant -Xlinker -dependency_info -Xlinker /Users/admin/builder/spi-builder-workspace/.derivedData/Build/Intermediates.noindex/BilibiliKit.build/Debug-watchos/BKFoundation-t.build/Objects-normal/arm64/BKFoundation_dependency_info.dat -fobjc-link-runtime -L/Applications/Xcode-27.0.0-Release.Candidate.app/Contents/Developer/Toolchains/XcodeDefault.xctoolchain/usr/lib/swift/watchos -L/usr/lib/swift -Xlinker -add_ast_path -Xlinker /Users/admin/builder/spi-builder-workspace/.derivedData/Build/Intermediates.noindex/BilibiliKit.build/Debug-watchos/BKFoundation-t.build/Objects-normal/arm64/BKFoundation.swiftmodule -o /Users/admin/builder/spi-builder-workspace/.derivedData/Build/Intermediates.noindex/BilibiliKit.build/Debug-watchos/BKFoundation-t.build/Objects-normal/arm64/Binary/BKFoundation.o
SwiftDriverJobDiscovery normal arm64_32 Compiling BKCookie.swift (in target 'BKFoundation' from project 'BilibiliKit')
SwiftDriverJobDiscovery normal arm64_32 Compiling BKError.swift (in target 'BKFoundation' from project 'BilibiliKit')
SwiftDriverJobDiscovery normal arm64_32 Compiling Either.swift (in target 'BKFoundation' from project 'BilibiliKit')
SwiftDriverJobDiscovery normal arm64_32 Compiling BKSession.swift (in target 'BKFoundation' from project 'BilibiliKit')
SwiftDriverJobDiscovery normal arm64_32 Compiling URLSession+Extensions.swift (in target 'BKFoundation' from project 'BilibiliKit')
SwiftDriver\ Compilation BKFoundation normal arm64_32 com.apple.xcode.tools.swift.compiler (in target 'BKFoundation' from project 'BilibiliKit')
cd /Users/admin/builder/spi-builder-workspace/.swiftpm/xcode
builtin-Swift-Compilation -- /Applications/Xcode-27.0.0-Release.Candidate.app/Contents/Developer/Toolchains/XcodeDefault.xctoolchain/usr/bin/swiftc -parse-as-library -module-name BKFoundation -Onone @/Users/admin/builder/spi-builder-workspace/.derivedData/Build/Intermediates.noindex/BilibiliKit.build/Debug-watchos/BKFoundation-t.build/Objects-normal/arm64_32/BKFoundation.SwiftFileList -DSWIFT_PACKAGE -DDEBUG -DSWIFT_MODULE_RESOURCE_BUNDLE_UNAVAILABLE -DXcode -plugin-path /Applications/Xcode-27.0.0-Release.Candidate.app/Contents/Developer/Toolchains/XcodeDefault.xctoolchain/usr/lib/swift/host/plugins/testing -enable-experimental-feature DebugDescriptionMacro -sdk /Applications/Xcode-27.0.0-Release.Candidate.app/Contents/Developer/Platforms/WatchOS.platform/Developer/SDKs/WatchOS27.0.sdk -target arm64_32-apple-watchos9.0 -g -module-cache-path /Users/admin/builder/spi-builder-workspace/.derivedData/ModuleCache.noindex -Xfrontend -serialize-debugging-options -profile-coverage-mapping -profile-generate -enable-testing -index-store-path /Users/admin/builder/spi-builder-workspace/.derivedData/Index.noindex/DataStore -Xcc -D_LIBCPP_HARDENING_MODE\=_LIBCPP_HARDENING_MODE_DEBUG -swift-version 5 -I /Users/admin/builder/spi-builder-workspace/.derivedData/Build/Products/Debug-watchos -Isystem /Applications/Xcode-27.0.0-Release.Candidate.app/Contents/Developer/Platforms/WatchOS.platform/Developer/usr/lib -F /Users/admin/builder/spi-builder-workspace/.derivedData/Build/Products/Debug-watchos -F /Applications/Xcode-27.0.0-Release.Candidate.app/Contents/Developer/Platforms/WatchOS.platform/Developer/Library/Frameworks -F /Applications/Xcode-27.0.0-Release.Candidate.app/Contents/Developer/Platforms/WatchOS.platform/Developer/SDKs/WatchOS27.0.sdk/Developer/Library/Frameworks -c -j10 -enable-batch-mode -incremental -Xcc -ivfsstatcache -Xcc /Users/admin/builder/spi-builder-workspace/.derivedData/SDKStatCaches.noindex/watchos27.0-24R360-e829b21a6f8c9b70876ba0858053c04477534ef55a1706bf4c1112bbb242f0a2.sdkstatcache -output-file-map /Users/admin/builder/spi-builder-workspace/.derivedData/Build/Intermediates.noindex/BilibiliKit.build/Debug-watchos/BKFoundation-t.build/Objects-normal/arm64_32/BKFoundation-OutputFileMap.json -save-temps -no-color-diagnostics -explicit-module-build -module-cache-path /Users/admin/builder/spi-builder-workspace/.derivedData/Build/Intermediates.noindex/SwiftExplicitPrecompiledModules -clang-scanner-module-cache-path /Users/admin/builder/spi-builder-workspace/.derivedData/ModuleCache.noindex -sdk-module-cache-path /Users/admin/builder/spi-builder-workspace/.derivedData/SDKExplicitPrecompiledModules -emit-dependencies -emit-module -emit-module-path /Users/admin/builder/spi-builder-workspace/.derivedData/Build/Intermediates.noindex/BilibiliKit.build/Debug-watchos/BKFoundation-t.build/Objects-normal/arm64_32/BKFoundation.swiftmodule -serialize-diagnostics -dependency-scan-serialize-diagnostics-path /Users/admin/builder/spi-builder-workspace/.derivedData/Build/Intermediates.noindex/BilibiliKit.build/Debug-watchos/BKFoundation-t.build/Objects-normal/arm64_32/BKFoundation-dependency-scan.dia -validate-clang-modules-once -clang-build-session-file /Users/admin/builder/spi-builder-workspace/.derivedData/ModuleCache.noindex/Session.modulevalidation -Xcc -fmodules-prune-interval\=86400 -Xcc -fmodules-prune-after\=345600 -emit-const-values -const-gather-protocols-list /Users/admin/builder/spi-builder-workspace/.derivedData/Build/Intermediates.noindex/BilibiliKit.build/Debug-watchos/BKFoundation-t.build/Objects-normal/arm64_32/BKFoundation_const_extract_protocols.json -Xcc -I/Users/admin/builder/spi-builder-workspace/.derivedData/Build/Products/Debug-watchos/include -Xcc -I/Users/admin/builder/spi-builder-workspace/.derivedData/Build/Intermediates.noindex/BilibiliKit.build/Debug-watchos/BKFoundation-t.build/DerivedSources-normal/arm64_32 -Xcc -I/Users/admin/builder/spi-builder-workspace/.derivedData/Build/Intermediates.noindex/BilibiliKit.build/Debug-watchos/BKFoundation-t.build/DerivedSources/arm64_32 -Xcc -I/Users/admin/builder/spi-builder-workspace/.derivedData/Build/Intermediates.noindex/BilibiliKit.build/Debug-watchos/BKFoundation-t.build/DerivedSources -Xcc -DSWIFT_PACKAGE -Xcc -DDEBUG\=1 -emit-objc-header -emit-objc-header-path /Users/admin/builder/spi-builder-workspace/.derivedData/Build/Intermediates.noindex/BilibiliKit.build/Debug-watchos/BKFoundation-t.build/Objects-normal/arm64_32/BKFoundation-Swift.h -working-directory /Users/admin/builder/spi-builder-workspace/.swiftpm/xcode -experimental-emit-module-separately -disable-cmo
Ld /Users/admin/builder/spi-builder-workspace/.derivedData/Build/Intermediates.noindex/BilibiliKit.build/Debug-watchos/BKFoundation-t.build/Objects-normal/arm64_32/Binary/BKFoundation.o normal arm64_32 (in target 'BKFoundation' from project 'BilibiliKit')
cd /Users/admin/builder/spi-builder-workspace
/Applications/Xcode-27.0.0-Release.Candidate.app/Contents/Developer/Toolchains/XcodeDefault.xctoolchain/usr/bin/clang -Xlinker -reproducible -target arm64_32-apple-watchos9.0 -r -isysroot /Applications/Xcode-27.0.0-Release.Candidate.app/Contents/Developer/Platforms/WatchOS.platform/Developer/SDKs/WatchOS27.0.sdk -O0 -Xlinker -no_warn_duplicate_libraries -F/Users/admin/builder/spi-builder-workspace/.derivedData/Build/Intermediates.noindex/EagerLinkingTBDs/Debug-watchos -F/Users/admin/builder/spi-builder-workspace/.derivedData/Build/Products/Debug-watchos -iframework /Applications/Xcode-27.0.0-Release.Candidate.app/Contents/Developer/Platforms/WatchOS.platform/Developer/Library/Frameworks -iframework /Applications/Xcode-27.0.0-Release.Candidate.app/Contents/Developer/Platforms/WatchOS.platform/Developer/SDKs/WatchOS27.0.sdk/Developer/Library/Frameworks -filelist /Users/admin/builder/spi-builder-workspace/.derivedData/Build/Intermediates.noindex/BilibiliKit.build/Debug-watchos/BKFoundation-t.build/Objects-normal/arm64_32/BKFoundation.LinkFileList -nostdlib -Xlinker -object_path_lto -Xlinker /Users/admin/builder/spi-builder-workspace/.derivedData/Build/Intermediates.noindex/BilibiliKit.build/Debug-watchos/BKFoundation-t.build/Objects-normal/arm64_32/BKFoundation_lto.o -Xlinker -no_deduplicate -Xlinker -debug_variant -Xlinker -dependency_info -Xlinker /Users/admin/builder/spi-builder-workspace/.derivedData/Build/Intermediates.noindex/BilibiliKit.build/Debug-watchos/BKFoundation-t.build/Objects-normal/arm64_32/BKFoundation_dependency_info.dat -fobjc-link-runtime -L/Applications/Xcode-27.0.0-Release.Candidate.app/Contents/Developer/Toolchains/XcodeDefault.xctoolchain/usr/lib/swift/watchos -L/usr/lib/swift -Xlinker -add_ast_path -Xlinker /Users/admin/builder/spi-builder-workspace/.derivedData/Build/Intermediates.noindex/BilibiliKit.build/Debug-watchos/BKFoundation-t.build/Objects-normal/arm64_32/BKFoundation.swiftmodule -o /Users/admin/builder/spi-builder-workspace/.derivedData/Build/Intermediates.noindex/BilibiliKit.build/Debug-watchos/BKFoundation-t.build/Objects-normal/arm64_32/Binary/BKFoundation.o
CreateUniversalBinary /Users/admin/builder/spi-builder-workspace/.derivedData/Build/Products/Debug-watchos/BKFoundation.o normal arm64\ arm64_32 (in target 'BKFoundation' from project 'BilibiliKit')
cd /Users/admin/builder/spi-builder-workspace
/Applications/Xcode-27.0.0-Release.Candidate.app/Contents/Developer/Toolchains/XcodeDefault.xctoolchain/usr/bin/lipo -create /Users/admin/builder/spi-builder-workspace/.derivedData/Build/Intermediates.noindex/BilibiliKit.build/Debug-watchos/BKFoundation-t.build/Objects-normal/arm64/Binary/BKFoundation.o /Users/admin/builder/spi-builder-workspace/.derivedData/Build/Intermediates.noindex/BilibiliKit.build/Debug-watchos/BKFoundation-t.build/Objects-normal/arm64_32/Binary/BKFoundation.o -output /Users/admin/builder/spi-builder-workspace/.derivedData/Build/Products/Debug-watchos/BKFoundation.o
ExtractAppIntentsMetadata (in target 'BKFoundation' from project 'BilibiliKit')
cd /Users/admin/builder/spi-builder-workspace
/Applications/Xcode-27.0.0-Release.Candidate.app/Contents/Developer/Toolchains/XcodeDefault.xctoolchain/usr/bin/appintentsmetadataprocessor --toolchain-dir /var/run/com.apple.security.cryptexd/mnt/com.apple.MobileAsset.MetalToolchain-v27.1.266.1.WSJrxK/Metal.xctoolchain --module-name BKFoundation --sdk-root /Applications/Xcode-27.0.0-Release.Candidate.app/Contents/Developer/Platforms/WatchOS.platform/Developer/SDKs/WatchOS27.0.sdk --xcode-version 27A266a --platform-family watchOS --deployment-target 9.0 --bundle-identifier spi-builder-workspace.BKFoundation --output /Users/admin/builder/spi-builder-workspace/.derivedData/Build/Products/Debug-watchos/BKFoundation.appintents --target-triple arm64-apple-watchos9.0 --target-triple arm64_32-apple-watchos9.0 --binary-file /Users/admin/builder/spi-builder-workspace/.derivedData/Build/Products/Debug-watchos/BKFoundation.o --dependency-file /Users/admin/builder/spi-builder-workspace/.derivedData/Build/Intermediates.noindex/BilibiliKit.build/Debug-watchos/BKFoundation-t.build/Objects-normal/arm64/BKFoundation_dependency_info.dat --dependency-file /Users/admin/builder/spi-builder-workspace/.derivedData/Build/Intermediates.noindex/BilibiliKit.build/Debug-watchos/BKFoundation-t.build/Objects-normal/arm64_32/BKFoundation_dependency_info.dat --stringsdata-file /Users/admin/builder/spi-builder-workspace/.derivedData/Build/Intermediates.noindex/BilibiliKit.build/Debug-watchos/BKFoundation-t.build/Objects-normal/arm64/ExtractedAppShortcutsMetadata.stringsdata --stringsdata-file /Users/admin/builder/spi-builder-workspace/.derivedData/Build/Intermediates.noindex/BilibiliKit.build/Debug-watchos/BKFoundation-t.build/Objects-normal/arm64_32/ExtractedAppShortcutsMetadata.stringsdata --source-file-list /Users/admin/builder/spi-builder-workspace/.derivedData/Build/Intermediates.noindex/BilibiliKit.build/Debug-watchos/BKFoundation-t.build/Objects-normal/arm64/BKFoundation.SwiftFileList --source-file-list /Users/admin/builder/spi-builder-workspace/.derivedData/Build/Intermediates.noindex/BilibiliKit.build/Debug-watchos/BKFoundation-t.build/Objects-normal/arm64_32/BKFoundation.SwiftFileList --metadata-file-list /Users/admin/builder/spi-builder-workspace/.derivedData/Build/Intermediates.noindex/BilibiliKit.build/Debug-watchos/BKFoundation-t.build/BKFoundation.DependencyMetadataFileList --static-metadata-file-list /Users/admin/builder/spi-builder-workspace/.derivedData/Build/Intermediates.noindex/BilibiliKit.build/Debug-watchos/BKFoundation-t.build/BKFoundation.DependencyStaticMetadataFileList --swift-const-vals-list /Users/admin/builder/spi-builder-workspace/.derivedData/Build/Intermediates.noindex/BilibiliKit.build/Debug-watchos/BKFoundation-t.build/Objects-normal/arm64/BKFoundation.SwiftConstValuesFileList --swift-const-vals-list /Users/admin/builder/spi-builder-workspace/.derivedData/Build/Intermediates.noindex/BilibiliKit.build/Debug-watchos/BKFoundation-t.build/Objects-normal/arm64_32/BKFoundation.SwiftConstValuesFileList --force --compile-time-extraction --deployment-aware-processing --no-app-shortcuts-localization
2026-09-16 23:23:40.846 appintentsmetadataprocessor[737:4704] Starting appintentsmetadataprocessor export
2026-09-16 23:23:40.994 appintentsmetadataprocessor[737:4704] Extracted no relevant App Intents symbols, skipping writing output
SwiftEmitModule normal arm64_32 Emitting\ module\ for\ BKAudio (in target 'BKAudio' from project 'BilibiliKit')
SwiftCompile normal arm64_32 (in target 'BKAudio' from project 'BilibiliKit')
cd /Users/admin/builder/spi-builder-workspace/.swiftpm/xcode
SwiftCompile normal arm64_32 Compiling\ BKAudio+Info.swift /Users/admin/builder/spi-builder-workspace/Sources/BKAudio/BKAudio+Info.swift (in target 'BKAudio' from project 'BilibiliKit')
SwiftCompile normal arm64_32 /Users/admin/builder/spi-builder-workspace/Sources/BKAudio/BKAudio+Info.swift (in target 'BKAudio' from project 'BilibiliKit')
cd /Users/admin/builder/spi-builder-workspace/.swiftpm/xcode
builtin-SwiftPerFileCompile BKAudio+Info.swift
SwiftCompile normal arm64_32 Compiling\ BKAudio+Staff.swift /Users/admin/builder/spi-builder-workspace/Sources/BKAudio/BKAudio+Staff.swift (in target 'BKAudio' from project 'BilibiliKit')
SwiftCompile normal arm64_32 /Users/admin/builder/spi-builder-workspace/Sources/BKAudio/BKAudio+Staff.swift (in target 'BKAudio' from project 'BilibiliKit')
cd /Users/admin/builder/spi-builder-workspace/.swiftpm/xcode
builtin-SwiftPerFileCompile BKAudio+Staff.swift
SwiftCompile normal arm64_32 Compiling\ BKAudio.swift /Users/admin/builder/spi-builder-workspace/Sources/BKAudio/BKAudio.swift (in target 'BKAudio' from project 'BilibiliKit')
SwiftCompile normal arm64_32 /Users/admin/builder/spi-builder-workspace/Sources/BKAudio/BKAudio.swift (in target 'BKAudio' from project 'BilibiliKit')
cd /Users/admin/builder/spi-builder-workspace/.swiftpm/xcode
builtin-SwiftPerFileCompile BKAudio.swift
SwiftCompile normal arm64_32 Compiling\ BKAudio+URLs.swift /Users/admin/builder/spi-builder-workspace/Sources/BKAudio/BKAudio+URLs.swift (in target 'BKAudio' from project 'BilibiliKit')
SwiftCompile normal arm64_32 /Users/admin/builder/spi-builder-workspace/Sources/BKAudio/BKAudio+URLs.swift (in target 'BKAudio' from project 'BilibiliKit')
cd /Users/admin/builder/spi-builder-workspace/.swiftpm/xcode
builtin-SwiftPerFileCompile BKAudio+URLs.swift
SwiftExplicitDependencyGeneratePcm arm64_32 /Users/admin/builder/spi-builder-workspace/.derivedData/SDKExplicitPrecompiledModules/LocalAuthentication-ATD947DC6Q0HA129OWBMG6HNP.pcm
SwiftExplicitDependencyGeneratePcm arm64_32 /Users/admin/builder/spi-builder-workspace/.derivedData/SDKExplicitPrecompiledModules/CommonCrypto-4SBKSONONPCN5A2NN0NHD4BRW.pcm
SwiftEmitModule normal arm64 Emitting\ module\ for\ BKAudio (in target 'BKAudio' from project 'BilibiliKit')
SwiftCompile normal arm64 (in target 'BKAudio' from project 'BilibiliKit')
cd /Users/admin/builder/spi-builder-workspace/.swiftpm/xcode
SwiftCompile normal arm64 Compiling\ BKAudio+Info.swift /Users/admin/builder/spi-builder-workspace/Sources/BKAudio/BKAudio+Info.swift (in target 'BKAudio' from project 'BilibiliKit')
SwiftCompile normal arm64 /Users/admin/builder/spi-builder-workspace/Sources/BKAudio/BKAudio+Info.swift (in target 'BKAudio' from project 'BilibiliKit')
cd /Users/admin/builder/spi-builder-workspace/.swiftpm/xcode
builtin-SwiftPerFileCompile BKAudio+Info.swift
SwiftExplicitDependencyGeneratePcm arm64 /Users/admin/builder/spi-builder-workspace/.derivedData/SDKExplicitPrecompiledModules/CommonCrypto-3731WVM9LGADOB9H6TY2155BN.pcm
SwiftExplicitDependencyGeneratePcm arm64 /Users/admin/builder/spi-builder-workspace/.derivedData/SDKExplicitPrecompiledModules/LocalAuthentication-E2VERNNN1K2IWY24TR43TU59K.pcm
SwiftEmitModule normal arm64_32 Emitting\ module\ for\ BKSecurity (in target 'BKSecurity' from project 'BilibiliKit')
SwiftCompile normal arm64_32 (in target 'BKSecurity' from project 'BilibiliKit')
cd /Users/admin/builder/spi-builder-workspace/.swiftpm/xcode
SwiftCompile normal arm64_32 Compiling\ RSA.swift /Users/admin/builder/spi-builder-workspace/Sources/BKSecurity/RSA.swift (in target 'BKSecurity' from project 'BilibiliKit')
SwiftCompile normal arm64_32 /Users/admin/builder/spi-builder-workspace/Sources/BKSecurity/RSA.swift (in target 'BKSecurity' from project 'BilibiliKit')
cd /Users/admin/builder/spi-builder-workspace/.swiftpm/xcode
builtin-SwiftPerFileCompile RSA.swift
SwiftDriverJobDiscovery normal arm64_32 Compiling BKAudio.swift (in target 'BKAudio' from project 'BilibiliKit')
SwiftCompile normal arm64_32 Compiling\ MD5.swift /Users/admin/builder/spi-builder-workspace/Sources/BKSecurity/MD5.swift (in target 'BKSecurity' from project 'BilibiliKit')
SwiftCompile normal arm64_32 /Users/admin/builder/spi-builder-workspace/Sources/BKSecurity/MD5.swift (in target 'BKSecurity' from project 'BilibiliKit')
cd /Users/admin/builder/spi-builder-workspace/.swiftpm/xcode
builtin-SwiftPerFileCompile MD5.swift
/Users/admin/builder/spi-builder-workspace/Sources/BKSecurity/MD5.swift:44:16: warning: 'md5Hex_CC' was deprecated in watchOS 6.0: You should never see this warning. [#DeprecatedDeclaration]
42 |
43 | #if canImport(CommonCrypto)
44 | return md5Hex_CC(data)
| `- warning: 'md5Hex_CC' was deprecated in watchOS 6.0: You should never see this warning. [#DeprecatedDeclaration]
45 | #else
46 | #error("MD5: NO ENCRYPTION BACKEND")
[#DeprecatedDeclaration]: <https://docs.swift.org/compiler/documentation/diagnostics/deprecated-declaration>
SwiftDriverJobDiscovery normal arm64_32 Emitting module for BKAudio (in target 'BKAudio' from project 'BilibiliKit')
SwiftDriver\ Compilation\ Requirements BKAudio normal arm64_32 com.apple.xcode.tools.swift.compiler (in target 'BKAudio' from project 'BilibiliKit')
cd /Users/admin/builder/spi-builder-workspace/.swiftpm/xcode
builtin-Swift-Compilation-Requirements -- /Applications/Xcode-27.0.0-Release.Candidate.app/Contents/Developer/Toolchains/XcodeDefault.xctoolchain/usr/bin/swiftc -parse-as-library -module-name BKAudio -Onone @/Users/admin/builder/spi-builder-workspace/.derivedData/Build/Intermediates.noindex/BilibiliKit.build/Debug-watchos/BKAudio-t.build/Objects-normal/arm64_32/BKAudio.SwiftFileList -DSWIFT_PACKAGE -DDEBUG -DSWIFT_MODULE_RESOURCE_BUNDLE_UNAVAILABLE -DXcode -plugin-path /Applications/Xcode-27.0.0-Release.Candidate.app/Contents/Developer/Toolchains/XcodeDefault.xctoolchain/usr/lib/swift/host/plugins/testing -enable-experimental-feature DebugDescriptionMacro -sdk /Applications/Xcode-27.0.0-Release.Candidate.app/Contents/Developer/Platforms/WatchOS.platform/Developer/SDKs/WatchOS27.0.sdk -target arm64_32-apple-watchos9.0 -g -module-cache-path /Users/admin/builder/spi-builder-workspace/.derivedData/ModuleCache.noindex -Xfrontend -serialize-debugging-options -profile-coverage-mapping -profile-generate -enable-testing -index-store-path /Users/admin/builder/spi-builder-workspace/.derivedData/Index.noindex/DataStore -Xcc -D_LIBCPP_HARDENING_MODE\=_LIBCPP_HARDENING_MODE_DEBUG -swift-version 5 -I /Users/admin/builder/spi-builder-workspace/.derivedData/Build/Products/Debug-watchos -Isystem /Applications/Xcode-27.0.0-Release.Candidate.app/Contents/Developer/Platforms/WatchOS.platform/Developer/usr/lib -F /Users/admin/builder/spi-builder-workspace/.derivedData/Build/Products/Debug-watchos/PackageFrameworks -F /Users/admin/builder/spi-builder-workspace/.derivedData/Build/Products/Debug-watchos -F /Applications/Xcode-27.0.0-Release.Candidate.app/Contents/Developer/Platforms/WatchOS.platform/Developer/Library/Frameworks -F /Applications/Xcode-27.0.0-Release.Candidate.app/Contents/Developer/Platforms/WatchOS.platform/Developer/SDKs/WatchOS27.0.sdk/Developer/Library/Frameworks -c -j10 -enable-batch-mode -incremental -Xcc -ivfsstatcache -Xcc /Users/admin/builder/spi-builder-workspace/.derivedData/SDKStatCaches.noindex/watchos27.0-24R360-e829b21a6f8c9b70876ba0858053c04477534ef55a1706bf4c1112bbb242f0a2.sdkstatcache -output-file-map /Users/admin/builder/spi-builder-workspace/.derivedData/Build/Intermediates.noindex/BilibiliKit.build/Debug-watchos/BKAudio-t.build/Objects-normal/arm64_32/BKAudio-OutputFileMap.json -save-temps -no-color-diagnostics -explicit-module-build -module-cache-path /Users/admin/builder/spi-builder-workspace/.derivedData/Build/Intermediates.noindex/SwiftExplicitPrecompiledModules -clang-scanner-module-cache-path /Users/admin/builder/spi-builder-workspace/.derivedData/ModuleCache.noindex -sdk-module-cache-path /Users/admin/builder/spi-builder-workspace/.derivedData/SDKExplicitPrecompiledModules -emit-dependencies -emit-module -emit-module-path /Users/admin/builder/spi-builder-workspace/.derivedData/Build/Intermediates.noindex/BilibiliKit.build/Debug-watchos/BKAudio-t.build/Objects-normal/arm64_32/BKAudio.swiftmodule -serialize-diagnostics -dependency-scan-serialize-diagnostics-path /Users/admin/builder/spi-builder-workspace/.derivedData/Build/Intermediates.noindex/BilibiliKit.build/Debug-watchos/BKAudio-t.build/Objects-normal/arm64_32/BKAudio-dependency-scan.dia -validate-clang-modules-once -clang-build-session-file /Users/admin/builder/spi-builder-workspace/.derivedData/ModuleCache.noindex/Session.modulevalidation -Xcc -fmodules-prune-interval\=86400 -Xcc -fmodules-prune-after\=345600 -emit-const-values -const-gather-protocols-list /Users/admin/builder/spi-builder-workspace/.derivedData/Build/Intermediates.noindex/BilibiliKit.build/Debug-watchos/BKAudio-t.build/Objects-normal/arm64_32/BKAudio_const_extract_protocols.json -Xcc -I/Users/admin/builder/spi-builder-workspace/.derivedData/Build/Products/Debug-watchos/include -Xcc -I/Users/admin/builder/spi-builder-workspace/.derivedData/Build/Intermediates.noindex/BilibiliKit.build/Debug-watchos/BKAudio-t.build/DerivedSources-normal/arm64_32 -Xcc -I/Users/admin/builder/spi-builder-workspace/.derivedData/Build/Intermediates.noindex/BilibiliKit.build/Debug-watchos/BKAudio-t.build/DerivedSources/arm64_32 -Xcc -I/Users/admin/builder/spi-builder-workspace/.derivedData/Build/Intermediates.noindex/BilibiliKit.build/Debug-watchos/BKAudio-t.build/DerivedSources -Xcc -DSWIFT_PACKAGE -Xcc -DDEBUG\=1 -emit-objc-header -emit-objc-header-path /Users/admin/builder/spi-builder-workspace/.derivedData/Build/Intermediates.noindex/BilibiliKit.build/Debug-watchos/BKAudio-t.build/Objects-normal/arm64_32/BKAudio-Swift.h -working-directory /Users/admin/builder/spi-builder-workspace/.swiftpm/xcode -experimental-emit-module-separately -disable-cmo
SwiftCompile normal arm64_32 Compiling\ BKSec.swift /Users/admin/builder/spi-builder-workspace/Sources/BKSecurity/BKSec.swift (in target 'BKSecurity' from project 'BilibiliKit')
SwiftCompile normal arm64_32 /Users/admin/builder/spi-builder-workspace/Sources/BKSecurity/BKSec.swift (in target 'BKSecurity' from project 'BilibiliKit')
cd /Users/admin/builder/spi-builder-workspace/.swiftpm/xcode
builtin-SwiftPerFileCompile BKSec.swift
Copy /Users/admin/builder/spi-builder-workspace/.derivedData/Build/Products/Debug-watchos/BKAudio.swiftmodule/arm64_32-apple-watchos.swiftmodule /Users/admin/builder/spi-builder-workspace/.derivedData/Build/Intermediates.noindex/BilibiliKit.build/Debug-watchos/BKAudio-t.build/Objects-normal/arm64_32/BKAudio.swiftmodule (in target 'BKAudio' from project 'BilibiliKit')
cd /Users/admin/builder/spi-builder-workspace
builtin-copy -exclude .DS_Store -exclude CVS -exclude .svn -exclude .git -exclude .hg -resolve-src-symlinks -rename /Users/admin/builder/spi-builder-workspace/.derivedData/Build/Intermediates.noindex/BilibiliKit.build/Debug-watchos/BKAudio-t.build/Objects-normal/arm64_32/BKAudio.swiftmodule /Users/admin/builder/spi-builder-workspace/.derivedData/Build/Products/Debug-watchos/BKAudio.swiftmodule/arm64_32-apple-watchos.swiftmodule
SwiftDriverJobDiscovery normal arm64_32 Compiling BKAudio+URLs.swift (in target 'BKAudio' from project 'BilibiliKit')
Copy /Users/admin/builder/spi-builder-workspace/.derivedData/Build/Products/Debug-watchos/BKAudio.swiftmodule/arm64_32-apple-watchos.swiftdoc /Users/admin/builder/spi-builder-workspace/.derivedData/Build/Intermediates.noindex/BilibiliKit.build/Debug-watchos/BKAudio-t.build/Objects-normal/arm64_32/BKAudio.swiftdoc (in target 'BKAudio' from project 'BilibiliKit')
cd /Users/admin/builder/spi-builder-workspace
builtin-copy -exclude .DS_Store -exclude CVS -exclude .svn -exclude .git -exclude .hg -resolve-src-symlinks -rename /Users/admin/builder/spi-builder-workspace/.derivedData/Build/Intermediates.noindex/BilibiliKit.build/Debug-watchos/BKAudio-t.build/Objects-normal/arm64_32/BKAudio.swiftdoc /Users/admin/builder/spi-builder-workspace/.derivedData/Build/Products/Debug-watchos/BKAudio.swiftmodule/arm64_32-apple-watchos.swiftdoc
SwiftDriverJobDiscovery normal arm64 Emitting module for BKAudio (in target 'BKAudio' from project 'BilibiliKit')
Copy /Users/admin/builder/spi-builder-workspace/.derivedData/Build/Products/Debug-watchos/BKAudio.swiftmodule/arm64_32-apple-watchos.abi.json /Users/admin/builder/spi-builder-workspace/.derivedData/Build/Intermediates.noindex/BilibiliKit.build/Debug-watchos/BKAudio-t.build/Objects-normal/arm64_32/BKAudio.abi.json (in target 'BKAudio' from project 'BilibiliKit')
cd /Users/admin/builder/spi-builder-workspace
builtin-copy -exclude .DS_Store -exclude CVS -exclude .svn -exclude .git -exclude .hg -resolve-src-symlinks -rename /Users/admin/builder/spi-builder-workspace/.derivedData/Build/Intermediates.noindex/BilibiliKit.build/Debug-watchos/BKAudio-t.build/Objects-normal/arm64_32/BKAudio.abi.json /Users/admin/builder/spi-builder-workspace/.derivedData/Build/Products/Debug-watchos/BKAudio.swiftmodule/arm64_32-apple-watchos.abi.json
SwiftDriver\ Compilation\ Requirements BKAudio normal arm64 com.apple.xcode.tools.swift.compiler (in target 'BKAudio' from project 'BilibiliKit')
cd /Users/admin/builder/spi-builder-workspace/.swiftpm/xcode
builtin-Swift-Compilation-Requirements -- /Applications/Xcode-27.0.0-Release.Candidate.app/Contents/Developer/Toolchains/XcodeDefault.xctoolchain/usr/bin/swiftc -parse-as-library -module-name BKAudio -Onone @/Users/admin/builder/spi-builder-workspace/.derivedData/Build/Intermediates.noindex/BilibiliKit.build/Debug-watchos/BKAudio-t.build/Objects-normal/arm64/BKAudio.SwiftFileList -DSWIFT_PACKAGE -DDEBUG -DSWIFT_MODULE_RESOURCE_BUNDLE_UNAVAILABLE -DXcode -plugin-path /Applications/Xcode-27.0.0-Release.Candidate.app/Contents/Developer/Toolchains/XcodeDefault.xctoolchain/usr/lib/swift/host/plugins/testing -enable-experimental-feature DebugDescriptionMacro -sdk /Applications/Xcode-27.0.0-Release.Candidate.app/Contents/Developer/Platforms/WatchOS.platform/Developer/SDKs/WatchOS27.0.sdk -target arm64-apple-watchos9.0 -g -module-cache-path /Users/admin/builder/spi-builder-workspace/.derivedData/ModuleCache.noindex -Xfrontend -serialize-debugging-options -profile-coverage-mapping -profile-generate -enable-testing -index-store-path /Users/admin/builder/spi-builder-workspace/.derivedData/Index.noindex/DataStore -Xcc -D_LIBCPP_HARDENING_MODE\=_LIBCPP_HARDENING_MODE_DEBUG -swift-version 5 -I /Users/admin/builder/spi-builder-workspace/.derivedData/Build/Products/Debug-watchos -Isystem /Applications/Xcode-27.0.0-Release.Candidate.app/Contents/Developer/Platforms/WatchOS.platform/Developer/usr/lib -F /Users/admin/builder/spi-builder-workspace/.derivedData/Build/Products/Debug-watchos/PackageFrameworks -F /Users/admin/builder/spi-builder-workspace/.derivedData/Build/Products/Debug-watchos -F /Applications/Xcode-27.0.0-Release.Candidate.app/Contents/Developer/Platforms/WatchOS.platform/Developer/Library/Frameworks -F /Applications/Xcode-27.0.0-Release.Candidate.app/Contents/Developer/Platforms/WatchOS.platform/Developer/SDKs/WatchOS27.0.sdk/Developer/Library/Frameworks -c -j10 -enable-batch-mode -incremental -Xcc -ivfsstatcache -Xcc /Users/admin/builder/spi-builder-workspace/.derivedData/SDKStatCaches.noindex/watchos27.0-24R360-e829b21a6f8c9b70876ba0858053c04477534ef55a1706bf4c1112bbb242f0a2.sdkstatcache -output-file-map /Users/admin/builder/spi-builder-workspace/.derivedData/Build/Intermediates.noindex/BilibiliKit.build/Debug-watchos/BKAudio-t.build/Objects-normal/arm64/BKAudio-OutputFileMap.json -save-temps -no-color-diagnostics -explicit-module-build -module-cache-path /Users/admin/builder/spi-builder-workspace/.derivedData/Build/Intermediates.noindex/SwiftExplicitPrecompiledModules -clang-scanner-module-cache-path /Users/admin/builder/spi-builder-workspace/.derivedData/ModuleCache.noindex -sdk-module-cache-path /Users/admin/builder/spi-builder-workspace/.derivedData/SDKExplicitPrecompiledModules -emit-dependencies -emit-module -emit-module-path /Users/admin/builder/spi-builder-workspace/.derivedData/Build/Intermediates.noindex/BilibiliKit.build/Debug-watchos/BKAudio-t.build/Objects-normal/arm64/BKAudio.swiftmodule -serialize-diagnostics -dependency-scan-serialize-diagnostics-path /Users/admin/builder/spi-builder-workspace/.derivedData/Build/Intermediates.noindex/BilibiliKit.build/Debug-watchos/BKAudio-t.build/Objects-normal/arm64/BKAudio-dependency-scan.dia -validate-clang-modules-once -clang-build-session-file /Users/admin/builder/spi-builder-workspace/.derivedData/ModuleCache.noindex/Session.modulevalidation -Xcc -fmodules-prune-interval\=86400 -Xcc -fmodules-prune-after\=345600 -emit-const-values -const-gather-protocols-list /Users/admin/builder/spi-builder-workspace/.derivedData/Build/Intermediates.noindex/BilibiliKit.build/Debug-watchos/BKAudio-t.build/Objects-normal/arm64/BKAudio_const_extract_protocols.json -Xcc -I/Users/admin/builder/spi-builder-workspace/.derivedData/Build/Products/Debug-watchos/include -Xcc -I/Users/admin/builder/spi-builder-workspace/.derivedData/Build/Intermediates.noindex/BilibiliKit.build/Debug-watchos/BKAudio-t.build/DerivedSources-normal/arm64 -Xcc -I/Users/admin/builder/spi-builder-workspace/.derivedData/Build/Intermediates.noindex/BilibiliKit.build/Debug-watchos/BKAudio-t.build/DerivedSources/arm64 -Xcc -I/Users/admin/builder/spi-builder-workspace/.derivedData/Build/Intermediates.noindex/BilibiliKit.build/Debug-watchos/BKAudio-t.build/DerivedSources -Xcc -DSWIFT_PACKAGE -Xcc -DDEBUG\=1 -emit-objc-header -emit-objc-header-path /Users/admin/builder/spi-builder-workspace/.derivedData/Build/Intermediates.noindex/BilibiliKit.build/Debug-watchos/BKAudio-t.build/Objects-normal/arm64/BKAudio-Swift.h -working-directory /Users/admin/builder/spi-builder-workspace/.swiftpm/xcode -experimental-emit-module-separately -disable-cmo
SwiftEmitModule normal arm64 Emitting\ module\ for\ BKSecurity (in target 'BKSecurity' from project 'BilibiliKit')
SwiftCompile normal arm64 (in target 'BKSecurity' from project 'BilibiliKit')
cd /Users/admin/builder/spi-builder-workspace/.swiftpm/xcode
Copy /Users/admin/builder/spi-builder-workspace/.derivedData/Build/Products/Debug-watchos/BKAudio.swiftmodule/Project/arm64_32-apple-watchos.swiftsourceinfo /Users/admin/builder/spi-builder-workspace/.derivedData/Build/Intermediates.noindex/BilibiliKit.build/Debug-watchos/BKAudio-t.build/Objects-normal/arm64_32/BKAudio.swiftsourceinfo (in target 'BKAudio' from project 'BilibiliKit')
cd /Users/admin/builder/spi-builder-workspace
builtin-copy -exclude .DS_Store -exclude CVS -exclude .svn -exclude .git -exclude .hg -resolve-src-symlinks -rename /Users/admin/builder/spi-builder-workspace/.derivedData/Build/Intermediates.noindex/BilibiliKit.build/Debug-watchos/BKAudio-t.build/Objects-normal/arm64_32/BKAudio.swiftsourceinfo /Users/admin/builder/spi-builder-workspace/.derivedData/Build/Products/Debug-watchos/BKAudio.swiftmodule/Project/arm64_32-apple-watchos.swiftsourceinfo
SwiftCompile normal arm64 Compiling\ BKSec.swift /Users/admin/builder/spi-builder-workspace/Sources/BKSecurity/BKSec.swift (in target 'BKSecurity' from project 'BilibiliKit')
SwiftCompile normal arm64 /Users/admin/builder/spi-builder-workspace/Sources/BKSecurity/BKSec.swift (in target 'BKSecurity' from project 'BilibiliKit')
cd /Users/admin/builder/spi-builder-workspace/.swiftpm/xcode
builtin-SwiftPerFileCompile BKSec.swift
SwiftMergeGeneratedHeaders /Users/admin/builder/spi-builder-workspace/.derivedData/Build/Intermediates.noindex/GeneratedModuleMaps-watchos/BKAudio-Swift.h /Users/admin/builder/spi-builder-workspace/.derivedData/Build/Intermediates.noindex/BilibiliKit.build/Debug-watchos/BKAudio-t.build/Objects-normal/arm64/BKAudio-Swift.h /Users/admin/builder/spi-builder-workspace/.derivedData/Build/Intermediates.noindex/BilibiliKit.build/Debug-watchos/BKAudio-t.build/Objects-normal/arm64_32/BKAudio-Swift.h (in target 'BKAudio' from project 'BilibiliKit')
cd /Users/admin/builder/spi-builder-workspace
builtin-swiftHeaderTool -arch arm64 /Users/admin/builder/spi-builder-workspace/.derivedData/Build/Intermediates.noindex/BilibiliKit.build/Debug-watchos/BKAudio-t.build/Objects-normal/arm64/BKAudio-Swift.h -arch arm64_32 /Users/admin/builder/spi-builder-workspace/.derivedData/Build/Intermediates.noindex/BilibiliKit.build/Debug-watchos/BKAudio-t.build/Objects-normal/arm64_32/BKAudio-Swift.h -o /Users/admin/builder/spi-builder-workspace/.derivedData/Build/Intermediates.noindex/GeneratedModuleMaps-watchos/BKAudio-Swift.h
Copy /Users/admin/builder/spi-builder-workspace/.derivedData/Build/Products/Debug-watchos/BKAudio.swiftmodule/arm64-apple-watchos.swiftmodule /Users/admin/builder/spi-builder-workspace/.derivedData/Build/Intermediates.noindex/BilibiliKit.build/Debug-watchos/BKAudio-t.build/Objects-normal/arm64/BKAudio.swiftmodule (in target 'BKAudio' from project 'BilibiliKit')
cd /Users/admin/builder/spi-builder-workspace
builtin-copy -exclude .DS_Store -exclude CVS -exclude .svn -exclude .git -exclude .hg -resolve-src-symlinks -rename /Users/admin/builder/spi-builder-workspace/.derivedData/Build/Intermediates.noindex/BilibiliKit.build/Debug-watchos/BKAudio-t.build/Objects-normal/arm64/BKAudio.swiftmodule /Users/admin/builder/spi-builder-workspace/.derivedData/Build/Products/Debug-watchos/BKAudio.swiftmodule/arm64-apple-watchos.swiftmodule
Copy /Users/admin/builder/spi-builder-workspace/.derivedData/Build/Products/Debug-watchos/BKAudio.swiftmodule/arm64-apple-watchos.swiftdoc /Users/admin/builder/spi-builder-workspace/.derivedData/Build/Intermediates.noindex/BilibiliKit.build/Debug-watchos/BKAudio-t.build/Objects-normal/arm64/BKAudio.swiftdoc (in target 'BKAudio' from project 'BilibiliKit')
cd /Users/admin/builder/spi-builder-workspace
builtin-copy -exclude .DS_Store -exclude CVS -exclude .svn -exclude .git -exclude .hg -resolve-src-symlinks -rename /Users/admin/builder/spi-builder-workspace/.derivedData/Build/Intermediates.noindex/BilibiliKit.build/Debug-watchos/BKAudio-t.build/Objects-normal/arm64/BKAudio.swiftdoc /Users/admin/builder/spi-builder-workspace/.derivedData/Build/Products/Debug-watchos/BKAudio.swiftmodule/arm64-apple-watchos.swiftdoc
Copy /Users/admin/builder/spi-builder-workspace/.derivedData/Build/Products/Debug-watchos/BKAudio.swiftmodule/arm64-apple-watchos.abi.json /Users/admin/builder/spi-builder-workspace/.derivedData/Build/Intermediates.noindex/BilibiliKit.build/Debug-watchos/BKAudio-t.build/Objects-normal/arm64/BKAudio.abi.json (in target 'BKAudio' from project 'BilibiliKit')
cd /Users/admin/builder/spi-builder-workspace
builtin-copy -exclude .DS_Store -exclude CVS -exclude .svn -exclude .git -exclude .hg -resolve-src-symlinks -rename /Users/admin/builder/spi-builder-workspace/.derivedData/Build/Intermediates.noindex/BilibiliKit.build/Debug-watchos/BKAudio-t.build/Objects-normal/arm64/BKAudio.abi.json /Users/admin/builder/spi-builder-workspace/.derivedData/Build/Products/Debug-watchos/BKAudio.swiftmodule/arm64-apple-watchos.abi.json
Copy /Users/admin/builder/spi-builder-workspace/.derivedData/Build/Products/Debug-watchos/BKAudio.swiftmodule/Project/arm64-apple-watchos.swiftsourceinfo /Users/admin/builder/spi-builder-workspace/.derivedData/Build/Intermediates.noindex/BilibiliKit.build/Debug-watchos/BKAudio-t.build/Objects-normal/arm64/BKAudio.swiftsourceinfo (in target 'BKAudio' from project 'BilibiliKit')
cd /Users/admin/builder/spi-builder-workspace
builtin-copy -exclude .DS_Store -exclude CVS -exclude .svn -exclude .git -exclude .hg -resolve-src-symlinks -rename /Users/admin/builder/spi-builder-workspace/.derivedData/Build/Intermediates.noindex/BilibiliKit.build/Debug-watchos/BKAudio-t.build/Objects-normal/arm64/BKAudio.swiftsourceinfo /Users/admin/builder/spi-builder-workspace/.derivedData/Build/Products/Debug-watchos/BKAudio.swiftmodule/Project/arm64-apple-watchos.swiftsourceinfo
SwiftCompile normal arm64 Compiling\ RSA.swift /Users/admin/builder/spi-builder-workspace/Sources/BKSecurity/RSA.swift (in target 'BKSecurity' from project 'BilibiliKit')
SwiftCompile normal arm64 /Users/admin/builder/spi-builder-workspace/Sources/BKSecurity/RSA.swift (in target 'BKSecurity' from project 'BilibiliKit')
cd /Users/admin/builder/spi-builder-workspace/.swiftpm/xcode
builtin-SwiftPerFileCompile RSA.swift
SwiftCompile normal arm64 Compiling\ MD5.swift /Users/admin/builder/spi-builder-workspace/Sources/BKSecurity/MD5.swift (in target 'BKSecurity' from project 'BilibiliKit')
SwiftCompile normal arm64 /Users/admin/builder/spi-builder-workspace/Sources/BKSecurity/MD5.swift (in target 'BKSecurity' from project 'BilibiliKit')
cd /Users/admin/builder/spi-builder-workspace/.swiftpm/xcode
builtin-SwiftPerFileCompile MD5.swift
/Users/admin/builder/spi-builder-workspace/Sources/BKSecurity/MD5.swift:44:16: warning: 'md5Hex_CC' was deprecated in watchOS 6.0: You should never see this warning. [#DeprecatedDeclaration]
42 |
43 | #if canImport(CommonCrypto)
44 | return md5Hex_CC(data)
| `- warning: 'md5Hex_CC' was deprecated in watchOS 6.0: You should never see this warning. [#DeprecatedDeclaration]
45 | #else
46 | #error("MD5: NO ENCRYPTION BACKEND")
[#DeprecatedDeclaration]: <https://docs.swift.org/compiler/documentation/diagnostics/deprecated-declaration>
SwiftDriverJobDiscovery normal arm64_32 Compiling BKAudio+Staff.swift (in target 'BKAudio' from project 'BilibiliKit')
SwiftCompile normal arm64 Compiling\ BKAudio.swift /Users/admin/builder/spi-builder-workspace/Sources/BKAudio/BKAudio.swift (in target 'BKAudio' from project 'BilibiliKit')
SwiftCompile normal arm64 /Users/admin/builder/spi-builder-workspace/Sources/BKAudio/BKAudio.swift (in target 'BKAudio' from project 'BilibiliKit')
cd /Users/admin/builder/spi-builder-workspace/.swiftpm/xcode
builtin-SwiftPerFileCompile BKAudio.swift
SwiftDriverJobDiscovery normal arm64_32 Emitting module for BKSecurity (in target 'BKSecurity' from project 'BilibiliKit')
SwiftDriver\ Compilation\ Requirements BKSecurity normal arm64_32 com.apple.xcode.tools.swift.compiler (in target 'BKSecurity' from project 'BilibiliKit')
cd /Users/admin/builder/spi-builder-workspace/.swiftpm/xcode
builtin-Swift-Compilation-Requirements -- /Applications/Xcode-27.0.0-Release.Candidate.app/Contents/Developer/Toolchains/XcodeDefault.xctoolchain/usr/bin/swiftc -parse-as-library -module-name BKSecurity -Onone @/Users/admin/builder/spi-builder-workspace/.derivedData/Build/Intermediates.noindex/BilibiliKit.build/Debug-watchos/BKSecurity-t.build/Objects-normal/arm64_32/BKSecurity.SwiftFileList -DSWIFT_PACKAGE -DDEBUG -DSWIFT_MODULE_RESOURCE_BUNDLE_UNAVAILABLE -DXcode -plugin-path /Applications/Xcode-27.0.0-Release.Candidate.app/Contents/Developer/Toolchains/XcodeDefault.xctoolchain/usr/lib/swift/host/plugins/testing -enable-experimental-feature DebugDescriptionMacro -sdk /Applications/Xcode-27.0.0-Release.Candidate.app/Contents/Developer/Platforms/WatchOS.platform/Developer/SDKs/WatchOS27.0.sdk -target arm64_32-apple-watchos9.0 -g -module-cache-path /Users/admin/builder/spi-builder-workspace/.derivedData/ModuleCache.noindex -Xfrontend -serialize-debugging-options -profile-coverage-mapping -profile-generate -enable-testing -index-store-path /Users/admin/builder/spi-builder-workspace/.derivedData/Index.noindex/DataStore -Xcc -D_LIBCPP_HARDENING_MODE\=_LIBCPP_HARDENING_MODE_DEBUG -swift-version 5 -I /Users/admin/builder/spi-builder-workspace/.derivedData/Build/Products/Debug-watchos -Isystem /Applications/Xcode-27.0.0-Release.Candidate.app/Contents/Developer/Platforms/WatchOS.platform/Developer/usr/lib -F /Users/admin/builder/spi-builder-workspace/.derivedData/Build/Products/Debug-watchos/PackageFrameworks -F /Users/admin/builder/spi-builder-workspace/.derivedData/Build/Products/Debug-watchos -F /Applications/Xcode-27.0.0-Release.Candidate.app/Contents/Developer/Platforms/WatchOS.platform/Developer/Library/Frameworks -F /Applications/Xcode-27.0.0-Release.Candidate.app/Contents/Developer/Platforms/WatchOS.platform/Developer/SDKs/WatchOS27.0.sdk/Developer/Library/Frameworks -c -j10 -enable-batch-mode -incremental -Xcc -ivfsstatcache -Xcc /Users/admin/builder/spi-builder-workspace/.derivedData/SDKStatCaches.noindex/watchos27.0-24R360-e829b21a6f8c9b70876ba0858053c04477534ef55a1706bf4c1112bbb242f0a2.sdkstatcache -output-file-map /Users/admin/builder/spi-builder-workspace/.derivedData/Build/Intermediates.noindex/BilibiliKit.build/Debug-watchos/BKSecurity-t.build/Objects-normal/arm64_32/BKSecurity-OutputFileMap.json -save-temps -no-color-diagnostics -explicit-module-build -module-cache-path /Users/admin/builder/spi-builder-workspace/.derivedData/Build/Intermediates.noindex/SwiftExplicitPrecompiledModules -clang-scanner-module-cache-path /Users/admin/builder/spi-builder-workspace/.derivedData/ModuleCache.noindex -sdk-module-cache-path /Users/admin/builder/spi-builder-workspace/.derivedData/SDKExplicitPrecompiledModules -emit-dependencies -emit-module -emit-module-path /Users/admin/builder/spi-builder-workspace/.derivedData/Build/Intermediates.noindex/BilibiliKit.build/Debug-watchos/BKSecurity-t.build/Objects-normal/arm64_32/BKSecurity.swiftmodule -serialize-diagnostics -dependency-scan-serialize-diagnostics-path /Users/admin/builder/spi-builder-workspace/.derivedData/Build/Intermediates.noindex/BilibiliKit.build/Debug-watchos/BKSecurity-t.build/Objects-normal/arm64_32/BKSecurity-dependency-scan.dia -validate-clang-modules-once -clang-build-session-file /Users/admin/builder/spi-builder-workspace/.derivedData/ModuleCache.noindex/Session.modulevalidation -Xcc -fmodules-prune-interval\=86400 -Xcc -fmodules-prune-after\=345600 -emit-const-values -const-gather-protocols-list /Users/admin/builder/spi-builder-workspace/.derivedData/Build/Intermediates.noindex/BilibiliKit.build/Debug-watchos/BKSecurity-t.build/Objects-normal/arm64_32/BKSecurity_const_extract_protocols.json -Xcc -I/Users/admin/builder/spi-builder-workspace/.derivedData/Build/Products/Debug-watchos/include -Xcc -I/Users/admin/builder/spi-builder-workspace/.derivedData/Build/Intermediates.noindex/BilibiliKit.build/Debug-watchos/BKSecurity-t.build/DerivedSources-normal/arm64_32 -Xcc -I/Users/admin/builder/spi-builder-workspace/.derivedData/Build/Intermediates.noindex/BilibiliKit.build/Debug-watchos/BKSecurity-t.build/DerivedSources/arm64_32 -Xcc -I/Users/admin/builder/spi-builder-workspace/.derivedData/Build/Intermediates.noindex/BilibiliKit.build/Debug-watchos/BKSecurity-t.build/DerivedSources -Xcc -DSWIFT_PACKAGE -Xcc -DDEBUG\=1 -emit-objc-header -emit-objc-header-path /Users/admin/builder/spi-builder-workspace/.derivedData/Build/Intermediates.noindex/BilibiliKit.build/Debug-watchos/BKSecurity-t.build/Objects-normal/arm64_32/BKSecurity-Swift.h -working-directory /Users/admin/builder/spi-builder-workspace/.swiftpm/xcode -experimental-emit-module-separately -disable-cmo
SwiftDriverJobDiscovery normal arm64_32 Compiling BKSec.swift (in target 'BKSecurity' from project 'BilibiliKit')
Copy /Users/admin/builder/spi-builder-workspace/.derivedData/Build/Products/Debug-watchos/BKSecurity.swiftmodule/arm64_32-apple-watchos.swiftmodule /Users/admin/builder/spi-builder-workspace/.derivedData/Build/Intermediates.noindex/BilibiliKit.build/Debug-watchos/BKSecurity-t.build/Objects-normal/arm64_32/BKSecurity.swiftmodule (in target 'BKSecurity' from project 'BilibiliKit')
cd /Users/admin/builder/spi-builder-workspace
builtin-copy -exclude .DS_Store -exclude CVS -exclude .svn -exclude .git -exclude .hg -resolve-src-symlinks -rename /Users/admin/builder/spi-builder-workspace/.derivedData/Build/Intermediates.noindex/BilibiliKit.build/Debug-watchos/BKSecurity-t.build/Objects-normal/arm64_32/BKSecurity.swiftmodule /Users/admin/builder/spi-builder-workspace/.derivedData/Build/Products/Debug-watchos/BKSecurity.swiftmodule/arm64_32-apple-watchos.swiftmodule
Copy /Users/admin/builder/spi-builder-workspace/.derivedData/Build/Products/Debug-watchos/BKSecurity.swiftmodule/arm64_32-apple-watchos.swiftdoc /Users/admin/builder/spi-builder-workspace/.derivedData/Build/Intermediates.noindex/BilibiliKit.build/Debug-watchos/BKSecurity-t.build/Objects-normal/arm64_32/BKSecurity.swiftdoc (in target 'BKSecurity' from project 'BilibiliKit')
cd /Users/admin/builder/spi-builder-workspace
builtin-copy -exclude .DS_Store -exclude CVS -exclude .svn -exclude .git -exclude .hg -resolve-src-symlinks -rename /Users/admin/builder/spi-builder-workspace/.derivedData/Build/Intermediates.noindex/BilibiliKit.build/Debug-watchos/BKSecurity-t.build/Objects-normal/arm64_32/BKSecurity.swiftdoc /Users/admin/builder/spi-builder-workspace/.derivedData/Build/Products/Debug-watchos/BKSecurity.swiftmodule/arm64_32-apple-watchos.swiftdoc
Copy /Users/admin/builder/spi-builder-workspace/.derivedData/Build/Products/Debug-watchos/BKSecurity.swiftmodule/arm64_32-apple-watchos.abi.json /Users/admin/builder/spi-builder-workspace/.derivedData/Build/Intermediates.noindex/BilibiliKit.build/Debug-watchos/BKSecurity-t.build/Objects-normal/arm64_32/BKSecurity.abi.json (in target 'BKSecurity' from project 'BilibiliKit')
cd /Users/admin/builder/spi-builder-workspace
builtin-copy -exclude .DS_Store -exclude CVS -exclude .svn -exclude .git -exclude .hg -resolve-src-symlinks -rename /Users/admin/builder/spi-builder-workspace/.derivedData/Build/Intermediates.noindex/BilibiliKit.build/Debug-watchos/BKSecurity-t.build/Objects-normal/arm64_32/BKSecurity.abi.json /Users/admin/builder/spi-builder-workspace/.derivedData/Build/Products/Debug-watchos/BKSecurity.swiftmodule/arm64_32-apple-watchos.abi.json
Copy /Users/admin/builder/spi-builder-workspace/.derivedData/Build/Products/Debug-watchos/BKSecurity.swiftmodule/Project/arm64_32-apple-watchos.swiftsourceinfo /Users/admin/builder/spi-builder-workspace/.derivedData/Build/Intermediates.noindex/BilibiliKit.build/Debug-watchos/BKSecurity-t.build/Objects-normal/arm64_32/BKSecurity.swiftsourceinfo (in target 'BKSecurity' from project 'BilibiliKit')
cd /Users/admin/builder/spi-builder-workspace
builtin-copy -exclude .DS_Store -exclude CVS -exclude .svn -exclude .git -exclude .hg -resolve-src-symlinks -rename /Users/admin/builder/spi-builder-workspace/.derivedData/Build/Intermediates.noindex/BilibiliKit.build/Debug-watchos/BKSecurity-t.build/Objects-normal/arm64_32/BKSecurity.swiftsourceinfo /Users/admin/builder/spi-builder-workspace/.derivedData/Build/Products/Debug-watchos/BKSecurity.swiftmodule/Project/arm64_32-apple-watchos.swiftsourceinfo
SwiftDriverJobDiscovery normal arm64 Compiling BKSec.swift (in target 'BKSecurity' from project 'BilibiliKit')
SwiftCompile normal arm64 Compiling\ BKAudio+URLs.swift /Users/admin/builder/spi-builder-workspace/Sources/BKAudio/BKAudio+URLs.swift (in target 'BKAudio' from project 'BilibiliKit')
SwiftCompile normal arm64 /Users/admin/builder/spi-builder-workspace/Sources/BKAudio/BKAudio+URLs.swift (in target 'BKAudio' from project 'BilibiliKit')
cd /Users/admin/builder/spi-builder-workspace/.swiftpm/xcode
builtin-SwiftPerFileCompile BKAudio+URLs.swift
SwiftCompile normal arm64 Compiling\ BKAudio+Staff.swift /Users/admin/builder/spi-builder-workspace/Sources/BKAudio/BKAudio+Staff.swift (in target 'BKAudio' from project 'BilibiliKit')
SwiftCompile normal arm64 /Users/admin/builder/spi-builder-workspace/Sources/BKAudio/BKAudio+Staff.swift (in target 'BKAudio' from project 'BilibiliKit')
cd /Users/admin/builder/spi-builder-workspace/.swiftpm/xcode
builtin-SwiftPerFileCompile BKAudio+Staff.swift
SwiftDriverJobDiscovery normal arm64 Emitting module for BKSecurity (in target 'BKSecurity' from project 'BilibiliKit')
SwiftDriver\ Compilation\ Requirements BKSecurity normal arm64 com.apple.xcode.tools.swift.compiler (in target 'BKSecurity' from project 'BilibiliKit')
cd /Users/admin/builder/spi-builder-workspace/.swiftpm/xcode
builtin-Swift-Compilation-Requirements -- /Applications/Xcode-27.0.0-Release.Candidate.app/Contents/Developer/Toolchains/XcodeDefault.xctoolchain/usr/bin/swiftc -parse-as-library -module-name BKSecurity -Onone @/Users/admin/builder/spi-builder-workspace/.derivedData/Build/Intermediates.noindex/BilibiliKit.build/Debug-watchos/BKSecurity-t.build/Objects-normal/arm64/BKSecurity.SwiftFileList -DSWIFT_PACKAGE -DDEBUG -DSWIFT_MODULE_RESOURCE_BUNDLE_UNAVAILABLE -DXcode -plugin-path /Applications/Xcode-27.0.0-Release.Candidate.app/Contents/Developer/Toolchains/XcodeDefault.xctoolchain/usr/lib/swift/host/plugins/testing -enable-experimental-feature DebugDescriptionMacro -sdk /Applications/Xcode-27.0.0-Release.Candidate.app/Contents/Developer/Platforms/WatchOS.platform/Developer/SDKs/WatchOS27.0.sdk -target arm64-apple-watchos9.0 -g -module-cache-path /Users/admin/builder/spi-builder-workspace/.derivedData/ModuleCache.noindex -Xfrontend -serialize-debugging-options -profile-coverage-mapping -profile-generate -enable-testing -index-store-path /Users/admin/builder/spi-builder-workspace/.derivedData/Index.noindex/DataStore -Xcc -D_LIBCPP_HARDENING_MODE\=_LIBCPP_HARDENING_MODE_DEBUG -swift-version 5 -I /Users/admin/builder/spi-builder-workspace/.derivedData/Build/Products/Debug-watchos -Isystem /Applications/Xcode-27.0.0-Release.Candidate.app/Contents/Developer/Platforms/WatchOS.platform/Developer/usr/lib -F /Users/admin/builder/spi-builder-workspace/.derivedData/Build/Products/Debug-watchos/PackageFrameworks -F /Users/admin/builder/spi-builder-workspace/.derivedData/Build/Products/Debug-watchos -F /Applications/Xcode-27.0.0-Release.Candidate.app/Contents/Developer/Platforms/WatchOS.platform/Developer/Library/Frameworks -F /Applications/Xcode-27.0.0-Release.Candidate.app/Contents/Developer/Platforms/WatchOS.platform/Developer/SDKs/WatchOS27.0.sdk/Developer/Library/Frameworks -c -j10 -enable-batch-mode -incremental -Xcc -ivfsstatcache -Xcc /Users/admin/builder/spi-builder-workspace/.derivedData/SDKStatCaches.noindex/watchos27.0-24R360-e829b21a6f8c9b70876ba0858053c04477534ef55a1706bf4c1112bbb242f0a2.sdkstatcache -output-file-map /Users/admin/builder/spi-builder-workspace/.derivedData/Build/Intermediates.noindex/BilibiliKit.build/Debug-watchos/BKSecurity-t.build/Objects-normal/arm64/BKSecurity-OutputFileMap.json -save-temps -no-color-diagnostics -explicit-module-build -module-cache-path /Users/admin/builder/spi-builder-workspace/.derivedData/Build/Intermediates.noindex/SwiftExplicitPrecompiledModules -clang-scanner-module-cache-path /Users/admin/builder/spi-builder-workspace/.derivedData/ModuleCache.noindex -sdk-module-cache-path /Users/admin/builder/spi-builder-workspace/.derivedData/SDKExplicitPrecompiledModules -emit-dependencies -emit-module -emit-module-path /Users/admin/builder/spi-builder-workspace/.derivedData/Build/Intermediates.noindex/BilibiliKit.build/Debug-watchos/BKSecurity-t.build/Objects-normal/arm64/BKSecurity.swiftmodule -serialize-diagnostics -dependency-scan-serialize-diagnostics-path /Users/admin/builder/spi-builder-workspace/.derivedData/Build/Intermediates.noindex/BilibiliKit.build/Debug-watchos/BKSecurity-t.build/Objects-normal/arm64/BKSecurity-dependency-scan.dia -validate-clang-modules-once -clang-build-session-file /Users/admin/builder/spi-builder-workspace/.derivedData/ModuleCache.noindex/Session.modulevalidation -Xcc -fmodules-prune-interval\=86400 -Xcc -fmodules-prune-after\=345600 -emit-const-values -const-gather-protocols-list /Users/admin/builder/spi-builder-workspace/.derivedData/Build/Intermediates.noindex/BilibiliKit.build/Debug-watchos/BKSecurity-t.build/Objects-normal/arm64/BKSecurity_const_extract_protocols.json -Xcc -I/Users/admin/builder/spi-builder-workspace/.derivedData/Build/Products/Debug-watchos/include -Xcc -I/Users/admin/builder/spi-builder-workspace/.derivedData/Build/Intermediates.noindex/BilibiliKit.build/Debug-watchos/BKSecurity-t.build/DerivedSources-normal/arm64 -Xcc -I/Users/admin/builder/spi-builder-workspace/.derivedData/Build/Intermediates.noindex/BilibiliKit.build/Debug-watchos/BKSecurity-t.build/DerivedSources/arm64 -Xcc -I/Users/admin/builder/spi-builder-workspace/.derivedData/Build/Intermediates.noindex/BilibiliKit.build/Debug-watchos/BKSecurity-t.build/DerivedSources -Xcc -DSWIFT_PACKAGE -Xcc -DDEBUG\=1 -emit-objc-header -emit-objc-header-path /Users/admin/builder/spi-builder-workspace/.derivedData/Build/Intermediates.noindex/BilibiliKit.build/Debug-watchos/BKSecurity-t.build/Objects-normal/arm64/BKSecurity-Swift.h -working-directory /Users/admin/builder/spi-builder-workspace/.swiftpm/xcode -experimental-emit-module-separately -disable-cmo
SwiftMergeGeneratedHeaders /Users/admin/builder/spi-builder-workspace/.derivedData/Build/Intermediates.noindex/GeneratedModuleMaps-watchos/BKSecurity-Swift.h /Users/admin/builder/spi-builder-workspace/.derivedData/Build/Intermediates.noindex/BilibiliKit.build/Debug-watchos/BKSecurity-t.build/Objects-normal/arm64/BKSecurity-Swift.h /Users/admin/builder/spi-builder-workspace/.derivedData/Build/Intermediates.noindex/BilibiliKit.build/Debug-watchos/BKSecurity-t.build/Objects-normal/arm64_32/BKSecurity-Swift.h (in target 'BKSecurity' from project 'BilibiliKit')
cd /Users/admin/builder/spi-builder-workspace
builtin-swiftHeaderTool -arch arm64 /Users/admin/builder/spi-builder-workspace/.derivedData/Build/Intermediates.noindex/BilibiliKit.build/Debug-watchos/BKSecurity-t.build/Objects-normal/arm64/BKSecurity-Swift.h -arch arm64_32 /Users/admin/builder/spi-builder-workspace/.derivedData/Build/Intermediates.noindex/BilibiliKit.build/Debug-watchos/BKSecurity-t.build/Objects-normal/arm64_32/BKSecurity-Swift.h -o /Users/admin/builder/spi-builder-workspace/.derivedData/Build/Intermediates.noindex/GeneratedModuleMaps-watchos/BKSecurity-Swift.h
Copy /Users/admin/builder/spi-builder-workspace/.derivedData/Build/Products/Debug-watchos/BKSecurity.swiftmodule/arm64-apple-watchos.swiftmodule /Users/admin/builder/spi-builder-workspace/.derivedData/Build/Intermediates.noindex/BilibiliKit.build/Debug-watchos/BKSecurity-t.build/Objects-normal/arm64/BKSecurity.swiftmodule (in target 'BKSecurity' from project 'BilibiliKit')
cd /Users/admin/builder/spi-builder-workspace
builtin-copy -exclude .DS_Store -exclude CVS -exclude .svn -exclude .git -exclude .hg -resolve-src-symlinks -rename /Users/admin/builder/spi-builder-workspace/.derivedData/Build/Intermediates.noindex/BilibiliKit.build/Debug-watchos/BKSecurity-t.build/Objects-normal/arm64/BKSecurity.swiftmodule /Users/admin/builder/spi-builder-workspace/.derivedData/Build/Products/Debug-watchos/BKSecurity.swiftmodule/arm64-apple-watchos.swiftmodule
Copy /Users/admin/builder/spi-builder-workspace/.derivedData/Build/Products/Debug-watchos/BKSecurity.swiftmodule/arm64-apple-watchos.swiftdoc /Users/admin/builder/spi-builder-workspace/.derivedData/Build/Intermediates.noindex/BilibiliKit.build/Debug-watchos/BKSecurity-t.build/Objects-normal/arm64/BKSecurity.swiftdoc (in target 'BKSecurity' from project 'BilibiliKit')
cd /Users/admin/builder/spi-builder-workspace
builtin-copy -exclude .DS_Store -exclude CVS -exclude .svn -exclude .git -exclude .hg -resolve-src-symlinks -rename /Users/admin/builder/spi-builder-workspace/.derivedData/Build/Intermediates.noindex/BilibiliKit.build/Debug-watchos/BKSecurity-t.build/Objects-normal/arm64/BKSecurity.swiftdoc /Users/admin/builder/spi-builder-workspace/.derivedData/Build/Products/Debug-watchos/BKSecurity.swiftmodule/arm64-apple-watchos.swiftdoc
Copy /Users/admin/builder/spi-builder-workspace/.derivedData/Build/Products/Debug-watchos/BKSecurity.swiftmodule/arm64-apple-watchos.abi.json /Users/admin/builder/spi-builder-workspace/.derivedData/Build/Intermediates.noindex/BilibiliKit.build/Debug-watchos/BKSecurity-t.build/Objects-normal/arm64/BKSecurity.abi.json (in target 'BKSecurity' from project 'BilibiliKit')
cd /Users/admin/builder/spi-builder-workspace
builtin-copy -exclude .DS_Store -exclude CVS -exclude .svn -exclude .git -exclude .hg -resolve-src-symlinks -rename /Users/admin/builder/spi-builder-workspace/.derivedData/Build/Intermediates.noindex/BilibiliKit.build/Debug-watchos/BKSecurity-t.build/Objects-normal/arm64/BKSecurity.abi.json /Users/admin/builder/spi-builder-workspace/.derivedData/Build/Products/Debug-watchos/BKSecurity.swiftmodule/arm64-apple-watchos.abi.json
Copy /Users/admin/builder/spi-builder-workspace/.derivedData/Build/Products/Debug-watchos/BKSecurity.swiftmodule/Project/arm64-apple-watchos.swiftsourceinfo /Users/admin/builder/spi-builder-workspace/.derivedData/Build/Intermediates.noindex/BilibiliKit.build/Debug-watchos/BKSecurity-t.build/Objects-normal/arm64/BKSecurity.swiftsourceinfo (in target 'BKSecurity' from project 'BilibiliKit')
cd /Users/admin/builder/spi-builder-workspace
builtin-copy -exclude .DS_Store -exclude CVS -exclude .svn -exclude .git -exclude .hg -resolve-src-symlinks -rename /Users/admin/builder/spi-builder-workspace/.derivedData/Build/Intermediates.noindex/BilibiliKit.build/Debug-watchos/BKSecurity-t.build/Objects-normal/arm64/BKSecurity.swiftsourceinfo /Users/admin/builder/spi-builder-workspace/.derivedData/Build/Products/Debug-watchos/BKSecurity.swiftmodule/Project/arm64-apple-watchos.swiftsourceinfo
SwiftDriver BilibiliKit normal arm64 com.apple.xcode.tools.swift.compiler (in target 'BilibiliKit' from project 'BilibiliKit')
cd /Users/admin/builder/spi-builder-workspace/.swiftpm/xcode
builtin-SwiftDriver -- /Applications/Xcode-27.0.0-Release.Candidate.app/Contents/Developer/Toolchains/XcodeDefault.xctoolchain/usr/bin/swiftc -parse-as-library -module-name BilibiliKit -Onone @/Users/admin/builder/spi-builder-workspace/.derivedData/Build/Intermediates.noindex/BilibiliKit.build/Debug-watchos/BilibiliKit-t.build/Objects-normal/arm64/BilibiliKit.SwiftFileList -DSWIFT_PACKAGE -DDEBUG -DSWIFT_MODULE_RESOURCE_BUNDLE_UNAVAILABLE -DXcode -plugin-path /Applications/Xcode-27.0.0-Release.Candidate.app/Contents/Developer/Toolchains/XcodeDefault.xctoolchain/usr/lib/swift/host/plugins/testing -enable-experimental-feature DebugDescriptionMacro -sdk /Applications/Xcode-27.0.0-Release.Candidate.app/Contents/Developer/Platforms/WatchOS.platform/Developer/SDKs/WatchOS27.0.sdk -target arm64-apple-watchos9.0 -g -module-cache-path /Users/admin/builder/spi-builder-workspace/.derivedData/ModuleCache.noindex -Xfrontend -serialize-debugging-options -profile-coverage-mapping -profile-generate -enable-testing -index-store-path /Users/admin/builder/spi-builder-workspace/.derivedData/Index.noindex/DataStore -Xcc -D_LIBCPP_HARDENING_MODE\=_LIBCPP_HARDENING_MODE_DEBUG -swift-version 5 -I /Users/admin/builder/spi-builder-workspace/.derivedData/Build/Products/Debug-watchos -Isystem /Applications/Xcode-27.0.0-Release.Candidate.app/Contents/Developer/Platforms/WatchOS.platform/Developer/usr/lib -F /Users/admin/builder/spi-builder-workspace/.derivedData/Build/Products/Debug-watchos/PackageFrameworks -F /Users/admin/builder/spi-builder-workspace/.derivedData/Build/Products/Debug-watchos -F /Applications/Xcode-27.0.0-Release.Candidate.app/Contents/Developer/Platforms/WatchOS.platform/Developer/Library/Frameworks -F /Applications/Xcode-27.0.0-Release.Candidate.app/Contents/Developer/Platforms/WatchOS.platform/Developer/SDKs/WatchOS27.0.sdk/Developer/Library/Frameworks -c -j10 -enable-batch-mode -incremental -Xcc -ivfsstatcache -Xcc /Users/admin/builder/spi-builder-workspace/.derivedData/SDKStatCaches.noindex/watchos27.0-24R360-e829b21a6f8c9b70876ba0858053c04477534ef55a1706bf4c1112bbb242f0a2.sdkstatcache -output-file-map /Users/admin/builder/spi-builder-workspace/.derivedData/Build/Intermediates.noindex/BilibiliKit.build/Debug-watchos/BilibiliKit-t.build/Objects-normal/arm64/BilibiliKit-OutputFileMap.json -save-temps -no-color-diagnostics -explicit-module-build -module-cache-path /Users/admin/builder/spi-builder-workspace/.derivedData/Build/Intermediates.noindex/SwiftExplicitPrecompiledModules -clang-scanner-module-cache-path /Users/admin/builder/spi-builder-workspace/.derivedData/ModuleCache.noindex -sdk-module-cache-path /Users/admin/builder/spi-builder-workspace/.derivedData/SDKExplicitPrecompiledModules -emit-dependencies -emit-module -emit-module-path /Users/admin/builder/spi-builder-workspace/.derivedData/Build/Intermediates.noindex/BilibiliKit.build/Debug-watchos/BilibiliKit-t.build/Objects-normal/arm64/BilibiliKit.swiftmodule -serialize-diagnostics -dependency-scan-serialize-diagnostics-path /Users/admin/builder/spi-builder-workspace/.derivedData/Build/Intermediates.noindex/BilibiliKit.build/Debug-watchos/BilibiliKit-t.build/Objects-normal/arm64/BilibiliKit-dependency-scan.dia -validate-clang-modules-once -clang-build-session-file /Users/admin/builder/spi-builder-workspace/.derivedData/ModuleCache.noindex/Session.modulevalidation -Xcc -fmodules-prune-interval\=86400 -Xcc -fmodules-prune-after\=345600 -emit-const-values -const-gather-protocols-list /Users/admin/builder/spi-builder-workspace/.derivedData/Build/Intermediates.noindex/BilibiliKit.build/Debug-watchos/BilibiliKit-t.build/Objects-normal/arm64/BilibiliKit_const_extract_protocols.json -Xcc -I/Users/admin/builder/spi-builder-workspace/.derivedData/Build/Products/Debug-watchos/include -Xcc -I/Users/admin/builder/spi-builder-workspace/.derivedData/Build/Intermediates.noindex/BilibiliKit.build/Debug-watchos/BilibiliKit-t.build/DerivedSources-normal/arm64 -Xcc -I/Users/admin/builder/spi-builder-workspace/.derivedData/Build/Intermediates.noindex/BilibiliKit.build/Debug-watchos/BilibiliKit-t.build/DerivedSources/arm64 -Xcc -I/Users/admin/builder/spi-builder-workspace/.derivedData/Build/Intermediates.noindex/BilibiliKit.build/Debug-watchos/BilibiliKit-t.build/DerivedSources -Xcc -DSWIFT_PACKAGE -Xcc -DDEBUG\=1 -emit-objc-header -emit-objc-header-path /Users/admin/builder/spi-builder-workspace/.derivedData/Build/Intermediates.noindex/BilibiliKit.build/Debug-watchos/BilibiliKit-t.build/Objects-normal/arm64/BilibiliKit-Swift.h -working-directory /Users/admin/builder/spi-builder-workspace/.swiftpm/xcode -experimental-emit-module-separately -disable-cmo
SwiftDriver BilibiliKit normal arm64_32 com.apple.xcode.tools.swift.compiler (in target 'BilibiliKit' from project 'BilibiliKit')
cd /Users/admin/builder/spi-builder-workspace/.swiftpm/xcode
builtin-SwiftDriver -- /Applications/Xcode-27.0.0-Release.Candidate.app/Contents/Developer/Toolchains/XcodeDefault.xctoolchain/usr/bin/swiftc -parse-as-library -module-name BilibiliKit -Onone @/Users/admin/builder/spi-builder-workspace/.derivedData/Build/Intermediates.noindex/BilibiliKit.build/Debug-watchos/BilibiliKit-t.build/Objects-normal/arm64_32/BilibiliKit.SwiftFileList -DSWIFT_PACKAGE -DDEBUG -DSWIFT_MODULE_RESOURCE_BUNDLE_UNAVAILABLE -DXcode -plugin-path /Applications/Xcode-27.0.0-Release.Candidate.app/Contents/Developer/Toolchains/XcodeDefault.xctoolchain/usr/lib/swift/host/plugins/testing -enable-experimental-feature DebugDescriptionMacro -sdk /Applications/Xcode-27.0.0-Release.Candidate.app/Contents/Developer/Platforms/WatchOS.platform/Developer/SDKs/WatchOS27.0.sdk -target arm64_32-apple-watchos9.0 -g -module-cache-path /Users/admin/builder/spi-builder-workspace/.derivedData/ModuleCache.noindex -Xfrontend -serialize-debugging-options -profile-coverage-mapping -profile-generate -enable-testing -index-store-path /Users/admin/builder/spi-builder-workspace/.derivedData/Index.noindex/DataStore -Xcc -D_LIBCPP_HARDENING_MODE\=_LIBCPP_HARDENING_MODE_DEBUG -swift-version 5 -I /Users/admin/builder/spi-builder-workspace/.derivedData/Build/Products/Debug-watchos -Isystem /Applications/Xcode-27.0.0-Release.Candidate.app/Contents/Developer/Platforms/WatchOS.platform/Developer/usr/lib -F /Users/admin/builder/spi-builder-workspace/.derivedData/Build/Products/Debug-watchos/PackageFrameworks -F /Users/admin/builder/spi-builder-workspace/.derivedData/Build/Products/Debug-watchos -F /Applications/Xcode-27.0.0-Release.Candidate.app/Contents/Developer/Platforms/WatchOS.platform/Developer/Library/Frameworks -F /Applications/Xcode-27.0.0-Release.Candidate.app/Contents/Developer/Platforms/WatchOS.platform/Developer/SDKs/WatchOS27.0.sdk/Developer/Library/Frameworks -c -j10 -enable-batch-mode -incremental -Xcc -ivfsstatcache -Xcc /Users/admin/builder/spi-builder-workspace/.derivedData/SDKStatCaches.noindex/watchos27.0-24R360-e829b21a6f8c9b70876ba0858053c04477534ef55a1706bf4c1112bbb242f0a2.sdkstatcache -output-file-map /Users/admin/builder/spi-builder-workspace/.derivedData/Build/Intermediates.noindex/BilibiliKit.build/Debug-watchos/BilibiliKit-t.build/Objects-normal/arm64_32/BilibiliKit-OutputFileMap.json -save-temps -no-color-diagnostics -explicit-module-build -module-cache-path /Users/admin/builder/spi-builder-workspace/.derivedData/Build/Intermediates.noindex/SwiftExplicitPrecompiledModules -clang-scanner-module-cache-path /Users/admin/builder/spi-builder-workspace/.derivedData/ModuleCache.noindex -sdk-module-cache-path /Users/admin/builder/spi-builder-workspace/.derivedData/SDKExplicitPrecompiledModules -emit-dependencies -emit-module -emit-module-path /Users/admin/builder/spi-builder-workspace/.derivedData/Build/Intermediates.noindex/BilibiliKit.build/Debug-watchos/BilibiliKit-t.build/Objects-normal/arm64_32/BilibiliKit.swiftmodule -serialize-diagnostics -dependency-scan-serialize-diagnostics-path /Users/admin/builder/spi-builder-workspace/.derivedData/Build/Intermediates.noindex/BilibiliKit.build/Debug-watchos/BilibiliKit-t.build/Objects-normal/arm64_32/BilibiliKit-dependency-scan.dia -validate-clang-modules-once -clang-build-session-file /Users/admin/builder/spi-builder-workspace/.derivedData/ModuleCache.noindex/Session.modulevalidation -Xcc -fmodules-prune-interval\=86400 -Xcc -fmodules-prune-after\=345600 -emit-const-values -const-gather-protocols-list /Users/admin/builder/spi-builder-workspace/.derivedData/Build/Intermediates.noindex/BilibiliKit.build/Debug-watchos/BilibiliKit-t.build/Objects-normal/arm64_32/BilibiliKit_const_extract_protocols.json -Xcc -I/Users/admin/builder/spi-builder-workspace/.derivedData/Build/Products/Debug-watchos/include -Xcc -I/Users/admin/builder/spi-builder-workspace/.derivedData/Build/Intermediates.noindex/BilibiliKit.build/Debug-watchos/BilibiliKit-t.build/DerivedSources-normal/arm64_32 -Xcc -I/Users/admin/builder/spi-builder-workspace/.derivedData/Build/Intermediates.noindex/BilibiliKit.build/Debug-watchos/BilibiliKit-t.build/DerivedSources/arm64_32 -Xcc -I/Users/admin/builder/spi-builder-workspace/.derivedData/Build/Intermediates.noindex/BilibiliKit.build/Debug-watchos/BilibiliKit-t.build/DerivedSources -Xcc -DSWIFT_PACKAGE -Xcc -DDEBUG\=1 -emit-objc-header -emit-objc-header-path /Users/admin/builder/spi-builder-workspace/.derivedData/Build/Intermediates.noindex/BilibiliKit.build/Debug-watchos/BilibiliKit-t.build/Objects-normal/arm64_32/BilibiliKit-Swift.h -working-directory /Users/admin/builder/spi-builder-workspace/.swiftpm/xcode -experimental-emit-module-separately -disable-cmo
SwiftDriverJobDiscovery normal arm64_32 Compiling BKAudio+Info.swift (in target 'BKAudio' from project 'BilibiliKit')
SwiftDriver\ Compilation BKAudio normal arm64_32 com.apple.xcode.tools.swift.compiler (in target 'BKAudio' from project 'BilibiliKit')
cd /Users/admin/builder/spi-builder-workspace/.swiftpm/xcode
builtin-Swift-Compilation -- /Applications/Xcode-27.0.0-Release.Candidate.app/Contents/Developer/Toolchains/XcodeDefault.xctoolchain/usr/bin/swiftc -parse-as-library -module-name BKAudio -Onone @/Users/admin/builder/spi-builder-workspace/.derivedData/Build/Intermediates.noindex/BilibiliKit.build/Debug-watchos/BKAudio-t.build/Objects-normal/arm64_32/BKAudio.SwiftFileList -DSWIFT_PACKAGE -DDEBUG -DSWIFT_MODULE_RESOURCE_BUNDLE_UNAVAILABLE -DXcode -plugin-path /Applications/Xcode-27.0.0-Release.Candidate.app/Contents/Developer/Toolchains/XcodeDefault.xctoolchain/usr/lib/swift/host/plugins/testing -enable-experimental-feature DebugDescriptionMacro -sdk /Applications/Xcode-27.0.0-Release.Candidate.app/Contents/Developer/Platforms/WatchOS.platform/Developer/SDKs/WatchOS27.0.sdk -target arm64_32-apple-watchos9.0 -g -module-cache-path /Users/admin/builder/spi-builder-workspace/.derivedData/ModuleCache.noindex -Xfrontend -serialize-debugging-options -profile-coverage-mapping -profile-generate -enable-testing -index-store-path /Users/admin/builder/spi-builder-workspace/.derivedData/Index.noindex/DataStore -Xcc -D_LIBCPP_HARDENING_MODE\=_LIBCPP_HARDENING_MODE_DEBUG -swift-version 5 -I /Users/admin/builder/spi-builder-workspace/.derivedData/Build/Products/Debug-watchos -Isystem /Applications/Xcode-27.0.0-Release.Candidate.app/Contents/Developer/Platforms/WatchOS.platform/Developer/usr/lib -F /Users/admin/builder/spi-builder-workspace/.derivedData/Build/Products/Debug-watchos/PackageFrameworks -F /Users/admin/builder/spi-builder-workspace/.derivedData/Build/Products/Debug-watchos -F /Applications/Xcode-27.0.0-Release.Candidate.app/Contents/Developer/Platforms/WatchOS.platform/Developer/Library/Frameworks -F /Applications/Xcode-27.0.0-Release.Candidate.app/Contents/Developer/Platforms/WatchOS.platform/Developer/SDKs/WatchOS27.0.sdk/Developer/Library/Frameworks -c -j10 -enable-batch-mode -incremental -Xcc -ivfsstatcache -Xcc /Users/admin/builder/spi-builder-workspace/.derivedData/SDKStatCaches.noindex/watchos27.0-24R360-e829b21a6f8c9b70876ba0858053c04477534ef55a1706bf4c1112bbb242f0a2.sdkstatcache -output-file-map /Users/admin/builder/spi-builder-workspace/.derivedData/Build/Intermediates.noindex/BilibiliKit.build/Debug-watchos/BKAudio-t.build/Objects-normal/arm64_32/BKAudio-OutputFileMap.json -save-temps -no-color-diagnostics -explicit-module-build -module-cache-path /Users/admin/builder/spi-builder-workspace/.derivedData/Build/Intermediates.noindex/SwiftExplicitPrecompiledModules -clang-scanner-module-cache-path /Users/admin/builder/spi-builder-workspace/.derivedData/ModuleCache.noindex -sdk-module-cache-path /Users/admin/builder/spi-builder-workspace/.derivedData/SDKExplicitPrecompiledModules -emit-dependencies -emit-module -emit-module-path /Users/admin/builder/spi-builder-workspace/.derivedData/Build/Intermediates.noindex/BilibiliKit.build/Debug-watchos/BKAudio-t.build/Objects-normal/arm64_32/BKAudio.swiftmodule -serialize-diagnostics -dependency-scan-serialize-diagnostics-path /Users/admin/builder/spi-builder-workspace/.derivedData/Build/Intermediates.noindex/BilibiliKit.build/Debug-watchos/BKAudio-t.build/Objects-normal/arm64_32/BKAudio-dependency-scan.dia -validate-clang-modules-once -clang-build-session-file /Users/admin/builder/spi-builder-workspace/.derivedData/ModuleCache.noindex/Session.modulevalidation -Xcc -fmodules-prune-interval\=86400 -Xcc -fmodules-prune-after\=345600 -emit-const-values -const-gather-protocols-list /Users/admin/builder/spi-builder-workspace/.derivedData/Build/Intermediates.noindex/BilibiliKit.build/Debug-watchos/BKAudio-t.build/Objects-normal/arm64_32/BKAudio_const_extract_protocols.json -Xcc -I/Users/admin/builder/spi-builder-workspace/.derivedData/Build/Products/Debug-watchos/include -Xcc -I/Users/admin/builder/spi-builder-workspace/.derivedData/Build/Intermediates.noindex/BilibiliKit.build/Debug-watchos/BKAudio-t.build/DerivedSources-normal/arm64_32 -Xcc -I/Users/admin/builder/spi-builder-workspace/.derivedData/Build/Intermediates.noindex/BilibiliKit.build/Debug-watchos/BKAudio-t.build/DerivedSources/arm64_32 -Xcc -I/Users/admin/builder/spi-builder-workspace/.derivedData/Build/Intermediates.noindex/BilibiliKit.build/Debug-watchos/BKAudio-t.build/DerivedSources -Xcc -DSWIFT_PACKAGE -Xcc -DDEBUG\=1 -emit-objc-header -emit-objc-header-path /Users/admin/builder/spi-builder-workspace/.derivedData/Build/Intermediates.noindex/BilibiliKit.build/Debug-watchos/BKAudio-t.build/Objects-normal/arm64_32/BKAudio-Swift.h -working-directory /Users/admin/builder/spi-builder-workspace/.swiftpm/xcode -experimental-emit-module-separately -disable-cmo
SwiftDriverJobDiscovery normal arm64 Compiling BKAudio+Info.swift (in target 'BKAudio' from project 'BilibiliKit')
Ld /Users/admin/builder/spi-builder-workspace/.derivedData/Build/Intermediates.noindex/BilibiliKit.build/Debug-watchos/BKAudio-t.build/Objects-normal/arm64_32/Binary/BKAudio.o normal arm64_32 (in target 'BKAudio' from project 'BilibiliKit')
cd /Users/admin/builder/spi-builder-workspace
/Applications/Xcode-27.0.0-Release.Candidate.app/Contents/Developer/Toolchains/XcodeDefault.xctoolchain/usr/bin/clang -Xlinker -reproducible -target arm64_32-apple-watchos9.0 -r -isysroot /Applications/Xcode-27.0.0-Release.Candidate.app/Contents/Developer/Platforms/WatchOS.platform/Developer/SDKs/WatchOS27.0.sdk -O0 -Xlinker -no_warn_duplicate_libraries -F/Users/admin/builder/spi-builder-workspace/.derivedData/Build/Intermediates.noindex/EagerLinkingTBDs/Debug-watchos -F/Users/admin/builder/spi-builder-workspace/.derivedData/Build/Products/Debug-watchos/PackageFrameworks -F/Users/admin/builder/spi-builder-workspace/.derivedData/Build/Products/Debug-watchos -iframework /Applications/Xcode-27.0.0-Release.Candidate.app/Contents/Developer/Platforms/WatchOS.platform/Developer/Library/Frameworks -iframework /Applications/Xcode-27.0.0-Release.Candidate.app/Contents/Developer/Platforms/WatchOS.platform/Developer/SDKs/WatchOS27.0.sdk/Developer/Library/Frameworks -filelist /Users/admin/builder/spi-builder-workspace/.derivedData/Build/Intermediates.noindex/BilibiliKit.build/Debug-watchos/BKAudio-t.build/Objects-normal/arm64_32/BKAudio.LinkFileList -nostdlib -Xlinker -object_path_lto -Xlinker /Users/admin/builder/spi-builder-workspace/.derivedData/Build/Intermediates.noindex/BilibiliKit.build/Debug-watchos/BKAudio-t.build/Objects-normal/arm64_32/BKAudio_lto.o -Xlinker -no_deduplicate -Xlinker -debug_variant -Xlinker -dependency_info -Xlinker /Users/admin/builder/spi-builder-workspace/.derivedData/Build/Intermediates.noindex/BilibiliKit.build/Debug-watchos/BKAudio-t.build/Objects-normal/arm64_32/BKAudio_dependency_info.dat -fobjc-link-runtime -L/Applications/Xcode-27.0.0-Release.Candidate.app/Contents/Developer/Toolchains/XcodeDefault.xctoolchain/usr/lib/swift/watchos -L/usr/lib/swift -Xlinker -add_ast_path -Xlinker /Users/admin/builder/spi-builder-workspace/.derivedData/Build/Intermediates.noindex/BilibiliKit.build/Debug-watchos/BKAudio-t.build/Objects-normal/arm64_32/BKAudio.swiftmodule -o /Users/admin/builder/spi-builder-workspace/.derivedData/Build/Intermediates.noindex/BilibiliKit.build/Debug-watchos/BKAudio-t.build/Objects-normal/arm64_32/Binary/BKAudio.o
SwiftDriverJobDiscovery normal arm64_32 Compiling RSA.swift (in target 'BKSecurity' from project 'BilibiliKit')
SwiftDriverJobDiscovery normal arm64 Compiling RSA.swift (in target 'BKSecurity' from project 'BilibiliKit')
SwiftDriverJobDiscovery normal arm64 Compiling BKAudio.swift (in target 'BKAudio' from project 'BilibiliKit')
SwiftDriverJobDiscovery normal arm64 Compiling BKAudio+URLs.swift (in target 'BKAudio' from project 'BilibiliKit')
SwiftDriverJobDiscovery normal arm64_32 Compiling MD5.swift (in target 'BKSecurity' from project 'BilibiliKit')
SwiftDriver\ Compilation BKSecurity normal arm64_32 com.apple.xcode.tools.swift.compiler (in target 'BKSecurity' from project 'BilibiliKit')
cd /Users/admin/builder/spi-builder-workspace/.swiftpm/xcode
builtin-Swift-Compilation -- /Applications/Xcode-27.0.0-Release.Candidate.app/Contents/Developer/Toolchains/XcodeDefault.xctoolchain/usr/bin/swiftc -parse-as-library -module-name BKSecurity -Onone @/Users/admin/builder/spi-builder-workspace/.derivedData/Build/Intermediates.noindex/BilibiliKit.build/Debug-watchos/BKSecurity-t.build/Objects-normal/arm64_32/BKSecurity.SwiftFileList -DSWIFT_PACKAGE -DDEBUG -DSWIFT_MODULE_RESOURCE_BUNDLE_UNAVAILABLE -DXcode -plugin-path /Applications/Xcode-27.0.0-Release.Candidate.app/Contents/Developer/Toolchains/XcodeDefault.xctoolchain/usr/lib/swift/host/plugins/testing -enable-experimental-feature DebugDescriptionMacro -sdk /Applications/Xcode-27.0.0-Release.Candidate.app/Contents/Developer/Platforms/WatchOS.platform/Developer/SDKs/WatchOS27.0.sdk -target arm64_32-apple-watchos9.0 -g -module-cache-path /Users/admin/builder/spi-builder-workspace/.derivedData/ModuleCache.noindex -Xfrontend -serialize-debugging-options -profile-coverage-mapping -profile-generate -enable-testing -index-store-path /Users/admin/builder/spi-builder-workspace/.derivedData/Index.noindex/DataStore -Xcc -D_LIBCPP_HARDENING_MODE\=_LIBCPP_HARDENING_MODE_DEBUG -swift-version 5 -I /Users/admin/builder/spi-builder-workspace/.derivedData/Build/Products/Debug-watchos -Isystem /Applications/Xcode-27.0.0-Release.Candidate.app/Contents/Developer/Platforms/WatchOS.platform/Developer/usr/lib -F /Users/admin/builder/spi-builder-workspace/.derivedData/Build/Products/Debug-watchos/PackageFrameworks -F /Users/admin/builder/spi-builder-workspace/.derivedData/Build/Products/Debug-watchos -F /Applications/Xcode-27.0.0-Release.Candidate.app/Contents/Developer/Platforms/WatchOS.platform/Developer/Library/Frameworks -F /Applications/Xcode-27.0.0-Release.Candidate.app/Contents/Developer/Platforms/WatchOS.platform/Developer/SDKs/WatchOS27.0.sdk/Developer/Library/Frameworks -c -j10 -enable-batch-mode -incremental -Xcc -ivfsstatcache -Xcc /Users/admin/builder/spi-builder-workspace/.derivedData/SDKStatCaches.noindex/watchos27.0-24R360-e829b21a6f8c9b70876ba0858053c04477534ef55a1706bf4c1112bbb242f0a2.sdkstatcache -output-file-map /Users/admin/builder/spi-builder-workspace/.derivedData/Build/Intermediates.noindex/BilibiliKit.build/Debug-watchos/BKSecurity-t.build/Objects-normal/arm64_32/BKSecurity-OutputFileMap.json -save-temps -no-color-diagnostics -explicit-module-build -module-cache-path /Users/admin/builder/spi-builder-workspace/.derivedData/Build/Intermediates.noindex/SwiftExplicitPrecompiledModules -clang-scanner-module-cache-path /Users/admin/builder/spi-builder-workspace/.derivedData/ModuleCache.noindex -sdk-module-cache-path /Users/admin/builder/spi-builder-workspace/.derivedData/SDKExplicitPrecompiledModules -emit-dependencies -emit-module -emit-module-path /Users/admin/builder/spi-builder-workspace/.derivedData/Build/Intermediates.noindex/BilibiliKit.build/Debug-watchos/BKSecurity-t.build/Objects-normal/arm64_32/BKSecurity.swiftmodule -serialize-diagnostics -dependency-scan-serialize-diagnostics-path /Users/admin/builder/spi-builder-workspace/.derivedData/Build/Intermediates.noindex/BilibiliKit.build/Debug-watchos/BKSecurity-t.build/Objects-normal/arm64_32/BKSecurity-dependency-scan.dia -validate-clang-modules-once -clang-build-session-file /Users/admin/builder/spi-builder-workspace/.derivedData/ModuleCache.noindex/Session.modulevalidation -Xcc -fmodules-prune-interval\=86400 -Xcc -fmodules-prune-after\=345600 -emit-const-values -const-gather-protocols-list /Users/admin/builder/spi-builder-workspace/.derivedData/Build/Intermediates.noindex/BilibiliKit.build/Debug-watchos/BKSecurity-t.build/Objects-normal/arm64_32/BKSecurity_const_extract_protocols.json -Xcc -I/Users/admin/builder/spi-builder-workspace/.derivedData/Build/Products/Debug-watchos/include -Xcc -I/Users/admin/builder/spi-builder-workspace/.derivedData/Build/Intermediates.noindex/BilibiliKit.build/Debug-watchos/BKSecurity-t.build/DerivedSources-normal/arm64_32 -Xcc -I/Users/admin/builder/spi-builder-workspace/.derivedData/Build/Intermediates.noindex/BilibiliKit.build/Debug-watchos/BKSecurity-t.build/DerivedSources/arm64_32 -Xcc -I/Users/admin/builder/spi-builder-workspace/.derivedData/Build/Intermediates.noindex/BilibiliKit.build/Debug-watchos/BKSecurity-t.build/DerivedSources -Xcc -DSWIFT_PACKAGE -Xcc -DDEBUG\=1 -emit-objc-header -emit-objc-header-path /Users/admin/builder/spi-builder-workspace/.derivedData/Build/Intermediates.noindex/BilibiliKit.build/Debug-watchos/BKSecurity-t.build/Objects-normal/arm64_32/BKSecurity-Swift.h -working-directory /Users/admin/builder/spi-builder-workspace/.swiftpm/xcode -experimental-emit-module-separately -disable-cmo
Ld /Users/admin/builder/spi-builder-workspace/.derivedData/Build/Intermediates.noindex/BilibiliKit.build/Debug-watchos/BKSecurity-t.build/Objects-normal/arm64_32/Binary/BKSecurity.o normal arm64_32 (in target 'BKSecurity' from project 'BilibiliKit')
cd /Users/admin/builder/spi-builder-workspace
/Applications/Xcode-27.0.0-Release.Candidate.app/Contents/Developer/Toolchains/XcodeDefault.xctoolchain/usr/bin/clang -Xlinker -reproducible -target arm64_32-apple-watchos9.0 -r -isysroot /Applications/Xcode-27.0.0-Release.Candidate.app/Contents/Developer/Platforms/WatchOS.platform/Developer/SDKs/WatchOS27.0.sdk -O0 -Xlinker -no_warn_duplicate_libraries -F/Users/admin/builder/spi-builder-workspace/.derivedData/Build/Intermediates.noindex/EagerLinkingTBDs/Debug-watchos -F/Users/admin/builder/spi-builder-workspace/.derivedData/Build/Products/Debug-watchos/PackageFrameworks -F/Users/admin/builder/spi-builder-workspace/.derivedData/Build/Products/Debug-watchos -iframework /Applications/Xcode-27.0.0-Release.Candidate.app/Contents/Developer/Platforms/WatchOS.platform/Developer/Library/Frameworks -iframework /Applications/Xcode-27.0.0-Release.Candidate.app/Contents/Developer/Platforms/WatchOS.platform/Developer/SDKs/WatchOS27.0.sdk/Developer/Library/Frameworks -filelist /Users/admin/builder/spi-builder-workspace/.derivedData/Build/Intermediates.noindex/BilibiliKit.build/Debug-watchos/BKSecurity-t.build/Objects-normal/arm64_32/BKSecurity.LinkFileList -nostdlib -Xlinker -object_path_lto -Xlinker /Users/admin/builder/spi-builder-workspace/.derivedData/Build/Intermediates.noindex/BilibiliKit.build/Debug-watchos/BKSecurity-t.build/Objects-normal/arm64_32/BKSecurity_lto.o -Xlinker -no_deduplicate -Xlinker -debug_variant -Xlinker -dependency_info -Xlinker /Users/admin/builder/spi-builder-workspace/.derivedData/Build/Intermediates.noindex/BilibiliKit.build/Debug-watchos/BKSecurity-t.build/Objects-normal/arm64_32/BKSecurity_dependency_info.dat -fobjc-link-runtime -L/Applications/Xcode-27.0.0-Release.Candidate.app/Contents/Developer/Toolchains/XcodeDefault.xctoolchain/usr/lib/swift/watchos -L/usr/lib/swift -Xlinker -add_ast_path -Xlinker /Users/admin/builder/spi-builder-workspace/.derivedData/Build/Intermediates.noindex/BilibiliKit.build/Debug-watchos/BKSecurity-t.build/Objects-normal/arm64_32/BKSecurity.swiftmodule -o /Users/admin/builder/spi-builder-workspace/.derivedData/Build/Intermediates.noindex/BilibiliKit.build/Debug-watchos/BKSecurity-t.build/Objects-normal/arm64_32/Binary/BKSecurity.o
SwiftDriverJobDiscovery normal arm64 Compiling BKAudio+Staff.swift (in target 'BKAudio' from project 'BilibiliKit')
SwiftDriver\ Compilation BKAudio normal arm64 com.apple.xcode.tools.swift.compiler (in target 'BKAudio' from project 'BilibiliKit')
cd /Users/admin/builder/spi-builder-workspace/.swiftpm/xcode
builtin-Swift-Compilation -- /Applications/Xcode-27.0.0-Release.Candidate.app/Contents/Developer/Toolchains/XcodeDefault.xctoolchain/usr/bin/swiftc -parse-as-library -module-name BKAudio -Onone @/Users/admin/builder/spi-builder-workspace/.derivedData/Build/Intermediates.noindex/BilibiliKit.build/Debug-watchos/BKAudio-t.build/Objects-normal/arm64/BKAudio.SwiftFileList -DSWIFT_PACKAGE -DDEBUG -DSWIFT_MODULE_RESOURCE_BUNDLE_UNAVAILABLE -DXcode -plugin-path /Applications/Xcode-27.0.0-Release.Candidate.app/Contents/Developer/Toolchains/XcodeDefault.xctoolchain/usr/lib/swift/host/plugins/testing -enable-experimental-feature DebugDescriptionMacro -sdk /Applications/Xcode-27.0.0-Release.Candidate.app/Contents/Developer/Platforms/WatchOS.platform/Developer/SDKs/WatchOS27.0.sdk -target arm64-apple-watchos9.0 -g -module-cache-path /Users/admin/builder/spi-builder-workspace/.derivedData/ModuleCache.noindex -Xfrontend -serialize-debugging-options -profile-coverage-mapping -profile-generate -enable-testing -index-store-path /Users/admin/builder/spi-builder-workspace/.derivedData/Index.noindex/DataStore -Xcc -D_LIBCPP_HARDENING_MODE\=_LIBCPP_HARDENING_MODE_DEBUG -swift-version 5 -I /Users/admin/builder/spi-builder-workspace/.derivedData/Build/Products/Debug-watchos -Isystem /Applications/Xcode-27.0.0-Release.Candidate.app/Contents/Developer/Platforms/WatchOS.platform/Developer/usr/lib -F /Users/admin/builder/spi-builder-workspace/.derivedData/Build/Products/Debug-watchos/PackageFrameworks -F /Users/admin/builder/spi-builder-workspace/.derivedData/Build/Products/Debug-watchos -F /Applications/Xcode-27.0.0-Release.Candidate.app/Contents/Developer/Platforms/WatchOS.platform/Developer/Library/Frameworks -F /Applications/Xcode-27.0.0-Release.Candidate.app/Contents/Developer/Platforms/WatchOS.platform/Developer/SDKs/WatchOS27.0.sdk/Developer/Library/Frameworks -c -j10 -enable-batch-mode -incremental -Xcc -ivfsstatcache -Xcc /Users/admin/builder/spi-builder-workspace/.derivedData/SDKStatCaches.noindex/watchos27.0-24R360-e829b21a6f8c9b70876ba0858053c04477534ef55a1706bf4c1112bbb242f0a2.sdkstatcache -output-file-map /Users/admin/builder/spi-builder-workspace/.derivedData/Build/Intermediates.noindex/BilibiliKit.build/Debug-watchos/BKAudio-t.build/Objects-normal/arm64/BKAudio-OutputFileMap.json -save-temps -no-color-diagnostics -explicit-module-build -module-cache-path /Users/admin/builder/spi-builder-workspace/.derivedData/Build/Intermediates.noindex/SwiftExplicitPrecompiledModules -clang-scanner-module-cache-path /Users/admin/builder/spi-builder-workspace/.derivedData/ModuleCache.noindex -sdk-module-cache-path /Users/admin/builder/spi-builder-workspace/.derivedData/SDKExplicitPrecompiledModules -emit-dependencies -emit-module -emit-module-path /Users/admin/builder/spi-builder-workspace/.derivedData/Build/Intermediates.noindex/BilibiliKit.build/Debug-watchos/BKAudio-t.build/Objects-normal/arm64/BKAudio.swiftmodule -serialize-diagnostics -dependency-scan-serialize-diagnostics-path /Users/admin/builder/spi-builder-workspace/.derivedData/Build/Intermediates.noindex/BilibiliKit.build/Debug-watchos/BKAudio-t.build/Objects-normal/arm64/BKAudio-dependency-scan.dia -validate-clang-modules-once -clang-build-session-file /Users/admin/builder/spi-builder-workspace/.derivedData/ModuleCache.noindex/Session.modulevalidation -Xcc -fmodules-prune-interval\=86400 -Xcc -fmodules-prune-after\=345600 -emit-const-values -const-gather-protocols-list /Users/admin/builder/spi-builder-workspace/.derivedData/Build/Intermediates.noindex/BilibiliKit.build/Debug-watchos/BKAudio-t.build/Objects-normal/arm64/BKAudio_const_extract_protocols.json -Xcc -I/Users/admin/builder/spi-builder-workspace/.derivedData/Build/Products/Debug-watchos/include -Xcc -I/Users/admin/builder/spi-builder-workspace/.derivedData/Build/Intermediates.noindex/BilibiliKit.build/Debug-watchos/BKAudio-t.build/DerivedSources-normal/arm64 -Xcc -I/Users/admin/builder/spi-builder-workspace/.derivedData/Build/Intermediates.noindex/BilibiliKit.build/Debug-watchos/BKAudio-t.build/DerivedSources/arm64 -Xcc -I/Users/admin/builder/spi-builder-workspace/.derivedData/Build/Intermediates.noindex/BilibiliKit.build/Debug-watchos/BKAudio-t.build/DerivedSources -Xcc -DSWIFT_PACKAGE -Xcc -DDEBUG\=1 -emit-objc-header -emit-objc-header-path /Users/admin/builder/spi-builder-workspace/.derivedData/Build/Intermediates.noindex/BilibiliKit.build/Debug-watchos/BKAudio-t.build/Objects-normal/arm64/BKAudio-Swift.h -working-directory /Users/admin/builder/spi-builder-workspace/.swiftpm/xcode -experimental-emit-module-separately -disable-cmo
Ld /Users/admin/builder/spi-builder-workspace/.derivedData/Build/Intermediates.noindex/BilibiliKit.build/Debug-watchos/BKAudio-t.build/Objects-normal/arm64/Binary/BKAudio.o normal arm64 (in target 'BKAudio' from project 'BilibiliKit')
cd /Users/admin/builder/spi-builder-workspace
/Applications/Xcode-27.0.0-Release.Candidate.app/Contents/Developer/Toolchains/XcodeDefault.xctoolchain/usr/bin/clang -Xlinker -reproducible -target arm64-apple-watchos9.0 -r -isysroot /Applications/Xcode-27.0.0-Release.Candidate.app/Contents/Developer/Platforms/WatchOS.platform/Developer/SDKs/WatchOS27.0.sdk -O0 -Xlinker -no_warn_duplicate_libraries -F/Users/admin/builder/spi-builder-workspace/.derivedData/Build/Intermediates.noindex/EagerLinkingTBDs/Debug-watchos -F/Users/admin/builder/spi-builder-workspace/.derivedData/Build/Products/Debug-watchos/PackageFrameworks -F/Users/admin/builder/spi-builder-workspace/.derivedData/Build/Products/Debug-watchos -iframework /Applications/Xcode-27.0.0-Release.Candidate.app/Contents/Developer/Platforms/WatchOS.platform/Developer/Library/Frameworks -iframework /Applications/Xcode-27.0.0-Release.Candidate.app/Contents/Developer/Platforms/WatchOS.platform/Developer/SDKs/WatchOS27.0.sdk/Developer/Library/Frameworks -filelist /Users/admin/builder/spi-builder-workspace/.derivedData/Build/Intermediates.noindex/BilibiliKit.build/Debug-watchos/BKAudio-t.build/Objects-normal/arm64/BKAudio.LinkFileList -nostdlib -Xlinker -object_path_lto -Xlinker /Users/admin/builder/spi-builder-workspace/.derivedData/Build/Intermediates.noindex/BilibiliKit.build/Debug-watchos/BKAudio-t.build/Objects-normal/arm64/BKAudio_lto.o -Xlinker -no_deduplicate -Xlinker -debug_variant -Xlinker -dependency_info -Xlinker /Users/admin/builder/spi-builder-workspace/.derivedData/Build/Intermediates.noindex/BilibiliKit.build/Debug-watchos/BKAudio-t.build/Objects-normal/arm64/BKAudio_dependency_info.dat -fobjc-link-runtime -L/Applications/Xcode-27.0.0-Release.Candidate.app/Contents/Developer/Toolchains/XcodeDefault.xctoolchain/usr/lib/swift/watchos -L/usr/lib/swift -Xlinker -add_ast_path -Xlinker /Users/admin/builder/spi-builder-workspace/.derivedData/Build/Intermediates.noindex/BilibiliKit.build/Debug-watchos/BKAudio-t.build/Objects-normal/arm64/BKAudio.swiftmodule -o /Users/admin/builder/spi-builder-workspace/.derivedData/Build/Intermediates.noindex/BilibiliKit.build/Debug-watchos/BKAudio-t.build/Objects-normal/arm64/Binary/BKAudio.o
CreateUniversalBinary /Users/admin/builder/spi-builder-workspace/.derivedData/Build/Products/Debug-watchos/BKAudio.o normal arm64\ arm64_32 (in target 'BKAudio' from project 'BilibiliKit')
cd /Users/admin/builder/spi-builder-workspace
/Applications/Xcode-27.0.0-Release.Candidate.app/Contents/Developer/Toolchains/XcodeDefault.xctoolchain/usr/bin/lipo -create /Users/admin/builder/spi-builder-workspace/.derivedData/Build/Intermediates.noindex/BilibiliKit.build/Debug-watchos/BKAudio-t.build/Objects-normal/arm64/Binary/BKAudio.o /Users/admin/builder/spi-builder-workspace/.derivedData/Build/Intermediates.noindex/BilibiliKit.build/Debug-watchos/BKAudio-t.build/Objects-normal/arm64_32/Binary/BKAudio.o -output /Users/admin/builder/spi-builder-workspace/.derivedData/Build/Products/Debug-watchos/BKAudio.o
SwiftEmitModule normal arm64 Emitting\ module\ for\ BilibiliKit (in target 'BilibiliKit' from project 'BilibiliKit')
SwiftCompile normal arm64 (in target 'BilibiliKit' from project 'BilibiliKit')
cd /Users/admin/builder/spi-builder-workspace/.swiftpm/xcode
SwiftCompile normal arm64 Compiling\ BilibiliKit.swift /Users/admin/builder/spi-builder-workspace/Sources/BilibiliKit/BilibiliKit.swift (in target 'BilibiliKit' from project 'BilibiliKit')
SwiftCompile normal arm64 /Users/admin/builder/spi-builder-workspace/Sources/BilibiliKit/BilibiliKit.swift (in target 'BilibiliKit' from project 'BilibiliKit')
cd /Users/admin/builder/spi-builder-workspace/.swiftpm/xcode
builtin-SwiftPerFileCompile BilibiliKit.swift
SwiftCompile normal arm64 Compiling\ BKArticle+Info.swift,\ BKArticle.swift /Users/admin/builder/spi-builder-workspace/Sources/BilibiliKit/BKArticle+Info.swift /Users/admin/builder/spi-builder-workspace/Sources/BilibiliKit/BKArticle.swift (in target 'BilibiliKit' from project 'BilibiliKit')
SwiftCompile normal arm64 /Users/admin/builder/spi-builder-workspace/Sources/BilibiliKit/BKArticle+Info.swift (in target 'BilibiliKit' from project 'BilibiliKit')
cd /Users/admin/builder/spi-builder-workspace/.swiftpm/xcode
builtin-SwiftPerFileCompile BKArticle+Info.swift
SwiftCompile normal arm64 /Users/admin/builder/spi-builder-workspace/Sources/BilibiliKit/BKArticle.swift (in target 'BilibiliKit' from project 'BilibiliKit')
cd /Users/admin/builder/spi-builder-workspace/.swiftpm/xcode
builtin-SwiftPerFileCompile BKArticle.swift
SwiftCompile normal arm64 Compiling\ BKVideo+Page.swift,\ BKVideo+Stat.swift /Users/admin/builder/spi-builder-workspace/Sources/BilibiliKit/BKVideo+Page.swift /Users/admin/builder/spi-builder-workspace/Sources/BilibiliKit/BKVideo+Stat.swift (in target 'BilibiliKit' from project 'BilibiliKit')
SwiftCompile normal arm64 /Users/admin/builder/spi-builder-workspace/Sources/BilibiliKit/BKVideo+Page.swift (in target 'BilibiliKit' from project 'BilibiliKit')
cd /Users/admin/builder/spi-builder-workspace/.swiftpm/xcode
builtin-SwiftPerFileCompile BKVideo+Page.swift
SwiftCompile normal arm64 /Users/admin/builder/spi-builder-workspace/Sources/BilibiliKit/BKVideo+Stat.swift (in target 'BilibiliKit' from project 'BilibiliKit')
cd /Users/admin/builder/spi-builder-workspace/.swiftpm/xcode
builtin-SwiftPerFileCompile BKVideo+Stat.swift
SwiftCompile normal arm64 Compiling\ BKVideo.swift /Users/admin/builder/spi-builder-workspace/Sources/BilibiliKit/BKVideo.swift (in target 'BilibiliKit' from project 'BilibiliKit')
SwiftCompile normal arm64 /Users/admin/builder/spi-builder-workspace/Sources/BilibiliKit/BKVideo.swift (in target 'BilibiliKit' from project 'BilibiliKit')
cd /Users/admin/builder/spi-builder-workspace/.swiftpm/xcode
builtin-SwiftPerFileCompile BKVideo.swift
SwiftCompile normal arm64 Compiling\ BKUser.swift,\ BKVideo+Info.swift /Users/admin/builder/spi-builder-workspace/Sources/BilibiliKit/BKUser.swift /Users/admin/builder/spi-builder-workspace/Sources/BilibiliKit/BKVideo+Info.swift (in target 'BilibiliKit' from project 'BilibiliKit')
SwiftCompile normal arm64 /Users/admin/builder/spi-builder-workspace/Sources/BilibiliKit/BKUser.swift (in target 'BilibiliKit' from project 'BilibiliKit')
cd /Users/admin/builder/spi-builder-workspace/.swiftpm/xcode
builtin-SwiftPerFileCompile BKUser.swift
SwiftCompile normal arm64 /Users/admin/builder/spi-builder-workspace/Sources/BilibiliKit/BKVideo+Info.swift (in target 'BilibiliKit' from project 'BilibiliKit')
cd /Users/admin/builder/spi-builder-workspace/.swiftpm/xcode
builtin-SwiftPerFileCompile BKVideo+Info.swift
SwiftCompile normal arm64 Compiling\ BKSession+QRCodeLoginHelper.swift,\ BKUpUser+Stat.swift /Users/admin/builder/spi-builder-workspace/Sources/BilibiliKit/BKSession+QRCodeLoginHelper.swift /Users/admin/builder/spi-builder-workspace/Sources/BilibiliKit/BKUpUser+Stat.swift (in target 'BilibiliKit' from project 'BilibiliKit')
/Users/admin/builder/spi-builder-workspace/Sources/BilibiliKit/BKSession+QRCodeLoginHelper.swift:81:21: warning: variable 'process' was never mutated; consider changing to 'let' constant [#VariableNeverMutated]
79 | case .success(let url):
80 | handleLoginInfo(url)
81 | var process: () -> Void = { [weak self] in
| `- warning: variable 'process' was never mutated; consider changing to 'let' constant [#VariableNeverMutated]
82 | guard helper.isRunLoopActive else { return }
83 | helper.fetchLoginInfo(oauthKey: url.oauthKey)
/Users/admin/builder/spi-builder-workspace/Sources/BilibiliKit/BKSession+QRCodeLoginHelper.swift:81:43: error: closure captures 'process' before it is declared
79 | case .success(let url):
80 | handleLoginInfo(url)
81 | var process: () -> Void = { [weak self] in
| | `- error: closure captures 'process' before it is declared
| `- note: captured value declared here
82 | guard helper.isRunLoopActive else { return }
83 | helper.fetchLoginInfo(oauthKey: url.oauthKey)
:
105 | DispatchQueue.global(qos: .userInitiated)
106 | .asyncAfter(deadline: DispatchTime.now() + 3,
107 | execute: process)
| `- note: captured here
108 | }
109 | helper.everySecond(execute: process)
[#VariableNeverMutated]: <https://docs.swift.org/compiler/documentation/diagnostics/variable-never-mutated>
Failed frontend command:
/Applications/Xcode-27.0.0-Release.Candidate.app/Contents/Developer/Toolchains/XcodeDefault.xctoolchain/usr/bin/swift-frontend -frontend -c /Users/admin/builder/spi-builder-workspace/Sources/BilibiliKit/BKArticle+Info.swift /Users/admin/builder/spi-builder-workspace/Sources/BilibiliKit/BKArticle.swift /Users/admin/builder/spi-builder-workspace/Sources/BilibiliKit/BKCurrentUser.swift /Users/admin/builder/spi-builder-workspace/Sources/BilibiliKit/BKLiveRoom+Info.swift /Users/admin/builder/spi-builder-workspace/Sources/BilibiliKit/BKLiveRoom.swift /Users/admin/builder/spi-builder-workspace/Sources/BilibiliKit/BKSession+PasswordLogin.swift -primary-file /Users/admin/builder/spi-builder-workspace/Sources/BilibiliKit/BKSession+QRCodeLoginHelper.swift -primary-file /Users/admin/builder/spi-builder-workspace/Sources/BilibiliKit/BKUpUser+Stat.swift /Users/admin/builder/spi-builder-workspace/Sources/BilibiliKit/BKUpUser.swift /Users/admin/builder/spi-builder-workspace/Sources/BilibiliKit/BKUser+AudioStat.swift /Users/admin/builder/spi-builder-workspace/Sources/BilibiliKit/BKUser+Info.swift /Users/admin/builder/spi-builder-workspace/Sources/BilibiliKit/BKUser+Relationship.swift /Users/admin/builder/spi-builder-workspace/Sources/BilibiliKit/BKUser.swift /Users/admin/builder/spi-builder-workspace/Sources/BilibiliKit/BKVideo+Info.swift /Users/admin/builder/spi-builder-workspace/Sources/BilibiliKit/BKVideo+Page.swift /Users/admin/builder/spi-builder-workspace/Sources/BilibiliKit/BKVideo+Stat.swift /Users/admin/builder/spi-builder-workspace/Sources/BilibiliKit/BKVideo.swift /Users/admin/builder/spi-builder-workspace/Sources/BilibiliKit/BilibiliKit.swift -emit-dependencies-path /Users/admin/builder/spi-builder-workspace/.derivedData/Build/Intermediates.noindex/BilibiliKit.build/Debug-watchos/BilibiliKit-t.build/Objects-normal/arm64/BKSession+QRCodeLoginHelper.d -emit-const-values-path /Users/admin/builder/spi-builder-workspace/.derivedData/Build/Intermediates.noindex/BilibiliKit.build/Debug-watchos/BilibiliKit-t.build/Objects-normal/arm64/BKSession+QRCodeLoginHelper.swiftconstvalues -emit-reference-dependencies-path /Users/admin/builder/spi-builder-workspace/.derivedData/Build/Intermediates.noindex/BilibiliKit.build/Debug-watchos/BilibiliKit-t.build/Objects-normal/arm64/BKSession+QRCodeLoginHelper.swiftdeps -serialize-diagnostics-path /Users/admin/builder/spi-builder-workspace/.derivedData/Build/Intermediates.noindex/BilibiliKit.build/Debug-watchos/BilibiliKit-t.build/Objects-normal/arm64/BKSession+QRCodeLoginHelper.dia -emit-dependencies-path /Users/admin/builder/spi-builder-workspace/.derivedData/Build/Intermediates.noindex/BilibiliKit.build/Debug-watchos/BilibiliKit-t.build/Objects-normal/arm64/BKUpUser+Stat.d -emit-const-values-path /Users/admin/builder/spi-builder-workspace/.derivedData/Build/Intermediates.noindex/BilibiliKit.build/Debug-watchos/BilibiliKit-t.build/Objects-normal/arm64/BKUpUser+Stat.swiftconstvalues -emit-reference-dependencies-path /Users/admin/builder/spi-builder-workspace/.derivedData/Build/Intermediates.noindex/BilibiliKit.build/Debug-watchos/BilibiliKit-t.build/Objects-normal/arm64/BKUpUser+Stat.swiftdeps -serialize-diagnostics-path /Users/admin/builder/spi-builder-workspace/.derivedData/Build/Intermediates.noindex/BilibiliKit.build/Debug-watchos/BilibiliKit-t.build/Objects-normal/arm64/BKUpUser+Stat.dia -target arm64-apple-watchos9.0 -module-can-import BKFoundation -module-can-import BKSecurity -disable-cross-import-overlay-search -load-resolved-plugin /Applications/Xcode-27.0.0-Release.Candidate.app/Contents/Developer/Platforms/WatchOS.platform/Developer/usr/lib/swift/host/plugins/libFoundationMacros.dylib\#/Applications/Xcode-27.0.0-Release.Candidate.app/Contents/Developer/Platforms/WatchOS.platform/Developer/usr/bin/swift-plugin-server\#FoundationMacros -load-resolved-plugin /Applications/Xcode-27.0.0-Release.Candidate.app/Contents/Developer/Platforms/WatchOS.platform/Developer/usr/lib/swift/host/plugins/libObservationMacros.dylib\#/Applications/Xcode-27.0.0-Release.Candidate.app/Contents/Developer/Platforms/WatchOS.platform/Developer/usr/bin/swift-plugin-server\#ObservationMacros -load-resolved-plugin /Applications/Xcode-27.0.0-Release.Candidate.app/Contents/Developer/Platforms/WatchOS.platform/Developer/usr/lib/swift/host/plugins/libSwiftMacros.dylib\#/Applications/Xcode-27.0.0-Release.Candidate.app/Contents/Developer/Platforms/WatchOS.platform/Developer/usr/bin/swift-plugin-server\#SwiftMacros -disable-implicit-swift-modules -Xcc -fno-implicit-modules -Xcc -fno-implicit-module-maps -explicit-swift-module-map-file /Users/admin/builder/spi-builder-workspace/.derivedData/Build/Intermediates.noindex/BilibiliKit.build/Debug-watchos/BilibiliKit-t.build/Objects-normal/arm64/BilibiliKit-dependencies-1.json -Xllvm -aarch64-use-tbi -enable-objc-interop -stack-check -sdk /Applications/Xcode-27.0.0-Release.Candidate.app/Contents/Developer/Platforms/WatchOS.platform/Developer/SDKs/WatchOS27.0.sdk -I /Users/admin/builder/spi-builder-workspace/.derivedData/Build/Products/Debug-watchos -Isystem /Applications/Xcode-27.0.0-Release.Candidate.app/Contents/Developer/Platforms/WatchOS.platform/Developer/usr/lib -F /Users/admin/builder/spi-builder-workspace/.derivedData/Build/Products/Debug-watchos/PackageFrameworks -F /Users/admin/builder/spi-builder-workspace/.derivedData/Build/Products/Debug-watchos -F /Applications/Xcode-27.0.0-Release.Candidate.app/Contents/Developer/Platforms/WatchOS.platform/Developer/Library/Frameworks -F /Applications/Xcode-27.0.0-Release.Candidate.app/Contents/Developer/Platforms/WatchOS.platform/Developer/SDKs/WatchOS27.0.sdk/Developer/Library/Frameworks -module-cache-path /Users/admin/builder/spi-builder-workspace/.derivedData/Build/Intermediates.noindex/SwiftExplicitPrecompiledModules -no-color-diagnostics -Xcc -fno-color-diagnostics -enable-testing -g -debug-info-format\=dwarf -dwarf-version\=4 -profile-generate -profile-coverage-mapping -swift-version 5 -Onone -D SWIFT_PACKAGE -D DEBUG -D SWIFT_MODULE_RESOURCE_BUNDLE_UNAVAILABLE -D Xcode -serialize-debugging-options -enable-experimental-feature DebugDescriptionMacro -empty-abi-descriptor -validate-clang-modules-once -clang-build-session-file /Users/admin/builder/spi-builder-workspace/.derivedData/ModuleCache.noindex/Session.modulevalidation -Xcc -working-directory -Xcc /Users/admin/builder/spi-builder-workspace/.swiftpm/xcode -enable-anonymous-context-mangled-names -file-compilation-dir /Users/admin/builder/spi-builder-workspace/.swiftpm/xcode -Xcc -D_LIBCPP_HARDENING_MODE\=_LIBCPP_HARDENING_MODE_DEBUG -Xcc -ivfsstatcache -Xcc /Users/admin/builder/spi-builder-workspace/.derivedData/SDKStatCaches.noindex/watchos27.0-24R360-e829b21a6f8c9b70876ba0858053c04477534ef55a1706bf4c1112bbb242f0a2.sdkstatcache -Xcc -fmodules-prune-interval\=86400 -Xcc -fmodules-prune-after\=345600 -Xcc -I/Users/admin/builder/spi-builder-workspace/.derivedData/Build/Products/Debug-watchos/include -Xcc -I/Users/admin/builder/spi-builder-workspace/.derivedData/Build/Intermediates.noindex/BilibiliKit.build/Debug-watchos/BilibiliKit-t.build/DerivedSources-normal/arm64 -Xcc -I/Users/admin/builder/spi-builder-workspace/.derivedData/Build/Intermediates.noindex/BilibiliKit.build/Debug-watchos/BilibiliKit-t.build/DerivedSources/arm64 -Xcc -I/Users/admin/builder/spi-builder-workspace/.derivedData/Build/Intermediates.noindex/BilibiliKit.build/Debug-watchos/BilibiliKit-t.build/DerivedSources -Xcc -DSWIFT_PACKAGE -Xcc -DDEBUG\=1 -no-auto-bridging-header-chaining -module-name BilibiliKit -const-gather-protocols-file /Users/admin/builder/spi-builder-workspace/.derivedData/Build/Intermediates.noindex/BilibiliKit.build/Debug-watchos/BilibiliKit-t.build/Objects-normal/arm64/BilibiliKit_const_extract_protocols.json -disable-clang-spi -clang-target arm64-apple-watchos27.0 -target-sdk-version 27.0 -target-sdk-name watchos27.0 -in-process-plugin-server-path /Applications/Xcode-27.0.0-Release.Candidate.app/Contents/Developer/Toolchains/XcodeDefault.xctoolchain/usr/lib/swift/host/libSwiftInProcPluginServer.dylib -parse-as-library -o /Users/admin/builder/spi-builder-workspace/.derivedData/Build/Intermediates.noindex/BilibiliKit.build/Debug-watchos/BilibiliKit-t.build/Objects-normal/arm64/BKSession+QRCodeLoginHelper.o -o /Users/admin/builder/spi-builder-workspace/.derivedData/Build/Intermediates.noindex/BilibiliKit.build/Debug-watchos/BilibiliKit-t.build/Objects-normal/arm64/BKUpUser+Stat.o -debug-module-path /Users/admin/builder/spi-builder-workspace/.derivedData/Build/Intermediates.noindex/BilibiliKit.build/Debug-watchos/BilibiliKit-t.build/Objects-normal/arm64/BilibiliKit.swiftmodule -index-unit-output-path /BilibiliKit.build/Debug-watchos/BilibiliKit-t.build/Objects-normal/arm64/BKSession+QRCodeLoginHelper.o -index-unit-output-path /BilibiliKit.build/Debug-watchos/BilibiliKit-t.build/Objects-normal/arm64/BKUpUser+Stat.o -index-store-path /Users/admin/builder/spi-builder-workspace/.derivedData/Index.noindex/DataStore -index-system-modules
SwiftCompile normal arm64 /Users/admin/builder/spi-builder-workspace/Sources/BilibiliKit/BKSession+QRCodeLoginHelper.swift (in target 'BilibiliKit' from project 'BilibiliKit')
cd /Users/admin/builder/spi-builder-workspace/.swiftpm/xcode
builtin-SwiftPerFileCompile BKSession+QRCodeLoginHelper.swift
SwiftCompile normal arm64 /Users/admin/builder/spi-builder-workspace/Sources/BilibiliKit/BKUpUser+Stat.swift (in target 'BilibiliKit' from project 'BilibiliKit')
cd /Users/admin/builder/spi-builder-workspace/.swiftpm/xcode
builtin-SwiftPerFileCompile BKUpUser+Stat.swift
SwiftCompile normal arm64 Compiling\ BKCurrentUser.swift,\ BKLiveRoom+Info.swift /Users/admin/builder/spi-builder-workspace/Sources/BilibiliKit/BKCurrentUser.swift /Users/admin/builder/spi-builder-workspace/Sources/BilibiliKit/BKLiveRoom+Info.swift (in target 'BilibiliKit' from project 'BilibiliKit')
SwiftCompile normal arm64 /Users/admin/builder/spi-builder-workspace/Sources/BilibiliKit/BKCurrentUser.swift (in target 'BilibiliKit' from project 'BilibiliKit')
cd /Users/admin/builder/spi-builder-workspace/.swiftpm/xcode
builtin-SwiftPerFileCompile BKCurrentUser.swift
SwiftCompile normal arm64 /Users/admin/builder/spi-builder-workspace/Sources/BilibiliKit/BKLiveRoom+Info.swift (in target 'BilibiliKit' from project 'BilibiliKit')
cd /Users/admin/builder/spi-builder-workspace/.swiftpm/xcode
builtin-SwiftPerFileCompile BKLiveRoom+Info.swift
SwiftCompile normal arm64 Compiling\ BKUser+Info.swift,\ BKUser+Relationship.swift /Users/admin/builder/spi-builder-workspace/Sources/BilibiliKit/BKUser+Info.swift /Users/admin/builder/spi-builder-workspace/Sources/BilibiliKit/BKUser+Relationship.swift (in target 'BilibiliKit' from project 'BilibiliKit')
SwiftCompile normal arm64 /Users/admin/builder/spi-builder-workspace/Sources/BilibiliKit/BKUser+Info.swift (in target 'BilibiliKit' from project 'BilibiliKit')
cd /Users/admin/builder/spi-builder-workspace/.swiftpm/xcode
builtin-SwiftPerFileCompile BKUser+Info.swift
SwiftCompile normal arm64 /Users/admin/builder/spi-builder-workspace/Sources/BilibiliKit/BKUser+Relationship.swift (in target 'BilibiliKit' from project 'BilibiliKit')
cd /Users/admin/builder/spi-builder-workspace/.swiftpm/xcode
builtin-SwiftPerFileCompile BKUser+Relationship.swift
SwiftDriverJobDiscovery normal arm64 Compiling MD5.swift (in target 'BKSecurity' from project 'BilibiliKit')
SwiftCompile normal arm64 Compiling\ BKLiveRoom.swift,\ BKSession+PasswordLogin.swift /Users/admin/builder/spi-builder-workspace/Sources/BilibiliKit/BKLiveRoom.swift /Users/admin/builder/spi-builder-workspace/Sources/BilibiliKit/BKSession+PasswordLogin.swift (in target 'BilibiliKit' from project 'BilibiliKit')
SwiftCompile normal arm64 /Users/admin/builder/spi-builder-workspace/Sources/BilibiliKit/BKLiveRoom.swift (in target 'BilibiliKit' from project 'BilibiliKit')
cd /Users/admin/builder/spi-builder-workspace/.swiftpm/xcode
builtin-SwiftPerFileCompile BKLiveRoom.swift
SwiftCompile normal arm64 /Users/admin/builder/spi-builder-workspace/Sources/BilibiliKit/BKSession+PasswordLogin.swift (in target 'BilibiliKit' from project 'BilibiliKit')
cd /Users/admin/builder/spi-builder-workspace/.swiftpm/xcode
builtin-SwiftPerFileCompile BKSession+PasswordLogin.swift
SwiftEmitModule normal arm64_32 Emitting\ module\ for\ BilibiliKit (in target 'BilibiliKit' from project 'BilibiliKit')
SwiftCompile normal arm64_32 (in target 'BilibiliKit' from project 'BilibiliKit')
cd /Users/admin/builder/spi-builder-workspace/.swiftpm/xcode
SwiftDriverJobDiscovery normal arm64 Compiling BilibiliKit.swift (in target 'BilibiliKit' from project 'BilibiliKit')
PruneExplicitPrecompiledModules /Users/admin/builder/spi-builder-workspace/.derivedData/Build/Intermediates.noindex/SwiftExplicitPrecompiledModules
PruneExplicitPrecompiledModules /Users/admin/builder/spi-builder-workspace/.derivedData/Build/Intermediates.noindex/ExplicitPrecompiledModules
PruneExplicitPrecompiledModules /Users/admin/builder/spi-builder-workspace/.derivedData/SDKExplicitPrecompiledModules
2026-09-16 23:23:34.840 xcodebuild[649:4189] [MT] IDERunDestination: Supported platforms for the buildables in the current scheme is empty.
** BUILD FAILED **
The following build commands failed:
SwiftCompile normal arm64 Compiling\ BKSession+QRCodeLoginHelper.swift,\ BKUpUser+Stat.swift /Users/admin/builder/spi-builder-workspace/Sources/BilibiliKit/BKSession+QRCodeLoginHelper.swift /Users/admin/builder/spi-builder-workspace/Sources/BilibiliKit/BKUpUser+Stat.swift (in target 'BilibiliKit' from project 'BilibiliKit')
SwiftCompile normal arm64 /Users/admin/builder/spi-builder-workspace/Sources/BilibiliKit/BKSession+QRCodeLoginHelper.swift (in target 'BilibiliKit' from project 'BilibiliKit')
Building workspace BilibiliKit with scheme BilibiliKit-Package
(3 failures)
Command line invocation:
/Applications/Xcode-27.0.0-Release.Candidate.app/Contents/Developer/usr/bin/xcodebuild -IDEClonedSourcePackagesDirPathOverride=/Users/admin/builder/spi-builder-workspace/.dependencies -resolvePackageDependencies
Resolve Package Graph
Resolved source packages:
BilibiliKit: /Users/admin/builder/spi-builder-workspace
resolved source packages: BilibiliKit
2026-09-16 23:23:42.668 xcodebuild[778:4935] [MT] IDERunDestination: Supported platforms for the buildables in the current scheme is empty.
{
"dependencies" : [
],
"manifest_display_name" : "BilibiliKit",
"name" : "BilibiliKit",
"path" : "/Users/admin/builder/spi-builder-workspace",
"platforms" : [
{
"name" : "ios",
"version" : "10.0"
},
{
"name" : "macos",
"version" : "10.12"
},
{
"name" : "tvos",
"version" : "10.0"
},
{
"name" : "watchos",
"version" : "3.0"
}
],
"products" : [
{
"name" : "BilibiliKit",
"targets" : [
"BilibiliKit"
],
"type" : {
"library" : [
"automatic"
]
}
},
{
"name" : "BilibiliKitDYLIB",
"targets" : [
"BilibiliKit"
],
"type" : {
"library" : [
"dynamic"
]
}
}
],
"targets" : [
{
"c99name" : "BilibiliKitTests",
"module_type" : "SwiftTarget",
"name" : "BilibiliKitTests",
"path" : "Tests/BilibiliKitTests",
"sources" : [
"BilibiliKitTests.swift"
],
"target_dependencies" : [
"BilibiliKit"
],
"type" : "test"
},
{
"c99name" : "BilibiliKit",
"module_type" : "SwiftTarget",
"name" : "BilibiliKit",
"path" : "Sources/BilibiliKit",
"product_memberships" : [
"BilibiliKit",
"BilibiliKitDYLIB"
],
"sources" : [
"BKArticle+Info.swift",
"BKArticle.swift",
"BKCurrentUser.swift",
"BKLiveRoom+Info.swift",
"BKLiveRoom.swift",
"BKSession+PasswordLogin.swift",
"BKSession+QRCodeLoginHelper.swift",
"BKUpUser+Stat.swift",
"BKUpUser.swift",
"BKUser+AudioStat.swift",
"BKUser+Info.swift",
"BKUser+Relationship.swift",
"BKUser.swift",
"BKVideo+Info.swift",
"BKVideo+Page.swift",
"BKVideo+Stat.swift",
"BKVideo.swift",
"BilibiliKit.swift"
],
"target_dependencies" : [
"BKFoundation",
"BKSecurity",
"BKAudio"
],
"type" : "library"
},
{
"c99name" : "BKSecurity",
"module_type" : "SwiftTarget",
"name" : "BKSecurity",
"path" : "Sources/BKSecurity",
"product_memberships" : [
"BilibiliKit",
"BilibiliKitDYLIB"
],
"sources" : [
"BKSec.swift",
"MD5.swift",
"RSA.swift"
],
"target_dependencies" : [
"BKFoundation"
],
"type" : "library"
},
{
"c99name" : "BKFoundation",
"module_type" : "SwiftTarget",
"name" : "BKFoundation",
"path" : "Sources/BKFoundation",
"product_memberships" : [
"BilibiliKit",
"BilibiliKitDYLIB"
],
"sources" : [
"BKApp.swift",
"BKCookie.swift",
"BKError.swift",
"BKSession.swift",
"Either.swift",
"URL+Extensions.swift",
"URLSession+Extensions.swift"
],
"type" : "library"
},
{
"c99name" : "BKAudio",
"module_type" : "SwiftTarget",
"name" : "BKAudio",
"path" : "Sources/BKAudio",
"product_memberships" : [
"BilibiliKit",
"BilibiliKitDYLIB"
],
"sources" : [
"BKAudio+Info.swift",
"BKAudio+Staff.swift",
"BKAudio+URLs.swift",
"BKAudio.swift"
],
"target_dependencies" : [
"BKFoundation"
],
"type" : "library"
}
],
"tools_version" : "5.0"
}
{
"workspace" : {
"name" : "BilibiliKit",
"schemes" : [
"BilibiliKit",
"BilibiliKit-Package",
"BilibiliKitDYLIB"
]
}
}
2026-09-16 23:23:43.865 xcodebuild[786:5004] [MT] IDERunDestination: Supported platforms for the buildables in the current scheme is empty.
Running build ...
env DEVELOPER_DIR=/Applications/Xcode-27.0.0-Release.Candidate.app xcrun xcodebuild -IDEClonedSourcePackagesDirPathOverride=$PWD/.dependencies -skipMacroValidation -skipPackagePluginValidation -derivedDataPath $PWD/.derivedData build -scheme BilibiliKit-Package -destination generic/platform=watchOS
Command line invocation:
/Applications/Xcode-27.0.0-Release.Candidate.app/Contents/Developer/usr/bin/xcodebuild -IDEClonedSourcePackagesDirPathOverride=/Users/admin/builder/spi-builder-workspace/.dependencies -skipMacroValidation -skipPackagePluginValidation -derivedDataPath /Users/admin/builder/spi-builder-workspace/.derivedData build -scheme BilibiliKit-Package -destination generic/platform=watchOS
Resolve Package Graph
Resolved source packages:
BilibiliKit: /Users/admin/builder/spi-builder-workspace
ComputePackagePrebuildTargetDependencyGraph
Prepare packages
CreateBuildRequest
SendProjectDescription
CreateBuildOperation
ComputeTargetDependencyGraph
note: Building targets in dependency order
note: Target dependency graph (6 targets)
Target 'BilibiliKitDYLIB-product' in project 'BilibiliKit'
➜ Explicit dependency on target 'BilibiliKit' in project 'BilibiliKit'
➜ Explicit dependency on target 'BKFoundation' in project 'BilibiliKit'
➜ Explicit dependency on target 'BKSecurity' in project 'BilibiliKit'
➜ Explicit dependency on target 'BKAudio' in project 'BilibiliKit'
Target 'BilibiliKit-product' in project 'BilibiliKit'
➜ Explicit dependency on target 'BilibiliKit' in project 'BilibiliKit'
➜ Explicit dependency on target 'BKFoundation' in project 'BilibiliKit'
➜ Explicit dependency on target 'BKSecurity' in project 'BilibiliKit'
➜ Explicit dependency on target 'BKAudio' in project 'BilibiliKit'
Target 'BilibiliKit' in project 'BilibiliKit'
➜ Explicit dependency on target 'BKFoundation' in project 'BilibiliKit'
➜ Explicit dependency on target 'BKSecurity' in project 'BilibiliKit'
➜ Explicit dependency on target 'BKAudio' in project 'BilibiliKit'
Target 'BKAudio' in project 'BilibiliKit'
➜ Explicit dependency on target 'BKFoundation' in project 'BilibiliKit'
Target 'BKSecurity' in project 'BilibiliKit'
➜ Explicit dependency on target 'BKFoundation' in project 'BilibiliKit'
Target 'BKFoundation' in project 'BilibiliKit' (no dependencies)
GatherProvisioningInputs
CreateBuildDescription
ClangStatCache /Applications/Xcode-27.0.0-Release.Candidate.app/Contents/Developer/Toolchains/XcodeDefault.xctoolchain/usr/bin/clang-stat-cache /Applications/Xcode-27.0.0-Release.Candidate.app/Contents/Developer/Platforms/WatchOS.platform/Developer/SDKs/WatchOS27.0.sdk /Users/admin/builder/spi-builder-workspace/.derivedData/SDKStatCaches.noindex/watchos27.0-24R360-e829b21a6f8c9b70876ba0858053c04477534ef55a1706bf4c1112bbb242f0a2.sdkstatcache
cd /Users/admin/builder/spi-builder-workspace/.swiftpm/xcode
/Applications/Xcode-27.0.0-Release.Candidate.app/Contents/Developer/Toolchains/XcodeDefault.xctoolchain/usr/bin/clang-stat-cache /Applications/Xcode-27.0.0-Release.Candidate.app/Contents/Developer/Platforms/WatchOS.platform/Developer/SDKs/WatchOS27.0.sdk -o /Users/admin/builder/spi-builder-workspace/.derivedData/SDKStatCaches.noindex/watchos27.0-24R360-e829b21a6f8c9b70876ba0858053c04477534ef55a1706bf4c1112bbb242f0a2.sdkstatcache
SwiftDriver BilibiliKit normal arm64 com.apple.xcode.tools.swift.compiler (in target 'BilibiliKit' from project 'BilibiliKit')
cd /Users/admin/builder/spi-builder-workspace/.swiftpm/xcode
builtin-SwiftDriver -- /Applications/Xcode-27.0.0-Release.Candidate.app/Contents/Developer/Toolchains/XcodeDefault.xctoolchain/usr/bin/swiftc -parse-as-library -module-name BilibiliKit -Onone @/Users/admin/builder/spi-builder-workspace/.derivedData/Build/Intermediates.noindex/BilibiliKit.build/Debug-watchos/BilibiliKit-t.build/Objects-normal/arm64/BilibiliKit.SwiftFileList -DSWIFT_PACKAGE -DDEBUG -DSWIFT_MODULE_RESOURCE_BUNDLE_UNAVAILABLE -DXcode -plugin-path /Applications/Xcode-27.0.0-Release.Candidate.app/Contents/Developer/Toolchains/XcodeDefault.xctoolchain/usr/lib/swift/host/plugins/testing -enable-experimental-feature DebugDescriptionMacro -sdk /Applications/Xcode-27.0.0-Release.Candidate.app/Contents/Developer/Platforms/WatchOS.platform/Developer/SDKs/WatchOS27.0.sdk -target arm64-apple-watchos9.0 -g -module-cache-path /Users/admin/builder/spi-builder-workspace/.derivedData/ModuleCache.noindex -Xfrontend -serialize-debugging-options -profile-coverage-mapping -profile-generate -enable-testing -index-store-path /Users/admin/builder/spi-builder-workspace/.derivedData/Index.noindex/DataStore -Xcc -D_LIBCPP_HARDENING_MODE\=_LIBCPP_HARDENING_MODE_DEBUG -swift-version 5 -I /Users/admin/builder/spi-builder-workspace/.derivedData/Build/Products/Debug-watchos -Isystem /Applications/Xcode-27.0.0-Release.Candidate.app/Contents/Developer/Platforms/WatchOS.platform/Developer/usr/lib -F /Users/admin/builder/spi-builder-workspace/.derivedData/Build/Products/Debug-watchos/PackageFrameworks -F /Users/admin/builder/spi-builder-workspace/.derivedData/Build/Products/Debug-watchos -F /Applications/Xcode-27.0.0-Release.Candidate.app/Contents/Developer/Platforms/WatchOS.platform/Developer/Library/Frameworks -F /Applications/Xcode-27.0.0-Release.Candidate.app/Contents/Developer/Platforms/WatchOS.platform/Developer/SDKs/WatchOS27.0.sdk/Developer/Library/Frameworks -c -j10 -enable-batch-mode -incremental -Xcc -ivfsstatcache -Xcc /Users/admin/builder/spi-builder-workspace/.derivedData/SDKStatCaches.noindex/watchos27.0-24R360-e829b21a6f8c9b70876ba0858053c04477534ef55a1706bf4c1112bbb242f0a2.sdkstatcache -output-file-map /Users/admin/builder/spi-builder-workspace/.derivedData/Build/Intermediates.noindex/BilibiliKit.build/Debug-watchos/BilibiliKit-t.build/Objects-normal/arm64/BilibiliKit-OutputFileMap.json -save-temps -no-color-diagnostics -explicit-module-build -module-cache-path /Users/admin/builder/spi-builder-workspace/.derivedData/Build/Intermediates.noindex/SwiftExplicitPrecompiledModules -clang-scanner-module-cache-path /Users/admin/builder/spi-builder-workspace/.derivedData/ModuleCache.noindex -sdk-module-cache-path /Users/admin/builder/spi-builder-workspace/.derivedData/SDKExplicitPrecompiledModules -emit-dependencies -emit-module -emit-module-path /Users/admin/builder/spi-builder-workspace/.derivedData/Build/Intermediates.noindex/BilibiliKit.build/Debug-watchos/BilibiliKit-t.build/Objects-normal/arm64/BilibiliKit.swiftmodule -serialize-diagnostics -dependency-scan-serialize-diagnostics-path /Users/admin/builder/spi-builder-workspace/.derivedData/Build/Intermediates.noindex/BilibiliKit.build/Debug-watchos/BilibiliKit-t.build/Objects-normal/arm64/BilibiliKit-dependency-scan.dia -validate-clang-modules-once -clang-build-session-file /Users/admin/builder/spi-builder-workspace/.derivedData/ModuleCache.noindex/Session.modulevalidation -Xcc -fmodules-prune-interval\=86400 -Xcc -fmodules-prune-after\=345600 -emit-const-values -const-gather-protocols-list /Users/admin/builder/spi-builder-workspace/.derivedData/Build/Intermediates.noindex/BilibiliKit.build/Debug-watchos/BilibiliKit-t.build/Objects-normal/arm64/BilibiliKit_const_extract_protocols.json -Xcc -I/Users/admin/builder/spi-builder-workspace/.derivedData/Build/Products/Debug-watchos/include -Xcc -I/Users/admin/builder/spi-builder-workspace/.derivedData/Build/Intermediates.noindex/BilibiliKit.build/Debug-watchos/BilibiliKit-t.build/DerivedSources-normal/arm64 -Xcc -I/Users/admin/builder/spi-builder-workspace/.derivedData/Build/Intermediates.noindex/BilibiliKit.build/Debug-watchos/BilibiliKit-t.build/DerivedSources/arm64 -Xcc -I/Users/admin/builder/spi-builder-workspace/.derivedData/Build/Intermediates.noindex/BilibiliKit.build/Debug-watchos/BilibiliKit-t.build/DerivedSources -Xcc -DSWIFT_PACKAGE -Xcc -DDEBUG\=1 -emit-objc-header -emit-objc-header-path /Users/admin/builder/spi-builder-workspace/.derivedData/Build/Intermediates.noindex/BilibiliKit.build/Debug-watchos/BilibiliKit-t.build/Objects-normal/arm64/BilibiliKit-Swift.h -working-directory /Users/admin/builder/spi-builder-workspace/.swiftpm/xcode -experimental-emit-module-separately -disable-cmo
SwiftDriver BilibiliKit normal arm64_32 com.apple.xcode.tools.swift.compiler (in target 'BilibiliKit' from project 'BilibiliKit')
cd /Users/admin/builder/spi-builder-workspace/.swiftpm/xcode
builtin-SwiftDriver -- /Applications/Xcode-27.0.0-Release.Candidate.app/Contents/Developer/Toolchains/XcodeDefault.xctoolchain/usr/bin/swiftc -parse-as-library -module-name BilibiliKit -Onone @/Users/admin/builder/spi-builder-workspace/.derivedData/Build/Intermediates.noindex/BilibiliKit.build/Debug-watchos/BilibiliKit-t.build/Objects-normal/arm64_32/BilibiliKit.SwiftFileList -DSWIFT_PACKAGE -DDEBUG -DSWIFT_MODULE_RESOURCE_BUNDLE_UNAVAILABLE -DXcode -plugin-path /Applications/Xcode-27.0.0-Release.Candidate.app/Contents/Developer/Toolchains/XcodeDefault.xctoolchain/usr/lib/swift/host/plugins/testing -enable-experimental-feature DebugDescriptionMacro -sdk /Applications/Xcode-27.0.0-Release.Candidate.app/Contents/Developer/Platforms/WatchOS.platform/Developer/SDKs/WatchOS27.0.sdk -target arm64_32-apple-watchos9.0 -g -module-cache-path /Users/admin/builder/spi-builder-workspace/.derivedData/ModuleCache.noindex -Xfrontend -serialize-debugging-options -profile-coverage-mapping -profile-generate -enable-testing -index-store-path /Users/admin/builder/spi-builder-workspace/.derivedData/Index.noindex/DataStore -Xcc -D_LIBCPP_HARDENING_MODE\=_LIBCPP_HARDENING_MODE_DEBUG -swift-version 5 -I /Users/admin/builder/spi-builder-workspace/.derivedData/Build/Products/Debug-watchos -Isystem /Applications/Xcode-27.0.0-Release.Candidate.app/Contents/Developer/Platforms/WatchOS.platform/Developer/usr/lib -F /Users/admin/builder/spi-builder-workspace/.derivedData/Build/Products/Debug-watchos/PackageFrameworks -F /Users/admin/builder/spi-builder-workspace/.derivedData/Build/Products/Debug-watchos -F /Applications/Xcode-27.0.0-Release.Candidate.app/Contents/Developer/Platforms/WatchOS.platform/Developer/Library/Frameworks -F /Applications/Xcode-27.0.0-Release.Candidate.app/Contents/Developer/Platforms/WatchOS.platform/Developer/SDKs/WatchOS27.0.sdk/Developer/Library/Frameworks -c -j10 -enable-batch-mode -incremental -Xcc -ivfsstatcache -Xcc /Users/admin/builder/spi-builder-workspace/.derivedData/SDKStatCaches.noindex/watchos27.0-24R360-e829b21a6f8c9b70876ba0858053c04477534ef55a1706bf4c1112bbb242f0a2.sdkstatcache -output-file-map /Users/admin/builder/spi-builder-workspace/.derivedData/Build/Intermediates.noindex/BilibiliKit.build/Debug-watchos/BilibiliKit-t.build/Objects-normal/arm64_32/BilibiliKit-OutputFileMap.json -save-temps -no-color-diagnostics -explicit-module-build -module-cache-path /Users/admin/builder/spi-builder-workspace/.derivedData/Build/Intermediates.noindex/SwiftExplicitPrecompiledModules -clang-scanner-module-cache-path /Users/admin/builder/spi-builder-workspace/.derivedData/ModuleCache.noindex -sdk-module-cache-path /Users/admin/builder/spi-builder-workspace/.derivedData/SDKExplicitPrecompiledModules -emit-dependencies -emit-module -emit-module-path /Users/admin/builder/spi-builder-workspace/.derivedData/Build/Intermediates.noindex/BilibiliKit.build/Debug-watchos/BilibiliKit-t.build/Objects-normal/arm64_32/BilibiliKit.swiftmodule -serialize-diagnostics -dependency-scan-serialize-diagnostics-path /Users/admin/builder/spi-builder-workspace/.derivedData/Build/Intermediates.noindex/BilibiliKit.build/Debug-watchos/BilibiliKit-t.build/Objects-normal/arm64_32/BilibiliKit-dependency-scan.dia -validate-clang-modules-once -clang-build-session-file /Users/admin/builder/spi-builder-workspace/.derivedData/ModuleCache.noindex/Session.modulevalidation -Xcc -fmodules-prune-interval\=86400 -Xcc -fmodules-prune-after\=345600 -emit-const-values -const-gather-protocols-list /Users/admin/builder/spi-builder-workspace/.derivedData/Build/Intermediates.noindex/BilibiliKit.build/Debug-watchos/BilibiliKit-t.build/Objects-normal/arm64_32/BilibiliKit_const_extract_protocols.json -Xcc -I/Users/admin/builder/spi-builder-workspace/.derivedData/Build/Products/Debug-watchos/include -Xcc -I/Users/admin/builder/spi-builder-workspace/.derivedData/Build/Intermediates.noindex/BilibiliKit.build/Debug-watchos/BilibiliKit-t.build/DerivedSources-normal/arm64_32 -Xcc -I/Users/admin/builder/spi-builder-workspace/.derivedData/Build/Intermediates.noindex/BilibiliKit.build/Debug-watchos/BilibiliKit-t.build/DerivedSources/arm64_32 -Xcc -I/Users/admin/builder/spi-builder-workspace/.derivedData/Build/Intermediates.noindex/BilibiliKit.build/Debug-watchos/BilibiliKit-t.build/DerivedSources -Xcc -DSWIFT_PACKAGE -Xcc -DDEBUG\=1 -emit-objc-header -emit-objc-header-path /Users/admin/builder/spi-builder-workspace/.derivedData/Build/Intermediates.noindex/BilibiliKit.build/Debug-watchos/BilibiliKit-t.build/Objects-normal/arm64_32/BilibiliKit-Swift.h -working-directory /Users/admin/builder/spi-builder-workspace/.swiftpm/xcode -experimental-emit-module-separately -disable-cmo
SwiftDriver BKSecurity normal arm64 com.apple.xcode.tools.swift.compiler (in target 'BKSecurity' from project 'BilibiliKit')
cd /Users/admin/builder/spi-builder-workspace/.swiftpm/xcode
builtin-SwiftDriver -- /Applications/Xcode-27.0.0-Release.Candidate.app/Contents/Developer/Toolchains/XcodeDefault.xctoolchain/usr/bin/swiftc -parse-as-library -module-name BKSecurity -Onone @/Users/admin/builder/spi-builder-workspace/.derivedData/Build/Intermediates.noindex/BilibiliKit.build/Debug-watchos/BKSecurity-t.build/Objects-normal/arm64/BKSecurity.SwiftFileList -DSWIFT_PACKAGE -DDEBUG -DSWIFT_MODULE_RESOURCE_BUNDLE_UNAVAILABLE -DXcode -plugin-path /Applications/Xcode-27.0.0-Release.Candidate.app/Contents/Developer/Toolchains/XcodeDefault.xctoolchain/usr/lib/swift/host/plugins/testing -enable-experimental-feature DebugDescriptionMacro -sdk /Applications/Xcode-27.0.0-Release.Candidate.app/Contents/Developer/Platforms/WatchOS.platform/Developer/SDKs/WatchOS27.0.sdk -target arm64-apple-watchos9.0 -g -module-cache-path /Users/admin/builder/spi-builder-workspace/.derivedData/ModuleCache.noindex -Xfrontend -serialize-debugging-options -profile-coverage-mapping -profile-generate -enable-testing -index-store-path /Users/admin/builder/spi-builder-workspace/.derivedData/Index.noindex/DataStore -Xcc -D_LIBCPP_HARDENING_MODE\=_LIBCPP_HARDENING_MODE_DEBUG -swift-version 5 -I /Users/admin/builder/spi-builder-workspace/.derivedData/Build/Products/Debug-watchos -Isystem /Applications/Xcode-27.0.0-Release.Candidate.app/Contents/Developer/Platforms/WatchOS.platform/Developer/usr/lib -F /Users/admin/builder/spi-builder-workspace/.derivedData/Build/Products/Debug-watchos/PackageFrameworks -F /Users/admin/builder/spi-builder-workspace/.derivedData/Build/Products/Debug-watchos -F /Applications/Xcode-27.0.0-Release.Candidate.app/Contents/Developer/Platforms/WatchOS.platform/Developer/Library/Frameworks -F /Applications/Xcode-27.0.0-Release.Candidate.app/Contents/Developer/Platforms/WatchOS.platform/Developer/SDKs/WatchOS27.0.sdk/Developer/Library/Frameworks -c -j10 -enable-batch-mode -incremental -Xcc -ivfsstatcache -Xcc /Users/admin/builder/spi-builder-workspace/.derivedData/SDKStatCaches.noindex/watchos27.0-24R360-e829b21a6f8c9b70876ba0858053c04477534ef55a1706bf4c1112bbb242f0a2.sdkstatcache -output-file-map /Users/admin/builder/spi-builder-workspace/.derivedData/Build/Intermediates.noindex/BilibiliKit.build/Debug-watchos/BKSecurity-t.build/Objects-normal/arm64/BKSecurity-OutputFileMap.json -save-temps -no-color-diagnostics -explicit-module-build -module-cache-path /Users/admin/builder/spi-builder-workspace/.derivedData/Build/Intermediates.noindex/SwiftExplicitPrecompiledModules -clang-scanner-module-cache-path /Users/admin/builder/spi-builder-workspace/.derivedData/ModuleCache.noindex -sdk-module-cache-path /Users/admin/builder/spi-builder-workspace/.derivedData/SDKExplicitPrecompiledModules -emit-dependencies -emit-module -emit-module-path /Users/admin/builder/spi-builder-workspace/.derivedData/Build/Intermediates.noindex/BilibiliKit.build/Debug-watchos/BKSecurity-t.build/Objects-normal/arm64/BKSecurity.swiftmodule -serialize-diagnostics -dependency-scan-serialize-diagnostics-path /Users/admin/builder/spi-builder-workspace/.derivedData/Build/Intermediates.noindex/BilibiliKit.build/Debug-watchos/BKSecurity-t.build/Objects-normal/arm64/BKSecurity-dependency-scan.dia -validate-clang-modules-once -clang-build-session-file /Users/admin/builder/spi-builder-workspace/.derivedData/ModuleCache.noindex/Session.modulevalidation -Xcc -fmodules-prune-interval\=86400 -Xcc -fmodules-prune-after\=345600 -emit-const-values -const-gather-protocols-list /Users/admin/builder/spi-builder-workspace/.derivedData/Build/Intermediates.noindex/BilibiliKit.build/Debug-watchos/BKSecurity-t.build/Objects-normal/arm64/BKSecurity_const_extract_protocols.json -Xcc -I/Users/admin/builder/spi-builder-workspace/.derivedData/Build/Products/Debug-watchos/include -Xcc -I/Users/admin/builder/spi-builder-workspace/.derivedData/Build/Intermediates.noindex/BilibiliKit.build/Debug-watchos/BKSecurity-t.build/DerivedSources-normal/arm64 -Xcc -I/Users/admin/builder/spi-builder-workspace/.derivedData/Build/Intermediates.noindex/BilibiliKit.build/Debug-watchos/BKSecurity-t.build/DerivedSources/arm64 -Xcc -I/Users/admin/builder/spi-builder-workspace/.derivedData/Build/Intermediates.noindex/BilibiliKit.build/Debug-watchos/BKSecurity-t.build/DerivedSources -Xcc -DSWIFT_PACKAGE -Xcc -DDEBUG\=1 -emit-objc-header -emit-objc-header-path /Users/admin/builder/spi-builder-workspace/.derivedData/Build/Intermediates.noindex/BilibiliKit.build/Debug-watchos/BKSecurity-t.build/Objects-normal/arm64/BKSecurity-Swift.h -working-directory /Users/admin/builder/spi-builder-workspace/.swiftpm/xcode -experimental-emit-module-separately -disable-cmo
ExtractAppIntentsMetadata (in target 'BKAudio' from project 'BilibiliKit')
cd /Users/admin/builder/spi-builder-workspace
/Applications/Xcode-27.0.0-Release.Candidate.app/Contents/Developer/Toolchains/XcodeDefault.xctoolchain/usr/bin/appintentsmetadataprocessor --toolchain-dir /var/run/com.apple.security.cryptexd/mnt/com.apple.MobileAsset.MetalToolchain-v27.1.266.1.WSJrxK/Metal.xctoolchain --module-name BKAudio --sdk-root /Applications/Xcode-27.0.0-Release.Candidate.app/Contents/Developer/Platforms/WatchOS.platform/Developer/SDKs/WatchOS27.0.sdk --xcode-version 27A266a --platform-family watchOS --deployment-target 9.0 --bundle-identifier spi-builder-workspace.BKAudio --output /Users/admin/builder/spi-builder-workspace/.derivedData/Build/Products/Debug-watchos/BKAudio.appintents --target-triple arm64-apple-watchos9.0 --target-triple arm64_32-apple-watchos9.0 --binary-file /Users/admin/builder/spi-builder-workspace/.derivedData/Build/Products/Debug-watchos/BKAudio.o --dependency-file /Users/admin/builder/spi-builder-workspace/.derivedData/Build/Intermediates.noindex/BilibiliKit.build/Debug-watchos/BKAudio-t.build/Objects-normal/arm64/BKAudio_dependency_info.dat --dependency-file /Users/admin/builder/spi-builder-workspace/.derivedData/Build/Intermediates.noindex/BilibiliKit.build/Debug-watchos/BKAudio-t.build/Objects-normal/arm64_32/BKAudio_dependency_info.dat --stringsdata-file /Users/admin/builder/spi-builder-workspace/.derivedData/Build/Intermediates.noindex/BilibiliKit.build/Debug-watchos/BKAudio-t.build/Objects-normal/arm64/ExtractedAppShortcutsMetadata.stringsdata --stringsdata-file /Users/admin/builder/spi-builder-workspace/.derivedData/Build/Intermediates.noindex/BilibiliKit.build/Debug-watchos/BKAudio-t.build/Objects-normal/arm64_32/ExtractedAppShortcutsMetadata.stringsdata --source-file-list /Users/admin/builder/spi-builder-workspace/.derivedData/Build/Intermediates.noindex/BilibiliKit.build/Debug-watchos/BKAudio-t.build/Objects-normal/arm64/BKAudio.SwiftFileList --source-file-list /Users/admin/builder/spi-builder-workspace/.derivedData/Build/Intermediates.noindex/BilibiliKit.build/Debug-watchos/BKAudio-t.build/Objects-normal/arm64_32/BKAudio.SwiftFileList --metadata-file-list /Users/admin/builder/spi-builder-workspace/.derivedData/Build/Intermediates.noindex/BilibiliKit.build/Debug-watchos/BKAudio-t.build/BKAudio.DependencyMetadataFileList --static-metadata-file-list /Users/admin/builder/spi-builder-workspace/.derivedData/Build/Intermediates.noindex/BilibiliKit.build/Debug-watchos/BKAudio-t.build/BKAudio.DependencyStaticMetadataFileList --swift-const-vals-list /Users/admin/builder/spi-builder-workspace/.derivedData/Build/Intermediates.noindex/BilibiliKit.build/Debug-watchos/BKAudio-t.build/Objects-normal/arm64/BKAudio.SwiftConstValuesFileList --swift-const-vals-list /Users/admin/builder/spi-builder-workspace/.derivedData/Build/Intermediates.noindex/BilibiliKit.build/Debug-watchos/BKAudio-t.build/Objects-normal/arm64_32/BKAudio.SwiftConstValuesFileList --force --compile-time-extraction --deployment-aware-processing --no-app-shortcuts-localization
2026-09-16 23:23:45.659 appintentsmetadataprocessor[790:5071] Starting appintentsmetadataprocessor export
2026-09-16 23:23:45.722 appintentsmetadataprocessor[790:5071] Extracted no relevant App Intents symbols, skipping writing output
SwiftDriver\ Compilation BKSecurity normal arm64 com.apple.xcode.tools.swift.compiler (in target 'BKSecurity' from project 'BilibiliKit')
cd /Users/admin/builder/spi-builder-workspace/.swiftpm/xcode
builtin-Swift-Compilation -- /Applications/Xcode-27.0.0-Release.Candidate.app/Contents/Developer/Toolchains/XcodeDefault.xctoolchain/usr/bin/swiftc -parse-as-library -module-name BKSecurity -Onone @/Users/admin/builder/spi-builder-workspace/.derivedData/Build/Intermediates.noindex/BilibiliKit.build/Debug-watchos/BKSecurity-t.build/Objects-normal/arm64/BKSecurity.SwiftFileList -DSWIFT_PACKAGE -DDEBUG -DSWIFT_MODULE_RESOURCE_BUNDLE_UNAVAILABLE -DXcode -plugin-path /Applications/Xcode-27.0.0-Release.Candidate.app/Contents/Developer/Toolchains/XcodeDefault.xctoolchain/usr/lib/swift/host/plugins/testing -enable-experimental-feature DebugDescriptionMacro -sdk /Applications/Xcode-27.0.0-Release.Candidate.app/Contents/Developer/Platforms/WatchOS.platform/Developer/SDKs/WatchOS27.0.sdk -target arm64-apple-watchos9.0 -g -module-cache-path /Users/admin/builder/spi-builder-workspace/.derivedData/ModuleCache.noindex -Xfrontend -serialize-debugging-options -profile-coverage-mapping -profile-generate -enable-testing -index-store-path /Users/admin/builder/spi-builder-workspace/.derivedData/Index.noindex/DataStore -Xcc -D_LIBCPP_HARDENING_MODE\=_LIBCPP_HARDENING_MODE_DEBUG -swift-version 5 -I /Users/admin/builder/spi-builder-workspace/.derivedData/Build/Products/Debug-watchos -Isystem /Applications/Xcode-27.0.0-Release.Candidate.app/Contents/Developer/Platforms/WatchOS.platform/Developer/usr/lib -F /Users/admin/builder/spi-builder-workspace/.derivedData/Build/Products/Debug-watchos/PackageFrameworks -F /Users/admin/builder/spi-builder-workspace/.derivedData/Build/Products/Debug-watchos -F /Applications/Xcode-27.0.0-Release.Candidate.app/Contents/Developer/Platforms/WatchOS.platform/Developer/Library/Frameworks -F /Applications/Xcode-27.0.0-Release.Candidate.app/Contents/Developer/Platforms/WatchOS.platform/Developer/SDKs/WatchOS27.0.sdk/Developer/Library/Frameworks -c -j10 -enable-batch-mode -incremental -Xcc -ivfsstatcache -Xcc /Users/admin/builder/spi-builder-workspace/.derivedData/SDKStatCaches.noindex/watchos27.0-24R360-e829b21a6f8c9b70876ba0858053c04477534ef55a1706bf4c1112bbb242f0a2.sdkstatcache -output-file-map /Users/admin/builder/spi-builder-workspace/.derivedData/Build/Intermediates.noindex/BilibiliKit.build/Debug-watchos/BKSecurity-t.build/Objects-normal/arm64/BKSecurity-OutputFileMap.json -save-temps -no-color-diagnostics -explicit-module-build -module-cache-path /Users/admin/builder/spi-builder-workspace/.derivedData/Build/Intermediates.noindex/SwiftExplicitPrecompiledModules -clang-scanner-module-cache-path /Users/admin/builder/spi-builder-workspace/.derivedData/ModuleCache.noindex -sdk-module-cache-path /Users/admin/builder/spi-builder-workspace/.derivedData/SDKExplicitPrecompiledModules -emit-dependencies -emit-module -emit-module-path /Users/admin/builder/spi-builder-workspace/.derivedData/Build/Intermediates.noindex/BilibiliKit.build/Debug-watchos/BKSecurity-t.build/Objects-normal/arm64/BKSecurity.swiftmodule -serialize-diagnostics -dependency-scan-serialize-diagnostics-path /Users/admin/builder/spi-builder-workspace/.derivedData/Build/Intermediates.noindex/BilibiliKit.build/Debug-watchos/BKSecurity-t.build/Objects-normal/arm64/BKSecurity-dependency-scan.dia -validate-clang-modules-once -clang-build-session-file /Users/admin/builder/spi-builder-workspace/.derivedData/ModuleCache.noindex/Session.modulevalidation -Xcc -fmodules-prune-interval\=86400 -Xcc -fmodules-prune-after\=345600 -emit-const-values -const-gather-protocols-list /Users/admin/builder/spi-builder-workspace/.derivedData/Build/Intermediates.noindex/BilibiliKit.build/Debug-watchos/BKSecurity-t.build/Objects-normal/arm64/BKSecurity_const_extract_protocols.json -Xcc -I/Users/admin/builder/spi-builder-workspace/.derivedData/Build/Products/Debug-watchos/include -Xcc -I/Users/admin/builder/spi-builder-workspace/.derivedData/Build/Intermediates.noindex/BilibiliKit.build/Debug-watchos/BKSecurity-t.build/DerivedSources-normal/arm64 -Xcc -I/Users/admin/builder/spi-builder-workspace/.derivedData/Build/Intermediates.noindex/BilibiliKit.build/Debug-watchos/BKSecurity-t.build/DerivedSources/arm64 -Xcc -I/Users/admin/builder/spi-builder-workspace/.derivedData/Build/Intermediates.noindex/BilibiliKit.build/Debug-watchos/BKSecurity-t.build/DerivedSources -Xcc -DSWIFT_PACKAGE -Xcc -DDEBUG\=1 -emit-objc-header -emit-objc-header-path /Users/admin/builder/spi-builder-workspace/.derivedData/Build/Intermediates.noindex/BilibiliKit.build/Debug-watchos/BKSecurity-t.build/Objects-normal/arm64/BKSecurity-Swift.h -working-directory /Users/admin/builder/spi-builder-workspace/.swiftpm/xcode -experimental-emit-module-separately -disable-cmo
Ld /Users/admin/builder/spi-builder-workspace/.derivedData/Build/Intermediates.noindex/BilibiliKit.build/Debug-watchos/BKSecurity-t.build/Objects-normal/arm64/Binary/BKSecurity.o normal arm64 (in target 'BKSecurity' from project 'BilibiliKit')
cd /Users/admin/builder/spi-builder-workspace
/Applications/Xcode-27.0.0-Release.Candidate.app/Contents/Developer/Toolchains/XcodeDefault.xctoolchain/usr/bin/clang -Xlinker -reproducible -target arm64-apple-watchos9.0 -r -isysroot /Applications/Xcode-27.0.0-Release.Candidate.app/Contents/Developer/Platforms/WatchOS.platform/Developer/SDKs/WatchOS27.0.sdk -O0 -Xlinker -no_warn_duplicate_libraries -F/Users/admin/builder/spi-builder-workspace/.derivedData/Build/Intermediates.noindex/EagerLinkingTBDs/Debug-watchos -F/Users/admin/builder/spi-builder-workspace/.derivedData/Build/Products/Debug-watchos/PackageFrameworks -F/Users/admin/builder/spi-builder-workspace/.derivedData/Build/Products/Debug-watchos -iframework /Applications/Xcode-27.0.0-Release.Candidate.app/Contents/Developer/Platforms/WatchOS.platform/Developer/Library/Frameworks -iframework /Applications/Xcode-27.0.0-Release.Candidate.app/Contents/Developer/Platforms/WatchOS.platform/Developer/SDKs/WatchOS27.0.sdk/Developer/Library/Frameworks -filelist /Users/admin/builder/spi-builder-workspace/.derivedData/Build/Intermediates.noindex/BilibiliKit.build/Debug-watchos/BKSecurity-t.build/Objects-normal/arm64/BKSecurity.LinkFileList -nostdlib -Xlinker -object_path_lto -Xlinker /Users/admin/builder/spi-builder-workspace/.derivedData/Build/Intermediates.noindex/BilibiliKit.build/Debug-watchos/BKSecurity-t.build/Objects-normal/arm64/BKSecurity_lto.o -Xlinker -no_deduplicate -Xlinker -debug_variant -Xlinker -dependency_info -Xlinker /Users/admin/builder/spi-builder-workspace/.derivedData/Build/Intermediates.noindex/BilibiliKit.build/Debug-watchos/BKSecurity-t.build/Objects-normal/arm64/BKSecurity_dependency_info.dat -fobjc-link-runtime -L/Applications/Xcode-27.0.0-Release.Candidate.app/Contents/Developer/Toolchains/XcodeDefault.xctoolchain/usr/lib/swift/watchos -L/usr/lib/swift -Xlinker -add_ast_path -Xlinker /Users/admin/builder/spi-builder-workspace/.derivedData/Build/Intermediates.noindex/BilibiliKit.build/Debug-watchos/BKSecurity-t.build/Objects-normal/arm64/BKSecurity.swiftmodule -o /Users/admin/builder/spi-builder-workspace/.derivedData/Build/Intermediates.noindex/BilibiliKit.build/Debug-watchos/BKSecurity-t.build/Objects-normal/arm64/Binary/BKSecurity.o
SwiftCompile normal arm64 Compiling\ BKCurrentUser.swift,\ BKLiveRoom+Info.swift /Users/admin/builder/spi-builder-workspace/Sources/BilibiliKit/BKCurrentUser.swift /Users/admin/builder/spi-builder-workspace/Sources/BilibiliKit/BKLiveRoom+Info.swift (in target 'BilibiliKit' from project 'BilibiliKit')
SwiftCompile normal arm64 /Users/admin/builder/spi-builder-workspace/Sources/BilibiliKit/BKCurrentUser.swift (in target 'BilibiliKit' from project 'BilibiliKit')
cd /Users/admin/builder/spi-builder-workspace/.swiftpm/xcode
builtin-SwiftPerFileCompile BKCurrentUser.swift
SwiftCompile normal arm64 /Users/admin/builder/spi-builder-workspace/Sources/BilibiliKit/BKLiveRoom+Info.swift (in target 'BilibiliKit' from project 'BilibiliKit')
cd /Users/admin/builder/spi-builder-workspace/.swiftpm/xcode
builtin-SwiftPerFileCompile BKLiveRoom+Info.swift
SwiftCompile normal arm64 Compiling\ BKArticle+Info.swift,\ BKArticle.swift /Users/admin/builder/spi-builder-workspace/Sources/BilibiliKit/BKArticle+Info.swift /Users/admin/builder/spi-builder-workspace/Sources/BilibiliKit/BKArticle.swift (in target 'BilibiliKit' from project 'BilibiliKit')
SwiftCompile normal arm64 /Users/admin/builder/spi-builder-workspace/Sources/BilibiliKit/BKArticle+Info.swift (in target 'BilibiliKit' from project 'BilibiliKit')
cd /Users/admin/builder/spi-builder-workspace/.swiftpm/xcode
builtin-SwiftPerFileCompile BKArticle+Info.swift
SwiftCompile normal arm64 /Users/admin/builder/spi-builder-workspace/Sources/BilibiliKit/BKArticle.swift (in target 'BilibiliKit' from project 'BilibiliKit')
cd /Users/admin/builder/spi-builder-workspace/.swiftpm/xcode
builtin-SwiftPerFileCompile BKArticle.swift
SwiftCompile normal arm64 Compiling\ BKSession+QRCodeLoginHelper.swift,\ BKUpUser+Stat.swift /Users/admin/builder/spi-builder-workspace/Sources/BilibiliKit/BKSession+QRCodeLoginHelper.swift /Users/admin/builder/spi-builder-workspace/Sources/BilibiliKit/BKUpUser+Stat.swift (in target 'BilibiliKit' from project 'BilibiliKit')
/Users/admin/builder/spi-builder-workspace/Sources/BilibiliKit/BKSession+QRCodeLoginHelper.swift:81:21: warning: variable 'process' was never mutated; consider changing to 'let' constant [#VariableNeverMutated]
79 | case .success(let url):
80 | handleLoginInfo(url)
81 | var process: () -> Void = { [weak self] in
| `- warning: variable 'process' was never mutated; consider changing to 'let' constant [#VariableNeverMutated]
82 | guard helper.isRunLoopActive else { return }
83 | helper.fetchLoginInfo(oauthKey: url.oauthKey)
/Users/admin/builder/spi-builder-workspace/Sources/BilibiliKit/BKSession+QRCodeLoginHelper.swift:81:43: error: closure captures 'process' before it is declared
79 | case .success(let url):
80 | handleLoginInfo(url)
81 | var process: () -> Void = { [weak self] in
| | `- error: closure captures 'process' before it is declared
| `- note: captured value declared here
82 | guard helper.isRunLoopActive else { return }
83 | helper.fetchLoginInfo(oauthKey: url.oauthKey)
:
105 | DispatchQueue.global(qos: .userInitiated)
106 | .asyncAfter(deadline: DispatchTime.now() + 3,
107 | execute: process)
| `- note: captured here
108 | }
109 | helper.everySecond(execute: process)
[#VariableNeverMutated]: <https://docs.swift.org/compiler/documentation/diagnostics/variable-never-mutated>
Failed frontend command:
/Applications/Xcode-27.0.0-Release.Candidate.app/Contents/Developer/Toolchains/XcodeDefault.xctoolchain/usr/bin/swift-frontend -frontend -c /Users/admin/builder/spi-builder-workspace/Sources/BilibiliKit/BKArticle+Info.swift /Users/admin/builder/spi-builder-workspace/Sources/BilibiliKit/BKArticle.swift /Users/admin/builder/spi-builder-workspace/Sources/BilibiliKit/BKCurrentUser.swift /Users/admin/builder/spi-builder-workspace/Sources/BilibiliKit/BKLiveRoom+Info.swift /Users/admin/builder/spi-builder-workspace/Sources/BilibiliKit/BKLiveRoom.swift /Users/admin/builder/spi-builder-workspace/Sources/BilibiliKit/BKSession+PasswordLogin.swift -primary-file /Users/admin/builder/spi-builder-workspace/Sources/BilibiliKit/BKSession+QRCodeLoginHelper.swift -primary-file /Users/admin/builder/spi-builder-workspace/Sources/BilibiliKit/BKUpUser+Stat.swift /Users/admin/builder/spi-builder-workspace/Sources/BilibiliKit/BKUpUser.swift /Users/admin/builder/spi-builder-workspace/Sources/BilibiliKit/BKUser+AudioStat.swift /Users/admin/builder/spi-builder-workspace/Sources/BilibiliKit/BKUser+Info.swift /Users/admin/builder/spi-builder-workspace/Sources/BilibiliKit/BKUser+Relationship.swift /Users/admin/builder/spi-builder-workspace/Sources/BilibiliKit/BKUser.swift /Users/admin/builder/spi-builder-workspace/Sources/BilibiliKit/BKVideo+Info.swift /Users/admin/builder/spi-builder-workspace/Sources/BilibiliKit/BKVideo+Page.swift /Users/admin/builder/spi-builder-workspace/Sources/BilibiliKit/BKVideo+Stat.swift /Users/admin/builder/spi-builder-workspace/Sources/BilibiliKit/BKVideo.swift /Users/admin/builder/spi-builder-workspace/Sources/BilibiliKit/BilibiliKit.swift -emit-dependencies-path /Users/admin/builder/spi-builder-workspace/.derivedData/Build/Intermediates.noindex/BilibiliKit.build/Debug-watchos/BilibiliKit-t.build/Objects-normal/arm64/BKSession+QRCodeLoginHelper.d -emit-const-values-path /Users/admin/builder/spi-builder-workspace/.derivedData/Build/Intermediates.noindex/BilibiliKit.build/Debug-watchos/BilibiliKit-t.build/Objects-normal/arm64/BKSession+QRCodeLoginHelper.swiftconstvalues -emit-reference-dependencies-path /Users/admin/builder/spi-builder-workspace/.derivedData/Build/Intermediates.noindex/BilibiliKit.build/Debug-watchos/BilibiliKit-t.build/Objects-normal/arm64/BKSession+QRCodeLoginHelper.swiftdeps -serialize-diagnostics-path /Users/admin/builder/spi-builder-workspace/.derivedData/Build/Intermediates.noindex/BilibiliKit.build/Debug-watchos/BilibiliKit-t.build/Objects-normal/arm64/BKSession+QRCodeLoginHelper.dia -emit-dependencies-path /Users/admin/builder/spi-builder-workspace/.derivedData/Build/Intermediates.noindex/BilibiliKit.build/Debug-watchos/BilibiliKit-t.build/Objects-normal/arm64/BKUpUser+Stat.d -emit-const-values-path /Users/admin/builder/spi-builder-workspace/.derivedData/Build/Intermediates.noindex/BilibiliKit.build/Debug-watchos/BilibiliKit-t.build/Objects-normal/arm64/BKUpUser+Stat.swiftconstvalues -emit-reference-dependencies-path /Users/admin/builder/spi-builder-workspace/.derivedData/Build/Intermediates.noindex/BilibiliKit.build/Debug-watchos/BilibiliKit-t.build/Objects-normal/arm64/BKUpUser+Stat.swiftdeps -serialize-diagnostics-path /Users/admin/builder/spi-builder-workspace/.derivedData/Build/Intermediates.noindex/BilibiliKit.build/Debug-watchos/BilibiliKit-t.build/Objects-normal/arm64/BKUpUser+Stat.dia -target arm64-apple-watchos9.0 -module-can-import BKFoundation -module-can-import BKSecurity -disable-cross-import-overlay-search -load-resolved-plugin /Applications/Xcode-27.0.0-Release.Candidate.app/Contents/Developer/Platforms/WatchOS.platform/Developer/usr/lib/swift/host/plugins/libFoundationMacros.dylib\#/Applications/Xcode-27.0.0-Release.Candidate.app/Contents/Developer/Platforms/WatchOS.platform/Developer/usr/bin/swift-plugin-server\#FoundationMacros -load-resolved-plugin /Applications/Xcode-27.0.0-Release.Candidate.app/Contents/Developer/Platforms/WatchOS.platform/Developer/usr/lib/swift/host/plugins/libObservationMacros.dylib\#/Applications/Xcode-27.0.0-Release.Candidate.app/Contents/Developer/Platforms/WatchOS.platform/Developer/usr/bin/swift-plugin-server\#ObservationMacros -load-resolved-plugin /Applications/Xcode-27.0.0-Release.Candidate.app/Contents/Developer/Platforms/WatchOS.platform/Developer/usr/lib/swift/host/plugins/libSwiftMacros.dylib\#/Applications/Xcode-27.0.0-Release.Candidate.app/Contents/Developer/Platforms/WatchOS.platform/Developer/usr/bin/swift-plugin-server\#SwiftMacros -disable-implicit-swift-modules -Xcc -fno-implicit-modules -Xcc -fno-implicit-module-maps -explicit-swift-module-map-file /Users/admin/builder/spi-builder-workspace/.derivedData/Build/Intermediates.noindex/BilibiliKit.build/Debug-watchos/BilibiliKit-t.build/Objects-normal/arm64/BilibiliKit-dependencies-2.json -Xllvm -aarch64-use-tbi -enable-objc-interop -stack-check -sdk /Applications/Xcode-27.0.0-Release.Candidate.app/Contents/Developer/Platforms/WatchOS.platform/Developer/SDKs/WatchOS27.0.sdk -I /Users/admin/builder/spi-builder-workspace/.derivedData/Build/Products/Debug-watchos -Isystem /Applications/Xcode-27.0.0-Release.Candidate.app/Contents/Developer/Platforms/WatchOS.platform/Developer/usr/lib -F /Users/admin/builder/spi-builder-workspace/.derivedData/Build/Products/Debug-watchos/PackageFrameworks -F /Users/admin/builder/spi-builder-workspace/.derivedData/Build/Products/Debug-watchos -F /Applications/Xcode-27.0.0-Release.Candidate.app/Contents/Developer/Platforms/WatchOS.platform/Developer/Library/Frameworks -F /Applications/Xcode-27.0.0-Release.Candidate.app/Contents/Developer/Platforms/WatchOS.platform/Developer/SDKs/WatchOS27.0.sdk/Developer/Library/Frameworks -module-cache-path /Users/admin/builder/spi-builder-workspace/.derivedData/Build/Intermediates.noindex/SwiftExplicitPrecompiledModules -no-color-diagnostics -Xcc -fno-color-diagnostics -enable-testing -g -debug-info-format\=dwarf -dwarf-version\=4 -profile-generate -profile-coverage-mapping -swift-version 5 -Onone -D SWIFT_PACKAGE -D DEBUG -D SWIFT_MODULE_RESOURCE_BUNDLE_UNAVAILABLE -D Xcode -serialize-debugging-options -enable-experimental-feature DebugDescriptionMacro -empty-abi-descriptor -validate-clang-modules-once -clang-build-session-file /Users/admin/builder/spi-builder-workspace/.derivedData/ModuleCache.noindex/Session.modulevalidation -Xcc -working-directory -Xcc /Users/admin/builder/spi-builder-workspace/.swiftpm/xcode -enable-anonymous-context-mangled-names -file-compilation-dir /Users/admin/builder/spi-builder-workspace/.swiftpm/xcode -Xcc -D_LIBCPP_HARDENING_MODE\=_LIBCPP_HARDENING_MODE_DEBUG -Xcc -ivfsstatcache -Xcc /Users/admin/builder/spi-builder-workspace/.derivedData/SDKStatCaches.noindex/watchos27.0-24R360-e829b21a6f8c9b70876ba0858053c04477534ef55a1706bf4c1112bbb242f0a2.sdkstatcache -Xcc -fmodules-prune-interval\=86400 -Xcc -fmodules-prune-after\=345600 -Xcc -I/Users/admin/builder/spi-builder-workspace/.derivedData/Build/Products/Debug-watchos/include -Xcc -I/Users/admin/builder/spi-builder-workspace/.derivedData/Build/Intermediates.noindex/BilibiliKit.build/Debug-watchos/BilibiliKit-t.build/DerivedSources-normal/arm64 -Xcc -I/Users/admin/builder/spi-builder-workspace/.derivedData/Build/Intermediates.noindex/BilibiliKit.build/Debug-watchos/BilibiliKit-t.build/DerivedSources/arm64 -Xcc -I/Users/admin/builder/spi-builder-workspace/.derivedData/Build/Intermediates.noindex/BilibiliKit.build/Debug-watchos/BilibiliKit-t.build/DerivedSources -Xcc -DSWIFT_PACKAGE -Xcc -DDEBUG\=1 -no-auto-bridging-header-chaining -module-name BilibiliKit -const-gather-protocols-file /Users/admin/builder/spi-builder-workspace/.derivedData/Build/Intermediates.noindex/BilibiliKit.build/Debug-watchos/BilibiliKit-t.build/Objects-normal/arm64/BilibiliKit_const_extract_protocols.json -disable-clang-spi -clang-target arm64-apple-watchos27.0 -target-sdk-version 27.0 -target-sdk-name watchos27.0 -in-process-plugin-server-path /Applications/Xcode-27.0.0-Release.Candidate.app/Contents/Developer/Toolchains/XcodeDefault.xctoolchain/usr/lib/swift/host/libSwiftInProcPluginServer.dylib -parse-as-library -o /Users/admin/builder/spi-builder-workspace/.derivedData/Build/Intermediates.noindex/BilibiliKit.build/Debug-watchos/BilibiliKit-t.build/Objects-normal/arm64/BKSession+QRCodeLoginHelper.o -o /Users/admin/builder/spi-builder-workspace/.derivedData/Build/Intermediates.noindex/BilibiliKit.build/Debug-watchos/BilibiliKit-t.build/Objects-normal/arm64/BKUpUser+Stat.o -debug-module-path /Users/admin/builder/spi-builder-workspace/.derivedData/Build/Intermediates.noindex/BilibiliKit.build/Debug-watchos/BilibiliKit-t.build/Objects-normal/arm64/BilibiliKit.swiftmodule -index-unit-output-path /BilibiliKit.build/Debug-watchos/BilibiliKit-t.build/Objects-normal/arm64/BKSession+QRCodeLoginHelper.o -index-unit-output-path /BilibiliKit.build/Debug-watchos/BilibiliKit-t.build/Objects-normal/arm64/BKUpUser+Stat.o -index-store-path /Users/admin/builder/spi-builder-workspace/.derivedData/Index.noindex/DataStore -index-system-modules
SwiftCompile normal arm64 /Users/admin/builder/spi-builder-workspace/Sources/BilibiliKit/BKSession+QRCodeLoginHelper.swift (in target 'BilibiliKit' from project 'BilibiliKit')
cd /Users/admin/builder/spi-builder-workspace/.swiftpm/xcode
builtin-SwiftPerFileCompile BKSession+QRCodeLoginHelper.swift
SwiftCompile normal arm64 /Users/admin/builder/spi-builder-workspace/Sources/BilibiliKit/BKUpUser+Stat.swift (in target 'BilibiliKit' from project 'BilibiliKit')
cd /Users/admin/builder/spi-builder-workspace/.swiftpm/xcode
builtin-SwiftPerFileCompile BKUpUser+Stat.swift
SwiftCompile normal arm64 Compiling\ BKUpUser.swift,\ BKUser+AudioStat.swift /Users/admin/builder/spi-builder-workspace/Sources/BilibiliKit/BKUpUser.swift /Users/admin/builder/spi-builder-workspace/Sources/BilibiliKit/BKUser+AudioStat.swift (in target 'BilibiliKit' from project 'BilibiliKit')
SwiftCompile normal arm64 /Users/admin/builder/spi-builder-workspace/Sources/BilibiliKit/BKUpUser.swift (in target 'BilibiliKit' from project 'BilibiliKit')
cd /Users/admin/builder/spi-builder-workspace/.swiftpm/xcode
builtin-SwiftPerFileCompile BKUpUser.swift
SwiftCompile normal arm64 /Users/admin/builder/spi-builder-workspace/Sources/BilibiliKit/BKUser+AudioStat.swift (in target 'BilibiliKit' from project 'BilibiliKit')
cd /Users/admin/builder/spi-builder-workspace/.swiftpm/xcode
builtin-SwiftPerFileCompile BKUser+AudioStat.swift
SwiftCompile normal arm64 Compiling\ BKLiveRoom.swift,\ BKSession+PasswordLogin.swift /Users/admin/builder/spi-builder-workspace/Sources/BilibiliKit/BKLiveRoom.swift /Users/admin/builder/spi-builder-workspace/Sources/BilibiliKit/BKSession+PasswordLogin.swift (in target 'BilibiliKit' from project 'BilibiliKit')
SwiftCompile normal arm64 /Users/admin/builder/spi-builder-workspace/Sources/BilibiliKit/BKLiveRoom.swift (in target 'BilibiliKit' from project 'BilibiliKit')
cd /Users/admin/builder/spi-builder-workspace/.swiftpm/xcode
builtin-SwiftPerFileCompile BKLiveRoom.swift
SwiftCompile normal arm64 /Users/admin/builder/spi-builder-workspace/Sources/BilibiliKit/BKSession+PasswordLogin.swift (in target 'BilibiliKit' from project 'BilibiliKit')
cd /Users/admin/builder/spi-builder-workspace/.swiftpm/xcode
builtin-SwiftPerFileCompile BKSession+PasswordLogin.swift
SwiftCompile normal arm64 Compiling\ BKUser+Info.swift,\ BKUser+Relationship.swift /Users/admin/builder/spi-builder-workspace/Sources/BilibiliKit/BKUser+Info.swift /Users/admin/builder/spi-builder-workspace/Sources/BilibiliKit/BKUser+Relationship.swift (in target 'BilibiliKit' from project 'BilibiliKit')
SwiftCompile normal arm64 /Users/admin/builder/spi-builder-workspace/Sources/BilibiliKit/BKUser+Info.swift (in target 'BilibiliKit' from project 'BilibiliKit')
cd /Users/admin/builder/spi-builder-workspace/.swiftpm/xcode
builtin-SwiftPerFileCompile BKUser+Info.swift
SwiftCompile normal arm64 /Users/admin/builder/spi-builder-workspace/Sources/BilibiliKit/BKUser+Relationship.swift (in target 'BilibiliKit' from project 'BilibiliKit')
cd /Users/admin/builder/spi-builder-workspace/.swiftpm/xcode
builtin-SwiftPerFileCompile BKUser+Relationship.swift
SwiftEmitModule normal arm64 Emitting\ module\ for\ BilibiliKit (in target 'BilibiliKit' from project 'BilibiliKit')
SwiftCompile normal arm64 (in target 'BilibiliKit' from project 'BilibiliKit')
cd /Users/admin/builder/spi-builder-workspace/.swiftpm/xcode
SwiftCompile normal arm64 Compiling\ BKVideo.swift /Users/admin/builder/spi-builder-workspace/Sources/BilibiliKit/BKVideo.swift (in target 'BilibiliKit' from project 'BilibiliKit')
SwiftCompile normal arm64 /Users/admin/builder/spi-builder-workspace/Sources/BilibiliKit/BKVideo.swift (in target 'BilibiliKit' from project 'BilibiliKit')
cd /Users/admin/builder/spi-builder-workspace/.swiftpm/xcode
builtin-SwiftPerFileCompile BKVideo.swift
SwiftCompile normal arm64 Compiling\ BKUser.swift,\ BKVideo+Info.swift /Users/admin/builder/spi-builder-workspace/Sources/BilibiliKit/BKUser.swift /Users/admin/builder/spi-builder-workspace/Sources/BilibiliKit/BKVideo+Info.swift (in target 'BilibiliKit' from project 'BilibiliKit')
SwiftCompile normal arm64 /Users/admin/builder/spi-builder-workspace/Sources/BilibiliKit/BKUser.swift (in target 'BilibiliKit' from project 'BilibiliKit')
cd /Users/admin/builder/spi-builder-workspace/.swiftpm/xcode
builtin-SwiftPerFileCompile BKUser.swift
SwiftCompile normal arm64 /Users/admin/builder/spi-builder-workspace/Sources/BilibiliKit/BKVideo+Info.swift (in target 'BilibiliKit' from project 'BilibiliKit')
cd /Users/admin/builder/spi-builder-workspace/.swiftpm/xcode
builtin-SwiftPerFileCompile BKVideo+Info.swift
SwiftEmitModule normal arm64_32 Emitting\ module\ for\ BilibiliKit (in target 'BilibiliKit' from project 'BilibiliKit')
SwiftCompile normal arm64_32 (in target 'BilibiliKit' from project 'BilibiliKit')
cd /Users/admin/builder/spi-builder-workspace/.swiftpm/xcode
CreateUniversalBinary /Users/admin/builder/spi-builder-workspace/.derivedData/Build/Products/Debug-watchos/BKSecurity.o normal arm64\ arm64_32 (in target 'BKSecurity' from project 'BilibiliKit')
cd /Users/admin/builder/spi-builder-workspace
/Applications/Xcode-27.0.0-Release.Candidate.app/Contents/Developer/Toolchains/XcodeDefault.xctoolchain/usr/bin/lipo -create /Users/admin/builder/spi-builder-workspace/.derivedData/Build/Intermediates.noindex/BilibiliKit.build/Debug-watchos/BKSecurity-t.build/Objects-normal/arm64/Binary/BKSecurity.o /Users/admin/builder/spi-builder-workspace/.derivedData/Build/Intermediates.noindex/BilibiliKit.build/Debug-watchos/BKSecurity-t.build/Objects-normal/arm64_32/Binary/BKSecurity.o -output /Users/admin/builder/spi-builder-workspace/.derivedData/Build/Products/Debug-watchos/BKSecurity.o
SwiftDriverJobDiscovery normal arm64 Compiling BKUpUser.swift, BKUser+AudioStat.swift (in target 'BilibiliKit' from project 'BilibiliKit')
SwiftCompile normal arm64_32 Compiling\ BKLiveRoom.swift,\ BKSession+PasswordLogin.swift /Users/admin/builder/spi-builder-workspace/Sources/BilibiliKit/BKLiveRoom.swift /Users/admin/builder/spi-builder-workspace/Sources/BilibiliKit/BKSession+PasswordLogin.swift (in target 'BilibiliKit' from project 'BilibiliKit')
SwiftCompile normal arm64_32 /Users/admin/builder/spi-builder-workspace/Sources/BilibiliKit/BKLiveRoom.swift (in target 'BilibiliKit' from project 'BilibiliKit')
cd /Users/admin/builder/spi-builder-workspace/.swiftpm/xcode
builtin-SwiftPerFileCompile BKLiveRoom.swift
SwiftCompile normal arm64_32 /Users/admin/builder/spi-builder-workspace/Sources/BilibiliKit/BKSession+PasswordLogin.swift (in target 'BilibiliKit' from project 'BilibiliKit')
cd /Users/admin/builder/spi-builder-workspace/.swiftpm/xcode
builtin-SwiftPerFileCompile BKSession+PasswordLogin.swift
SwiftCompile normal arm64_32 Compiling\ BKCurrentUser.swift,\ BKLiveRoom+Info.swift /Users/admin/builder/spi-builder-workspace/Sources/BilibiliKit/BKCurrentUser.swift /Users/admin/builder/spi-builder-workspace/Sources/BilibiliKit/BKLiveRoom+Info.swift (in target 'BilibiliKit' from project 'BilibiliKit')
SwiftCompile normal arm64_32 /Users/admin/builder/spi-builder-workspace/Sources/BilibiliKit/BKCurrentUser.swift (in target 'BilibiliKit' from project 'BilibiliKit')
cd /Users/admin/builder/spi-builder-workspace/.swiftpm/xcode
builtin-SwiftPerFileCompile BKCurrentUser.swift
SwiftCompile normal arm64_32 /Users/admin/builder/spi-builder-workspace/Sources/BilibiliKit/BKLiveRoom+Info.swift (in target 'BilibiliKit' from project 'BilibiliKit')
cd /Users/admin/builder/spi-builder-workspace/.swiftpm/xcode
builtin-SwiftPerFileCompile BKLiveRoom+Info.swift
SwiftDriverJobDiscovery normal arm64 Compiling BKCurrentUser.swift, BKLiveRoom+Info.swift (in target 'BilibiliKit' from project 'BilibiliKit')
SwiftCompile normal arm64_32 Compiling\ BKArticle+Info.swift,\ BKArticle.swift /Users/admin/builder/spi-builder-workspace/Sources/BilibiliKit/BKArticle+Info.swift /Users/admin/builder/spi-builder-workspace/Sources/BilibiliKit/BKArticle.swift (in target 'BilibiliKit' from project 'BilibiliKit')
SwiftCompile normal arm64_32 /Users/admin/builder/spi-builder-workspace/Sources/BilibiliKit/BKArticle+Info.swift (in target 'BilibiliKit' from project 'BilibiliKit')
cd /Users/admin/builder/spi-builder-workspace/.swiftpm/xcode
builtin-SwiftPerFileCompile BKArticle+Info.swift
SwiftCompile normal arm64_32 /Users/admin/builder/spi-builder-workspace/Sources/BilibiliKit/BKArticle.swift (in target 'BilibiliKit' from project 'BilibiliKit')
cd /Users/admin/builder/spi-builder-workspace/.swiftpm/xcode
builtin-SwiftPerFileCompile BKArticle.swift
PruneExplicitPrecompiledModules /Users/admin/builder/spi-builder-workspace/.derivedData/SDKExplicitPrecompiledModules
PruneExplicitPrecompiledModules /Users/admin/builder/spi-builder-workspace/.derivedData/Build/Intermediates.noindex/ExplicitPrecompiledModules
PruneExplicitPrecompiledModules /Users/admin/builder/spi-builder-workspace/.derivedData/Build/Intermediates.noindex/SwiftExplicitPrecompiledModules
2026-09-16 23:23:44.821 xcodebuild[787:5027] [MT] IDERunDestination: Supported platforms for the buildables in the current scheme is empty.
** BUILD FAILED **
The following build commands failed:
SwiftCompile normal arm64 Compiling\ BKSession+QRCodeLoginHelper.swift,\ BKUpUser+Stat.swift /Users/admin/builder/spi-builder-workspace/Sources/BilibiliKit/BKSession+QRCodeLoginHelper.swift /Users/admin/builder/spi-builder-workspace/Sources/BilibiliKit/BKUpUser+Stat.swift (in target 'BilibiliKit' from project 'BilibiliKit')
SwiftCompile normal arm64 /Users/admin/builder/spi-builder-workspace/Sources/BilibiliKit/BKSession+QRCodeLoginHelper.swift (in target 'BilibiliKit' from project 'BilibiliKit')
Building workspace BilibiliKit with scheme BilibiliKit-Package
(3 failures)
BUILD FAILURE 6.4 watchOS