Build Information
Failed to build XCTAssertAutolayout, reference 0.4.0 (f05b6c), with Swift 6.4 for macOS (SPM) on 17 Sep 2026 19:36:00 UTC.
Build Command
env DEVELOPER_DIR=/Applications/Xcode-27.0.0-Release.Candidate.app xcrun swift build --arch arm64Build Log
========================================
RunAll
========================================
Builder version: 5.1.0
Interrupt handler set up.
========================================
Checkout
========================================
Clone URL: https://github.com/tarunon/xctassertautolayout.git
Reference: 0.4.0
Initialized empty Git repository in /Users/admin/builder/spi-builder-workspace/.git/
From https://github.com/tarunon/xctassertautolayout
* tag 0.4.0 -> FETCH_HEAD
HEAD is now at f05b6c8 update podspec
Cloned https://github.com/tarunon/xctassertautolayout.git
Revision (git rev-parse @):
f05b6c89e650b9102b2f1b7b2e60a5662e3427da
SUCCESS checkout https://github.com/tarunon/xctassertautolayout.git at 0.4.0
========================================
Build
========================================
Selected platform: macosSpm
Swift version: 6.4
Building package at path: $PWD
https://github.com/tarunon/xctassertautolayout.git
Running build ...
env DEVELOPER_DIR=/Applications/Xcode-27.0.0-Release.Candidate.app xcrun swift build --arch arm64
Building for debugging...
[Pre-planning 1 / 96]
[Planning deferred tasks]
[23 / 35]
[26 / 36] CXCTAssertAutolayout
[27 / 36] XCTAssertAutolayout
error: clang dependency scanning failure: While building module 'CXCTAssertAutolayout' imported from module-include.input:1:
In file included from <module-includes>:1:
/Users/admin/builder/spi-builder-workspace/Sources/CXCTAssertAutolayout/include/CXCTAssertAutolayout.h:3:9: fatal error: 'UIKit/UIKit.h' file not found
module-include.input:1:4: fatal error: could not build module 'CXCTAssertAutolayout'
error: /Users/admin/builder/spi-builder-workspace/Sources/XCTAssertAutolayout/Core/AmbiguousLayout.swift:9:8 unable to resolve module dependency: 'UIKit'
error: /Users/admin/builder/spi-builder-workspace/Sources/XCTAssertAutolayout/Core/AssertAutolayoutContext.swift:10:8 unable to resolve module dependency: 'CXCTAssertAutolayout'
error: clang dependency scanning failure: While building module 'CXCTAssertAutolayout' imported from module-include.input:1:
In file included from <module-includes>:1:
/Users/admin/builder/spi-builder-workspace/Sources/CXCTAssertAutolayout/include/CXCTAssertAutolayout.h:3:9: fatal error: 'UIKit/UIKit.h' file not found
module-include.input:1:4: fatal error: could not build module 'CXCTAssertAutolayout'
error: SwiftDriver XCTAssertAutolayout normal arm64 com.apple.xcode.tools.swift.compiler failed with a nonzero exit code. Command line: cd /Users/admin/builder
builtin-SwiftDriver -- /Applications/Xcode-27.0.0-Release.Candidate.app/Contents/Developer/Toolchains/XcodeDefault.xctoolchain/usr/bin/swiftc -parse-as-library -module-name XCTAssertAutolayout -Onone @/Users/admin/builder/spi-builder-workspace/.build/out/Intermediates.noindex/XCTAssertAutolayout.build/Debug/XCTAssertAutolayout-t.build/Objects-normal/arm64/XCTAssertAutolayout.SwiftFileList -DSWIFT_PACKAGE -DDEBUG -DSWIFT_MODULE_RESOURCE_BUNDLE_UNAVAILABLE -Xcc -fmodule-map-file\=/Users/admin/builder/spi-builder-workspace/.build/out/Intermediates.noindex/GeneratedModuleMaps/CXCTAssertAutolayout.modulemap -DXcode -plugin-path /Applications/Xcode-27.0.0-Release.Candidate.app/Contents/Developer/Toolchains/XcodeDefault.xctoolchain/usr/lib/swift/host/plugins/testing -enable-experimental-feature DebugDescriptionMacro -sdk /Applications/Xcode-27.0.0-Release.Candidate.app/Contents/Developer/Platforms/MacOSX.platform/Developer/SDKs/MacOSX27.0.sdk -target arm64-apple-macos12.0 -g -module-cache-path /Users/admin/builder/spi-builder-workspace/.build/out/ModuleCache.noindex -Xfrontend -serialize-debugging-options -enable-testing -index-store-path /Users/admin/builder/spi-builder-workspace/.build/out -Xcc -D_LIBCPP_HARDENING_MODE\=_LIBCPP_HARDENING_MODE_DEBUG -swift-version 5 -I /Users/admin/builder/spi-builder-workspace/.build/out/Products/Debug -Isystem /Applications/Xcode-27.0.0-Release.Candidate.app/Contents/Developer/Platforms/MacOSX.platform/Developer/usr/lib -F /Users/admin/builder/spi-builder-workspace/.build/out/Products/Debug/PackageFrameworks -F /Users/admin/builder/spi-builder-workspace/.build/out/Products/Debug -F /Applications/Xcode-27.0.0-Release.Candidate.app/Contents/Developer/Platforms/MacOSX.platform/Developer/Library/Frameworks -c -j10 -enable-batch-mode -incremental -Xcc -ivfsstatcache -Xcc /Users/admin/builder/spi-builder-workspace/.build/out/SDKStatCaches.noindex/macosx27.0-26A425-80c5bbf1d171475443272936d42f90a36a22442a12e9d48fe1a705f55a1adfc4.sdkstatcache -output-file-map /Users/admin/builder/spi-builder-workspace/.build/out/Intermediates.noindex/XCTAssertAutolayout.build/Debug/XCTAssertAutolayout-t.build/Objects-normal/arm64/XCTAssertAutolayout-OutputFileMap.json -save-temps -color-diagnostics -explicit-module-build -module-cache-path /Users/admin/builder/spi-builder-workspace/.build/out/Intermediates.noindex/SwiftExplicitPrecompiledModules -clang-scanner-module-cache-path /Users/admin/builder/spi-builder-workspace/.build/out/ModuleCache.noindex -sdk-module-cache-path /Users/admin/builder/spi-builder-workspace/.build/out/SDKExplicitPrecompiledModules -emit-dependencies -emit-module -emit-module-path /Users/admin/builder/spi-builder-workspace/.build/out/Intermediates.noindex/XCTAssertAutolayout.build/Debug/XCTAssertAutolayout-t.build/Objects-normal/arm64/XCTAssertAutolayout.swiftmodule -serialize-diagnostics -dependency-scan-serialize-diagnostics-path /Users/admin/builder/spi-builder-workspace/.build/out/Intermediates.noindex/XCTAssertAutolayout.build/Debug/XCTAssertAutolayout-t.build/Objects-normal/arm64/XCTAssertAutolayout-dependency-scan.dia -validate-clang-modules-once -clang-build-session-file /Users/admin/builder/spi-builder-workspace/.build/out/ModuleCache.noindex/Session.modulevalidation -Xcc -fmodules-prune-interval\=86400 -Xcc -fmodules-prune-after\=345600 -emit-const-values -const-gather-protocols-list /Users/admin/builder/spi-builder-workspace/.build/out/Intermediates.noindex/XCTAssertAutolayout.build/Debug/XCTAssertAutolayout-t.build/Objects-normal/arm64/XCTAssertAutolayout_const_extract_protocols.json -Xcc -I/Users/admin/builder/spi-builder-workspace/Sources/CXCTAssertAutolayout/include -Xcc -I/Users/admin/builder/spi-builder-workspace/.build/out/Products/Debug/include -Xcc -I/Users/admin/builder/spi-builder-workspace/.build/out/Intermediates.noindex/XCTAssertAutolayout.build/Debug/XCTAssertAutolayout-t.build/DerivedSources-normal/arm64 -Xcc -I/Users/admin/builder/spi-builder-workspace/.build/out/Intermediates.noindex/XCTAssertAutolayout.build/Debug/XCTAssertAutolayout-t.build/DerivedSources/arm64 -Xcc -I/Users/admin/builder/spi-builder-workspace/.build/out/Intermediates.noindex/XCTAssertAutolayout.build/Debug/XCTAssertAutolayout-t.build/DerivedSources -Xcc -DSWIFT_PACKAGE -Xcc -DDEBUG\=1 -emit-objc-header -emit-objc-header-path /Users/admin/builder/spi-builder-workspace/.build/out/Intermediates.noindex/XCTAssertAutolayout.build/Debug/XCTAssertAutolayout-t.build/Objects-normal/arm64/XCTAssertAutolayout-Swift.h -working-directory /Users/admin/builder -experimental-emit-module-separately -disable-cmo
error: Build failed
BUILD FAILURE 6.4 macosSpm