The Swift Package Index logo.Swift Package Index

Build Information

Failed to build DayPeriodFormatter, reference master (96ee01), with Swift 6.4 for Linux on 16 Sep 2026 05:34:32 UTC.

Build Command

bash -c docker run --pull=always --rm -v "checkouts-53886770-0":/host -w "$PWD" -e JAVA_HOME="/root/.sdkman/candidates/java/current" -e SPI_BUILD="1" -e SPI_PROCESSING="1" registry.gitlab.com/saguaro1/spi-images:basic-6.4-latest swift build --triple x86_64-unknown-linux-gnu 2>&1

Build Log

========================================
RunAll
========================================
Builder version: 5.1.0
Interrupt handler set up.
========================================
Checkout
========================================
Clone URL: https://github.com/FormatterKit/DayPeriodFormatter.git
Reference: master
Initialized empty Git repository in /host/spi-builder-workspace/.git/
hint: Using 'master' as the name for the initial branch. This default branch name
hint: is subject to change. To configure the initial branch name to use in all
hint: of your new repositories, which will suppress this warning, call:
hint:
hint: 	git config --global init.defaultBranch <name>
hint:
hint: Names commonly chosen instead of 'master' are 'main', 'trunk' and
hint: 'development'. The just-created branch can be renamed via this command:
hint:
hint: 	git branch -m <name>
From https://github.com/FormatterKit/DayPeriodFormatter
 * branch            master     -> FETCH_HEAD
 * [new branch]      master     -> origin/master
HEAD is now at 96ee018 Update README.md
Cloned https://github.com/FormatterKit/DayPeriodFormatter.git
Revision (git rev-parse @):
96ee018c287d89b2c9b6d9073f34421d15545985
SUCCESS checkout https://github.com/FormatterKit/DayPeriodFormatter.git at master
========================================
Build
========================================
Selected platform:         linux
Swift version:             6.4
Building package at path:  $PWD
https://github.com/FormatterKit/DayPeriodFormatter.git
Running build ...
bash -c docker run --pull=always --rm -v "checkouts-53886770-0":/host -w "$PWD" -e JAVA_HOME="/root/.sdkman/candidates/java/current" -e SPI_BUILD="1" -e SPI_PROCESSING="1" registry.gitlab.com/saguaro1/spi-images:basic-6.4-latest swift build --triple x86_64-unknown-linux-gnu 2>&1
basic-6.4-latest: Pulling from saguaro1/spi-images
Digest: sha256:c77fcce225e223ac0fafed844619173fc6de8d62dd560eeb28db3182af6a282b
Status: Image is up to date for registry.gitlab.com/saguaro1/spi-images:basic-6.4-latest
Building for debugging...
[Planning deferred tasks]
error: SwiftCompile normal x86_64 failed with a nonzero exit code. Command line:     cd /host

/host/spi-builder-workspace/Sources/DayPeriodFormatter/DayPeriodFormatter.swift:4:6: error: Objective-C interoperability is disabled
 2 |
 3 | public final class DayPeriodFormatter: Formatter {
 4 |     @objc public var locale: Locale?
   |      `- error: Objective-C interoperability is disabled
 5 |
 6 |     // MARK: -
/host/spi-builder-workspace/Sources/DayPeriodFormatter/DayPeriodFormatter.swift:13:6: error: Objective-C interoperability is disabled
11 |     }
12 |
13 |     @objc public func string(from dateComponents: DateComponents) -> String? {
   |      `- error: Objective-C interoperability is disabled
14 |         guard let hour = dateComponents.hour else {
15 |             return nil
/host/spi-builder-workspace/Sources/DayPeriodFormatter/DayPeriodFormatter.swift:27:6: error: Objective-C interoperability is disabled
25 |     }
26 |
27 |     @objc public func string(from date: Date, in calendar: Calendar = .current) -> String? {
   |      `- error: Objective-C interoperability is disabled
28 |         return string(from: calendar.dateComponents([.hour, .minute], from: date))
29 |     }
/host/spi-builder-workspace/Sources/DayPeriodFormatter/DayPeriodFormatter.swift:47:44: error: cannot find type 'AutoreleasingUnsafeMutablePointer' in scope
45 |     }
46 |
47 |     public override func getObjectValue(_: AutoreleasingUnsafeMutablePointer<AnyObject?>?, for _: String, errorDescription _: AutoreleasingUnsafeMutablePointer<NSString?>?) -> Bool {
   |                                            `- error: cannot find type 'AutoreleasingUnsafeMutablePointer' in scope
48 |         return false
49 |     }
/host/spi-builder-workspace/Sources/DayPeriodFormatter/DayPeriodFormatter.swift:47:127: error: cannot find type 'AutoreleasingUnsafeMutablePointer' in scope
45 |     }
46 |
47 |     public override func getObjectValue(_: AutoreleasingUnsafeMutablePointer<AnyObject?>?, for _: String, errorDescription _: AutoreleasingUnsafeMutablePointer<NSString?>?) -> Bool {
   |                                                                                                                               `- error: cannot find type 'AutoreleasingUnsafeMutablePointer' in scope
48 |         return false
49 |     }
Failed frontend command:
/usr/bin/swift-frontend -frontend -emit-module -experimental-skip-non-inlinable-function-bodies-without-types /host/spi-builder-workspace/Sources/DayPeriodFormatter/DayPeriod.swift /host/spi-builder-workspace/Sources/DayPeriodFormatter/DayPeriodFormatter+RuleSets.swift /host/spi-builder-workspace/Sources/DayPeriodFormatter/DayPeriodFormatter.swift /host/spi-builder-workspace/Sources/DayPeriodFormatter/DayPeriodRule.swift /host/spi-builder-workspace/Sources/DayPeriodFormatter/DayPeriodRuleSet.swift -target x86_64-unknown-linux-gnu -disable-objc-interop -I /host/spi-builder-workspace/.build/out/Products/Debug-linux-x86_64 -module-cache-path /host/spi-builder-workspace/.build/out/ModuleCache.noindex -color-diagnostics -Xcc -fcolor-diagnostics -enable-testing -g -debug-info-format\=dwarf -dwarf-version\=4 -swift-version 4 -Onone -D SWIFT_PACKAGE -D DEBUG -D SWIFT_MODULE_RESOURCE_BUNDLE_UNAVAILABLE -D Xcode -serialize-debugging-options -enable-experimental-feature DebugDescriptionMacro -empty-abi-descriptor -external-plugin-path /usr/lib/swift/host/plugins/testing\#/usr/bin/swift-plugin-server -validate-clang-modules-once -clang-build-session-file /host/spi-builder-workspace/.build/out/ModuleCache.noindex/Session.modulevalidation -Xcc -working-directory -Xcc /host -enable-anonymous-context-mangled-names -file-compilation-dir /host -Xcc -fno-omit-frame-pointer -Xcc -D_LIBCPP_HARDENING_MODE\=_LIBCPP_HARDENING_MODE_DEBUG -Xcc -fmodules-prune-interval\=86400 -Xcc -fmodules-prune-after\=345600 -Xcc -I/host/spi-builder-workspace/.build/out/Products/Debug-linux-x86_64/include -Xcc -I/host/spi-builder-workspace/.build/out/Intermediates.noindex/DayPeriodFormatter.build/Debug-linux-x86_64/DayPeriodFormatter-t.build/DerivedSources-normal/x86_64 -Xcc -I/host/spi-builder-workspace/.build/out/Intermediates.noindex/DayPeriodFormatter.build/Debug-linux-x86_64/DayPeriodFormatter-t.build/DerivedSources/x86_64 -Xcc -I/host/spi-builder-workspace/.build/out/Intermediates.noindex/DayPeriodFormatter.build/Debug-linux-x86_64/DayPeriodFormatter-t.build/DerivedSources -Xcc -DSWIFT_PACKAGE -Xcc -DDEBUG\=1 -no-auto-bridging-header-chaining -module-name DayPeriodFormatter -const-gather-protocols-file /host/spi-builder-workspace/.build/out/Intermediates.noindex/DayPeriodFormatter.build/Debug-linux-x86_64/DayPeriodFormatter-t.build/Objects-normal/x86_64/DayPeriodFormatter_const_extract_protocols.json -in-process-plugin-server-path /usr/lib/swift/host/libSwiftInProcPluginServer.so -plugin-path /usr/lib/swift/host/plugins -plugin-path /usr/local/lib/swift/host/plugins -emit-module-doc-path /host/spi-builder-workspace/.build/out/Intermediates.noindex/DayPeriodFormatter.build/Debug-linux-x86_64/DayPeriodFormatter-t.build/Objects-normal/x86_64/Modules/DayPeriodFormatter.swiftdoc -emit-module-source-info-path /host/spi-builder-workspace/.build/out/Intermediates.noindex/DayPeriodFormatter.build/Debug-linux-x86_64/DayPeriodFormatter-t.build/Objects-normal/x86_64/Modules/DayPeriodFormatter.swiftsourceinfo -emit-objc-header-path /host/spi-builder-workspace/.build/out/Intermediates.noindex/DayPeriodFormatter.build/Debug-linux-x86_64/DayPeriodFormatter-t.build/Objects-normal/x86_64/DayPeriodFormatter-Swift.h -serialize-diagnostics-path /host/spi-builder-workspace/.build/out/Intermediates.noindex/DayP[25 / 33] DayPeriodFormatter
eriodFormatter.build/Debug-linux-x86_64/DayPeriodFormatter-t.build/Objects-normal/x86_64/DayPeriodFormatter-primary-emit-module.dia -emit-dependencies-path /host/spi-builder-workspace/.build/out/Intermediates.noindex/DayPeriodFormatter.build/Debug-linux-x86_64/DayPeriodFormatter-t.build/Objects-normal/x86_64/DayPeriodFormatter-primary-emit-module.d -parse-as-library -o /host/spi-builder-workspace/.build/out/Intermediates.noindex/DayPeriodFormatter.build/Debug-linux-x86_64/DayPeriodFormatter-t.build/Objects-normal/x86_64/Modules/DayPeriodFormatter.swiftmodule
error: Build failed
BUILD FAILURE 6.4 linux