Build Information
Failed to build SOAPEngine, reference master (c5316e), with Swift 6.1 for Wasm on 17 Oct 2026 17:39:47 UTC.
Build Command
bash -c docker run --pull=always --rm -v "checkouts-54344844-0":/host -w "$PWD" -e JAVA_HOME="/root/.sdkman/candidates/java/current" -e SPI_BUILD="1" -e SPI_PROCESSING="1" registry.gitlab.com/saguaro1/spi-images:wasm-6.1-latest swift build --swift-sdk wasm32-unknown-wasi 2>&1Build Log
========================================
RunAll
========================================
Builder version: 5.1.3
Interrupt handler set up.
========================================
Checkout
========================================
Clone URL: https://github.com/priore/SOAPEngine.git
Reference: master
Initialized empty Git repository in /host/spi-builder-workspace/.git/
hint: Using 'master' as the name for the initial branch. This default branch name
hint: is subject to change. To configure the initial branch name to use in all
hint: of your new repositories, which will suppress this warning, call:
hint:
hint: git config --global init.defaultBranch <name>
hint:
hint: Names commonly chosen instead of 'master' are 'main', 'trunk' and
hint: 'development'. The just-created branch can be renamed via this command:
hint:
hint: git branch -m <name>
From https://github.com/priore/SOAPEngine
* branch master -> FETCH_HEAD
* [new branch] master -> origin/master
HEAD is now at c5316e6 Remove personal references
Cloned https://github.com/priore/SOAPEngine.git
Revision (git rev-parse @):
c5316e611501bfa740930e2c393b5e8fe013cc35
SUCCESS checkout https://github.com/priore/SOAPEngine.git at master
========================================
Build
========================================
Selected platform: wasm
Swift version: 6.1
Building package at path: $PWD
https://github.com/priore/SOAPEngine.git
https://github.com/priore/SOAPEngine.git
WARNING: environment variable SUPPRESS_SWIFT_6_FLAGS is not set
Running build ...
bash -c docker run --pull=always --rm -v "checkouts-54344844-0":/host -w "$PWD" -e JAVA_HOME="/root/.sdkman/candidates/java/current" -e SPI_BUILD="1" -e SPI_PROCESSING="1" registry.gitlab.com/saguaro1/spi-images:wasm-6.1-latest swift build --swift-sdk wasm32-unknown-wasi -Xswiftc -Xfrontend -Xswiftc -stats-output-dir -Xswiftc -Xfrontend -Xswiftc .stats -Xswiftc -strict-concurrency=complete -Xswiftc -enable-upcoming-feature -Xswiftc StrictConcurrency -Xswiftc -enable-upcoming-feature -Xswiftc DisableOutwardActorInference -Xswiftc -enable-upcoming-feature -Xswiftc GlobalActorIsolatedTypesUsability -Xswiftc -enable-upcoming-feature -Xswiftc InferSendableFromCaptures 2>&1
wasm-6.1-latest: Pulling from saguaro1/spi-images
Digest: sha256:8209621f35c5a12749e7df75bbcb99eccb508d0196da99f6ac3bcf5f4827df31
Status: Image is up to date for registry.gitlab.com/saguaro1/spi-images:wasm-6.1-latest
Building for debugging...
In file included from /host/spi-builder-workspace/SOAPEngine/SOAPSHA1.m:9:
/host/spi-builder-workspace/SOAPEngine/SOAPSHA1.h:9:9: fatal error: 'Foundation/Foundation.h' file not found
9 | #import <Foundation/Foundation.h>
| ^~~~~~~~~~~~~~~~~~~~~~~~~
1 error generated.
In file included from /host/spi-builder-workspace/SOAPEngine/SOAPSocial.m:10:
/host/spi-builder-workspace/SOAPEngine/SOAPSocial.h:10:9: fatal error: 'Foundation/Foundation.h' file not found
10 | #import <Foundation/Foundation.h>
| ^~~~~~~~~~~~~~~~~~~~~~~~~
1 error generated.
[0/15] Compiling SOAPEngine SOAPSocial.m
[0/15] Compiling SOAPEngine SOAPSHA1.m
In file included from /host/spi-builder-workspace/SOAPEngine/SOAPMD5.m:9:
/host/spi-builder-workspace/SOAPEngine/SOAPMD5.h:9:9: fatal error: 'Foundation/Foundation.h' file not found
9 | #import <Foundation/Foundation.h>
| ^~~~~~~~~~~~~~~~~~~~~~~~~
1 error generated.
[0/15] Compiling SOAPEngine SOAPMD5.m
In file included from /host/spi-builder-workspace/SOAPEngine/SOAPXPathQuery.m:9:
/host/spi-builder-workspace/SOAPEngine/SOAPXPathQuery.h:9:9: fatal error: 'Foundation/Foundation.h' file not found
9 | #import <Foundation/Foundation.h>
| ^~~~~~~~~~~~~~~~~~~~~~~~~
1 error generated.
[0/15] Compiling SOAPEngine SOAPXPathQuery.m
In file included from /host/spi-builder-workspace/SOAPEngine/SOAPTFHpple.m:30:
/host/spi-builder-workspace/SOAPEngine/SOAPTFHpple.h:31:9: fatal error: 'Foundation/Foundation.h' file not found
31 | #import <Foundation/Foundation.h>
| ^~~~~~~~~~~~~~~~~~~~~~~~~
1 error generated.
[0/15] Compiling SOAPEngine SOAPTFHpple.m
In file included from /host/spi-builder-workspace/SOAPEngine/SOAPEngine.m:20:
/host/spi-builder-workspace/SOAPEngine/Headers/SOAPEngine.h:18:9: fatal error: 'Foundation/Foundation.h' file not found
18 | #import <Foundation/Foundation.h>
| ^~~~~~~~~~~~~~~~~~~~~~~~~
[0/15] Compiling SOAPEngine SOAPEngine.m
In file included from /host/spi-builder-workspace/SOAPEngine/SOAPTFHppleElement.m:31:
/host/spi-builder-workspace/SOAPEngine/SOAPTFHppleElement.h:30:9: fatal error: 'Foundation/Foundation.h' file not found
30 | #import <Foundation/Foundation.h>
| ^~~~~~~~~~~~~~~~~~~~~~~~~
1 error generated.
[0/15] Compiling SOAPEngine SOAPTFHppleElement.m
In file included from /host/spi-builder-workspace/SOAPEngine/SOAPX509.m:9:
/host/spi-builder-workspace/SOAPEngine/SOAPX509.h:9:9: fatal error: 'Foundation/Foundation.h' file not found
9 | #import <Foundation/Foundation.h>
| ^~~~~~~~~~~~~~~~~~~~~~~~~
1 error generated.
[0/15] Compiling SOAPEngine SOAPX509.m
Running build ...
bash -c docker run --pull=always --rm -v "checkouts-54344844-0":/host -w "$PWD" -e JAVA_HOME="/root/.sdkman/candidates/java/current" -e SPI_BUILD="1" -e SPI_PROCESSING="1" registry.gitlab.com/saguaro1/spi-images:wasm-6.1-latest swift build --swift-sdk wasm32-unknown-wasi 2>&1
wasm-6.1-latest: Pulling from saguaro1/spi-images
Digest: sha256:8209621f35c5a12749e7df75bbcb99eccb508d0196da99f6ac3bcf5f4827df31
Status: Image is up to date for registry.gitlab.com/saguaro1/spi-images:wasm-6.1-latest
[0/1] Planning build
Building for debugging...
In file included from /host/spi-builder-workspace/SOAPEngine/SOAPTFHppleElement.m:31:
/host/spi-builder-workspace/SOAPEngine/SOAPTFHppleElement.h:30:9: fatal error: 'Foundation/Foundation.h' file not found
30 | #import <Foundation/Foundation.h>
| ^~~~~~~~~~~~~~~~~~~~~~~~~
1 error generated.
[0/15] Compiling SOAPEngine SOAPTFHppleElement.m
In file included from /host/spi-builder-workspace/SOAPEngine/SOAPSocial.m:10:
/host/spi-builder-workspace/SOAPEngine/SOAPSocial.h:10:9: fatal error: 'Foundation/Foundation.h' file not found
10 | #import <Foundation/Foundation.h>
| ^~~~~~~~~~~~~~~~~~~~~~~~~
1 error generated.
In file included from /host/spi-builder-workspace/SOAPEngine/SOAPSHA1.m:9:
/host/spi-builder-workspace/SOAPEngine/SOAPSHA1.h:9:9: fatal error: 'Foundation/Foundation.h' file not found
9 | #import <Foundation/Foundation.h>
| ^~~~~~~~~~~~~~~~~~~~~~~~~
1 error generated.
[0/15] Compiling SOAPEngine SOAPSocial.m
[0/15] Compiling SOAPEngine SOAPSHA1.m
In file included from /host/spi-builder-workspace/SOAPEngine/SOAPXPathQuery.m:9:
/host/spi-builder-workspace/SOAPEngine/SOAPXPathQuery.h:9:9: fatal error: 'Foundation/Foundation.h' file not found
9 | #import <Foundation/Foundation.h>
| ^~~~~~~~~~~~~~~~~~~~~~~~~
1 error generated.
[0/15] Compiling SOAPEngine SOAPXPathQuery.m
In file included from /host/spi-builder-workspace/SOAPEngine/SOAPTFHpple.m:30:
/host/spi-builder-workspace/SOAPEngine/SOAPTFHpple.h:31:9: fatal error: 'Foundation/Foundation.h' file not found
31 | #import <Foundation/Foundation.h>
| ^~~~~~~~~~~~~~~~~~~~~~~~~
1 error generated.
[0/15] Compiling SOAPEngine SOAPTFHpple.m
In file included from /host/spi-builder-workspace/SOAPEngine/SOAPMD5.m:9:
/host/spi-builder-workspace/SOAPEngine/SOAPMD5.h:9:9: fatal error: 'Foundation/Foundation.h' file not found
9 | #import <Foundation/Foundation.h>
| ^~~~~~~~~~~~~~~~~~~~~~~~~
1 error generated.
In file included from /host/spi-builder-workspace/SOAPEngine/SOAPX509.m:9:
/host/spi-builder-workspace/SOAPEngine/SOAPX509.h:9:9: fatal error: 'Foundation/Foundation.h' file not found
9 | #import <Foundation/Foundation.h>
| ^~~~~~~~~~~~~~~~~~~~~~~~~
1 error generated.
[0/15] Compiling SOAPEngine SOAPMD5.m
[0/15] Compiling SOAPEngine SOAPX509.m
In file included from /host/spi-builder-workspace/SOAPEngine/SOAPEngine.m:20:
/host/spi-builder-workspace/SOAPEngine/Headers/SOAPEngine.h:18:9: fatal error: 'Foundation/Foundation.h' file not found
18 | #import <Foundation/Foundation.h>
| ^~~~~~~~~~~~~~~~~~~~~~~~~
[0/15] Compiling SOAPEngine SOAPEngine.m
BUILD FAILURE 6.1 wasm